04-20 12:53:58.194 0 0 I dlkm_loader: Loaded kernel module /vendor/lib/modules/mt76x0u.ko
04-20 12:53:58.195 0 0 I dlkm_loader: Loading module /vendor/lib/modules/mt76x2-common.ko with args ''
04-20 12:53:58.201 0 0 I dlkm_loader: Loaded kernel module /vendor/lib/modules/mt76x2-common.ko
04-20 12:53:58.202 0 0 I dlkm_loader: Loading module /vendor/lib/modules/mt76x2u.ko with args ''
04-20 12:53:58.205 0 0 I init : [libfs_mgr] Enabling ext4 verity on /dev/block/vdc
04-20 12:53:58.227 0 0 I usbcore : registered new interface driver mt76x2u
04-20 12:53:58.233 0 0 I dlkm_loader: Loaded kernel module /vendor/lib/modules/mt76x2u.ko
04-20 12:53:58.233 0 0 I dlkm_loader: Loading module /vendor/lib/modules/nd_virtio.ko with args ''
04-20 12:53:58.255 0 0 I dlkm_loader: Loaded kernel module /vendor/lib/modules/nd_virtio.ko
04-20 12:53:58.256 0 0 I dlkm_loader: Loading module /vendor/lib/modules/net_failover.ko with args ''
04-20 12:53:58.288 0 0 I dlkm_loader: Loaded kernel module /vendor/lib/modules/net_failover.ko
04-20 12:53:58.288 0 0 I dlkm_loader: Loading module /vendor/lib/modules/pulse8-cec.ko with args ''
04-20 12:53:58.297 0 0 I tune2fs : tune2fs 1.46.6 (1-Feb-2023)
04-20 12:53:58.302 0 0 I dlkm_loader: Loaded kernel module /vendor/lib/modules/pulse8-cec.ko
04-20 12:53:58.303 0 0 I dlkm_loader: Loading module /vendor/lib/modules/rtc-test.ko with args ''
04-20 12:53:58.311 0 0 I rtc-test.0: registered as rtc1
04-20 12:53:58.312 0 0 I rtc-test.1: registered as rtc2
04-20 12:53:58.312 0 0 I rtc-test.2: registered as rtc3
04-20 12:53:58.314 0 0 I dlkm_loader: Loaded kernel module /vendor/lib/modules/rtc-test.ko
04-20 12:53:58.315 0 0 I dlkm_loader: Loading module /vendor/lib/modules/system_heap.ko with args ''
04-20 12:53:58.322 0 0 I init : [libfs_mgr] Enabling ext4 casefold on /dev/block/vdc
04-20 12:53:58.362 0 0 I dlkm_loader: Loaded kernel module /vendor/lib/modules/system_heap.ko
04-20 12:53:58.363 0 0 I dlkm_loader: Loading module /vendor/lib/modules/test_meminit.ko with args ''
04-20 12:53:58.404 0 0 I test_meminit: all 10 tests in test_pages passed
04-20 12:53:58.419 0 0 I test_meminit: all 40 tests in test_kvmalloc passed
04-20 12:53:58.475 0 0 I tune2fs : tune2fs 1.46.6 (1-Feb-2023)
04-20 12:53:58.484 0 0 I tune2fs : Setting encoding to 'utf8'
04-20 12:53:58.531 0 0 W EXT4-fs : Ignoring removed nomblk_io_submit option
04-20 12:53:58.538 0 0 I EXT4-fs (vdc): Using encoding defined by superblock: utf8-12.1.0 with flags 0x0
04-20 12:53:58.574 0 0 I EXT4-fs (vdc): mounted filesystem with ordered data mode. Quota mode: journalled.
04-20 12:53:58.575 0 0 I init : [libfs_mgr] __mount(source=/dev/block/vdc,target=/data,type=ext4)=0: Success
04-20 12:53:58.583 0 0 I EXT4-fs (vdc): unmounting filesystem.
04-20 12:53:58.615 0 0 I init : [libfs_mgr] umount_retry(): unmount(/data) succeeded
04-20 12:53:58.615 0 0 I init : Calling: /system/bin/vdc cryptfs encryptFstab /dev/block/vdc /data false ext4
04-20 12:53:58.679 0 0 I test_meminit: all 70 tests in test_kmemcache passed
04-20 12:53:58.683 0 0 I test_meminit: all 10 tests in test_rcu_persistent passed
04-20 12:53:58.683 0 0 I test_meminit: all 130 tests passed!
04-20 12:53:58.687 0 0 I dlkm_loader: Loaded kernel module /vendor/lib/modules/test_meminit.ko
04-20 12:53:58.687 0 0 I dlkm_loader: Loading module /vendor/lib/modules/usbip-core.ko with args ''
04-20 12:53:58.730 0 0 I dlkm_loader: Loaded kernel module /vendor/lib/modules/usbip-core.ko
04-20 12:53:58.731 0 0 I dlkm_loader: Loading module /vendor/lib/modules/vhci-hcd.ko with args ''
04-20 12:53:58.751 0 0 I vhci_hcd.0: USB/IP Virtual Host Controller
04-20 12:53:58.751 0 0 I vhci_hcd.0: new USB bus registered, assigned bus number 2
04-20 12:53:58.751 0 0 I vhci_hcd: created sysfs vhci_hcd.0
04-20 12:53:58.751 0 0 I usb2 : New USB device found, idVendor=1d6b, idProduct=0002, bcdDevice= 6.01
04-20 12:53:58.751 0 0 I usb2 : New USB device strings: Mfr=3, Product=2, SerialNumber=1
04-20 12:53:58.751 0 0 I usb2 : Product: USB/IP Virtual Host Controller
04-20 12:53:58.751 0 0 I usb2 : Manufacturer: Linux 6.1.23-android14-4-00257-g7e35917775b8-ab9964412 vhci_hcd
04-20 12:53:58.751 0 0 I usb2 : SerialNumber: vhci_hcd.0
04-20 12:53:58.752 0 0 I hub 2-0 : 1.0: USB hub found
04-20 12:53:58.752 0 0 I hub 2-0 : 1.0: 8 ports detected
04-20 12:53:58.754 0 0 I vhci_hcd.0: USB/IP Virtual Host Controller
04-20 12:53:58.754 0 0 I vhci_hcd.0: new USB bus registered, assigned bus number 3
04-20 12:53:58.754 0 0 I usb3 : We don't know the algorithms for LPM for this host, disabling LPM.
04-20 12:53:58.760 0 0 D vdc : Waited 0ms for vold
04-20 12:53:58.763 0 0 I usb3 : New USB device found, idVendor=1d6b, idProduct=0003, bcdDevice= 6.01
04-20 12:53:58.763 0 0 I usb3 : New USB device strings: Mfr=3, Product=2, SerialNumber=1
04-20 12:53:58.763 0 0 I usb3 : Product: USB/IP Virtual Host Controller
04-20 12:53:58.763 0 0 I usb3 : Manufacturer: Linux 6.1.23-android14-4-00257-g7e35917775b8-ab9964412 vhci_hcd
04-20 12:53:58.763 0 0 I usb3 : SerialNumber: vhci_hcd.0
04-20 12:53:58.764 0 0 I hub 3-0 : 1.0: USB hub found
04-20 12:53:58.764 0 0 I hub 3-0 : 1.0: 8 ports detected
04-20 12:53:58.772 0 0 I dlkm_loader: Loaded kernel module /vendor/lib/modules/vhci-hcd.ko
04-20 12:53:58.772 0 0 I dlkm_loader: Loading module /vendor/lib/modules/virt_wifi.ko with args ''
04-20 12:53:58.770 167 167 D vold : fscrypt_mount_metadata_encrypted: /data encrypt: 1 format: 0 with ext4 block device: /dev/block/vdc and zoned device:
04-20 12:53:58.771 167 167 D vold : metadata_key_dir/key: /metadata/vold/metadata_encryption/key
04-20 12:53:58.788 167 167 D vold : Created directory /metadata/vold/metadata_encryption
04-20 12:53:58.789 167 167 D vold : Metadata key does not exist but ro.crypto.metadata_init_delete_all_keys.enabled is false
04-20 12:53:58.789 167 167 I vold : Creating new key in /metadata/vold/metadata_encryption/key
04-20 12:53:58.789 167 167 D vold : Generating standard storage key
04-20 12:53:58.807 0 0 I dlkm_loader: Loaded kernel module /vendor/lib/modules/virt_wifi.ko
04-20 12:53:58.808 0 0 I dlkm_loader: Loading module /vendor/lib/modules/virtio-gpu.ko with args ''
04-20 12:53:58.817 167 167 D vold : Generating "key storage" key
04-20 12:53:58.823 175 175 I SELinux : SELinux: Loaded keystore2 context from:
04-20 12:53:58.823 175 175 I SELinux : /system/etc/selinux/plat_keystore2_key_contexts
04-20 12:53:58.834 175 175 E keystore2: system/security/keystore2/src/error.rs:180 - system/security/keystore2/src/security_level.rs:622
04-20 12:53:58.834 175 175 E keystore2:
04-20 12:53:58.834 175 175 E keystore2: Caused by:
04-20 12:53:58.834 175 175 E keystore2: 0: system/security/keystore2/src/security_level.rs:620: While generating Key without explicit attestation key.
04-20 12:53:58.834 175 175 E keystore2: 1: Error::Km(r#ROLLBACK_RESISTANCE_UNAVAILABLE)
04-20 12:53:58.839 167 167 E vold : keystore2 Keystore generateKey returned service specific error: -67
04-20 12:53:58.842 167 167 W vold : Failed to generate rollback-resistant key. This is expected if keystore doesn't support rollback resistance. Falling back to non-rollback-resistant key.
04-20 12:53:58.846 0 0 E vold : keystore2 Keystore generateKey returned service specific error: -67
04-20 12:53:58.847 0 0 I dlkm_loader: Loaded kernel module /vendor/lib/modules/virtio-gpu.ko
04-20 12:53:58.847 0 0 I dlkm_loader: Loading module /vendor/lib/modules/virtio_balloon.ko with args ''
04-20 12:53:58.849 0 0 W vold : Failed to generate rollback-resistant key. This is expected if keystore doesn't support rollback resistance. Falling back to non-rollback-resistant key.
04-20 12:53:58.864 0 0 I dlkm_loader: Loaded kernel module /vendor/lib/modules/virtio_balloon.ko
04-20 12:53:58.864 0 0 I dlkm_loader: Loading module /vendor/lib/modules/virtio_input.ko with args ''
04-20 12:53:58.877 0 0 I input : virtio_input_multi_touch_1 as /devices/pci0000:00/0000:00:0d.0/virtio10/input/input3
04-20 12:53:58.878 0 0 I input : virtio_input_multi_touch_2 as /devices/pci0000:00/0000:00:0e.0/virtio11/input/input4
04-20 12:53:58.895 0 0 I input : virtio_input_multi_touch_3 as /devices/pci0000:00/0000:00:0f.0/virtio12/input/input5
04-20 12:53:58.895 0 0 I input : virtio_input_multi_touch_4 as /devices/pci0000:00/0000:00:10.0/virtio13/input/input6
04-20 12:53:58.896 0 0 I input : virtio_input_multi_touch_5 as /devices/pci0000:00/0000:00:11.0/virtio14/input/input7
04-20 12:53:58.897 0 0 I input : virtio_input_multi_touch_6 as /devices/pci0000:00/0000:00:12.0/virtio15/input/input8
04-20 12:53:58.897 0 0 I input : virtio_input_multi_touch_7 as /devices/pci0000:00/0000:00:13.0/virtio16/input/input9
04-20 12:53:58.899 0 0 I input : virtio_input_multi_touch_8 as /devices/pci0000:00/0000:00:14.0/virtio17/input/input10
04-20 12:53:58.900 0 0 I input : virtio_input_multi_touch_9 as /devices/pci0000:00/0000:00:15.0/virtio18/input/input11
04-20 12:53:58.901 0 0 I input : virtio_input_multi_touch_10 as /devices/pci0000:00/0000:00:16.0/virtio19/input/input12
04-20 12:53:58.901 0 0 I input : virtio_input_multi_touch_11 as /devices/pci0000:00/0000:00:17.0/virtio20/input/input13
04-20 12:53:58.910 0 0 I dlkm_loader: Loaded kernel module /vendor/lib/modules/virtio_input.ko
04-20 12:53:58.911 0 0 I dlkm_loader: Loading module /vendor/lib/modules/virtio_net.ko with args ''
04-20 12:53:58.952 167 167 D vold : Stored key /metadata/vold/metadata_encryption/key
04-20 12:53:58.981 167 167 D vold : encrypt_inplace(/dev/block/dm-38, /dev/block/vdc, 12582912)
04-20 12:53:58.985 0 0 I dlkm_loader: Loaded kernel module /vendor/lib/modules/virtio_net.ko
04-20 12:53:58.986 0 0 I dlkm_loader: Loading module /vendor/lib/modules/virtio_pmem.ko with args ''
04-20 12:53:58.988 167 167 D vold : ext4 filesystem has 48 block groups
04-20 12:53:58.989 167 167 I vold : Encrypting ext4 filesystem on /dev/block/vdc in-place via /dev/block/dm-38
04-20 12:53:58.990 167 167 I vold : 52371 blocks (214 MB) of 1572864 blocks are in-use
04-20 12:53:59.005 0 0 I dlkm_loader: Loaded kernel module /vendor/lib/modules/virtio_pmem.ko
04-20 12:53:59.006 0 0 I dlkm_loader: Loading module /vendor/lib/modules/virtio_snd.ko with args ''
04-20 12:53:59.021 0 0 I dlkm_loader: Loaded kernel module /vendor/lib/modules/virtio_snd.ko
04-20 12:53:59.022 0 0 I dlkm_loader: module vkms is blocklisted
04-20 12:53:59.022 0 0 E dlkm_loader: LoadWithAliases was unable to load vkms
04-20 12:53:59.026 0 0 I dlkm_loader: module load count is 43
04-20 12:53:59.033 0 0 I : dlkm_loader (138) used greatest stack depth: 10752 bytes left
04-20 12:53:59.307 167 167 D vold : Encrypted 10000 of 52371 blocks
04-20 12:53:59.581 167 167 D vold : Encrypted 20000 of 52371 blocks
04-20 12:53:59.869 167 167 D vold : Encrypted 30000 of 52371 blocks
04-20 12:54:00.167 167 167 D vold : Encrypted 40000 of 52371 blocks
04-20 12:54:00.927 167 167 D vold : Encrypted 50000 of 52371 blocks
04-20 12:54:03.275 167 167 D vold : Encrypted 52371 of 52371 blocks
04-20 12:54:03.276 167 167 I vold : Successfully encrypted ext4 filesystem on /dev/block/vdc
04-20 12:54:03.373 167 167 D vold : Mounting metadata-encrypted filesystem:/data
04-20 12:54:03.376 167 167 I vold : [libfs_mgr] superblock s_max_mnt_count:65535,/dev/block/dm-38
04-20 12:54:03.383 0 0 W EXT4-fs : Ignoring removed nomblk_io_submit option
04-20 12:54:03.384 0 0 I EXT4-fs (dm-38): Using encoding defined by superblock: utf8-12.1.0 with flags 0x0
04-20 12:54:03.383 167 167 I vold : [libfs_mgr] check_fs(): mount(/dev/block/dm-38,/data,ext4)=0: Success
04-20 12:54:03.389 0 0 I EXT4-fs (dm-38): mounted filesystem with ordered data mode. Quota mode: journalled.
04-20 12:54:03.390 0 0 I EXT4-fs (dm-38): unmounting filesystem.
04-20 12:54:03.409 167 167 I vold : [libfs_mgr] umount_retry(): unmount(/data) succeeded
04-20 12:54:03.410 167 167 I vold : [libfs_mgr] Running /system/bin/e2fsck on /dev/block/dm-38
04-20 12:54:03.498 0 0 I e2fsck : e2fsck 1.46.6 (1-Feb-2023)
04-20 12:54:03.513 0 0 I e2fsck : /dev/block/dm-38: clean, 38/393216 files, 52371/1572864 blocks
04-20 12:54:03.513 167 167 W libc : Unable to set property "ro.boottime.init.fsck.data" to "133": error code: 0xb
04-20 12:54:03.519 0 0 E init : Unable to set property 'ro.boottime.init.fsck.data' from uid:0 gid:0 pid:167: Read-only property was already set
04-20 12:54:03.522 0 0 W vold : [libfs_mgr] Reserved blocks 32768 is too large; capping to 31457
04-20 12:54:03.515 167 167 I vold : [libfs_mgr] superblock s_max_mnt_count:65535,/dev/block/dm-38
04-20 12:54:03.515 167 167 W vold : [libfs_mgr] Reserved blocks 32768 is too large; capping to 31457
04-20 12:54:03.523 0 0 W EXT4-fs : Ignoring removed nomblk_io_submit option
04-20 12:54:03.524 0 0 I EXT4-fs (dm-38): Using encoding defined by superblock: utf8-12.1.0 with flags 0x0
04-20 12:54:03.522 167 167 I vold : [libfs_mgr] __mount(source=/dev/block/dm-38,target=/data,type=ext4)=0: Success
04-20 12:54:03.528 0 0 I EXT4-fs (dm-38): mounted filesystem with ordered data mode. Quota mode: journalled.
04-20 12:54:03.529 0 0 E init : Unable to set property 'ro.boottime.init.mount.data' from uid:0 gid:0 pid:167: Read-only property was already set
04-20 12:54:03.523 167 167 W libc : Unable to set property "ro.boottime.init.mount.data" to "5": error code: 0xb
04-20 12:54:03.525 167 167 D vold : Mounted /data
04-20 12:54:03.557 0 0 I init : Userdata mounted using /vendor/etc/fstab.ranchu result : 6
04-20 12:54:03.557 0 0 I init : Keyring created with id 576391305 in process 1
04-20 12:54:03.558 0 0 I init : Command 'mount_all /vendor/etc/fstab.ranchu --late' action=late-fs (/vendor/etc/init/hw/init.ranchu.rc:9) took 6463ms and succeeded
04-20 12:54:03.559 0 0 I init : Service 'vendor.dlkm_loader' (pid 138) exited with status 0 oneshot service took 10.957000 seconds in background
04-20 12:54:03.559 0 0 I init : Sending signal 9 to service 'vendor.dlkm_loader' (pid 138) process group...
04-20 12:54:03.559 0 0 I libprocessgroup: Successfully killed process cgroup uid 0 pid 138 in 0ms
04-20 12:54:03.899 0 0 I init : processing action (post-fs-data) from (/system/etc/init/hw/init.rc:678)
04-20 12:54:03.900 0 0 I init : starting service 'exec 5 (/system/bin/vdc checkpoint prepareCheckpoint)'...
04-20 12:54:03.919 0 0 I init : ... started service 'exec 5 (/system/bin/vdc checkpoint prepareCheckpoint)' has pid 208
04-20 12:54:03.920 0 0 I init : SVC_EXEC service 'exec 5 (/system/bin/vdc checkpoint prepareCheckpoint)' pid 208 (uid 1000 gid 1000+0 context default) started; waiting...
04-20 12:54:04.000 167 167 I Checkpoint: cp_prepareCheckpoint called
04-20 12:54:04.011 0 0 I init : Service 'exec 5 (/system/bin/vdc checkpoint prepareCheckpoint)' (pid 208) exited with status 0 waiting took 0.107000 seconds
04-20 12:54:04.012 0 0 I init : Sending signal 9 to service 'exec 5 (/system/bin/vdc checkpoint prepareCheckpoint)' (pid 208) process group...
04-20 12:54:04.012 0 0 I libprocessgroup: Successfully killed process cgroup uid 1000 pid 208 in 0ms
04-20 12:54:04.026 0 0 I init : starting service 'exec 6 (/system/bin/vdc --wait cryptfs enablefilecrypto)'...
04-20 12:54:04.051 0 0 I init : ... started service 'exec 6 (/system/bin/vdc --wait cryptfs enablefilecrypto)' has pid 210
04-20 12:54:04.051 0 0 I init : SVC_EXEC service 'exec 6 (/system/bin/vdc --wait cryptfs enablefilecrypto)' pid 210 (uid 0 gid 0+0 context default) started; waiting...
04-20 12:54:04.132 167 167 I vold : fscrypt_initialize_systemwide_keys
04-20 12:54:04.138 0 0 D vdc : Waited 0ms for vold
04-20 12:54:04.133 167 167 I vold : Creating new key in /data/unencrypted/key
04-20 12:54:04.133 167 167 D vold : Generating standard storage key
04-20 12:54:04.146 167 167 D vold : Generating "key storage" key
04-20 12:54:04.148 175 175 E keystore2: system/security/keystore2/src/error.rs:180 - system/security/keystore2/src/security_level.rs:622
04-20 12:54:04.148 175 175 E keystore2:
04-20 12:54:04.148 175 175 E keystore2: Caused by:
04-20 12:54:04.148 175 175 E keystore2: 0: system/security/keystore2/src/security_level.rs:620: While generating Key without explicit attestation key.
04-20 12:54:04.148 175 175 E keystore2: 1: Error::Km(r#ROLLBACK_RESISTANCE_UNAVAILABLE)
04-20 12:54:04.149 167 167 E vold : keystore2 Keystore generateKey returned service specific error: -67
04-20 12:54:04.150 167 167 W vold : Failed to generate rollback-resistant key. This is expected if keystore doesn't support rollback resistance. Falling back to non-rollback-resistant key.
04-20 12:54:04.156 0 0 E vold : keystore2 Keystore generateKey returned service specific error: -67
04-20 12:54:04.156 0 0 W vold : Failed to generate rollback-resistant key. This is expected if keystore doesn't support rollback resistance. Falling back to non-rollback-resistant key.
04-20 12:54:04.166 167 167 D vold : Stored key /data/unencrypted/key
04-20 12:54:04.169 167 167 D vold : Installed fscrypt key with ref 5eec760f9163855961bbc91c3582cecd to /data
04-20 12:54:04.170 167 167 D vold : Added fscrypt-provisioning key for 5eec760f9163855961bbc91c3582cecd to session keyring
04-20 12:54:04.178 167 167 I vold : Wrote system DE key reference to:/data/unencrypted/ref
04-20 12:54:04.178 167 167 D vold : Generating standard storage key
04-20 12:54:04.179 167 167 D vold : Installed fscrypt key with ref b2a6bb414d6c71bdf41b50a2aa5c4a07 to /data
04-20 12:54:04.179 167 167 D vold : Added fscrypt-provisioning key for b2a6bb414d6c71bdf41b50a2aa5c4a07 to session keyring
04-20 12:54:04.182 167 167 I vold : Wrote per boot key reference to:/data/unencrypted/per_boot_ref
04-20 12:54:04.193 0 0 I init : Service 'exec 6 (/system/bin/vdc --wait cryptfs enablefilecrypto)' (pid 210) exited with status 0 waiting took 0.163000 seconds
04-20 12:54:04.193 0 0 I init : Sending signal 9 to service 'exec 6 (/system/bin/vdc --wait cryptfs enablefilecrypto)' (pid 210) process group...
04-20 12:54:04.194 0 0 I libprocessgroup: Successfully killed process cgroup uid 0 pid 210 in 0ms
04-20 12:54:04.200 0 0 I init : Encryption policy of /data/bootchart set to 5eec760f9163855961bbc91c3582cecd v2 modes 1/4 flags 0x2
04-20 12:54:04.201 0 0 I fscrypt : AES-256-CTS-CBC using implementation "cts-cbc-aes-aesni"
04-20 12:54:04.202 0 0 I init : Command 'copy /data/system/entropy.dat /dev/urandom' action=post-fs-data (/system/etc/init/hw/init.rc:700) took 0ms and failed: Could not read input file '/data/system/entropy.dat': open() failed: No such file or directory
04-20 12:54:04.206 0 0 I init : Encryption policy of /data/vendor set to 5eec760f9163855961bbc91c3582cecd v2 modes 1/4 flags 0x2
04-20 12:54:04.210 0 0 I init : Encryption policy of /data/anr set to 5eec760f9163855961bbc91c3582cecd v2 modes 1/4 flags 0x2
04-20 12:54:04.212 0 0 I init : Encryption policy of /data/tombstones set to 5eec760f9163855961bbc91c3582cecd v2 modes 1/4 flags 0x2
04-20 12:54:04.216 0 0 I init : starting service 'tombstoned'...
04-20 12:54:04.217 0 0 I init : Created socket '/dev/socket/tombstoned_crash', mode 666, user 1000, group 1000
04-20 12:54:04.219 0 0 I init : Created socket '/dev/socket/tombstoned_intercept', mode 666, user 1000, group 1000
04-20 12:54:04.220 0 0 I init : Created socket '/dev/socket/tombstoned_java_trace', mode 666, user 1000, group 1000
04-20 12:54:04.251 0 0 I init : ... started service 'tombstoned' has pid 213
04-20 12:54:04.252 0 0 I init : Switched to default mount namespace
04-20 12:54:04.253 0 0 E init : Failed to set encryption policy of /data/misc to 5eec760f9163855961bbc91c3582cecd v2 modes 1/4 flags 0x2: Directory not empty
04-20 12:54:04.272 214 214 W init : type=1400 audit(0.0:4): avc: denied { execute_no_trans } for path="/vendor/bin/toybox_vendor" dev="dm-4" ino=222 scontext=u:r:init:s0 tcontext=u:object_r:vendor_toolbox_exec:s0 tclass=file permissive=0 bug=b/183668221
04-20 12:54:04.284 0 0 E logwrapper: executing ls failed: Permission denied
04-20 12:54:04.284 0 0 E logwrapper:
04-20 12:54:04.291 0 0 I ls : executing ls failed: Permission denied
04-20 12:54:04.291 0 0 I ls : ls terminated by exit(255)
04-20 12:54:04.291 0 0 I ls :
04-20 12:54:04.291 0 0 E init : ls -laZ /data/misc returned failure: 255
04-20 12:54:04.292 0 0 E init : Setting 5eec760f9163855961bbc91c3582cecd policy on /data/misc failed!
04-20 12:54:04.292 0 0 E init : Rebooting into recovery
04-20 12:54:04.300 0 0 I init : Command 'mkdir /data/misc 01771 system misc encryption=Require' action=post-fs-data (/system/etc/init/hw/init.rc:717) took 47ms and failed: Failed to set bootloader message: failed to find /misc partition
04-20 12:54:04.312 0 0 I init : starting service 'exec 7 (/system/bin/vdc keymaster earlyBootEnded)'...
04-20 12:54:04.355 0 0 I init : ... started service 'exec 7 (/system/bin/vdc keymaster earlyBootEnded)' has pid 215
04-20 12:54:04.355 0 0 I init : SVC_EXEC service 'exec 7 (/system/bin/vdc keymaster earlyBootEnded)' pid 215 (uid 1000 gid 1000+0 context default) started; waiting...
04-20 12:54:04.371 213 213 I tombstoned: tombstoned successfully initialized
04-20 12:54:04.447 167 167 I incfs : Initial API level of the device: 34
04-20 12:54:04.447 167 167 I incfs : ro.incremental.enable: yes
04-20 12:54:04.448 167 167 I incfs : isFsAvailable: true
04-20 12:54:04.449 167 167 I incfs : isFsAvailable: true
04-20 12:54:04.449 167 167 I incfs : IncFs_Features: v2
04-20 12:54:04.455 175 184 I keystore2: system/security/keystore2/src/maintenance.rs:206 - In early_boot_ended.
04-20 12:54:04.539 175 184 I keystore2: system/security/keystore2/src/globals.rs:66 - Touching Keystore 2.0 database for this first time since boot.
04-20 12:54:04.539 175 184 I keystore2: system/security/keystore2/src/globals.rs:68 - Calling cleanup leftovers.
04-20 12:54:04.541 175 184 I keystore2: system/security/keystore2/src/boot_level_keys.rs:57 - ro.keystore.boot_level_key.strategy not set, inferring from installed KM instances
04-20 12:54:04.541 175 184 I keystore2: system/security/keystore2/src/boot_level_keys.rs:115 - In get_level_zero_key: security_level=r#SOFTWARE, deny_later_strategy=EarlyBootOnly
04-20 12:54:04.570 175 216 E keystore2: system/security/keystore2/src/keystore2_main.rs:69 - [SQLITE3] 17: statement aborts at 28: [CREATE TABLE IF NOT EXISTS persistent.version (
04-20 12:54:04.570 175 216 E keystore2: id INTEGER PRIMARY KEY,
04-20 12:54:04.570 175 216 E keystore2: version INTEGER);] database schema has changed
04-20 12:54:04.581 175 184 I keystore2: system/security/keystore2/src/super_key.rs:293 - Starting boot level watcher.
04-20 12:54:04.583 175 184 I keystore2: system/security/keystore2/src/maintenance.rs:187 - Call to earlyBootEnded succeeded for security level TRUSTED_ENVIRONMENT.
04-20 12:54:04.586 175 217 I keystore2: system/security/keystore2/src/super_key.rs:325 - Read keystore.boot_level value 30
04-20 12:54:04.591 175 217 I keystore2: system/security/keystore2/src/super_key.rs:325 - Read keystore.boot_level value 30
04-20 12:54:04.594 154 154 I hwservicemanager: getTransport: Cannot find entry android.hardware.keymaster@4.0::IKeymasterDevice/default in either framework or device VINTF manifest.
04-20 12:54:04.596 154 154 I hwservicemanager: getTransport: Cannot find entry android.hardware.keymaster@3.0::IKeymasterDevice/default in either framework or device VINTF manifest.
04-20 12:54:04.597 175 184 E keystore2: system/security/keystore2/src/maintenance.rs:192 - Call to earlyBootEnded failed for security level STRONGBOX: system/security/keystore2/src/maintenance.rs:167: getting keymint device.
04-20 12:54:04.597 175 184 E keystore2: system/security/keystore2/src/error.rs:180 - system/security/keystore2/src/maintenance.rs:167: getting keymint device
04-20 12:54:04.597 175 184 E keystore2:
04-20 12:54:04.597 175 184 E keystore2: Caused by:
04-20 12:54:04.597 175 184 E keystore2: 0: system/security/keystore2/src/globals.rs:335: Cannot connect to Keymint
04-20 12:54:04.597 175 184 E keystore2: 1: system/security/keystore2/src/globals.rs:246: Trying to get Legacy wrapper.
04-20 12:54:04.597 175 184 E keystore2: 2: Error::Km(r#HARDWARE_TYPE_UNAVAILABLE)
04-20 12:54:04.597 167 167 E vold : keystore2 Keystore earlyBootEnded returned service specific error: -68
04-20 12:54:04.604 0 0 E vold : keystore2 Keystore earlyBootEnded returned service specific error: -68
04-20 12:54:04.614 0 0 I init : Service 'exec 7 (/system/bin/vdc keymaster earlyBootEnded)' (pid 215) exited with status 0 waiting took 0.290000 seconds
04-20 12:54:04.614 0 0 I init : Sending signal 9 to service 'exec 7 (/system/bin/vdc keymaster earlyBootEnded)' (pid 215) process group...
04-20 12:54:04.615 0 0 I libprocessgroup: Successfully killed process cgroup uid 1000 pid 215 in 0ms
04-20 12:54:04.621 0 0 I init : Encryption policy of /data/property set to 5eec760f9163855961bbc91c3582cecd v2 modes 1/4 flags 0x2
04-20 12:54:04.624 0 0 E init : Could not set 'ro.logd.size' to '2M' in /data/local.prop: Read-only property was already set
04-20 12:54:04.625 0 0 E init : Could not load single persistent property file, trying legacy directory: Unable to read persistent property file: open() failed: No such file or directory
04-20 12:54:04.626 0 0 I fscrypt : AES-256-XTS using implementation "xts-aes-aesni"
04-20 12:54:04.631 0 0 I init : Wait for property 'ro.persistent_properties.ready=true' took 9ms
04-20 12:54:04.632 0 0 I init : service 'logd' requested start, but it is already running (flags: 4)
04-20 12:54:04.633 0 0 I init : starting service 'logd-reinit'...
04-20 12:54:04.660 0 0 I init : ... started service 'logd-reinit' has pid 218
04-20 12:54:04.660 0 0 I init : Not setting encryption policy on: /data/apex
04-20 12:54:04.667 0 0 I init : Encryption policy of /data/apex/decompressed set to 5eec760f9163855961bbc91c3582cecd v2 modes 1/4 flags 0x2
04-20 12:54:04.672 0 0 I init : Encryption policy of /data/app-staging set to 5eec760f9163855961bbc91c3582cecd v2 modes 1/4 flags 0x2
04-20 12:54:04.674 0 0 I init : Encryption policy of /data/apex/ota_reserved set to 5eec760f9163855961bbc91c3582cecd v2 modes 1/4 flags 0x2
04-20 12:54:04.684 0 0 I init : starting service 'apexd'...
04-20 12:54:04.747 0 0 I init : ... started service 'apexd' has pid 219
04-20 12:54:04.747 0 0 I init : Command 'restart apexd' action=post-fs-data (/system/etc/init/hw/init.rc:770) took 64ms and succeeded
04-20 12:54:04.755 0 0 I init : Command 'copy /data/misc/recovery/ro.build.fingerprint /data/misc/recovery/ro.build.fingerprint.1' action=post-fs-data (/system/etc/init/hw/init.rc:774) took 0ms and failed: Could not read input file '/data/misc/recovery/ro.build.fingerprint': open() failed: No such file or directory
04-20 12:54:04.768 0 0 I init : Command 'copy /data/misc/recovery/proc/version /data/misc/recovery/proc/version.1' action=post-fs-data (/system/etc/init/hw/init.rc:781) took 0ms and failed: Could not read input file '/data/misc/recovery/proc/version': open() failed: No such file or directory
04-20 12:54:04.883 0 0 I logd : logd reinit
04-20 12:54:04.884 0 0 E logd : Cannot read /data/misc/logd/event-log-tags
04-20 12:54:04.897 0 0 E logd : FrameworkListener: read() failed (Connection reset by peer)
04-20 12:54:04.912 0 0 I init : Encryption policy of /data/local set to 5eec760f9163855961bbc91c3582cecd v2 modes 1/4 flags 0x2
04-20 12:54:04.912 0 0 I init : Service 'logd-reinit' (pid 218) exited with status 0 oneshot service took 0.275000 seconds in background
04-20 12:54:04.913 0 0 I init : Sending signal 9 to service 'logd-reinit' (pid 218) process group...
04-20 12:54:04.913 0 0 I libprocessgroup: Successfully killed process cgroup uid 1036 pid 218 in 0ms
04-20 12:54:05.001 0 0 I init : starting service 'exec 8 (/bin/rm -rf /data/misc/virtualizationservice)'...
04-20 12:54:05.056 0 0 I init : ... started service 'exec 8 (/bin/rm -rf /data/misc/virtualizationservice)' has pid 220
04-20 12:54:05.057 0 0 I init : SVC_EXEC service 'exec 8 (/bin/rm -rf /data/misc/virtualizationservice)' pid 220 (uid 1081 gid 1000+0 context default) started; waiting...
04-20 12:54:05.057 0 0 I init : Command 'exec - virtualizationservice system -- /bin/rm -rf /data/misc/virtualizationservice' action=post-fs-data (/system/etc/init/hw/init.rc:854) took 56ms and succeeded
04-20 12:54:05.072 0 0 I apexd : Scanning /system/apex for pre-installed ApexFiles
04-20 12:54:05.079 0 0 I apexd : Found pre-installed APEX /system/apex/com.android.media.swcodec.capex
04-20 12:54:05.088 0 0 I apexd : Found pre-installed APEX /system/apex/com.android.btservices.apex
04-20 12:54:05.097 0 0 I apexd : Found pre-installed APEX /system/apex/com.android.adbd.capex
04-20 12:54:05.104 0 0 I apexd : Found pre-installed APEX /system/apex/com.android.neuralnetworks.capex
04-20 12:54:05.105 0 0 I apexd : Found pre-installed APEX /system/apex/com.android.virt.apex
04-20 12:54:05.112 0 0 I apexd : Found pre-installed APEX /system/apex/com.android.extservices.capex
04-20 12:54:05.113 0 0 I apexd : Found pre-installed APEX /system/apex/com.android.rkpd.apex
04-20 12:54:05.120 0 0 I apexd : Found pre-installed APEX /system/apex/com.android.apex.cts.shim.apex
04-20 12:54:05.121 0 0 I apexd : Found pre-installed APEX /system/apex/com.android.os.statsd.apex
04-20 12:54:05.127 0 0 I apexd : Found pre-installed APEX /system/apex/com.android.media.capex
04-20 12:54:05.129 0 0 I apexd : Found pre-installed APEX /system/apex/com.android.resolv.capex
04-20 12:54:05.135 0 0 I apexd : Found pre-installed APEX /system/apex/com.android.permission.capex
04-20 12:54:05.137 0 0 I apexd : Found pre-installed APEX /system/apex/com.android.art.capex
04-20 12:54:05.143 0 0 I apexd : Found pre-installed APEX /system/apex/com.android.tethering.capex
04-20 12:54:05.144 0 0 I apexd : Found pre-installed APEX /system/apex/com.android.configinfrastructure.capex
04-20 12:54:05.151 0 0 I apexd : Found pre-installed APEX /system/apex/com.android.sdkext.apex
04-20 12:54:05.152 0 0 I apexd : Found pre-installed APEX /system/apex/com.android.mediaprovider.capex
04-20 12:54:05.154 0 0 I apexd : Found pre-installed APEX /system/apex/com.android.vndk.current.apex
04-20 12:54:05.159 0 0 I apexd : Found pre-installed APEX /system/apex/com.android.tzdata.apex
04-20 12:54:05.161 0 0 I apexd : Found pre-installed APEX /system/apex/com.android.devicelock.apex
04-20 12:54:05.167 0 0 I apexd : Found pre-installed APEX /system/apex/com.android.ondevicepersonalization.capex
04-20 12:54:05.169 0 0 I apexd : Found pre-installed APEX /system/apex/com.android.cellbroadcast.capex
04-20 12:54:05.175 0 0 I apexd : Found pre-installed APEX /system/apex/com.android.ipsec.capex
04-20 12:54:05.177 0 0 I apexd : Found pre-installed APEX /system/apex/com.android.adservices.capex
04-20 12:54:05.183 0 0 I apexd : Found pre-installed APEX /system/apex/com.android.healthfitness.apex
04-20 12:54:05.184 0 0 I apexd : Found pre-installed APEX /system/apex/com.android.conscrypt.capex
04-20 12:54:05.190 0 0 I apexd : Found pre-installed APEX /system/apex/com.android.scheduling.capex
04-20 12:54:05.192 0 0 I apexd : Found pre-installed APEX /system/apex/com.android.wifi.capex
04-20 12:54:05.194 0 0 I apexd : Found pre-installed APEX /system/apex/com.android.i18n.apex
04-20 12:54:05.207 0 0 I apexd : Found pre-installed APEX /system/apex/com.android.appsearch.capex
04-20 12:54:05.209 0 0 I apexd : Found pre-installed APEX /system/apex/com.android.runtime.apex
04-20 12:54:05.215 0 0 I apexd : Found pre-installed APEX /system/apex/com.android.uwb.capex
04-20 12:54:05.217 0 0 I apexd : Scanning /system_ext/apex for pre-installed ApexFiles
04-20 12:54:05.217 0 0 W apexd : /system_ext/apex does not exist. Skipping
04-20 12:54:05.217 0 0 I apexd : Scanning /product/apex for pre-installed ApexFiles
04-20 12:54:05.217 0 0 W apexd : /product/apex does not exist. Skipping
04-20 12:54:05.217 0 0 I apexd : Scanning /vendor/apex for pre-installed ApexFiles
04-20 12:54:05.217 0 0 W apexd : /vendor/apex does not exist. Skipping
04-20 12:54:05.218 0 0 I apexd : No block apex metadata partition found, not adding block apexes
04-20 12:54:05.223 0 0 I apexd : Populating APEX database from mounts...
04-20 12:54:05.225 0 0 I apexd : 0 packages restored.
04-20 12:54:05.235 0 0 I apexd : Marking APEXd as starting
04-20 12:54:05.241 0 0 I apexd : Scanning /metadata/apex/sessions looking for sessions to be activated.
04-20 12:54:05.242 0 0 I apexd : Scanning /data/apex/active for data ApexFiles
04-20 12:54:05.246 0 0 I apexd : Selecting APEX for activation
04-20 12:54:05.251 0 0 I apexd : Processing compressed APEX
04-20 12:54:05.251 0 0 I apexd : Processing compressed APEX /system/apex/com.android.wifi.capex
04-20 12:54:05.255 0 0 I apexd : Decompressing/system/apex/com.android.wifi.capex to /data/apex/decompressed/com.android.wifi@342090000.decompressed.apex
04-20 12:54:05.328 0 0 I init : Service 'exec 8 (/bin/rm -rf /data/misc/virtualizationservice)' (pid 220) exited with status 0 waiting took 0.316000 seconds
04-20 12:54:05.329 0 0 I init : Sending signal 9 to service 'exec 8 (/bin/rm -rf /data/misc/virtualizationservice)' (pid 220) process group...
04-20 12:54:05.329 0 0 I libprocessgroup: Successfully killed process cgroup uid 1081 pid 220 in 0ms
04-20 12:54:05.345 0 0 I init : Not setting encryption policy on: /data/preloads
04-20 12:54:05.376 0 0 I init : Encryption policy of /data/app-private set to 5eec760f9163855961bbc91c3582cecd v2 modes 1/4 flags 0x2
04-20 12:54:05.382 0 0 I init : Encryption policy of /data/app-ephemeral set to 5eec760f9163855961bbc91c3582cecd v2 modes 1/4 flags 0x2
04-20 12:54:05.388 0 0 I init : Encryption policy of /data/app-asec set to 5eec760f9163855961bbc91c3582cecd v2 modes 1/4 flags 0x2
04-20 12:54:05.395 0 0 I init : Encryption policy of /data/app-lib set to 5eec760f9163855961bbc91c3582cecd v2 modes 1/4 flags 0x2
04-20 12:54:05.398 0 0 I init : Encryption policy of /data/app set to 5eec760f9163855961bbc91c3582cecd v2 modes 1/4 flags 0x2
04-20 12:54:05.408 0 0 I init : Encryption policy of /data/fonts set to 5eec760f9163855961bbc91c3582cecd v2 modes 1/4 flags 0x2
04-20 12:54:05.458 0 0 I init : Encryption policy of /data/dalvik-cache set to 5eec760f9163855961bbc91c3582cecd v2 modes 1/4 flags 0x2
04-20 12:54:05.461 0 0 I init : Encryption policy of /data/ota set to 5eec760f9163855961bbc91c3582cecd v2 modes 1/4 flags 0x2
04-20 12:54:05.469 0 0 I init : Encryption policy of /data/ota_package set to 5eec760f9163855961bbc91c3582cecd v2 modes 1/4 flags 0x2
04-20 12:54:05.476 0 0 I init : Encryption policy of /data/resource-cache set to 5eec760f9163855961bbc91c3582cecd v2 modes 1/4 flags 0x2
04-20 12:54:05.477 0 0 I init : Not setting encryption policy on: /data/lost+found
04-20 12:54:05.484 0 0 I init : Encryption policy of /data/drm set to 5eec760f9163855961bbc91c3582cecd v2 modes 1/4 flags 0x2
04-20 12:54:05.492 0 0 I init : Encryption policy of /data/mediadrm set to 5eec760f9163855961bbc91c3582cecd v2 modes 1/4 flags 0x2
04-20 12:54:05.495 0 0 I init : Encryption policy of /data/nfc set to 5eec760f9163855961bbc91c3582cecd v2 modes 1/4 flags 0x2
04-20 12:54:05.508 0 0 I init : Encryption policy of /data/backup set to 5eec760f9163855961bbc91c3582cecd v2 modes 1/4 flags 0x2
04-20 12:54:05.514 0 0 I init : Encryption policy of /data/ss set to 5eec760f9163855961bbc91c3582cecd v2 modes 1/4 flags 0x2
04-20 12:54:05.525 0 0 I init : Encryption policy of /data/system set to 5eec760f9163855961bbc91c3582cecd v2 modes 1/4 flags 0x2
04-20 12:54:05.587 0 0 I init : Not setting encryption policy on: /data/media
04-20 12:54:05.589 0 0 I init : Not setting encryption policy on: /data/misc_ce
04-20 12:54:05.594 0 0 I init : Not setting encryption policy on: /data/misc_de
04-20 12:54:05.604 0 0 I init : Not setting encryption policy on: /data/system_ce
04-20 12:54:05.605 0 0 I init : Not setting encryption policy on: /data/system_de
04-20 12:54:05.618 0 0 I init : Not setting encryption policy on: /data/user
04-20 12:54:05.620 0 0 I init : Not setting encryption policy on: /data/user_de
04-20 12:54:05.621 0 0 I init : Not setting encryption policy on: /data/vendor_ce
04-20 12:54:05.625 0 0 I init : Not setting encryption policy on: /data/vendor_de
04-20 12:54:05.636 0 0 I init : starting service 'exec 9 (/system/bin/chattr +F /data/media)'...
04-20 12:54:05.695 0 0 I init : ... started service 'exec 9 (/system/bin/chattr +F /data/media)' has pid 221
04-20 12:54:05.695 0 0 I init : SVC_EXEC service 'exec 9 (/system/bin/chattr +F /data/media)' pid 221 (uid 1023 gid 1023+0 context default) started; waiting...
04-20 12:54:05.696 0 0 I init : Command 'exec - media_rw media_rw -- /system/bin/chattr +F /data/media' action=post-fs-data (/system/etc/init/hw/init.rc:955) took 60ms and succeeded
04-20 12:54:05.701 0 0 I apexd : Processing compressed APEX /system/apex/com.android.media.swcodec.capex
04-20 12:54:05.701 0 0 I apexd : Decompressing/system/apex/com.android.media.swcodec.capex to /data/apex/decompressed/com.android.media.swcodec@342090000.decompressed.apex
04-20 12:54:05.907 0 0 I init : Service 'exec 9 (/system/bin/chattr +F /data/media)' (pid 221) exited with status 0 waiting took 0.258000 seconds
04-20 12:54:05.907 0 0 I init : Sending signal 9 to service 'exec 9 (/system/bin/chattr +F /data/media)' (pid 221) process group...
04-20 12:54:05.908 0 0 I libprocessgroup: Successfully killed process cgroup uid 1023 pid 221 in 0ms
04-20 12:54:06.026 0 0 I init : Encryption policy of /data/cache set to 5eec760f9163855961bbc91c3582cecd v2 modes 1/4 flags 0x2
04-20 12:54:06.037 0 0 I init : Encryption policy of /data/rollback set to 5eec760f9163855961bbc91c3582cecd v2 modes 1/4 flags 0x2
04-20 12:54:06.043 0 0 I init : Encryption policy of /data/rollback-observer set to 5eec760f9163855961bbc91c3582cecd v2 modes 1/4 flags 0x2
04-20 12:54:06.045 0 0 I init : Encryption policy of /data/rollback-history set to 5eec760f9163855961bbc91c3582cecd v2 modes 1/4 flags 0x2
04-20 12:54:06.048 0 0 I init : Encryption policy of /data/incremental set to 5eec760f9163855961bbc91c3582cecd v2 modes 1/4 flags 0x2
04-20 12:54:06.481 0 0 I apexd : Processing compressed APEX /system/apex/com.android.adbd.capex
04-20 12:54:06.482 0 0 I apexd : Decompressing/system/apex/com.android.adbd.capex to /data/apex/decompressed/com.android.adbd@342090000.decompressed.apex
04-20 12:54:06.643 0 0 I apexd : Processing compressed APEX /system/apex/com.android.tethering.capex
04-20 12:54:06.644 0 0 I apexd : Decompressing/system/apex/com.android.tethering.capex to /data/apex/decompressed/com.android.tethering@342090000.decompressed.apex
04-20 12:54:07.089 0 0 I apexd : Processing compressed APEX /system/apex/com.android.extservices.capex
04-20 12:54:07.091 0 0 I apexd : Decompressing/system/apex/com.android.extservices.capex to /data/apex/decompressed/com.android.extservices@342090000.decompressed.apex
04-20 12:54:07.332 0 0 I apexd : Processing compressed APEX /system/apex/com.android.uwb.capex
04-20 12:54:07.333 0 0 I apexd : Decompressing/system/apex/com.android.uwb.capex to /data/apex/decompressed/com.android.uwb@342090000.decompressed.apex
04-20 12:54:07.433 0 0 I apexd : Processing compressed APEX /system/apex/com.android.permission.capex
04-20 12:54:07.433 0 0 I apexd : Decompressing/system/apex/com.android.permission.capex to /data/apex/decompressed/com.android.permission@342090000.decompressed.apex
04-20 12:54:07.818 0 0 I apexd : Processing compressed APEX /system/apex/com.android.art.capex
04-20 12:54:07.819 0 0 I apexd : Decompressing/system/apex/com.android.art.capex to /data/apex/decompressed/com.android.art@342090000.decompressed.apex
04-20 12:54:08.578 0 0 I apexd : Processing compressed APEX /system/apex/com.android.conscrypt.capex
04-20 12:54:08.583 0 0 I apexd : Decompressing/system/apex/com.android.conscrypt.capex to /data/apex/decompressed/com.android.conscrypt@342090000.decompressed.apex
04-20 12:54:08.691 0 0 I apexd : Processing compressed APEX /system/apex/com.android.media.capex
04-20 12:54:08.692 0 0 I apexd : Decompressing/system/apex/com.android.media.capex to /data/apex/decompressed/com.android.media@342090000.decompressed.apex
04-20 12:54:08.833 0 0 I apexd : Processing compressed APEX /system/apex/com.android.mediaprovider.capex
04-20 12:54:08.833 0 0 I apexd : Decompressing/system/apex/com.android.mediaprovider.capex to /data/apex/decompressed/com.android.mediaprovider@342090000.decompressed.apex
04-20 12:54:09.074 0 0 I apexd : Processing compressed APEX /system/apex/com.android.resolv.capex
04-20 12:54:09.074 0 0 I apexd : Decompressing/system/apex/com.android.resolv.capex to /data/apex/decompressed/com.android.resolv@342090000.decompressed.apex
04-20 12:54:09.190 0 0 I apexd : Processing compressed APEX /system/apex/com.android.configinfrastructure.capex
04-20 12:54:09.191 0 0 I apexd : Decompressing/system/apex/com.android.configinfrastructure.capex to /data/apex/decompressed/com.android.configinfrastructure@342090000.decompressed.apex
04-20 12:54:09.204 0 0 I apexd : Processing compressed APEX /system/apex/com.android.adservices.capex
04-20 12:54:09.204 0 0 I apexd : Decompressing/system/apex/com.android.adservices.capex to /data/apex/decompressed/com.android.adservices@342090000.decompressed.apex
04-20 12:54:09.797 0 0 I apexd : Processing compressed APEX /system/apex/com.android.appsearch.capex
04-20 12:54:09.797 0 0 I apexd : Decompressing/system/apex/com.android.appsearch.capex to /data/apex/decompressed/com.android.appsearch@342090000.decompressed.apex
04-20 12:54:09.901 0 0 I apexd : Processing compressed APEX /system/apex/com.android.neuralnetworks.capex
04-20 12:54:09.902 0 0 I apexd : Decompressing/system/apex/com.android.neuralnetworks.capex to /data/apex/decompressed/com.android.neuralnetworks@342090000.decompressed.apex
04-20 12:54:10.069 0 0 I apexd : Processing compressed APEX /system/apex/com.android.cellbroadcast.capex
04-20 12:54:10.070 0 0 I apexd : Decompressing/system/apex/com.android.cellbroadcast.capex to /data/apex/decompressed/com.android.cellbroadcast@342090000.decompressed.apex
04-20 12:54:10.527 0 0 I apexd : Processing compressed APEX /system/apex/com.android.ondevicepersonalization.capex
04-20 12:54:10.528 0 0 I apexd : Decompressing/system/apex/com.android.ondevicepersonalization.capex to /data/apex/decompressed/com.android.ondevicepersonalization@342090000.decompressed.apex
04-20 12:54:10.626 0 0 I apexd : Processing compressed APEX /system/apex/com.android.ipsec.capex
04-20 12:54:10.631 0 0 I apexd : Decompressing/system/apex/com.android.ipsec.capex to /data/apex/decompressed/com.android.ipsec@342090000.decompressed.apex
04-20 12:54:10.684 0 0 I apexd : Processing compressed APEX /system/apex/com.android.scheduling.capex
04-20 12:54:10.685 0 0 I apexd : Decompressing/system/apex/com.android.scheduling.capex to /data/apex/decompressed/com.android.scheduling@342090000.decompressed.apex
04-20 12:54:10.735 0 0 I loop4 : detected capacity change from 0 to 648
04-20 12:54:10.747 0 0 I loop5 : detected capacity change from 0 to 50960
04-20 12:54:10.760 0 0 I loop6 : detected capacity change from 0 to 1616
04-20 12:54:10.771 0 0 I loop7 : detected capacity change from 0 to 1544
04-20 12:54:10.790 0 0 I loop8 : detected capacity change from 0 to 6288
04-20 12:54:10.848 0 0 I EXT4-fs (loop5): mounted filesystem without journal. Quota mode: none.
04-20 12:54:10.848 0 0 I apexd : Successfully mounted package /system/apex/com.android.btservices.apex on /apex/com.android.btservices@342090000 duration=108
04-20 12:54:10.864 0 0 I EXT4-fs (loop8): mounted filesystem without journal. Quota mode: none.
04-20 12:54:10.865 0 0 I apexd : Successfully mounted package /system/apex/com.android.os.statsd.apex on /apex/com.android.os.statsd@342090000 duration=123
04-20 12:54:10.880 0 0 I EXT4-fs (loop6): mounted filesystem without journal. Quota mode: none.
04-20 12:54:10.880 0 0 I apexd : Successfully mounted package /system/apex/com.android.tzdata.apex on /apex/com.android.tzdata@342090000 duration=140
04-20 12:54:10.911 0 0 I EXT4-fs (loop4): mounted filesystem without journal. Quota mode: none.
04-20 12:54:10.911 0 0 I apexd : Successfully mounted package /system/apex/com.android.virt.apex on /apex/com.android.virt@2 duration=178
04-20 12:54:10.933 0 0 I EXT4-fs (loop7): mounted filesystem without journal. Quota mode: none.
04-20 12:54:10.933 0 0 I apexd : Successfully mounted package /system/apex/com.android.sdkext.apex on /apex/com.android.sdkext@342090000 duration=192
04-20 12:54:10.951 0 0 I loop9 : detected capacity change from 0 to 8872
04-20 12:54:10.954 0 0 I loop10 : detected capacity change from 0 to 536
04-20 12:54:10.967 0 0 I device-mapper: verity: sha256 using implementation "sha256-ssse3"
04-20 12:54:10.968 0 0 I loop11 : detected capacity change from 0 to 11672
04-20 12:54:10.979 0 0 I loop12 : detected capacity change from 0 to 52360
04-20 12:54:11.009 0 0 I loop13 : detected capacity change from 0 to 21688
04-20 12:54:11.019 0 0 I EXT4-fs (loop10): mounted filesystem without journal. Quota mode: none.
04-20 12:54:11.019 0 0 I apexd : Successfully mounted package /system/apex/com.android.apex.cts.shim.apex on /apex/com.android.apex.cts.shim@1 duration=271
04-20 12:54:11.034 0 0 I loop14 : detected capacity change from 0 to 8944
04-20 12:54:11.035 0 0 I EXT4-fs (dm-26): mounted filesystem without journal. Quota mode: none.
04-20 12:54:11.036 0 0 I apexd : Successfully mounted package /data/apex/decompressed/com.android.conscrypt@342090000.decompressed.apex on /apex/com.android.conscrypt@342090000 duration=256
04-20 12:54:11.038 0 0 I EXT4-fs (loop12): mounted filesystem without journal. Quota mode: none.
04-20 12:54:11.038 0 0 I apexd : Successfully mounted package /system/apex/com.android.vndk.current.apex on /apex/com.android.vndk.v34@1 duration=289
04-20 12:54:11.054 0 0 I loop15 : detected capacity change from 0 to 17152
04-20 12:54:11.057 0 0 I loop16 : detected capacity change from 0 to 71872
04-20 12:54:11.068 0 0 I EXT4-fs (loop13): mounted filesystem without journal. Quota mode: none.
04-20 12:54:11.068 0 0 I apexd : Successfully mounted package /system/apex/com.android.healthfitness.apex on /apex/com.android.healthfitness@342090000 duration=318
04-20 12:54:11.076 0 0 I EXT4-fs (loop11): mounted filesystem without journal. Quota mode: none.
04-20 12:54:11.076 0 0 I apexd : Successfully mounted package /system/apex/com.android.devicelock.apex on /apex/com.android.devicelock@1 duration=327
04-20 12:54:11.103 0 0 I loop17 : detected capacity change from 0 to 55672
04-20 12:54:11.105 0 0 I device-mapper: verity: sha256 using implementation "sha256-ssse3"
04-20 12:54:11.106 0 0 I EXT4-fs (loop16): mounted filesystem without journal. Quota mode: none.
04-20 12:54:11.106 0 0 I apexd : Successfully mounted package /system/apex/com.android.i18n.apex on /apex/com.android.i18n@1 duration=356
04-20 12:54:11.149 0 0 I device-mapper: verity: sha256 using implementation "sha256-ssse3"
04-20 12:54:11.171 0 0 I EXT4-fs (dm-35): mounted filesystem without journal. Quota mode: none.
04-20 12:54:11.171 0 0 I apexd : Successfully mounted package /data/apex/decompressed/com.android.wifi@342090000.decompressed.apex on /apex/com.android.wifi@342090000 duration=414
04-20 12:54:11.200 0 0 I EXT4-fs (dm-34): mounted filesystem without journal. Quota mode: none.
04-20 12:54:11.200 0 0 I apexd : Successfully mounted package /data/apex/decompressed/com.android.media.swcodec@342090000.decompressed.apex on /apex/com.android.media.swcodec@342090000 duration=430
04-20 12:54:11.203 0 0 I EXT4-fs (loop14): mounted filesystem without journal. Quota mode: none.
04-20 12:54:11.203 0 0 I apexd : Successfully mounted package /system/apex/com.android.runtime.apex on /apex/com.android.runtime@1 duration=447
04-20 12:54:11.266 0 0 I loop18 : detected capacity change from 0 to 19784
04-20 12:54:11.270 0 0 I loop19 : detected capacity change from 0 to 2192
04-20 12:54:11.281 0 0 I device-mapper: verity: sha256 using implementation "sha256-ssse3"
04-20 12:54:11.330 0 0 I EXT4-fs (dm-25): mounted filesystem without journal. Quota mode: none.
04-20 12:54:11.334 0 0 I apexd : Successfully mounted package /data/apex/decompressed/com.android.mediaprovider@342090000.decompressed.apex on /apex/com.android.mediaprovider@342090000 duration=551
04-20 12:54:11.347 0 0 I EXT4-fs (loop19): mounted filesystem without journal. Quota mode: none.
04-20 12:54:11.347 0 0 I apexd : Successfully mounted package /system/apex/com.android.rkpd.apex on /apex/com.android.rkpd@1 duration=605
04-20 12:54:11.373 0 0 I loop20 : detected capacity change from 0 to 11344
04-20 12:54:11.392 0 0 I device-mapper: verity: sha256 using implementation "sha256-ssse3"
04-20 12:54:11.440 0 0 I EXT4-fs (dm-21): mounted filesystem without journal. Quota mode: none.
04-20 12:54:11.441 0 0 I apexd : Successfully mounted package /data/apex/decompressed/com.android.media@342090000.decompressed.apex on /apex/com.android.media@342090000 duration=661
04-20 12:54:11.690 0 0 I loop21 : detected capacity change from 0 to 64992
04-20 12:54:11.705 0 0 I device-mapper: verity: sha256 using implementation "sha256-ssse3"
04-20 12:54:11.714 0 0 I loop22 : detected capacity change from 0 to 536
04-20 12:54:11.739 0 0 I device-mapper: verity: sha256 using implementation "sha256-ssse3"
04-20 12:54:11.743 0 0 I EXT4-fs (dm-28): mounted filesystem without journal. Quota mode: none.
04-20 12:54:11.743 0 0 I apexd : Successfully mounted package /data/apex/decompressed/com.android.art@342090000.decompressed.apex on /apex/com.android.art@342090000 duration=964
04-20 12:54:11.790 0 0 I EXT4-fs (dm-8): mounted filesystem without journal. Quota mode: none.
04-20 12:54:11.791 0 0 I apexd : Successfully mounted package /data/apex/decompressed/com.android.scheduling@342090000.decompressed.apex on /apex/com.android.scheduling@342090000 duration=991
04-20 12:54:11.917 0 0 I loop23 : detected capacity change from 0 to 36000
04-20 12:54:11.955 0 0 I device-mapper: verity: sha256 using implementation "sha256-ssse3"
