04-20 12:56:44.062 554 554 V SystemServerTimingAsync: ssm.onStartUser-0_com.android.server.pm.LauncherAppsService took to complete: 0ms
04-20 12:56:44.062 554 554 D SystemServerTimingAsync: ssm.onStartUser-0_com.android.server.pm.CrossProfileAppsService
04-20 12:56:44.062 554 554 V SystemServerTimingAsync: ssm.onStartUser-0_com.android.server.pm.CrossProfileAppsService took to complete: 0ms
04-20 12:56:44.062 554 554 D SystemServerTimingAsync: ssm.onStartUser-0_com.android.server.people.PeopleService
04-20 12:56:44.062 554 554 V SystemServerTimingAsync: ssm.onStartUser-0_com.android.server.people.PeopleService took to complete: 0ms
04-20 12:56:44.062 554 554 D SystemServerTimingAsync: ssm.onStartUser-0_com.android.server.media.metrics.MediaMetricsManagerService
04-20 12:56:44.062 554 554 V SystemServerTimingAsync: ssm.onStartUser-0_com.android.server.media.metrics.MediaMetricsManagerService took to complete: 0ms
04-20 12:56:44.063 554 554 D SystemServerTimingAsync: ssm.onStartUser-0_com.android.server.pm.BackgroundInstallControlService
04-20 12:56:44.063 554 554 V SystemServerTimingAsync: ssm.onStartUser-0_com.android.server.pm.BackgroundInstallControlService took to complete: 0ms
04-20 12:56:44.063 554 554 D SystemServerTimingAsync: ssm.onStartUser-0_com.android.server.media.projection.MediaProjectionManagerService
04-20 12:56:44.063 554 554 V SystemServerTimingAsync: ssm.onStartUser-0_com.android.server.media.projection.MediaProjectionManagerService took to complete: 0ms
04-20 12:56:44.063 554 554 D SystemServerTimingAsync: ssm.onStartUser-0_com.android.server.slice.SliceManagerService$Lifecycle
04-20 12:56:44.063 554 554 V SystemServerTimingAsync: ssm.onStartUser-0_com.android.server.slice.SliceManagerService$Lifecycle took to complete: 0ms
04-20 12:56:44.063 554 554 D SystemServerTimingAsync: ssm.onStartUser-0_com.android.server.stats.StatsCompanion$Lifecycle
04-20 12:56:44.063 554 554 V SystemServerTimingAsync: ssm.onStartUser-0_com.android.server.stats.StatsCompanion$Lifecycle took to complete: 0ms
04-20 12:56:44.063 554 554 D SystemServerTimingAsync: ssm.onStartUser-0_com.android.server.scheduling.RebootReadinessManagerService$Lifecycle
04-20 12:56:44.063 554 554 V SystemServerTimingAsync: ssm.onStartUser-0_com.android.server.scheduling.RebootReadinessManagerService$Lifecycle took to complete: 0ms
04-20 12:56:44.063 554 554 D SystemServerTimingAsync: ssm.onStartUser-0_com.android.server.stats.pull.StatsPullAtomService
04-20 12:56:44.063 554 554 V SystemServerTimingAsync: ssm.onStartUser-0_com.android.server.stats.pull.StatsPullAtomService took to complete: 0ms
04-20 12:56:44.072 554 554 D SystemServerTimingAsync: ssm.onStartUser-0_com.android.server.stats.bootstrap.StatsBootstrapAtomService$Lifecycle
04-20 12:56:44.072 554 554 V SystemServerTimingAsync: ssm.onStartUser-0_com.android.server.stats.bootstrap.StatsBootstrapAtomService$Lifecycle took to complete: 0ms
04-20 12:56:44.072 554 554 D SystemServerTimingAsync: ssm.onStartUser-0_com.android.server.incident.IncidentCompanionService
04-20 12:56:44.072 554 554 V SystemServerTimingAsync: ssm.onStartUser-0_com.android.server.incident.IncidentCompanionService took to complete: 0ms
04-20 12:56:44.072 554 554 D SystemServerTimingAsync: ssm.onStartUser-0_com.android.server.sdksandbox.SdkSandboxManagerService$Lifecycle
04-20 12:56:44.072 554 554 V SystemServerTimingAsync: ssm.onStartUser-0_com.android.server.sdksandbox.SdkSandboxManagerService$Lifecycle took to complete: 0ms
04-20 12:56:44.072 554 554 D SystemServerTimingAsync: ssm.onStartUser-0_com.android.server.adservices.AdServicesManagerService$Lifecycle
04-20 12:56:44.072 554 554 V SystemServerTimingAsync: ssm.onStartUser-0_com.android.server.adservices.AdServicesManagerService$Lifecycle took to complete: 0ms
04-20 12:56:44.073 554 554 D SystemServerTimingAsync: ssm.onStartUser-0_com.android.server.ondevicepersonalization.OnDevicePersonalizationSystemService$Lifecycle
04-20 12:56:44.073 554 554 V SystemServerTimingAsync: ssm.onStartUser-0_com.android.server.ondevicepersonalization.OnDevicePersonalizationSystemService$Lifecycle took to complete: 0ms
04-20 12:56:44.073 554 554 D SystemServerTimingAsync: ssm.onStartUser-0_com.android.server.MmsServiceBroker
04-20 12:56:44.073 554 554 V SystemServerTimingAsync: ssm.onStartUser-0_com.android.server.MmsServiceBroker took to complete: 0ms
04-20 12:56:44.073 554 554 D SystemServerTimingAsync: ssm.onStartUser-0_com.android.server.autofill.AutofillManagerService
04-20 12:56:44.073 554 554 V SystemServerTimingAsync: ssm.onStartUser-0_com.android.server.autofill.AutofillManagerService took to complete: 0ms
04-20 12:56:44.073 554 554 D SystemServerTimingAsync: ssm.onStartUser-0_com.android.server.selectiontoolbar.SelectionToolbarManagerService
04-20 12:56:44.073 554 554 V SystemServerTimingAsync: ssm.onStartUser-0_com.android.server.selectiontoolbar.SelectionToolbarManagerService took to complete: 0ms
04-20 12:56:44.073 554 554 D SystemServerTimingAsync: ssm.onStartUser-0_com.android.server.clipboard.ClipboardService
04-20 12:56:44.073 554 554 V SystemServerTimingAsync: ssm.onStartUser-0_com.android.server.clipboard.ClipboardService took to complete: 0ms
04-20 12:56:44.074 554 554 D SystemServerTimingAsync: ssm.onStartUser-0_com.android.server.appbinding.AppBindingService$Lifecycle
04-20 12:56:44.074 554 554 V SystemServerTimingAsync: ssm.onStartUser-0_com.android.server.appbinding.AppBindingService$Lifecycle took to complete: 1ms
04-20 12:56:44.074 554 554 D SystemServerTimingAsync: ssm.onStartUser-0_com.android.server.tracing.TracingServiceProxy
04-20 12:56:44.075 554 554 V SystemServerTimingAsync: ssm.onStartUser-0_com.android.server.tracing.TracingServiceProxy took to complete: 0ms
04-20 12:56:44.075 554 554 D SystemServerTimingAsync: ssm.onStartUser-0_com.android.server.policy.PermissionPolicyService
04-20 12:56:44.075 554 554 V SystemServerTimingAsync: ssm.onStartUser-0_com.android.server.policy.PermissionPolicyService took to complete: 0ms
04-20 12:56:44.075 554 554 D SystemServerTimingAsync: ssm.onStartUser-0_com.android.server.pm.StagingManager$Lifecycle
04-20 12:56:44.075 554 554 V SystemServerTimingAsync: ssm.onStartUser-0_com.android.server.pm.StagingManager$Lifecycle took to complete: 0ms
04-20 12:56:44.075 554 554 D SystemServerTimingAsync: ssm.onStartUser-0_com.android.server.app.GameManagerService$Lifecycle
04-20 12:56:44.075 554 554 D GameManagerService: Starting user 0
04-20 12:56:44.080 1069 1069 I droid.bluetooth: Using CollectorTypeCC GC.
04-20 12:56:44.087 554 554 V GameManagerService_GameManagerSettings: Settings file doesn't exist, skip reading
04-20 12:56:44.087 554 554 V SystemServerTimingAsync: ssm.onStartUser-0_com.android.server.app.GameManagerService$Lifecycle took to complete: 12ms
04-20 12:56:44.087 554 554 D SystemServerTimingAsync: ssm.onStartUser-0_com.android.safetycenter.SafetyCenterService
04-20 12:56:44.087 554 554 V SystemServerTimingAsync: ssm.onStartUser-0_com.android.safetycenter.SafetyCenterService took to complete: 0ms
04-20 12:56:44.087 554 554 D SystemServerTimingAsync: ssm.onStartUser-0_com.android.server.appsearch.AppSearchModule$Lifecycle
04-20 12:56:44.087 554 554 V SystemServerTimingAsync: ssm.onStartUser-0_com.android.server.appsearch.AppSearchModule$Lifecycle took to complete: 0ms
04-20 12:56:44.087 554 554 D SystemServerTimingAsync: ssm.onStartUser-0_com.android.server.media.MediaCommunicationService
04-20 12:56:44.098 1069 1069 W droid.bluetooth: Unexpected CPU variant for x86: x86_64.
04-20 12:56:44.098 1069 1069 W droid.bluetooth: Known variants: atom, sandybridge, silvermont, goldmont, goldmont-plus, tremont, kabylake, default
04-20 12:56:44.109 554 554 V SystemServerTimingAsync: ssm.onStartUser-0_com.android.server.media.MediaCommunicationService took to complete: 0ms
04-20 12:56:44.109 554 554 D SystemServerTimingAsync: ssm.onStartUser-0_com.android.server.compat.overrides.AppCompatOverridesService$Lifecycle
04-20 12:56:44.109 554 554 V SystemServerTimingAsync: ssm.onStartUser-0_com.android.server.compat.overrides.AppCompatOverridesService$Lifecycle took to complete: 0ms
04-20 12:56:44.110 554 554 D SystemServerTimingAsync: ssm.onStartUser-0_com.android.server.healthconnect.HealthConnectManagerService
04-20 12:56:44.110 554 554 V SystemServerTimingAsync: ssm.onStartUser-0_com.android.server.healthconnect.HealthConnectManagerService took to complete: 0ms
04-20 12:56:44.110 554 554 V SystemServerTimingAsync: ssm.StartUser-0 took to complete: 2984ms
04-20 12:56:44.111 554 554 D SystemServerTiming: startPersistentApps
04-20 12:56:44.123 554 554 D CompatibilityChangeReporter: Compat change id reported: 135634846; UID 1068; state: DISABLED
04-20 12:56:44.129 554 589 W ActivityManager: com.android.se inode == 0 (b/152760674)
04-20 12:56:44.162 1069 1069 E droid.bluetooth: Not starting debugger since process cannot load the jdwp agent.
04-20 12:56:44.166 347 347 D Zygote : Forked child process 1076
04-20 12:56:44.178 554 554 D CompatibilityChangeReporter: Compat change id reported: 135634846; UID 1001; state: DISABLED
04-20 12:56:44.179 554 554 D CompatibilityChangeReporter: Compat change id reported: 177438394; UID 1001; state: DISABLED
04-20 12:56:44.185 554 554 D CompatibilityChangeReporter: Compat change id reported: 135772972; UID 1001; state: DISABLED
04-20 12:56:44.186 554 554 D CompatibilityChangeReporter: Compat change id reported: 135754954; UID 1001; state: ENABLED
04-20 12:56:44.187 554 554 V SystemServerTiming: startPersistentApps took to complete: 76ms
04-20 12:56:44.187 554 554 D SystemServerTiming: startHomeOnAllDisplays
04-20 12:56:44.241 554 554 D CompatibilityChangeReporter: Compat change id reported: 265464455; UID 10085; state: DISABLED
04-20 12:56:44.242 554 554 D CompatibilityChangeReporter: Compat change id reported: 265452344; UID 10085; state: DISABLED
04-20 12:56:44.243 554 554 D CompatibilityChangeReporter: Compat change id reported: 266124927; UID 10085; state: DISABLED
04-20 12:56:44.248 554 554 D CompatibilityChangeReporter: Compat change id reported: 265451093; UID 10085; state: DISABLED
04-20 12:56:44.249 554 554 D CompatibilityChangeReporter: Compat change id reported: 265456536; UID 10085; state: DISABLED
04-20 12:56:44.250 554 554 D CompatibilityChangeReporter: Compat change id reported: 255940284; UID 10085; state: DISABLED
04-20 12:56:44.251 554 554 D CompatibilityChangeReporter: Compat change id reported: 236283604; UID 10085; state: DISABLED
04-20 12:56:44.256 554 554 D CompatibilityChangeReporter: Compat change id reported: 263959004; UID 10085; state: DISABLED
04-20 12:56:44.257 554 554 D CompatibilityChangeReporter: Compat change id reported: 264304459; UID 10085; state: DISABLED
04-20 12:56:44.258 554 554 D CompatibilityChangeReporter: Compat change id reported: 264301586; UID 10085; state: DISABLED
04-20 12:56:44.259 554 554 D CompatibilityChangeReporter: Compat change id reported: 254631730; UID 10085; state: DISABLED
04-20 12:56:44.264 554 554 D CompatibilityChangeReporter: Compat change id reported: 273509367; UID 10085; state: DISABLED
04-20 12:56:44.265 554 554 D CompatibilityChangeReporter: Compat change id reported: 263259275; UID 10085; state: DISABLED
04-20 12:56:44.266 554 554 D CompatibilityChangeReporter: Compat change id reported: 174042980; UID 10085; state: DISABLED
04-20 12:56:44.267 554 554 D CompatibilityChangeReporter: Compat change id reported: 174042936; UID 10085; state: DISABLED
04-20 12:56:44.274 554 554 D CompatibilityChangeReporter: Compat change id reported: 181136395; UID 10085; state: DISABLED
04-20 12:56:44.302 1076 1076 I com.android.se: Using CollectorTypeCC GC.
04-20 12:56:44.313 1076 1076 W com.android.se: Unexpected CPU variant for x86: x86_64.
04-20 12:56:44.313 1076 1076 W com.android.se: Known variants: atom, sandybridge, silvermont, goldmont, goldmont-plus, tremont, kabylake, default
04-20 12:56:44.316 554 554 D CompatibilityChangeReporter: Compat change id reported: 184838306; UID 10085; state: DISABLED
04-20 12:56:44.317 554 554 D CompatibilityChangeReporter: Compat change id reported: 185004937; UID 10085; state: DISABLED
04-20 12:56:44.330 554 554 D CompatibilityChangeReporter: Compat change id reported: 194480991; UID 10085; state: ENABLED
04-20 12:56:44.342 1076 1076 E com.android.se: Not starting debugger since process cannot load the jdwp agent.
04-20 12:56:44.425 554 554 D CompatibilityChangeReporter: Compat change id reported: 197654537; UID 10085; state: DISABLED
04-20 12:56:44.438 381 381 I android.hardware.power-service.example: Power isModeSupported: 5
04-20 12:56:44.453 554 554 I ActivityTaskManager: START u0 {act=android.intent.action.MAIN cat=[android.intent.category.HOME] flg=0x10000100 cmp=com.android.fakesystemapp/.launcher.FallbackHome (has extras)} with LAUNCH_MULTIPLE from uid 0 (BAL_ALLOW_ALLOWLISTED_UID) result code=0
04-20 12:56:44.454 554 554 V SystemServerTiming: startHomeOnAllDisplays took to complete: 267ms
04-20 12:56:44.455 554 554 D SystemServerTiming: showSystemReadyErrorDialogs
04-20 12:56:44.455 554 554 I system_server: getFrameworkHalManifest: Reading VINTF information.
04-20 12:56:44.485 554 554 I system_server: getDeviceHalManifest: Reading VINTF information.
04-20 12:56:44.585 554 554 I system_server: getDeviceHalManifest: Successfully processed VINTF information
04-20 12:56:44.586 554 554 I system_server: getFrameworkHalManifest: Successfully processed VINTF information
04-20 12:56:44.587 554 554 W system_server: uname() reports kernel level 8 but device manifest sets kernel level 7. Using kernel level 8
04-20 12:56:44.587 554 554 I system_server: getFrameworkCompatibilityMatrix: Reading VINTF information.
04-20 12:56:44.653 1031 1033 I AidlLazyServiceRegistrar: Process has 1 (of 1 available) client(s) in use after notification android.hardware.gnss.IGnss/default has clients: 1
04-20 12:56:44.658 0 0 I servicemanager: Notifying android.hardware.gnss.IGnss/default they do (previously: don't) have clients when we now have a record of a client
04-20 12:56:44.891 554 554 I system_server: getFrameworkCompatibilityMatrix: Successfully processed VINTF information
04-20 12:56:44.891 554 554 I system_server: getDeviceCompatibilityMatrix: Reading VINTF information.
04-20 12:56:44.895 554 554 I system_server: getDeviceCompatibilityMatrix: Successfully processed VINTF information
04-20 12:56:44.899 554 554 V SystemServerTiming: showSystemReadyErrorDialogs took to complete: 444ms
04-20 12:56:44.899 554 554 D SystemServerTiming: sendUserStartBroadcast
04-20 12:56:44.902 554 579 W system_server: Long monitor contention with owner main (554) at int com.android.server.wm.ActivityStarter.execute()(ActivityStarter.java:786) waiters=0 in void com.android.server.wm.WindowAnimator.lambda$new$1(long) for 539ms
04-20 12:56:44.905 554 554 V SystemServerTiming: sendUserStartBroadcast took to complete: 5ms
04-20 12:56:44.905 554 554 D SystemServerTiming: resumeTopActivities
04-20 12:56:44.917 554 554 V SystemServerTiming: resumeTopActivities took to complete: 11ms
04-20 12:56:44.917 554 554 D SystemServerTiming: sendUserSwitchBroadcasts
04-20 12:56:44.920 554 554 V SystemServerTiming: sendUserSwitchBroadcasts took to complete: 3ms
04-20 12:56:44.920 554 554 D SystemServerTiming: setBinderProxies
04-20 12:56:44.921 554 554 V SystemServerTiming: setBinderProxies took to complete: 0ms
04-20 12:56:44.921 554 554 V SystemServerTiming: ActivityManagerStartApps took to complete: 3796ms
04-20 12:56:44.921 554 554 D SystemServerTiming: componentAlias
04-20 12:56:44.930 554 554 D ComponentAliasResolver: Compat listener set.
04-20 12:56:44.930 554 554 V SystemServerTiming: componentAlias took to complete: 10ms
04-20 12:56:44.930 554 554 V SystemServerTiming: PhaseActivityManagerReady took to complete: 14444ms
04-20 12:56:44.931 554 554 D SystemServerTiming: LockSettingsThirdPartyAppsStarted
04-20 12:56:44.934 554 589 W system_server: Long monitor contention with owner main (554) at int com.android.server.am.UserController$Injector.broadcastIntent(android.content.Intent, java.lang.String, android.content.IIntentReceiver, int, java.lang.String, android.os.Bundle, java.lang.String[], int, android.os.Bundle, boolean, boolean, int, int, int, int, int)(UserController.java:3436) waiters=0 in void com.android.server.am.ProcessList.lambda$handleProcessStart$1(com.android.server.am.ProcessRecord, java.lang.String, int[], int, int, int, java.lang.String, java.lang.String, java.lang.String, long) for 764ms
04-20 12:56:44.937 554 589 W ActivityManager: Slow operation: 815ms so far, now at startProcess: done updating battery stats
04-20 12:56:44.938 554 589 W ActivityManager: Slow operation: 816ms so far, now at startProcess: building log message
04-20 12:56:44.938 554 589 I ActivityManager: Start proc 1076:com.android.se/1068 for added application com.android.se
04-20 12:56:44.938 554 589 W ActivityManager: Slow operation: 817ms so far, now at startProcess: starting to update pids map
04-20 12:56:44.939 554 589 W ActivityManager: Slow operation: 817ms so far, now at startProcess: done updating pids map
04-20 12:56:44.939 554 589 W ActivityManager: Slow operation: 808ms so far, now at startProcess: asking zygote to start proc
04-20 12:56:44.939 554 589 W ActivityManager: com.android.stk inode == 0 (b/152760674)
04-20 12:56:44.945 554 554 I LockSettingsService: Migrating unsecured user 0 to SP-based credential
04-20 12:56:44.945 554 554 I LockSettingsService: Initializing synthetic password for user 0
04-20 12:56:44.952 554 569 W system_server: Long monitor contention with owner main (554) at int com.android.server.am.UserController$Injector.broadcastIntent(android.content.Intent, java.lang.String, android.content.IIntentReceiver, int, java.lang.String, android.os.Bundle, java.lang.String[], int, android.os.Bundle, boolean, boolean, int, int, int, int, int)(UserController.java:3436) waiters=1 in void com.android.server.am.ActivityManagerService.attachApplication(android.app.IApplicationThread, long) for 541ms
04-20 12:56:44.964 554 569 D CompatibilityChangeReporter: Compat change id reported: 168419799; UID 1002; state: DISABLED
04-20 12:56:44.965 554 569 D CompatibilityChangeReporter: Compat change id reported: 273564678; UID 1002; state: DISABLED
04-20 12:56:44.979 347 347 D Zygote : Forked child process 1099
04-20 12:56:45.021 554 589 W ActivityManager: Slow operation: 869ms so far, now at startProcess: returned from zygote!
04-20 12:56:45.037 554 569 W ActivityManager: Slow operation: 70ms so far, now at finishAttachApplicationInner: after mServices.attachApplicationLocked
04-20 12:56:45.037 554 569 W ActivityManager: Slow operation: 71ms so far, now at finishAttachApplicationInner: after dispatching broadcasts
04-20 12:56:45.046 1069 1069 D CompatibilityChangeReporter: Compat change id reported: 171979766; UID 1002; state: ENABLED
04-20 12:56:45.062 1069 1069 D CompatibilityChangeReporter: Compat change id reported: 242716250; UID 1002; state: ENABLED
04-20 12:56:45.065 554 578 D CompatibilityChangeReporter: Compat change id reported: 135634846; UID 10085; state: DISABLED
04-20 12:56:45.066 554 578 D CompatibilityChangeReporter: Compat change id reported: 177438394; UID 10085; state: DISABLED
04-20 12:56:45.066 554 578 D CompatibilityChangeReporter: Compat change id reported: 135772972; UID 10085; state: DISABLED
04-20 12:56:45.066 554 578 D CompatibilityChangeReporter: Compat change id reported: 135754954; UID 10085; state: ENABLED
04-20 12:56:45.071 554 642 D CompatibilityChangeReporter: Compat change id reported: 265195908; UID 1002; state: ENABLED
04-20 12:56:45.078 554 589 W ActivityManager: Slow operation: 948ms so far, now at startProcess: done updating battery stats
04-20 12:56:45.079 554 589 I Watchdog: Interesting Java process com.android.phone started. Pid 1099
04-20 12:56:45.079 554 589 W ActivityManager: Slow operation: 948ms so far, now at startProcess: building log message
04-20 12:56:45.079 554 589 I ActivityManager: Start proc 1099:com.android.phone/1001 for added application com.android.phone
04-20 12:56:45.079 554 589 W ActivityManager: Slow operation: 948ms so far, now at startProcess: starting to update pids map
04-20 12:56:45.079 554 589 W ActivityManager: Slow operation: 949ms so far, now at startProcess: done updating pids map
04-20 12:56:45.082 554 570 D CompatibilityChangeReporter: Compat change id reported: 168419799; UID 1068; state: DISABLED
04-20 12:56:45.083 554 570 D CompatibilityChangeReporter: Compat change id reported: 273564678; UID 1068; state: DISABLED
04-20 12:56:45.085 554 554 I SyntheticPasswordManager: Creating LSKF-based protector 8af71826dc307977 for user 0
04-20 12:56:45.088 554 589 D CompatibilityChangeReporter: Compat change id reported: 143937733; UID 10085; state: ENABLED
04-20 12:56:45.089 554 589 W ActivityManager: com.android.fakesystemapp inode == 0 (b/152760674)
04-20 12:56:45.101 154 154 I hwservicemanager: getTransport: Cannot find entry android.hardware.weaver@1.0::IWeaver/default in either framework or device VINTF manifest.
04-20 12:56:45.099 0 0 I servicemanager: Could not find android.hardware.weaver.IWeaver/default in the VINTF manifest.
04-20 12:56:45.105 554 554 W SyntheticPasswordManager: Device does not support weaver
04-20 12:56:45.127 554 588 I ActivityManager: Test idle failed due to 1d99b84 554:system/1000 runnable at -2m0s222ms because CONTAINS_FOREGROUND
04-20 12:56:45.154 1099 1099 I m.android.phone: Using CollectorTypeCC GC.
04-20 12:56:45.161 1076 1076 D CompatibilityChangeReporter: Compat change id reported: 171979766; UID 1068; state: ENABLED
04-20 12:56:45.162 1076 1076 D CompatibilityChangeReporter: Compat change id reported: 242716250; UID 1068; state: ENABLED
04-20 12:56:45.179 1099 1099 W m.android.phone: Unexpected CPU variant for x86: x86_64.
04-20 12:56:45.179 1099 1099 W m.android.phone: Known variants: atom, sandybridge, silvermont, goldmont, goldmont-plus, tremont, kabylake, default
04-20 12:56:45.182 347 347 D Zygote : Forked child process 1101
04-20 12:56:45.183 554 589 W ActivityManager: Slow operation: 129ms so far, now at startProcess: returned from zygote!
04-20 12:56:45.226 1099 1099 E m.android.phone: Not starting debugger since process cannot load the jdwp agent.
04-20 12:56:45.236 554 875 D ConnectivityService: Got NetworkProvider Messenger for VpnNetworkProvider:0
04-20 12:56:45.255 554 576 W system_server: Long monitor contention with owner ActivityManager (588) at void com.android.server.am.BroadcastQueueModernImpl.checkPendingColdStartValidity()(BroadcastQueueModernImpl.java:551) waiters=1 in void com.android.server.am.BroadcastQueueModernImpl$1.onUidStateChanged(int, int, long, int) for 120ms
04-20 12:56:45.263 1069 1069 D CompatibilityChangeReporter: Compat change id reported: 3400644; UID 1002; state: ENABLED
04-20 12:56:45.266 554 589 W ActivityManager: Slow operation: 211ms so far, now at startProcess: done updating battery stats
04-20 12:56:45.266 554 589 W ActivityManager: Slow operation: 212ms so far, now at startProcess: building log message
04-20 12:56:45.267 554 589 I ActivityManager: Start proc 1101:com.android.fakesystemapp/u0a85 for top-activity {com.android.fakesystemapp/com.android.fakesystemapp.launcher.FallbackHome}
04-20 12:56:45.267 554 589 W ActivityManager: Slow operation: 212ms so far, now at startProcess: starting to update pids map
04-20 12:56:45.272 554 589 W ActivityManager: Slow operation: 217ms so far, now at startProcess: done updating pids map
04-20 12:56:45.274 554 576 W Looper : Slow dispatch took 140ms android.ui h=com.android.server.am.ActivityManagerService$UiHandler c=com.android.server.am.UidObserverController$$ExternalSyntheticLambda0@dbd6cb8 m=0
04-20 12:56:45.281 554 642 D CompatibilityChangeReporter: Compat change id reported: 265195908; UID 1068; state: ENABLED
04-20 12:56:45.303 175 175 E keystore2: system/security/keystore2/src/error.rs:180 - system/security/keystore2/src/security_level.rs:681: Trying to call importKey
04-20 12:56:45.303 175 175 E keystore2:
04-20 12:56:45.303 175 175 E keystore2: Caused by:
04-20 12:56:45.303 175 175 E keystore2: Error::Km(r#ROLLBACK_RESISTANCE_UNAVAILABLE)
04-20 12:56:45.308 554 554 W SyntheticPasswordCrypto: Rollback-resistant keys unavailable. Falling back to non-rollback-resistant key
04-20 12:56:45.318 1076 1076 D CompatibilityChangeReporter: Compat change id reported: 3400644; UID 1068; state: ENABLED
04-20 12:56:45.329 1069 1069 D nativeloader: Configuring clns-shared-6 for other apk /apex/com.android.btservices/app/Bluetooth@UE1A.230829.036.A1/Bluetooth.apk. target_sdk_version=34, uses_libraries=, library_path=/apex/com.android.btservices/app/Bluetooth@UE1A.230829.036.A1/lib/x86_64:/system/lib64:/system_ext/lib64, permitted_path=/data:/mnt/expand:/data/user_de/0/com.android.bluetooth:/apex/com.android.btservices/app/Bluetooth@UE1A.230829.036.A1:/system/lib64:/system_ext/lib64
04-20 12:56:45.364 1069 1069 D nativeloader: InitApexLibraries:
04-20 12:56:45.364 1069 1069 D nativeloader: com_android_adservices: libhpke_jni.so:libtflite_support_classifiers_native.so
04-20 12:56:45.364 1069 1069 D nativeloader: com_android_appsearch: libicing.so
04-20 12:56:45.364 1069 1069 D nativeloader: com_android_art: libartservice.so
04-20 12:56:45.364 1069 1069 D nativeloader: com_android_btservices: libbluetooth_jni.so
04-20 12:56:45.364 1069 1069 D nativeloader: com_android_conscrypt: libjavacrypto.so
04-20 12:56:45.364 1069 1069 D nativeloader: com_android_extservices: libtflite_support_classifiers_native.so
04-20 12:56:45.364 1069 1069 D nativeloader: com_android_os_statsd: libstats_jni.so
04-20 12:56:45.364 1069 1069 D nativeloader: com_android_tethering: libandroid_net_connectivity_com_android_net_module_util_jni.so:libcronet.114.0.5735.84.so:libframework-connectivity-jni.so:libframework-connectivity-tiramisu-jni.so:libservice-connectivity.so
04-20 12:56:45.364 1069 1069 D nativeloader: com_android_uwb: libuwb_uci_jni_rust.so
04-20 12:56:45.364 1069 1069 D nativeloader: com_android_virt: libvirtualizationservice_jni.so:libvirtualmachine_jni.so
04-20 12:56:45.382 1076 1076 D nativeloader: Configuring clns-shared-6 for other apk /system/app/SecureElement/SecureElement.apk. target_sdk_version=34, uses_libraries=, library_path=/system/app/SecureElement/lib/x86_64:/system/lib64:/system_ext/lib64, permitted_path=/data:/mnt/expand:/data/user/0/com.android.se:/system/app/SecureElement:/system/lib64:/system_ext/lib64
04-20 12:56:45.447 1101 1101 I d.fakesystemapp: Using CollectorTypeCC GC.
04-20 12:56:45.466 1101 1101 W d.fakesystemapp: Unexpected CPU variant for x86: x86_64.
04-20 12:56:45.466 1101 1101 W d.fakesystemapp: Known variants: atom, sandybridge, silvermont, goldmont, goldmont-plus, tremont, kabylake, default
04-20 12:56:45.505 1069 1069 V GraphicsEnvironment: Currently set values for:
04-20 12:56:45.506 1069 1069 V GraphicsEnvironment: angle_gl_driver_selection_pkgs=[]
04-20 12:56:45.506 1069 1069 V GraphicsEnvironment: angle_gl_driver_selection_values=[]
04-20 12:56:45.510 1069 1069 V GraphicsEnvironment: ANGLE GameManagerService for com.android.bluetooth: false
04-20 12:56:45.512 554 627 D CompatibilityChangeReporter: Compat change id reported: 168419799; UID 1001; state: DISABLED
04-20 12:56:45.513 1069 1069 V GraphicsEnvironment: com.android.bluetooth is not listed in per-application setting
04-20 12:56:45.515 554 627 D CompatibilityChangeReporter: Compat change id reported: 273564678; UID 1001; state: DISABLED
04-20 12:56:45.529 1069 1069 V GraphicsEnvironment: Neither updatable production driver nor prerelease driver is supported.
04-20 12:56:45.554 1101 1101 E d.fakesystemapp: Not starting debugger since process cannot load the jdwp agent.
04-20 12:56:45.557 554 642 D CompatibilityChangeReporter: Compat change id reported: 265195908; UID 1001; state: ENABLED
04-20 12:56:45.578 1076 1076 W ContextImpl: Failed to ensure /data/user/0/com.android.se/cache: mkdir failed: ENOENT (No such file or directory)
04-20 12:56:45.578 1076 1076 W ContextImpl: Failed to update user.inode_cache: stat failed: ENOENT (No such file or directory)
04-20 12:56:45.585 1099 1099 D CompatibilityChangeReporter: Compat change id reported: 171979766; UID 1001; state: ENABLED
04-20 12:56:45.586 1099 1099 D CompatibilityChangeReporter: Compat change id reported: 242716250; UID 1001; state: ENABLED
04-20 12:56:45.629 1076 1076 V GraphicsEnvironment: Currently set values for:
04-20 12:56:45.630 1076 1076 V GraphicsEnvironment: angle_gl_driver_selection_pkgs=[]
04-20 12:56:45.631 1076 1076 V GraphicsEnvironment: angle_gl_driver_selection_values=[]
04-20 12:56:45.637 1076 1076 V GraphicsEnvironment: ANGLE GameManagerService for com.android.se: false
04-20 12:56:45.638 1076 1076 V GraphicsEnvironment: com.android.se is not listed in per-application setting
04-20 12:56:45.638 1076 1076 V GraphicsEnvironment: Neither updatable production driver nor prerelease driver is supported.
04-20 12:56:45.650 1099 1099 D nativeloader: Configuring clns-shared-6 for other apk /system/framework/org.apache.http.legacy.jar. target_sdk_version=34, uses_libraries=ALL, library_path=/system/priv-app/TeleService/lib/x86_64:/system/lib64:/system_ext/lib64, permitted_path=/data:/mnt/expand:/data/user_de/0/com.android.phone:/system/priv-app/TeleService:/system/lib64:/system_ext/lib64
04-20 12:56:45.733 554 570 I ActivityManager: Flag disabled. Ignoring finishAttachApplication from uid: 1068. pid: 1076
04-20 12:56:45.755 1076 1076 I SecureElementService: main onCreate
04-20 12:56:45.770 554 570 D CompatibilityChangeReporter: Compat change id reported: 161145287; UID 1068; state: ENABLED
04-20 12:56:45.782 1076 1076 I SecureElementService: Check if terminal eSE1 is available.
04-20 12:56:45.789 1099 1099 D nativeloader: Configuring clns-shared-7 for other apk /system/priv-app/TeleService/TeleService.apk. target_sdk_version=34, uses_libraries=, library_path=/system/priv-app/TeleService/lib/x86_64:/system/lib64:/system_ext/lib64, permitted_path=/data:/mnt/expand:/data/user_de/0/com.android.phone:/system/priv-app/TeleService:/system/lib64:/system_ext/lib64
04-20 12:56:45.800 0 0 I servicemanager: Could not find android.hardware.secure_element.ISecureElement/eSE1 in the VINTF manifest.
04-20 12:56:45.816 154 154 I hwservicemanager: getTransport: Cannot find entry android.hardware.secure_element@1.2::ISecureElement/eSE1 in either framework or device VINTF manifest.
04-20 12:56:45.817 1076 1076 D SecureElement-Terminal-eSE1: SE Hal V1.2 is not supported
04-20 12:56:45.818 154 154 I hwservicemanager: getTransport: Cannot find entry android.hardware.secure_element@1.1::ISecureElement/eSE1 in either framework or device VINTF manifest.
04-20 12:56:45.818 1076 1076 D SecureElement-Terminal-eSE1: SE Hal V1.1 is not supported
04-20 12:56:45.819 154 154 I hwservicemanager: getTransport: Cannot find entry android.hardware.secure_element@1.0::ISecureElement/eSE1 in either framework or device VINTF manifest.
04-20 12:56:45.828 1076 1076 I SecureElementService: No HAL implementation for eSE1
04-20 12:56:45.828 1076 1076 I SecureElementService: Check if terminal SIM1 is available.
04-20 12:56:45.836 0 0 I servicemanager: Could not find android.hardware.secure_element.ISecureElement/SIM1 in the VINTF manifest.
04-20 12:56:45.833 154 154 I hwservicemanager: getTransport: Cannot find entry android.hardware.secure_element@1.2::ISecureElement/SIM1 in either framework or device VINTF manifest.
04-20 12:56:45.833 1076 1076 D SecureElement-Terminal-SIM1: SE Hal V1.2 is not supported
04-20 12:56:45.834 154 154 I hwservicemanager: getTransport: Cannot find entry android.hardware.secure_element@1.1::ISecureElement/SIM1 in either framework or device VINTF manifest.
04-20 12:56:45.834 1076 1076 D SecureElement-Terminal-SIM1: SE Hal V1.1 is not supported
04-20 12:56:45.835 154 154 I hwservicemanager: getTransport: Cannot find entry android.hardware.secure_element@1.0::ISecureElement/SIM1 in either framework or device VINTF manifest.
04-20 12:56:45.835 1076 1076 I SecureElementService: No HAL implementation for SIM1
04-20 12:56:45.853 554 570 D CompatibilityChangeReporter: Compat change id reported: 168419799; UID 10085; state: DISABLED
04-20 12:56:45.854 554 570 D CompatibilityChangeReporter: Compat change id reported: 273564678; UID 10085; state: DISABLED
04-20 12:56:45.935 167 170 D vold : fscrypt_set_user_key_protection 0
04-20 12:56:45.936 1101 1101 D CompatibilityChangeReporter: Compat change id reported: 171979766; UID 10085; state: DISABLED
04-20 12:56:45.946 1101 1101 D CompatibilityChangeReporter: Compat change id reported: 242716250; UID 10085; state: DISABLED
04-20 12:56:45.981 1099 1099 V GraphicsEnvironment: Currently set values for:
04-20 12:56:45.981 1099 1099 V GraphicsEnvironment: angle_gl_driver_selection_pkgs=[]
04-20 12:56:45.982 1099 1099 V GraphicsEnvironment: angle_gl_driver_selection_values=[]
04-20 12:56:45.982 1099 1099 V GraphicsEnvironment: ANGLE GameManagerService for com.android.phone: false
04-20 12:56:45.983 1099 1099 V GraphicsEnvironment: com.android.phone is not listed in per-application setting
04-20 12:56:45.983 1099 1099 V GraphicsEnvironment: Neither updatable production driver nor prerelease driver is supported.
04-20 12:56:45.992 554 570 D CompatibilityChangeReporter: Compat change id reported: 170503758; UID 10085; state: DISABLED
04-20 12:56:45.995 1101 1101 D CompatibilityChangeReporter: Compat change id reported: 3400644; UID 10085; state: DISABLED
04-20 12:56:46.030 1101 1101 D nativeloader: Configuring clns-shared-6 for other apk /system_ext/app/FakeSystemApp/FakeSystemApp.apk. target_sdk_version=30, uses_libraries=, library_path=/system_ext/app/FakeSystemApp/lib/x86_64:/system/lib64:/system_ext/lib64, permitted_path=/data:/mnt/expand:/data/user/0/com.android.fakesystemapp:/system_ext/app/FakeSystemApp:/system/lib64:/system_ext/lib64
04-20 12:56:46.045 554 642 D CompatibilityChangeReporter: Compat change id reported: 265195908; UID 10085; state: ENABLED
04-20 12:56:46.106 1101 1101 W ContextImpl: Failed to ensure /data/user/0/com.android.fakesystemapp/cache: mkdir failed: ENOENT (No such file or directory)
04-20 12:56:46.107 1101 1101 W ContextImpl: Failed to update user.inode_cache: stat failed: ENOENT (No such file or directory)
04-20 12:56:46.129 1101 1101 V GraphicsEnvironment: Currently set values for:
04-20 12:56:46.130 1101 1101 V GraphicsEnvironment: angle_gl_driver_selection_pkgs=[]
04-20 12:56:46.130 1101 1101 V GraphicsEnvironment: angle_gl_driver_selection_values=[]
04-20 12:56:46.131 1101 1101 V GraphicsEnvironment: ANGLE GameManagerService for com.android.fakesystemapp: false
04-20 12:56:46.134 554 642 D CompatibilityChangeReporter: Compat change id reported: 289878283; UID 1000; state: ENABLED
04-20 12:56:46.148 1101 1101 V GraphicsEnvironment: com.android.fakesystemapp is not listed in per-application setting
04-20 12:56:46.149 1101 1101 V GraphicsEnvironment: Neither updatable production driver nor prerelease driver is supported.
04-20 12:56:46.160 167 170 D vold : Stored key /data/misc/vold/user_keys/ce/0/current
04-20 12:56:46.160 167 170 I vold : Stored CE key for new user 0
04-20 12:56:46.178 1099 1099 D nativeloader: Configuring clns-shared-8 for other apk /system/app/Stk/Stk.apk. target_sdk_version=34, uses_libraries=, library_path=/system/app/Stk/lib/x86_64:/system/lib64:/system_ext/lib64, permitted_path=/data:/mnt/expand:/data/user_de/0/com.android.stk:/system/app/Stk:/system/lib64:/system_ext/lib64
04-20 12:56:46.193 554 554 I LockSettingsService: Sending vendor auth secret to IAuthSecret HAL as user: 0
04-20 12:56:46.204 554 554 I LockSettingsService: Successfully initialized synthetic password for user 0
04-20 12:56:46.212 554 569 I ActivityManager: Flag disabled. Ignoring finishAttachApplication from uid: 10085. pid: 1101
04-20 12:56:46.308 554 554 V SystemServerTiming: LockSettingsThirdPartyAppsStarted took to complete: 1377ms
04-20 12:56:46.309 554 554 D SystemServerTiming: StartSystemUI
04-20 12:56:46.310 554 554 W ActivityManager: Unable to start service Intent { flg=0x100 cmp=com.android.systemui/.SystemUIService } U=0: not found
04-20 12:56:46.311 554 554 W ActivityManager: Unable to start service Intent { flg=0x100 cmp=com.android.systemui/.keyguard.KeyguardService } U=0: not found
04-20 12:56:46.311 554 554 V KeyguardServiceDelegate: *** Keyguard: can't bind to ComponentInfo{com.android.systemui/com.android.systemui.keyguard.KeyguardService}
04-20 12:56:46.317 554 554 V SystemServerTiming: StartSystemUI took to complete: 8ms
04-20 12:56:46.317 554 554 V SystemServerTiming: startOtherServices took to complete: 88174ms
04-20 12:56:46.317 554 554 D SystemServerTiming: startApexServices
04-20 12:56:46.317 554 554 D SystemServerTiming: starting com.android.server.devicelock.DeviceLockService
04-20 12:56:46.318 554 554 I system_server: Waiting for a blocking GC ClassLinker
04-20 12:56:46.357 1099 1099 D nativeloader: Configuring clns-shared-9 for other apk /system/priv-app/TelephonyProvider/TelephonyProvider.apk. target_sdk_version=34, uses_libraries=, library_path=/system/priv-app/TelephonyProvider/lib/x86_64:/system/lib64:/system_ext/lib64, permitted_path=/data:/mnt/expand:/data/user_de/0/com.android.providers.telephony:/system/priv-app/TelephonyProvider:/system/lib64:/system_ext/lib64
04-20 12:56:46.407 554 569 D CompatibilityChangeReporter: Compat change id reported: 161145287; UID 10085; state: DISABLED
04-20 12:56:46.414 1101 1101 D CompatibilityChangeReporter: Compat change id reported: 183155436; UID 10085; state: DISABLED
04-20 12:56:46.423 1099 1099 D CarrierProvider: onCreate
04-20 12:56:46.457 1099 1099 D CompatibilityChangeReporter: Compat change id reported: 263076149; UID 1001; state: ENABLED
04-20 12:56:46.483 1099 1099 D DeferredSmsMmsRestoreService: startIfFilesExist: no files to restore
04-20 12:56:46.490 1099 1099 D DeferredSmsMmsRestoreService: addAllSharedPrefToLocalLog
04-20 12:56:46.496 1101 1143 D libEGL : loaded /vendor/lib64/egl/libEGL_emulation.so
04-20 12:56:46.568 554 627 D CompatibilityChangeReporter: Compat change id reported: 161145287; UID 1001; state: ENABLED
04-20 12:56:46.587 1099 1099 D CarrierIdProvider: onCreate
04-20 12:56:46.609 1099 1099 D CarrierIdDatabaseHelper: CarrierIdDatabaseHelper: 5
04-20 12:56:46.615 1101 1143 D libEGL : loaded /vendor/lib64/egl/libGLESv1_CM_emulation.so
04-20 12:56:46.672 1101 1143 D libEGL : loaded /vendor/lib64/egl/libGLESv2_emulation.so
04-20 12:56:46.794 554 667 E BluetoothManagerService: MESSAGE_TIMEOUT_BIND
04-20 12:56:46.959 554 565 I system_server: Background concurrent copying GC freed 173936(7949KB) AllocSpace objects, 15(332KB) LOS objects, 49% free, 10MB/20MB, paused 3.047ms,206us total 909.926ms
04-20 12:56:46.961 554 554 I system_server: WaitForGcToComplete blocked ClassLinker on Background for 643.123ms
04-20 12:56:46.963 554 554 I SystemServiceManager: Starting com.android.server.devicelock.DeviceLockService
04-20 12:56:46.965 554 566 W JavaBinder: BinderProxy is being destroyed but the application did not call unlinkToDeath to unlink all of its death recipients beforehand. Releasing leaked death recipient: com.android.server.am.ActivityManagerService$14
04-20 12:56:46.968 554 554 D DeviceLockService: DeviceLockService constructor
04-20 12:56:46.972 554 566 I BpBinder: onLastStrongRef automatically unlinking death recipients:
04-20 12:56:46.973 554 566 W JavaBinder: BinderProxy is being destroyed but the application did not call unlinkToDeath to unlink all of its death recipients beforehand. Releasing leaked death recipient: com.android.server.am.ActivityManagerService$14
04-20 12:56:46.974 554 566 I BpBinder: onLastStrongRef automatically unlinking death recipients:
04-20 12:56:46.981 554 554 I DeviceLockService: Registering device_lock
04-20 12:56:47.001 554 554 V SystemServerTiming: starting com.android.server.devicelock.DeviceLockService took to complete: 684ms
04-20 12:56:47.002 554 554 D SystemServerTiming: starting com.android.server.scheduling.RebootReadinessManagerService$Lifecycle
04-20 12:56:47.002 554 554 I SystemServiceManager: Starting com.android.server.scheduling.RebootReadinessManagerService$Lifecycle
04-20 12:56:47.003 554 554 I SystemServiceManager: Not starting an already started service com.android.server.scheduling.RebootReadinessManagerService$Lifecycle
04-20 12:56:47.003 554 554 V SystemServerTiming: starting com.android.server.scheduling.RebootReadinessManagerService$Lifecycle took to complete: 1ms
04-20 12:56:47.003 554 554 V SystemServerTiming: startApexServices took to complete: 685ms
04-20 12:56:47.003 554 554 D SystemServerTiming: UpdateWatchdogTimeout
04-20 12:56:47.003 554 554 I Watchdog: Watchdog timeout updated to 60000 millis
04-20 12:56:47.008 554 554 V SystemServerTiming: UpdateWatchdogTimeout took to complete: 6ms
04-20 12:56:47.008 554 554 V SystemServerTiming: StartServices took to complete: 102874ms
04-20 12:56:47.017 554 554 W Looper : Slow delivery took 100667ms main h=android.app.PropertyInvalidatedCache$AutoCorker$1 c=null m=0
04-20 12:56:47.084 554 577 I DropBoxManagerService: add tag=system_server_strictmode isTagEnabled=true flags=0x2
04-20 12:56:47.213 1099 1099 D CarrierIdDatabaseHelper: onCreate
04-20 12:56:47.237 554 554 W Looper : Slow dispatch took 219ms main h=com.android.server.pm.UserManagerService$MainHandler c=null m=2
04-20 12:56:47.283 1101 1101 D CompatibilityChangeReporter: Compat change id reported: 237531167; UID 10085; state: DISABLED
04-20 12:56:47.302 1101 1101 W OpenGLRenderer: Unknown dataspace 0
04-20 12:56:47.308 554 554 D CompatibilityChangeReporter: Compat change id reported: 253665015; UID 1000; state: ENABLED
04-20 12:56:47.310 554 554 D CompatibilityChangeReporter: Compat change id reported: 194532703; UID 1000; state: ENABLED
04-20 12:56:47.320 554 575 W QuotaTracker: Alarm not scheduled because boot isn't completed
04-20 12:56:47.368 554 984 D CompatibilityChangeReporter: Compat change id reported: 171306433; UID 1000; state: ENABLED
04-20 12:56:47.398 554 554 W Looper : Slow dispatch took 108ms main h=com.android.providers.settings.SettingsProvider$SettingsRegistry$MyHandler c=null m=2
04-20 12:56:47.472 1099 1099 D CarrierIdProvider: update database from pb file
04-20 12:56:47.574 554 984 D CoreBackPreview: Window{fa60e8d u0 com.android.fakesystemapp/com.android.fakesystemapp.launcher.FallbackHome}: Setting back callback OnBackInvokedCallbackInfo{mCallback=android.window.IOnBackInvokedCallback$Stub$Proxy@200b68e, mPriority=0, mIsAnimationCallback=false}
04-20 12:56:47.695 397 674 W ServiceManagerCppClient: Permission failure: android.permission.ROTATE_SURFACE_FLINGER from uid=10085 pid=1101
04-20 12:56:47.701 397 674 D PermissionCache: checking android.permission.ROTATE_SURFACE_FLINGER for uid=10085 => denied (37269 us)
04-20 12:56:47.704 397 674 D PermissionCache: checking android.permission.INTERNAL_SYSTEM_WINDOW for uid=10085 => granted (2835 us)
04-20 12:56:47.718 397 674 W ServiceManagerCppClient: Permission failure: android.permission.ACCESS_SURFACE_FLINGER from uid=10085 pid=1101
04-20 12:56:47.719 397 674 D PermissionCache: checking android.permission.ACCESS_SURFACE_FLINGER for uid=10085 => denied (14555 us)
04-20 12:56:47.723 554 554 W Looper : Slow dispatch took 283ms main h=android.database.sqlite.SQLiteConnectionPool$IdleConnectionHandler c=null m=2
04-20 12:56:47.741 554 554 D ConditionProviders.SCP: onConnected
04-20 12:56:47.743 554 886 D CompatibilityChangeReporter: Compat change id reported: 150939131; UID 1000; state: ENABLED
04-20 12:56:47.773 1099 1099 E CarrierIdProvider: read carrier list from ota pb failure: java.io.FileNotFoundException: /data/misc/carrierid/carrier_list.pb: open failed: ENOENT (No such file or directory)
04-20 12:56:47.774 1099 1099 D CarrierIdProvider: latest version: 117440538 need update: true
04-20 12:56:47.826 554 554 D UaBiometricScheduler/FaceProvider/default/4: [Added] {[0] com.android.server.biometrics.sensors.face.aidl.FaceInternalCleanupClient, proto=7, owner=android, cookie=0, requestId=-1, userId=0}, new queue size: 1
04-20 12:56:47.836 554 554 D UaBiometricScheduler/FaceProvider/default/4: [Starting User] {[1] com.android.server.biometrics.sensors.face.aidl.FaceStartUserClient, proto=17, owner=android, cookie=0, requestId=-1, userId=0}
04-20 12:56:47.837 554 554 D FaceProvider/default: Daemon was null, reconnecting
04-20 12:56:47.845 0 0 I servicemanager: Found android.hardware.biometrics.face.IFace/default in device VINTF manifest.
04-20 12:56:47.885 554 554 D FaceProvider/default/4: New session created for user: 0 with hal version: 3
04-20 12:56:47.911 554 554 D UaBiometricScheduler/FingerprintProvider/default/0: [Added] {[2] com.android.server.biometrics.sensors.fingerprint.aidl.FingerprintInternalCleanupClient, proto=7, owner=android, cookie=0, requestId=-1, userId=0}, new queue size: 1
04-20 12:56:47.926 554 554 D UaBiometricScheduler/FingerprintProvider/default/0: [Starting User] {[3] com.android.server.biometrics.sensors.fingerprint.aidl.FingerprintStartUserClient, proto=17, owner=android, cookie=0, requestId=-1, userId=0}
04-20 12:56:47.927 554 554 D FingerprintProvider/default: Daemon was null, reconnecting
04-20 12:56:47.937 1101 1141 W OpenGLRenderer: Failed to initialize 101010-2 format, error = EGL_SUCCESS
04-20 12:56:48.002 0 0 I servicemanager: Found android.hardware.biometrics.fingerprint.IFingerprint/default in device VINTF manifest.
04-20 12:56:48.018 0 0 I servicemanager: Since 'android.hardware.biometrics.fingerprint.IFingerprint/default' could not be found, trying to start it as a lazy AIDL service. (if it's not configured to be a lazy service, it may be stuck starting or still starting).
04-20 12:56:48.036 0 0 I init : starting service 'vendor.biometrics.fingerprint-service.ranchu'...
04-20 12:56:48.077 0 0 I servicemanager: Could not find android.hardware.graphics.allocator.IAllocator/default in the VINTF manifest.
04-20 12:56:48.081 154 154 I hwservicemanager: getTransport: Cannot find entry android.hardware.graphics.mapper@4.0::IMapper/default in either framework or device VINTF manifest.
04-20 12:56:48.088 1101 1141 I Gralloc4: mapper 4.x is not supported
04-20 12:56:48.240 0 0 I init : ... started service 'vendor.biometrics.fingerprint-service.ranchu' has pid 1155
04-20 12:56:48.241 0 0 I init : Control message: Processed ctl.interface_start for 'aidl/android.hardware.biometrics.fingerprint.IFingerprint/default' from pid: 153 (/system/bin/servicemanager)
04-20 12:56:48.345 554 984 W ServiceManagerCppClient: Permission failure: android.permission.ROTATE_SURFACE_FLINGER from uid=10085 pid=0
04-20 12:56:48.346 554 984 D PermissionCache: checking android.permission.ROTATE_SURFACE_FLINGER for uid=10085 => denied (1522 us)
04-20 12:56:48.360 554 984 D PermissionCache: checking android.permission.INTERNAL_SYSTEM_WINDOW for uid=10085 => granted (265 us)
04-20 12:56:48.376 554 984 W ServiceManagerCppClient: Permission failure: android.permission.ACCESS_SURFACE_FLINGER from uid=10085 pid=0
04-20 12:56:48.377 554 984 D PermissionCache: checking android.permission.ACCESS_SURFACE_FLINGER for uid=10085 => denied (8833 us)
04-20 12:56:48.434 1101 1101 I Choreographer: Skipped 38 frames! The application may be doing too much work on its main thread.
04-20 12:56:48.537 554 578 D ActivityManagerTiming: FinishBooting
04-20 12:56:48.553 554 575 I ActivityTaskManager: Displayed com.android.fakesystemapp/.launcher.FallbackHome for user 0: +4s200ms
04-20 12:56:48.568 1069 1069 I bt_stack_config: packages/modules/Bluetooth/system/main/stack_config.cc:199 get_pts_broadcast_audio_config_options: Config isn't ready, use default option
04-20 12:56:48.639 554 578 D OomAdjuster: Not killing cached processes
04-20 12:56:48.709 397 674 I SurfaceFlinger: Boot is finished (134237 ms)
04-20 12:56:48.795 554 578 D ActivityManagerTiming: FinishBooting
04-20 12:56:48.801 347 347 W Zygote : forkRepeatedly terminated due to non-simple command
04-20 12:56:48.801 347 347 D Zygote : mbuffer starts with 1 , nice name is , mEnd = 19, mNext = 19, mLinesLeft = 0, mFd = 6
04-20 12:56:48.800 397 397 D SurfaceFlinger: Power hint is disabled
04-20 12:56:48.818 0 0 I servicemanager: Found android.hardware.power.IPower/default in device VINTF manifest.
04-20 12:56:48.846 1155 1155 I AidlLazyServiceRegistrar: Registering service android.hardware.biometrics.fingerprint.IFingerprint/default
04-20 12:56:48.848 381 381 I android.hardware.power-service.example: Power isBoostSupported: 1
04-20 12:56:48.858 554 576 W Looper : Slow dispatch took 174ms android.ui h=com.android.server.policy.PhoneWindowManager$PolicyHandler c=null m=7
04-20 12:56:48.870 554 578 I ActivityManager: About to commit checkpoint
04-20 12:56:48.891 1069 1069 I droid.bluetooth: [0420/125648.850984:INFO:btif_config_cache.cc(67)] BtifConfigCache, capacity: 10000
04-20 12:56:48.928 554 578 I SystemServiceManager: Starting phase 1000
04-20 12:56:48.928 554 578 D ActivityManagerTiming: OnBootPhase_1000
04-20 12:56:48.928 554 578 D ActivityManagerTiming: OnBootPhase_1000_com.android.server.security.FileIntegrityService
04-20 12:56:48.929 554 578 V ActivityManagerTiming: OnBootPhase_1000_com.android.server.security.FileIntegrityService took to complete: 0ms
04-20 12:56:48.929 554 578 D ActivityManagerTiming: OnBootPhase_1000_com.android.server.pm.Installer
04-20 12:56:48.929 554 578 V ActivityManagerTiming: OnBootPhase_1000_com.android.server.pm.Installer took to complete: 0ms
04-20 12:56:48.929 554 578 D ActivityManagerTiming: OnBootPhase_1000_com.android.server.os.DeviceIdentifiersPolicyService
04-20 12:56:48.929 554 578 V ActivityManagerTiming: OnBootPhase_1000_com.android.server.os.DeviceIdentifiersPolicyService took to complete: 0ms
04-20 12:56:48.929 554 578 D ActivityManagerTiming: OnBootPhase_1000_com.android.server.uri.UriGrantsManagerService$Lifecycle
