04-20 12:55:23.986 554 682 I ArtService: Dexopt result: [packageName = com.android.emulator.radio.config] DexContainerFileDexoptResult{dexContainerFile=/system_ext/priv-app/EmulatorRadioConfig/EmulatorRadioConfig.apk, primaryAbi=true, abi=x86_64, actualCompilerFilter=verify, status=SKIPPED, dex2oatWallTimeMillis=0, dex2oatCpuTimeMillis=0, sizeBytes=0, sizeBeforeBytes=0}
04-20 12:55:24.057 554 682 I ArtService: Dexopt result: [packageName = com.android.emergency] DexContainerFileDexoptResult{dexContainerFile=/system_ext/priv-app/EmergencyInfo/EmergencyInfo.apk, primaryAbi=true, abi=x86_64, actualCompilerFilter=verify, status=SKIPPED, dex2oatWallTimeMillis=0, dex2oatCpuTimeMillis=0, sizeBytes=0, sizeBeforeBytes=0}
04-20 12:55:24.194 554 682 I ArtService: Dexopt result: [packageName = com.android.traceur] DexContainerFileDexoptResult{dexContainerFile=/system/app/Traceur/Traceur.apk, primaryAbi=true, abi=x86_64, actualCompilerFilter=verify, status=SKIPPED, dex2oatWallTimeMillis=0, dex2oatCpuTimeMillis=0, sizeBytes=0, sizeBeforeBytes=0}
04-20 12:55:24.423 554 682 I ArtService: Dexopt result: [packageName = com.android.credentialmanager] DexContainerFileDexoptResult{dexContainerFile=/system/priv-app/CredentialManager/CredentialManager.apk, primaryAbi=true, abi=x86_64, actualCompilerFilter=verify, status=SKIPPED, dex2oatWallTimeMillis=0, dex2oatCpuTimeMillis=0, sizeBytes=0, sizeBeforeBytes=0}
04-20 12:55:24.490 0 0 W healthd : battery l=100 v=5000 t=25.0 h=2 st=2 c=900000 fc=3000000 cc=10 chg=a
04-20 12:55:24.579 554 682 I ArtService: Dexopt result: [packageName = com.android.managedprovisioning] DexContainerFileDexoptResult{dexContainerFile=/system/priv-app/ManagedProvisioning/ManagedProvisioning.apk, primaryAbi=true, abi=x86_64, actualCompilerFilter=verify, status=SKIPPED, dex2oatWallTimeMillis=0, dex2oatCpuTimeMillis=0, sizeBytes=0, sizeBeforeBytes=0}
04-20 12:55:24.664 554 682 I ArtService: Dexopt result: [packageName = com.android.webview] DexContainerFileDexoptResult{dexContainerFile=/product/app/webview/webview.apk, primaryAbi=true, abi=x86_64, actualCompilerFilter=verify, status=SKIPPED, dex2oatWallTimeMillis=0, dex2oatCpuTimeMillis=0, sizeBytes=0, sizeBeforeBytes=0}
04-20 12:55:24.728 554 682 I ArtService: Dexopt result: [packageName = com.android.sdksetup] DexContainerFileDexoptResult{dexContainerFile=/system_ext/priv-app/SdkSetup/SdkSetup.apk, primaryAbi=true, abi=x86_64, actualCompilerFilter=verify, status=SKIPPED, dex2oatWallTimeMillis=0, dex2oatCpuTimeMillis=0, sizeBytes=0, sizeBeforeBytes=0}
04-20 12:55:24.828 554 682 I ArtService: Dexopt result: [packageName = com.android.fakesystemapp] DexContainerFileDexoptResult{dexContainerFile=/system_ext/app/FakeSystemApp/FakeSystemApp.apk, primaryAbi=true, abi=x86_64, actualCompilerFilter=verify, status=SKIPPED, dex2oatWallTimeMillis=0, dex2oatCpuTimeMillis=0, sizeBytes=0, sizeBeforeBytes=0}
04-20 12:55:24.872 345 351 W ServiceManagerCppClient: Service statscompanion didn't start. Returning NULL
04-20 12:55:24.873 345 351 E statsd : Uid 1000 does not have the android.permission.REGISTER_STATS_PULL_ATOM permission when registering atom 10110 (-1)
04-20 12:55:24.905 554 682 I ArtService: Dexopt result: [packageName = com.android.carrierconfig] DexContainerFileDexoptResult{dexContainerFile=/system_ext/priv-app/CarrierConfig/CarrierConfig.apk, primaryAbi=true, abi=x86_64, actualCompilerFilter=verify, status=SKIPPED, dex2oatWallTimeMillis=0, dex2oatCpuTimeMillis=0, sizeBytes=0, sizeBeforeBytes=0}
04-20 12:55:24.990 554 682 I ArtService: Dexopt result: [packageName = com.android.emulator.multidisplay] DexContainerFileDexoptResult{dexContainerFile=/system_ext/priv-app/MultiDisplayProvider/MultiDisplayProvider.apk, primaryAbi=true, abi=x86_64, actualCompilerFilter=verify, status=SKIPPED, dex2oatWallTimeMillis=0, dex2oatCpuTimeMillis=0, sizeBytes=0, sizeBeforeBytes=0}
04-20 12:55:25.064 554 682 I ArtService: Dexopt result: [packageName = com.android.egg] DexContainerFileDexoptResult{dexContainerFile=/system/app/EasterEgg/EasterEgg.apk, primaryAbi=true, abi=x86_64, actualCompilerFilter=verify, status=SKIPPED, dex2oatWallTimeMillis=0, dex2oatCpuTimeMillis=0, sizeBytes=0, sizeBeforeBytes=0}
04-20 12:55:25.164 554 682 I ArtService: Dexopt result: [packageName = com.android.phone] DexContainerFileDexoptResult{dexContainerFile=/system/priv-app/TeleService/TeleService.apk, primaryAbi=true, abi=x86_64, actualCompilerFilter=verify, status=SKIPPED, dex2oatWallTimeMillis=0, dex2oatCpuTimeMillis=0, sizeBytes=0, sizeBeforeBytes=0}
04-20 12:55:25.283 554 682 I ArtService: Dexopt result: [packageName = com.android.intentresolver] DexContainerFileDexoptResult{dexContainerFile=/system/priv-app/IntentResolver/IntentResolver.apk, primaryAbi=true, abi=x86_64, actualCompilerFilter=verify, status=SKIPPED, dex2oatWallTimeMillis=0, dex2oatCpuTimeMillis=0, sizeBytes=0, sizeBeforeBytes=0}
04-20 12:55:25.361 554 682 I ArtService: Dexopt result: [packageName = com.android.stk] DexContainerFileDexoptResult{dexContainerFile=/system/app/Stk/Stk.apk, primaryAbi=true, abi=x86_64, actualCompilerFilter=verify, status=SKIPPED, dex2oatWallTimeMillis=0, dex2oatCpuTimeMillis=0, sizeBytes=0, sizeBeforeBytes=0}
04-20 12:55:25.473 554 682 I ArtService: Dexopt result: [packageName = com.android.nfc] DexContainerFileDexoptResult{dexContainerFile=/system/app/NfcNci/NfcNci.apk, primaryAbi=true, abi=x86_64, actualCompilerFilter=verify, status=SKIPPED, dex2oatWallTimeMillis=0, dex2oatCpuTimeMillis=0, sizeBytes=0, sizeBeforeBytes=0}
04-20 12:55:25.597 554 682 I ArtService: Dexopt result: [packageName = com.android.wallpaper.livepicker] DexContainerFileDexoptResult{dexContainerFile=/system/priv-app/LiveWallpapersPicker/LiveWallpapersPicker.apk, primaryAbi=true, abi=x86_64, actualCompilerFilter=verify, status=SKIPPED, dex2oatWallTimeMillis=0, dex2oatCpuTimeMillis=0, sizeBytes=0, sizeBeforeBytes=0}
04-20 12:55:25.601 0 0 I init : Service 'exec 19 (/system/bin/extra_free_kbytes.sh 30375)' (pid 676) exited with status 0 waiting took 4.235000 seconds
04-20 12:55:25.602 0 0 I init : Sending signal 9 to service 'exec 19 (/system/bin/extra_free_kbytes.sh 30375)' (pid 676) process group...
04-20 12:55:25.617 0 0 I libprocessgroup: Successfully killed process cgroup uid 0 pid 676 in 15ms
04-20 12:55:25.708 554 682 I ArtService: Dexopt result: [packageName = com.android.keychain] DexContainerFileDexoptResult{dexContainerFile=/system/app/KeyChain/KeyChain.apk, primaryAbi=true, abi=x86_64, actualCompilerFilter=verify, status=SKIPPED, dex2oatWallTimeMillis=0, dex2oatCpuTimeMillis=0, sizeBytes=0, sizeBeforeBytes=0}
04-20 12:55:25.759 554 682 I ArtService: Dexopt result: [packageName = com.android.statementservice] DexContainerFileDexoptResult{dexContainerFile=/system/priv-app/StatementService/StatementService.apk, primaryAbi=true, abi=x86_64, actualCompilerFilter=verify, status=SKIPPED, dex2oatWallTimeMillis=0, dex2oatCpuTimeMillis=0, sizeBytes=0, sizeBeforeBytes=0}
04-20 12:55:25.798 554 682 I ArtService: Dexopt result: [packageName = com.android.providers.settings] DexContainerFileDexoptResult{dexContainerFile=/system/priv-app/SettingsProvider/SettingsProvider.apk, primaryAbi=true, abi=x86_64, actualCompilerFilter=verify, status=SKIPPED, dex2oatWallTimeMillis=0, dex2oatCpuTimeMillis=0, sizeBytes=0, sizeBeforeBytes=0}
04-20 12:55:25.852 554 682 I ArtService: Dexopt result: [packageName = com.android.providers.telephony] DexContainerFileDexoptResult{dexContainerFile=/system/priv-app/TelephonyProvider/TelephonyProvider.apk, primaryAbi=true, abi=x86_64, actualCompilerFilter=verify, status=SKIPPED, dex2oatWallTimeMillis=0, dex2oatCpuTimeMillis=0, sizeBytes=0, sizeBeforeBytes=0}
04-20 12:55:25.912 554 682 I ArtService: Dexopt result: [packageName = com.android.packageinstaller] DexContainerFileDexoptResult{dexContainerFile=/system/priv-app/PackageInstaller/PackageInstaller.apk, primaryAbi=true, abi=x86_64, actualCompilerFilter=verify, status=SKIPPED, dex2oatWallTimeMillis=0, dex2oatCpuTimeMillis=0, sizeBytes=0, sizeBeforeBytes=0}
04-20 12:55:26.102 554 682 I ArtService: Dexopt result: [packageName = com.android.companiondevicemanager] DexContainerFileDexoptResult{dexContainerFile=/system/app/CompanionDeviceManager/CompanionDeviceManager.apk, primaryAbi=true, abi=x86_64, actualCompilerFilter=verify, status=SKIPPED, dex2oatWallTimeMillis=0, dex2oatCpuTimeMillis=0, sizeBytes=0, sizeBeforeBytes=0}
04-20 12:55:26.148 554 682 I ArtService: Dexopt result: [packageName = com.android.carrierdefaultapp] DexContainerFileDexoptResult{dexContainerFile=/system/app/CarrierDefaultApp/CarrierDefaultApp.apk, primaryAbi=true, abi=x86_64, actualCompilerFilter=verify, status=SKIPPED, dex2oatWallTimeMillis=0, dex2oatCpuTimeMillis=0, sizeBytes=0, sizeBeforeBytes=0}
04-20 12:55:26.176 554 682 I ArtService: Dexopt result: [packageName = com.android.ons] DexContainerFileDexoptResult{dexContainerFile=/system/priv-app/ONS/ONS.apk, primaryAbi=true, abi=x86_64, actualCompilerFilter=verify, status=SKIPPED, dex2oatWallTimeMillis=0, dex2oatCpuTimeMillis=0, sizeBytes=0, sizeBeforeBytes=0}
04-20 12:55:26.252 554 682 I ArtService: Dexopt result: [packageName = com.android.mtp] DexContainerFileDexoptResult{dexContainerFile=/system/priv-app/MtpService/MtpService.apk, primaryAbi=true, abi=x86_64, actualCompilerFilter=verify, status=SKIPPED, dex2oatWallTimeMillis=0, dex2oatCpuTimeMillis=0, sizeBytes=0, sizeBeforeBytes=0}
04-20 12:55:26.306 554 682 I ArtService: Dexopt result: [packageName = com.android.soundpicker] DexContainerFileDexoptResult{dexContainerFile=/system/priv-app/SoundPicker/SoundPicker.apk, primaryAbi=true, abi=x86_64, actualCompilerFilter=verify, status=SKIPPED, dex2oatWallTimeMillis=0, dex2oatCpuTimeMillis=0, sizeBytes=0, sizeBeforeBytes=0}
04-20 12:55:26.363 554 682 I ArtService: Dexopt result: [packageName = com.android.shell] DexContainerFileDexoptResult{dexContainerFile=/system/priv-app/Shell/Shell.apk, primaryAbi=true, abi=x86_64, actualCompilerFilter=verify, status=SKIPPED, dex2oatWallTimeMillis=0, dex2oatCpuTimeMillis=0, sizeBytes=0, sizeBeforeBytes=0}
04-20 12:55:26.407 554 682 I ArtService: Dexopt result: [packageName = com.android.providers.media] DexContainerFileDexoptResult{dexContainerFile=/system/priv-app/MediaProviderLegacy/MediaProviderLegacy.apk, primaryAbi=true, abi=x86_64, actualCompilerFilter=verify, status=SKIPPED, dex2oatWallTimeMillis=0, dex2oatCpuTimeMillis=0, sizeBytes=0, sizeBeforeBytes=0}
04-20 12:55:26.452 554 682 I ArtService: Dexopt result: [packageName = com.android.apps.tag] DexContainerFileDexoptResult{dexContainerFile=/system/priv-app/Tag/Tag.apk, primaryAbi=true, abi=x86_64, actualCompilerFilter=verify, status=SKIPPED, dex2oatWallTimeMillis=0, dex2oatCpuTimeMillis=0, sizeBytes=0, sizeBeforeBytes=0}
04-20 12:55:26.523 554 682 I ArtService: Dexopt result: [packageName = com.android.cellbroadcastreceiver] DexContainerFileDexoptResult{dexContainerFile=/system/priv-app/CellBroadcastLegacyApp/CellBroadcastLegacyApp.apk, primaryAbi=true, abi=x86_64, actualCompilerFilter=verify, status=SKIPPED, dex2oatWallTimeMillis=0, dex2oatCpuTimeMillis=0, sizeBytes=0, sizeBeforeBytes=0}
04-20 12:55:26.577 554 682 I ArtService: Dexopt result: [packageName = com.android.simappdialog] DexContainerFileDexoptResult{dexContainerFile=/system/app/SimAppDialog/SimAppDialog.apk, primaryAbi=true, abi=x86_64, actualCompilerFilter=verify, status=SKIPPED, dex2oatWallTimeMillis=0, dex2oatCpuTimeMillis=0, sizeBytes=0, sizeBeforeBytes=0}
04-20 12:55:26.606 684 684 W artd : ClassLoaderContext shared library size mismatch. Expected=1, found=0 (PCL[]{PCL[/system/framework/android.net.ipsec.ike.jar*3039086002]} | PCL[])
04-20 12:55:26.618 554 682 I ArtService: Dexopt result: [packageName = com.android.networkstack] DexContainerFileDexoptResult{dexContainerFile=/system/priv-app/NetworkStackNext/NetworkStackNext.apk, primaryAbi=true, abi=x86_64, actualCompilerFilter=verify, status=SKIPPED, dex2oatWallTimeMillis=0, dex2oatCpuTimeMillis=0, sizeBytes=0, sizeBeforeBytes=0}
04-20 12:55:26.684 554 682 I ArtService: Dexopt result: [packageName = com.android.printspooler] DexContainerFileDexoptResult{dexContainerFile=/system/app/PrintSpooler/PrintSpooler.apk, primaryAbi=true, abi=x86_64, actualCompilerFilter=verify, status=SKIPPED, dex2oatWallTimeMillis=0, dex2oatCpuTimeMillis=0, sizeBytes=0, sizeBeforeBytes=0}
04-20 12:55:26.732 554 682 I ArtService: Dexopt result: [packageName = com.android.captiveportallogin] DexContainerFileDexoptResult{dexContainerFile=/system/app/CaptivePortalLogin/CaptivePortalLogin.apk, primaryAbi=true, abi=x86_64, actualCompilerFilter=verify, status=SKIPPED, dex2oatWallTimeMillis=0, dex2oatCpuTimeMillis=0, sizeBytes=0, sizeBeforeBytes=0}
04-20 12:55:26.804 554 682 I ArtService: Dexopt result: [packageName = com.android.mms.service] DexContainerFileDexoptResult{dexContainerFile=/system/priv-app/MmsService/MmsService.apk, primaryAbi=true, abi=x86_64, actualCompilerFilter=verify, status=SKIPPED, dex2oatWallTimeMillis=0, dex2oatCpuTimeMillis=0, sizeBytes=0, sizeBeforeBytes=0}
04-20 12:55:26.895 554 682 I ArtService: Dexopt result: [packageName = com.android.bips] DexContainerFileDexoptResult{dexContainerFile=/system/priv-app/BuiltInPrintService/BuiltInPrintService.apk, primaryAbi=true, abi=x86_64, actualCompilerFilter=verify, status=SKIPPED, dex2oatWallTimeMillis=0, dex2oatCpuTimeMillis=0, sizeBytes=0, sizeBeforeBytes=0}
04-20 12:55:26.976 554 682 I ArtService: Dexopt result: [packageName = com.android.providers.contacts] DexContainerFileDexoptResult{dexContainerFile=/system/priv-app/ContactsProvider/ContactsProvider.apk, primaryAbi=true, abi=x86_64, actualCompilerFilter=verify, status=SKIPPED, dex2oatWallTimeMillis=0, dex2oatCpuTimeMillis=0, sizeBytes=0, sizeBeforeBytes=0}
04-20 12:55:27.056 554 682 I ArtService: Dexopt result: [packageName = com.android.musicfx] DexContainerFileDexoptResult{dexContainerFile=/system/priv-app/MusicFX/MusicFX.apk, primaryAbi=true, abi=x86_64, actualCompilerFilter=verify, status=SKIPPED, dex2oatWallTimeMillis=0, dex2oatCpuTimeMillis=0, sizeBytes=0, sizeBeforeBytes=0}
04-20 12:55:27.120 554 682 I ArtService: Dexopt result: [packageName = com.android.certinstaller] DexContainerFileDexoptResult{dexContainerFile=/system/app/CertInstaller/CertInstaller.apk, primaryAbi=true, abi=x86_64, actualCompilerFilter=verify, status=SKIPPED, dex2oatWallTimeMillis=0, dex2oatCpuTimeMillis=0, sizeBytes=0, sizeBeforeBytes=0}
04-20 12:55:27.192 554 682 I ArtService: Dexopt result: [packageName = com.android.printservice.recommendation] DexContainerFileDexoptResult{dexContainerFile=/system/app/PrintRecommendationService/PrintRecommendationService.apk, primaryAbi=true, abi=x86_64, actualCompilerFilter=verify, status=SKIPPED, dex2oatWallTimeMillis=0, dex2oatCpuTimeMillis=0, sizeBytes=0, sizeBeforeBytes=0}
04-20 12:55:27.266 554 682 I ArtService: Dexopt result: [packageName = com.android.providers.calendar] DexContainerFileDexoptResult{dexContainerFile=/system/priv-app/CalendarProvider/CalendarProvider.apk, primaryAbi=true, abi=x86_64, actualCompilerFilter=verify, status=SKIPPED, dex2oatWallTimeMillis=0, dex2oatCpuTimeMillis=0, sizeBytes=0, sizeBeforeBytes=0}
04-20 12:55:27.378 554 682 I ArtService: Dexopt result: [packageName = com.android.providers.downloads] DexContainerFileDexoptResult{dexContainerFile=/system/priv-app/DownloadProvider/DownloadProvider.apk, primaryAbi=true, abi=x86_64, actualCompilerFilter=verify, status=SKIPPED, dex2oatWallTimeMillis=0, dex2oatCpuTimeMillis=0, sizeBytes=0, sizeBeforeBytes=0}
04-20 12:55:27.399 554 569 W OverlayManager: service 'idmap' died
04-20 12:55:27.387 0 0 I init : Sending signal 9 to service 'idmap2d' (pid 457) process group...
04-20 12:55:27.428 0 0 I libprocessgroup: Successfully killed process cgroup uid 1000 pid 457 in 40ms
04-20 12:55:27.432 0 0 I init : Control message: Processed ctl.stop for 'idmap2d' from pid: 554 (system_server)
04-20 12:55:27.432 0 0 I init : Service 'idmap2d' (pid 457) received signal 9
04-20 12:55:27.472 554 682 I ArtService: Dexopt result: [packageName = com.android.vpndialogs] DexContainerFileDexoptResult{dexContainerFile=/system/priv-app/VpnDialogs/VpnDialogs.apk, primaryAbi=true, abi=x86_64, actualCompilerFilter=verify, status=SKIPPED, dex2oatWallTimeMillis=0, dex2oatCpuTimeMillis=0, sizeBytes=0, sizeBeforeBytes=0}
04-20 12:55:27.527 554 682 I ArtService: Dexopt result: [packageName = com.android.wallpaperbackup] DexContainerFileDexoptResult{dexContainerFile=/system/app/WallpaperBackup/WallpaperBackup.apk, primaryAbi=true, abi=x86_64, actualCompilerFilter=verify, status=SKIPPED, dex2oatWallTimeMillis=0, dex2oatCpuTimeMillis=0, sizeBytes=0, sizeBeforeBytes=0}
04-20 12:55:27.580 554 682 I ArtService: Dexopt result: [packageName = com.android.localtransport] DexContainerFileDexoptResult{dexContainerFile=/system/priv-app/LocalTransport/LocalTransport.apk, primaryAbi=true, abi=x86_64, actualCompilerFilter=verify, status=SKIPPED, dex2oatWallTimeMillis=0, dex2oatCpuTimeMillis=0, sizeBytes=0, sizeBeforeBytes=0}
04-20 12:55:27.615 554 682 I ArtService: Dexopt result: [packageName = com.android.pacprocessor] DexContainerFileDexoptResult{dexContainerFile=/system/app/PacProcessor/PacProcessor.apk, primaryAbi=true, abi=x86_64, actualCompilerFilter=verify, status=SKIPPED, dex2oatWallTimeMillis=0, dex2oatCpuTimeMillis=0, sizeBytes=0, sizeBeforeBytes=0}
04-20 12:55:27.637 684 684 W artd : ClassLoaderContext shared library size mismatch. Expected=1, found=0 (PCL[]{PCL[/vendor/framework/androidx.camera.extensions.impl.jar*2663675288]} | PCL[])
04-20 12:55:27.641 554 682 I ArtService: Dexopt result: [packageName = com.android.cameraextensions] DexContainerFileDexoptResult{dexContainerFile=/system/app/CameraExtensionsProxy/CameraExtensionsProxy.apk, primaryAbi=true, abi=x86_64, actualCompilerFilter=verify, status=SKIPPED, dex2oatWallTimeMillis=0, dex2oatCpuTimeMillis=0, sizeBytes=0, sizeBeforeBytes=0}
04-20 12:55:27.707 554 682 I ArtService: Dexopt result: [packageName = com.android.bluetoothmidiservice] DexContainerFileDexoptResult{dexContainerFile=/system/app/BluetoothMidiService/BluetoothMidiService.apk, primaryAbi=true, abi=x86_64, actualCompilerFilter=verify, status=SKIPPED, dex2oatWallTimeMillis=0, dex2oatCpuTimeMillis=0, sizeBytes=0, sizeBeforeBytes=0}
04-20 12:55:27.742 554 682 I ArtService: Dexopt result: [packageName = com.android.providers.userdictionary] DexContainerFileDexoptResult{dexContainerFile=/system/priv-app/UserDictionaryProvider/UserDictionaryProvider.apk, primaryAbi=true, abi=x86_64, actualCompilerFilter=verify, status=SKIPPED, dex2oatWallTimeMillis=0, dex2oatCpuTimeMillis=0, sizeBytes=0, sizeBeforeBytes=0}
04-20 12:55:27.771 554 682 I ArtService: Dexopt result: [packageName = com.android.providers.blockednumber] DexContainerFileDexoptResult{dexContainerFile=/system/priv-app/BlockedNumberProvider/BlockedNumberProvider.apk, primaryAbi=true, abi=x86_64, actualCompilerFilter=verify, status=SKIPPED, dex2oatWallTimeMillis=0, dex2oatCpuTimeMillis=0, sizeBytes=0, sizeBeforeBytes=0}
04-20 12:55:27.815 554 682 I ArtService: Dexopt result: [packageName = com.android.sharedstoragebackup] DexContainerFileDexoptResult{dexContainerFile=/system/priv-app/SharedStorageBackup/SharedStorageBackup.apk, primaryAbi=true, abi=x86_64, actualCompilerFilter=verify, status=SKIPPED, dex2oatWallTimeMillis=0, dex2oatCpuTimeMillis=0, sizeBytes=0, sizeBeforeBytes=0}
04-20 12:55:27.867 554 682 I ArtService: Dexopt result: [packageName = com.android.proxyhandler] DexContainerFileDexoptResult{dexContainerFile=/system/priv-app/ProxyHandler/ProxyHandler.apk, primaryAbi=true, abi=x86_64, actualCompilerFilter=verify, status=SKIPPED, dex2oatWallTimeMillis=0, dex2oatCpuTimeMillis=0, sizeBytes=0, sizeBeforeBytes=0}
04-20 12:55:27.907 554 682 I ArtService: Dexopt result: [packageName = com.android.providers.partnerbookmarks] DexContainerFileDexoptResult{dexContainerFile=/system/app/PartnerBookmarksProvider/PartnerBookmarksProvider.apk, primaryAbi=true, abi=x86_64, actualCompilerFilter=verify, status=SKIPPED, dex2oatWallTimeMillis=0, dex2oatCpuTimeMillis=0, sizeBytes=0, sizeBeforeBytes=0}
04-20 12:55:27.939 554 682 I ArtService: Dexopt result: [packageName = com.android.location.fused] DexContainerFileDexoptResult{dexContainerFile=/system/priv-app/FusedLocation/FusedLocation.apk, primaryAbi=true, abi=x86_64, actualCompilerFilter=verify, status=SKIPPED, dex2oatWallTimeMillis=0, dex2oatCpuTimeMillis=0, sizeBytes=0, sizeBeforeBytes=0}
04-20 12:55:27.986 554 682 I ArtService: Dexopt result: [packageName = com.android.externalstorage] DexContainerFileDexoptResult{dexContainerFile=/system/priv-app/ExternalStorageProvider/ExternalStorageProvider.apk, primaryAbi=true, abi=x86_64, actualCompilerFilter=verify, status=SKIPPED, dex2oatWallTimeMillis=0, dex2oatCpuTimeMillis=0, sizeBytes=0, sizeBeforeBytes=0}
04-20 12:55:28.044 554 682 I ArtService: Dexopt result: [packageName = com.android.htmlviewer] DexContainerFileDexoptResult{dexContainerFile=/system/app/HTMLViewer/HTMLViewer.apk, primaryAbi=true, abi=x86_64, actualCompilerFilter=verify, status=SKIPPED, dex2oatWallTimeMillis=0, dex2oatCpuTimeMillis=0, sizeBytes=0, sizeBeforeBytes=0}
04-20 12:55:28.075 554 682 I ArtService: Dexopt result: [packageName = com.android.calllogbackup] DexContainerFileDexoptResult{dexContainerFile=/system/priv-app/CallLogBackup/CallLogBackup.apk, primaryAbi=true, abi=x86_64, actualCompilerFilter=verify, status=SKIPPED, dex2oatWallTimeMillis=0, dex2oatCpuTimeMillis=0, sizeBytes=0, sizeBeforeBytes=0}
04-20 12:55:28.116 554 682 I ArtService: Dexopt result: [packageName = com.android.dreams.basic] DexContainerFileDexoptResult{dexContainerFile=/system/app/BasicDreams/BasicDreams.apk, primaryAbi=true, abi=x86_64, actualCompilerFilter=verify, status=SKIPPED, dex2oatWallTimeMillis=0, dex2oatCpuTimeMillis=0, sizeBytes=0, sizeBeforeBytes=0}
04-20 12:55:28.170 554 682 I ArtService: Dexopt result: [packageName = com.android.backupconfirm] DexContainerFileDexoptResult{dexContainerFile=/system/priv-app/BackupRestoreConfirmation/BackupRestoreConfirmation.apk, primaryAbi=true, abi=x86_64, actualCompilerFilter=verify, status=SKIPPED, dex2oatWallTimeMillis=0, dex2oatCpuTimeMillis=0, sizeBytes=0, sizeBeforeBytes=0}
04-20 12:55:28.216 554 682 I ArtService: Dexopt result: [packageName = android.ext.shared] DexContainerFileDexoptResult{dexContainerFile=/system/app/ExtShared/ExtShared.apk, primaryAbi=true, abi=x86_64, actualCompilerFilter=verify, status=SKIPPED, dex2oatWallTimeMillis=0, dex2oatCpuTimeMillis=0, sizeBytes=0, sizeBeforeBytes=0}
04-20 12:55:28.251 554 682 I ArtService: Dexopt result: [packageName = com.android.providers.downloads.ui] DexContainerFileDexoptResult{dexContainerFile=/system/priv-app/DownloadProviderUi/DownloadProviderUi.apk, primaryAbi=true, abi=x86_64, actualCompilerFilter=verify, status=SKIPPED, dex2oatWallTimeMillis=0, dex2oatCpuTimeMillis=0, sizeBytes=0, sizeBeforeBytes=0}
04-20 12:55:28.280 554 682 I ArtService: Dexopt result: [packageName = com.android.inputdevices] DexContainerFileDexoptResult{dexContainerFile=/system/priv-app/InputDevices/InputDevices.apk, primaryAbi=true, abi=x86_64, actualCompilerFilter=verify, status=SKIPPED, dex2oatWallTimeMillis=0, dex2oatCpuTimeMillis=0, sizeBytes=0, sizeBeforeBytes=0}
04-20 12:55:28.316 554 682 I ArtService: Dexopt result: [packageName = com.android.bookmarkprovider] DexContainerFileDexoptResult{dexContainerFile=/system/app/BookmarkProvider/BookmarkProvider.apk, primaryAbi=true, abi=x86_64, actualCompilerFilter=verify, status=SKIPPED, dex2oatWallTimeMillis=0, dex2oatCpuTimeMillis=0, sizeBytes=0, sizeBeforeBytes=0}
04-20 12:55:28.347 554 682 I ArtService: Dexopt result: [packageName = com.android.se] DexContainerFileDexoptResult{dexContainerFile=/system/app/SecureElement/SecureElement.apk, primaryAbi=true, abi=x86_64, actualCompilerFilter=verify, status=SKIPPED, dex2oatWallTimeMillis=0, dex2oatCpuTimeMillis=0, sizeBytes=0, sizeBeforeBytes=0}
04-20 12:55:28.399 554 682 I ArtService: Dexopt result: [packageName = com.android.dynsystem] DexContainerFileDexoptResult{dexContainerFile=/system/priv-app/DynamicSystemInstallationService/DynamicSystemInstallationService.apk, primaryAbi=true, abi=x86_64, actualCompilerFilter=verify, status=SKIPPED, dex2oatWallTimeMillis=0, dex2oatCpuTimeMillis=0, sizeBytes=0, sizeBeforeBytes=0}
04-20 12:55:28.409 684 684 W ziparchive: Unable to open '/vendor/overlay/SettingsProvider__auto_generated_rro_vendor.dm': No such file or directory
04-20 12:55:28.410 684 684 W ziparchive: Unable to open '/vendor/overlay/SettingsProvider__auto_generated_rro_vendor.dm': No such file or directory
04-20 12:55:28.413 554 682 I ArtService: Dexopt result: [packageName = com.android.providers.settings.auto_generated_rro_vendor__] DexContainerFileDexoptResult{dexContainerFile=/vendor/overlay/SettingsProvider__auto_generated_rro_vendor.apk, primaryAbi=true, abi=x86_64, actualCompilerFilter=verify, status=SKIPPED, dex2oatWallTimeMillis=0, dex2oatCpuTimeMillis=0, sizeBytes=0, sizeBeforeBytes=0}
04-20 12:55:28.434 684 684 W ziparchive: Unable to open '/vendor/overlay/TeleService__auto_generated_rro_vendor.dm': No such file or directory
04-20 12:55:28.434 684 684 W ziparchive: Unable to open '/vendor/overlay/TeleService__auto_generated_rro_vendor.dm': No such file or directory
04-20 12:55:28.445 554 682 I ArtService: Dexopt result: [packageName = com.android.phone.auto_generated_rro_vendor__] DexContainerFileDexoptResult{dexContainerFile=/vendor/overlay/TeleService__auto_generated_rro_vendor.apk, primaryAbi=true, abi=x86_64, actualCompilerFilter=verify, status=SKIPPED, dex2oatWallTimeMillis=0, dex2oatCpuTimeMillis=0, sizeBytes=0, sizeBeforeBytes=0}
04-20 12:55:28.465 684 684 W ziparchive: Unable to open '/vendor/overlay/framework-res__auto_generated_rro_vendor.dm': No such file or directory
04-20 12:55:28.465 684 684 W ziparchive: Unable to open '/vendor/overlay/framework-res__auto_generated_rro_vendor.dm': No such file or directory
04-20 12:55:28.467 554 682 I ArtService: Dexopt result: [packageName = android.auto_generated_rro_vendor__] DexContainerFileDexoptResult{dexContainerFile=/vendor/overlay/framework-res__auto_generated_rro_vendor.apk, primaryAbi=true, abi=x86_64, actualCompilerFilter=verify, status=SKIPPED, dex2oatWallTimeMillis=0, dex2oatCpuTimeMillis=0, sizeBytes=0, sizeBeforeBytes=0}
04-20 12:55:28.479 684 684 W ziparchive: Unable to open '/vendor/overlay/CarrierConfig__auto_generated_rro_vendor.dm': No such file or directory
04-20 12:55:28.479 684 684 W ziparchive: Unable to open '/vendor/overlay/CarrierConfig__auto_generated_rro_vendor.dm': No such file or directory
04-20 12:55:28.486 554 682 I ArtService: Dexopt result: [packageName = com.android.carrierconfig.auto_generated_rro_vendor__] DexContainerFileDexoptResult{dexContainerFile=/vendor/overlay/CarrierConfig__auto_generated_rro_vendor.apk, primaryAbi=true, abi=x86_64, actualCompilerFilter=verify, status=SKIPPED, dex2oatWallTimeMillis=0, dex2oatCpuTimeMillis=0, sizeBytes=0, sizeBeforeBytes=0}
04-20 12:55:28.495 684 684 W ziparchive: Unable to open '/apex/com.android.adservices/priv-app/AdServicesApk@UE1A.230829.036.A1/AdServicesApk.dm': No such file or directory
04-20 12:55:28.495 684 684 W ziparchive: Unable to open '/apex/com.android.adservices/priv-app/AdServicesApk@UE1A.230829.036.A1/AdServicesApk.dm': No such file or directory
04-20 12:55:28.574 684 684 I artd : Running dex2oat: /apex/com.android.art/bin/art_exec --drop-capabilities --keep-fds=7:8:9:10 -- /apex/com.android.art/bin/dex2oat64 --zip-fd=7 --zip-location=/apex/com.android.adservices/priv-app/AdServicesApk@UE1A.230829.036.A1/AdServicesApk.apk --oat-fd=8 --oat-location=/data/dalvik-cache/x86_64/apex@com.android.adservices@priv-app@AdServicesApk@UE1A.230829.036.A1@AdServicesApk.apk@classes.dex --output-vdex-fd=9 --swap-fd=10 --class-loader-context=PCL[] --classpath-dir=/apex/com.android.adservices/priv-app/AdServicesApk@UE1A.230829.036.A1 --instruction-set=x86_64 --instruction-set-features=default --instruction-set-variant=x86_64 --compiler-filter=verify --compilation-reason=first-boot --compact-dex-level=none --max-image-block-size=524288 --resolve-startup-const-strings=true --generate-mini-debug-info --runtime-arg -Xtarget-sdk-version:34 --runtime-arg -Xms64m --runtime-arg -Xmx512m --comments=app-version-name:14,app-version-code:34,art-version:342090000
04-20 12:55:28.574 684 684 I artd : Opened FDs: 7:/apex/com.android.adservices/priv-app/AdServicesApk@UE1A.230829.036.A1/AdServicesApk.apk 8:/data/dalvik-cache/x86_64/apex@com.android.adservices@priv-app@AdServicesApk@UE1A.230829.036.A1@AdServicesApk.apk@classes.dex.AqJI4g.tmp 9:/data/dalvik-cache/x86_64/apex@com.android.adservices@priv-app@AdServicesApk@UE1A.230829.036.A1@AdServicesApk.apk@classes.vdex.ZcUQga.tmp 10:/data/dalvik-cache/x86_64/apex@com.android.adservices@priv-app@AdServicesApk@UE1A.230829.036.A1@AdServicesApk.apk@classes.dex.swap.XItpm9.tmp
04-20 12:55:29.573 706 706 W dex2oat64: Unexpected CPU variant for x86: x86_64.
04-20 12:55:29.573 706 706 W dex2oat64: Known variants: atom, sandybridge, silvermont, goldmont, goldmont-plus, tremont, kabylake, default
04-20 12:55:29.615 706 706 W dex2oat64: Mismatch between dex2oat instruction set features to use (ISA: X86_64 Feature string: -ssse3,-sse4.1,-sse4.2,-avx,-avx2,-popcnt) and those from CPP defines (ISA: X86_64 Feature string: ssse3,sse4.1,sse4.2,-avx,-avx2,popcnt) for the command line:
04-20 12:55:29.615 706 706 W dex2oat64: /apex/com.android.art/bin/dex2oat64 --zip-fd=7 --zip-location=/apex/com.android.adservices/priv-app/AdServicesApk@UE1A.230829.036.A1/AdServicesApk.apk --oat-fd=8 --oat-location=/data/dalvik-cache/x86_64/apex@com.android.adservices@priv-app@AdServicesApk@UE1A.230829.036.A1@AdServicesApk.apk@classes.dex --output-vdex-fd=9 --swap-fd=10 --class-loader-context=PCL[] --classpath-dir=/apex/com.android.adservices/priv-app/AdServicesApk@UE1A.230829.036.A1 --instruction-set=x86_64 --instruction-set-features=default --instruction-set-variant=x86_64 --compiler-filter=verify --compilation-reason=first-boot --compact-dex-level=none --max-image-block-size=524288 --resolve-startup-const-strings=true --generate-mini-debug-info --runtime-arg -Xtarget-sdk-version:34 --runtime-arg -Xms64m --runtime-arg -Xmx512m --comments=app-version-name:14,app-version-code:34,art-version:342090000
04-20 12:55:29.622 706 706 I dex2oat64: /apex/com.android.art/bin/dex2oat64 --output-vdex-fd=9 --class-loader-context=PCL[] --classpath-dir=/apex/com.android.adservices/priv-app/AdServicesApk@UE1A.230829.036.A1 --compiler-filter=verify --compilation-reason=first-boot --compact-dex-level=none --max-image-block-size=524288 --resolve-startup-const-strings=true --generate-mini-debug-info --comments=app-version-name:14,app-version-code:34,art-version:342090000
04-20 12:55:29.931 706 706 I dex2oat64: Using CollectorTypeCC GC.
04-20 12:55:35.782 706 706 I dex2oat64: dex2oat took 6.320s (12.558s cpu) (threads: 4) arena alloc=0B (0B) java alloc=4636KB (4747728B) native alloc=2090KB (2140720B) free=968KB (991296B)
04-20 12:55:35.833 684 684 I artd : dex2oat returned code 0
04-20 12:55:35.849 554 682 I ArtService: Dexopt result: [packageName = com.android.adservices.api] DexContainerFileDexoptResult{dexContainerFile=/apex/com.android.adservices/priv-app/AdServicesApk@UE1A.230829.036.A1/AdServicesApk.apk, primaryAbi=true, abi=x86_64, actualCompilerFilter=verify, status=PERFORMED, dex2oatWallTimeMillis=7264, dex2oatCpuTimeMillis=13380, sizeBytes=179644, sizeBeforeBytes=0}
04-20 12:55:35.873 684 684 W ziparchive: Unable to open '/apex/com.android.healthfitness/priv-app/HealthConnectController@UE1A.230829.036.A1/HealthConnectController.dm': No such file or directory
04-20 12:55:35.873 684 684 W ziparchive: Unable to open '/apex/com.android.healthfitness/priv-app/HealthConnectController@UE1A.230829.036.A1/HealthConnectController.dm': No such file or directory
04-20 12:55:35.898 684 684 I artd : Running dex2oat: /apex/com.android.art/bin/art_exec --drop-capabilities --keep-fds=7:8:9:10:11:12:13 -- /apex/com.android.art/bin/dex2oat64 --zip-fd=7 --zip-location=/apex/com.android.healthfitness/priv-app/HealthConnectController@UE1A.230829.036.A1/HealthConnectController.apk --oat-fd=8 --oat-location=/data/dalvik-cache/x86_64/apex@com.android.healthfitness@priv-app@HealthConnectController@UE1A.230829.036.A1@HealthConnectController.apk@classes.dex --output-vdex-fd=9 --swap-fd=10 --class-loader-context-fds=11:12:13 --class-loader-context=PCL[]{PCL[/system_ext/framework/androidx.window.extensions.jar]#PCL[/system_ext/framework/androidx.window.sidecar.jar]#PCL[/system/framework/org.apache.http.legacy.jar]} --classpath-dir=/apex/com.android.healthfitness/priv-app/HealthConnectController@UE1A.230829.036.A1 --instruction-set=x86_64 --instruction-set-features=default --instruction-set-variant=x86_64 --compiler-filter=verify --compilation-reason=first-boot --compact-dex-level=none --max-image-block-size=524288 --resolve-startup-const-strings=true --generate-mini-debug-info --runtime-arg -Xtarget-sdk-version:34 --runtime-arg -Xms64m --runtime-arg -Xmx512m --comments=app-version-name:14,app-version-code:34,art-version:342090000
04-20 12:55:35.898 684 684 I artd : Opened FDs: 7:/apex/com.android.healthfitness/priv-app/HealthConnectController@UE1A.230829.036.A1/HealthConnectController.apk 8:/data/dalvik-cache/x86_64/apex@com.android.healthfitness@priv-app@HealthConnectController@UE1A.230829.036.A1@HealthConnectController.apk@classes.dex.T3B0tZ.tmp 9:/data/dalvik-cache/x86_64/apex@com.android.healthfitness@priv-app@HealthConnectController@UE1A.230829.036.A1@HealthConnectController.apk@classes.vdex.cb1ntC.tmp 10:/data/dalvik-cache/x86_64/apex@com.android.healthfitness@priv-app@HealthConnectController@UE1A.230829.036.A1@HealthConnectController.apk@classes.dex.swap.REqfsz.tmp 11:/system/framework/org.apache.http.legacy.jar 12:/system_ext/framework/androidx.window.sidecar.jar 13:/system_ext/framework/androidx.window.extensions.jar
04-20 12:55:36.648 718 718 W dex2oat64: Unexpected CPU variant for x86: x86_64.
04-20 12:55:36.648 718 718 W dex2oat64: Known variants: atom, sandybridge, silvermont, goldmont, goldmont-plus, tremont, kabylake, default
04-20 12:55:36.675 718 718 W dex2oat64: Mismatch between dex2oat instruction set features to use (ISA: X86_64 Feature string: -ssse3,-sse4.1,-sse4.2,-avx,-avx2,-popcnt) and those from CPP defines (ISA: X86_64 Feature string: ssse3,sse4.1,sse4.2,-avx,-avx2,popcnt) for the command line:
04-20 12:55:36.675 718 718 W dex2oat64: /apex/com.android.art/bin/dex2oat64 --zip-fd=7 --zip-location=/apex/com.android.healthfitness/priv-app/HealthConnectController@UE1A.230829.036.A1/HealthConnectController.apk --oat-fd=8 --oat-location=/data/dalvik-cache/x86_64/apex@com.android.healthfitness@priv-app@HealthConnectController@UE1A.230829.036.A1@HealthConnectController.apk@classes.dex --output-vdex-fd=9 --swap-fd=10 --class-loader-context-fds=11:12:13 --class-loader-context=PCL[]{PCL[/system_ext/framework/androidx.window.extensions.jar]#PCL[/system_ext/framework/androidx.window.sidecar.jar]#PCL[/system/framework/org.apache.http.legacy.jar]} --classpath-dir=/apex/com.android.healthfitness/priv-app/HealthConnectController@UE1A.230829.036.A1 --instruction-set=x86_64 --instruction-set-features=default --instruction-set-variant=x86_64 --compiler-filter=verify --compilation-reason=first-boot --compact-dex-level=none --max-image-block-size=524288 --resolve-startup-const-strings=true --generate-mini-debug-info --runtime-arg -Xtarget-sdk-version:34 --runtime-arg -Xms64m --runtime-arg -Xmx512m --comments=app-version-name:14,app-version-code:34,art-version:342090000
04-20 12:55:36.687 718 718 I dex2oat64: /apex/com.android.art/bin/dex2oat64 --output-vdex-fd=9 --class-loader-context-fds=11:12:13 --class-loader-context=PCL[]{PCL[/system_ext/framework/androidx.window.extensions.jar]#PCL[/system_ext/framework/androidx.window.sidecar.jar]#PCL[/system/framework/org.apache.http.legacy.jar]} --classpath-dir=/apex/com.android.healthfitness/priv-app/HealthConnectController@UE1A.230829.036.A1 --compiler-filter=verify --compilation-reason=first-boot --compact-dex-level=none --max-image-block-size=524288 --resolve-startup-const-strings=true --generate-mini-debug-info --comments=app-version-name:14,app-version-code:34,art-version:342090000
04-20 12:55:36.932 718 718 I dex2oat64: Using CollectorTypeCC GC.
04-20 12:55:41.884 718 718 I dex2oat64: dex2oat took 5.300s (10.915s cpu) (threads: 4) arena alloc=0B (0B) java alloc=4259KB (4361728B) native alloc=2136KB (2187776B) free=1003KB (1027952B)
04-20 12:55:41.923 684 684 I artd : dex2oat returned code 0
04-20 12:55:41.938 554 682 I ArtService: Dexopt result: [packageName = com.android.healthconnect.controller] DexContainerFileDexoptResult{dexContainerFile=/apex/com.android.healthfitness/priv-app/HealthConnectController@UE1A.230829.036.A1/HealthConnectController.apk, primaryAbi=true, abi=x86_64, actualCompilerFilter=verify, status=PERFORMED, dex2oatWallTimeMillis=6024, dex2oatCpuTimeMillis=11590, sizeBytes=120788, sizeBeforeBytes=0}
04-20 12:55:41.947 684 684 W ziparchive: Unable to open '/apex/com.android.healthfitness/app/HealthConnectBackupRestore@UE1A.230829.036.A1/HealthConnectBackupRestore.dm': No such file or directory
04-20 12:55:41.947 684 684 W ziparchive: Unable to open '/apex/com.android.healthfitness/app/HealthConnectBackupRestore@UE1A.230829.036.A1/HealthConnectBackupRestore.dm': No such file or directory
04-20 12:55:41.966 684 690 I artd : Running dex2oat: /apex/com.android.art/bin/art_exec --drop-capabilities --keep-fds=7:8:9:10 -- /apex/com.android.art/bin/dex2oat64 --zip-fd=7 --zip-location=/apex/com.android.healthfitness/app/HealthConnectBackupRestore@UE1A.230829.036.A1/HealthConnectBackupRestore.apk --oat-fd=8 --oat-location=/data/dalvik-cache/x86_64/apex@com.android.healthfitness@app@HealthConnectBackupRestore@UE1A.230829.036.A1@HealthConnectBackupRestore.apk@classes.dex --output-vdex-fd=9 --swap-fd=10 --class-loader-context=PCL[] --classpath-dir=/apex/com.android.healthfitness/app/HealthConnectBackupRestore@UE1A.230829.036.A1 --instruction-set=x86_64 --instruction-set-features=default --instruction-set-variant=x86_64 --compiler-filter=verify --compilation-reason=first-boot --compact-dex-level=none --max-image-block-size=524288 --resolve-startup-const-strings=true --generate-mini-debug-info --runtime-arg -Xtarget-sdk-version:34 --runtime-arg -Xms64m --runtime-arg -Xmx512m --comments=app-version-name:14,app-version-code:34,art-version:342090000
04-20 12:55:41.966 684 690 I artd : Opened FDs: 7:/apex/com.android.healthfitness/app/HealthConnectBackupRestore@UE1A.230829.036.A1/HealthConnectBackupRestore.apk 8:/data/dalvik-cache/x86_64/apex@com.android.healthfitness@app@HealthConnectBackupRestore@UE1A.230829.036.A1@HealthConnectBackupRestore.apk@classes.dex.EpQpMH.tmp 9:/data/dalvik-cache/x86_64/apex@com.android.healthfitness@app@HealthConnectBackupRestore@UE1A.230829.036.A1@HealthConnectBackupRestore.apk@classes.vdex.bVhoub.tmp 10:/data/dalvik-cache/x86_64/apex@com.android.healthfitness@app@HealthConnectBackupRestore@UE1A.230829.036.A1@HealthConnectBackupRestore.apk@classes.dex.swap.W0hHLT.tmp
04-20 12:55:42.710 728 728 W dex2oat64: Unexpected CPU variant for x86: x86_64.
04-20 12:55:42.710 728 728 W dex2oat64: Known variants: atom, sandybridge, silvermont, goldmont, goldmont-plus, tremont, kabylake, default
04-20 12:55:42.754 728 728 W dex2oat64: Mismatch between dex2oat instruction set features to use (ISA: X86_64 Feature string: -ssse3,-sse4.1,-sse4.2,-avx,-avx2,-popcnt) and those from CPP defines (ISA: X86_64 Feature string: ssse3,sse4.1,sse4.2,-avx,-avx2,popcnt) for the command line:
04-20 12:55:42.754 728 728 W dex2oat64: /apex/com.android.art/bin/dex2oat64 --zip-fd=7 --zip-location=/apex/com.android.healthfitness/app/HealthConnectBackupRestore@UE1A.230829.036.A1/HealthConnectBackupRestore.apk --oat-fd=8 --oat-location=/data/dalvik-cache/x86_64/apex@com.android.healthfitness@app@HealthConnectBackupRestore@UE1A.230829.036.A1@HealthConnectBackupRestore.apk@classes.dex --output-vdex-fd=9 --swap-fd=10 --class-loader-context=PCL[] --classpath-dir=/apex/com.android.healthfitness/app/HealthConnectBackupRestore@UE1A.230829.036.A1 --instruction-set=x86_64 --instruction-set-features=default --instruction-set-variant=x86_64 --compiler-filter=verify --compilation-reason=first-boot --compact-dex-level=none --max-image-block-size=524288 --resolve-startup-const-strings=true --generate-mini-debug-info --runtime-arg -Xtarget-sdk-version:34 --runtime-arg -Xms64m --runtime-arg -Xmx512m --comments=app-version-name:14,app-version-code:34,art-version:342090000
04-20 12:55:42.761 728 728 I dex2oat64: /apex/com.android.art/bin/dex2oat64 --output-vdex-fd=9 --class-loader-context=PCL[] --classpath-dir=/apex/com.android.healthfitness/app/HealthConnectBackupRestore@UE1A.230829.036.A1 --compiler-filter=verify --compilation-reason=first-boot --compact-dex-level=none --max-image-block-size=524288 --resolve-startup-const-strings=true --generate-mini-debug-info --comments=app-version-name:14,app-version-code:34,art-version:342090000
04-20 12:55:42.851 728 728 I dex2oat64: Using CollectorTypeCC GC.
04-20 12:55:44.232 728 728 I dex2oat64: dex2oat took 1.586s (1.383s cpu) (threads: 4) arena alloc=0B (0B) java alloc=48KB (49152B) native alloc=1100KB (1126672B) free=915KB (937248B)
04-20 12:55:44.287 684 690 I artd : dex2oat returned code 0
04-20 12:55:44.299 554 682 I ArtService: Dexopt result: [packageName = com.android.health.connect.backuprestore] DexContainerFileDexoptResult{dexContainerFile=/apex/com.android.healthfitness/app/HealthConnectBackupRestore@UE1A.230829.036.A1/HealthConnectBackupRestore.apk, primaryAbi=true, abi=x86_64, actualCompilerFilter=verify, status=PERFORMED, dex2oatWallTimeMillis=2318, dex2oatCpuTimeMillis=2070, sizeBytes=17456, sizeBeforeBytes=0}
04-20 12:55:44.311 684 690 W ziparchive: Unable to open '/apex/com.android.ondevicepersonalization/app/FederatedCompute@UE1A.230829.036.A1/FederatedCompute.dm': No such file or directory
04-20 12:55:44.311 684 690 W ziparchive: Unable to open '/apex/com.android.ondevicepersonalization/app/FederatedCompute@UE1A.230829.036.A1/FederatedCompute.dm': No such file or directory
04-20 12:55:44.350 684 690 I artd : Running dex2oat: /apex/com.android.art/bin/art_exec --drop-capabilities --keep-fds=7:8:9:10 -- /apex/com.android.art/bin/dex2oat64 --zip-fd=7 --zip-location=/apex/com.android.ondevicepersonalization/app/FederatedCompute@UE1A.230829.036.A1/FederatedCompute.apk --oat-fd=8 --oat-location=/data/dalvik-cache/x86_64/apex@com.android.ondevicepersonalization@app@FederatedCompute@UE1A.230829.036.A1@FederatedCompute.apk@classes.dex --output-vdex-fd=9 --swap-fd=10 --class-loader-context=PCL[] --classpath-dir=/apex/com.android.ondevicepersonalization/app/FederatedCompute@UE1A.230829.036.A1 --instruction-set=x86_64 --instruction-set-features=default --instruction-set-variant=x86_64 --compiler-filter=verify --compilation-reason=first-boot --compact-dex-level=none --max-image-block-size=524288 --resolve-startup-const-strings=true --generate-mini-debug-info --runtime-arg -Xtarget-sdk-version:34 --runtime-arg -Xms64m --runtime-arg -Xmx512m --comments=app-version-name:T-initial,app-version-code:1,art-version:342090000
04-20 12:55:44.350 684 690 I artd : Opened FDs: 7:/apex/com.android.ondevicepersonalization/app/FederatedCompute@UE1A.230829.036.A1/FederatedCompute.apk 8:/data/dalvik-cache/x86_64/apex@com.android.ondevicepersonalization@app@FederatedCompute@UE1A.230829.036.A1@FederatedCompute.apk@classes.dex.3JglpR.tmp 9:/data/dalvik-cache/x86_64/apex@com.android.ondevicepersonalization@app@FederatedCompute@UE1A.230829.036.A1@FederatedCompute.apk@classes.vdex.QD1iSN.tmp 10:/data/dalvik-cache/x86_64/apex@com.android.ondevicepersonalization@app@FederatedCompute@UE1A.230829.036.A1@FederatedCompute.apk@classes.dex.swap.fAJNqX.tmp
04-20 12:55:45.004 737 737 W dex2oat64: Unexpected CPU variant for x86: x86_64.
04-20 12:55:45.004 737 737 W dex2oat64: Known variants: atom, sandybridge, silvermont, goldmont, goldmont-plus, tremont, kabylake, default
04-20 12:55:45.050 737 737 W dex2oat64: Mismatch between dex2oat instruction set features to use (ISA: X86_64 Feature string: -ssse3,-sse4.1,-sse4.2,-avx,-avx2,-popcnt) and those from CPP defines (ISA: X86_64 Feature string: ssse3,sse4.1,sse4.2,-avx,-avx2,popcnt) for the command line:
04-20 12:55:45.050 737 737 W dex2oat64: /apex/com.android.art/bin/dex2oat64 --zip-fd=7 --zip-location=/apex/com.android.ondevicepersonalization/app/FederatedCompute@UE1A.230829.036.A1/FederatedCompute.apk --oat-fd=8 --oat-location=/data/dalvik-cache/x86_64/apex@com.android.ondevicepersonalization@app@FederatedCompute@UE1A.230829.036.A1@FederatedCompute.apk@classes.dex --output-vdex-fd=9 --swap-fd=10 --class-loader-context=PCL[] --classpath-dir=/apex/com.android.ondevicepersonalization/app/FederatedCompute@UE1A.230829.036.A1 --instruction-set=x86_64 --instruction-set-features=default --instruction-set-variant=x86_64 --compiler-filter=verify --compilation-reason=first-boot --compact-dex-level=none --max-image-block-size=524288 --resolve-startup-const-strings=true --generate-mini-debug-info --runtime-arg -Xtarget-sdk-version:34 --runtime-arg -Xms64m --runtime-arg -Xmx512m --comments=app-version-name:T-initial,app-version-code:1,art-version:342090000
04-20 12:55:45.061 737 737 I dex2oat64: /apex/com.android.art/bin/dex2oat64 --output-vdex-fd=9 --class-loader-context=PCL[] --classpath-dir=/apex/com.android.ondevicepersonalization/app/FederatedCompute@UE1A.230829.036.A1 --compiler-filter=verify --compilation-reason=first-boot --compact-dex-level=none --max-image-block-size=524288 --resolve-startup-const-strings=true --generate-mini-debug-info --comments=app-version-name:T-initial,app-version-code:1,art-version:342090000
04-20 12:55:45.197 737 737 I dex2oat64: Using CollectorTypeCC GC.
04-20 12:55:46.728 737 737 I dex2oat64: dex2oat took 1.769s (1.779s cpu) (threads: 4) arena alloc=0B (0B) java alloc=96KB (98592B) native alloc=1372KB (1405040B) free=828KB (848640B)
04-20 12:55:46.790 684 690 I artd : dex2oat returned code 0
04-20 12:55:46.815 554 682 I ArtService: Dexopt result: [packageName = com.android.federatedcompute.services] DexContainerFileDexoptResult{dexContainerFile=/apex/com.android.ondevicepersonalization/app/FederatedCompute@UE1A.230829.036.A1/FederatedCompute.apk, primaryAbi=true, abi=x86_64, actualCompilerFilter=verify, status=PERFORMED, dex2oatWallTimeMillis=2417, dex2oatCpuTimeMillis=2380, sizeBytes=23236, sizeBeforeBytes=0}
04-20 12:55:46.859 684 690 W ziparchive: Unable to open '/apex/com.android.permission/priv-app/SafetyCenterResources@UE1A.230829.036.A1/SafetyCenterResources.dm': No such file or directory
04-20 12:55:46.864 684 690 W ziparchive: Unable to open '/apex/com.android.permission/priv-app/SafetyCenterResources@UE1A.230829.036.A1/SafetyCenterResources.dm': No such file or directory
04-20 12:55:46.868 554 682 I ArtService: Dexopt result: [packageName = com.android.safetycenter.resources] DexContainerFileDexoptResult{dexContainerFile=/apex/com.android.permission/priv-app/SafetyCenterResources@UE1A.230829.036.A1/SafetyCenterResources.apk, primaryAbi=true, abi=x86_64, actualCompilerFilter=verify, status=SKIPPED, dex2oatWallTimeMillis=0, dex2oatCpuTimeMillis=0, sizeBytes=0, sizeBeforeBytes=0}
04-20 12:55:46.881 684 690 W ziparchive: Unable to open '/apex/com.android.wifi/app/WifiDialog@UE1A.230829.036.A1/WifiDialog.dm': No such file or directory
04-20 12:55:46.881 684 690 W ziparchive: Unable to open '/apex/com.android.wifi/app/WifiDialog@UE1A.230829.036.A1/WifiDialog.dm': No such file or directory
04-20 12:55:46.928 684 690 I artd : Running dex2oat: /apex/com.android.art/bin/art_exec --drop-capabilities --keep-fds=7:8:9:10 -- /apex/com.android.art/bin/dex2oat64 --zip-fd=7 --zip-location=/apex/com.android.wifi/app/WifiDialog@UE1A.230829.036.A1/WifiDialog.apk --oat-fd=8 --oat-location=/data/dalvik-cache/x86_64/apex@com.android.wifi@app@WifiDialog@UE1A.230829.036.A1@WifiDialog.apk@classes.dex --output-vdex-fd=9 --swap-fd=10 --class-loader-context=PCL[] --classpath-dir=/apex/com.android.wifi/app/WifiDialog@UE1A.230829.036.A1 --instruction-set=x86_64 --instruction-set-features=default --instruction-set-variant=x86_64 --compiler-filter=verify --compilation-reason=first-boot --compact-dex-level=none --max-image-block-size=524288 --resolve-startup-const-strings=true --generate-mini-debug-info --runtime-arg -Xtarget-sdk-version:34 --runtime-arg -Xms64m --runtime-arg -Xmx512m --comments=app-version-name:14,app-version-code:34,art-version:342090000
04-20 12:55:46.928 684 690 I artd : Opened FDs: 7:/apex/com.android.wifi/app/WifiDialog@UE1A.230829.036.A1/WifiDialog.apk 8:/data/dalvik-cache/x86_64/apex@com.android.wifi@app@WifiDialog@UE1A.230829.036.A1@WifiDialog.apk@classes.dex.pV8AG9.tmp 9:/data/dalvik-cache/x86_64/apex@com.android.wifi@app@WifiDialog@UE1A.230829.036.A1@WifiDialog.apk@classes.vdex.6yn3eP.tmp 10:/data/dalvik-cache/x86_64/apex@com.android.wifi@app@WifiDialog@UE1A.230829.036.A1@WifiDialog.apk@classes.dex.swap.t306EF.tmp
04-20 12:55:47.499 745 745 W dex2oat64: Unexpected CPU variant for x86: x86_64.
04-20 12:55:47.499 745 745 W dex2oat64: Known variants: atom, sandybridge, silvermont, goldmont, goldmont-plus, tremont, kabylake, default
04-20 12:55:47.538 745 745 W dex2oat64: Mismatch between dex2oat instruction set features to use (ISA: X86_64 Feature string: -ssse3,-sse4.1,-sse4.2,-avx,-avx2,-popcnt) and those from CPP defines (ISA: X86_64 Feature string: ssse3,sse4.1,sse4.2,-avx,-avx2,popcnt) for the command line:
