04-20 12:55:18.277 554 582 I SchedulingPolicyService: Moving 473 back to group default
04-20 12:55:18.285 554 554 I EntropyMixer: Created seed file
04-20 12:55:18.287 554 554 V SystemServerTiming: StartEntropyMixer took to complete: 58ms
04-20 12:55:18.287 554 554 D SystemServerTiming: StartAccountManagerService
04-20 12:55:18.290 554 582 D SystemServerInitThreadPool: Finished executing SchedulingPolicyService.
04-20 12:55:18.290 554 582 V SystemServerTimingAsync: InitThreadPoolExec:SchedulingPolicyService. took to complete: 92ms
04-20 12:55:18.291 554 554 I SystemServiceManager: Starting com.android.server.accounts.AccountManagerService$Lifecycle
04-20 12:55:18.315 554 554 D CompatibilityChangeReporter: Compat change id reported: 148180766; UID 1000; state: ENABLED
04-20 12:55:18.329 554 554 V SystemServerTiming: StartAccountManagerService took to complete: 41ms
04-20 12:55:18.329 554 554 D SystemServerTiming: StartContentService
04-20 12:55:18.330 554 554 I SystemServiceManager: Starting com.android.server.content.ContentService$Lifecycle
04-20 12:55:18.337 554 554 V SystemServerTiming: StartContentService took to complete: 8ms
04-20 12:55:18.337 554 554 D SystemServerTiming: InstallSystemProviders
04-20 12:55:18.437 554 554 D nativeloader: Configuring clns-shared-14 for other apk /system/priv-app/SettingsProvider/SettingsProvider.apk. target_sdk_version=34, uses_libraries=, library_path=/system/priv-app/SettingsProvider/lib/x86_64:/system/priv-app/SettingsProvider/SettingsProvider.apk!/lib/x86_64:/system/lib64:/system_ext/lib64, permitted_path=/data:/mnt/expand:/data/user_de/0/com.android.providers.settings:/system/priv-app/SettingsProvider:/system/lib64:/system_ext/lib64
04-20 12:55:19.214 554 554 W SettingsState: No settings state /data/system/users/0/settings_system.xml
04-20 12:55:19.281 554 624 V SystemServerTimingAsync: AppDataPrepare took to complete: 3625ms
04-20 12:55:19.281 554 624 I PackageManager: Deferred reconcileAppsData finished 149 packages
04-20 12:55:19.282 554 624 D SystemServerInitThreadPool: Finished executing prepareAppData
04-20 12:55:19.282 554 624 V SystemServerTimingAsync: InitThreadPoolExec:prepareAppData took to complete: 3649ms
04-20 12:55:19.302 554 554 W SettingsState: No settings state /data/system/users/0/settings_secure.xml
04-20 12:55:19.319 554 554 D SettingsProvider: Generated and saved new ANDROID_ID [c61c428654fb8d47] for user 0
04-20 12:55:19.328 554 554 W SettingsState: No settings state /data/system/users/0/settings_global.xml
04-20 12:55:19.367 554 554 D SettingsProvider: Setting [] as Autofill Service for user 0
04-20 12:55:19.459 554 554 W SettingsState: No settings state /data/system/users/0/settings_config.xml
04-20 12:55:19.461 554 554 W SettingsState: No settings state /data/system/users/0/settings_ssaid.xml
04-20 12:55:19.561 554 554 D ActivityManager: Checking cgroup freezer: /sys/fs/cgroup/uid_0/pid_347/cgroup.freeze
04-20 12:55:19.562 554 554 D ActivityManager: Checking binder freezer ioctl
04-20 12:55:19.563 554 554 D ActivityManager: Checking freezer profiles
04-20 12:55:19.564 554 554 D ActivityManager: Freezer supported: true
04-20 12:55:19.565 554 554 D ActivityManager: Freezer timeout set to 10000
04-20 12:55:19.565 554 554 D ActivityManager: Freezer exemption set to true
04-20 12:55:19.569 554 588 D ActivityManager: Freezer enabled
04-20 12:55:19.569 554 588 D ActivityManager: freezer override set to false
04-20 12:55:19.574 554 554 I SystemServiceManager: Starting com.android.server.deviceconfig.DeviceConfigInit$Lifecycle
04-20 12:55:19.575 554 554 V SystemServerTiming: InstallSystemProviders took to complete: 1238ms
04-20 12:55:19.575 554 554 D SystemServerTiming: StartDropBoxManager
04-20 12:55:19.576 554 554 I SystemServiceManager: Starting com.android.server.DropBoxManagerService
04-20 12:55:19.582 554 554 V SystemServerTiming: StartDropBoxManager took to complete: 7ms
04-20 12:55:19.582 554 554 D SystemServerTiming: StartRoleManagerService
04-20 12:55:19.583 554 554 I SystemServiceManager: Starting com.android.role.RoleService
04-20 12:55:19.595 554 554 V SystemServerTiming: StartRoleManagerService took to complete: 12ms
04-20 12:55:19.595 554 554 D SystemServerTiming: StartVibratorManagerService
04-20 12:55:19.597 554 554 I SystemServiceManager: Starting com.android.server.vibrator.VibratorManagerService$Lifecycle
04-20 12:55:19.617 0 0 I servicemanager: Found android.hardware.vibrator.IVibratorManager/default in device VINTF manifest.
04-20 12:55:19.623 386 386 I android.hardware.vibrator-service.example: Vibrator manager reporting capabilities
04-20 12:55:19.628 386 386 I android.hardware.vibrator-service.example: Vibrator manager getting vibrator ids
04-20 12:55:19.635 386 386 I android.hardware.vibrator-service.example: Vibrator manager getting vibrator 1
04-20 12:55:19.677 386 386 I android.hardware.vibrator-service.example: Vibrator Manager cancel synced
04-20 12:55:19.679 386 386 I android.hardware.vibrator-service.example: Vibrator manager getting vibrator 1
04-20 12:55:19.687 554 554 W SystemServiceManager: Service com.android.server.vibrator.VibratorManagerService$Lifecycle took 89 ms in onStart
04-20 12:55:19.687 554 554 V SystemServerTiming: StartVibratorManagerService took to complete: 92ms
04-20 12:55:19.687 554 554 D SystemServerTiming: StartDynamicSystemService
04-20 12:55:19.690 554 554 V SystemServerTiming: StartDynamicSystemService took to complete: 2ms
04-20 12:55:19.691 554 554 D SystemServerTiming: StartResourceEconomy
04-20 12:55:19.692 554 554 I SystemServiceManager: Starting com.android.server.tare.InternalResourceService
04-20 12:55:19.710 554 554 V SystemServerTiming: StartResourceEconomy took to complete: 20ms
04-20 12:55:19.711 554 554 D SystemServerTiming: StartAlarmManagerService
04-20 12:55:19.713 554 554 I SystemServiceManager: Starting com.android.server.alarm.AlarmManagerService
04-20 12:55:19.754 554 554 E AlarmManager: SysUI package not found!
04-20 12:55:19.763 554 554 D CompatibilityChangeReporter: Compat change id reported: 160794467; UID 1000; state: ENABLED
04-20 12:55:19.777 554 554 W SystemServiceManager: Service com.android.server.alarm.AlarmManagerService took 60 ms in onStart
04-20 12:55:19.777 554 554 V SystemServerTiming: StartAlarmManagerService took to complete: 67ms
04-20 12:55:19.778 554 554 D SystemServerTiming: StartInputManagerService
04-20 12:55:19.805 345 351 I ServiceManagerCppClient: Waiting for service 'statscompanion' on '/dev/binder'...
04-20 12:55:19.833 554 554 I InputManager: Initializing input manager, mUseDevInputEventForAudioJack=true
04-20 12:55:19.837 554 554 V SystemServerTiming: StartInputManagerService took to complete: 59ms
04-20 12:55:19.837 554 554 D SystemServerTiming: DeviceStateManagerService
04-20 12:55:19.838 554 554 I SystemServiceManager: Starting com.android.server.devicestate.DeviceStateManagerService
04-20 12:55:19.856 554 554 E DeviceStateManagerService: Cannot notify device state info change before the initial state has been committed.
04-20 12:55:19.857 554 554 I DeviceStateManagerService: Cannot notify device state info change when pending state is present.
04-20 12:55:19.869 554 554 V SystemServerTiming: DeviceStateManagerService took to complete: 31ms
04-20 12:55:19.869 554 554 D SystemServerTiming: StartCameraServiceProxy
04-20 12:55:19.870 554 554 I SystemServiceManager: Starting com.android.server.camera.CameraServiceProxy
04-20 12:55:19.880 554 554 V SystemServerTiming: StartCameraServiceProxy took to complete: 10ms
04-20 12:55:19.880 554 554 D SystemServerTiming: StartWindowManagerService
04-20 12:55:19.880 554 554 I SystemServiceManager: Starting phase 200
04-20 12:55:19.881 554 554 D SystemServerTiming: OnBootPhase_200
04-20 12:55:19.881 554 554 D SystemServerTiming: OnBootPhase_200_com.android.server.security.FileIntegrityService
04-20 12:55:19.881 554 554 V SystemServerTiming: OnBootPhase_200_com.android.server.security.FileIntegrityService took to complete: 0ms
04-20 12:55:19.881 554 554 D SystemServerTiming: OnBootPhase_200_com.android.server.pm.Installer
04-20 12:55:19.881 554 554 V SystemServerTiming: OnBootPhase_200_com.android.server.pm.Installer took to complete: 0ms
04-20 12:55:19.881 554 554 D SystemServerTiming: OnBootPhase_200_com.android.server.os.DeviceIdentifiersPolicyService
04-20 12:55:19.881 554 554 V SystemServerTiming: OnBootPhase_200_com.android.server.os.DeviceIdentifiersPolicyService took to complete: 0ms
04-20 12:55:19.881 554 554 D SystemServerTiming: OnBootPhase_200_com.android.server.uri.UriGrantsManagerService$Lifecycle
04-20 12:55:19.881 554 554 V SystemServerTiming: OnBootPhase_200_com.android.server.uri.UriGrantsManagerService$Lifecycle took to complete: 0ms
04-20 12:55:19.882 554 554 D SystemServerTiming: OnBootPhase_200_com.android.server.powerstats.PowerStatsService
04-20 12:55:19.882 554 554 V SystemServerTiming: OnBootPhase_200_com.android.server.powerstats.PowerStatsService took to complete: 0ms
04-20 12:55:19.882 554 554 D SystemServerTiming: OnBootPhase_200_com.android.server.permission.access.AccessCheckingService
04-20 12:55:19.882 554 554 V SystemServerTiming: OnBootPhase_200_com.android.server.permission.access.AccessCheckingService took to complete: 0ms
04-20 12:55:19.882 554 554 D SystemServerTiming: OnBootPhase_200_com.android.server.wm.ActivityTaskManagerService$Lifecycle
04-20 12:55:19.882 554 554 V SystemServerTiming: OnBootPhase_200_com.android.server.wm.ActivityTaskManagerService$Lifecycle took to complete: 0ms
04-20 12:55:19.882 554 554 D SystemServerTiming: OnBootPhase_200_com.android.server.am.ActivityManagerService$Lifecycle
04-20 12:55:19.882 554 554 V SystemServerTiming: OnBootPhase_200_com.android.server.am.ActivityManagerService$Lifecycle took to complete: 0ms
04-20 12:55:19.882 554 554 D SystemServerTiming: OnBootPhase_200_com.android.server.pm.DataLoaderManagerService
04-20 12:55:19.882 554 554 V SystemServerTiming: OnBootPhase_200_com.android.server.pm.DataLoaderManagerService took to complete: 0ms
04-20 12:55:19.882 554 554 D SystemServerTiming: OnBootPhase_200_com.android.server.power.PowerManagerService
04-20 12:55:19.883 554 554 V SystemServerTiming: OnBootPhase_200_com.android.server.power.PowerManagerService took to complete: 0ms
04-20 12:55:19.883 554 554 D SystemServerTiming: OnBootPhase_200_com.android.server.power.ThermalManagerService
04-20 12:55:19.883 554 554 V SystemServerTiming: OnBootPhase_200_com.android.server.power.ThermalManagerService took to complete: 0ms
04-20 12:55:19.883 554 554 D SystemServerTiming: OnBootPhase_200_com.android.server.power.hint.HintManagerService
04-20 12:55:19.883 554 554 V SystemServerTiming: OnBootPhase_200_com.android.server.power.hint.HintManagerService took to complete: 0ms
04-20 12:55:19.883 554 554 D SystemServerTiming: OnBootPhase_200_com.android.server.recoverysystem.RecoverySystemService$Lifecycle
04-20 12:55:19.883 554 554 V SystemServerTiming: OnBootPhase_200_com.android.server.recoverysystem.RecoverySystemService$Lifecycle took to complete: 0ms
04-20 12:55:19.883 554 554 D SystemServerTiming: OnBootPhase_200_com.android.server.lights.LightsService
04-20 12:55:19.883 554 554 V SystemServerTiming: OnBootPhase_200_com.android.server.lights.LightsService took to complete: 0ms
04-20 12:55:19.883 554 554 D SystemServerTiming: OnBootPhase_200_com.android.server.display.DisplayManagerService
04-20 12:55:19.885 554 554 V SystemServerTiming: OnBootPhase_200_com.android.server.display.DisplayManagerService took to complete: 2ms
04-20 12:55:19.885 554 554 D SystemServerTiming: OnBootPhase_200_com.android.server.pm.verify.domain.DomainVerificationService
04-20 12:55:19.886 554 554 V SystemServerTiming: OnBootPhase_200_com.android.server.pm.verify.domain.DomainVerificationService took to complete: 0ms
04-20 12:55:19.886 554 554 D SystemServerTiming: OnBootPhase_200_com.android.server.pm.PackageInstallerService$Lifecycle
04-20 12:55:19.886 554 554 V SystemServerTiming: OnBootPhase_200_com.android.server.pm.PackageInstallerService$Lifecycle took to complete: 0ms
04-20 12:55:19.886 554 554 D SystemServerTiming: OnBootPhase_200_com.android.server.pm.UserManagerService$LifeCycle
04-20 12:55:19.886 554 554 V SystemServerTiming: OnBootPhase_200_com.android.server.pm.UserManagerService$LifeCycle took to complete: 0ms
04-20 12:55:19.886 554 554 D SystemServerTiming: OnBootPhase_200_com.android.server.om.OverlayManagerService
04-20 12:55:19.886 554 554 V SystemServerTiming: OnBootPhase_200_com.android.server.om.OverlayManagerService took to complete: 0ms
04-20 12:55:19.886 554 554 D SystemServerTiming: OnBootPhase_200_com.android.server.resources.ResourcesManagerService
04-20 12:55:19.886 554 554 V SystemServerTiming: OnBootPhase_200_com.android.server.resources.ResourcesManagerService took to complete: 0ms
04-20 12:55:19.886 554 554 D SystemServerTiming: OnBootPhase_200_com.android.server.sensorprivacy.SensorPrivacyService
04-20 12:55:19.886 554 554 V SystemServerTiming: OnBootPhase_200_com.android.server.sensorprivacy.SensorPrivacyService took to complete: 0ms
04-20 12:55:19.887 554 554 D SystemServerTiming: OnBootPhase_200_com.android.server.sensors.SensorService
04-20 12:55:19.887 554 554 V SystemServerTiming: OnBootPhase_200_com.android.server.sensors.SensorService took to complete: 0ms
04-20 12:55:19.887 554 554 D SystemServerTiming: OnBootPhase_200_com.android.server.SystemConfigService
04-20 12:55:19.887 554 554 V SystemServerTiming: OnBootPhase_200_com.android.server.SystemConfigService took to complete: 0ms
04-20 12:55:19.887 554 554 D SystemServerTiming: OnBootPhase_200_com.android.server.BatteryService
04-20 12:55:19.887 554 554 V SystemServerTiming: OnBootPhase_200_com.android.server.BatteryService took to complete: 0ms
04-20 12:55:19.887 554 554 D SystemServerTiming: OnBootPhase_200_com.android.server.usage.UsageStatsService
04-20 12:55:19.887 554 554 V SystemServerTiming: OnBootPhase_200_com.android.server.usage.UsageStatsService took to complete: 0ms
04-20 12:55:19.887 554 554 D SystemServerTiming: OnBootPhase_200_com.android.server.webkit.WebViewUpdateService
04-20 12:55:19.892 554 554 V SystemServerTiming: OnBootPhase_200_com.android.server.webkit.WebViewUpdateService took to complete: 0ms
04-20 12:55:19.892 554 554 D SystemServerTiming: OnBootPhase_200_com.android.server.CachedDeviceStateService
04-20 12:55:19.892 554 554 V SystemServerTiming: OnBootPhase_200_com.android.server.CachedDeviceStateService took to complete: 0ms
04-20 12:55:19.892 554 554 D SystemServerTiming: OnBootPhase_200_com.android.server.BinderCallsStatsService$LifeCycle
04-20 12:55:19.893 554 554 V SystemServerTiming: OnBootPhase_200_com.android.server.BinderCallsStatsService$LifeCycle took to complete: 0ms
04-20 12:55:19.893 554 554 D SystemServerTiming: OnBootPhase_200_com.android.server.LooperStatsService$Lifecycle
04-20 12:55:19.893 554 554 V SystemServerTiming: OnBootPhase_200_com.android.server.LooperStatsService$Lifecycle took to complete: 0ms
04-20 12:55:19.893 554 554 D SystemServerTiming: OnBootPhase_200_com.android.server.rollback.RollbackManagerService
04-20 12:55:19.893 554 554 V SystemServerTiming: OnBootPhase_200_com.android.server.rollback.RollbackManagerService took to complete: 0ms
04-20 12:55:19.893 554 554 D SystemServerTiming: OnBootPhase_200_com.android.server.os.NativeTombstoneManagerService
04-20 12:55:19.893 554 554 V SystemServerTiming: OnBootPhase_200_com.android.server.os.NativeTombstoneManagerService took to complete: 0ms
04-20 12:55:19.893 554 554 D SystemServerTiming: OnBootPhase_200_com.android.server.os.BugreportManagerService
04-20 12:55:19.893 554 554 V SystemServerTiming: OnBootPhase_200_com.android.server.os.BugreportManagerService took to complete: 0ms
04-20 12:55:19.893 554 554 D SystemServerTiming: OnBootPhase_200_com.android.server.gpu.GpuService
04-20 12:55:19.893 554 554 V SystemServerTiming: OnBootPhase_200_com.android.server.gpu.GpuService took to complete: 0ms
04-20 12:55:19.893 554 554 D SystemServerTiming: OnBootPhase_200_com.android.server.security.rkp.RemoteProvisioningService
04-20 12:55:19.894 554 554 V SystemServerTiming: OnBootPhase_200_com.android.server.security.rkp.RemoteProvisioningService took to complete: 0ms
04-20 12:55:19.894 554 554 D SystemServerTiming: OnBootPhase_200_com.android.server.cpu.CpuMonitorService
04-20 12:55:19.894 554 554 V SystemServerTiming: OnBootPhase_200_com.android.server.cpu.CpuMonitorService took to complete: 0ms
04-20 12:55:19.894 554 554 D SystemServerTiming: OnBootPhase_200_com.android.server.security.KeyChainSystemService
04-20 12:55:19.894 554 554 V SystemServerTiming: OnBootPhase_200_com.android.server.security.KeyChainSystemService took to complete: 0ms
04-20 12:55:19.894 554 554 D SystemServerTiming: OnBootPhase_200_com.android.server.BinaryTransparencyService
04-20 12:55:19.894 554 554 V SystemServerTiming: OnBootPhase_200_com.android.server.BinaryTransparencyService took to complete: 0ms
04-20 12:55:19.894 554 554 D SystemServerTiming: OnBootPhase_200_com.android.server.telecom.TelecomLoaderService
04-20 12:55:19.894 554 554 V SystemServerTiming: OnBootPhase_200_com.android.server.telecom.TelecomLoaderService took to complete: 0ms
04-20 12:55:19.894 554 554 D SystemServerTiming: OnBootPhase_200_com.android.server.accounts.AccountManagerService$Lifecycle
04-20 12:55:19.894 554 554 V SystemServerTiming: OnBootPhase_200_com.android.server.accounts.AccountManagerService$Lifecycle took to complete: 0ms
04-20 12:55:19.895 554 554 D SystemServerTiming: OnBootPhase_200_com.android.server.content.ContentService$Lifecycle
04-20 12:55:19.895 554 554 V SystemServerTiming: OnBootPhase_200_com.android.server.content.ContentService$Lifecycle took to complete: 0ms
04-20 12:55:19.895 554 554 D SystemServerTiming: OnBootPhase_200_com.android.server.deviceconfig.DeviceConfigInit$Lifecycle
04-20 12:55:19.895 554 554 V SystemServerTiming: OnBootPhase_200_com.android.server.deviceconfig.DeviceConfigInit$Lifecycle took to complete: 0ms
04-20 12:55:19.895 554 554 D SystemServerTiming: OnBootPhase_200_com.android.server.DropBoxManagerService
04-20 12:55:19.895 554 554 V SystemServerTiming: OnBootPhase_200_com.android.server.DropBoxManagerService took to complete: 0ms
04-20 12:55:19.895 554 554 D SystemServerTiming: OnBootPhase_200_com.android.role.RoleService
04-20 12:55:19.895 554 554 V SystemServerTiming: OnBootPhase_200_com.android.role.RoleService took to complete: 0ms
04-20 12:55:19.895 554 554 D SystemServerTiming: OnBootPhase_200_com.android.server.vibrator.VibratorManagerService$Lifecycle
04-20 12:55:19.895 554 554 V SystemServerTiming: OnBootPhase_200_com.android.server.vibrator.VibratorManagerService$Lifecycle took to complete: 0ms
04-20 12:55:19.895 554 554 D SystemServerTiming: OnBootPhase_200_com.android.server.tare.InternalResourceService
04-20 12:55:19.896 554 554 V SystemServerTiming: OnBootPhase_200_com.android.server.tare.InternalResourceService took to complete: 0ms
04-20 12:55:19.900 554 554 D SystemServerTiming: OnBootPhase_200_com.android.server.alarm.AlarmManagerService
04-20 12:55:19.900 554 554 V SystemServerTiming: OnBootPhase_200_com.android.server.alarm.AlarmManagerService took to complete: 0ms
04-20 12:55:19.900 554 554 D SystemServerTiming: OnBootPhase_200_com.android.server.devicestate.DeviceStateManagerService
04-20 12:55:19.900 554 554 V SystemServerTiming: OnBootPhase_200_com.android.server.devicestate.DeviceStateManagerService took to complete: 0ms
04-20 12:55:19.900 554 554 D SystemServerTiming: OnBootPhase_200_com.android.server.camera.CameraServiceProxy
04-20 12:55:19.900 554 554 V SystemServerTiming: OnBootPhase_200_com.android.server.camera.CameraServiceProxy took to complete: 0ms
04-20 12:55:19.900 554 554 V SystemServerTiming: OnBootPhase_200 took to complete: 20ms
04-20 12:55:19.934 554 554 I WindowManager: No existing display settings, starting empty
04-20 12:55:19.967 554 578 I WindowTracing: Setting window tracing log level to 1
04-20 12:55:19.967 554 578 I WindowTracing: Setting window tracing buffer capacity to 10485760bytes
04-20 12:55:20.018 554 554 V SystemServerTiming: StartWindowManagerService took to complete: 137ms
04-20 12:55:20.018 554 554 D SystemServerTiming: SetWindowManagerService
04-20 12:55:20.247 554 554 I ActivityTaskManager: Loaded persisted task ids for user 0
04-20 12:55:20.269 554 554 V SystemServerTiming: SetWindowManagerService took to complete: 251ms
04-20 12:55:20.269 554 554 D SystemServerTiming: WindowManagerServiceOnInitReady
04-20 12:55:20.270 554 579 W system_server: Long monitor contention with owner main (554) at void com.android.server.wm.ActivityTaskManagerService.setWindowManager(com.android.server.wm.WindowManagerService)(ActivityTaskManagerService.java:1042) waiters=0 in void com.android.server.wm.WindowAnimator.lambda$new$1(long) for 225ms
04-20 12:55:20.305 554 576 W BroadcastLoopers: Found previously unknown looper Thread[android.ui,5,main]
04-20 12:55:20.311 554 554 V SystemServerTiming: WindowManagerServiceOnInitReady took to complete: 43ms
04-20 12:55:20.314 554 554 D SystemServerTiming: StartInputManager
04-20 12:55:20.314 554 554 I InputManager: Starting input manager
04-20 12:55:20.315 554 554 V SystemServerTiming: StartInputManager took to complete: 1ms
04-20 12:55:20.315 554 554 D SystemServerTiming: DisplayManagerWindowManagerAndInputReady
04-20 12:55:20.320 554 554 V HistoricalRegistry: Interaction before persistence initialized
04-20 12:55:20.322 554 649 D SystemServerTimingAsync: InitThreadPoolExec:StartHidlServices
04-20 12:55:20.322 554 649 D SystemServerInitThreadPool: Started executing StartHidlServices
04-20 12:55:20.323 554 649 D SystemServerTimingAsync: StartHidlServices
04-20 12:55:20.336 554 636 D SystemServerTimingAsync: InitThreadPoolExec:StartISensorManagerService
04-20 12:55:20.336 554 636 D SystemServerInitThreadPool: Started executing StartISensorManagerService
04-20 12:55:20.336 554 636 D SystemServerTimingAsync: StartISensorManagerService
04-20 12:55:20.337 554 554 V SystemServerTiming: DisplayManagerWindowManagerAndInputReady took to complete: 22ms
04-20 12:55:20.337 554 554 D SystemServerTiming: StartBluetoothService
04-20 12:55:20.343 554 554 I SystemServiceManager: Starting com.android.server.bluetooth.BluetoothService
04-20 12:55:20.351 154 154 I hwservicemanager: getTransport: Cannot find entry android.frameworks.schedulerservice@1.0::ISchedulingPolicyService/default in either framework or device VINTF manifest.
04-20 12:55:20.365 554 649 W system_server: android.frameworks.schedulerservice@1.0::ISchedulingPolicyService is deprecated. Skipping registration.
04-20 12:55:20.366 554 649 V SystemServerTimingAsync: StartHidlServices took to complete: 43ms
04-20 12:55:20.366 554 649 D SystemServerInitThreadPool: Finished executing StartHidlServices
04-20 12:55:20.367 554 649 V SystemServerTimingAsync: InitThreadPoolExec:StartHidlServices took to complete: 44ms
04-20 12:55:20.376 554 636 I HidlServiceManagement: Registered android.frameworks.sensorservice@1.0::ISensorManager/default
04-20 12:55:20.395 0 0 I servicemanager: Found android.frameworks.sensorservice.ISensorManager/default in framework VINTF manifest.
04-20 12:55:20.398 554 554 D BluetoothManagerService: Loading stored name and address
04-20 12:55:20.399 554 554 D BluetoothManagerService: Stored bluetooth Name=null,Address=null
04-20 12:55:20.399 554 554 D BluetoothManagerService: Bluetooth persisted state: 1
04-20 12:55:20.404 554 554 D BluetoothManagerService: Startup: Bluetooth persisted state is ON.
04-20 12:55:20.407 554 554 W BluetoothManagerService: Unable to resolve SystemUI's UID.
04-20 12:55:20.412 554 554 D BluetoothSatelliteModeListener: BluetoothSatelliteModeListener
04-20 12:55:20.414 554 636 V SystemServerTimingAsync: StartISensorManagerService took to complete: 64ms
04-20 12:55:20.415 554 636 D SystemServerInitThreadPool: Finished executing StartISensorManagerService
04-20 12:55:20.415 554 636 V SystemServerTimingAsync: InitThreadPoolExec:StartISensorManagerService took to complete: 78ms
04-20 12:55:20.417 554 554 V SystemServerTiming: StartBluetoothService took to complete: 79ms
04-20 12:55:20.417 554 554 D SystemServerTiming: IpConnectivityMetrics
04-20 12:55:20.418 554 554 I SystemServiceManager: Starting com.android.server.connectivity.IpConnectivityMetrics
04-20 12:55:20.422 554 554 V SystemServerTiming: IpConnectivityMetrics took to complete: 5ms
04-20 12:55:20.422 554 554 D SystemServerTiming: NetworkWatchlistService
04-20 12:55:20.423 554 554 I SystemServiceManager: Starting com.android.server.net.watchlist.NetworkWatchlistService$Lifecycle
04-20 12:55:20.438 554 665 W EventHub: Unable to disable kernel key repeat for /dev/input/event12: Function not implemented
04-20 12:55:20.438 554 665 I EventHub: usingClockIoctl=true
04-20 12:55:20.438 554 665 I EventHub: New device: id=1, fd=196, path='/dev/input/event12', name='virtio_input_multi_touch_11', classes=KEYBOARD | TOUCH | TOUCH_MT | SWITCH, configuration='/vendor/usr/idc/virtio_input_multi_touch_11.idc', keyLayout='/system/usr/keylayout/Generic.kl', keyCharacterMap='/system/usr/keychars/Generic.kcm', builtinKeyboard=false,
04-20 12:55:20.467 554 669 I WatchlistLoggingHandler: Start aggregating watchlist records.
04-20 12:55:20.471 554 665 W EventHub: Unable to disable kernel key repeat for /dev/input/event11: Function not implemented
04-20 12:55:20.471 554 665 I EventHub: usingClockIoctl=true
04-20 12:55:20.476 554 665 I EventHub: New device: id=2, fd=205, path='/dev/input/event11', name='virtio_input_multi_touch_10', classes=KEYBOARD | TOUCH | TOUCH_MT | SWITCH, configuration='/vendor/usr/idc/virtio_input_multi_touch_10.idc', keyLayout='/system/usr/keylayout/Generic.kl', keyCharacterMap='/system/usr/keychars/Generic.kcm', builtinKeyboard=false,
04-20 12:55:20.481 554 554 V SystemServerTiming: NetworkWatchlistService took to complete: 49ms
04-20 12:55:20.482 554 554 D SystemServerTiming: PinnerService
04-20 12:55:20.483 554 554 I SystemServiceManager: Starting com.android.server.PinnerService
04-20 12:55:20.491 554 554 V HistoricalRegistry: Interaction before persistence initialized
04-20 12:55:20.510 554 665 W EventHub: Unable to disable kernel key repeat for /dev/input/event10: Function not implemented
04-20 12:55:20.511 554 665 I EventHub: usingClockIoctl=true
04-20 12:55:20.511 554 665 I EventHub: New device: id=3, fd=206, path='/dev/input/event10', name='virtio_input_multi_touch_9', classes=KEYBOARD | TOUCH | TOUCH_MT | SWITCH, configuration='/vendor/usr/idc/virtio_input_multi_touch_9.idc', keyLayout='/system/usr/keylayout/Generic.kl', keyCharacterMap='/system/usr/keychars/Generic.kcm', builtinKeyboard=false,
04-20 12:55:20.513 554 554 V SystemServerTiming: PinnerService took to complete: 31ms
04-20 12:55:20.519 554 554 D SystemServerTiming: SignedConfigService
04-20 12:55:20.525 554 554 V SystemServerTiming: SignedConfigService took to complete: 6ms
04-20 12:55:20.525 554 554 D SystemServerTiming: AppIntegrityService
04-20 12:55:20.526 554 554 I SystemServiceManager: Starting com.android.server.integrity.AppIntegrityManagerService
04-20 12:55:20.546 554 665 W EventHub: Unable to disable kernel key repeat for /dev/input/event9: Function not implemented
04-20 12:55:20.546 554 665 I EventHub: usingClockIoctl=true
04-20 12:55:20.547 554 665 I EventHub: New device: id=4, fd=209, path='/dev/input/event9', name='virtio_input_multi_touch_8', classes=KEYBOARD | TOUCH | TOUCH_MT | SWITCH, configuration='/vendor/usr/idc/virtio_input_multi_touch_8.idc', keyLayout='/system/usr/keylayout/Generic.kl', keyCharacterMap='/system/usr/keychars/Generic.kcm', builtinKeyboard=false,
04-20 12:55:20.559 554 554 V SystemServerTiming: AppIntegrityService took to complete: 33ms
04-20 12:55:20.559 554 554 D SystemServerTiming: StartLogcatManager
04-20 12:55:20.565 554 554 I SystemServiceManager: Starting com.android.server.logcat.LogcatManagerService
04-20 12:55:20.577 554 554 V SystemServerTiming: StartLogcatManager took to complete: 12ms
04-20 12:55:20.580 554 665 W EventHub: Unable to disable kernel key repeat for /dev/input/event8: Function not implemented
04-20 12:55:20.580 554 665 I EventHub: usingClockIoctl=true
04-20 12:55:20.580 554 665 I EventHub: New device: id=5, fd=211, path='/dev/input/event8', name='virtio_input_multi_touch_7', classes=KEYBOARD | TOUCH | TOUCH_MT | SWITCH, configuration='/vendor/usr/idc/virtio_input_multi_touch_7.idc', keyLayout='/system/usr/keylayout/Generic.kl', keyCharacterMap='/system/usr/keychars/Generic.kcm', builtinKeyboard=false,
04-20 12:55:20.598 554 665 W EventHub: Unable to disable kernel key repeat for /dev/input/event7: Function not implemented
04-20 12:55:20.598 554 665 I EventHub: usingClockIoctl=true
04-20 12:55:20.598 554 665 I EventHub: New device: id=6, fd=210, path='/dev/input/event7', name='virtio_input_multi_touch_6', classes=KEYBOARD | TOUCH | TOUCH_MT | SWITCH, configuration='/vendor/usr/idc/virtio_input_multi_touch_6.idc', keyLayout='/system/usr/keylayout/Generic.kl', keyCharacterMap='/system/usr/keychars/Generic.kcm', builtinKeyboard=false,
04-20 12:55:20.617 554 665 W EventHub: Unable to disable kernel key repeat for /dev/input/event6: Function not implemented
04-20 12:55:20.617 554 665 I EventHub: usingClockIoctl=true
04-20 12:55:20.618 554 665 I EventHub: New device: id=7, fd=214, path='/dev/input/event6', name='virtio_input_multi_touch_5', classes=KEYBOARD | TOUCH | TOUCH_MT | SWITCH, configuration='/vendor/usr/idc/virtio_input_multi_touch_5.idc', keyLayout='/system/usr/keylayout/Generic.kl', keyCharacterMap='/system/usr/keychars/Generic.kcm', builtinKeyboard=false,
04-20 12:55:20.631 554 665 W EventHub: Unable to disable kernel key repeat for /dev/input/event5: Function not implemented
04-20 12:55:20.631 554 665 I EventHub: usingClockIoctl=true
04-20 12:55:20.631 554 665 I EventHub: New device: id=8, fd=215, path='/dev/input/event5', name='virtio_input_multi_touch_4', classes=KEYBOARD | TOUCH | TOUCH_MT | SWITCH, configuration='/vendor/usr/idc/virtio_input_multi_touch_4.idc', keyLayout='/system/usr/keylayout/Generic.kl', keyCharacterMap='/system/usr/keychars/Generic.kcm', builtinKeyboard=false,
04-20 12:55:20.651 554 665 W EventHub: Unable to disable kernel key repeat for /dev/input/event4: Function not implemented
04-20 12:55:20.651 554 665 I EventHub: usingClockIoctl=true
04-20 12:55:20.656 554 665 I EventHub: New device: id=9, fd=216, path='/dev/input/event4', name='virtio_input_multi_touch_3', classes=KEYBOARD | TOUCH | TOUCH_MT | SWITCH, configuration='/vendor/usr/idc/virtio_input_multi_touch_3.idc', keyLayout='/system/usr/keylayout/Generic.kl', keyCharacterMap='/system/usr/keychars/Generic.kcm', builtinKeyboard=false,
04-20 12:55:20.671 554 665 W EventHub: Unable to disable kernel key repeat for /dev/input/event3: Function not implemented
04-20 12:55:20.671 554 665 I EventHub: usingClockIoctl=true
04-20 12:55:20.673 554 665 I EventHub: New device: id=10, fd=217, path='/dev/input/event3', name='virtio_input_multi_touch_2', classes=KEYBOARD | TOUCH | TOUCH_MT | SWITCH, configuration='/vendor/usr/idc/virtio_input_multi_touch_2.idc', keyLayout='/system/usr/keylayout/Generic.kl', keyCharacterMap='/system/usr/keychars/Generic.kcm', builtinKeyboard=false,
04-20 12:55:20.698 554 665 W EventHub: Unable to disable kernel key repeat for /dev/input/event2: Function not implemented
04-20 12:55:20.699 554 665 I EventHub: usingClockIoctl=true
04-20 12:55:20.699 554 665 I EventHub: New device: id=11, fd=218, path='/dev/input/event2', name='virtio_input_multi_touch_1', classes=KEYBOARD | TOUCH | TOUCH_MT | SWITCH, configuration='/vendor/usr/idc/virtio_input_multi_touch_1.idc', keyLayout='/system/usr/keylayout/Generic.kl', keyCharacterMap='/system/usr/keychars/Generic.kcm', builtinKeyboard=false,
04-20 12:55:20.707 554 665 D EventHub: No input device configuration file found for device 'Power Button'.
04-20 12:55:20.718 554 665 W EventHub: Unable to disable kernel key repeat for /dev/input/event0: Function not implemented
04-20 12:55:20.718 554 665 I EventHub: usingClockIoctl=true
04-20 12:55:20.718 554 665 I EventHub: New device: id=12, fd=219, path='/dev/input/event0', name='Power Button', classes=KEYBOARD, configuration='', keyLayout='/system/usr/keylayout/Generic.kl', keyCharacterMap='/system/usr/keychars/Generic.kcm', builtinKeyboard=false,
04-20 12:55:20.724 554 665 D EventHub: No input device configuration file found for device 'AT Translated Set 2 keyboard'.
04-20 12:55:20.738 554 665 I EventHub: usingClockIoctl=true
04-20 12:55:20.739 554 665 I EventHub: New device: id=13, fd=220, path='/dev/input/event1', name='AT Translated Set 2 keyboard', classes=KEYBOARD | ALPHAKEY, configuration='', keyLayout='/system/usr/keylayout/Generic.kl', keyCharacterMap='/system/usr/keychars/Generic.kcm', builtinKeyboard=false,
04-20 12:55:20.773 554 665 I InputReader: Device added: id=-1, eventHubId=-1, name='Virtual', descriptor='a718a782d34bc767f4689c232d64d527998ea7fd',sources=KEYBOARD | DPAD
04-20 12:55:20.775 554 665 I InputReader: Device added: id=2, eventHubId=13, name='AT Translated Set 2 keyboard', descriptor='485d69228e24f5e46da1598745890b214130dbc4',sources=KEYBOARD
04-20 12:55:20.781 554 665 I InputReader: Device added: id=3, eventHubId=12, name='Power Button', descriptor='26d13db3fa0f6bd5d05831266fb01ea6c500b88c',sources=KEYBOARD
04-20 12:55:20.794 554 665 I InputReader: Touch device 'virtio_input_multi_touch_1' could not query the properties of its associated display. The device will be inoperable until the display size becomes available.
04-20 12:55:20.795 554 665 I InputReader: Device added: id=4, eventHubId=11, name='virtio_input_multi_touch_1', descriptor='43db9dd6fa61939c1b516cd9522f0fe93926a00b',sources=KEYBOARD | TOUCHSCREEN | STYLUS
04-20 12:55:20.803 554 665 I InputReader: Touch device 'virtio_input_multi_touch_2' could not query the properties of its associated display. The device will be inoperable until the display size becomes available.
04-20 12:55:20.808 554 665 I InputReader: Device added: id=5, eventHubId=10, name='virtio_input_multi_touch_2', descriptor='929d4636b8e04f50240a26561429a6e91c9eff9e',sources=KEYBOARD | TOUCHSCREEN | STYLUS
04-20 12:55:20.809 554 665 I InputReader: Touch device 'virtio_input_multi_touch_3' could not query the properties of its associated display. The device will be inoperable until the display size becomes available.
04-20 12:55:20.809 554 665 I InputReader: Device added: id=6, eventHubId=9, name='virtio_input_multi_touch_3', descriptor='d02b0eff93435c71d7fcb0c5db2c4e01c700002e',sources=KEYBOARD | TOUCHSCREEN | STYLUS
04-20 12:55:20.810 554 665 I InputReader: Touch device 'virtio_input_multi_touch_4' could not query the properties of its associated display. The device will be inoperable until the display size becomes available.
04-20 12:55:20.810 554 665 I InputReader: Device added: id=7, eventHubId=8, name='virtio_input_multi_touch_4', descriptor='3e50b6575df319e017bd447766007caeb20ef93b',sources=KEYBOARD | TOUCHSCREEN | STYLUS
04-20 12:55:20.811 554 665 I InputReader: Touch device 'virtio_input_multi_touch_5' could not query the properties of its associated display. The device will be inoperable until the display size becomes available.
04-20 12:55:20.811 554 665 I InputReader: Device added: id=8, eventHubId=7, name='virtio_input_multi_touch_5', descriptor='a009ac16f7539a9e4072c1f537120c35a8163d3b',sources=KEYBOARD | TOUCHSCREEN | STYLUS
04-20 12:55:20.820 554 665 I InputReader: Touch device 'virtio_input_multi_touch_6' could not query the properties of its associated display. The device will be inoperable until the display size becomes available.
04-20 12:55:20.821 554 665 I InputReader: Device added: id=9, eventHubId=6, name='virtio_input_multi_touch_6', descriptor='0b49b597447c4c7be1d009f9a86bbed08b2e6b6d',sources=KEYBOARD | TOUCHSCREEN | STYLUS
04-20 12:55:20.822 554 665 I InputReader: Touch device 'virtio_input_multi_touch_7' could not query the properties of its associated display. The device will be inoperable until the display size becomes available.
04-20 12:55:20.822 554 665 I InputReader: Device added: id=10, eventHubId=5, name='virtio_input_multi_touch_7', descriptor='e1c836c7be888adb29ca6646292e486f96461e97',sources=KEYBOARD | TOUCHSCREEN | STYLUS
04-20 12:55:20.825 554 665 I InputReader: Touch device 'virtio_input_multi_touch_8' could not query the properties of its associated display. The device will be inoperable until the display size becomes available.
04-20 12:55:20.826 554 665 I InputReader: Device added: id=11, eventHubId=4, name='virtio_input_multi_touch_8', descriptor='df0ec362af5f2fec5a1bbb512f6e9556bd6b3fcf',sources=KEYBOARD | TOUCHSCREEN | STYLUS
04-20 12:55:20.827 554 665 I InputReader: Touch device 'virtio_input_multi_touch_9' could not query the properties of its associated display. The device will be inoperable until the display size becomes available.
04-20 12:55:20.827 554 665 I InputReader: Device added: id=12, eventHubId=3, name='virtio_input_multi_touch_9', descriptor='ac8abc2b3d95a68148a903fffc0a312b4dd19302',sources=KEYBOARD | TOUCHSCREEN | STYLUS
04-20 12:55:20.833 554 665 I InputReader: Touch device 'virtio_input_multi_touch_10' could not query the properties of its associated display. The device will be inoperable until the display size becomes available.
04-20 12:55:20.833 554 665 I InputReader: Device added: id=13, eventHubId=2, name='virtio_input_multi_touch_10', descriptor='03d5168c37d991df1726df002537cd6ccc5b68cb',sources=KEYBOARD | TOUCHSCREEN | STYLUS
04-20 12:55:20.841 554 665 I InputReader: Touch device 'virtio_input_multi_touch_11' could not query the properties of its associated display. The device will be inoperable until the display size becomes available.
04-20 12:55:20.842 554 665 I InputReader: Device added: id=14, eventHubId=1, name='virtio_input_multi_touch_11', descriptor='e760666b71e579617395a5018f318365e9f44147',sources=KEYBOARD | TOUCHSCREEN | STYLUS
04-20 12:55:20.867 554 554 I WindowManager: SAFE MODE not enabled
04-20 12:55:20.869 554 554 D SystemServerTiming: StartInputMethodManagerLifecycle
04-20 12:55:20.870 554 554 I SystemServiceManager: Starting com.android.server.inputmethod.InputMethodManagerService$Lifecycle
04-20 12:55:20.926 554 554 V SystemServerTiming: StartInputMethodManagerLifecycle took to complete: 57ms
04-20 12:55:20.927 554 554 D SystemServerTiming: StartAccessibilityManagerService
04-20 12:55:20.927 554 554 I SystemServiceManager: Starting com.android.server.accessibility.AccessibilityManagerService$Lifecycle
04-20 12:55:21.041 554 554 V SystemServerTiming: StartAccessibilityManagerService took to complete: 114ms
04-20 12:55:21.042 554 554 D SystemServerTiming: MakeDisplayReady
04-20 12:55:21.105 554 554 I ActivityTaskManager: Config changes=20005df8 {1.0 ?mcc0mnc [en_US] ldltr sw411dp w411dp h914dp 420dpi nrml long port ?uimode ?night -touch qwerty/v/v -nav/h winConfig={ mBounds=Rect(0, 0 - 1080, 2400) mAppBounds=Rect(0, 0 - 1080, 2400) mMaxBounds=Rect(0, 0 - 1080, 2400) mDisplayRotation=ROTATION_0 mWindowingMode=fullscreen mDisplayWindowingMode=fullscreen mActivityType=undefined mAlwaysOnTop=undefined mRotation=ROTATION_0} s.2 ?fontWeightAdjustment}
04-20 12:55:21.120 554 554 I WindowManager: Override config changes=60007dfc {1.0 ?mcc0mnc [en_US] ldltr sw411dp w411dp h914dp 420dpi nrml long port ?uimode ?night -touch qwerty/v/v -nav/h winConfig={ mBounds=Rect(0, 0 - 1080, 2400) mAppBounds=Rect(0, 0 - 1080, 2400) mMaxBounds=Rect(0, 0 - 1080, 2400) mDisplayRotation=ROTATION_0 mWindowingMode=fullscreen mDisplayWindowingMode=fullscreen mActivityType=undefined mAlwaysOnTop=undefined mRotation=ROTATION_0} s.2 ?fontWeightAdjustment} for displayId=0
04-20 12:55:21.146 554 554 I DisplayDevice: [0] Layerstack set to 0 for local:4619827259835644672
04-20 12:55:21.201 554 554 I ActivityTaskManager: Config changes=8 {1.0 ?mcc0mnc [en_US] ldltr sw411dp w411dp h914dp 420dpi nrml long port ?uimode ?night finger qwerty/v/v -nav/h winConfig={ mBounds=Rect(0, 0 - 1080, 2400) mAppBounds=Rect(0, 0 - 1080, 2400) mMaxBounds=Rect(0, 0 - 1080, 2400) mDisplayRotation=ROTATION_0 mWindowingMode=fullscreen mDisplayWindowingMode=fullscreen mActivityType=undefined mAlwaysOnTop=undefined mRotation=ROTATION_0} s.4 ?fontWeightAdjustment}
04-20 12:55:21.206 554 554 I WindowManager: Override config changes=8 {1.0 ?mcc0mnc [en_US] ldltr sw411dp w411dp h914dp 420dpi nrml long port ?uimode ?night finger qwerty/v/v -nav/h winConfig={ mBounds=Rect(0, 0 - 1080, 2400) mAppBounds=Rect(0, 0 - 1080, 2400) mMaxBounds=Rect(0, 0 - 1080, 2400) mDisplayRotation=ROTATION_0 mWindowingMode=fullscreen mDisplayWindowingMode=fullscreen mActivityType=undefined mAlwaysOnTop=undefined mRotation=ROTATION_0} s.4 ?fontWeightAdjustment} for displayId=0
04-20 12:55:21.224 554 554 V SystemServerTiming: MakeDisplayReady took to complete: 181ms
04-20 12:55:21.225 554 554 D SystemServerTiming: StartStorageManagerService
04-20 12:55:21.225 554 554 I SystemServiceManager: Starting com.android.server.StorageManagerService$Lifecycle
04-20 12:55:21.265 554 576 W Looper : Slow dispatch took 206ms android.ui h=android.os.Handler c=android.hardware.display.DisplayManagerGlobal$DisplayListenerDelegate$$ExternalSyntheticLambda0@88f169c m=0
04-20 12:55:21.279 554 578 W BroadcastLoopers: Found previously unknown looper Thread[android.display,5,main]
04-20 12:55:21.291 0 0 I init : processing action (sys.sysctl.extra_free_kbytes=*) from (/system/etc/init/hw/init.rc:1233)
04-20 12:55:21.295 554 578 I InputManager-JNI: Viewport [0] to add: local:4619827259835644672, isActive: false
04-20 12:55:21.302 459 477 D installd: Found quota mount /dev/block/dm-38 at /data
04-20 12:55:21.313 459 477 D installd: Found quota mount /dev/block/dm-38 at /data/user/0
04-20 12:55:21.337 554 665 I InputReader: Reconfiguring input devices, changes=DISPLAY_INFO
04-20 12:55:21.338 554 665 I InputReader: Touch device 'virtio_input_multi_touch_11' could not query the properties of its associated display. The device will be inoperable until the display size becomes available.
04-20 12:55:21.338 554 665 I InputReader: Touch device 'virtio_input_multi_touch_10' could not query the properties of its associated display. The device will be inoperable until the display size becomes available.
04-20 12:55:21.338 554 665 I InputReader: Touch device 'virtio_input_multi_touch_9' could not query the properties of its associated display. The device will be inoperable until the display size becomes available.
04-20 12:55:21.338 554 665 I InputReader: Touch device 'virtio_input_multi_touch_7' could not query the properties of its associated display. The device will be inoperable until the display size becomes available.
04-20 12:55:21.338 554 665 I InputReader: Touch device 'virtio_input_multi_touch_6' could not query the properties of its associated display. The device will be inoperable until the display size becomes available.
04-20 12:55:21.338 554 665 I InputReader: Touch device 'virtio_input_multi_touch_5' could not query the properties of its associated display. The device will be inoperable until the display size becomes available.
04-20 12:55:21.338 554 665 I InputReader: Touch device 'virtio_input_multi_touch_4' could not query the properties of its associated display. The device will be inoperable until the display size becomes available.
04-20 12:55:21.339 554 665 I InputReader: Touch device 'virtio_input_multi_touch_3' could not query the properties of its associated display. The device will be inoperable until the display size becomes available.
04-20 12:55:21.339 554 665 I InputReader: Disabling virtio_input_multi_touch_1 (device 4) because the associated viewport is not active
04-20 12:55:21.339 554 665 I InputReader: Device reconfigured: id=4, name='virtio_input_multi_touch_1', size 32768x32768, orientation 0, mode 0, display id 0
04-20 12:55:21.348 0 0 I init : starting service 'exec 19 (/system/bin/extra_free_kbytes.sh 30375)'...
04-20 12:55:21.349 554 665 I InputReader: Touch device 'virtio_input_multi_touch_2' could not query the properties of its associated display. The device will be inoperable until the display size becomes available.
04-20 12:55:21.349 554 665 I InputReader: Touch device 'virtio_input_multi_touch_8' could not query the properties of its associated display. The device will be inoperable until the display size becomes available.
04-20 12:55:21.419 554 675 D StorageManagerService: Thinking about reset, mBootCompleted=false, mDaemonConnected=true
04-20 12:55:21.485 554 554 D StorageManagerService: CE storage for users [0] is already unlocked
04-20 12:55:21.504 0 0 I init : ... started service 'exec 19 (/system/bin/extra_free_kbytes.sh 30375)' has pid 676
04-20 12:55:21.505 0 0 I init : SVC_EXEC service 'exec 19 (/system/bin/extra_free_kbytes.sh 30375)' pid 676 (uid 0 gid 0+0 context default) started; waiting...
04-20 12:55:21.505 0 0 I init : Command 'exec -- /system/bin/extra_free_kbytes.sh ${sys.sysctl.extra_free_kbytes}' action=sys.sysctl.extra_free_kbytes=* (/system/etc/init/hw/init.rc:1234) took 213ms and succeeded
04-20 12:55:21.513 554 554 W SystemServiceManager: Service com.android.server.StorageManagerService$Lifecycle took 287 ms in onStart
04-20 12:55:21.515 554 554 V SystemServerTiming: StartStorageManagerService took to complete: 290ms
04-20 12:55:21.515 554 554 D SystemServerTiming: StartStorageStatsService
04-20 12:55:21.520 554 675 D StorageManagerService: Thinking about reset, mBootCompleted=false, mDaemonConnected=true
04-20 12:55:21.522 554 554 I SystemServiceManager: Starting com.android.server.usage.StorageStatsService$Lifecycle
04-20 12:55:21.565 459 477 D installd: Found quota mount /dev/block/dm-38 at /data
04-20 12:55:21.580 459 477 D installd: Found quota mount /dev/block/dm-38 at /data/user/0
04-20 12:55:21.609 459 477 D installd: Found quota mount /dev/block/dm-38 at /data
04-20 12:55:21.635 459 477 D installd: Found quota mount /dev/block/dm-38 at /data/user/0
04-20 12:55:21.696 554 554 W SystemServiceManager: Service com.android.server.usage.StorageStatsService$Lifecycle took 172 ms in onStart
04-20 12:55:21.696 554 554 V SystemServerTiming: StartStorageStatsService took to complete: 175ms
04-20 12:55:21.696 554 554 D SystemServerTiming: StartUiModeManager
04-20 12:55:21.697 554 554 I SystemServiceManager: Starting com.android.server.UiModeManagerService
04-20 12:55:21.707 554 582 D SystemServerTimingAsync: InitThreadPoolExec:UiModeManager.onStart
04-20 12:55:21.720 554 582 D SystemServerInitThreadPool: Started executing UiModeManager.onStart
04-20 12:55:21.732 554 554 V SystemServerTiming: StartUiModeManager took to complete: 35ms
04-20 12:55:21.732 554 554 D SystemServerTiming: StartLocaleManagerService
04-20 12:55:21.733 554 554 I SystemServiceManager: Starting com.android.server.locales.LocaleManagerService
04-20 12:55:21.886 554 582 D SystemServerInitThreadPool: Finished executing UiModeManager.onStart
04-20 12:55:21.886 554 582 V SystemServerTimingAsync: InitThreadPoolExec:UiModeManager.onStart took to complete: 166ms
04-20 12:55:21.953 554 554 V SystemServerTiming: StartLocaleManagerService took to complete: 220ms
04-20 12:55:21.953 554 554 D SystemServerTiming: StartGrammarInflectionService
04-20 12:55:21.954 554 554 I SystemServiceManager: Starting com.android.server.grammaticalinflection.GrammaticalInflectionService
04-20 12:55:21.978 554 554 V SystemServerTiming: StartGrammarInflectionService took to complete: 24ms
04-20 12:55:21.978 554 554 D SystemServerTiming: StartAppHibernationService
04-20 12:55:21.979 554 554 I SystemServiceManager: Starting com.android.server.apphibernation.AppHibernationService
04-20 12:55:22.036 554 554 V SystemServerTiming: StartAppHibernationService took to complete: 58ms
04-20 12:55:22.037 554 554 D SystemServerTiming: ArtManagerLocal
04-20 12:55:22.055 554 554 V SystemServerTiming: ArtManagerLocal took to complete: 17ms
04-20 12:55:22.068 554 554 D SystemServerTiming: UpdatePackagesIfNeeded
04-20 12:55:22.069 554 554 I Watchdog: Pausing HandlerChecker: main thread for reason: dexopt. Pause count: 1
04-20 12:55:22.070 554 554 I PackageManager: Starting boot dexopt for reason first-boot
04-20 12:55:22.145 554 554 I ArtService: Dexopting packages
04-20 12:55:22.175 0 0 I servicemanager: Since 'artd' could not be found, trying to start it as a lazy AIDL service. (if it's not configured to be a lazy service, it may be stuck starting or still starting).
04-20 12:55:22.203 0 0 I init : starting service 'artd'...
04-20 12:55:22.361 554 565 I system_server: Background young concurrent copying GC freed 54365(3496KB) AllocSpace objects, 27(540KB) LOS objects, 39% free, 6687KB/10MB, paused 268us,122us total 197.280ms
04-20 12:55:22.418 0 0 I init : ... started service 'artd' has pid 684
04-20 12:55:22.419 0 0 I init : Control message: Processed ctl.interface_start for 'aidl/artd' from pid: 153 (/system/bin/servicemanager)
04-20 12:55:22.979 684 684 I artd : Starting artd
04-20 12:55:23.017 684 684 I AidlLazyServiceRegistrar: Registering service artd
04-20 12:55:23.036 0 0 I BpBinder: onLastStrongRef automatically unlinking death recipients:
04-20 12:55:23.085 554 682 I RolesPersistenceImpl: roles.xml not found
04-20 12:55:23.095 554 682 I RoleServicePlatformHelperImpl: Legacy roles.xml not found
04-20 12:55:23.156 0 0 I servicemanager: Notifying artd they do (previously: don't) have clients when service is guaranteed to be in use
04-20 12:55:23.160 684 688 I AidlLazyServiceRegistrar: Process has 1 (of 1 available) client(s) in use after notification artd has clients: 1
04-20 12:55:23.954 554 682 I ArtService: Dexopt result: [packageName = com.android.server.telecom] DexContainerFileDexoptResult{dexContainerFile=/system/priv-app/Telecom/Telecom.apk, primaryAbi=true, abi=x86_64, actualCompilerFilter=verify, status=SKIPPED, dex2oatWallTimeMillis=0, dex2oatCpuTimeMillis=0, sizeBytes=0, sizeBeforeBytes=0}
