04-20 12:57:04.386 554 588 D SystemServerTimingAsync: ssm.onUnlockingUser-0_com.android.server.net.watchlist.NetworkWatchlistService$Lifecycle
04-20 12:57:04.387 554 588 V SystemServerTimingAsync: ssm.onUnlockingUser-0_com.android.server.net.watchlist.NetworkWatchlistService$Lifecycle took to complete: 0ms
04-20 12:57:04.387 554 588 D SystemServerTimingAsync: ssm.onUnlockingUser-0_com.android.server.PinnerService
04-20 12:57:04.387 554 588 V SystemServerTimingAsync: ssm.onUnlockingUser-0_com.android.server.PinnerService took to complete: 0ms
04-20 12:57:04.387 554 588 D SystemServerTimingAsync: ssm.onUnlockingUser-0_com.android.server.integrity.AppIntegrityManagerService
04-20 12:57:04.387 554 588 V SystemServerTimingAsync: ssm.onUnlockingUser-0_com.android.server.integrity.AppIntegrityManagerService took to complete: 0ms
04-20 12:57:04.387 554 588 D SystemServerTimingAsync: ssm.onUnlockingUser-0_com.android.server.logcat.LogcatManagerService
04-20 12:57:04.387 554 588 V SystemServerTimingAsync: ssm.onUnlockingUser-0_com.android.server.logcat.LogcatManagerService took to complete: 0ms
04-20 12:57:04.387 554 588 D SystemServerTimingAsync: ssm.onUnlockingUser-0_com.android.server.inputmethod.InputMethodManagerService$Lifecycle
04-20 12:57:04.389 554 667 D BluetoothManagerService: MESSAGE_USER_UNLOCKED
04-20 12:57:04.390 554 667 D BluetoothManagerService: Enabled but not bound; retrying after unlock
04-20 12:57:04.390 554 667 D BluetoothManagerService: binding Bluetooth service
04-20 12:57:04.420 554 588 V SystemServerTimingAsync: ssm.onUnlockingUser-0_com.android.server.inputmethod.InputMethodManagerService$Lifecycle took to complete: 32ms
04-20 12:57:04.420 554 588 D SystemServerTimingAsync: ssm.onUnlockingUser-0_com.android.server.accessibility.AccessibilityManagerService$Lifecycle
04-20 12:57:04.421 554 588 V SystemServerTimingAsync: ssm.onUnlockingUser-0_com.android.server.accessibility.AccessibilityManagerService$Lifecycle took to complete: 0ms
04-20 12:57:04.428 554 1353 D ActivityManager: created ANR temporary file:/data/anr/temp_anr_8696290725146734964.txt
04-20 12:57:04.429 554 1353 I ActivityManager: Collecting stacks for pid 554 into temporary file temp_anr_8696290725146734964.txt
04-20 12:57:04.432 554 588 D SystemServerTimingAsync: ssm.onUnlockingUser-0_com.android.server.StorageManagerService$Lifecycle
04-20 12:57:04.432 554 588 D StorageManagerService: onUnlockUser 0
04-20 12:57:04.432 554 588 I StorageSessionController: On user unlock 0
04-20 12:57:04.432 554 588 I StorageSessionController: Initialialising...
04-20 12:57:04.438 167 170 I vold : onUserStarted: 0
04-20 12:57:04.448 554 577 I DropBoxManagerService: add tag=system_app_strictmode isTagEnabled=true flags=0x2
04-20 12:57:04.526 554 588 W SystemServiceManager: Service com.android.server.StorageManagerService$Lifecycle took 94 ms in onUnlockingUser-0
04-20 12:57:04.526 554 588 V SystemServerTimingAsync: ssm.onUnlockingUser-0_com.android.server.StorageManagerService$Lifecycle took to complete: 95ms
04-20 12:57:04.527 554 588 D SystemServerTimingAsync: ssm.onUnlockingUser-0_com.android.server.usage.StorageStatsService$Lifecycle
04-20 12:57:04.527 554 588 V SystemServerTimingAsync: ssm.onUnlockingUser-0_com.android.server.usage.StorageStatsService$Lifecycle took to complete: 0ms
04-20 12:57:04.532 554 588 D SystemServerTimingAsync: ssm.onUnlockingUser-0_com.android.server.UiModeManagerService
04-20 12:57:04.532 554 588 V SystemServerTimingAsync: ssm.onUnlockingUser-0_com.android.server.UiModeManagerService took to complete: 0ms
04-20 12:57:04.532 554 588 D SystemServerTimingAsync: ssm.onUnlockingUser-0_com.android.server.locales.LocaleManagerService
04-20 12:57:04.532 554 588 V SystemServerTimingAsync: ssm.onUnlockingUser-0_com.android.server.locales.LocaleManagerService took to complete: 0ms
04-20 12:57:04.532 554 588 D SystemServerTimingAsync: ssm.onUnlockingUser-0_com.android.server.grammaticalinflection.GrammaticalInflectionService
04-20 12:57:04.533 554 588 V SystemServerTimingAsync: ssm.onUnlockingUser-0_com.android.server.grammaticalinflection.GrammaticalInflectionService took to complete: 0ms
04-20 12:57:04.533 554 588 D SystemServerTimingAsync: ssm.onUnlockingUser-0_com.android.server.apphibernation.AppHibernationService
04-20 12:57:04.533 554 588 V SystemServerTimingAsync: ssm.onUnlockingUser-0_com.android.server.apphibernation.AppHibernationService took to complete: 1ms
04-20 12:57:04.534 554 588 D SystemServerTimingAsync: ssm.onUnlockingUser-0_com.android.server.locksettings.LockSettingsService$Lifecycle
04-20 12:57:04.534 554 588 V SystemServerTimingAsync: ssm.onUnlockingUser-0_com.android.server.locksettings.LockSettingsService$Lifecycle took to complete: 0ms
04-20 12:57:04.534 554 588 D SystemServerTimingAsync: ssm.onUnlockingUser-0_com.android.server.testharness.TestHarnessModeService
04-20 12:57:04.534 554 588 V SystemServerTimingAsync: ssm.onUnlockingUser-0_com.android.server.testharness.TestHarnessModeService took to complete: 0ms
04-20 12:57:04.534 554 588 D SystemServerTimingAsync: ssm.onUnlockingUser-0_com.android.server.DeviceIdleController
04-20 12:57:04.534 554 588 V SystemServerTimingAsync: ssm.onUnlockingUser-0_com.android.server.DeviceIdleController took to complete: 0ms
04-20 12:57:04.535 554 588 D SystemServerTimingAsync: ssm.onUnlockingUser-0_com.android.server.devicepolicy.DevicePolicyManagerService$Lifecycle
04-20 12:57:04.537 554 1169 I HibernationStateDiskStore: No hibernation file on disk for file /data/system_ce/0/hibernation/states
04-20 12:57:04.553 554 861 D LockSettingsService: Hiding encryption notification for user 0
04-20 12:57:04.557 554 569 V StorageManagerService: Found primary storage at VolumeInfo{emulated;0}:
04-20 12:57:04.557 554 569 V StorageManagerService: type=EMULATED diskId=null partGuid= mountFlags=0 mountUserId=0
04-20 12:57:04.557 554 569 V StorageManagerService: state=UNMOUNTED
04-20 12:57:04.557 554 569 V StorageManagerService: fsType=null fsUuid=null fsLabel=null
04-20 12:57:04.557 554 569 V StorageManagerService: path=null internalPath=null
04-20 12:57:04.575 554 575 W Looper : Slow dispatch took 328ms android.fg h=android.os.Handler c=android.app.LoadedApk$ServiceDispatcher$RunConnection@a031cb6 m=0
04-20 12:57:04.585 554 588 V SystemServerTimingAsync: ssm.onUnlockingUser-0_com.android.server.devicepolicy.DevicePolicyManagerService$Lifecycle took to complete: 50ms
04-20 12:57:04.585 554 588 D SystemServerTimingAsync: ssm.onUnlockingUser-0_com.android.server.texttospeech.TextToSpeechManagerService
04-20 12:57:04.594 554 675 I StorageManagerService: Mounting volume VolumeInfo{emulated;0}:
04-20 12:57:04.594 554 675 I StorageManagerService: type=EMULATED diskId=null partGuid= mountFlags=PRIMARY|VISIBLE_FOR_WRITE
04-20 12:57:04.594 554 675 I StorageManagerService: mountUserId=0 state=UNMOUNTED
04-20 12:57:04.594 554 675 I StorageManagerService: fsType=null fsUuid=null fsLabel=null
04-20 12:57:04.594 554 675 I StorageManagerService: path=null internalPath=null
04-20 12:57:04.618 554 671 W InputMethodInfoUtils: Found no fallback locale. imis=[]
04-20 12:57:04.631 554 588 V SystemServerTimingAsync: ssm.onUnlockingUser-0_com.android.server.texttospeech.TextToSpeechManagerService took to complete: 45ms
04-20 12:57:04.631 554 588 D SystemServerTimingAsync: ssm.onUnlockingUser-0_com.android.server.ambientcontext.AmbientContextManagerService
04-20 12:57:04.631 554 588 I AmbientContextManagerService: serviceNames sent in newServiceListLocked is null, or empty
04-20 12:57:04.643 167 170 I vold : Mounting emulated fuse volume
04-20 12:57:04.673 554 671 W InputMethodInfoUtils: No software keyboard is found. imis=[] systemLocale=en_US fallbackLocale=null
04-20 12:57:04.695 554 866 I WifiClientModeImpl: Primary factory MAC address stored in config store: 02:15:b2:00:00:00
04-20 12:57:04.709 554 588 V SystemServerTimingAsync: ssm.onUnlockingUser-0_com.android.server.ambientcontext.AmbientContextManagerService took to complete: 1ms
04-20 12:57:04.709 554 588 D SystemServerTimingAsync: ssm.onUnlockingUser-0_com.android.server.wearable.WearableSensingManagerService
04-20 12:57:04.709 554 588 D WearableSensingManagerService: onServiceRemoved
04-20 12:57:04.710 554 588 D WearableSensingManagerPerUserService: Trying to cancel the remote request. Reason: Service destroyed.
04-20 12:57:04.710 554 588 V SystemServerTimingAsync: ssm.onUnlockingUser-0_com.android.server.wearable.WearableSensingManagerService took to complete: 1ms
04-20 12:57:04.710 554 588 D SystemServerTimingAsync: ssm.onUnlockingUser-0_com.android.server.speech.SpeechRecognitionManagerService
04-20 12:57:04.714 554 866 I WifiClientModeImpl: Primary factory MAC address retrieved: 02:15:b2:00:00:00
04-20 12:57:04.726 554 978 I ActivityManager: Flag disabled. Ignoring finishAttachApplication from uid: 10091. pid: 1323
04-20 12:57:04.735 554 578 I InputManager: Enabling motion classifier because user switched: feature enabled, long press timeout = 400
04-20 12:57:04.740 554 578 I InputProcessor: Enabling motion classifier
04-20 12:57:04.742 554 588 V SystemServerTimingAsync: ssm.onUnlockingUser-0_com.android.server.speech.SpeechRecognitionManagerService took to complete: 32ms
04-20 12:57:04.742 554 588 D SystemServerTimingAsync: ssm.onUnlockingUser-0_com.android.server.searchui.SearchUiManagerService
04-20 12:57:04.743 554 588 V SystemServerTimingAsync: ssm.onUnlockingUser-0_com.android.server.searchui.SearchUiManagerService took to complete: 1ms
04-20 12:57:04.743 554 588 D SystemServerTimingAsync: ssm.onUnlockingUser-0_com.android.server.smartspace.SmartspaceManagerService
04-20 12:57:04.769 167 170 I vold : Bind mounting /data/media to /mnt/pass_through/0/emulated
04-20 12:57:04.803 554 588 W SystemServiceManager: Service com.android.server.smartspace.SmartspaceManagerService took 53 ms in onUnlockingUser-0
04-20 12:57:04.803 554 588 V SystemServerTimingAsync: ssm.onUnlockingUser-0_com.android.server.smartspace.SmartspaceManagerService took to complete: 60ms
04-20 12:57:04.803 554 588 D SystemServerTimingAsync: ssm.onUnlockingUser-0_com.android.server.graphics.fonts.FontManagerService$Lifecycle
04-20 12:57:04.803 554 588 V SystemServerTimingAsync: ssm.onUnlockingUser-0_com.android.server.graphics.fonts.FontManagerService$Lifecycle took to complete: 0ms
04-20 12:57:04.803 554 588 D SystemServerTimingAsync: ssm.onUnlockingUser-0_com.android.server.textservices.TextServicesManagerService$Lifecycle
04-20 12:57:04.830 554 588 W TextServicesManagerService: no available spell checker services found
04-20 12:57:04.843 554 588 V SystemServerTimingAsync: ssm.onUnlockingUser-0_com.android.server.textservices.TextServicesManagerService$Lifecycle took to complete: 40ms
04-20 12:57:04.843 554 588 D SystemServerTimingAsync: ssm.onUnlockingUser-0_com.android.server.textclassifier.TextClassificationManagerService$Lifecycle
04-20 12:57:04.880 554 575 W Looper : Drained
04-20 12:57:04.884 1323 1323 D CellBroadcastReceiver: onReceive Intent { act=android.telephony.action.DEFAULT_SMS_SUBSCRIPTION_CHANGED flg=0x21000010 cmp=com.android.cellbroadcastreceiver.module/com.android.cellbroadcastreceiver.CellBroadcastReceiver (has extras) }
04-20 12:57:04.899 1323 1323 D CellBroadcastReceiver: mockmodem is running? = false
04-20 12:57:04.907 554 588 V SystemServerTimingAsync: ssm.onUnlockingUser-0_com.android.server.textclassifier.TextClassificationManagerService$Lifecycle took to complete: 26ms
04-20 12:57:04.907 554 588 D SystemServerTimingAsync: ssm.onUnlockingUser-0_com.android.server.NetworkScoreService$Lifecycle
04-20 12:57:04.907 554 588 V SystemServerTimingAsync: ssm.onUnlockingUser-0_com.android.server.NetworkScoreService$Lifecycle took to complete: 0ms
04-20 12:57:04.907 554 588 D SystemServerTimingAsync: ssm.onUnlockingUser-0_com.android.server.NetworkStatsServiceInitializer
04-20 12:57:04.907 554 588 V SystemServerTimingAsync: ssm.onUnlockingUser-0_com.android.server.NetworkStatsServiceInitializer took to complete: 0ms
04-20 12:57:04.913 1323 1323 D CompatibilityChangeReporter: Compat change id reported: 183155436; UID 10091; state: ENABLED
04-20 12:57:04.914 1323 1323 D CellBroadcastReceiver: Start Cell Broadcast configuration for intent=ACTION_ENABLE_CHANNELS
04-20 12:57:04.908 554 588 D SystemServerTimingAsync: ssm.onUnlockingUser-0_com.android.server.wifi.WifiService
04-20 12:57:05.002 554 588 D WifiService: Handle user unlock 0
04-20 12:57:05.004 554 554 W Looper : Slow dispatch took 497ms main h=com.android.server.notification.NotificationManagerService$WorkerHandler c=com.android.server.notification.NotificationManagerService$11$1@ea1f66 m=0
04-20 12:57:05.005 554 675 I StorageSessionController: On volume mount VolumeInfo{emulated;0}:
04-20 12:57:05.005 554 675 I StorageSessionController: type=EMULATED diskId=null partGuid= mountFlags=PRIMARY|VISIBLE_FOR_WRITE
04-20 12:57:05.005 554 675 I StorageSessionController: mountUserId=0 state=CHECKING
04-20 12:57:05.005 554 675 I StorageSessionController: fsType=null fsUuid=null fsLabel=null
04-20 12:57:05.005 554 675 I StorageSessionController: path=/storage/emulated internalPath=/data/media
04-20 12:57:05.133 554 554 W Looper : Slow dispatch took 128ms main h=com.android.providers.settings.SettingsProvider$SettingsRegistry$MyHandler c=null m=1
04-20 12:57:05.144 554 588 W SystemServiceManager: Service com.android.server.wifi.WifiService took 142 ms in onUnlockingUser-0
04-20 12:57:05.144 554 588 V SystemServerTimingAsync: ssm.onUnlockingUser-0_com.android.server.wifi.WifiService took to complete: 143ms
04-20 12:57:05.144 554 588 D SystemServerTimingAsync: ssm.onUnlockingUser-0_com.android.server.wifi.scanner.WifiScanningService
04-20 12:57:05.144 554 588 V SystemServerTimingAsync: ssm.onUnlockingUser-0_com.android.server.wifi.scanner.WifiScanningService took to complete: 0ms
04-20 12:57:05.177 554 588 D SystemServerTimingAsync: ssm.onUnlockingUser-0_com.android.server.wifi.p2p.WifiP2pService
04-20 12:57:05.177 554 588 V SystemServerTimingAsync: ssm.onUnlockingUser-0_com.android.server.wifi.p2p.WifiP2pService took to complete: 0ms
04-20 12:57:05.177 554 588 D SystemServerTimingAsync: ssm.onUnlockingUser-0_com.android.server.ConnectivityServiceInitializer
04-20 12:57:05.178 554 588 V SystemServerTimingAsync: ssm.onUnlockingUser-0_com.android.server.ConnectivityServiceInitializer took to complete: 0ms
04-20 12:57:05.178 554 588 D SystemServerTimingAsync: ssm.onUnlockingUser-0_com.android.server.notification.NotificationManagerService
04-20 12:57:05.178 554 588 V SystemServerTimingAsync: ssm.onUnlockingUser-0_com.android.server.notification.NotificationManagerService took to complete: 0ms
04-20 12:57:05.178 554 588 D SystemServerTimingAsync: ssm.onUnlockingUser-0_com.android.server.storage.DeviceStorageMonitorService
04-20 12:57:05.179 554 588 V SystemServerTimingAsync: ssm.onUnlockingUser-0_com.android.server.storage.DeviceStorageMonitorService took to complete: 0ms
04-20 12:57:05.179 554 588 D SystemServerTimingAsync: ssm.onUnlockingUser-0_com.android.server.timedetector.TimeDetectorService$Lifecycle
04-20 12:57:05.179 554 588 V SystemServerTimingAsync: ssm.onUnlockingUser-0_com.android.server.timedetector.TimeDetectorService$Lifecycle took to complete: 0ms
04-20 12:57:05.179 554 588 D SystemServerTimingAsync: ssm.onUnlockingUser-0_com.android.server.location.LocationManagerService$Lifecycle
04-20 12:57:05.183 554 588 V SystemServerTimingAsync: ssm.onUnlockingUser-0_com.android.server.location.LocationManagerService$Lifecycle took to complete: 0ms
04-20 12:57:05.185 554 588 D SystemServerTimingAsync: ssm.onUnlockingUser-0_com.android.server.timezonedetector.TimeZoneDetectorService$Lifecycle
04-20 12:57:05.186 554 588 V SystemServerTimingAsync: ssm.onUnlockingUser-0_com.android.server.timezonedetector.TimeZoneDetectorService$Lifecycle took to complete: 0ms
04-20 12:57:05.186 554 588 D SystemServerTimingAsync: ssm.onUnlockingUser-0_com.android.server.location.altitude.AltitudeService$Lifecycle
04-20 12:57:05.186 554 588 V SystemServerTimingAsync: ssm.onUnlockingUser-0_com.android.server.location.altitude.AltitudeService$Lifecycle took to complete: 0ms
04-20 12:57:05.187 554 588 D SystemServerTimingAsync: ssm.onUnlockingUser-0_com.android.server.timezonedetector.location.LocationTimeZoneManagerService$Lifecycle
04-20 12:57:05.187 554 588 V SystemServerTimingAsync: ssm.onUnlockingUser-0_com.android.server.timezonedetector.location.LocationTimeZoneManagerService$Lifecycle took to complete: 0ms
04-20 12:57:05.187 554 675 I StorageSessionController: Creating connection for user: 0
04-20 12:57:05.254 554 1353 E system_server: libdebuggerd_client: failed to read "/proc/554/task/1355/wchan": No such file or directory
04-20 12:57:05.284 554 575 W Looper : Slow delivery took 261ms android.fg h=android.os.Handler c=com.android.server.am.SameProcessApplicationThread$$ExternalSyntheticLambda1@1b3b53e m=0
04-20 12:57:05.287 554 588 D SystemServerTimingAsync: ssm.onUnlockingUser-0_com.android.server.search.SearchManagerService$Lifecycle
04-20 12:57:05.298 554 575 W Looper : Drained
04-20 12:57:05.303 0 0 I servicemanager: Could not find android.hardware.input.processor.IInputProcessor/default in the VINTF manifest.
04-20 12:57:05.341 554 554 W Looper : Slow dispatch took 131ms main h=com.android.providers.settings.SettingsProvider$SettingsRegistry$MyHandler c=null m=1
04-20 12:57:05.424 554 642 W JobServiceContext: Timed out while trying to bind for c5cd7bf #1000/1 com.android.providers.settings/.WriteFallbackSettingsFilesJobService
04-20 12:57:05.489 554 588 W SystemServiceManager: Service com.android.server.search.SearchManagerService$Lifecycle took 201 ms in onUnlockingUser-0
04-20 12:57:05.490 554 588 V SystemServerTimingAsync: ssm.onUnlockingUser-0_com.android.server.search.SearchManagerService$Lifecycle took to complete: 202ms
04-20 12:57:05.491 554 588 D SystemServerTimingAsync: ssm.onUnlockingUser-0_com.android.server.wallpapereffectsgeneration.WallpaperEffectsGenerationManagerService
04-20 12:57:05.530 554 554 W Looper : Slow dispatch took 187ms main h=com.android.server.power.Notifier$NotifierHandler c=null m=1
04-20 12:57:05.532 554 1359 I InputProcessor: HAL android.hardware.input.processor.IInputProcessor/default is not declared
04-20 12:57:05.623 554 588 W SystemServiceManager: Service com.android.server.wallpapereffectsgeneration.WallpaperEffectsGenerationManagerService took 102 ms in onUnlockingUser-0
04-20 12:57:05.907 554 554 W Looper : Slow dispatch took 137ms main h=com.android.providers.settings.SettingsProvider$SettingsRegistry$MyHandler c=null m=1
04-20 12:57:05.921 554 588 V SystemServerTimingAsync: ssm.onUnlockingUser-0_com.android.server.wallpapereffectsgeneration.WallpaperEffectsGenerationManagerService took to complete: 429ms
04-20 12:57:05.921 554 588 D SystemServerTimingAsync: ssm.onUnlockingUser-0_com.android.server.audio.AudioService$Lifecycle
04-20 12:57:05.921 554 588 V SystemServerTimingAsync: ssm.onUnlockingUser-0_com.android.server.audio.AudioService$Lifecycle took to complete: 1ms
04-20 12:57:05.921 554 588 D SystemServerTimingAsync: ssm.onUnlockingUser-0_com.android.server.soundtrigger_middleware.SoundTriggerMiddlewareService$Lifecycle
04-20 12:57:05.921 554 588 V SystemServerTimingAsync: ssm.onUnlockingUser-0_com.android.server.soundtrigger_middleware.SoundTriggerMiddlewareService$Lifecycle took to complete: 0ms
04-20 12:57:05.921 554 588 D SystemServerTimingAsync: ssm.onUnlockingUser-0_com.android.server.DockObserver
04-20 12:57:05.922 554 588 V SystemServerTimingAsync: ssm.onUnlockingUser-0_com.android.server.DockObserver took to complete: 0ms
04-20 12:57:05.922 554 588 D SystemServerTimingAsync: ssm.onUnlockingUser-0_com.android.server.midi.MidiService$Lifecycle
04-20 12:57:05.922 554 899 W AppWidgetServiceImpl: Failed to read state: java.io.FileNotFoundException: /data/system/users/0/appwidgets.xml: open failed: ENOENT (No such file or directory)
04-20 12:57:05.923 554 1353 I system_server: libdebuggerd_client: started dumping process 554
04-20 12:57:05.949 1039 1048 I rkstack.process: Background concurrent copying GC freed 7209(614KB) AllocSpace objects, 0(0B) LOS objects, 49% free, 2270KB/4541KB, paused 288us,63us total 676.388ms
04-20 12:57:05.972 554 899 V AppWidgetServiceImpl: Upgrading widget database from 0 to 1
04-20 12:57:05.984 554 675 I StorageSessionController: Creating and starting session with id: emulated;0
04-20 12:57:06.105 213 213 I tombstoned: registered intercept for pid 554 and type kDebuggerdJavaBacktrace
04-20 12:57:06.260 554 562 I system_server: Thread[2,tid=562,WaitingInMainSignalCatcherLoop,Thread*=0x7704e52a9a60,peer=0x12e00280,"Signal Catcher"]: reacting to signal 3
04-20 12:57:06.262 554 562 I system_server:
04-20 12:57:07.429 554 675 I StorageUserConnection: Binding to the ExternalStorageService for user 0
04-20 12:57:07.515 554 577 I DropBoxManagerService: add tag=system_server_strictmode isTagEnabled=true flags=0x2
04-20 12:57:07.530 554 577 I DropBoxManagerService: add tag=system_server_strictmode isTagEnabled=true flags=0x2
04-20 12:57:07.584 554 577 I DropBoxManagerService: add tag=system_server_strictmode isTagEnabled=true flags=0x2
04-20 12:57:07.634 554 577 I DropBoxManagerService: add tag=system_server_strictmode isTagEnabled=true flags=0x2
04-20 12:57:07.657 554 577 I DropBoxManagerService: add tag=system_server_strictmode isTagEnabled=true flags=0x2
04-20 12:57:07.748 554 577 I DropBoxManagerService: add tag=system_server_strictmode isTagEnabled=true flags=0x2
04-20 12:57:08.007 554 1402 I ActivityManager: Broadcasting: Intent { act=com.android.emulator.multidisplay.START flg=0x400000 cmp=com.android.emulator.multidisplay/.MultiDisplayServiceReceiver }
04-20 12:57:08.081 0 0 I init : starting service 'idmap2d'...
04-20 12:57:08.199 0 0 I init : ... started service 'idmap2d' has pid 1405
04-20 12:57:08.199 0 0 I init : Control message: Processed ctl.start for 'idmap2d' from pid: 554 (system_server)
04-20 12:57:08.433 554 595 W BatteryExternalStatsWorker: error reading Bluetooth stats: 9
04-20 12:57:08.443 554 595 W BatteryExternalStatsWorker: error reading modem stats:ERROR_PHONE_NOT_AVAILABLE
04-20 12:57:08.547 1405 1405 I idmap2d : Starting
04-20 12:57:09.260 554 667 E BluetoothManagerService: MESSAGE_TIMEOUT_BIND
04-20 12:57:09.263 554 866 D WifiConfigStore: Writing to stores completed in 3145 ms.
04-20 12:57:09.290 554 866 D WakeupConfigStoreData: WifiWake user data has been read
04-20 12:57:09.295 554 866 D WifiConfigStore: Reading from user stores completed in 10 ms.
04-20 12:57:09.326 554 866 W FileUtils: Failed to chmod(/data/misc_ce/0/apexdata/com.android.wifi/WifiConfigStore.xml, 384):
04-20 12:57:09.326 554 866 W FileUtils: android.system.ErrnoException: chmod failed: ENOENT (No such file or directory)
04-20 12:57:09.326 554 866 W FileUtils: at libcore.io.Linux.chmod(Native Method)
04-20 12:57:09.326 554 866 W FileUtils: at libcore.io.ForwardingOs.chmod(ForwardingOs.java:165)
04-20 12:57:09.326 554 866 W FileUtils: at libcore.io.BlockGuardOs.chmod(BlockGuardOs.java:83)
04-20 12:57:09.326 554 866 W FileUtils: at android.system.Os.chmod(Os.java:119)
04-20 12:57:09.326 554 866 W FileUtils: at com.android.server.wifi.util.FileUtils.chmod(FileUtils.java:44)
04-20 12:57:09.326 554 866 W FileUtils: at com.android.server.wifi.WifiConfigStore$StoreFile.writeBufferedRawData(WifiConfigStore.java:941)
04-20 12:57:09.326 554 866 W FileUtils: at com.android.server.wifi.WifiConfigStore.writeBufferedData(WifiConfigStore.java:510)
04-20 12:57:09.326 554 866 W FileUtils: at com.android.server.wifi.WifiConfigStore.write(WifiConfigStore.java:430)
04-20 12:57:09.326 554 866 W FileUtils: at com.android.server.wifi.WifiConfigManager.saveToStore(WifiConfigManager.java:3688)
04-20 12:57:09.326 554 866 W FileUtils: at com.android.server.wifi.WifiConfigManager.handleUserUnlockOrSwitch(WifiConfigManager.java:3229)
04-20 12:57:09.326 554 866 W FileUtils: at com.android.server.wifi.WifiConfigManager.handleUserUnlock(WifiConfigManager.java:3308)
04-20 12:57:09.326 554 866 W FileUtils: at com.android.server.wifi.WifiServiceImpl.lambda$handleUserUnlock$4(WifiServiceImpl.java:862)
04-20 12:57:09.326 554 866 W FileUtils: at com.android.server.wifi.WifiServiceImpl.$r8$lambda$iCwaHj3x8XNFAdDU5jx297GHjjE(WifiServiceImpl.java:0)
04-20 12:57:09.326 554 866 W FileUtils: at com.android.server.wifi.WifiServiceImpl$$ExternalSyntheticLambda124.run(R8$$SyntheticClass:0)
04-20 12:57:09.326 554 866 W FileUtils: at android.os.Handler.handleCallback(Handler.java:958)
04-20 12:57:09.326 554 866 W FileUtils: at android.os.Handler.dispatchMessage(Handler.java:99)
04-20 12:57:09.326 554 866 W FileUtils: at com.android.server.wifi.RunnerHandler.dispatchMessage(RunnerHandler.java:122)
04-20 12:57:09.326 554 866 W FileUtils: at android.os.Looper.loopOnce(Looper.java:205)
04-20 12:57:09.326 554 866 W FileUtils: at android.os.Looper.loop(Looper.java:294)
04-20 12:57:09.326 554 866 W FileUtils: at android.os.HandlerThread.run(HandlerThread.java:67)
04-20 12:57:09.338 554 866 D WifiConfigStore: Writing to stores completed in 34 ms.
04-20 12:57:09.524 554 978 W system_server: Long monitor contention with owner bgres-controller (596) at void com.android.server.am.ActivityManagerService.finishReceiver(android.os.IBinder, int, java.lang.String, android.os.Bundle, boolean, int)(ActivityManagerService.java:15446) waiters=0 in android.content.Intent com.android.server.am.ActivityManagerService.registerReceiverWithFeature(android.app.IApplicationThread, java.lang.String, java.lang.String, java.lang.String, android.content.IIntentReceiver, android.content.IntentFilter, java.lang.String, int, int) for 3.305s
04-20 12:57:09.527 554 570 W system_server: Long monitor contention with owner bgres-controller (596) at void com.android.server.am.ActivityManagerService.finishReceiver(android.os.IBinder, int, java.lang.String, android.os.Bundle, boolean, int)(ActivityManagerService.java:15446) waiters=1 in android.content.ComponentName com.android.server.am.ActivityManagerService.startService(android.app.IApplicationThread, android.content.Intent, java.lang.String, boolean, java.lang.String, java.lang.String, int, boolean, int, java.lang.String, java.lang.String) for 4.521s
04-20 12:57:09.618 1323 1323 V ActivityThread: getPackageInfo() caused update to cached ApplicationInfo for package com.android.cellbroadcastreceiver.module
04-20 12:57:09.752 1323 1408 E CellBroadcastConfigService: fails to setCellBroadcastRanges
04-20 12:57:09.794 1323 1408 W receiver.module: Core platform API violation: Llibcore/io/Memory;->pokeByte(JB)V from Lcom/google/protobuf/UnsafeUtil; using reflection
04-20 12:57:09.795 1323 1408 W receiver.module: Core platform API violation: Llibcore/io/Memory;->peekByte(J)B from Lcom/google/protobuf/UnsafeUtil; using reflection
04-20 12:57:09.883 554 642 I ActivityManager: Skip duplicated ANR, pid=554 Timed out while trying to bind
04-20 12:57:09.968 0 0 I binder : release 1362:1362 transaction 20414 out, still active
04-20 12:57:09.968 0 0 I binder : undelivered TRANSACTION_COMPLETE
04-20 12:57:09.968 0 0 I binder : undelivered transaction 20805, process died.
04-20 12:57:09.971 0 0 I binder : 1283:554 reply target not found
04-20 12:57:09.971 0 0 I binder : 554:1283 transaction reply to 0:0 failed 20806/29189/0, size 4-0 line 3140
04-20 12:57:09.971 0 0 I binder : send failed reply for transaction 20414, target dead
04-20 12:57:10.010 554 626 W ActivityManager: Slow operation: 64ms so far, now at startProcess: done creating new process record
04-20 12:57:10.044 554 626 W ActivityManager: Slow operation: 64ms so far, now at startProcess: stepping in to startProcess
04-20 12:57:10.047 554 626 D CompatibilityChangeReporter: Compat change id reported: 135634846; UID 10054; state: DISABLED
04-20 12:57:10.057 554 626 D CompatibilityChangeReporter: Compat change id reported: 177438394; UID 10054; state: DISABLED
04-20 12:57:10.058 554 626 D CompatibilityChangeReporter: Compat change id reported: 135772972; UID 10054; state: DISABLED
04-20 12:57:10.065 554 626 D CompatibilityChangeReporter: Compat change id reported: 135754954; UID 10054; state: ENABLED
04-20 12:57:10.067 554 626 W ActivityManager: Slow operation: 121ms so far, now at startProcess: done starting proc!
04-20 12:57:10.072 554 626 W ContentProviderHelper: Slow operation: 184ms so far, now at getContentProviderImpl: after start process
04-20 12:57:10.074 554 626 W ContentProviderHelper: Slow operation: 186ms so far, now at getContentProviderImpl: updating data structures
04-20 12:57:10.075 554 626 W ContentProviderHelper: Slow operation: 187ms so far, now at getContentProviderImpl: done!
04-20 12:57:10.076 554 589 D CompatibilityChangeReporter: Compat change id reported: 143937733; UID 10054; state: ENABLED
04-20 12:57:10.124 554 575 W Looper : Slow dispatch took 4268ms android.fg h=com.android.server.DropBoxManagerService$DropBoxManagerBroadcastHandler c=null m=2
04-20 12:57:10.170 0 0 I binder : release 1399:1399 transaction 20468 out, still active
04-20 12:57:10.170 0 0 I binder : undelivered TRANSACTION_COMPLETE
04-20 12:57:10.168 554 1357 I ActivityManager: dumpStackTraces pids={948=true, 1069=true, 1101=true, 1181=true, 1211=true, 1323=true}
04-20 12:57:10.179 554 1402 D CompatibilityChangeReporter: Compat change id reported: 161252188; UID 1000; state: DISABLED
04-20 12:57:10.184 554 575 W Looper : Slow delivery took 1868ms android.fg h=android.os.Handler c=com.android.server.am.SameProcessApplicationThread$$ExternalSyntheticLambda1@f9a824a m=0
04-20 12:57:10.195 554 1402 I ActivityManager: Enqueued broadcast Intent { act=com.android.emulator.multidisplay.START flg=0x400000 cmp=com.android.emulator.multidisplay/.MultiDisplayServiceReceiver }: 0
04-20 12:57:10.217 347 347 D Zygote : Forked child process 1411
04-20 12:57:10.230 554 589 W ActivityManager: Slow operation: 186ms so far, now at startProcess: returned from zygote!
04-20 12:57:10.423 948 948 W System : ClassLoader referenced unknown path:
04-20 12:57:10.442 1039 1039 W System : ClassLoader referenced unknown path:
04-20 12:57:10.450 1039 1039 D nativeloader: Configuring clns-shared-9 for other apk . target_sdk_version=34, uses_libraries=, library_path=/system/priv-app/NetworkStackNext/lib/x86_64:/system/priv-app/NetworkStackNext/NetworkStackNext.apk!/lib/x86_64:/system/lib64:/system_ext/lib64, permitted_path=/data:/mnt/expand:/data/user_de/0/com.android.networkstack:/system/priv-app/NetworkStackNext:/system/lib64:/system_ext/lib64
04-20 12:57:10.464 554 562 W system_server: Suspending all threads took: 18.114ms
04-20 12:57:10.470 948 948 D nativeloader: Configuring clns-shared-8 for other apk . target_sdk_version=34, uses_libraries=, library_path=/apex/com.android.permission/priv-app/PermissionController@UE1A.230829.036.A1/lib/x86_64:/system/lib64:/system_ext/lib64, permitted_path=/data:/mnt/expand:/data/user_de/0/com.android.permissioncontroller:/apex/com.android.permission/priv-app/PermissionController@UE1A.230829.036.A1:/system/lib64:/system_ext/lib64
04-20 12:57:10.482 554 575 I ActivityTaskManager: Config changes=80000000 {1.0 ?mcc0mnc [en_US] ldltr sw411dp w411dp h914dp 420dpi nrml long port finger qwerty/v/v -nav/h winConfig={ mBounds=Rect(0, 0 - 1080, 2400) mAppBounds=Rect(0, 0 - 1080, 2400) mMaxBounds=Rect(0, 0 - 1080, 2400) mDisplayRotation=ROTATION_0 mWindowingMode=fullscreen mDisplayWindowingMode=fullscreen mActivityType=undefined mAlwaysOnTop=undefined mRotation=ROTATION_0} as.2 s.10 fontWeightAdjustment=0}
04-20 12:57:10.525 213 213 I tombstoned: received crash request for pid 554
04-20 12:57:10.527 213 213 I tombstoned: found intercept fd 512 for pid 554 and type kDebuggerdJavaBacktrace
04-20 12:57:10.545 554 562 I system_server: Wrote stack traces to tombstoned
04-20 12:57:10.552 213 213 W tombstoned: skipping tombstone file creation due to intercept
04-20 12:57:10.609 1411 1411 I oadcastreceiver: Using CollectorTypeCC GC.
04-20 12:57:10.619 554 1353 I system_server: libdebuggerd_client: done dumping process 554
04-20 12:57:10.638 554 1357 I ActivityManager: Dumping to /data/anr/anr_2026-04-20-12-57-10-174
04-20 12:57:10.671 1411 1411 W oadcastreceiver: Unexpected CPU variant for x86: x86_64.
04-20 12:57:10.671 1411 1411 W oadcastreceiver: Known variants: atom, sandybridge, silvermont, goldmont, goldmont-plus, tremont, kabylake, default
04-20 12:57:10.676 554 575 I WindowManager: Override config changes=80000000 {1.0 ?mcc0mnc [en_US] ldltr sw411dp w411dp h914dp 420dpi nrml long port finger qwerty/v/v -nav/h winConfig={ mBounds=Rect(0, 0 - 1080, 2400) mAppBounds=Rect(0, 0 - 1080, 2400) mMaxBounds=Rect(0, 0 - 1080, 2400) mDisplayRotation=ROTATION_0 mWindowingMode=fullscreen mDisplayWindowingMode=fullscreen mActivityType=undefined mAlwaysOnTop=undefined mRotation=ROTATION_0} as.2 s.10 fontWeightAdjustment=0} for displayId=0
04-20 12:57:10.726 554 575 D CompatibilityChangeReporter: Compat change id reported: 197654537; UID 10085; state: DISABLED
04-20 12:57:10.738 554 575 D CompatibilityChangeReporter: Compat change id reported: 184838306; UID 10085; state: DISABLED
04-20 12:57:10.748 554 575 D CompatibilityChangeReporter: Compat change id reported: 185004937; UID 10085; state: DISABLED
04-20 12:57:10.833 397 494 D PermissionCache: checking android.permission.READ_FRAME_BUFFER for uid=1000 => granted (10271 us)
04-20 12:57:10.839 554 1357 I ActivityManager: Collecting stacks for pid 1099
04-20 12:57:10.888 1411 1411 E oadcastreceiver: Not starting debugger since process cannot load the jdwp agent.
04-20 12:57:10.904 554 1357 I system_server: libdebuggerd_client: started dumping process 1099
04-20 12:57:10.922 213 213 I tombstoned: registered intercept for pid 1099 and type kDebuggerdJavaBacktrace
04-20 12:57:10.931 1099 1106 I m.android.phone: Thread[2,tid=1106,WaitingInMainSignalCatcherLoop,Thread*=0x7704e52a46f0,peer=0x135008f0,"Signal Catcher"]: reacting to signal 3
04-20 12:57:10.948 1099 1106 I m.android.phone:
04-20 12:57:10.996 0 0 I servicemanager: Could not find android.hardware.graphics.allocator.IAllocator/default in the VINTF manifest.
04-20 12:57:11.059 154 154 I hwservicemanager: getTransport: Cannot find entry android.hardware.graphics.mapper@4.0::IMapper/default in either framework or device VINTF manifest.
04-20 12:57:11.072 554 626 I Gralloc4: mapper 4.x is not supported
04-20 12:57:11.088 554 866 E WifiScoringParams: Invalid frequency(-1), using 5G as default rssi array
04-20 12:57:11.192 0 0 I init : Untracked pid 1399 received signal 1
04-20 12:57:11.192 0 0 I init : Untracked pid 1399 did not have an associated service entry and will not be reaped
04-20 12:57:11.608 213 213 I tombstoned: received crash request for pid 1099
04-20 12:57:11.609 213 213 I tombstoned: found intercept fd 512 for pid 1099 and type kDebuggerdJavaBacktrace
04-20 12:57:11.615 1099 1106 I m.android.phone: Wrote stack traces to tombstoned
04-20 12:57:11.618 213 213 W tombstoned: skipping tombstone file creation due to intercept
04-20 12:57:11.628 554 1357 I system_server: libdebuggerd_client: done dumping process 1099
04-20 12:57:11.727 554 575 D CompatibilityChangeReporter: Compat change id reported: 236825255; UID 1000; state: ENABLED
04-20 12:57:11.767 554 575 W ImageReader_JNI: Unable to acquire a buffer item, very likely client tried to acquire more than maxImages buffers
04-20 12:57:11.805 554 1357 I ActivityManager: Collecting stacks for pid 1076
04-20 12:57:11.826 554 1357 I system_server: libdebuggerd_client: started dumping process 1076
04-20 12:57:11.833 175 1001 I keystore2: system/security/keystore2/src/watchdog.rs:319 - Watchdog thread idle -> terminating. Have a great day.
04-20 12:57:11.839 213 213 I tombstoned: registered intercept for pid 1076 and type kDebuggerdJavaBacktrace
04-20 12:57:11.884 1076 1087 I com.android.se: Thread[5,tid=1087,WaitingInMainSignalCatcherLoop,Thread*=0x7704e52a2b20,peer=0x12c40260,"Signal Catcher"]: reacting to signal 3
04-20 12:57:11.885 1076 1087 I com.android.se: Mutator lock exclusive owner tid: -1
04-20 12:57:11.885 1076 1087 I com.android.se: ThreadList lock owner tid: 0
04-20 12:57:11.885 1076 1087 I com.android.se: ClassLinker classes lock owner tid: 0
04-20 12:57:11.885 1076 1087 I com.android.se: ClassLinker dex lock owner tid: 0
04-20 12:57:12.127 554 579 W system_server: Long monitor contention with owner android.fg (575) at boolean com.android.server.wm.ActivityTaskManagerService.updateConfiguration(android.content.res.Configuration)(ActivityTaskManagerService.java:3753) waiters=0 in void com.android.server.wm.WindowAnimator.lambda$new$1(long) for 1.410s
04-20 12:57:12.142 554 596 W system_server: Long monitor contention with owner android.fg (575) at void com.android.server.am.ActivityManagerService.scheduleApplicationInfoChanged(java.util.List, int)(ActivityManagerService.java:19335) waiters=0 in int com.android.server.am.ActivityManagerService.getUidState(int) for 1.947s
04-20 12:57:12.212 554 627 W system_server: Long monitor contention with owner android.fg (575) at void com.android.server.am.ActivityManagerService.scheduleApplicationInfoChanged(java.util.List, int)(ActivityManagerService.java:19335) waiters=1 in void com.android.server.am.OomAdjuster.performUpdateOomAdjPendingTargetsLocked(int) for 1.967s
04-20 12:57:12.221 554 627 D OomAdjuster: Not killing cached processes
04-20 12:57:12.223 554 872 W system_server: Long monitor contention with owner android.fg (575) at void com.android.server.am.ActivityManagerService.scheduleApplicationInfoChanged(java.util.List, int)(ActivityManagerService.java:19335) waiters=2 in boolean com.android.server.am.ActivityManagerService.isAppStartModeDisabled(int, java.lang.String) for 723ms
04-20 12:57:12.269 554 578 W system_server: Long monitor contention with owner binder:554_4 (627) at void com.android.server.am.ActivityManagerService.finishReceiver(android.os.IBinder, int, java.lang.String, android.os.Bundle, boolean, int)(ActivityManagerService.java:15446) waiters=6 in void com.android.server.am.ActivityManagerService$LocalService.updateOomLevelsForDisplay(int) for 1.785s
04-20 12:57:12.279 554 569 W system_server: Long monitor contention with owner binder:554_4 (627) at void com.android.server.am.ActivityManagerService.finishReceiver(android.os.IBinder, int, java.lang.String, android.os.Bundle, boolean, int)(ActivityManagerService.java:15446) waiters=9 in void com.android.server.am.ActivityManagerService.unregisterReceiver(android.content.IIntentReceiver) for 253ms
04-20 12:57:12.299 1101 1101 W WindowOnBackDispatcher: sendCancelIfRunning: isInProgress=falsecallback=android.view.ViewRootImpl$$ExternalSyntheticLambda17@8388b64
04-20 12:57:12.318 554 627 D CoreBackPreview: Window{fa60e8d u0 com.android.fakesystemapp/com.android.fakesystemapp.launcher.FallbackHome}: Setting back callback null
04-20 12:57:12.338 554 554 W system_server: Long monitor contention with owner appscheduling.default (642) at int com.android.server.job.JobSchedulerService.getUidProcState(int)(JobSchedulerService.java:2305) waiters=0 in android.app.job.JobInfo com.android.server.job.JobSchedulerService.getPendingJob(int, java.lang.String, int) for 6.417s
04-20 12:57:12.361 554 554 W Looper : Slow dispatch took 6440ms main h=com.android.providers.settings.SettingsProvider$SettingsRegistry$MyHandler c=null m=2
04-20 12:57:12.376 554 587 W system_server: Long monitor contention with owner appscheduling.default (642) at int com.android.server.job.JobSchedulerService.getUidProcState(int)(JobSchedulerService.java:2305) waiters=1 in int com.android.server.job.JobSchedulerService.scheduleAsPackage(android.app.job.JobInfo, android.app.job.JobWorkItem, int, java.lang.String, int, java.lang.String, java.lang.String) for 4.645s
04-20 12:57:12.390 554 626 I ActivityManager: Broadcasting: Intent { act=com.android.emulator.multidisplay.START flg=0x400000 cmp=com.android.emulator.multidisplay/.MultiDisplayServiceReceiver }
04-20 12:57:12.407 554 570 W InputManager-JNI: Input channel object 'fa60e8d com.android.fakesystemapp/com.android.fakesystemapp.launcher.FallbackHome (client)' was disposed without first being removed with the input manager!
04-20 12:57:12.426 554 589 W ActivityManager: Slow operation: 2382ms so far, now at startProcess: done updating battery stats
04-20 12:57:12.426 554 589 W ActivityManager: Slow operation: 2383ms so far, now at startProcess: building log message
04-20 12:57:12.427 554 589 I ActivityManager: Start proc 1411:com.android.cellbroadcastreceiver/u0a54 for content provider {com.android.cellbroadcastreceiver/com.android.cellbroadcastreceiver.LegacyCellBroadcastContentProvider}
04-20 12:57:12.427 554 589 W ActivityManager: Slow operation: 2383ms so far, now at startProcess: starting to update pids map
04-20 12:57:12.445 554 589 W ActivityManager: Slow operation: 2402ms so far, now at startProcess: done updating pids map
04-20 12:57:12.510 554 984 D CompatibilityChangeReporter: Compat change id reported: 168419799; UID 10054; state: DISABLED
04-20 12:57:12.517 554 984 D CompatibilityChangeReporter: Compat change id reported: 273564678; UID 10054; state: DISABLED
04-20 12:57:12.518 554 984 W ActivityManager: Slow operation: 63ms so far, now at attachApplicationLocked: immediately before bindApplication
04-20 12:57:12.557 1076 1087 I com.android.se: Waiting for a blocking GC ObjectsAllocated
04-20 12:57:12.568 554 575 W Looper : Slow dispatch took 2383ms android.fg h=android.os.Handler c=com.android.server.om.OverlayManagerService$$ExternalSyntheticLambda0@95de9b1 m=0
04-20 12:57:12.574 1099 1099 D CellBroadcastServiceManager: CellBroadcastServiceManager created for phone 0
04-20 12:57:12.619 554 578 V WindowManager: Unknown focus tokens, dropping reportFocusChanged
04-20 12:57:12.657 1099 1099 D CellBroadcastServiceManager: getCellBroadcastServicePackageName: com.android.cellbroadcastservice
04-20 12:57:12.662 1076 1090 I com.android.se: Background concurrent copying GC freed 2027(205KB) AllocSpace objects, 0(0B) LOS objects, 49% free, 2004KB/4009KB, paused 10.800ms,6.088ms total 803.337ms
04-20 12:57:12.665 1076 1087 I com.android.se: WaitForGcToComplete blocked ObjectsAllocated on Background for 107.499ms
04-20 12:57:12.670 1076 1087 W com.android.se: Suspending all threads took: 5.290ms
04-20 12:57:12.690 213 213 I tombstoned: received crash request for pid 1076
04-20 12:57:12.690 213 213 I tombstoned: found intercept fd 512 for pid 1076 and type kDebuggerdJavaBacktrace
04-20 12:57:12.691 213 213 W tombstoned: skipping tombstone file creation due to intercept
04-20 12:57:12.693 554 984 W ActivityManager: Slow operation: 238ms so far, now at attachApplicationLocked: immediately after bindApplication
04-20 12:57:12.694 554 984 W ActivityManager: Slow operation: 239ms so far, now at attachApplicationLocked: after updateLruProcessLocked
04-20 12:57:12.698 554 1357 I system_server: libdebuggerd_client: done dumping process 1076
04-20 12:57:12.700 1076 1087 I com.android.se: Wrote stack traces to tombstoned
04-20 12:57:12.757 554 1357 I ActivityManager: Collecting stacks for pid 1039
04-20 12:57:12.794 1411 1411 D CompatibilityChangeReporter: Compat change id reported: 171979766; UID 10054; state: ENABLED
04-20 12:57:12.795 1411 1411 D CompatibilityChangeReporter: Compat change id reported: 242716250; UID 10054; state: ENABLED
04-20 12:57:12.809 554 587 I UsageStatsService: Starting migration to system CE for user 0
04-20 12:57:12.813 554 1357 I system_server: libdebuggerd_client: started dumping process 1039
04-20 12:57:12.839 213 213 I tombstoned: registered intercept for pid 1039 and type kDebuggerdJavaBacktrace
04-20 12:57:12.842 554 675 D CompatibilityChangeReporter: Compat change id reported: 135634846; UID 10088; state: DISABLED
04-20 12:57:12.853 554 554 W Looper : Slow dispatch took 110ms main h=com.android.providers.settings.SettingsProvider$SettingsRegistry$MyHandler c=null m=2
04-20 12:57:12.856 1039 1045 I rkstack.process: Thread[4,tid=1045,WaitingInMainSignalCatcherLoop,Thread*=0x7704e52a9a60,peer=0x130401c8,"Signal Catcher"]: reacting to signal 3
04-20 12:57:12.857 1039 1045 I rkstack.process:
04-20 12:57:12.860 554 642 D CompatibilityChangeReporter: Compat change id reported: 265195908; UID 10091; state: ENABLED
04-20 12:57:12.863 554 642 D CompatibilityChangeReporter: Compat change id reported: 265195908; UID 10054; state: ENABLED
04-20 12:57:12.867 554 554 V NotificationAssistants: 0 notification assistant service connected: ComponentInfo{android.ext.services/android.ext.services.notification.Assistant}
04-20 12:57:12.874 554 589 W ActivityManager: Slow operation: 101ms so far, now at startProcess: asking zygote to start proc
04-20 12:57:12.875 554 589 D CompatibilityChangeReporter: Compat change id reported: 143937733; UID 10088; state: ENABLED
04-20 12:57:12.888 554 675 W ActivityManager: Slow operation: 134ms so far, now at startProcess: done starting proc!
04-20 12:57:12.889 554 675 I StorageUserConnection: Bound to the ExternalStorageService for user 0
04-20 12:57:12.926 554 587 I UsageStatsService: Finished migration to system CE for user 0
04-20 12:57:12.957 347 347 D Zygote : Forked child process 1435
04-20 12:57:13.028 554 589 W ActivityManager: Slow operation: 255ms so far, now at startProcess: returned from zygote!
04-20 12:57:13.131 554 554 W Looper : Slow dispatch took 172ms main h=android.os.Handler c=ServiceConnector@251(Intent { act=android.app.role.RoleControllerService cmp=com.android.permissioncontroller/.role.service.RoleControllerServiceImpl }, user: 0)[Unbinding...] m=0
04-20 12:57:13.149 554 628 D CompatibilityChangeReporter: Compat change id reported: 170503758; UID 10054; state: ENABLED
04-20 12:57:13.188 1411 1411 D CompatibilityChangeReporter: Compat change id reported: 3400644; UID 10054; state: ENABLED
04-20 12:57:13.278 554 554 W Looper : Slow dispatch took 137ms main h=com.android.providers.settings.SettingsProvider$SettingsRegistry$MyHandler c=null m=1
04-20 12:57:13.299 1411 1411 D nativeloader: Configuring clns-shared-6 for other apk /system/priv-app/CellBroadcastLegacyApp/CellBroadcastLegacyApp.apk. target_sdk_version=34, uses_libraries=, library_path=/system/priv-app/CellBroadcastLegacyApp/lib/x86_64:/system/lib64:/system_ext/lib64, permitted_path=/data:/mnt/expand:/data/user_de/0/com.android.cellbroadcastreceiver:/system/priv-app/CellBroadcastLegacyApp:/system/lib64:/system_ext/lib64
04-20 12:57:13.317 1435 1435 I rs.media.module: Using CollectorTypeCC GC.
04-20 12:57:13.343 1435 1435 W rs.media.module: Unexpected CPU variant for x86: x86_64.
04-20 12:57:13.343 1435 1435 W rs.media.module: Known variants: atom, sandybridge, silvermont, goldmont, goldmont-plus, tremont, kabylake, default
04-20 12:57:13.406 1435 1435 E rs.media.module: Not starting debugger since process cannot load the jdwp agent.
04-20 12:57:13.442 1411 1411 V GraphicsEnvironment: Currently set values for:
04-20 12:57:13.442 1411 1411 V GraphicsEnvironment: angle_gl_driver_selection_pkgs=[]
04-20 12:57:13.442 1411 1411 V GraphicsEnvironment: angle_gl_driver_selection_values=[]
04-20 12:57:13.292 554 588 W SystemServiceManager: Service com.android.server.midi.MidiService$Lifecycle took 7370 ms in onUnlockingUser-0
04-20 12:57:13.449 554 642 W BroadcastLoopers: Found previously unknown looper Thread[appscheduling.default,5,main]
04-20 12:57:13.456 1411 1411 V GraphicsEnvironment: ANGLE GameManagerService for com.android.cellbroadcastreceiver: false
04-20 12:57:13.456 1411 1411 V GraphicsEnvironment: com.android.cellbroadcastreceiver is not listed in per-application setting
04-20 12:57:13.457 1411 1411 V GraphicsEnvironment: Neither updatable production driver nor prerelease driver is supported.
04-20 12:57:13.463 554 929 W Looper : Slow dispatch took 957ms android.perm h=android.os.Handler c=com.android.internal.infra.ServiceConnector$Impl$$ExternalSyntheticLambda1@6605c53 m=0
04-20 12:57:13.514 1411 1411 D LegacyCellBroadcastContentProvider: onCreate
04-20 12:57:13.553 554 575 W Looper : Slow dispatch took 940ms android.fg h=com.android.server.DropBoxManagerService$DropBoxManagerBroadcastHandler c=null m=2
04-20 12:57:13.554 554 588 V SystemServerTimingAsync: ssm.onUnlockingUser-0_com.android.server.midi.MidiService$Lifecycle took to complete: 7603ms
04-20 12:57:13.554 554 588 D SystemServerTimingAsync: ssm.onUnlockingUser-0_com.android.server.adb.AdbService$Lifecycle
04-20 12:57:13.554 554 588 V SystemServerTimingAsync: ssm.onUnlockingUser-0_com.android.server.adb.AdbService$Lifecycle took to complete: 0ms
04-20 12:57:13.555 554 588 D SystemServerTimingAsync: ssm.onUnlockingUser-0_com.android.server.usb.UsbService$Lifecycle
04-20 12:57:13.596 213 213 I tombstoned: received crash request for pid 1039
04-20 12:57:13.596 213 213 I tombstoned: found intercept fd 512 for pid 1039 and type kDebuggerdJavaBacktrace
04-20 12:57:13.603 1039 1045 I rkstack.process: Wrote stack traces to tombstoned
04-20 12:57:13.610 554 575 W Looper : Drained
04-20 12:57:13.610 554 588 W SystemServiceManager: Service com.android.server.usb.UsbService$Lifecycle took 56 ms in onUnlockingUser-0
04-20 12:57:13.611 554 588 V SystemServerTimingAsync: ssm.onUnlockingUser-0_com.android.server.usb.UsbService$Lifecycle took to complete: 56ms
04-20 12:57:13.611 554 588 D SystemServerTimingAsync: ssm.onUnlockingUser-0_com.android.server.twilight.TwilightService
04-20 12:57:13.611 554 588 V SystemServerTimingAsync: ssm.onUnlockingUser-0_com.android.server.twilight.TwilightService took to complete: 0ms
04-20 12:57:13.611 554 588 D SystemServerTimingAsync: ssm.onUnlockingUser-0_com.android.server.display.color.ColorDisplayService
04-20 12:57:13.611 554 588 V SystemServerTimingAsync: ssm.onUnlockingUser-0_com.android.server.display.color.ColorDisplayService took to complete: 0ms
04-20 12:57:13.611 554 588 D SystemServerTimingAsync: ssm.onUnlockingUser-0_com.android.server.job.JobSchedulerService
