04-20 12:56:48.929 554 578 V ActivityManagerTiming: OnBootPhase_1000_com.android.server.uri.UriGrantsManagerService$Lifecycle took to complete: 0ms
04-20 12:56:48.929 554 578 D ActivityManagerTiming: OnBootPhase_1000_com.android.server.powerstats.PowerStatsService
04-20 12:56:48.939 554 984 E InputDispatcher: Received out of order window infos update. Last update vsync id: 8389754706580811364, current update vsync id: 306
04-20 12:56:48.981 554 984 D CompatibilityChangeReporter: Compat change id reported: 214016041; UID 10085; state: DISABLED
04-20 12:56:48.984 0 0 I servicemanager: Found android.hardware.biometrics.fingerprint.IFingerprint/default in device VINTF manifest.
04-20 12:56:49.001 554 984 I ImeTracker: com.android.fakesystemapp:44a3f559: onRequestHide at ORIGIN_SERVER_HIDE_INPUT reason HIDE_UNSPECIFIED_WINDOW
04-20 12:56:49.002 554 984 I ImeTracker: com.android.fakesystemapp:44a3f559: onCancelled at PHASE_SERVER_SHOULD_HIDE
04-20 12:56:49.002 0 0 I BpBinder: onLastStrongRef automatically unlinking death recipients:
04-20 12:56:49.022 1155 1155 E fingerprint-service.ranchu: openFile:48 open('/data/vendor_de/0/fpdata/sensor0.bin', output=0) failed with errno=2
04-20 12:56:49.023 1155 1155 D fingerprint-service.ranchu: 0x7f47d689e930:Session: New session: sensorId=0 userId=0
04-20 12:56:49.039 554 554 D FingerprintProvider/default/0: New session created for user: 0 with hal version: 3
04-20 12:56:49.045 554 554 W Looper : Slow dispatch took 1135ms main h=android.os.Handler c=com.android.server.biometrics.sensors.fingerprint.aidl.FingerprintProvider$$ExternalSyntheticLambda2@921219f m=0
04-20 12:56:49.091 1099 1099 D CarrierIdProvider: update database from pb. inserted rows = 2655
04-20 12:56:49.094 554 554 D ConditionProviders.SCP: onSubscribe condition://android/schedule?days=1.2.3.4.5.6.7&start=22.0&end=7.0&exitAtAlarm=true
04-20 12:56:49.099 1099 1099 D CarrierIdProvider: update version number: 700001a relative version: 26
04-20 12:56:49.107 554 554 D ConditionProviders.SCP: setRegistered true
04-20 12:56:49.133 554 883 W ActivityThread: Failed to find provider info for com.android.calendar (user not unlocked)
04-20 12:56:49.137 554 883 W ActivityThread: Failed to find provider info for com.android.calendar (user not unlocked)
04-20 12:56:49.140 554 883 D CompatibilityChangeReporter: Compat change id reported: 218533173; UID 1000; state: ENABLED
04-20 12:56:49.191 554 554 D ConditionProviders.SCP: evaluateSubscriptionLocked cal=ScheduleCalendar[mDays={1, 2, 3, 4, 5, 6, 7}, mSchedule=ScheduleInfo{days=[1, 2, 3, 4, 5, 6, 7], startHour=22, startMinute=0, endHour=7, endMinute=0, exitAtAlarm=true, nextAlarm=Thu Jan 01 00:00:00 UTC 1970 (0)}], now=Mon Apr 20 12:56:49 UTC 2026 (1776689809106), nextUserAlarmTime=Thu Jan 01 00:00:00 UTC 1970 (0)
04-20 12:56:49.193 554 554 D ConditionProviders.SCP: notifyCondition condition://android/schedule?days=1.2.3.4.5.6.7&start=22.0&end=7.0&exitAtAlarm=true STATE_FALSE reason=!meetsSchedule
04-20 12:56:49.199 554 554 D ConditionProviders.SCP: Scheduling evaluate for Mon Apr 20 22:00:00 UTC 2026 (1776722400000), in +9h3m10s894ms, now=Mon Apr 20 12:56:49 UTC 2026 (1776689809106)
04-20 12:56:49.202 554 554 W Looper : Slow dispatch took 108ms main h=android.service.notification.ConditionProviderService$H c=null m=3
04-20 12:56:49.219 554 578 W SystemServiceManager: Service com.android.server.powerstats.PowerStatsService took 289 ms in onBootPhase
04-20 12:56:49.219 554 578 V ActivityManagerTiming: OnBootPhase_1000_com.android.server.powerstats.PowerStatsService took to complete: 290ms
04-20 12:56:49.219 554 578 D ActivityManagerTiming: OnBootPhase_1000_com.android.server.permission.access.AccessCheckingService
04-20 12:56:49.232 554 578 V ActivityManagerTiming: OnBootPhase_1000_com.android.server.permission.access.AccessCheckingService took to complete: 0ms
04-20 12:56:49.232 554 578 D ActivityManagerTiming: OnBootPhase_1000_com.android.server.wm.ActivityTaskManagerService$Lifecycle
04-20 12:56:49.232 554 578 V ActivityManagerTiming: OnBootPhase_1000_com.android.server.wm.ActivityTaskManagerService$Lifecycle took to complete: 0ms
04-20 12:56:49.232 554 578 D ActivityManagerTiming: OnBootPhase_1000_com.android.server.am.ActivityManagerService$Lifecycle
04-20 12:56:49.232 554 578 V ActivityManagerTiming: OnBootPhase_1000_com.android.server.am.ActivityManagerService$Lifecycle took to complete: 0ms
04-20 12:56:49.232 554 578 D ActivityManagerTiming: OnBootPhase_1000_com.android.server.pm.DataLoaderManagerService
04-20 12:56:49.232 554 578 V ActivityManagerTiming: OnBootPhase_1000_com.android.server.pm.DataLoaderManagerService took to complete: 0ms
04-20 12:56:49.233 554 578 D ActivityManagerTiming: OnBootPhase_1000_com.android.server.power.PowerManagerService
04-20 12:56:49.237 554 605 I DisplayBrightnessStrategySelector: Changing the DisplayBrightnessStrategy from OverrideBrightnessStrategy toInvalidBrightnessStrategy for display 0
04-20 12:56:49.238 554 605 V DisplayPowerController2[0]: Brightness [0.39763778] reason changing to: 'manual', previous reason: 'override'.
04-20 12:56:49.239 554 605 I DisplayPowerController2[0]: BrightnessEvent: disp=0, physDisp=local:4619827259835644672, brt=0.39763778, initBrt=0.39763778, rcmdBrt=NaN, preBrt=NaN, lux=0.0, preLux=0.0, hbmMax=1.0, hbmMode=off, rbcStrength=0, thrmMax=1.0, powerFactor=1.0, wasShortTermModelActive=false, flags=, reason=manual, autoBrightness=false, strategy=InvalidBrightnessStrategy
04-20 12:56:49.249 554 578 V ActivityManagerTiming: OnBootPhase_1000_com.android.server.power.PowerManagerService took to complete: 16ms
04-20 12:56:49.249 554 578 D ActivityManagerTiming: OnBootPhase_1000_com.android.server.power.ThermalManagerService
04-20 12:56:49.249 554 578 V ActivityManagerTiming: OnBootPhase_1000_com.android.server.power.ThermalManagerService took to complete: 0ms
04-20 12:56:49.250 554 578 D ActivityManagerTiming: OnBootPhase_1000_com.android.server.power.hint.HintManagerService
04-20 12:56:49.251 554 578 V ActivityManagerTiming: OnBootPhase_1000_com.android.server.power.hint.HintManagerService took to complete: 1ms
04-20 12:56:49.251 554 578 D ActivityManagerTiming: OnBootPhase_1000_com.android.server.recoverysystem.RecoverySystemService$Lifecycle
04-20 12:56:49.251 554 578 V ActivityManagerTiming: OnBootPhase_1000_com.android.server.recoverysystem.RecoverySystemService$Lifecycle took to complete: 0ms
04-20 12:56:49.256 554 578 D ActivityManagerTiming: OnBootPhase_1000_com.android.server.lights.LightsService
04-20 12:56:49.256 554 578 V ActivityManagerTiming: OnBootPhase_1000_com.android.server.lights.LightsService took to complete: 0ms
04-20 12:56:49.256 554 578 D ActivityManagerTiming: OnBootPhase_1000_com.android.server.display.DisplayManagerService
04-20 12:56:49.257 554 578 I LogicalDisplayMapper: Requesting Transition to state: 0, from state=-1, interactive=true, mBootCompleted=true
04-20 12:56:49.258 554 578 I LogicalDisplayMapper: Applying layout: [{dispId: 0(ON), displayGroupName: , addr: {port=0, model=0x401cec6a7a2b7b}, mThermalBrightnessThrottlingMapId: null, mRefreshRateZoneId: null, mLeadDisplayId: -1, mThermalRefreshRateThrottlingMapId: null}], Previous layout: [{dispId: 0(ON), displayGroupName: , addr: {port=0, model=0x401cec6a7a2b7b}, mThermalBrightnessThrottlingMapId: null, mRefreshRateZoneId: null, mLeadDisplayId: -1, mThermalRefreshRateThrottlingMapId: null}]
04-20 12:56:49.259 554 578 V ActivityManagerTiming: OnBootPhase_1000_com.android.server.display.DisplayManagerService took to complete: 2ms
04-20 12:56:49.259 554 578 D ActivityManagerTiming: OnBootPhase_1000_com.android.server.pm.verify.domain.DomainVerificationService
04-20 12:56:49.263 554 578 V ActivityManagerTiming: OnBootPhase_1000_com.android.server.pm.verify.domain.DomainVerificationService took to complete: 3ms
04-20 12:56:49.272 554 578 D ActivityManagerTiming: OnBootPhase_1000_com.android.server.pm.PackageInstallerService$Lifecycle
04-20 12:56:49.272 554 578 V ActivityManagerTiming: OnBootPhase_1000_com.android.server.pm.PackageInstallerService$Lifecycle took to complete: 0ms
04-20 12:56:49.272 554 578 D ActivityManagerTiming: OnBootPhase_1000_com.android.server.pm.UserManagerService$LifeCycle
04-20 12:56:49.273 554 578 V ActivityManagerTiming: OnBootPhase_1000_com.android.server.pm.UserManagerService$LifeCycle took to complete: 0ms
04-20 12:56:49.273 554 578 D ActivityManagerTiming: OnBootPhase_1000_com.android.server.om.OverlayManagerService
04-20 12:56:49.273 554 578 V ActivityManagerTiming: OnBootPhase_1000_com.android.server.om.OverlayManagerService took to complete: 0ms
04-20 12:56:49.273 554 578 D ActivityManagerTiming: OnBootPhase_1000_com.android.server.resources.ResourcesManagerService
04-20 12:56:49.273 554 578 V ActivityManagerTiming: OnBootPhase_1000_com.android.server.resources.ResourcesManagerService took to complete: 0ms
04-20 12:56:49.274 554 578 D ActivityManagerTiming: OnBootPhase_1000_com.android.server.sensorprivacy.SensorPrivacyService
04-20 12:56:49.274 554 578 V ActivityManagerTiming: OnBootPhase_1000_com.android.server.sensorprivacy.SensorPrivacyService took to complete: 0ms
04-20 12:56:49.274 554 578 D ActivityManagerTiming: OnBootPhase_1000_com.android.server.sensors.SensorService
04-20 12:56:49.274 554 578 V ActivityManagerTiming: OnBootPhase_1000_com.android.server.sensors.SensorService took to complete: 0ms
04-20 12:56:49.275 554 578 D ActivityManagerTiming: OnBootPhase_1000_com.android.server.SystemConfigService
04-20 12:56:49.275 554 578 V ActivityManagerTiming: OnBootPhase_1000_com.android.server.SystemConfigService took to complete: 0ms
04-20 12:56:49.275 554 578 D ActivityManagerTiming: OnBootPhase_1000_com.android.server.BatteryService
04-20 12:56:49.275 554 578 V ActivityManagerTiming: OnBootPhase_1000_com.android.server.BatteryService took to complete: 0ms
04-20 12:56:49.282 554 578 D ActivityManagerTiming: OnBootPhase_1000_com.android.server.usage.UsageStatsService
04-20 12:56:49.283 554 578 V ActivityManagerTiming: OnBootPhase_1000_com.android.server.usage.UsageStatsService took to complete: 1ms
04-20 12:56:49.292 554 578 D ActivityManagerTiming: OnBootPhase_1000_com.android.server.webkit.WebViewUpdateService
04-20 12:56:49.292 554 578 V ActivityManagerTiming: OnBootPhase_1000_com.android.server.webkit.WebViewUpdateService took to complete: 0ms
04-20 12:56:49.293 554 578 D ActivityManagerTiming: OnBootPhase_1000_com.android.server.CachedDeviceStateService
04-20 12:56:49.293 554 578 V ActivityManagerTiming: OnBootPhase_1000_com.android.server.CachedDeviceStateService took to complete: 0ms
04-20 12:56:49.293 554 578 D ActivityManagerTiming: OnBootPhase_1000_com.android.server.BinderCallsStatsService$LifeCycle
04-20 12:56:49.293 554 578 V ActivityManagerTiming: OnBootPhase_1000_com.android.server.BinderCallsStatsService$LifeCycle took to complete: 0ms
04-20 12:56:49.294 554 578 D ActivityManagerTiming: OnBootPhase_1000_com.android.server.LooperStatsService$Lifecycle
04-20 12:56:49.294 554 578 V ActivityManagerTiming: OnBootPhase_1000_com.android.server.LooperStatsService$Lifecycle took to complete: 0ms
04-20 12:56:49.294 554 578 D ActivityManagerTiming: OnBootPhase_1000_com.android.server.rollback.RollbackManagerService
04-20 12:56:49.300 554 578 V ActivityManagerTiming: OnBootPhase_1000_com.android.server.rollback.RollbackManagerService took to complete: 2ms
04-20 12:56:49.300 554 578 D ActivityManagerTiming: OnBootPhase_1000_com.android.server.os.NativeTombstoneManagerService
04-20 12:56:49.300 554 578 V ActivityManagerTiming: OnBootPhase_1000_com.android.server.os.NativeTombstoneManagerService took to complete: 0ms
04-20 12:56:49.301 554 578 D ActivityManagerTiming: OnBootPhase_1000_com.android.server.os.BugreportManagerService
04-20 12:56:49.301 554 578 V ActivityManagerTiming: OnBootPhase_1000_com.android.server.os.BugreportManagerService took to complete: 0ms
04-20 12:56:49.301 554 578 D ActivityManagerTiming: OnBootPhase_1000_com.android.server.gpu.GpuService
04-20 12:56:49.301 554 578 V ActivityManagerTiming: OnBootPhase_1000_com.android.server.gpu.GpuService took to complete: 0ms
04-20 12:56:49.302 554 578 D ActivityManagerTiming: OnBootPhase_1000_com.android.server.security.rkp.RemoteProvisioningService
04-20 12:56:49.302 554 578 V ActivityManagerTiming: OnBootPhase_1000_com.android.server.security.rkp.RemoteProvisioningService took to complete: 0ms
04-20 12:56:49.302 554 578 D ActivityManagerTiming: OnBootPhase_1000_com.android.server.cpu.CpuMonitorService
04-20 12:56:49.302 554 578 V ActivityManagerTiming: OnBootPhase_1000_com.android.server.cpu.CpuMonitorService took to complete: 0ms
04-20 12:56:49.302 554 578 D ActivityManagerTiming: OnBootPhase_1000_com.android.server.security.KeyChainSystemService
04-20 12:56:49.303 554 578 V ActivityManagerTiming: OnBootPhase_1000_com.android.server.security.KeyChainSystemService took to complete: 0ms
04-20 12:56:49.303 554 578 D ActivityManagerTiming: OnBootPhase_1000_com.android.server.BinaryTransparencyService
04-20 12:56:49.303 554 578 I TransparencyService: Boot completed. Getting VBMeta Digest.
04-20 12:56:49.312 554 578 D TransparencyService: VBMeta Digest: de2e3763053c074eec1bb4238806b9c27684a362b2c40956fdaf5f6baf549ea3
04-20 12:56:49.316 554 578 I TransparencyService: Boot completed. Collecting biometric system properties.
04-20 12:56:49.317 554 578 I TransparencyService: Scheduling measurements to be taken.
04-20 12:56:49.317 554 578 I TransparencyService: Scheduling binary content-digest computation job
04-20 12:56:49.328 554 578 D TransparencyService: Job 1740526926 to measure binaries was scheduled successfully.
04-20 12:56:49.328 554 578 D TransparencyService: Registering APK & Non-Staged APEX updates...
04-20 12:56:49.329 554 578 D TransparencyService: Registering APEX updates...
04-20 12:56:49.337 554 578 V ActivityManagerTiming: OnBootPhase_1000_com.android.server.BinaryTransparencyService took to complete: 34ms
04-20 12:56:49.337 554 578 D ActivityManagerTiming: OnBootPhase_1000_com.android.server.telecom.TelecomLoaderService
04-20 12:56:49.337 554 578 V ActivityManagerTiming: OnBootPhase_1000_com.android.server.telecom.TelecomLoaderService took to complete: 0ms
04-20 12:56:49.338 554 578 D ActivityManagerTiming: OnBootPhase_1000_com.android.server.accounts.AccountManagerService$Lifecycle
04-20 12:56:49.338 554 578 V ActivityManagerTiming: OnBootPhase_1000_com.android.server.accounts.AccountManagerService$Lifecycle took to complete: 0ms
04-20 12:56:49.338 554 578 D ActivityManagerTiming: OnBootPhase_1000_com.android.server.content.ContentService$Lifecycle
04-20 12:56:49.338 554 578 V ActivityManagerTiming: OnBootPhase_1000_com.android.server.content.ContentService$Lifecycle took to complete: 0ms
04-20 12:56:49.338 554 578 D ActivityManagerTiming: OnBootPhase_1000_com.android.server.deviceconfig.DeviceConfigInit$Lifecycle
04-20 12:56:49.338 554 578 V ActivityManagerTiming: OnBootPhase_1000_com.android.server.deviceconfig.DeviceConfigInit$Lifecycle took to complete: 0ms
04-20 12:56:49.338 554 578 D ActivityManagerTiming: OnBootPhase_1000_com.android.server.DropBoxManagerService
04-20 12:56:49.338 554 578 V ActivityManagerTiming: OnBootPhase_1000_com.android.server.DropBoxManagerService took to complete: 0ms
04-20 12:56:49.338 554 578 D ActivityManagerTiming: OnBootPhase_1000_com.android.role.RoleService
04-20 12:56:49.338 554 578 V ActivityManagerTiming: OnBootPhase_1000_com.android.role.RoleService took to complete: 0ms
04-20 12:56:49.339 554 578 D ActivityManagerTiming: OnBootPhase_1000_com.android.server.vibrator.VibratorManagerService$Lifecycle
04-20 12:56:49.339 554 578 V ActivityManagerTiming: OnBootPhase_1000_com.android.server.vibrator.VibratorManagerService$Lifecycle took to complete: 0ms
04-20 12:56:49.339 554 578 D ActivityManagerTiming: OnBootPhase_1000_com.android.server.tare.InternalResourceService
04-20 12:56:49.339 554 578 V ActivityManagerTiming: OnBootPhase_1000_com.android.server.tare.InternalResourceService took to complete: 0ms
04-20 12:56:49.339 554 578 D ActivityManagerTiming: OnBootPhase_1000_com.android.server.alarm.AlarmManagerService
04-20 12:56:49.339 554 578 V ActivityManagerTiming: OnBootPhase_1000_com.android.server.alarm.AlarmManagerService took to complete: 0ms
04-20 12:56:49.339 554 578 D ActivityManagerTiming: OnBootPhase_1000_com.android.server.devicestate.DeviceStateManagerService
04-20 12:56:49.339 554 578 V ActivityManagerTiming: OnBootPhase_1000_com.android.server.devicestate.DeviceStateManagerService took to complete: 0ms
04-20 12:56:49.339 554 578 D ActivityManagerTiming: OnBootPhase_1000_com.android.server.camera.CameraServiceProxy
04-20 12:56:49.350 554 646 D RollbackManager: mRollbackLifetimeDurationInMillis=1209600000
04-20 12:56:49.400 554 578 W SystemServiceManager: Service com.android.server.camera.CameraServiceProxy took 60 ms in onBootPhase
04-20 12:56:49.401 554 578 V ActivityManagerTiming: OnBootPhase_1000_com.android.server.camera.CameraServiceProxy took to complete: 61ms
04-20 12:56:49.402 554 578 D ActivityManagerTiming: OnBootPhase_1000_com.android.server.bluetooth.BluetoothService
04-20 12:56:49.402 554 578 V ActivityManagerTiming: OnBootPhase_1000_com.android.server.bluetooth.BluetoothService took to complete: 0ms
04-20 12:56:49.403 554 578 D ActivityManagerTiming: OnBootPhase_1000_com.android.server.connectivity.IpConnectivityMetrics
04-20 12:56:49.403 554 578 V ActivityManagerTiming: OnBootPhase_1000_com.android.server.connectivity.IpConnectivityMetrics took to complete: 0ms
04-20 12:56:49.424 554 578 D ActivityManagerTiming: OnBootPhase_1000_com.android.server.net.watchlist.NetworkWatchlistService$Lifecycle
04-20 12:56:49.425 554 578 V ActivityManagerTiming: OnBootPhase_1000_com.android.server.net.watchlist.NetworkWatchlistService$Lifecycle took to complete: 0ms
04-20 12:56:49.425 554 578 D ActivityManagerTiming: OnBootPhase_1000_com.android.server.PinnerService
04-20 12:56:49.425 554 578 V ActivityManagerTiming: OnBootPhase_1000_com.android.server.PinnerService took to complete: 0ms
04-20 12:56:49.425 554 578 D ActivityManagerTiming: OnBootPhase_1000_com.android.server.integrity.AppIntegrityManagerService
04-20 12:56:49.425 554 578 V ActivityManagerTiming: OnBootPhase_1000_com.android.server.integrity.AppIntegrityManagerService took to complete: 0ms
04-20 12:56:49.425 554 578 D ActivityManagerTiming: OnBootPhase_1000_com.android.server.logcat.LogcatManagerService
04-20 12:56:49.425 554 578 V ActivityManagerTiming: OnBootPhase_1000_com.android.server.logcat.LogcatManagerService took to complete: 0ms
04-20 12:56:49.425 554 578 D ActivityManagerTiming: OnBootPhase_1000_com.android.server.inputmethod.InputMethodManagerService$Lifecycle
04-20 12:56:49.458 554 578 V ActivityManagerTiming: OnBootPhase_1000_com.android.server.inputmethod.InputMethodManagerService$Lifecycle took to complete: 0ms
04-20 12:56:49.458 554 578 D ActivityManagerTiming: OnBootPhase_1000_com.android.server.accessibility.AccessibilityManagerService$Lifecycle
04-20 12:56:49.459 554 578 V ActivityManagerTiming: OnBootPhase_1000_com.android.server.accessibility.AccessibilityManagerService$Lifecycle took to complete: 0ms
04-20 12:56:49.459 554 578 D ActivityManagerTiming: OnBootPhase_1000_com.android.server.StorageManagerService$Lifecycle
04-20 12:56:49.459 554 578 V ActivityManagerTiming: OnBootPhase_1000_com.android.server.StorageManagerService$Lifecycle took to complete: 0ms
04-20 12:56:49.459 554 578 D ActivityManagerTiming: OnBootPhase_1000_com.android.server.usage.StorageStatsService$Lifecycle
04-20 12:56:49.459 554 578 V ActivityManagerTiming: OnBootPhase_1000_com.android.server.usage.StorageStatsService$Lifecycle took to complete: 0ms
04-20 12:56:49.459 554 578 D ActivityManagerTiming: OnBootPhase_1000_com.android.server.UiModeManagerService
04-20 12:56:49.459 554 578 V ActivityManagerTiming: OnBootPhase_1000_com.android.server.UiModeManagerService took to complete: 0ms
04-20 12:56:49.459 554 578 D ActivityManagerTiming: OnBootPhase_1000_com.android.server.locales.LocaleManagerService
04-20 12:56:49.459 554 578 V ActivityManagerTiming: OnBootPhase_1000_com.android.server.locales.LocaleManagerService took to complete: 0ms
04-20 12:56:49.465 554 578 D ActivityManagerTiming: OnBootPhase_1000_com.android.server.grammaticalinflection.GrammaticalInflectionService
04-20 12:56:49.466 554 578 V ActivityManagerTiming: OnBootPhase_1000_com.android.server.grammaticalinflection.GrammaticalInflectionService took to complete: 0ms
04-20 12:56:49.466 554 578 D ActivityManagerTiming: OnBootPhase_1000_com.android.server.apphibernation.AppHibernationService
04-20 12:56:49.468 554 554 W Looper : Slow dispatch took 127ms main h=android.os.Handler c=null m=1
04-20 12:56:49.481 554 675 D StorageManagerService: Thinking about reset, mBootCompleted=true, mDaemonConnected=true
04-20 12:56:49.482 554 675 I StorageSessionController: Started resetting external storage service...
04-20 12:56:49.482 554 675 I StorageSessionController: Finished resetting external storage service
04-20 12:56:49.482 554 675 I StorageManagerService: Resetting vold...
04-20 12:56:49.483 554 578 V ActivityManagerTiming: OnBootPhase_1000_com.android.server.apphibernation.AppHibernationService took to complete: 18ms
04-20 12:56:49.494 554 578 D ActivityManagerTiming: OnBootPhase_1000_com.android.server.locksettings.LockSettingsService$Lifecycle
04-20 12:56:49.495 554 578 V ActivityManagerTiming: OnBootPhase_1000_com.android.server.locksettings.LockSettingsService$Lifecycle took to complete: 0ms
04-20 12:56:49.495 554 578 D ActivityManagerTiming: OnBootPhase_1000_com.android.server.testharness.TestHarnessModeService
04-20 12:56:49.505 554 675 I StorageManagerService: Reset vold
04-20 12:56:49.506 167 170 I vold : onUserAdded: 0
04-20 12:56:49.508 554 1169 I HibernationStateDiskStore: No hibernation file on disk for file /data/system/hibernation/states
04-20 12:56:49.510 554 578 D TestHarnessModeService: Completing Test Harness Mode setup.
04-20 12:56:49.510 554 578 D TestHarnessModeService: Getting PersistentDataBlockManagerInternal from LocalServices
04-20 12:56:49.510 554 578 E TestHarnessModeService: Failed to start Test Harness Mode; no implementation of PersistentDataBlockManagerInternal was bound!
04-20 12:56:49.514 554 578 V ActivityManagerTiming: OnBootPhase_1000_com.android.server.testharness.TestHarnessModeService took to complete: 19ms
04-20 12:56:49.514 554 578 D ActivityManagerTiming: OnBootPhase_1000_com.android.server.DeviceIdleController
04-20 12:56:49.514 554 578 V ActivityManagerTiming: OnBootPhase_1000_com.android.server.DeviceIdleController took to complete: 0ms
04-20 12:56:49.515 554 578 D ActivityManagerTiming: OnBootPhase_1000_com.android.server.devicepolicy.DevicePolicyManagerService$Lifecycle
04-20 12:56:49.515 554 578 V ActivityManagerTiming: OnBootPhase_1000_com.android.server.devicepolicy.DevicePolicyManagerService$Lifecycle took to complete: 0ms
04-20 12:56:49.515 554 578 D ActivityManagerTiming: OnBootPhase_1000_com.android.server.texttospeech.TextToSpeechManagerService
04-20 12:56:49.515 554 578 V ActivityManagerTiming: OnBootPhase_1000_com.android.server.texttospeech.TextToSpeechManagerService took to complete: 0ms
04-20 12:56:49.537 554 578 D ActivityManagerTiming: OnBootPhase_1000_com.android.server.ambientcontext.AmbientContextManagerService
04-20 12:56:49.541 554 578 V ActivityManagerTiming: OnBootPhase_1000_com.android.server.ambientcontext.AmbientContextManagerService took to complete: 0ms
04-20 12:56:49.543 554 578 D ActivityManagerTiming: OnBootPhase_1000_com.android.server.wearable.WearableSensingManagerService
04-20 12:56:49.543 554 578 V ActivityManagerTiming: OnBootPhase_1000_com.android.server.wearable.WearableSensingManagerService took to complete: 0ms
04-20 12:56:49.543 554 578 D ActivityManagerTiming: OnBootPhase_1000_com.android.server.speech.SpeechRecognitionManagerService
04-20 12:56:49.556 554 578 V ActivityManagerTiming: OnBootPhase_1000_com.android.server.speech.SpeechRecognitionManagerService took to complete: 0ms
04-20 12:56:49.556 554 578 D ActivityManagerTiming: OnBootPhase_1000_com.android.server.searchui.SearchUiManagerService
04-20 12:56:49.556 554 578 V ActivityManagerTiming: OnBootPhase_1000_com.android.server.searchui.SearchUiManagerService took to complete: 0ms
04-20 12:56:49.556 554 578 D ActivityManagerTiming: OnBootPhase_1000_com.android.server.smartspace.SmartspaceManagerService
04-20 12:56:49.556 554 578 V ActivityManagerTiming: OnBootPhase_1000_com.android.server.smartspace.SmartspaceManagerService took to complete: 0ms
04-20 12:56:49.557 554 578 D ActivityManagerTiming: OnBootPhase_1000_com.android.server.graphics.fonts.FontManagerService$Lifecycle
04-20 12:56:49.557 554 578 V ActivityManagerTiming: OnBootPhase_1000_com.android.server.graphics.fonts.FontManagerService$Lifecycle took to complete: 0ms
04-20 12:56:49.557 554 578 D ActivityManagerTiming: OnBootPhase_1000_com.android.server.textservices.TextServicesManagerService$Lifecycle
04-20 12:56:49.557 554 578 V ActivityManagerTiming: OnBootPhase_1000_com.android.server.textservices.TextServicesManagerService$Lifecycle took to complete: 0ms
04-20 12:56:49.557 554 578 D ActivityManagerTiming: OnBootPhase_1000_com.android.server.textclassifier.TextClassificationManagerService$Lifecycle
04-20 12:56:49.557 554 578 V ActivityManagerTiming: OnBootPhase_1000_com.android.server.textclassifier.TextClassificationManagerService$Lifecycle took to complete: 0ms
04-20 12:56:49.557 554 578 D ActivityManagerTiming: OnBootPhase_1000_com.android.server.NetworkScoreService$Lifecycle
04-20 12:56:49.557 554 578 V ActivityManagerTiming: OnBootPhase_1000_com.android.server.NetworkScoreService$Lifecycle took to complete: 0ms
04-20 12:56:49.557 554 578 D ActivityManagerTiming: OnBootPhase_1000_com.android.server.NetworkStatsServiceInitializer
04-20 12:56:49.557 554 578 V ActivityManagerTiming: OnBootPhase_1000_com.android.server.NetworkStatsServiceInitializer took to complete: 0ms
04-20 12:56:49.558 554 578 D ActivityManagerTiming: OnBootPhase_1000_com.android.server.wifi.WifiService
04-20 12:56:49.558 554 578 V ActivityManagerTiming: OnBootPhase_1000_com.android.server.wifi.WifiService took to complete: 1ms
04-20 12:56:49.559 554 578 D ActivityManagerTiming: OnBootPhase_1000_com.android.server.wifi.scanner.WifiScanningService
04-20 12:56:49.559 554 578 V ActivityManagerTiming: OnBootPhase_1000_com.android.server.wifi.scanner.WifiScanningService took to complete: 0ms
04-20 12:56:49.559 554 578 D ActivityManagerTiming: OnBootPhase_1000_com.android.server.wifi.p2p.WifiP2pService
04-20 12:56:49.559 554 578 V ActivityManagerTiming: OnBootPhase_1000_com.android.server.wifi.p2p.WifiP2pService took to complete: 0ms
04-20 12:56:49.559 554 578 D ActivityManagerTiming: OnBootPhase_1000_com.android.server.ConnectivityServiceInitializer
04-20 12:56:49.561 554 866 D WifiService: Handle boot completed
04-20 12:56:49.601 554 642 D AppStandbyController: Loaded headless system app cache in 314 ms: appIdleEnabled=false
04-20 12:56:49.609 554 578 V ActivityManagerTiming: OnBootPhase_1000_com.android.server.ConnectivityServiceInitializer took to complete: 49ms
04-20 12:56:49.620 554 578 D ActivityManagerTiming: OnBootPhase_1000_com.android.server.notification.NotificationManagerService
04-20 12:56:49.620 554 578 V ActivityManagerTiming: OnBootPhase_1000_com.android.server.notification.NotificationManagerService took to complete: 1ms
04-20 12:56:49.620 554 578 D ActivityManagerTiming: OnBootPhase_1000_com.android.server.storage.DeviceStorageMonitorService
04-20 12:56:49.620 554 578 V ActivityManagerTiming: OnBootPhase_1000_com.android.server.storage.DeviceStorageMonitorService took to complete: 0ms
04-20 12:56:49.620 554 578 D ActivityManagerTiming: OnBootPhase_1000_com.android.server.timedetector.TimeDetectorService$Lifecycle
04-20 12:56:49.621 554 578 V ActivityManagerTiming: OnBootPhase_1000_com.android.server.timedetector.TimeDetectorService$Lifecycle took to complete: 0ms
04-20 12:56:49.621 554 578 D ActivityManagerTiming: OnBootPhase_1000_com.android.server.location.LocationManagerService$Lifecycle
04-20 12:56:49.621 554 578 V ActivityManagerTiming: OnBootPhase_1000_com.android.server.location.LocationManagerService$Lifecycle took to complete: 0ms
04-20 12:56:49.621 554 578 D ActivityManagerTiming: OnBootPhase_1000_com.android.server.timezonedetector.TimeZoneDetectorService$Lifecycle
04-20 12:56:49.621 554 578 V ActivityManagerTiming: OnBootPhase_1000_com.android.server.timezonedetector.TimeZoneDetectorService$Lifecycle took to complete: 0ms
04-20 12:56:49.659 0 0 I servicemanager: Notifying android.hardware.biometrics.fingerprint.IFingerprint/default they do (previously: don't) have clients when we now have a record of a client
04-20 12:56:49.621 554 578 D ActivityManagerTiming: OnBootPhase_1000_com.android.server.location.altitude.AltitudeService$Lifecycle
04-20 12:56:49.621 554 578 V ActivityManagerTiming: OnBootPhase_1000_com.android.server.location.altitude.AltitudeService$Lifecycle took to complete: 0ms
04-20 12:56:49.621 554 578 D ActivityManagerTiming: OnBootPhase_1000_com.android.server.timezonedetector.location.LocationTimeZoneManagerService$Lifecycle
04-20 12:56:49.621 554 578 V ActivityManagerTiming: OnBootPhase_1000_com.android.server.timezonedetector.location.LocationTimeZoneManagerService$Lifecycle took to complete: 0ms
04-20 12:56:49.622 554 578 D ActivityManagerTiming: OnBootPhase_1000_com.android.server.search.SearchManagerService$Lifecycle
04-20 12:56:49.622 554 578 V ActivityManagerTiming: OnBootPhase_1000_com.android.server.search.SearchManagerService$Lifecycle took to complete: 0ms
04-20 12:56:49.622 554 578 D ActivityManagerTiming: OnBootPhase_1000_com.android.server.wallpapereffectsgeneration.WallpaperEffectsGenerationManagerService
04-20 12:56:49.622 554 578 V ActivityManagerTiming: OnBootPhase_1000_com.android.server.wallpapereffectsgeneration.WallpaperEffectsGenerationManagerService took to complete: 0ms
04-20 12:56:49.622 554 578 D ActivityManagerTiming: OnBootPhase_1000_com.android.server.audio.AudioService$Lifecycle
04-20 12:56:49.622 554 578 V ActivityManagerTiming: OnBootPhase_1000_com.android.server.audio.AudioService$Lifecycle took to complete: 0ms
04-20 12:56:49.622 554 578 D ActivityManagerTiming: OnBootPhase_1000_com.android.server.soundtrigger_middleware.SoundTriggerMiddlewareService$Lifecycle
04-20 12:56:49.622 554 578 V ActivityManagerTiming: OnBootPhase_1000_com.android.server.soundtrigger_middleware.SoundTriggerMiddlewareService$Lifecycle took to complete: 0ms
04-20 12:56:49.622 554 578 D ActivityManagerTiming: OnBootPhase_1000_com.android.server.DockObserver
04-20 12:56:49.622 554 578 V ActivityManagerTiming: OnBootPhase_1000_com.android.server.DockObserver took to complete: 0ms
04-20 12:56:49.622 554 578 D ActivityManagerTiming: OnBootPhase_1000_com.android.server.midi.MidiService$Lifecycle
04-20 12:56:49.623 554 578 V ActivityManagerTiming: OnBootPhase_1000_com.android.server.midi.MidiService$Lifecycle took to complete: 0ms
04-20 12:56:49.623 554 578 D ActivityManagerTiming: OnBootPhase_1000_com.android.server.adb.AdbService$Lifecycle
04-20 12:56:49.623 554 578 V ActivityManagerTiming: OnBootPhase_1000_com.android.server.adb.AdbService$Lifecycle took to complete: 0ms
04-20 12:56:49.623 554 578 D ActivityManagerTiming: OnBootPhase_1000_com.android.server.usb.UsbService$Lifecycle
04-20 12:56:49.623 554 578 V ActivityManagerTiming: OnBootPhase_1000_com.android.server.usb.UsbService$Lifecycle took to complete: 0ms
04-20 12:56:49.623 554 578 D ActivityManagerTiming: OnBootPhase_1000_com.android.server.twilight.TwilightService
04-20 12:56:49.653 1155 1155 I AidlLazyServiceRegistrar: Process has 1 (of 1 available) client(s) in use after notification android.hardware.biometrics.fingerprint.IFingerprint/default has clients: 1
04-20 12:56:49.673 554 578 V ActivityManagerTiming: OnBootPhase_1000_com.android.server.twilight.TwilightService took to complete: 50ms
04-20 12:56:49.673 554 578 D ActivityManagerTiming: OnBootPhase_1000_com.android.server.display.color.ColorDisplayService
04-20 12:56:49.674 554 578 V ActivityManagerTiming: OnBootPhase_1000_com.android.server.display.color.ColorDisplayService took to complete: 0ms
04-20 12:56:49.674 554 578 D ActivityManagerTiming: OnBootPhase_1000_com.android.server.job.JobSchedulerService
04-20 12:56:49.674 554 578 V ActivityManagerTiming: OnBootPhase_1000_com.android.server.job.JobSchedulerService took to complete: 0ms
04-20 12:56:49.674 554 578 D ActivityManagerTiming: OnBootPhase_1000_com.android.server.soundtrigger.SoundTriggerService
04-20 12:56:49.674 554 578 D SoundTriggerService: onBootPhase: 1000 : false
04-20 12:56:49.675 554 578 V ActivityManagerTiming: OnBootPhase_1000_com.android.server.soundtrigger.SoundTriggerService took to complete: 1ms
04-20 12:56:49.675 554 578 D ActivityManagerTiming: OnBootPhase_1000_com.android.server.trust.TrustManagerService
04-20 12:56:49.703 554 578 V ActivityManagerTiming: OnBootPhase_1000_com.android.server.trust.TrustManagerService took to complete: 29ms
04-20 12:56:49.732 554 578 D ActivityManagerTiming: OnBootPhase_1000_com.android.server.backup.BackupManagerService$Lifecycle
04-20 12:56:49.732 554 578 V ActivityManagerTiming: OnBootPhase_1000_com.android.server.backup.BackupManagerService$Lifecycle took to complete: 0ms
04-20 12:56:49.733 554 578 D ActivityManagerTiming: OnBootPhase_1000_com.android.server.appwidget.AppWidgetService
04-20 12:56:49.733 554 578 V ActivityManagerTiming: OnBootPhase_1000_com.android.server.appwidget.AppWidgetService took to complete: 0ms
04-20 12:56:49.733 554 578 D ActivityManagerTiming: OnBootPhase_1000_com.android.server.voiceinteraction.VoiceInteractionManagerService
04-20 12:56:49.733 554 578 V ActivityManagerTiming: OnBootPhase_1000_com.android.server.voiceinteraction.VoiceInteractionManagerService took to complete: 1ms
04-20 12:56:49.733 554 578 D ActivityManagerTiming: OnBootPhase_1000_com.android.server.GestureLauncherService
04-20 12:56:49.734 554 578 V ActivityManagerTiming: OnBootPhase_1000_com.android.server.GestureLauncherService took to complete: 0ms
04-20 12:56:49.734 554 578 D ActivityManagerTiming: OnBootPhase_1000_com.android.server.SensorNotificationService
04-20 12:56:49.740 1039 1067 I Tethering: USB bcast connected:false configured:false rndis:false ncm:false
04-20 12:56:49.757 554 866 I WifiScoreCard: Installing MemoryStore
04-20 12:56:49.758 554 866 I WifiHealthMonitor: Installing MemoryStore
04-20 12:56:49.769 554 578 D CompatibilityChangeReporter: Compat change id reported: 168936375; UID 1000; state: ENABLED
04-20 12:56:49.818 554 575 W Looper : Slow dispatch took 176ms android.fg h=com.android.server.usb.UsbDeviceManager$UsbHandlerLegacy c=null m=4
04-20 12:56:49.822 554 866 D WifiNetworkFactory: Registering NetworkFactory
04-20 12:56:49.824 554 866 D UntrustedWifiNetworkFactory: Registering NetworkFactory
04-20 12:56:49.830 554 866 D RestrictedWifiNetworkFactory: Registering NetworkFactory
04-20 12:56:49.831 554 866 D OemPaidWifiNetworkFactory: Registering NetworkFactory
04-20 12:56:49.832 554 866 D MultiInternetWifiNetworkFactory: Registering NetworkFactory
04-20 12:56:49.880 554 875 D ConnectivityService: Got NetworkProvider Messenger for WifiNetworkFactory
04-20 12:56:49.881 554 875 D ConnectivityService: Got NetworkProvider Messenger for UntrustedWifiNetworkFactory
04-20 12:56:49.881 554 875 D ConnectivityService: Got NetworkProvider Messenger for RestrictedWifiNetworkFactory
04-20 12:56:49.882 554 875 D ConnectivityService: Got NetworkProvider Messenger for OemPaidWifiNetworkFactory
04-20 12:56:49.882 554 875 D ConnectivityService: Got NetworkProvider Messenger for MultiInternetWifiNetworkFactory
04-20 12:56:49.913 0 0 I servicemanager: Found android.hardware.wifi.IWifi/default in device VINTF manifest.
04-20 12:56:49.929 1069 1069 W ActivityThread: Failed to find provider info for bluetooth_legacy.provider (user not unlocked)
04-20 12:56:49.930 1069 1069 D DataMigration: Legacy migration skiped: no migration app installed
04-20 12:56:49.967 554 866 E WifiChipAidlImpl: getUsableChannels failed with service-specific exception: android.os.ServiceSpecificException: (code 4)
04-20 12:56:49.998 1099 1099 D SatelliteProvider: onCreate
04-20 12:56:50.000 554 578 D CompatibilityChangeReporter: Compat change id reported: 73144566; UID 1000; state: ENABLED
04-20 12:56:50.003 554 578 W SystemServiceManager: Service com.android.server.SensorNotificationService took 269 ms in onBootPhase
04-20 12:56:50.003 554 578 V ActivityManagerTiming: OnBootPhase_1000_com.android.server.SensorNotificationService took to complete: 269ms
04-20 12:56:50.003 554 578 D ActivityManagerTiming: OnBootPhase_1000_com.android.server.emergency.EmergencyAffordanceService
04-20 12:56:50.003 554 578 V ActivityManagerTiming: OnBootPhase_1000_com.android.server.emergency.EmergencyAffordanceService took to complete: 0ms
04-20 12:56:50.003 554 578 D ActivityManagerTiming: OnBootPhase_1000_com.android.server.blob.BlobStoreManagerService
04-20 12:56:50.029 554 578 V ActivityManagerTiming: OnBootPhase_1000_com.android.server.blob.BlobStoreManagerService took to complete: 9ms
04-20 12:56:50.036 554 578 D ActivityManagerTiming: OnBootPhase_1000_com.android.server.dreams.DreamManagerService
04-20 12:56:50.036 554 578 V ActivityManagerTiming: OnBootPhase_1000_com.android.server.dreams.DreamManagerService took to complete: 0ms
04-20 12:56:50.036 554 578 D ActivityManagerTiming: OnBootPhase_1000_com.android.server.print.PrintManagerService
04-20 12:56:50.036 554 578 V ActivityManagerTiming: OnBootPhase_1000_com.android.server.print.PrintManagerService took to complete: 0ms
04-20 12:56:50.036 554 578 D ActivityManagerTiming: OnBootPhase_1000_com.android.server.security.AttestationVerificationManagerService
04-20 12:56:50.036 554 578 V ActivityManagerTiming: OnBootPhase_1000_com.android.server.security.AttestationVerificationManagerService took to complete: 0ms
04-20 12:56:50.036 554 578 D ActivityManagerTiming: OnBootPhase_1000_com.android.server.companion.CompanionDeviceManagerService
04-20 12:56:50.037 554 578 I CDM_CompanionDeviceManagerService: Scheduling the Association Removal job
04-20 12:56:50.039 554 578 V ActivityManagerTiming: OnBootPhase_1000_com.android.server.companion.CompanionDeviceManagerService took to complete: 2ms
04-20 12:56:50.039 554 578 D ActivityManagerTiming: OnBootPhase_1000_com.android.server.companion.virtual.VirtualDeviceManagerService
04-20 12:56:50.039 554 578 V ActivityManagerTiming: OnBootPhase_1000_com.android.server.companion.virtual.VirtualDeviceManagerService took to complete: 0ms
04-20 12:56:50.039 554 578 D ActivityManagerTiming: OnBootPhase_1000_com.android.server.restrictions.RestrictionsManagerService
04-20 12:56:50.039 554 578 V ActivityManagerTiming: OnBootPhase_1000_com.android.server.restrictions.RestrictionsManagerService took to complete: 0ms
04-20 12:56:50.040 554 578 D ActivityManagerTiming: OnBootPhase_1000_com.android.server.media.MediaSessionService
04-20 12:56:50.086 554 578 V ActivityManagerTiming: OnBootPhase_1000_com.android.server.media.MediaSessionService took to complete: 18ms
04-20 12:56:50.086 554 578 D ActivityManagerTiming: OnBootPhase_1000_com.android.server.biometrics.sensors.face.FaceService
04-20 12:56:50.086 554 578 V ActivityManagerTiming: OnBootPhase_1000_com.android.server.biometrics.sensors.face.FaceService took to complete: 0ms
04-20 12:56:50.086 554 578 D ActivityManagerTiming: OnBootPhase_1000_com.android.server.biometrics.sensors.fingerprint.FingerprintService
04-20 12:56:50.086 554 578 V ActivityManagerTiming: OnBootPhase_1000_com.android.server.biometrics.sensors.fingerprint.FingerprintService took to complete: 0ms
04-20 12:56:50.086 554 578 D ActivityManagerTiming: OnBootPhase_1000_com.android.server.biometrics.BiometricService
04-20 12:56:50.087 554 578 V ActivityManagerTiming: OnBootPhase_1000_com.android.server.biometrics.BiometricService took to complete: 0ms
04-20 12:56:50.087 554 578 D ActivityManagerTiming: OnBootPhase_1000_com.android.server.biometrics.AuthService
04-20 12:56:50.087 554 578 V ActivityManagerTiming: OnBootPhase_1000_com.android.server.biometrics.AuthService took to complete: 0ms
04-20 12:56:50.087 554 578 D ActivityManagerTiming: OnBootPhase_1000_com.android.server.pm.ShortcutService$Lifecycle
04-20 12:56:50.087 554 578 V ActivityManagerTiming: OnBootPhase_1000_com.android.server.pm.ShortcutService$Lifecycle took to complete: 0ms
04-20 12:56:50.087 554 578 D ActivityManagerTiming: OnBootPhase_1000_com.android.server.pm.LauncherAppsService
04-20 12:56:50.087 554 578 V ActivityManagerTiming: OnBootPhase_1000_com.android.server.pm.LauncherAppsService took to complete: 0ms
04-20 12:56:50.087 554 578 D ActivityManagerTiming: OnBootPhase_1000_com.android.server.pm.CrossProfileAppsService
04-20 12:56:50.087 554 578 V ActivityManagerTiming: OnBootPhase_1000_com.android.server.pm.CrossProfileAppsService took to complete: 0ms
04-20 12:56:50.087 554 578 D ActivityManagerTiming: OnBootPhase_1000_com.android.server.people.PeopleService
04-20 12:56:50.088 554 578 V ActivityManagerTiming: OnBootPhase_1000_com.android.server.people.PeopleService took to complete: 0ms
04-20 12:56:50.097 554 578 D ActivityManagerTiming: OnBootPhase_1000_com.android.server.media.metrics.MediaMetricsManagerService
04-20 12:56:50.097 554 578 V ActivityManagerTiming: OnBootPhase_1000_com.android.server.media.metrics.MediaMetricsManagerService took to complete: 0ms
04-20 12:56:50.097 554 578 D ActivityManagerTiming: OnBootPhase_1000_com.android.server.pm.BackgroundInstallControlService
04-20 12:56:50.098 554 578 V ActivityManagerTiming: OnBootPhase_1000_com.android.server.pm.BackgroundInstallControlService took to complete: 0ms
04-20 12:56:50.098 554 578 D ActivityManagerTiming: OnBootPhase_1000_com.android.server.media.projection.MediaProjectionManagerService
04-20 12:56:50.098 554 578 V ActivityManagerTiming: OnBootPhase_1000_com.android.server.media.projection.MediaProjectionManagerService took to complete: 0ms
04-20 12:56:50.098 554 578 D ActivityManagerTiming: OnBootPhase_1000_com.android.server.slice.SliceManagerService$Lifecycle
04-20 12:56:50.098 554 578 V ActivityManagerTiming: OnBootPhase_1000_com.android.server.slice.SliceManagerService$Lifecycle took to complete: 0ms
04-20 12:56:50.098 554 578 D ActivityManagerTiming: OnBootPhase_1000_com.android.server.stats.StatsCompanion$Lifecycle
04-20 12:56:50.098 554 578 V ActivityManagerTiming: OnBootPhase_1000_com.android.server.stats.StatsCompanion$Lifecycle took to complete: 1ms
04-20 12:56:50.099 554 578 D ActivityManagerTiming: OnBootPhase_1000_com.android.server.scheduling.RebootReadinessManagerService$Lifecycle
04-20 12:56:50.099 554 578 V ActivityManagerTiming: OnBootPhase_1000_com.android.server.scheduling.RebootReadinessManagerService$Lifecycle took to complete: 0ms
04-20 12:56:50.099 554 578 D ActivityManagerTiming: OnBootPhase_1000_com.android.server.stats.pull.StatsPullAtomService
04-20 12:56:50.099 554 578 V ActivityManagerTiming: OnBootPhase_1000_com.android.server.stats.pull.StatsPullAtomService took to complete: 0ms
04-20 12:56:50.099 554 578 D ActivityManagerTiming: OnBootPhase_1000_com.android.server.stats.bootstrap.StatsBootstrapAtomService$Lifecycle
04-20 12:56:50.099 554 578 V ActivityManagerTiming: OnBootPhase_1000_com.android.server.stats.bootstrap.StatsBootstrapAtomService$Lifecycle took to complete: 0ms
04-20 12:56:50.099 554 578 D ActivityManagerTiming: OnBootPhase_1000_com.android.server.incident.IncidentCompanionService
04-20 12:56:50.099 554 578 V ActivityManagerTiming: OnBootPhase_1000_com.android.server.incident.IncidentCompanionService took to complete: 0ms
04-20 12:56:50.120 1069 1069 I BluetoothAvrcpControllerJni: classInitNative: succeeds
04-20 12:56:50.129 425 434 I adbd : adbd_auth: received a new framework connection
04-20 12:56:50.100 554 578 D ActivityManagerTiming: OnBootPhase_1000_com.android.server.sdksandbox.SdkSandboxManagerService$Lifecycle
04-20 12:56:50.133 554 578 V ActivityManagerTiming: OnBootPhase_1000_com.android.server.sdksandbox.SdkSandboxManagerService$Lifecycle took to complete: 0ms
04-20 12:56:50.133 554 578 D ActivityManagerTiming: OnBootPhase_1000_com.android.server.adservices.AdServicesManagerService$Lifecycle
04-20 12:56:50.133 554 578 V ActivityManagerTiming: OnBootPhase_1000_com.android.server.adservices.AdServicesManagerService$Lifecycle took to complete: 0ms
04-20 12:56:50.134 554 578 D ActivityManagerTiming: OnBootPhase_1000_com.android.server.ondevicepersonalization.OnDevicePersonalizationSystemService$Lifecycle
04-20 12:56:50.134 554 578 V ActivityManagerTiming: OnBootPhase_1000_com.android.server.ondevicepersonalization.OnDevicePersonalizationSystemService$Lifecycle took to complete: 0ms
04-20 12:56:50.134 554 578 D ActivityManagerTiming: OnBootPhase_1000_com.android.server.MmsServiceBroker
04-20 12:56:50.134 554 578 V ActivityManagerTiming: OnBootPhase_1000_com.android.server.MmsServiceBroker took to complete: 0ms
04-20 12:56:50.134 554 578 D ActivityManagerTiming: OnBootPhase_1000_com.android.server.autofill.AutofillManagerService
04-20 12:56:50.134 554 578 V ActivityManagerTiming: OnBootPhase_1000_com.android.server.autofill.AutofillManagerService took to complete: 0ms
04-20 12:56:50.134 554 578 D ActivityManagerTiming: OnBootPhase_1000_com.android.server.selectiontoolbar.SelectionToolbarManagerService
04-20 12:56:50.134 554 578 V ActivityManagerTiming: OnBootPhase_1000_com.android.server.selectiontoolbar.SelectionToolbarManagerService took to complete: 0ms
04-20 12:56:50.134 554 578 D ActivityManagerTiming: OnBootPhase_1000_com.android.server.clipboard.ClipboardService
04-20 12:56:50.134 554 578 V ActivityManagerTiming: OnBootPhase_1000_com.android.server.clipboard.ClipboardService took to complete: 0ms
04-20 12:56:50.134 554 578 D ActivityManagerTiming: OnBootPhase_1000_com.android.server.appbinding.AppBindingService$Lifecycle
04-20 12:56:50.135 554 578 V ActivityManagerTiming: OnBootPhase_1000_com.android.server.appbinding.AppBindingService$Lifecycle took to complete: 0ms
04-20 12:56:50.135 554 578 D ActivityManagerTiming: OnBootPhase_1000_com.android.server.tracing.TracingServiceProxy
04-20 12:56:50.135 554 578 V ActivityManagerTiming: OnBootPhase_1000_com.android.server.tracing.TracingServiceProxy took to complete: 0ms
04-20 12:56:50.135 554 578 D ActivityManagerTiming: OnBootPhase_1000_com.android.server.policy.PermissionPolicyService
04-20 12:56:50.135 554 578 V ActivityManagerTiming: OnBootPhase_1000_com.android.server.policy.PermissionPolicyService took to complete: 0ms
04-20 12:56:50.135 554 578 D ActivityManagerTiming: OnBootPhase_1000_com.android.server.pm.StagingManager$Lifecycle
04-20 12:56:50.144 1069 1069 D CompatibilityChangeReporter: Compat change id reported: 263076149; UID 1002; state: ENABLED
04-20 12:56:50.150 425 434 I adbd : adbd_auth: received new framework fd 21 (current = -1)
04-20 12:56:50.161 1069 1069 I BluetoothHidHostServiceJni: classInitNative: succeeds
04-20 12:56:50.180 554 575 W Looper : Slow dispatch took 289ms android.fg h=com.android.server.adb.AdbDebuggingManager$AdbDebuggingHandler c=null m=1
04-20 12:56:50.182 554 575 W Looper : Slow delivery took 540ms android.fg h=com.android.server.adb.AdbDebuggingManager$AdbDebuggingHandler c=null m=12
04-20 12:56:50.207 0 0 I servicemanager: Notifying apexservice they do (previously: don't) have clients when service is guaranteed to be in use
04-20 12:56:50.207 0 0 I AidlLazyServiceRegistrar: Process has 1 (of 1 available) client(s) in use after notification apexservice has clients: 1
04-20 12:56:50.207 0 0 I AidlLazyServiceRegistrar: Shutdown prevented by forcePersist override flag.
04-20 12:56:50.220 0 0 I apexd : markBootCompleted() received by ApexService
04-20 12:56:50.214 554 578 W SystemServiceManager: Service com.android.server.pm.StagingManager$Lifecycle took 79 ms in onBootPhase
04-20 12:56:50.220 554 578 V ActivityManagerTiming: OnBootPhase_1000_com.android.server.pm.StagingManager$Lifecycle took to complete: 85ms
04-20 12:56:50.220 554 578 D ActivityManagerTiming: OnBootPhase_1000_com.android.server.app.GameManagerService$Lifecycle
04-20 12:56:50.220 554 578 D GameManagerService: onBootCompleted
04-20 12:56:50.234 554 578 V ActivityManagerTiming: OnBootPhase_1000_com.android.server.app.GameManagerService$Lifecycle took to complete: 14ms
04-20 12:56:50.234 554 578 D ActivityManagerTiming: OnBootPhase_1000_com.android.safetycenter.SafetyCenterService
04-20 12:56:50.258 554 578 V ActivityManagerTiming: OnBootPhase_1000_com.android.safetycenter.SafetyCenterService took to complete: 25ms
04-20 12:56:50.259 554 578 D ActivityManagerTiming: OnBootPhase_1000_com.android.server.appsearch.AppSearchModule$Lifecycle
04-20 12:56:50.259 554 578 V ActivityManagerTiming: OnBootPhase_1000_com.android.server.appsearch.AppSearchModule$Lifecycle took to complete: 1ms
04-20 12:56:50.261 0 0 I servicemanager: Found android.hardware.wifi.IWifi/default in device VINTF manifest.
04-20 12:56:50.264 554 578 D ActivityManagerTiming: OnBootPhase_1000_com.android.server.media.MediaCommunicationService
04-20 12:56:50.264 554 578 V ActivityManagerTiming: OnBootPhase_1000_com.android.server.media.MediaCommunicationService took to complete: 0ms
04-20 12:56:50.264 554 578 D ActivityManagerTiming: OnBootPhase_1000_com.android.server.compat.overrides.AppCompatOverridesService$Lifecycle
04-20 12:56:50.264 554 578 V ActivityManagerTiming: OnBootPhase_1000_com.android.server.compat.overrides.AppCompatOverridesService$Lifecycle took to complete: 0ms
04-20 12:56:50.264 554 578 D ActivityManagerTiming: OnBootPhase_1000_com.android.server.healthconnect.HealthConnectManagerService
