04-20 12:54:12.000 0 0 I EXT4-fs (dm-32): mounted filesystem without journal. Quota mode: none.
04-20 12:54:12.001 0 0 I apexd : Successfully mounted package /data/apex/decompressed/com.android.tethering@342090000.decompressed.apex on /apex/com.android.tethering@342090000 duration=1229
04-20 12:54:12.006 0 0 I loop24 : detected capacity change from 0 to 9104
04-20 12:54:12.024 0 0 I device-mapper: verity: sha256 using implementation "sha256-ssse3"
04-20 12:54:12.059 0 0 I EXT4-fs (dm-20): mounted filesystem without journal. Quota mode: none.
04-20 12:54:12.059 0 0 I apexd : Successfully mounted package /data/apex/decompressed/com.android.resolv@342090000.decompressed.apex on /apex/com.android.resolv@342090000 duration=1275
04-20 12:54:12.096 0 0 I loop25 : detected capacity change from 0 to 12792
04-20 12:54:12.119 0 0 I device-mapper: verity: sha256 using implementation "sha256-ssse3"
04-20 12:54:12.166 0 0 I EXT4-fs (dm-33): mounted filesystem without journal. Quota mode: none.
04-20 12:54:12.167 0 0 I apexd : Successfully mounted package /data/apex/decompressed/com.android.adbd@342090000.decompressed.apex on /apex/com.android.adbd@342090000 duration=1396
04-20 12:54:12.321 0 0 I loop26 : detected capacity change from 0 to 45144
04-20 12:54:12.343 0 0 I device-mapper: verity: sha256 using implementation "sha256-ssse3"
04-20 12:54:12.398 0 0 I EXT4-fs (dm-14): mounted filesystem without journal. Quota mode: none.
04-20 12:54:12.399 0 0 I apexd : Successfully mounted package /data/apex/decompressed/com.android.adservices@342090000.decompressed.apex on /apex/com.android.adservices@342090000 duration=1606
04-20 12:54:12.403 0 0 I loop27 : detected capacity change from 0 to 7424
04-20 12:54:12.428 0 0 I device-mapper: verity: sha256 using implementation "sha256-ssse3"
04-20 12:54:12.471 0 0 I EXT4-fs (dm-16): mounted filesystem without journal. Quota mode: none.
04-20 12:54:12.472 0 0 I apexd : Successfully mounted package /data/apex/decompressed/com.android.appsearch@342090000.decompressed.apex on /apex/com.android.appsearch@342090000 duration=1679
04-20 12:54:12.593 0 0 I loop28 : detected capacity change from 0 to 36680
04-20 12:54:12.619 0 0 I device-mapper: verity: sha256 using implementation "sha256-ssse3"
04-20 12:54:12.664 0 0 I EXT4-fs (dm-29): mounted filesystem without journal. Quota mode: none.
04-20 12:54:12.665 0 0 I apexd : Successfully mounted package /data/apex/decompressed/com.android.permission@342090000.decompressed.apex on /apex/com.android.permission@342090000 duration=1889
04-20 12:54:12.669 0 0 I loop29 : detected capacity change from 0 to 7696
04-20 12:54:12.690 0 0 I device-mapper: verity: sha256 using implementation "sha256-ssse3"
04-20 12:54:12.690 0 0 I loop30 : detected capacity change from 0 to 536
04-20 12:54:12.715 0 0 I device-mapper: verity: sha256 using implementation "sha256-ssse3"
04-20 12:54:12.776 0 0 I EXT4-fs (dm-30): mounted filesystem without journal. Quota mode: none.
04-20 12:54:12.777 0 0 I apexd : Successfully mounted package /data/apex/decompressed/com.android.uwb@342090000.decompressed.apex on /apex/com.android.uwb@342090000 duration=2001
04-20 12:54:12.811 0 0 I EXT4-fs (dm-18): mounted filesystem without journal. Quota mode: none.
04-20 12:54:12.812 0 0 I apexd : Successfully mounted package /data/apex/decompressed/com.android.configinfrastructure@342090000.decompressed.apex on /apex/com.android.configinfrastructure@342090000 duration=2025
04-20 12:54:12.863 0 0 I loop31 : detected capacity change from 0 to 19224
04-20 12:54:12.891 0 0 I device-mapper: verity: sha256 using implementation "sha256-ssse3"
04-20 12:54:12.939 0 0 I EXT4-fs (dm-31): mounted filesystem without journal. Quota mode: none.
04-20 12:54:12.939 0 0 I apexd : Successfully mounted package /data/apex/decompressed/com.android.extservices@342090000.decompressed.apex on /apex/com.android.extservices@342090000 duration=2164
04-20 12:54:12.953 0 0 I loop32 : detected capacity change from 0 to 10520
04-20 12:54:12.973 0 0 I device-mapper: verity: sha256 using implementation "sha256-ssse3"
04-20 12:54:12.990 0 0 I loop33 : detected capacity change from 0 to 1624
04-20 12:54:13.011 0 0 I device-mapper: verity: sha256 using implementation "sha256-ssse3"
04-20 12:54:13.027 0 0 I EXT4-fs (dm-11): mounted filesystem without journal. Quota mode: none.
04-20 12:54:13.027 0 0 I apexd : Successfully mounted package /data/apex/decompressed/com.android.neuralnetworks@342090000.decompressed.apex on /apex/com.android.neuralnetworks@342090000 duration=2234
04-20 12:54:13.063 0 0 I EXT4-fs (dm-10): mounted filesystem without journal. Quota mode: none.
04-20 12:54:13.063 0 0 I apexd : Successfully mounted package /data/apex/decompressed/com.android.ipsec@342090000.decompressed.apex on /apex/com.android.ipsec@342090000 duration=2264
04-20 12:54:13.165 0 0 I loop34 : detected capacity change from 0 to 31552
04-20 12:54:13.187 0 0 I device-mapper: verity: sha256 using implementation "sha256-ssse3"
04-20 12:54:13.218 0 0 I loop35 : detected capacity change from 0 to 4600
04-20 12:54:13.241 0 0 I device-mapper: verity: sha256 using implementation "sha256-ssse3"
04-20 12:54:13.243 0 0 I EXT4-fs (dm-12): mounted filesystem without journal. Quota mode: none.
04-20 12:54:13.243 0 0 I apexd : Successfully mounted package /data/apex/decompressed/com.android.cellbroadcast@342090000.decompressed.apex on /apex/com.android.cellbroadcast@342090000 duration=2450
04-20 12:54:13.271 0 0 I EXT4-fs (dm-13): mounted filesystem without journal. Quota mode: none.
04-20 12:54:13.271 0 0 I apexd : Successfully mounted package /data/apex/decompressed/com.android.ondevicepersonalization@342090000.decompressed.apex on /apex/com.android.ondevicepersonalization@342090000 duration=2472
04-20 12:54:13.273 0 0 I apexd : Activated 32 packages.
04-20 12:54:13.274 0 0 I apexd : OnStart done, duration=8038
04-20 12:54:13.275 0 0 I AidlLazyServiceRegistrar: Registering service apexservice
04-20 12:54:13.401 0 0 I apexd : Marking APEXd as activated
04-20 12:54:13.403 0 0 I init : Wait for property 'apexd.status=activated' took 7328ms
04-20 12:54:13.509 0 0 I init : Parsing file /apex/com.android.adbd/etc/init.rc...
04-20 12:54:13.511 0 0 I init : Parsing file /apex/com.android.art/etc/init.rc...
04-20 12:54:13.512 0 0 I init : Parsing file /apex/com.android.media.swcodec/etc/mediaswcodec.32rc...
04-20 12:54:13.513 0 0 I init : Parsing file /apex/com.android.media/etc/mediatranscoding.32rc...
04-20 12:54:13.514 0 0 I init : Parsing file /apex/com.android.os.statsd/etc/init.rc...
04-20 12:54:13.516 0 0 I init : Parsing file /apex/com.android.sdkext/etc/derive_classpath.rc...
04-20 12:54:13.517 0 0 I init : Parsing file /apex/com.android.sdkext/etc/derive_sdk.rc...
04-20 12:54:13.823 0 0 I init : linkerconfig generated /linkerconfig with mounted APEX modules info
04-20 12:54:13.823 0 0 I init : Command 'perform_apex_config' action=post-fs-data (/system/etc/init/hw/init.rc:1010) took 418ms and succeeded
04-20 12:54:13.826 0 0 I init : Encryption policy of /data/bootanim set to 5eec760f9163855961bbc91c3582cecd v2 modes 1/4 flags 0x2
04-20 12:54:13.829 0 0 I init : starting service 'derive_sdk'...
04-20 12:54:13.870 0 0 I init : ... started service 'derive_sdk' has pid 310
04-20 12:54:13.870 0 0 I init : SVC_EXEC service 'derive_sdk' pid 310 (uid 9999 gid 9999+0 context default) started; waiting...
04-20 12:54:13.939 310 310 I derive_sdk: Read version 7 from 13
04-20 12:54:13.943 310 310 I derive_sdk: Read version 7 from 1
04-20 12:54:13.944 310 310 I derive_sdk: Read version 7 from 14
04-20 12:54:13.945 310 310 I derive_sdk: Read version 7 from 15
04-20 12:54:13.946 310 310 I derive_sdk: Read version 7 from 4
04-20 12:54:13.947 310 310 I derive_sdk: Read version 7 from 12
04-20 12:54:13.949 310 310 I derive_sdk: Read version 7 from 11
04-20 12:54:13.950 310 310 I derive_sdk: Read version 7 from 7
04-20 12:54:13.951 310 310 I derive_sdk: Read version 7 from 9
04-20 12:54:13.952 310 310 I derive_sdk: Read version 7 from 8
04-20 12:54:13.953 310 310 I derive_sdk: Read version 7 from 2
04-20 12:54:13.954 310 310 I derive_sdk: Read version 7 from 3
04-20 12:54:13.955 310 310 W derive_sdk: Found sdkinfo in unexpected apex com.android.devicelock
04-20 12:54:13.956 310 310 I derive_sdk: Read version 7 from 16
04-20 12:54:13.957 310 310 I derive_sdk: Read version 7 from 10
04-20 12:54:13.958 310 310 I derive_sdk: Read version 7 from 5
04-20 12:54:13.959 310 310 I derive_sdk: Read version 7 from 6
04-20 12:54:13.960 310 310 I derive_sdk: extension r version is 7
04-20 12:54:13.964 310 310 I derive_sdk: extension s version is 7
04-20 12:54:13.965 310 310 I derive_sdk: extension t version is 7
04-20 12:54:13.967 310 310 I derive_sdk: extension u version is 7
04-20 12:54:13.968 310 310 I derive_sdk: extension ad_services version is 7
04-20 12:54:13.979 0 0 I init : Service 'derive_sdk' (pid 310) exited with status 0 waiting took 0.145000 seconds
04-20 12:54:13.979 0 0 I init : Sending signal 9 to service 'derive_sdk' (pid 310) process group...
04-20 12:54:13.980 0 0 I libprocessgroup: Successfully killed process cgroup uid 9999 pid 310 in 0ms
04-20 12:54:13.983 0 0 I init : starting service 'exec 10 (/system/bin/vdc --wait cryptfs init_user0)'...
04-20 12:54:14.008 0 0 I init : ... started service 'exec 10 (/system/bin/vdc --wait cryptfs init_user0)' has pid 311
04-20 12:54:14.008 0 0 I init : SVC_EXEC service 'exec 10 (/system/bin/vdc --wait cryptfs init_user0)' pid 311 (uid 0 gid 0+0 context default) started; waiting...
04-20 12:54:14.139 167 167 D vold : fscrypt_init_user0
04-20 12:54:14.145 0 0 D vdc : Waited 0ms for vold
04-20 12:54:14.140 167 167 D vold : Preparing: /data/misc/vold/user_keys
04-20 12:54:14.153 167 167 D vold : Preparing: /data/misc/vold/user_keys/ce
04-20 12:54:14.154 167 167 D vold : Preparing: /data/misc/vold/user_keys/de
04-20 12:54:14.155 167 167 D vold : Generating standard storage key
04-20 12:54:14.168 167 167 D vold : Generating "key storage" key
04-20 12:54:14.170 175 184 E keystore2: system/security/keystore2/src/error.rs:180 - system/security/keystore2/src/security_level.rs:622
04-20 12:54:14.170 175 184 E keystore2:
04-20 12:54:14.170 175 184 E keystore2: Caused by:
04-20 12:54:14.170 175 184 E keystore2: 0: system/security/keystore2/src/security_level.rs:620: While generating Key without explicit attestation key.
04-20 12:54:14.170 175 184 E keystore2: 1: Error::Km(r#ROLLBACK_RESISTANCE_UNAVAILABLE)
04-20 12:54:14.171 167 167 E vold : keystore2 Keystore generateKey returned service specific error: -67
04-20 12:54:14.171 167 167 W vold : Failed to generate rollback-resistant key. This is expected if keystore doesn't support rollback resistance. Falling back to non-rollback-resistant key.
04-20 12:54:14.177 0 0 E vold : keystore2 Keystore generateKey returned service specific error: -67
04-20 12:54:14.178 0 0 W vold : Failed to generate rollback-resistant key. This is expected if keystore doesn't support rollback resistance. Falling back to non-rollback-resistant key.
04-20 12:54:14.189 167 167 D vold : Stored key /data/misc/vold/user_keys/de/0
04-20 12:54:14.190 167 167 D vold : Installed fscrypt key with ref 2b2696fa54c4b0fff423a5eecf6f7551 to /data
04-20 12:54:14.190 167 167 D vold : Added fscrypt-provisioning key for 2b2696fa54c4b0fff423a5eecf6f7551 to session keyring
04-20 12:54:14.190 167 167 I vold : Created DE key for user 0
04-20 12:54:14.190 167 167 D vold : Generating standard storage key
04-20 12:54:14.191 167 167 D vold : Preparing: /data/misc/vold/user_keys/ce/0
04-20 12:54:14.193 167 167 D vold : Installed fscrypt key with ref 28a3161b85386d9b94c916f3f8507097 to /data
04-20 12:54:14.193 167 167 D vold : Added fscrypt-provisioning key for 28a3161b85386d9b94c916f3f8507097 to session keyring
04-20 12:54:14.193 167 167 I vold : Created CE key for user 0
04-20 12:54:14.206 167 167 D vold : Installed fscrypt key with ref 2b2696fa54c4b0fff423a5eecf6f7551 to /data
04-20 12:54:14.207 167 167 D vold : Added fscrypt-provisioning key for 2b2696fa54c4b0fff423a5eecf6f7551 to session keyring
04-20 12:54:14.207 167 167 D vold : Installed de key for user 0
04-20 12:54:14.207 167 167 D vold : Preparing: /data/data
04-20 12:54:14.211 167 167 I vold : Encryption policy of /data/data set to 28a3161b85386d9b94c916f3f8507097 v2 modes 1/4 flags 0x2
04-20 12:54:14.211 167 167 D vold : Preparing: /data/user/0
04-20 12:54:14.213 167 167 D vold : Preparing: /data/media/obb
04-20 12:54:14.215 167 167 I vold : Encryption policy of /data/media/obb set to 5eec760f9163855961bbc91c3582cecd v2 modes 1/4 flags 0x2
04-20 12:54:14.215 167 167 D vold : fscrypt_prepare_user_storage for volume null, user 0, serial 0, flags 1
04-20 12:54:14.215 167 167 D vold : Preparing: /data/system/users/0
04-20 12:54:14.221 167 167 D vold : Preparing: /data/misc/profiles/cur/0
04-20 12:54:14.222 167 167 D vold : Preparing: /data/system_de/0
04-20 12:54:14.223 167 167 I vold : Encryption policy of /data/system_de/0 set to 2b2696fa54c4b0fff423a5eecf6f7551 v2 modes 1/4 flags 0x2
04-20 12:54:14.223 167 167 D vold : Preparing: /data/vendor_de/0
04-20 12:54:14.229 167 167 I vold : Encryption policy of /data/vendor_de/0 set to 2b2696fa54c4b0fff423a5eecf6f7551 v2 modes 1/4 flags 0x2
04-20 12:54:14.229 167 167 D vold : Preparing: /data/misc_de/0
04-20 12:54:14.231 167 167 I vold : Encryption policy of /data/misc_de/0 set to 2b2696fa54c4b0fff423a5eecf6f7551 v2 modes 1/4 flags 0x2
04-20 12:54:14.231 167 167 D vold : Preparing: /data/user_de/0
04-20 12:54:14.237 167 167 I vold : Encryption policy of /data/user_de/0 set to 2b2696fa54c4b0fff423a5eecf6f7551 v2 modes 1/4 flags 0x2
04-20 12:54:14.237 167 167 D vold : /system/bin/vold_prepare_subdirs
04-20 12:54:14.237 167 167 D vold : prepare
04-20 12:54:14.237 167 167 D vold :
04-20 12:54:14.237 167 167 D vold : 0
04-20 12:54:14.237 167 167 D vold : 1
04-20 12:54:14.341 313 313 D vold_prepare_subdirs: Setting up mode 771 uid 1000 gid 1000 context u:object_r:system_data_file:s0:c512,c768 on path: /data/user_de/0
04-20 12:54:14.342 313 313 I vold_prepare_subdirs: Relabelling from u:object_r:system_data_file:s0 to u:object_r:system_data_file:s0:c512,c768: /data/user_de/0
04-20 12:54:14.345 313 313 D vold_prepare_subdirs: Setting up mode 771 uid 1000 gid 1000 context u:object_r:sdk_sandbox_system_data_file:s0:c512,c768 on path: /data/misc_de/0/sdksandbox
04-20 12:54:14.347 313 313 D vold_prepare_subdirs: Setting up mode 700 uid 0 gid 0 context u:object_r:vold_data_file:s0 on path: /data/misc_de/0/vold
04-20 12:54:14.349 313 313 D vold_prepare_subdirs: Setting up mode 700 uid 0 gid 0 context u:object_r:storaged_data_file:s0 on path: /data/misc_de/0/storaged
04-20 12:54:14.350 313 313 D vold_prepare_subdirs: Setting up mode 700 uid 0 gid 0 context u:object_r:rollback_data_file:s0 on path: /data/misc_de/0/rollback
04-20 12:54:14.352 313 313 D vold_prepare_subdirs: Setting up mode 700 uid 0 gid 0 context u:object_r:apex_rollback_data_file:s0 on path: /data/misc_de/0/apexrollback
04-20 12:54:14.354 313 313 D vold_prepare_subdirs: Setting up mode 711 uid 0 gid 0 context u:object_r:apex_module_data_file:s0 on path: /data/misc_de/0/apexdata
04-20 12:54:14.355 313 313 D vold_prepare_subdirs: Setting up mode 771 uid 0 gid 1000 context u:object_r:apex_module_data_file:s0 on path: /data/misc_de/0/apexdata/com.android.ondevicepersonalization
04-20 12:54:14.357 313 313 D vold_prepare_subdirs: Setting up mode 771 uid 0 gid 1000 context u:object_r:apex_module_data_file:s0 on path: /data/misc_de/0/apexdata/com.android.cellbroadcast
04-20 12:54:14.359 313 313 D vold_prepare_subdirs: Setting up mode 771 uid 0 gid 1000 context u:object_r:apex_module_data_file:s0 on path: /data/misc_de/0/apexdata/com.android.ipsec
04-20 12:54:14.360 313 313 D vold_prepare_subdirs: Setting up mode 771 uid 0 gid 1000 context u:object_r:apex_module_data_file:s0 on path: /data/misc_de/0/apexdata/com.android.neuralnetworks
04-20 12:54:14.362 313 313 D vold_prepare_subdirs: Setting up mode 771 uid 0 gid 1000 context u:object_r:apex_module_data_file:s0 on path: /data/misc_de/0/apexdata/com.android.extservices
04-20 12:54:14.363 313 313 D vold_prepare_subdirs: Setting up mode 771 uid 0 gid 1000 context u:object_r:apex_module_data_file:s0 on path: /data/misc_de/0/apexdata/com.android.configinfrastructure
04-20 12:54:14.365 313 313 D vold_prepare_subdirs: Setting up mode 771 uid 0 gid 1000 context u:object_r:apex_system_server_data_file:s0 on path: /data/misc_de/0/apexdata/com.android.uwb
04-20 12:54:14.366 313 313 D vold_prepare_subdirs: Setting up mode 771 uid 0 gid 1000 context u:object_r:apex_system_server_data_file:s0 on path: /data/misc_de/0/apexdata/com.android.permission
04-20 12:54:14.368 313 313 D vold_prepare_subdirs: Setting up mode 771 uid 0 gid 1000 context u:object_r:apex_module_data_file:s0 on path: /data/misc_de/0/apexdata/com.android.appsearch
04-20 12:54:14.369 313 313 D vold_prepare_subdirs: Setting up mode 771 uid 0 gid 1000 context u:object_r:apex_module_data_file:s0 on path: /data/misc_de/0/apexdata/com.android.adservices
04-20 12:54:14.370 313 313 D vold_prepare_subdirs: Setting up mode 771 uid 0 gid 1000 context u:object_r:apex_module_data_file:s0 on path: /data/misc_de/0/apexdata/com.android.adbd
04-20 12:54:14.372 313 313 D vold_prepare_subdirs: Setting up mode 771 uid 0 gid 1000 context u:object_r:apex_module_data_file:s0 on path: /data/misc_de/0/apexdata/com.android.resolv
04-20 12:54:14.374 313 313 D vold_prepare_subdirs: Setting up mode 771 uid 0 gid 1000 context u:object_r:apex_module_data_file:s0 on path: /data/misc_de/0/apexdata/com.android.tethering
04-20 12:54:14.375 313 313 D vold_prepare_subdirs: Setting up mode 771 uid 0 gid 1000 context u:object_r:apex_module_data_file:s0 on path: /data/misc_de/0/apexdata/com.android.scheduling
04-20 12:54:14.377 313 313 D vold_prepare_subdirs: Setting up mode 771 uid 0 gid 1000 context u:object_r:apex_module_data_file:s0 on path: /data/misc_de/0/apexdata/com.android.art
04-20 12:54:14.378 313 313 D vold_prepare_subdirs: Setting up mode 771 uid 0 gid 1000 context u:object_r:apex_module_data_file:s0 on path: /data/misc_de/0/apexdata/com.android.media
04-20 12:54:14.379 313 313 D vold_prepare_subdirs: Setting up mode 771 uid 0 gid 1000 context u:object_r:apex_module_data_file:s0 on path: /data/misc_de/0/apexdata/com.android.rkpd
04-20 12:54:14.381 313 313 D vold_prepare_subdirs: Setting up mode 771 uid 0 gid 1000 context u:object_r:apex_module_data_file:s0 on path: /data/misc_de/0/apexdata/com.android.mediaprovider
04-20 12:54:14.382 313 313 D vold_prepare_subdirs: Setting up mode 771 uid 0 gid 1000 context u:object_r:apex_module_data_file:s0 on path: /data/misc_de/0/apexdata/com.android.media.swcodec
04-20 12:54:14.384 313 313 D vold_prepare_subdirs: Setting up mode 771 uid 0 gid 1000 context u:object_r:apex_system_server_data_file:s0 on path: /data/misc_de/0/apexdata/com.android.wifi
04-20 12:54:14.385 313 313 D vold_prepare_subdirs: Setting up mode 771 uid 0 gid 1000 context u:object_r:apex_module_data_file:s0 on path: /data/misc_de/0/apexdata/com.android.apex.cts.shim
04-20 12:54:14.387 313 313 D vold_prepare_subdirs: Setting up mode 771 uid 0 gid 1000 context u:object_r:apex_module_data_file:s0 on path: /data/misc_de/0/apexdata/com.android.devicelock
04-20 12:54:14.389 313 313 D vold_prepare_subdirs: Setting up mode 771 uid 0 gid 1000 context u:object_r:apex_module_data_file:s0 on path: /data/misc_de/0/apexdata/com.android.healthfitness
04-20 12:54:14.390 313 313 D vold_prepare_subdirs: Setting up mode 771 uid 0 gid 1000 context u:object_r:apex_module_data_file:s0 on path: /data/misc_de/0/apexdata/com.android.conscrypt
04-20 12:54:14.392 313 313 D vold_prepare_subdirs: Setting up mode 771 uid 0 gid 1000 context u:object_r:apex_module_data_file:s0 on path: /data/misc_de/0/apexdata/com.android.sdkext
04-20 12:54:14.393 313 313 D vold_prepare_subdirs: Setting up mode 771 uid 0 gid 1000 context u:object_r:apex_module_data_file:s0 on path: /data/misc_de/0/apexdata/com.android.virt
04-20 12:54:14.394 313 313 D vold_prepare_subdirs: Setting up mode 771 uid 0 gid 1000 context u:object_r:apex_module_data_file:s0 on path: /data/misc_de/0/apexdata/com.android.btservices
04-20 12:54:14.396 313 313 D vold_prepare_subdirs: Setting up mode 771 uid 0 gid 1000 context u:object_r:apex_module_data_file:s0 on path: /data/misc_de/0/apexdata/com.android.os.statsd
04-20 12:54:14.398 313 313 D vold_prepare_subdirs: Setting up mode 771 uid 0 gid 1000 context u:object_r:apex_module_data_file:s0 on path: /data/misc_de/0/apexdata/com.android.i18n
04-20 12:54:14.399 313 313 D vold_prepare_subdirs: Setting up mode 771 uid 0 gid 1000 context u:object_r:apex_module_data_file:s0 on path: /data/misc_de/0/apexdata/com.android.runtime
04-20 12:54:14.401 313 313 D vold_prepare_subdirs: Setting up mode 771 uid 0 gid 1000 context u:object_r:apex_module_data_file:s0 on path: /data/misc_de/0/apexdata/com.android.tzdata
04-20 12:54:14.402 313 313 D vold_prepare_subdirs: Setting up mode 771 uid 0 gid 1000 context u:object_r:apex_module_data_file:s0 on path: /data/misc_de/0/apexdata/com.android.vndk.v34
04-20 12:54:14.403 313 313 D vold_prepare_subdirs: Setting up mode 771 uid 0 gid 1000 context u:object_r:apex_module_data_file:s0 on path: /data/misc_de/0/apexdata/sharedlibs
04-20 12:54:14.405 313 313 D vold_prepare_subdirs: Setting up mode 771 uid 1000 gid 1000 context u:object_r:user_profile_root_file:s0:c512,c768 on path: /data/misc/profiles/cur/0
04-20 12:54:14.405 313 313 I vold_prepare_subdirs: Relabelling from u:object_r:user_profile_root_file:s0 to u:object_r:user_profile_root_file:s0:c512,c768: /data/misc/profiles/cur/0
04-20 12:54:14.406 313 313 D vold_prepare_subdirs: Setting up mode 700 uid 1000 gid 1000 context u:object_r:fingerprint_vendor_data_file:s0 on path: /data/vendor_de/0/fpdata
04-20 12:54:14.408 313 313 D vold_prepare_subdirs: Setting up mode 700 uid 1000 gid 1000 context u:object_r:face_vendor_data_file:s0 on path: /data/vendor_de/0/facedata
04-20 12:54:14.412 167 167 D vold : Detected support for FS_IOC_ADD_ENCRYPTION_KEY
04-20 12:54:14.414 167 167 D vold : Installing fscrypt-provisioning key for 28a3161b85386d9b94c916f3f8507097 back into /data fs-keyring
04-20 12:54:14.427 0 0 I init : Service 'exec 10 (/system/bin/vdc --wait cryptfs init_user0)' (pid 311) exited with status 0 waiting took 0.440000 seconds
04-20 12:54:14.427 0 0 I init : Sending signal 9 to service 'exec 10 (/system/bin/vdc --wait cryptfs init_user0)' (pid 311) process group...
04-20 12:54:14.428 0 0 I libprocessgroup: Successfully killed process cgroup uid 0 pid 311 in 0ms
04-20 12:54:14.707 0 0 I selinux : SELinux: Skipping restorecon on directory(/data/system/shutdown-checkpoints)
04-20 12:54:14.835 0 0 I init : Command 'restorecon --recursive --skip-ce /data' action=post-fs-data (/system/etc/init/hw/init.rc:1020) took 405ms and succeeded
04-20 12:54:14.836 0 0 I init : starting service 'derive_classpath'...
04-20 12:54:14.871 0 0 I init : ... started service 'derive_classpath' has pid 314
04-20 12:54:14.872 0 0 I init : SVC_EXEC service 'derive_classpath' pid 314 (uid 1000 gid 1000+1 context default) started; waiting...
04-20 12:54:14.954 314 314 I derive_classpath: ParseFragments for bootclasspath
04-20 12:54:14.986 314 314 I derive_classpath: ReadClasspathFragment /apex/com.android.art/etc/classpaths/bootclasspath.pb
04-20 12:54:14.989 314 314 I derive_classpath: ReadClasspathFragment /system/etc/classpaths/bootclasspath.pb
04-20 12:54:14.990 314 314 I derive_classpath: ReadClasspathFragment /apex/com.android.adservices/etc/classpaths/bootclasspath.pb
04-20 12:54:14.991 314 314 I derive_classpath: ReadClasspathFragment /apex/com.android.appsearch/etc/classpaths/bootclasspath.pb
04-20 12:54:14.992 314 314 I derive_classpath: ReadClasspathFragment /apex/com.android.btservices/etc/classpaths/bootclasspath.pb
04-20 12:54:14.993 314 314 I derive_classpath: ReadClasspathFragment /apex/com.android.configinfrastructure/etc/classpaths/bootclasspath.pb
04-20 12:54:14.994 314 314 I derive_classpath: ReadClasspathFragment /apex/com.android.conscrypt/etc/classpaths/bootclasspath.pb
04-20 12:54:14.995 314 314 I derive_classpath: ReadClasspathFragment /apex/com.android.devicelock/etc/classpaths/bootclasspath.pb
04-20 12:54:14.997 314 314 I derive_classpath: ReadClasspathFragment /apex/com.android.healthfitness/etc/classpaths/bootclasspath.pb
04-20 12:54:14.998 314 314 I derive_classpath: ReadClasspathFragment /apex/com.android.ipsec/etc/classpaths/bootclasspath.pb
04-20 12:54:14.999 314 314 I derive_classpath: ReadClasspathFragment /apex/com.android.media/etc/classpaths/bootclasspath.pb
04-20 12:54:14.999 314 314 I derive_classpath: ReadClasspathFragment /apex/com.android.mediaprovider/etc/classpaths/bootclasspath.pb
04-20 12:54:15.001 314 314 I derive_classpath: ReadClasspathFragment /apex/com.android.ondevicepersonalization/etc/classpaths/bootclasspath.pb
04-20 12:54:15.002 314 314 I derive_classpath: ReadClasspathFragment /apex/com.android.os.statsd/etc/classpaths/bootclasspath.pb
04-20 12:54:15.003 314 314 I derive_classpath: ReadClasspathFragment /apex/com.android.permission/etc/classpaths/bootclasspath.pb
04-20 12:54:15.004 314 314 I derive_classpath: ReadClasspathFragment /apex/com.android.scheduling/etc/classpaths/bootclasspath.pb
04-20 12:54:15.005 314 314 I derive_classpath: ReadClasspathFragment /apex/com.android.sdkext/etc/classpaths/bootclasspath.pb
04-20 12:54:15.006 314 314 I derive_classpath: ReadClasspathFragment /apex/com.android.tethering/etc/classpaths/bootclasspath.pb
04-20 12:54:15.007 314 314 I derive_classpath: ReadClasspathFragment /apex/com.android.uwb/etc/classpaths/bootclasspath.pb
04-20 12:54:15.008 314 314 I derive_classpath: ReadClasspathFragment /apex/com.android.virt/etc/classpaths/bootclasspath.pb
04-20 12:54:15.009 314 314 I derive_classpath: ReadClasspathFragment /apex/com.android.wifi/etc/classpaths/bootclasspath.pb
04-20 12:54:15.010 314 314 I derive_classpath: ParseFragments for systemserverclasspath
04-20 12:54:15.016 314 314 I derive_classpath: ReadClasspathFragment /system/etc/classpaths/systemserverclasspath.pb
04-20 12:54:15.017 314 314 I derive_classpath: ReadClasspathFragment /apex/com.android.adservices/etc/classpaths/systemserverclasspath.pb
04-20 12:54:15.018 314 314 I derive_classpath: ReadClasspathFragment /apex/com.android.appsearch/etc/classpaths/systemserverclasspath.pb
04-20 12:54:15.019 314 314 I derive_classpath: ReadClasspathFragment /apex/com.android.art/etc/classpaths/systemserverclasspath.pb
04-20 12:54:15.020 314 314 I derive_classpath: ReadClasspathFragment /apex/com.android.btservices/etc/classpaths/systemserverclasspath.pb
04-20 12:54:15.022 314 314 I derive_classpath: ReadClasspathFragment /apex/com.android.configinfrastructure/etc/classpaths/systemserverclasspath.pb
04-20 12:54:15.023 314 314 I derive_classpath: ReadClasspathFragment /apex/com.android.devicelock/etc/classpaths/systemserverclasspath.pb
04-20 12:54:15.024 314 314 I derive_classpath: ReadClasspathFragment /apex/com.android.healthfitness/etc/classpaths/systemserverclasspath.pb
04-20 12:54:15.025 314 314 I derive_classpath: ReadClasspathFragment /apex/com.android.media/etc/classpaths/systemserverclasspath.pb
04-20 12:54:15.026 314 314 I derive_classpath: ReadClasspathFragment /apex/com.android.ondevicepersonalization/etc/classpaths/systemserverclasspath.pb
04-20 12:54:15.027 314 314 I derive_classpath: ReadClasspathFragment /apex/com.android.os.statsd/etc/classpaths/systemserverclasspath.pb
04-20 12:54:15.028 314 314 I derive_classpath: ReadClasspathFragment /apex/com.android.permission/etc/classpaths/systemserverclasspath.pb
04-20 12:54:15.029 314 314 I derive_classpath: ReadClasspathFragment /apex/com.android.rkpd/etc/classpaths/systemserverclasspath.pb
04-20 12:54:15.030 314 314 I derive_classpath: ReadClasspathFragment /apex/com.android.scheduling/etc/classpaths/systemserverclasspath.pb
04-20 12:54:15.031 314 314 I derive_classpath: ReadClasspathFragment /apex/com.android.tethering/etc/classpaths/systemserverclasspath.pb
04-20 12:54:15.032 314 314 I derive_classpath: ReadClasspathFragment /apex/com.android.uwb/etc/classpaths/systemserverclasspath.pb
04-20 12:54:15.033 314 314 I derive_classpath: ReadClasspathFragment /apex/com.android.wifi/etc/classpaths/systemserverclasspath.pb
04-20 12:54:15.035 314 314 I derive_classpath: WriteClasspathExports /data/system/environ/classpath
04-20 12:54:15.036 314 314 I derive_classpath: WriteClasspathExports content
04-20 12:54:15.036 314 314 I derive_classpath: export BOOTCLASSPATH /apex/com.android.art/javalib/core-oj.jar:/apex/com.android.art/javalib/core-libart.jar:/apex/com.android.art/javalib/okhttp.jar:/apex/com.android.art/javalib/bouncycastle.jar:/apex/com.android.art/javalib/apache-xml.jar:/system/framework/framework.jar:/system/framework/framework-graphics.jar:/system/framework/ext.jar:/system/framework/telephony-common.jar:/system/framework/voip-common.jar:/system/framework/ims-common.jar:/apex/com.android.i18n/javalib/core-icu4j.jar:/apex/com.android.adservices/javalib/framework-adservices.jar:/apex/com.android.adservices/javalib/framework-sdksandbox.jar:/apex/com.android.appsearch/javalib/framework-appsearch.jar:/apex/com.android.btservices/javalib/framework-bluetooth.jar:/apex/com.android.configinfrastructure/javalib/framework-configinfrastructure.jar:/apex/com.android.conscrypt/javalib/conscrypt.jar:/apex/com.android.devicelock/javalib/framework-devicelock.jar:/apex/com.android.healthfitness/javalib/framework-healthfitness.jar:/apex/com.android.ipsec/javalib/android.net.ipsec.ike.jar:/apex/com.android.media/javalib/updatable-media.jar:/apex/com.android.mediaprovider/javalib/framework-mediaprovider.jar:/apex/com.android.ondevicepersonalization/javalib/framework-ondevicepersonalization.jar:/apex/com.android.os.statsd/javalib/framework-statsd.jar:/apex/com.android.permission/javalib/framework-permission.jar:/apex/com.android.permission/javalib/framework-permission-s.jar:/apex/com.android.scheduling/javalib/framework-scheduling.jar:/apex/com.android.sdkext/javalib/framework-sdkextensions.jar:/apex/com.android.tethering/javalib/framework-connectivity.jar:/apex/com.android.tethering/javalib/framework-connectivity-t.jar:/apex/com.android.tethering/javalib/framework-tethering.jar:/apex/com.android.uwb/javalib/framework-uwb.jar:/apex/com.android.virt/javalib/framework-virtualization.jar:/apex/com.android.wifi/javalib/framework-wifi.jar
04-20 12:54:15.036 314 314 I derive_classpath: export DEX2OATBOOTCLASSPATH /apex/com.android.art/javalib/core-oj.jar:/apex/com.android.art/javalib/core-libart.jar:/apex/com.android.art/javalib/okhttp.jar:/apex/com.android.art/javalib/bouncycastle.jar:/apex/com.android.art/javalib/apache-xml.jar:/system/framework/framework.jar:/system/framework/framework-graphics.jar:/system/framework/ext.jar:/system/framework/telephony-common.jar:/system/framework/voip-common.jar:/system/framework/ims-common.jar:/apex/com.android.i18n/javalib/core-icu4j.jar
04-20 12:54:15.036 314 314 I derive_classpath: export SYSTEMSERVERCLASSPATH /system/framework/com.android.location.provider.jar:/system/framework/services.jar:/apex/com.android.adservices/javalib/service-adservices.jar:/apex/com.android.adservices/javalib/service-sdksandbox.jar:/apex/com.android.appsearch/javalib/service-appsearch.jar:/apex/com.android.art/javalib/service-art.jar:/apex/com.android.configinfrastructure/javalib/service-configinfrastructure.jar:/apex/com.android.healthfitness/javalib/service-healthfitness.jar:/apex/com.android.media/javalib/service-media-s.jar:/apex/com.android.ondevicepersonalization/javalib/service-ondevicepersonalization.jar:/apex/com.android.permission/javalib/service-permission.jar:/apex/com.android.rkpd/javalib/service-rkp.jar
04-20 12:54:15.036 314 314 I derive_classpath: export STANDALONE_SYSTEMSERVER_JARS /apex/com.android.btservices/javalib/service-bluetooth.jar:/apex/com.android.devicelock/javalib/service-devicelock.jar:/apex/com.android.os.statsd/javalib/service-statsd.jar:/apex/com.android.scheduling/javalib/service-scheduling.jar:/apex/com.android.tethering/javalib/service-connectivity.jar:/apex/com.android.uwb/javalib/service-uwb.jar:/apex/com.android.wifi/javalib/service-wifi.jar
04-20 12:54:15.047 0 0 I init : Service 'derive_classpath' (pid 314) exited with status 0 waiting took 0.207000 seconds
04-20 12:54:15.047 0 0 I init : Sending signal 9 to service 'derive_classpath' (pid 314) process group...
04-20 12:54:15.047 0 0 I libprocessgroup: Successfully killed process cgroup uid 1000 pid 314 in 0ms
04-20 12:54:15.053 0 0 I init : starting service 'art_boot'...
04-20 12:54:15.086 0 0 I init : ... started service 'art_boot' has pid 315
04-20 12:54:15.086 0 0 I init : SVC_EXEC service 'art_boot' pid 315 (uid 0 gid 0+0 context default) started; waiting...
04-20 12:54:15.180 315 315 I art_boot: Property persist.device_config.runtime_native_boot.useartservice not set
04-20 12:54:15.189 0 0 I init : Service 'art_boot' (pid 315) exited with status 0 waiting took 0.132000 seconds
04-20 12:54:15.190 0 0 I init : Sending signal 9 to service 'art_boot' (pid 315) process group...
04-20 12:54:15.191 0 0 I libprocessgroup: Successfully killed process cgroup uid 0 pid 315 in 1ms
04-20 12:54:15.196 0 0 I init : starting service 'odsign'...
04-20 12:54:15.238 0 0 I init : ... started service 'odsign' has pid 316
04-20 12:54:15.402 316 316 I odsign : Trying to retrieve existing HMAC key...
04-20 12:54:15.406 316 316 I odsign : Existing HMAC key not found or invalid, creating new key
04-20 12:54:15.441 316 316 I odsign : Trying to retrieve existing keystore key...
04-20 12:54:15.442 316 316 I odsign : Failed to find keystore key...
04-20 12:54:15.443 316 316 I odsign : Existing keystore key not found or invalid, creating new key
04-20 12:54:15.813 316 316 I odsign : Initialized Keystore key.
04-20 12:54:15.814 316 316 W odsign : Key certificate not found: /data/misc/odsign/key.cert: No such file or directory
04-20 12:54:16.351 317 317 I odrefresh: ART APEX version 342090000
04-20 12:54:16.355 317 317 I odrefresh: No prior cache-info file: '/data/misc/apexdata/com.android.art/dalvik-cache/cache-info.xml'
04-20 12:54:16.359 317 317 I odrefresh: Boot images on /system OK (x86_64)
04-20 12:54:16.368 317 317 I odrefresh: system_server artifacts on /system OK
04-20 12:54:16.378 316 316 I odrefresh: odrefresh terminated by exit(79)
04-20 12:54:16.379 316 316 I odsign : /data/misc/odsign/odsign.info not found.
04-20 12:54:16.546 318 318 I odrefresh: ART APEX version 342090000
04-20 12:54:16.552 318 318 I odrefresh: No prior cache-info file: '/data/misc/apexdata/com.android.art/dalvik-cache/cache-info.xml'
04-20 12:54:16.554 318 318 I odrefresh: Boot images on /system OK (x86_64)
04-20 12:54:16.557 318 318 I odrefresh: system_server artifacts on /system OK
04-20 12:54:16.870 316 316 I odrefresh: odrefresh terminated by exit(80)
04-20 12:54:16.871 316 316 I odsign : odrefresh compiled all artifacts, returned 80
04-20 12:54:16.873 316 316 I odsign : Adding "/data/misc/apexdata/com.android.art/dalvik-cache/cache-info.xml" to fs-verity...
04-20 12:54:16.880 0 0 I fs-verity: sha256 using implementation "sha256-ssse3"
04-20 12:54:16.897 316 316 I odsign : On-device signing done.
04-20 12:54:16.907 0 0 I init : Wait for property 'odsign.key.done=1' took 1668ms
04-20 12:54:16.910 0 0 I init : starting service 'exec 11 (/system/bin/fsverity_init --lock)'...
04-20 12:54:16.931 0 0 I init : ... started service 'exec 11 (/system/bin/fsverity_init --lock)' has pid 319
04-20 12:54:16.932 0 0 I init : SVC_EXEC service 'exec 11 (/system/bin/fsverity_init --lock)' pid 319 (uid 0 gid 0+0 context default) started; waiting...
04-20 12:54:16.933 0 0 I init : Sending signal 9 to service 'odsign' (pid 316) process group...
04-20 12:54:16.951 0 0 I libprocessgroup: Successfully killed process cgroup uid 0 pid 316 in 17ms
04-20 12:54:16.959 0 0 I init : Control message: Processed ctl.stop for 'odsign' from pid: 316 (/system/bin/odsign)
04-20 12:54:16.960 0 0 I init : Service 'odsign' (pid 316) received signal 9
04-20 12:54:17.032 0 0 I init : Service 'exec 11 (/system/bin/fsverity_init --lock)' (pid 319) exited with status 0 waiting took 0.116000 seconds
04-20 12:54:17.033 0 0 I init : Sending signal 9 to service 'exec 11 (/system/bin/fsverity_init --lock)' (pid 319) process group...
04-20 12:54:17.033 0 0 I libprocessgroup: Successfully killed process cgroup uid 0 pid 319 in 0ms
04-20 12:54:17.032 175 217 I keystore2: system/security/keystore2/src/super_key.rs:330 - keystore.boot_level 1000000000 hits maximum 1000000000, finishing.
04-20 12:54:17.036 0 0 I init : starting service 'apexd-snapshotde'...
04-20 12:54:17.079 0 0 I init : ... started service 'apexd-snapshotde' has pid 320
04-20 12:54:17.079 0 0 I init : SVC_EXEC service 'apexd-snapshotde' pid 320 (uid 0 gid 1000+0 context default) started; waiting...
04-20 12:54:17.196 0 0 I apexd : Snapshot DE subcommand detected
04-20 12:54:17.207 0 0 I apexd-snapshotde: Marking APEXd as ready
04-20 12:54:17.217 0 0 I init : Service 'apexd-snapshotde' (pid 320) exited with status 0 waiting took 0.176000 seconds
04-20 12:54:17.218 0 0 I init : Sending signal 9 to service 'apexd-snapshotde' (pid 320) process group...
04-20 12:54:17.219 0 0 I libprocessgroup: Successfully killed process cgroup uid 0 pid 320 in 0ms
04-20 12:54:17.242 0 0 I init : processing action (post-fs-data) from (/system/etc/init/hw/init.usb.rc:6)
04-20 12:54:17.245 0 0 I init : Encryption policy of /data/adb set to 5eec760f9163855961bbc91c3582cecd v2 modes 1/4 flags 0x2
04-20 12:54:17.246 0 0 I init : processing action (post-fs-data) from (/vendor/etc/init/hw/init.ranchu.rc:58)
04-20 12:54:17.260 0 0 I init : starting service 'qemu-adb-keys'...
04-20 12:54:17.298 0 0 I init : ... started service 'qemu-adb-keys' has pid 321
04-20 12:54:17.303 0 0 I init : starting service 'qemu-device-state'...
04-20 12:54:17.334 0 0 I init : ... started service 'qemu-device-state' has pid 322
04-20 12:54:17.335 0 0 I init : processing action (ro.boot.qemu.virtiowifi=1 && post-fs-data) from (/vendor/etc/init/hw/init.ranchu.rc:112)
04-20 12:54:17.343 0 0 I init : starting service 'ranchu-net'...
04-20 12:54:17.386 0 0 I init : ... started service 'ranchu-net' has pid 323
04-20 12:54:17.387 0 0 I init : Command 'start ranchu-net' action=ro.boot.qemu.virtiowifi=1 && post-fs-data (/vendor/etc/init/hw/init.ranchu.rc:113) took 51ms and succeeded
04-20 12:54:17.387 0 0 I init : processing action (post-fs-data) from (/system/etc/init/bootstat.rc:9)
04-20 12:54:17.407 0 0 I init : processing action (ro.debuggable=1 && post-fs-data) from (/system/etc/init/clean_scratch_files.rc:1)
04-20 12:54:17.409 0 0 I init : starting service 'exec 12 (/system/bin/clean_scratch_files)'...
04-20 12:54:17.480 0 0 I init : ... started service 'exec 12 (/system/bin/clean_scratch_files)' has pid 324
04-20 12:54:17.480 0 0 I init : Command 'exec_background - root root -- /system/bin/clean_scratch_files' action=ro.debuggable=1 && post-fs-data (/system/etc/init/clean_scratch_files.rc:2) took 72ms and succeeded
04-20 12:54:17.481 0 0 I init : processing action (post-fs-data) from (/system/etc/init/gsid.rc:17)
04-20 12:54:17.488 0 0 I init : Not setting encryption policy on: /data/gsi
04-20 12:54:17.525 0 0 I init : processing action (post-fs-data) from (/system/etc/init/incidentd.rc:21)
04-20 12:54:17.535 0 0 I init : processing action (post-fs-data) from (/system/etc/init/logtagd.rc:4)
04-20 12:54:17.548 0 0 I init : processing action (post-fs-data) from (/system/etc/init/otapreopt.rc:3)
04-20 12:54:17.549 0 0 I init : starting service 'exec 13 (/system/bin/otapreopt_slot)'...
04-20 12:54:17.647 0 0 I init : ... started service 'exec 13 (/system/bin/otapreopt_slot)' has pid 325
04-20 12:54:17.648 0 0 I init : SVC_EXEC service 'exec 13 (/system/bin/otapreopt_slot)' pid 325 (uid 0 gid 0+0 context default) started; waiting...
04-20 12:54:17.648 0 0 I init : Command 'exec - root -- /system/bin/otapreopt_slot' action=post-fs-data (/system/etc/init/otapreopt.rc:4) took 99ms and succeeded
04-20 12:54:17.735 0 0 I init : Service 'qemu-device-state' (pid 322) exited with status 0 oneshot service took 0.427000 seconds in background
04-20 12:54:17.735 0 0 I init : Sending signal 9 to service 'qemu-device-state' (pid 322) process group...
04-20 12:54:17.735 0 0 I libprocessgroup: Successfully killed process cgroup uid 0 pid 322 in 0ms
04-20 12:54:17.762 0 0 I init : Service 'qemu-adb-keys' (pid 321) exited with status 0 oneshot service took 0.499000 seconds in background
04-20 12:54:17.763 0 0 I init : Sending signal 9 to service 'qemu-adb-keys' (pid 321) process group...
04-20 12:54:17.763 0 0 I libprocessgroup: Successfully killed process cgroup uid 0 pid 321 in 0ms
04-20 12:54:18.127 0 0 I init : Service 'exec 12 (/system/bin/clean_scratch_files)' (pid 324) exited with status 0 oneshot service took 0.706000 seconds in background
04-20 12:54:18.127 0 0 I init : Sending signal 9 to service 'exec 12 (/system/bin/clean_scratch_files)' (pid 324) process group...
04-20 12:54:18.128 0 0 I libprocessgroup: Successfully killed process cgroup uid 0 pid 324 in 0ms
04-20 12:54:18.323 329 329 W otapreopt_slot: Slot property empty.
04-20 12:54:18.346 0 0 I init : Service 'exec 13 (/system/bin/otapreopt_slot)' (pid 325) exited with status 1 waiting took 0.784000 seconds
04-20 12:54:18.346 0 0 I init : Sending signal 9 to service 'exec 13 (/system/bin/otapreopt_slot)' (pid 325) process group...
04-20 12:54:18.351 0 0 I libprocessgroup: Successfully killed process cgroup uid 0 pid 325 in 0ms
04-20 12:54:18.352 0 0 E selinux : SELinux: Could not stat /data/dalvik-cache/arm: No such file or directory.
04-20 12:54:18.352 0 0 E selinux : SELinux: Could not stat /data/dalvik-cache/arm64: No such file or directory.
04-20 12:54:18.353 0 0 E selinux : SELinux: Could not stat /data/dalvik-cache/riscv64: No such file or directory.
04-20 12:54:18.353 0 0 E selinux : SELinux: Could not stat /data/dalvik-cache/x86: No such file or directory.
04-20 12:54:18.353 0 0 E selinux : SELinux: Could not stat /data/dalvik-cache/x86_64: No such file or directory.
04-20 12:54:18.354 0 0 I init : processing action (post-fs-data) from (/system/etc/init/perfetto.rc:73)
04-20 12:54:18.358 0 0 I init : Command 'rm /data/misc/perfetto-traces/.guardraildata' action=post-fs-data (/system/etc/init/perfetto.rc:74) took 0ms and failed: unlink() failed: No such file or directory
04-20 12:54:18.358 0 0 I init : processing action (post-fs-data) from (/system/etc/init/profcollectd.rc:9)
04-20 12:54:18.372 0 0 I init : processing action (post-fs-data) from (/system/etc/init/recovery-persist.rc:1)
04-20 12:54:18.374 0 0 I init : starting service 'exec 14 (/system/bin/recovery-persist)'...
04-20 12:54:18.409 0 0 D ieee80211 phy1: Selected rate control algorithm 'minstrel_ht'
04-20 12:54:18.437 0 0 I init : ... started service 'exec 14 (/system/bin/recovery-persist)' has pid 331
04-20 12:54:18.438 0 0 I init : Command 'exec_background - system log -- /system/bin/recovery-persist' action=post-fs-data (/system/etc/init/recovery-persist.rc:3) took 64ms and succeeded
04-20 12:54:18.441 0 0 I init : processing action (post-fs-data) from (/system/etc/init/wifi.rc:18)
04-20 12:54:18.452 0 0 I selinux : SELinux: Skipping restorecon on directory(/data/misc/apexdata/com.android.wifi)
04-20 12:54:18.452 0 0 I init : processing action (post-fs-data) from (/vendor/etc/init/hostapd.android.rc:9)
04-20 12:54:18.549 0 0 I init : Command 'mkdir /data/vendor/wifi/hostapd 0770 wifi wifi' action=post-fs-data (/vendor/etc/init/hostapd.android.rc:11) took 86ms and succeeded
04-20 12:54:18.615 0 0 I init : processing action (sys.init.perf_lsm_hooks=1 && load_bpf_programs) from (/system/etc/init/hw/init.rc:1253)
04-20 12:54:18.617 0 0 I init : processing action (load_bpf_programs) from (/system/etc/init/bpfloader.rc:17)
04-20 12:54:18.629 0 0 I init : starting service 'bpfloader'...
04-20 12:54:18.754 0 0 I init : ... started service 'bpfloader' has pid 333
04-20 12:54:18.755 0 0 I init : SVC_EXEC service 'bpfloader' pid 333 (uid 0 gid 0+7 context default) started; waiting...
04-20 12:54:18.755 0 0 I init : Command 'exec_start bpfloader' action=load_bpf_programs (/system/etc/init/bpfloader.rc:18) took 137ms and succeeded
04-20 12:54:18.756 0 0 I init : Service 'exec 14 (/system/bin/recovery-persist)' (pid 331) exited with status 0 oneshot service took 0.374000 seconds in background
04-20 12:54:18.756 0 0 I init : Sending signal 9 to service 'exec 14 (/system/bin/recovery-persist)' (pid 331) process group...
04-20 12:54:18.757 0 0 I libprocessgroup: Successfully killed process cgroup uid 1000 pid 331 in 1ms
04-20 12:54:18.766 0 0 I init : starting service 'dhcpclient_wifi'...
04-20 12:54:18.797 0 0 I init : ... started service 'dhcpclient_wifi' has pid 334
04-20 12:54:18.797 0 0 I init : Control message: Processed ctl.start for 'dhcpclient_wifi' from pid: 332 (setprop ctl.start dhcpclient_wifi)
04-20 12:54:19.042 0 0 I init : Service 'ranchu-net' (pid 323) exited with status 0 oneshot service took 1.687000 seconds in background
04-20 12:54:19.050 0 0 I init : Sending signal 9 to service 'ranchu-net' (pid 323) process group...
04-20 12:54:19.051 0 0 I libprocessgroup: Successfully killed process cgroup uid 0 pid 323 in 0ms
04-20 12:54:19.081 0 0 D LibBpfLoader: Loading optional ELF object /apex/com.android.tethering/etc/bpf/test.o with license Apache 2.0
04-20 12:54:19.083 0 0 I LibBpfLoader: Section bpfloader_min_ver value is 2 [0x2]
04-20 12:54:19.083 0 0 I LibBpfLoader: Section bpfloader_max_ver value is 25 [0x19]
04-20 12:54:19.083 0 0 D LibBpfLoader: Couldn't find section bpfloader_min_required_ver (defaulting to 0 [0x0]).
04-20 12:54:19.084 0 0 I LibBpfLoader: Section size_of_bpf_map_def value is 120 [0x78]
04-20 12:54:19.084 0 0 I LibBpfLoader: Section size_of_bpf_prog_def value is 92 [0x5c]
04-20 12:54:19.084 0 0 I LibBpfLoader: BpfLoader version 0x00026 ignoring ELF object /apex/com.android.tethering/etc/bpf/test.o with max ver 0x00019
04-20 12:54:19.085 0 0 I bpfloader: Loaded object: /apex/com.android.tethering/etc/bpf/test.o
04-20 12:54:19.089 0 0 D LibBpfLoader: Loading critical for Connectivity (Tethering) ELF object /apex/com.android.tethering/etc/bpf/offload.o with license Apache 2.0
04-20 12:54:19.090 0 0 I LibBpfLoader: Section bpfloader_min_ver value is 2 [0x2]
04-20 12:54:19.092 0 0 I LibBpfLoader: Section bpfloader_max_ver value is 25 [0x19]
04-20 12:54:19.093 0 0 D LibBpfLoader: Couldn't find section bpfloader_min_required_ver (defaulting to 0 [0x0]).
04-20 12:54:19.093 0 0 I LibBpfLoader: Section size_of_bpf_map_def value is 120 [0x78]
04-20 12:54:19.093 0 0 I LibBpfLoader: Section size_of_bpf_prog_def value is 92 [0x5c]
04-20 12:54:19.094 0 0 I LibBpfLoader: BpfLoader version 0x00026 ignoring ELF object /apex/com.android.tethering/etc/bpf/offload.o with max ver 0x00019
04-20 12:54:19.094 0 0 I bpfloader: Loaded object: /apex/com.android.tethering/etc/bpf/offload.o
04-20 12:54:19.096 0 0 D LibBpfLoader: Loading optional ELF object /apex/com.android.tethering/etc/bpf/test@btf.o with license Apache 2.0
04-20 12:54:19.096 0 0 I LibBpfLoader: Section bpfloader_min_ver value is 25 [0x19]
04-20 12:54:19.096 0 0 I LibBpfLoader: Section bpfloader_max_ver value is 65536 [0x10000]
04-20 12:54:19.097 0 0 D LibBpfLoader: Couldn't find section bpfloader_min_required_ver (defaulting to 0 [0x0]).
04-20 12:54:19.097 0 0 I LibBpfLoader: Section size_of_bpf_map_def value is 120 [0x78]
04-20 12:54:19.097 0 0 I LibBpfLoader: Section size_of_bpf_prog_def value is 92 [0x5c]
04-20 12:54:19.098 0 0 I LibBpfLoader: BpfLoader version 0x00026 processing ELF object /apex/com.android.tethering/etc/bpf/test@btf.o with ver [0x00019,0x10000)
04-20 12:54:19.102 0 0 D LibBpfLoader: Loaded code section 3 (xdp_drop_ipv4_udp_ether)
04-20 12:54:19.104 0 0 D LibBpfLoader: Adding section 3 to cs list
04-20 12:54:19.109 0 0 D LibBpfLoader: Couldn't find section btf_min_bpfloader_ver (defaulting to 0 [0x0]).
04-20 12:54:19.110 0 0 D LibBpfLoader: Couldn't find section btf_min_kernel_ver (defaulting to 0 [0x0]).
04-20 12:54:19.202 0 0 D LibBpfLoader: bpf_create_map name tether_downstream6_map, ret: 6
04-20 12:54:19.203 0 0 I LibBpfLoader: map /sys/fs/bpf/tethering/map_test_tether_downstream6_map id 1
04-20 12:54:19.204 0 0 D LibBpfLoader: bpf_create_map name bitmap, ret: 8
04-20 12:54:19.204 0 0 I LibBpfLoader: map /sys/fs/bpf/tethering/map_test_bitmap id 2
04-20 12:54:19.204 0 0 D LibBpfLoader: map_fd found at 0 is 6 in /apex/com.android.tethering/etc/bpf/test@btf.o
04-20 12:54:19.204 0 0 D LibBpfLoader: map_fd found at 1 is 8 in /apex/com.android.tethering/etc/bpf/test@btf.o
04-20 12:54:19.206 0 0 D LibBpfLoader: cs[0].name:xdp_drop_ipv4_udp_ether min_kver:5090000 .max_kver:ffffffff (kvers:6010017)
04-20 12:54:19.206 0 0 D LibBpfLoader: cs[0].name:xdp_drop_ipv4_udp_ether requires bpfloader version [0x00019,0x10000)
04-20 12:54:19.217 0 0 D LibBpfLoader: bpf_prog_load lib call for /apex/com.android.tethering/etc/bpf/test@btf.o (xdp_drop_ipv4_udp_ether) returned fd: 7 (no error)
04-20 12:54:19.219 0 0 I LibBpfLoader: prog /sys/fs/bpf/tethering/prog_test_xdp_drop_ipv4_udp_ether id 1
04-20 12:54:19.220 0 0 I bpfloader: Loaded object: /apex/com.android.tethering/etc/bpf/test@btf.o
04-20 12:54:19.225 0 0 D LibBpfLoader: Loading critical for Connectivity (Tethering) ELF object /apex/com.android.tethering/etc/bpf/offload@btf.o with license Apache 2.0
04-20 12:54:19.225 0 0 I LibBpfLoader: Section bpfloader_min_ver value is 25 [0x19]
04-20 12:54:19.226 0 0 I LibBpfLoader: Section bpfloader_max_ver value is 65536 [0x10000]
04-20 12:54:19.226 0 0 D LibBpfLoader: Couldn't find section bpfloader_min_required_ver (defaulting to 0 [0x0]).
