04-20 12:56:29.999 554 554 V SystemServerTiming: OnBootPhase_520_com.android.server.speech.SpeechRecognitionManagerService took to complete: 0ms
04-20 12:56:29.999 554 554 D SystemServerTiming: OnBootPhase_520_com.android.server.searchui.SearchUiManagerService
04-20 12:56:29.999 554 554 V SystemServerTiming: OnBootPhase_520_com.android.server.searchui.SearchUiManagerService took to complete: 0ms
04-20 12:56:29.999 554 554 D SystemServerTiming: OnBootPhase_520_com.android.server.smartspace.SmartspaceManagerService
04-20 12:56:29.999 554 554 V SystemServerTiming: OnBootPhase_520_com.android.server.smartspace.SmartspaceManagerService took to complete: 0ms
04-20 12:56:29.999 554 554 D SystemServerTiming: OnBootPhase_520_com.android.server.graphics.fonts.FontManagerService$Lifecycle
04-20 12:56:30.003 554 554 V SystemServerTiming: OnBootPhase_520_com.android.server.graphics.fonts.FontManagerService$Lifecycle took to complete: 0ms
04-20 12:56:30.003 554 554 D SystemServerTiming: OnBootPhase_520_com.android.server.textservices.TextServicesManagerService$Lifecycle
04-20 12:56:30.013 554 554 V SystemServerTiming: OnBootPhase_520_com.android.server.textservices.TextServicesManagerService$Lifecycle took to complete: 0ms
04-20 12:56:30.013 554 554 D SystemServerTiming: OnBootPhase_520_com.android.server.textclassifier.TextClassificationManagerService$Lifecycle
04-20 12:56:30.013 554 554 V SystemServerTiming: OnBootPhase_520_com.android.server.textclassifier.TextClassificationManagerService$Lifecycle took to complete: 0ms
04-20 12:56:30.013 554 554 D SystemServerTiming: OnBootPhase_520_com.android.server.NetworkScoreService$Lifecycle
04-20 12:56:30.013 554 554 V SystemServerTiming: OnBootPhase_520_com.android.server.NetworkScoreService$Lifecycle took to complete: 0ms
04-20 12:56:30.013 554 554 D SystemServerTiming: OnBootPhase_520_com.android.server.NetworkStatsServiceInitializer
04-20 12:56:30.013 554 554 V SystemServerTiming: OnBootPhase_520_com.android.server.NetworkStatsServiceInitializer took to complete: 0ms
04-20 12:56:30.013 554 554 D SystemServerTiming: OnBootPhase_520_com.android.server.wifi.WifiService
04-20 12:56:30.013 554 554 V SystemServerTiming: OnBootPhase_520_com.android.server.wifi.WifiService took to complete: 0ms
04-20 12:56:30.013 554 554 D SystemServerTiming: OnBootPhase_520_com.android.server.wifi.scanner.WifiScanningService
04-20 12:56:30.014 554 554 V SystemServerTiming: OnBootPhase_520_com.android.server.wifi.scanner.WifiScanningService took to complete: 0ms
04-20 12:56:30.014 554 554 D SystemServerTiming: OnBootPhase_520_com.android.server.wifi.p2p.WifiP2pService
04-20 12:56:30.014 554 554 V SystemServerTiming: OnBootPhase_520_com.android.server.wifi.p2p.WifiP2pService took to complete: 0ms
04-20 12:56:30.014 554 554 D SystemServerTiming: OnBootPhase_520_com.android.server.ConnectivityServiceInitializer
04-20 12:56:30.014 554 554 V SystemServerTiming: OnBootPhase_520_com.android.server.ConnectivityServiceInitializer took to complete: 0ms
04-20 12:56:30.014 554 554 D SystemServerTiming: OnBootPhase_520_com.android.server.notification.NotificationManagerService
04-20 12:56:30.029 933 933 I wpa_supplicant: rfkill: Cannot open RFKILL control device
04-20 12:56:30.107 554 554 W SystemServiceManager: Service com.android.server.notification.NotificationManagerService took 93 ms in onBootPhase
04-20 12:56:30.107 554 554 V SystemServerTiming: OnBootPhase_520_com.android.server.notification.NotificationManagerService took to complete: 93ms
04-20 12:56:30.107 554 554 D SystemServerTiming: OnBootPhase_520_com.android.server.storage.DeviceStorageMonitorService
04-20 12:56:30.107 554 554 V SystemServerTiming: OnBootPhase_520_com.android.server.storage.DeviceStorageMonitorService took to complete: 0ms
04-20 12:56:30.107 554 554 D SystemServerTiming: OnBootPhase_520_com.android.server.timedetector.TimeDetectorService$Lifecycle
04-20 12:56:30.107 554 554 V SystemServerTiming: OnBootPhase_520_com.android.server.timedetector.TimeDetectorService$Lifecycle took to complete: 0ms
04-20 12:56:30.107 554 554 D SystemServerTiming: OnBootPhase_520_com.android.server.location.LocationManagerService$Lifecycle
04-20 12:56:30.107 554 554 V SystemServerTiming: OnBootPhase_520_com.android.server.location.LocationManagerService$Lifecycle took to complete: 0ms
04-20 12:56:30.112 554 554 D SystemServerTiming: OnBootPhase_520_com.android.server.timezonedetector.TimeZoneDetectorService$Lifecycle
04-20 12:56:30.112 554 554 V SystemServerTiming: OnBootPhase_520_com.android.server.timezonedetector.TimeZoneDetectorService$Lifecycle took to complete: 0ms
04-20 12:56:30.112 554 554 D SystemServerTiming: OnBootPhase_520_com.android.server.location.altitude.AltitudeService$Lifecycle
04-20 12:56:30.113 554 554 V SystemServerTiming: OnBootPhase_520_com.android.server.location.altitude.AltitudeService$Lifecycle took to complete: 0ms
04-20 12:56:30.113 554 554 D SystemServerTiming: OnBootPhase_520_com.android.server.timezonedetector.location.LocationTimeZoneManagerService$Lifecycle
04-20 12:56:30.113 554 554 V SystemServerTiming: OnBootPhase_520_com.android.server.timezonedetector.location.LocationTimeZoneManagerService$Lifecycle took to complete: 1ms
04-20 12:56:30.114 554 554 D SystemServerTiming: OnBootPhase_520_com.android.server.search.SearchManagerService$Lifecycle
04-20 12:56:30.114 554 554 V SystemServerTiming: OnBootPhase_520_com.android.server.search.SearchManagerService$Lifecycle took to complete: 0ms
04-20 12:56:30.114 554 554 D SystemServerTiming: OnBootPhase_520_com.android.server.wallpapereffectsgeneration.WallpaperEffectsGenerationManagerService
04-20 12:56:30.114 554 554 V SystemServerTiming: OnBootPhase_520_com.android.server.wallpapereffectsgeneration.WallpaperEffectsGenerationManagerService took to complete: 0ms
04-20 12:56:30.115 554 554 D SystemServerTiming: OnBootPhase_520_com.android.server.audio.AudioService$Lifecycle
04-20 12:56:30.115 554 554 V SystemServerTiming: OnBootPhase_520_com.android.server.audio.AudioService$Lifecycle took to complete: 0ms
04-20 12:56:30.115 554 554 D SystemServerTiming: OnBootPhase_520_com.android.server.soundtrigger_middleware.SoundTriggerMiddlewareService$Lifecycle
04-20 12:56:30.115 554 554 V SystemServerTiming: OnBootPhase_520_com.android.server.soundtrigger_middleware.SoundTriggerMiddlewareService$Lifecycle took to complete: 0ms
04-20 12:56:30.115 554 554 D SystemServerTiming: OnBootPhase_520_com.android.server.DockObserver
04-20 12:56:30.119 554 554 V SystemServerTiming: OnBootPhase_520_com.android.server.DockObserver took to complete: 0ms
04-20 12:56:30.119 554 554 D SystemServerTiming: OnBootPhase_520_com.android.server.midi.MidiService$Lifecycle
04-20 12:56:30.119 554 554 V SystemServerTiming: OnBootPhase_520_com.android.server.midi.MidiService$Lifecycle took to complete: 0ms
04-20 12:56:30.119 554 554 D SystemServerTiming: OnBootPhase_520_com.android.server.adb.AdbService$Lifecycle
04-20 12:56:30.122 554 554 V SystemServerTiming: OnBootPhase_520_com.android.server.adb.AdbService$Lifecycle took to complete: 0ms
04-20 12:56:30.123 554 554 D SystemServerTiming: OnBootPhase_520_com.android.server.usb.UsbService$Lifecycle
04-20 12:56:30.123 554 554 V SystemServerTiming: OnBootPhase_520_com.android.server.usb.UsbService$Lifecycle took to complete: 0ms
04-20 12:56:30.123 554 554 D SystemServerTiming: OnBootPhase_520_com.android.server.twilight.TwilightService
04-20 12:56:30.123 554 554 V SystemServerTiming: OnBootPhase_520_com.android.server.twilight.TwilightService took to complete: 0ms
04-20 12:56:30.126 554 554 D SystemServerTiming: OnBootPhase_520_com.android.server.display.color.ColorDisplayService
04-20 12:56:30.126 554 554 V SystemServerTiming: OnBootPhase_520_com.android.server.display.color.ColorDisplayService took to complete: 0ms
04-20 12:56:30.126 554 554 D SystemServerTiming: OnBootPhase_520_com.android.server.job.JobSchedulerService
04-20 12:56:30.127 554 554 V SystemServerTiming: OnBootPhase_520_com.android.server.job.JobSchedulerService took to complete: 0ms
04-20 12:56:30.127 554 554 D SystemServerTiming: OnBootPhase_520_com.android.server.soundtrigger.SoundTriggerService
04-20 12:56:30.127 554 554 D SoundTriggerService: onBootPhase: 520 : false
04-20 12:56:30.132 554 554 V SystemServerTiming: OnBootPhase_520_com.android.server.soundtrigger.SoundTriggerService took to complete: 5ms
04-20 12:56:30.132 554 554 D SystemServerTiming: OnBootPhase_520_com.android.server.trust.TrustManagerService
04-20 12:56:30.132 554 554 V SystemServerTiming: OnBootPhase_520_com.android.server.trust.TrustManagerService took to complete: 0ms
04-20 12:56:30.132 554 554 D SystemServerTiming: OnBootPhase_520_com.android.server.backup.BackupManagerService$Lifecycle
04-20 12:56:30.133 554 554 V SystemServerTiming: OnBootPhase_520_com.android.server.backup.BackupManagerService$Lifecycle took to complete: 0ms
04-20 12:56:30.133 554 554 D SystemServerTiming: OnBootPhase_520_com.android.server.appwidget.AppWidgetService
04-20 12:56:30.133 554 554 V SystemServerTiming: OnBootPhase_520_com.android.server.appwidget.AppWidgetService took to complete: 0ms
04-20 12:56:30.133 554 554 D SystemServerTiming: OnBootPhase_520_com.android.server.voiceinteraction.VoiceInteractionManagerService
04-20 12:56:30.133 554 554 V SystemServerTiming: OnBootPhase_520_com.android.server.voiceinteraction.VoiceInteractionManagerService took to complete: 0ms
04-20 12:56:30.133 554 554 D SystemServerTiming: OnBootPhase_520_com.android.server.GestureLauncherService
04-20 12:56:30.133 554 554 V SystemServerTiming: OnBootPhase_520_com.android.server.GestureLauncherService took to complete: 0ms
04-20 12:56:30.133 554 554 D SystemServerTiming: OnBootPhase_520_com.android.server.SensorNotificationService
04-20 12:56:30.133 554 554 V SystemServerTiming: OnBootPhase_520_com.android.server.SensorNotificationService took to complete: 0ms
04-20 12:56:30.133 554 554 D SystemServerTiming: OnBootPhase_520_com.android.server.emergency.EmergencyAffordanceService
04-20 12:56:30.133 554 554 V SystemServerTiming: OnBootPhase_520_com.android.server.emergency.EmergencyAffordanceService took to complete: 0ms
04-20 12:56:30.134 554 554 D SystemServerTiming: OnBootPhase_520_com.android.server.blob.BlobStoreManagerService
04-20 12:56:30.134 554 554 V SystemServerTiming: OnBootPhase_520_com.android.server.blob.BlobStoreManagerService took to complete: 0ms
04-20 12:56:30.134 554 554 D SystemServerTiming: OnBootPhase_520_com.android.server.dreams.DreamManagerService
04-20 12:56:30.134 554 554 V SystemServerTiming: OnBootPhase_520_com.android.server.dreams.DreamManagerService took to complete: 0ms
04-20 12:56:30.134 554 554 D SystemServerTiming: OnBootPhase_520_com.android.server.print.PrintManagerService
04-20 12:56:30.134 554 554 V SystemServerTiming: OnBootPhase_520_com.android.server.print.PrintManagerService took to complete: 0ms
04-20 12:56:30.134 554 554 D SystemServerTiming: OnBootPhase_520_com.android.server.security.AttestationVerificationManagerService
04-20 12:56:30.134 554 554 V SystemServerTiming: OnBootPhase_520_com.android.server.security.AttestationVerificationManagerService took to complete: 0ms
04-20 12:56:30.134 554 554 D SystemServerTiming: OnBootPhase_520_com.android.server.companion.CompanionDeviceManagerService
04-20 12:56:30.134 554 554 V SystemServerTiming: OnBootPhase_520_com.android.server.companion.CompanionDeviceManagerService took to complete: 0ms
04-20 12:56:30.134 554 554 D SystemServerTiming: OnBootPhase_520_com.android.server.companion.virtual.VirtualDeviceManagerService
04-20 12:56:30.135 554 554 V SystemServerTiming: OnBootPhase_520_com.android.server.companion.virtual.VirtualDeviceManagerService took to complete: 0ms
04-20 12:56:30.135 554 554 D SystemServerTiming: OnBootPhase_520_com.android.server.restrictions.RestrictionsManagerService
04-20 12:56:30.135 554 554 V SystemServerTiming: OnBootPhase_520_com.android.server.restrictions.RestrictionsManagerService took to complete: 0ms
04-20 12:56:30.135 554 554 D SystemServerTiming: OnBootPhase_520_com.android.server.media.MediaSessionService
04-20 12:56:30.135 554 554 V SystemServerTiming: OnBootPhase_520_com.android.server.media.MediaSessionService took to complete: 0ms
04-20 12:56:30.135 554 554 D SystemServerTiming: OnBootPhase_520_com.android.server.biometrics.sensors.face.FaceService
04-20 12:56:30.135 554 554 V SystemServerTiming: OnBootPhase_520_com.android.server.biometrics.sensors.face.FaceService took to complete: 0ms
04-20 12:56:30.135 554 554 D SystemServerTiming: OnBootPhase_520_com.android.server.biometrics.sensors.fingerprint.FingerprintService
04-20 12:56:30.135 554 554 V SystemServerTiming: OnBootPhase_520_com.android.server.biometrics.sensors.fingerprint.FingerprintService took to complete: 0ms
04-20 12:56:30.135 554 554 D SystemServerTiming: OnBootPhase_520_com.android.server.biometrics.BiometricService
04-20 12:56:30.140 933 933 I wpa_supplicant: Init sm=0x7423eb5950d0
04-20 12:56:30.141 554 554 V SystemServerTiming: OnBootPhase_520_com.android.server.biometrics.BiometricService took to complete: 0ms
04-20 12:56:30.147 554 554 D SystemServerTiming: OnBootPhase_520_com.android.server.biometrics.AuthService
04-20 12:56:30.147 554 554 V SystemServerTiming: OnBootPhase_520_com.android.server.biometrics.AuthService took to complete: 0ms
04-20 12:56:30.148 554 554 D SystemServerTiming: OnBootPhase_520_com.android.server.pm.ShortcutService$Lifecycle
04-20 12:56:30.160 554 554 V SystemServerTiming: OnBootPhase_520_com.android.server.pm.ShortcutService$Lifecycle took to complete: 0ms
04-20 12:56:30.160 554 554 D SystemServerTiming: OnBootPhase_520_com.android.server.pm.LauncherAppsService
04-20 12:56:30.161 554 554 V SystemServerTiming: OnBootPhase_520_com.android.server.pm.LauncherAppsService took to complete: 0ms
04-20 12:56:30.161 554 554 D SystemServerTiming: OnBootPhase_520_com.android.server.pm.CrossProfileAppsService
04-20 12:56:30.161 554 554 V SystemServerTiming: OnBootPhase_520_com.android.server.pm.CrossProfileAppsService took to complete: 0ms
04-20 12:56:30.162 554 554 D SystemServerTiming: OnBootPhase_520_com.android.server.people.PeopleService
04-20 12:56:30.162 554 554 V SystemServerTiming: OnBootPhase_520_com.android.server.people.PeopleService took to complete: 0ms
04-20 12:56:30.162 554 554 D SystemServerTiming: OnBootPhase_520_com.android.server.media.metrics.MediaMetricsManagerService
04-20 12:56:30.163 554 554 V SystemServerTiming: OnBootPhase_520_com.android.server.media.metrics.MediaMetricsManagerService took to complete: 0ms
04-20 12:56:30.163 554 554 D SystemServerTiming: OnBootPhase_520_com.android.server.pm.BackgroundInstallControlService
04-20 12:56:30.163 554 554 V SystemServerTiming: OnBootPhase_520_com.android.server.pm.BackgroundInstallControlService took to complete: 0ms
04-20 12:56:30.163 554 554 D SystemServerTiming: OnBootPhase_520_com.android.server.media.projection.MediaProjectionManagerService
04-20 12:56:30.168 554 554 V SystemServerTiming: OnBootPhase_520_com.android.server.media.projection.MediaProjectionManagerService took to complete: 0ms
04-20 12:56:30.168 554 554 D SystemServerTiming: OnBootPhase_520_com.android.server.slice.SliceManagerService$Lifecycle
04-20 12:56:30.168 554 554 V SystemServerTiming: OnBootPhase_520_com.android.server.slice.SliceManagerService$Lifecycle took to complete: 0ms
04-20 12:56:30.168 554 554 D SystemServerTiming: OnBootPhase_520_com.android.server.stats.StatsCompanion$Lifecycle
04-20 12:56:30.168 554 554 V SystemServerTiming: OnBootPhase_520_com.android.server.stats.StatsCompanion$Lifecycle took to complete: 1ms
04-20 12:56:30.168 554 554 D SystemServerTiming: OnBootPhase_520_com.android.server.scheduling.RebootReadinessManagerService$Lifecycle
04-20 12:56:30.168 554 554 V SystemServerTiming: OnBootPhase_520_com.android.server.scheduling.RebootReadinessManagerService$Lifecycle took to complete: 0ms
04-20 12:56:30.168 554 554 D SystemServerTiming: OnBootPhase_520_com.android.server.stats.pull.StatsPullAtomService
04-20 12:56:30.169 554 554 V SystemServerTiming: OnBootPhase_520_com.android.server.stats.pull.StatsPullAtomService took to complete: 0ms
04-20 12:56:30.169 554 554 D SystemServerTiming: OnBootPhase_520_com.android.server.stats.bootstrap.StatsBootstrapAtomService$Lifecycle
04-20 12:56:30.169 554 554 V SystemServerTiming: OnBootPhase_520_com.android.server.stats.bootstrap.StatsBootstrapAtomService$Lifecycle took to complete: 0ms
04-20 12:56:30.169 554 554 D SystemServerTiming: OnBootPhase_520_com.android.server.incident.IncidentCompanionService
04-20 12:56:30.169 554 554 V SystemServerTiming: OnBootPhase_520_com.android.server.incident.IncidentCompanionService took to complete: 0ms
04-20 12:56:30.169 554 554 D SystemServerTiming: OnBootPhase_520_com.android.server.sdksandbox.SdkSandboxManagerService$Lifecycle
04-20 12:56:30.169 554 554 V SystemServerTiming: OnBootPhase_520_com.android.server.sdksandbox.SdkSandboxManagerService$Lifecycle took to complete: 0ms
04-20 12:56:30.169 554 554 D SystemServerTiming: OnBootPhase_520_com.android.server.adservices.AdServicesManagerService$Lifecycle
04-20 12:56:30.169 554 554 V SystemServerTiming: OnBootPhase_520_com.android.server.adservices.AdServicesManagerService$Lifecycle took to complete: 0ms
04-20 12:56:30.169 554 554 D SystemServerTiming: OnBootPhase_520_com.android.server.ondevicepersonalization.OnDevicePersonalizationSystemService$Lifecycle
04-20 12:56:30.169 554 554 V SystemServerTiming: OnBootPhase_520_com.android.server.ondevicepersonalization.OnDevicePersonalizationSystemService$Lifecycle took to complete: 0ms
04-20 12:56:30.170 554 554 D SystemServerTiming: OnBootPhase_520_com.android.server.MmsServiceBroker
04-20 12:56:30.170 554 554 V SystemServerTiming: OnBootPhase_520_com.android.server.MmsServiceBroker took to complete: 0ms
04-20 12:56:30.170 554 554 D SystemServerTiming: OnBootPhase_520_com.android.server.autofill.AutofillManagerService
04-20 12:56:30.170 554 554 V SystemServerTiming: OnBootPhase_520_com.android.server.autofill.AutofillManagerService took to complete: 0ms
04-20 12:56:30.170 554 554 D SystemServerTiming: OnBootPhase_520_com.android.server.selectiontoolbar.SelectionToolbarManagerService
04-20 12:56:30.170 554 554 V SystemServerTiming: OnBootPhase_520_com.android.server.selectiontoolbar.SelectionToolbarManagerService took to complete: 0ms
04-20 12:56:30.170 554 554 D SystemServerTiming: OnBootPhase_520_com.android.server.clipboard.ClipboardService
04-20 12:56:30.170 554 554 V SystemServerTiming: OnBootPhase_520_com.android.server.clipboard.ClipboardService took to complete: 0ms
04-20 12:56:30.170 554 554 D SystemServerTiming: OnBootPhase_520_com.android.server.appbinding.AppBindingService$Lifecycle
04-20 12:56:30.170 554 554 V SystemServerTiming: OnBootPhase_520_com.android.server.appbinding.AppBindingService$Lifecycle took to complete: 0ms
04-20 12:56:30.171 554 554 D SystemServerTiming: OnBootPhase_520_com.android.server.tracing.TracingServiceProxy
04-20 12:56:30.171 554 554 V SystemServerTiming: OnBootPhase_520_com.android.server.tracing.TracingServiceProxy took to complete: 0ms
04-20 12:56:30.171 554 554 D SystemServerTiming: OnBootPhase_520_com.android.server.policy.PermissionPolicyService
04-20 12:56:30.180 554 554 V SystemServerTiming: OnBootPhase_520_com.android.server.policy.PermissionPolicyService took to complete: 9ms
04-20 12:56:30.180 554 554 D SystemServerTiming: OnBootPhase_520_com.android.server.pm.StagingManager$Lifecycle
04-20 12:56:30.180 554 554 V SystemServerTiming: OnBootPhase_520_com.android.server.pm.StagingManager$Lifecycle took to complete: 0ms
04-20 12:56:30.180 554 554 D SystemServerTiming: OnBootPhase_520_com.android.server.app.GameManagerService$Lifecycle
04-20 12:56:30.181 554 554 V SystemServerTiming: OnBootPhase_520_com.android.server.app.GameManagerService$Lifecycle took to complete: 0ms
04-20 12:56:30.181 554 554 V SystemServerTiming: OnBootPhase_520 took to complete: 231ms
04-20 12:56:30.181 554 554 V SystemServerTiming: StartBootPhaseDeviceSpecificServicesReady took to complete: 231ms
04-20 12:56:30.181 554 554 D SystemServerTiming: StartSafetyCenterService
04-20 12:56:30.181 554 554 I SystemServiceManager: Starting com.android.safetycenter.SafetyCenterService
04-20 12:56:30.191 933 933 I wpa_supplicant: rfkill: Cannot get wiphy information
04-20 12:56:30.198 933 933 I wpa_supplicant: Init sm=0x7423eb591390
04-20 12:56:30.202 554 554 I SafetyCenterResContext: Found Safety Center resources APK at: com.android.safetycenter.resources
04-20 12:56:30.216 554 866 I SupplicantStaIfaceHalAidlImpl: Remote service version was cached
04-20 12:56:30.217 554 866 I SupplicantStaIfaceHalAidlImpl: Remote Version: 2
04-20 12:56:30.235 554 866 I SupplicantStaIfaceHalAidlImpl: Non-standard cert callback was registered
04-20 12:56:30.239 933 933 I wpa_supplicant: Iface already exists, return existing
04-20 12:56:30.255 554 554 I SafetyCenterConfigReade: SafetyCenterConfig read successfully
04-20 12:56:30.263 554 554 I SafetyCenterIssuesPersi: File not found: /data/misc/apexdata/com.android.permission/safety_center_issues.xml
04-20 12:56:30.266 554 554 I SafetyCenterIssueDis: Safety Center persisted issues read successfully
04-20 12:56:30.271 554 554 W SystemServiceManager: Service com.android.safetycenter.SafetyCenterService took 83 ms in onStart
04-20 12:56:30.271 554 554 V SystemServerTiming: StartSafetyCenterService took to complete: 90ms
04-20 12:56:30.271 554 554 D SystemServerTiming: AppSearchModule
04-20 12:56:30.271 0 0 I servicemanager: Found android.hardware.wifi.IWifi/default in device VINTF manifest.
04-20 12:56:30.279 554 554 I SystemServiceManager: Starting com.android.server.appsearch.AppSearchModule$Lifecycle
04-20 12:56:30.281 554 866 I WifiNative: Supported features is updated in config store: 116391864461951001
04-20 12:56:30.282 554 866 E WifiChipAidlImpl: getUsableChannels failed with service-specific exception: android.os.ServiceSpecificException: (code 4)
04-20 12:56:30.320 554 866 I WifiNative: Successfully switched to connectivity mode on iface=Iface:{Name=wlan0,Id=0,Type=STA_CONNECTIVITY}
04-20 12:56:30.321 554 866 D WifiClientModeManager[166538:wlan0]: entering ConnectModeState, starting ClientModeImpl
04-20 12:56:30.327 554 554 V SystemServerTiming: AppSearchModule took to complete: 56ms
04-20 12:56:30.332 554 554 D SystemServerTiming: StartMediaCommunicationService
04-20 12:56:30.334 554 554 I SystemServiceManager: Starting com.android.server.media.MediaCommunicationService
04-20 12:56:30.343 554 554 V SystemServerTiming: StartMediaCommunicationService took to complete: 11ms
04-20 12:56:30.343 554 554 D SystemServerTiming: AppCompatOverridesService
04-20 12:56:30.348 554 554 I SystemServiceManager: Starting com.android.server.compat.overrides.AppCompatOverridesService$Lifecycle
04-20 12:56:30.355 554 866 D WifiNative: enableVerboseLogging false hal false
04-20 12:56:30.360 554 554 V SystemServerTiming: AppCompatOverridesService took to complete: 13ms
04-20 12:56:30.360 554 554 D SystemServerTiming: HealthConnectManagerService
04-20 12:56:30.363 554 554 I SystemServiceManager: Starting com.android.server.healthconnect.HealthConnectManagerService
04-20 12:56:30.365 554 866 D WifiScoreReport: setShouldReduceNetworkScore=false mNetworkAgent is null? true
04-20 12:56:30.376 554 866 D WifiScanRequestProxy: Sending scan available broadcast: true
04-20 12:56:30.377 554 866 I WifiScanRequestProxy: Scanning is enabled
04-20 12:56:30.377 554 866 I WifiScanRequestProxy: Scanning for hidden networks is enabled
04-20 12:56:30.380 554 872 I WifiScanningService: Received a request to enable scanning, UID = 1000
04-20 12:56:30.388 554 866 E WifiChipAidlImpl: setMultiStaUseCase failed with service-specific exception: android.os.ServiceSpecificException: (code 4)
04-20 12:56:30.393 554 872 E WifiStaIfaceAidlImpl: getBackgroundScanCapabilities failed with service-specific exception: android.os.ServiceSpecificException: (code 4)
04-20 12:56:30.420 554 866 E WifiChipAidlImpl: setMultiStaPrimaryConnection failed with service-specific exception: android.os.ServiceSpecificException: (code 4)
04-20 12:56:30.422 554 866 D WifiCountryCode: evaluateAllCmmStateAndApplyIfAllReady: {ConcreteClientModeManager{id=166538 iface=wlan0 role=ROLE_CLIENT_PRIMARY}=true}
04-20 12:56:30.428 554 866 D WifiCountryCode: Reading country code from telephony
04-20 12:56:30.430 554 866 D WifiCountryCode: Set telephony country code to:
04-20 12:56:30.431 554 866 D WifiCountryCode: updateCountryCode to null
04-20 12:56:30.438 554 554 E HealthConnectResContext: Attempted to fetch resources before Health Connect resources APK is loaded!
04-20 12:56:30.438 554 554 E HealthConnectResContext: java.lang.IllegalStateException
04-20 12:56:30.438 554 554 E HealthConnectResContext: at com.android.server.healthconnect.migration.notification.HealthConnectResourcesContext.resolvePackageInfo(HealthConnectResourcesContext.java:129)
04-20 12:56:30.438 554 554 E HealthConnectResContext: at com.android.server.healthconnect.migration.notification.HealthConnectResourcesContext.initialisePackageNames(HealthConnectResourcesContext.java:87)
04-20 12:56:30.438 554 554 E HealthConnectResContext: at com.android.server.healthconnect.migration.notification.HealthConnectResourcesContext.(HealthConnectResourcesContext.java:83)
04-20 12:56:30.438 554 554 E HealthConnectResContext: at com.android.server.healthconnect.migration.notification.HealthConnectResourcesContext.(HealthConnectResourcesContext.java:70)
04-20 12:56:30.438 554 554 E HealthConnectResContext: at com.android.server.healthconnect.migration.notification.MigrationNotificationFactory.(MigrationNotificationFactory.java:107)
04-20 12:56:30.438 554 554 E HealthConnectResContext: at com.android.server.healthconnect.migration.notification.MigrationNotificationSender.(MigrationNotificationSender.java:60)
04-20 12:56:30.438 554 554 E HealthConnectResContext: at com.android.server.healthconnect.HealthConnectManagerService.(HealthConnectManagerService.java:105)
04-20 12:56:30.438 554 554 E HealthConnectResContext: at java.lang.reflect.Constructor.newInstance0(Native Method)
04-20 12:56:30.438 554 554 E HealthConnectResContext: at java.lang.reflect.Constructor.newInstance(Constructor.java:343)
04-20 12:56:30.438 554 554 E HealthConnectResContext: at com.android.server.SystemServiceManager.startService(SystemServiceManager.java:218)
04-20 12:56:30.438 554 554 E HealthConnectResContext: at com.android.server.SystemServiceManager.startService(SystemServiceManager.java:142)
04-20 12:56:30.438 554 554 E HealthConnectResContext: at com.android.server.SystemServer.startOtherServices(SystemServer.java:2864)
04-20 12:56:30.438 554 554 E HealthConnectResContext: at com.android.server.SystemServer.run(SystemServer.java:942)
04-20 12:56:30.438 554 554 E HealthConnectResContext: at com.android.server.SystemServer.main(SystemServer.java:664)
04-20 12:56:30.438 554 554 E HealthConnectResContext: at java.lang.reflect.Method.invoke(Native Method)
04-20 12:56:30.438 554 554 E HealthConnectResContext: at com.android.internal.os.RuntimeInit$MethodAndArgsCaller.run(RuntimeInit.java:552)
04-20 12:56:30.438 554 554 E HealthConnectResContext: at com.android.internal.os.ZygoteInit.main(ZygoteInit.java:949)
04-20 12:56:30.442 554 866 D WakeupController: onWifiEnabled()
04-20 12:56:30.448 554 866 I WifiActiveModeWarden: Supported STA bands is updated in config store: 1
04-20 12:56:30.454 554 866 D WifiClientModeImpl[168426:wlan0]: entering ConnectableState: ifaceName = wlan0
04-20 12:56:30.462 554 872 I WifiScanningService: Created a new impl for wlan0
04-20 12:56:30.477 554 872 I WifiScanningService: wifi driver loaded with scan capabilities: max buckets=16
04-20 12:56:30.483 554 554 V SystemServerTiming: HealthConnectManagerService took to complete: 122ms
04-20 12:56:30.486 554 554 D SystemServerTiming: PhaseActivityManagerReady
04-20 12:56:30.486 554 554 D SystemServerTiming: controllersReady
04-20 12:56:30.510 554 636 D SystemServerTimingAsync: InitThreadPoolExec:Update app-ops uidState in case package com.android.health.connect.backuprestore changed
04-20 12:56:30.511 554 636 D SystemServerInitThreadPool: Started executing Update app-ops uidState in case package com.android.health.connect.backuprestore changed
04-20 12:56:30.516 554 582 D SystemServerTimingAsync: InitThreadPoolExec:Update app-ops uidState in case package com.android.healthconnect.controller changed
04-20 12:56:30.517 554 582 D SystemServerInitThreadPool: Started executing Update app-ops uidState in case package com.android.healthconnect.controller changed
04-20 12:56:30.518 554 624 D SystemServerTimingAsync: InitThreadPoolExec:Update app-ops uidState in case package com.android.sdksandbox changed
04-20 12:56:30.519 554 624 D SystemServerInitThreadPool: Started executing Update app-ops uidState in case package com.android.sdksandbox changed
04-20 12:56:30.524 554 636 D SystemServerInitThreadPool: Finished executing Update app-ops uidState in case package com.android.health.connect.backuprestore changed
04-20 12:56:30.525 554 636 V SystemServerTimingAsync: InitThreadPoolExec:Update app-ops uidState in case package com.android.health.connect.backuprestore changed took to complete: 14ms
04-20 12:56:30.525 554 636 D SystemServerTimingAsync: InitThreadPoolExec:Update app-ops uidState in case package com.android.adservices.api changed
04-20 12:56:30.525 554 636 D SystemServerInitThreadPool: Started executing Update app-ops uidState in case package com.android.adservices.api changed
04-20 12:56:30.526 554 624 D SystemServerInitThreadPool: Finished executing Update app-ops uidState in case package com.android.sdksandbox changed
04-20 12:56:30.526 554 624 V SystemServerTimingAsync: InitThreadPoolExec:Update app-ops uidState in case package com.android.sdksandbox changed took to complete: 7ms
04-20 12:56:30.526 554 624 D SystemServerTimingAsync: InitThreadPoolExec:Update app-ops uidState in case package com.android.devicelockcontroller changed
04-20 12:56:30.526 554 624 D SystemServerInitThreadPool: Started executing Update app-ops uidState in case package com.android.devicelockcontroller changed
04-20 12:56:30.527 554 624 D SystemServerInitThreadPool: Finished executing Update app-ops uidState in case package com.android.devicelockcontroller changed
04-20 12:56:30.527 554 624 V SystemServerTimingAsync: InitThreadPoolExec:Update app-ops uidState in case package com.android.devicelockcontroller changed took to complete: 0ms
04-20 12:56:30.527 554 624 D SystemServerTimingAsync: InitThreadPoolExec:Update app-ops uidState in case package android.ext.services changed
04-20 12:56:30.527 554 624 D SystemServerInitThreadPool: Started executing Update app-ops uidState in case package android.ext.services changed
04-20 12:56:30.533 554 624 D SystemServerInitThreadPool: Finished executing Update app-ops uidState in case package android.ext.services changed
04-20 12:56:30.533 554 624 V SystemServerTimingAsync: InitThreadPoolExec:Update app-ops uidState in case package android.ext.services changed took to complete: 5ms
04-20 12:56:30.533 554 624 D SystemServerTimingAsync: InitThreadPoolExec:Update app-ops uidState in case package com.android.ondevicepersonalization.services changed
04-20 12:56:30.534 554 624 D SystemServerInitThreadPool: Started executing Update app-ops uidState in case package com.android.ondevicepersonalization.services changed
04-20 12:56:30.534 554 624 D SystemServerInitThreadPool: Finished executing Update app-ops uidState in case package com.android.ondevicepersonalization.services changed
04-20 12:56:30.534 554 624 V SystemServerTimingAsync: InitThreadPoolExec:Update app-ops uidState in case package com.android.ondevicepersonalization.services changed took to complete: 0ms
04-20 12:56:30.534 554 624 D SystemServerTimingAsync: InitThreadPoolExec:Update app-ops uidState in case package com.android.rkpdapp changed
04-20 12:56:30.535 554 624 D SystemServerInitThreadPool: Started executing Update app-ops uidState in case package com.android.rkpdapp changed
04-20 12:56:30.535 554 624 D SystemServerInitThreadPool: Finished executing Update app-ops uidState in case package com.android.rkpdapp changed
04-20 12:56:30.535 554 624 V SystemServerTimingAsync: InitThreadPoolExec:Update app-ops uidState in case package com.android.rkpdapp changed took to complete: 1ms
04-20 12:56:30.545 554 624 D SystemServerTimingAsync: InitThreadPoolExec:Update app-ops uidState in case package com.android.virtualmachine.res changed
04-20 12:56:30.545 554 624 D SystemServerInitThreadPool: Started executing Update app-ops uidState in case package com.android.virtualmachine.res changed
04-20 12:56:30.545 554 624 D SystemServerInitThreadPool: Finished executing Update app-ops uidState in case package com.android.virtualmachine.res changed
04-20 12:56:30.546 554 624 V SystemServerTimingAsync: InitThreadPoolExec:Update app-ops uidState in case package com.android.virtualmachine.res changed took to complete: 1ms
04-20 12:56:30.546 554 624 D SystemServerTimingAsync: InitThreadPoolExec:Update app-ops uidState in case package com.android.nearby.halfsheet changed
04-20 12:56:30.546 554 624 D SystemServerInitThreadPool: Started executing Update app-ops uidState in case package com.android.nearby.halfsheet changed
04-20 12:56:30.546 554 624 D SystemServerInitThreadPool: Finished executing Update app-ops uidState in case package com.android.nearby.halfsheet changed
04-20 12:56:30.547 554 624 V SystemServerTimingAsync: InitThreadPoolExec:Update app-ops uidState in case package com.android.nearby.halfsheet changed took to complete: 1ms
04-20 12:56:30.547 554 624 D SystemServerTimingAsync: InitThreadPoolExec:Update app-ops uidState in case package com.android.connectivity.resources changed
04-20 12:56:30.547 554 624 D SystemServerInitThreadPool: Started executing Update app-ops uidState in case package com.android.connectivity.resources changed
04-20 12:56:30.548 554 582 D SystemServerInitThreadPool: Finished executing Update app-ops uidState in case package com.android.healthconnect.controller changed
04-20 12:56:30.548 554 582 V SystemServerTimingAsync: InitThreadPoolExec:Update app-ops uidState in case package com.android.healthconnect.controller changed took to complete: 32ms
04-20 12:56:30.548 554 582 D SystemServerTimingAsync: InitThreadPoolExec:Update app-ops uidState in case package com.android.uwb.resources changed
04-20 12:56:30.548 554 582 D SystemServerInitThreadPool: Started executing Update app-ops uidState in case package com.android.uwb.resources changed
04-20 12:56:30.549 554 582 D SystemServerInitThreadPool: Finished executing Update app-ops uidState in case package com.android.uwb.resources changed
04-20 12:56:30.549 554 582 V SystemServerTimingAsync: InitThreadPoolExec:Update app-ops uidState in case package com.android.uwb.resources changed took to complete: 0ms
04-20 12:56:30.549 554 582 D SystemServerTimingAsync: InitThreadPoolExec:Update app-ops uidState in case package com.android.hotspot2.osulogin changed
04-20 12:56:30.549 554 582 D SystemServerInitThreadPool: Started executing Update app-ops uidState in case package com.android.hotspot2.osulogin changed
04-20 12:56:30.549 554 582 D SystemServerInitThreadPool: Finished executing Update app-ops uidState in case package com.android.hotspot2.osulogin changed
04-20 12:56:30.549 554 582 V SystemServerTimingAsync: InitThreadPoolExec:Update app-ops uidState in case package com.android.hotspot2.osulogin changed took to complete: 1ms
04-20 12:56:30.549 554 582 D SystemServerTimingAsync: InitThreadPoolExec:Update app-ops uidState in case package com.android.wifi.dialog changed
04-20 12:56:30.549 554 582 D SystemServerInitThreadPool: Started executing Update app-ops uidState in case package com.android.wifi.dialog changed
04-20 12:56:30.550 554 582 D SystemServerInitThreadPool: Finished executing Update app-ops uidState in case package com.android.wifi.dialog changed
04-20 12:56:30.550 554 582 V SystemServerTimingAsync: InitThreadPoolExec:Update app-ops uidState in case package com.android.wifi.dialog changed took to complete: 0ms
04-20 12:56:30.550 554 582 D SystemServerTimingAsync: InitThreadPoolExec:Update app-ops uidState in case package com.android.wifi.resources changed
04-20 12:56:30.550 554 582 D SystemServerInitThreadPool: Started executing Update app-ops uidState in case package com.android.wifi.resources changed
04-20 12:56:30.550 554 582 D SystemServerInitThreadPool: Finished executing Update app-ops uidState in case package com.android.wifi.resources changed
04-20 12:56:30.550 554 582 V SystemServerTimingAsync: InitThreadPoolExec:Update app-ops uidState in case package com.android.wifi.resources changed took to complete: 0ms
04-20 12:56:30.550 554 582 D SystemServerTimingAsync: InitThreadPoolExec:Update app-ops uidState in case package com.android.cellbroadcastreceiver.module changed
04-20 12:56:30.550 554 582 D SystemServerInitThreadPool: Started executing Update app-ops uidState in case package com.android.cellbroadcastreceiver.module changed
04-20 12:56:30.550 554 582 D SystemServerInitThreadPool: Finished executing Update app-ops uidState in case package com.android.cellbroadcastreceiver.module changed
04-20 12:56:30.551 554 582 V SystemServerTimingAsync: InitThreadPoolExec:Update app-ops uidState in case package com.android.cellbroadcastreceiver.module changed took to complete: 0ms
04-20 12:56:30.551 554 582 D SystemServerTimingAsync: InitThreadPoolExec:Update app-ops uidState in case package com.android.cts.ctsshim changed
04-20 12:56:30.551 554 582 D SystemServerInitThreadPool: Started executing Update app-ops uidState in case package com.android.cts.ctsshim changed
04-20 12:56:30.551 554 582 D SystemServerInitThreadPool: Finished executing Update app-ops uidState in case package com.android.cts.ctsshim changed
04-20 12:56:30.551 554 582 V SystemServerTimingAsync: InitThreadPoolExec:Update app-ops uidState in case package com.android.cts.ctsshim changed took to complete: 0ms
04-20 12:56:30.551 554 582 D SystemServerTimingAsync: InitThreadPoolExec:Update app-ops uidState in case package com.android.cts.priv.ctsshim changed
04-20 12:56:30.551 554 582 D SystemServerInitThreadPool: Started executing Update app-ops uidState in case package com.android.cts.priv.ctsshim changed
04-20 12:56:30.551 554 582 D SystemServerInitThreadPool: Finished executing Update app-ops uidState in case package com.android.cts.priv.ctsshim changed
04-20 12:56:30.551 554 582 V SystemServerTimingAsync: InitThreadPoolExec:Update app-ops uidState in case package com.android.cts.priv.ctsshim changed took to complete: 0ms
04-20 12:56:30.566 554 649 D SystemServerTimingAsync: InitThreadPoolExec:Update app-ops uidState in case package com.android.federatedcompute.services changed
04-20 12:56:30.567 554 649 D SystemServerInitThreadPool: Started executing Update app-ops uidState in case package com.android.federatedcompute.services changed
04-20 12:56:30.567 554 649 D SystemServerInitThreadPool: Finished executing Update app-ops uidState in case package com.android.federatedcompute.services changed
04-20 12:56:30.567 554 649 V SystemServerTimingAsync: InitThreadPoolExec:Update app-ops uidState in case package com.android.federatedcompute.services changed took to complete: 0ms
04-20 12:56:30.567 554 649 D SystemServerTimingAsync: InitThreadPoolExec:Update app-ops uidState in case package com.android.providers.media.module changed
04-20 12:56:30.567 554 649 D SystemServerInitThreadPool: Started executing Update app-ops uidState in case package com.android.providers.media.module changed
04-20 12:56:30.567 554 649 D SystemServerInitThreadPool: Finished executing Update app-ops uidState in case package com.android.providers.media.module changed
04-20 12:56:30.567 554 649 V SystemServerTimingAsync: InitThreadPoolExec:Update app-ops uidState in case package com.android.providers.media.module changed took to complete: 1ms
04-20 12:56:30.567 554 649 D SystemServerTimingAsync: InitThreadPoolExec:Update app-ops uidState in case package com.android.permissioncontroller changed
04-20 12:56:30.569 554 649 D SystemServerInitThreadPool: Started executing Update app-ops uidState in case package com.android.permissioncontroller changed
04-20 12:56:30.570 554 649 D SystemServerInitThreadPool: Finished executing Update app-ops uidState in case package com.android.permissioncontroller changed
04-20 12:56:30.570 554 649 V SystemServerTimingAsync: InitThreadPoolExec:Update app-ops uidState in case package com.android.permissioncontroller changed took to complete: 0ms
04-20 12:56:30.570 554 649 D SystemServerTimingAsync: InitThreadPoolExec:Update app-ops uidState in case package com.android.safetycenter.resources changed
04-20 12:56:30.570 554 649 D SystemServerInitThreadPool: Started executing Update app-ops uidState in case package com.android.safetycenter.resources changed
04-20 12:56:30.570 554 649 D SystemServerInitThreadPool: Finished executing Update app-ops uidState in case package com.android.safetycenter.resources changed
04-20 12:56:30.570 554 649 V SystemServerTimingAsync: InitThreadPoolExec:Update app-ops uidState in case package com.android.safetycenter.resources changed took to complete: 1ms
04-20 12:56:30.570 554 649 D SystemServerTimingAsync: InitThreadPoolExec:Update app-ops uidState in case package com.android.fakesystemapp changed
04-20 12:56:30.570 554 649 D SystemServerInitThreadPool: Started executing Update app-ops uidState in case package com.android.fakesystemapp changed
04-20 12:56:30.571 554 649 D SystemServerInitThreadPool: Finished executing Update app-ops uidState in case package com.android.fakesystemapp changed
04-20 12:56:30.571 554 649 V SystemServerTimingAsync: InitThreadPoolExec:Update app-ops uidState in case package com.android.fakesystemapp changed took to complete: 0ms
04-20 12:56:30.571 554 649 D SystemServerTimingAsync: InitThreadPoolExec:Update app-ops uidState in case package com.android.emergency changed
04-20 12:56:30.571 554 649 D SystemServerInitThreadPool: Started executing Update app-ops uidState in case package com.android.emergency changed
04-20 12:56:30.571 554 649 D SystemServerInitThreadPool: Finished executing Update app-ops uidState in case package com.android.emergency changed
04-20 12:56:30.571 554 649 V SystemServerTimingAsync: InitThreadPoolExec:Update app-ops uidState in case package com.android.emergency changed took to complete: 0ms
04-20 12:56:30.571 554 649 D SystemServerTimingAsync: InitThreadPoolExec:Update app-ops uidState in case package com.android.carrierconfig changed
04-20 12:56:30.571 554 649 D SystemServerInitThreadPool: Started executing Update app-ops uidState in case package com.android.carrierconfig changed
04-20 12:56:30.572 554 649 D SystemServerInitThreadPool: Finished executing Update app-ops uidState in case package com.android.carrierconfig changed
04-20 12:56:30.574 554 649 V SystemServerTimingAsync: InitThreadPoolExec:Update app-ops uidState in case package com.android.carrierconfig changed took to complete: 3ms
04-20 12:56:30.574 554 649 D SystemServerTimingAsync: InitThreadPoolExec:Update app-ops uidState in case package com.android.emulator.radio.config changed
04-20 12:56:30.575 554 649 D SystemServerInitThreadPool: Started executing Update app-ops uidState in case package com.android.emulator.radio.config changed
04-20 12:56:30.575 554 649 D SystemServerInitThreadPool: Finished executing Update app-ops uidState in case package com.android.emulator.radio.config changed
04-20 12:56:30.575 554 649 V SystemServerTimingAsync: InitThreadPoolExec:Update app-ops uidState in case package com.android.emulator.radio.config changed took to complete: 0ms
04-20 12:56:30.575 554 649 D SystemServerTimingAsync: InitThreadPoolExec:Update app-ops uidState in case package com.android.sdksetup changed
04-20 12:56:30.575 554 649 D SystemServerInitThreadPool: Started executing Update app-ops uidState in case package com.android.sdksetup changed
04-20 12:56:30.575 554 649 D SystemServerInitThreadPool: Finished executing Update app-ops uidState in case package com.android.sdksetup changed
04-20 12:56:30.575 554 649 V SystemServerTimingAsync: InitThreadPoolExec:Update app-ops uidState in case package com.android.sdksetup changed took to complete: 1ms
04-20 12:56:30.575 554 649 D SystemServerTimingAsync: InitThreadPoolExec:Update app-ops uidState in case package com.android.webview changed
04-20 12:56:30.575 554 649 D SystemServerInitThreadPool: Started executing Update app-ops uidState in case package com.android.webview changed
04-20 12:56:30.581 554 582 D SystemServerTimingAsync: InitThreadPoolExec:Update app-ops uidState in case package com.android.modulemetadata changed
04-20 12:56:30.581 554 582 D SystemServerInitThreadPool: Started executing Update app-ops uidState in case package com.android.modulemetadata changed
04-20 12:56:30.582 554 582 D SystemServerInitThreadPool: Finished executing Update app-ops uidState in case package com.android.modulemetadata changed
04-20 12:56:30.582 554 582 V SystemServerTimingAsync: InitThreadPoolExec:Update app-ops uidState in case package com.android.modulemetadata changed took to complete: 0ms
04-20 12:56:30.582 554 582 D SystemServerTimingAsync: InitThreadPoolExec:Update app-ops uidState in case package com.android.bluetoothmidiservice changed
04-20 12:56:30.582 554 582 D SystemServerInitThreadPool: Started executing Update app-ops uidState in case package com.android.bluetoothmidiservice changed
04-20 12:56:30.582 554 582 D SystemServerInitThreadPool: Finished executing Update app-ops uidState in case package com.android.bluetoothmidiservice changed
04-20 12:56:30.582 554 582 V SystemServerTimingAsync: InitThreadPoolExec:Update app-ops uidState in case package com.android.bluetoothmidiservice changed took to complete: 0ms
04-20 12:56:30.582 554 582 D SystemServerTimingAsync: InitThreadPoolExec:Update app-ops uidState in case package com.android.simappdialog changed
04-20 12:56:30.582 554 582 D SystemServerInitThreadPool: Started executing Update app-ops uidState in case package com.android.simappdialog changed
04-20 12:56:30.582 554 582 D SystemServerInitThreadPool: Finished executing Update app-ops uidState in case package com.android.simappdialog changed
04-20 12:56:30.583 554 582 V SystemServerTimingAsync: InitThreadPoolExec:Update app-ops uidState in case package com.android.simappdialog changed took to complete: 0ms
04-20 12:56:30.583 554 582 D SystemServerTimingAsync: InitThreadPoolExec:Update app-ops uidState in case package com.android.cameraextensions changed
04-20 12:56:30.583 554 582 D SystemServerInitThreadPool: Started executing Update app-ops uidState in case package com.android.cameraextensions changed
04-20 12:56:30.583 554 582 D SystemServerInitThreadPool: Finished executing Update app-ops uidState in case package com.android.cameraextensions changed
04-20 12:56:30.583 554 582 V SystemServerTimingAsync: InitThreadPoolExec:Update app-ops uidState in case package com.android.cameraextensions changed took to complete: 0ms
04-20 12:56:30.583 554 582 D SystemServerTimingAsync: InitThreadPoolExec:Update app-ops uidState in case package com.android.certinstaller changed
04-20 12:56:30.583 554 582 D SystemServerInitThreadPool: Started executing Update app-ops uidState in case package com.android.certinstaller changed
04-20 12:56:30.583 554 582 D SystemServerInitThreadPool: Finished executing Update app-ops uidState in case package com.android.certinstaller changed
04-20 12:56:30.583 554 582 V SystemServerTimingAsync: InitThreadPoolExec:Update app-ops uidState in case package com.android.certinstaller changed took to complete: 0ms
04-20 12:56:30.597 554 582 D SystemServerTimingAsync: InitThreadPoolExec:Update app-ops uidState in case package android.ext.shared changed
04-20 12:56:30.598 554 582 D SystemServerInitThreadPool: Started executing Update app-ops uidState in case package android.ext.shared changed
04-20 12:56:30.600 554 636 D SystemServerInitThreadPool: Finished executing Update app-ops uidState in case package com.android.adservices.api changed
04-20 12:56:30.601 554 636 V SystemServerTimingAsync: InitThreadPoolExec:Update app-ops uidState in case package com.android.adservices.api changed took to complete: 76ms
04-20 12:56:30.601 554 636 D SystemServerTimingAsync: InitThreadPoolExec:Update app-ops uidState in case package com.android.providers.partnerbookmarks changed
04-20 12:56:30.604 554 636 D SystemServerInitThreadPool: Started executing Update app-ops uidState in case package com.android.providers.partnerbookmarks changed
04-20 12:56:30.604 554 636 D SystemServerInitThreadPool: Finished executing Update app-ops uidState in case package com.android.providers.partnerbookmarks changed
04-20 12:56:30.605 554 636 V SystemServerTimingAsync: InitThreadPoolExec:Update app-ops uidState in case package com.android.providers.partnerbookmarks changed took to complete: 1ms
04-20 12:56:30.605 554 636 D SystemServerTimingAsync: InitThreadPoolExec:Update app-ops uidState in case package com.android.companiondevicemanager changed
04-20 12:56:30.606 554 636 D SystemServerInitThreadPool: Started executing Update app-ops uidState in case package com.android.companiondevicemanager changed
04-20 12:56:30.606 554 636 D SystemServerInitThreadPool: Finished executing Update app-ops uidState in case package com.android.companiondevicemanager changed
04-20 12:56:30.606 554 636 V SystemServerTimingAsync: InitThreadPoolExec:Update app-ops uidState in case package com.android.companiondevicemanager changed took to complete: 1ms
04-20 12:56:30.607 554 636 D SystemServerTimingAsync: InitThreadPoolExec:Update app-ops uidState in case package com.android.printservice.recommendation changed
