04-20 12:54:43.883 461 461 W mediaextractor: libminijail[461]: compile_file: (6): previous definition here
04-20 12:54:43.896 461 461 W mediaextractor: libminijail[461]: compile_file: /apex/com.android.media/etc/seccomp_policy/crash_dump.x86_64.policy(3): syscall exit redefined here
04-20 12:54:43.897 461 461 W mediaextractor: libminijail[461]: compile_file: (29): previous definition here
04-20 12:54:43.897 461 461 W mediaextractor: libminijail[461]: compile_file: /apex/com.android.media/etc/seccomp_policy/crash_dump.x86_64.policy(4): syscall rt_sigreturn redefined here
04-20 12:54:43.897 461 461 W mediaextractor: libminijail[461]: compile_file: (31): previous definition here
04-20 12:54:43.898 461 461 W mediaextractor: libminijail[461]: compile_file: /apex/com.android.media/etc/seccomp_policy/crash_dump.x86_64.policy(5): syscall exit_group redefined here
04-20 12:54:43.898 461 461 W mediaextractor: libminijail[461]: compile_file: (30): previous definition here
04-20 12:54:43.898 461 461 W mediaextractor: libminijail[461]: compile_file: /apex/com.android.media/etc/seccomp_policy/crash_dump.x86_64.policy(6): syscall clock_gettime redefined here
04-20 12:54:43.899 461 461 W mediaextractor: libminijail[461]: compile_file: (15): previous definition here
04-20 12:54:43.899 461 461 W mediaextractor: libminijail[461]: compile_file: /apex/com.android.media/etc/seccomp_policy/crash_dump.x86_64.policy(8): syscall futex redefined here
04-20 12:54:43.899 461 461 W mediaextractor: libminijail[461]: compile_file: (4): previous definition here
04-20 12:54:43.899 461 461 W mediaextractor: libminijail[461]: compile_file: /apex/com.android.media/etc/seccomp_policy/crash_dump.x86_64.policy(9): syscall getrandom redefined here
04-20 12:54:43.924 461 461 W mediaextractor: libminijail[461]: compile_file: (36): previous definition here
04-20 12:54:43.925 461 461 W mediaextractor: libminijail[461]: compile_file: /apex/com.android.media/etc/seccomp_policy/crash_dump.x86_64.policy(10): syscall getpid redefined here
04-20 12:54:43.925 461 461 W mediaextractor: libminijail[461]: compile_file: (53): previous definition here
04-20 12:54:43.925 461 461 W mediaextractor: libminijail[461]: compile_file: /apex/com.android.media/etc/seccomp_policy/crash_dump.x86_64.policy(11): syscall gettid redefined here
04-20 12:54:43.925 461 461 W mediaextractor: libminijail[461]: compile_file: (51): previous definition here
04-20 12:54:43.925 461 461 W mediaextractor: libminijail[461]: compile_file: /apex/com.android.media/etc/seccomp_policy/crash_dump.x86_64.policy(14): syscall openat redefined here
04-20 12:54:43.926 461 461 W mediaextractor: libminijail[461]: compile_file: (13): previous definition here
04-20 12:54:43.926 461 461 W mediaextractor: libminijail[461]: compile_file: /apex/com.android.media/etc/seccomp_policy/crash_dump.x86_64.policy(15): syscall dup redefined here
04-20 12:54:43.926 461 461 W mediaextractor: libminijail[461]: compile_file: (9): previous definition here
04-20 12:54:43.926 461 461 W mediaextractor: libminijail[461]: compile_file: /apex/com.android.media/etc/seccomp_policy/crash_dump.x86_64.policy(16): syscall close redefined here
04-20 12:54:43.926 461 461 W mediaextractor: libminijail[461]: compile_file: (8): previous definition here
04-20 12:54:43.926 461 461 W mediaextractor: libminijail[461]: compile_file: /apex/com.android.media/etc/seccomp_policy/crash_dump.x86_64.policy(17): syscall lseek redefined here
04-20 12:54:43.927 461 461 W mediaextractor: libminijail[461]: compile_file: (20): previous definition here
04-20 12:54:43.927 461 461 W mediaextractor: libminijail[461]: compile_file: /apex/com.android.media/etc/seccomp_policy/crash_dump.x86_64.policy(18): syscall getdents64 redefined here
04-20 12:54:43.927 461 461 W mediaextractor: libminijail[461]: compile_file: (42): previous definition here
04-20 12:54:43.927 461 461 W mediaextractor: libminijail[461]: compile_file: /apex/com.android.media/etc/seccomp_policy/crash_dump.x86_64.policy(19): syscall faccessat redefined here
04-20 12:54:43.927 461 461 W mediaextractor: libminijail[461]: compile_file: (32): previous definition here
04-20 12:54:43.937 461 461 W mediaextractor: libminijail[461]: compile_file: /apex/com.android.media/etc/seccomp_policy/crash_dump.x86_64.policy(28): syscall prctl redefined here
04-20 12:54:43.938 461 461 W mediaextractor: libminijail[461]: compile_file: (5): previous definition here
04-20 12:54:43.939 461 461 W mediaextractor: libminijail[461]: compile_file: /apex/com.android.media/etc/seccomp_policy/crash_dump.x86_64.policy(29): syscall madvise redefined here
04-20 12:54:43.940 461 461 W mediaextractor: libminijail[461]: compile_file: (12): previous definition here
04-20 12:54:43.946 461 461 W mediaextractor: libminijail[461]: compile_file: /apex/com.android.media/etc/seccomp_policy/crash_dump.x86_64.policy(30): syscall mprotect redefined here
04-20 12:54:43.946 461 461 W mediaextractor: libminijail[461]: compile_file: (18): previous definition here
04-20 12:54:43.947 461 461 W mediaextractor: libminijail[461]: compile_file: /apex/com.android.media/etc/seccomp_policy/crash_dump.x86_64.policy(31): syscall munmap redefined here
04-20 12:54:43.947 461 461 W mediaextractor: libminijail[461]: compile_file: (10): previous definition here
04-20 12:54:43.947 461 461 W mediaextractor: libminijail[461]: compile_file: /apex/com.android.media/etc/seccomp_policy/crash_dump.x86_64.policy(32): syscall getuid redefined here
04-20 12:54:43.960 461 461 W mediaextractor: libminijail[461]: compile_file: (22): previous definition here
04-20 12:54:43.961 461 461 W mediaextractor: libminijail[461]: compile_file: /apex/com.android.media/etc/seccomp_policy/crash_dump.x86_64.policy(33): syscall fstat redefined here
04-20 12:54:43.969 461 461 W mediaextractor: libminijail[461]: compile_file: (25): previous definition here
04-20 12:54:43.969 461 461 W mediaextractor: libminijail[461]: compile_file: /apex/com.android.media/etc/seccomp_policy/crash_dump.x86_64.policy(34): syscall mmap redefined here
04-20 12:54:43.970 461 461 W mediaextractor: libminijail[461]: compile_file: (11): previous definition here
04-20 12:54:43.977 461 461 W mediaextractor: libminijail[461]: logging seccomp filter failures
04-20 12:54:44.009 388 388 D AudioFlinger::MelReporter: activateHalSoundDoseComputation: Forcing use of internal MEL computation.
04-20 12:54:44.024 388 388 W AudioFlinger: loadHwModule() sound dose reporting is not available
04-20 12:54:44.105 388 388 I AudioFlinger: loadHwModule() Loaded primary audio interface, handle 10
04-20 12:54:44.222 388 388 I AudioFlinger: openOutput() this 0x7be140db01f0, module 10 Device AUDIO_DEVICE_OUT_SPEAKER, @:, SamplingRate 48000, Format 0x000001, Channels 0x3, flags 0x2
04-20 12:54:44.411 388 388 I AudioFlinger: HAL output buffer size 1088 frames, normal sink buffer size 1088 frames
04-20 12:54:44.449 154 154 I hwservicemanager: getTransport: Cannot find entry android.hardware.audio.effect@7.1::IEffectsFactory/default in either framework or device VINTF manifest.
04-20 12:54:45.021 461 461 I MediaExtractorFactory: plugin directory not present (/system/lib64/extractors)
04-20 12:54:45.021 461 461 I MediaExtractorFactory: plugin directory not present (/system_ext/lib64/extractors)
04-20 12:54:45.504 388 388 I BufferProvider: found effect "Multichannel Downmix To Stereo" from The Android Open Source Project
04-20 12:54:45.519 388 388 D AudioFlinger: Failed to add event callback
04-20 12:54:45.526 388 511 I AudioFlinger: AudioFlinger's thread 0x7be2bddef930 tid=511 ready to run
04-20 12:54:45.576 388 388 E APM_AudioPolicyManager: invalid volume index range
04-20 12:54:45.576 388 388 E APM_AudioPolicyManager: invalid volume index range
04-20 12:54:45.576 388 388 E APM_AudioPolicyManager: invalid volume index range
04-20 12:54:45.577 388 388 V APM_AudioPolicyManager: checkAndSetVolume cannot set volume group 4 volume when is not requested for comm
04-20 12:54:45.577 388 388 E APM_AudioPolicyManager: invalid volume index range
04-20 12:54:45.577 388 388 E APM_AudioPolicyManager: invalid volume index range
04-20 12:54:45.577 388 388 E APM_AudioPolicyManager: invalid volume index range
04-20 12:54:45.577 388 388 E APM_AudioPolicyManager: invalid volume index range
04-20 12:54:45.609 388 388 E APM_AudioPolicyManager: invalid volume index range
04-20 12:54:45.610 388 388 E APM_AudioPolicyManager: invalid volume index range
04-20 12:54:45.610 388 388 E APM_AudioPolicyManager: invalid volume index range
04-20 12:54:45.610 388 388 E APM_AudioPolicyManager: invalid volume index range
04-20 12:54:45.620 388 511 W AudioFlinger: no wake lock to update, system not ready yet
04-20 12:54:45.620 388 511 D AudioFlinger: ro.audio.silent is ignored since no output device is set
04-20 12:54:45.627 349 349 E android.hardware.audio@7.1-impl.ranchu: getPresentationPosition:510 failure: Result::INVALID_STATE
04-20 12:54:45.667 388 388 W AudioFlinger: moveEffects() bad srcOutput 0
04-20 12:54:45.688 388 388 V APM_AudioPolicyManager: selectOutputForMusicEffects selected output 13
04-20 12:54:45.689 388 388 V APM_AudioPolicyManager: setOutputDevices device {AUDIO_DEVICE_OUT_SPEAKER, @:} delayMs 0
04-20 12:54:45.690 388 388 V APM_AudioPolicyManager: setOutputDevices() prevDevice {AUDIO_DEVICE_OUT_SPEAKER, @:}
04-20 12:54:45.709 388 388 I APM::AudioPolicyEngine: getDevicesForStrategyInt no device found for strategy 9
04-20 12:54:45.710 388 388 V APM_AudioPolicyManager: setOutputDevices changing device to {AUDIO_DEVICE_OUT_SPEAKER, @:}
04-20 12:54:45.718 466 466 I mediaserver: ServiceManager: 0x77ad30ed50f0
04-20 12:54:45.773 388 511 W AudioFlinger: no wake lock to update, system not ready yet
04-20 12:54:45.774 388 511 D AudioFlinger: ro.audio.silent is ignored since no output device is set
04-20 12:54:45.778 466 466 W BatteryNotifier: batterystats service unavailable!
04-20 12:54:45.793 466 466 W BatteryNotifier: batterystats service unavailable!
04-20 12:54:45.824 388 511 D AudioFlinger: updateHalSupportedLatencyModes_l: thread(13) status -38 supported latency modes: { }
04-20 12:54:45.855 388 388 V APM_AudioPolicyManager: setOutputDevices() AF::createAudioPatch returned 0 patchHandle 12 num_sources 1 num_sinks 1
04-20 12:54:45.874 388 388 E APM_AudioPolicyManager: invalid volume index range
04-20 12:54:45.874 388 388 E APM_AudioPolicyManager: invalid volume index range
04-20 12:54:45.875 388 388 E APM_AudioPolicyManager: invalid volume index range
04-20 12:54:45.875 388 388 V APM_AudioPolicyManager: checkAndSetVolume cannot set volume group 4 volume when is not requested for comm
04-20 12:54:45.884 388 388 E APM_AudioPolicyManager: invalid volume index range
04-20 12:54:45.884 388 388 E APM_AudioPolicyManager: invalid volume index range
04-20 12:54:45.885 388 388 E APM_AudioPolicyManager: invalid volume index range
04-20 12:54:45.893 388 388 E APM_AudioPolicyManager: invalid volume index range
04-20 12:54:45.893 388 388 E APM_AudioPolicyManager: invalid volume index range
04-20 12:54:45.894 388 388 E APM_AudioPolicyManager: invalid volume index range
04-20 12:54:45.894 388 388 E APM_AudioPolicyManager: invalid volume index range
04-20 12:54:45.894 388 388 E APM_AudioPolicyManager: invalid volume index range
04-20 12:54:45.895 388 388 I AudioFlinger: openOutput() this 0x7be140db01f0, module 10 Device AUDIO_DEVICE_OUT_TELEPHONY_TX, @:, SamplingRate 48000, Format 0x000001, Channels 0x3, flags 0
04-20 12:54:45.949 388 388 I AudioFlinger: HAL output buffer size 1088 frames, normal sink buffer size 1088 frames
04-20 12:54:45.951 388 388 D AudioFlinger: Failed to add event callback
04-20 12:54:45.968 388 514 I AudioFlinger: AudioFlinger's thread 0x7be2bdbdb930 tid=514 ready to run
04-20 12:54:45.970 388 388 E APM_AudioPolicyManager: invalid volume index range
04-20 12:54:45.970 388 388 E APM_AudioPolicyManager: invalid volume index range
04-20 12:54:45.970 388 388 E APM_AudioPolicyManager: invalid volume index range
04-20 12:54:45.970 388 388 V APM_AudioPolicyManager: checkAndSetVolume cannot set volume group 4 volume when is not requested for comm
04-20 12:54:45.970 388 388 E APM_AudioPolicyManager: invalid volume index range
04-20 12:54:45.971 388 388 E APM_AudioPolicyManager: invalid volume index range
04-20 12:54:45.971 388 388 E APM_AudioPolicyManager: invalid volume index range
04-20 12:54:45.971 388 388 E APM_AudioPolicyManager: invalid volume index range
04-20 12:54:45.982 388 514 W AudioFlinger: no wake lock to update, system not ready yet
04-20 12:54:45.982 388 514 D AudioFlinger: ro.audio.silent is ignored since no output device is set
04-20 12:54:45.984 349 349 E android.hardware.audio@7.1-impl.ranchu: getPresentationPosition:510 failure: Result::INVALID_STATE
04-20 12:54:46.009 478 478 W ServiceManagerCppClient: Service android.hardware.gatekeeper.IGatekeeper/default didn't start. Returning NULL
04-20 12:54:46.033 388 514 W AudioFlinger: no wake lock to update, system not ready yet
04-20 12:54:46.033 388 514 D AudioFlinger: ro.audio.silent is ignored since no output device is set
04-20 12:54:46.059 388 388 E APM_AudioPolicyManager: invalid volume index range
04-20 12:54:46.060 388 388 E APM_AudioPolicyManager: invalid volume index range
04-20 12:54:46.064 388 388 E APM_AudioPolicyManager: invalid volume index range
04-20 12:54:46.065 388 388 E APM_AudioPolicyManager: invalid volume index range
04-20 12:54:46.081 388 388 V APM_AudioPolicyManager: selectOutputForMusicEffects selected output 13
04-20 12:54:46.082 388 388 V APM_AudioPolicyManager: setOutputDevices device {AUDIO_DEVICE_OUT_TELEPHONY_TX, @:} delayMs 0
04-20 12:54:46.083 388 388 V APM_AudioPolicyManager: setOutputDevices() prevDevice {AUDIO_DEVICE_OUT_TELEPHONY_TX, @:}
04-20 12:54:46.096 388 388 V APM_AudioPolicyManager: setOutputDevices changing device to {AUDIO_DEVICE_OUT_TELEPHONY_TX, @:}
04-20 12:54:46.119 388 514 D AudioFlinger: updateHalSupportedLatencyModes_l: thread(21) status -38 supported latency modes: { }
04-20 12:54:46.135 388 388 V APM_AudioPolicyManager: setOutputDevices() AF::createAudioPatch returned 0 patchHandle 20 num_sources 1 num_sinks 1
04-20 12:54:46.149 388 388 E APM_AudioPolicyManager: invalid volume index range
04-20 12:54:46.149 388 388 E APM_AudioPolicyManager: invalid volume index range
04-20 12:54:46.150 388 388 E APM_AudioPolicyManager: invalid volume index range
04-20 12:54:46.150 388 388 E APM_AudioPolicyManager: invalid volume index range
04-20 12:54:46.150 388 388 E APM_AudioPolicyManager: invalid volume index range
04-20 12:54:46.150 388 388 E APM_AudioPolicyManager: invalid volume index range
04-20 12:54:46.150 388 388 E APM_AudioPolicyManager: invalid volume index range
04-20 12:54:46.150 388 388 E APM_AudioPolicyManager: invalid volume index range
04-20 12:54:46.150 388 388 E APM_AudioPolicyManager: invalid volume index range
04-20 12:54:46.151 388 388 E APM_AudioPolicyManager: invalid volume index range
04-20 12:54:46.151 388 388 E APM_AudioPolicyManager: invalid volume index range
04-20 12:54:46.151 388 388 E APM_AudioPolicyManager: invalid volume index range
04-20 12:54:46.186 465 498 W ServiceManagerCppClient: Service package_native didn't start. Returning NULL
04-20 12:54:46.186 465 498 E ServiceUtilities: getInfo: Cannot find package_native
04-20 12:54:46.276 388 519 I AudioFlinger: AudioFlinger's thread 0x7be2bd82abb0 tid=519 ready to run
04-20 12:54:46.341 388 519 W AudioFlinger: no wake lock to update, system not ready yet
04-20 12:54:46.348 469 469 W ServiceManagerCppClient: Service package_native didn't start. Returning NULL
04-20 12:54:46.349 469 469 E storaged: getService package_native failed
04-20 12:54:46.442 388 519 W AudioFlinger: no wake lock to update, system not ready yet
04-20 12:54:46.503 469 469 W BpBinder: Linking to death on android.hardware.health.IHealth but there are no threads (yet?) listening to incoming transactions. See ProcessState::startThreadPool and ProcessState::setThreadPoolMaxThreadCount. Generally you should setup the binder threadpool before other initialization steps.
04-20 12:54:46.527 469 522 I storaged: storaged: Start
04-20 12:54:46.568 469 522 I ServiceManagerCppClient: Waiting for service 'package_native' on '/dev/binder'...
04-20 12:54:46.593 388 525 I AudioFlinger: AudioFlinger's thread 0x7be2bd82abb0 tid=525 ready to run
04-20 12:54:46.640 388 525 W AudioFlinger: no wake lock to update, system not ready yet
04-20 12:54:46.760 388 527 I AudioFlinger: AudioFlinger's thread 0x7be2bd82abb0 tid=527 ready to run
04-20 12:54:46.914 388 527 W AudioFlinger: no wake lock to update, system not ready yet
04-20 12:54:47.087 349 392 I r_submix: adev_open(name=audio_hw_if)
04-20 12:54:47.104 388 388 D AudioFlinger::MelReporter: activateHalSoundDoseComputation: Forcing use of internal MEL computation.
04-20 12:54:47.104 388 388 W AudioFlinger: loadHwModule() sound dose reporting is not available
04-20 12:54:47.112 349 392 I r_submix: adev_init_check()
04-20 12:54:47.138 388 388 I AudioFlinger: loadHwModule() Loaded r_submix audio interface, handle 18
04-20 12:54:47.173 349 392 D r_submix: adev_open_input_stream(addr=0)
04-20 12:54:47.174 349 392 I r_submix: adev_open_input_stream(): about to create pipe at index 9, rate 48000, pipe size 4096
04-20 12:54:47.174 349 392 D r_submix: submix_audio_device_create_pipe_l(addr=0, idx=9)
04-20 12:54:47.174 349 392 D r_submix: now using address 0 for route 9
04-20 12:54:47.280 388 530 I AudioFlinger: AudioFlinger's thread 0x7be2bd82abb0 tid=530 ready to run
04-20 12:54:47.282 349 529 I r_submix: in_standby()
04-20 12:54:47.283 388 530 W AudioFlinger: no wake lock to update, system not ready yet
04-20 12:54:47.293 349 529 I r_submix: in_standby()
04-20 12:54:47.294 388 530 W AudioFlinger: no wake lock to update, system not ready yet
04-20 12:54:47.295 349 529 D r_submix: adev_close_input_stream()
04-20 12:54:47.295 349 529 D r_submix: submix_audio_device_release_pipe_l(idx=9) addr=0
04-20 12:54:47.295 349 529 D r_submix: submix_audio_device_destroy_pipe_l(): pipe destroyed
04-20 12:54:47.443 347 347 D nativeloader: InitDefaultPublicLibraries for_preload=1: libandroid.so:libaaudio.so:libamidi.so:libbinder_ndk.so:libc.so:libcamera2ndk.so:libdl.so:libEGL.so:libGLESv1_CM.so:libGLESv2.so:libGLESv3.so:libicu.so:libicui18n.so:libicuuc.so:libjnigraphics.so:liblog.so:libmediandk.so:libm.so:libnativehelper.so:libnativewindow.so:libOpenMAXAL.so:libOpenSLES.so:libRS.so:libstdc++.so:libsync.so:libvulkan.so:libwebviewchromium_plat_support.so:libz.so
04-20 12:54:47.462 388 388 D AudioFlinger::MelReporter: activateHalSoundDoseComputation: Forcing use of internal MEL computation.
04-20 12:54:47.463 388 388 W AudioFlinger: loadHwModule() sound dose reporting is not available
04-20 12:54:47.500 388 388 I AudioFlinger: loadHwModule() Loaded bluetooth audio interface, handle 26
04-20 12:54:47.534 154 154 I hwservicemanager: getTransport: Cannot find entry android.hardware.audio.effect@7.1::IEffectsFactory/default in either framework or device VINTF manifest.
04-20 12:54:47.595 388 388 I audioserver: Waiting for activity service
04-20 12:54:48.654 456 456 I cameraserver: ServiceManager: 0x701cd519c1d0
04-20 12:54:48.685 456 456 I CameraService: CameraService started (pid=456)
04-20 12:54:48.699 456 456 I CameraService: CameraService process starting
04-20 12:54:48.734 456 456 W BatteryNotifier: batterystats service unavailable!
04-20 12:54:48.736 456 456 W BatteryNotifier: batterystats service unavailable!
04-20 12:54:48.823 456 456 I cameraserver: Connecting to new camera provider: internal/0, isRemote? 1
04-20 12:54:48.854 456 456 W BpBinder: Linking to death on android.hardware.camera.provider.ICameraProvider but there are no threads (yet?) listening to incoming transactions. See ProcessState::startThreadPool and ProcessState::setThreadPoolMaxThreadCount. Generally you should setup the binder threadpool before other initialization steps.
04-20 12:54:48.909 456 456 I CameraProviderManager: Camera provider internal/0 ready with 0 camera devices
04-20 12:54:48.936 456 456 I cameraserver: Connecting to new camera provider: internal/1, isRemote? 1
04-20 12:54:48.952 347 347 D zygote64: Time zone APEX ICU file found: /apex/com.android.tzdata/etc/icu/icu_tzdata.dat
04-20 12:54:48.967 456 456 W BpBinder: Linking to death on android.hardware.camera.provider.ICameraProvider but there are no threads (yet?) listening to incoming transactions. See ProcessState::startThreadPool and ProcessState::setThreadPoolMaxThreadCount. Generally you should setup the binder threadpool before other initialization steps.
04-20 12:54:48.981 347 347 D zygote64: I18n APEX ICU file found: /apex/com.android.i18n/etc/icu/icudt72l.dat
04-20 12:54:48.996 456 456 I CameraProviderManager: Camera provider internal/1 ready with 0 camera devices
04-20 12:54:49.039 456 456 I HidlServiceManagement: Registered android.frameworks.cameraservice.service@2.2::ICameraService/default
04-20 12:54:49.117 0 0 I servicemanager: Found android.frameworks.cameraservice.service.ICameraService/default in framework VINTF manifest.
04-20 12:54:49.127 456 456 I CameraService: CameraService pinged cameraservice proxy
04-20 12:54:49.132 0 0 I servicemanager: Found android.frameworks.cameraservice.service.ICameraService/default in framework VINTF manifest.
04-20 12:54:49.142 456 456 I cameraserver: ServiceManager: 0x701cd519c1d0 done instantiate
04-20 12:54:49.145 456 538 W CameraProviderManager: addAidlProviderLocked: Camera provider HAL with name 'android.hardware.camera.provider.ICameraProvider/internal/0' already registered
04-20 12:54:49.146 456 538 W CameraProviderManager: addAidlProviderLocked: Camera provider HAL with name 'android.hardware.camera.provider.ICameraProvider/internal/1' already registered
04-20 12:54:49.151 493 493 I BootAnimation: boot animation disabled
04-20 12:54:49.537 0 0 I init : Service 'bootanim' (pid 493) exited with status 0 oneshot service took 8.754000 seconds in background
04-20 12:54:49.537 0 0 I init : Sending signal 9 to service 'bootanim' (pid 493) process group...
04-20 12:54:49.546 0 0 I libprocessgroup: Successfully killed process cgroup uid 1003 pid 493 in 8ms
04-20 12:54:49.821 347 347 I zygote64: Using memfd for future sealing
04-20 12:54:49.943 347 347 W zygote64: Unexpected CPU variant for x86: x86_64.
04-20 12:54:49.943 347 347 W zygote64: Known variants: atom, sandybridge, silvermont, goldmont, goldmont-plus, tremont, kabylake, default
04-20 12:54:51.648 469 522 W ServiceManagerCppClient: Service package_native didn't start. Returning NULL
04-20 12:54:51.648 469 522 E storaged: getService package_native failed
04-20 12:54:52.237 347 540 I zygote64: Background verification of 154 classes from boot classpath took 806.928ms
04-20 12:54:52.337 347 347 D Zygote : begin preload
04-20 12:54:52.338 347 347 I Zygote : Calling ZygoteHooks.beginPreload()
04-20 12:54:52.496 397 443 D RenderEngine: Shader cache generated 92 shaders in 11913.261719 ms
04-20 12:54:53.058 347 347 V Zygote64Timing: BeginPreload took to complete: 721ms
04-20 12:54:53.059 347 347 I Zygote : Preloading classes...
04-20 12:54:53.412 347 347 W Zygote : Class not found for preloading: android.content.res.AssetFileDescriptor$AutoCloseInputStream$OffsetCorrectFileChannel
04-20 12:54:53.440 347 347 I Typeface: Preloading /system/fonts/Roboto-Regular.ttf
04-20 12:54:53.441 347 347 I Typeface: Preloading /system/fonts/RobotoStatic-Regular.ttf
04-20 12:54:53.456 347 347 W System : No Compatibility callbacks set! Querying change 247079863
04-20 12:54:53.463 347 347 W System : No Compatibility callbacks set! Querying change 247079863
04-20 12:54:53.465 347 347 W System : No Compatibility callbacks set! Querying change 247079863
04-20 12:54:53.465 347 347 W System : No Compatibility callbacks set! Querying change 247079863
04-20 12:54:53.466 347 347 W System : No Compatibility callbacks set! Querying change 247079863
04-20 12:54:53.466 347 347 W System : No Compatibility callbacks set! Querying change 247079863
04-20 12:54:53.467 347 347 W System : No Compatibility callbacks set! Querying change 247079863
04-20 12:54:53.467 347 347 W System : No Compatibility callbacks set! Querying change 247079863
04-20 12:54:53.469 347 347 W System : No Compatibility callbacks set! Querying change 247079863
04-20 12:54:53.470 347 347 W System : No Compatibility callbacks set! Querying change 247079863
04-20 12:54:53.470 347 347 W System : No Compatibility callbacks set! Querying change 247079863
04-20 12:54:53.471 347 347 W System : No Compatibility callbacks set! Querying change 247079863
04-20 12:54:53.471 347 347 W System : No Compatibility callbacks set! Querying change 247079863
04-20 12:54:53.474 347 347 W System : No Compatibility callbacks set! Querying change 247079863
04-20 12:54:53.475 347 347 W System : No Compatibility callbacks set! Querying change 247079863
04-20 12:54:53.475 347 347 W System : No Compatibility callbacks set! Querying change 247079863
04-20 12:54:53.478 347 347 W System : No Compatibility callbacks set! Querying change 247079863
04-20 12:54:53.479 347 347 W System : No Compatibility callbacks set! Querying change 247079863
04-20 12:54:53.481 347 347 W System : No Compatibility callbacks set! Querying change 247079863
04-20 12:54:53.482 347 347 W System : No Compatibility callbacks set! Querying change 247079863
04-20 12:54:53.482 347 347 W System : No Compatibility callbacks set! Querying change 247079863
04-20 12:54:53.483 347 347 W System : No Compatibility callbacks set! Querying change 247079863
04-20 12:54:53.485 347 347 W System : No Compatibility callbacks set! Querying change 247079863
04-20 12:54:53.486 347 347 W System : No Compatibility callbacks set! Querying change 247079863
04-20 12:54:53.486 347 347 W System : No Compatibility callbacks set! Querying change 247079863
04-20 12:54:53.487 347 347 W System : No Compatibility callbacks set! Querying change 247079863
04-20 12:54:53.487 347 347 W System : No Compatibility callbacks set! Querying change 247079863
04-20 12:54:53.491 347 347 W System : No Compatibility callbacks set! Querying change 247079863
04-20 12:54:53.491 347 347 W System : No Compatibility callbacks set! Querying change 247079863
04-20 12:54:53.493 347 347 W System : No Compatibility callbacks set! Querying change 247079863
04-20 12:54:53.496 347 347 W System : No Compatibility callbacks set! Querying change 247079863
04-20 12:54:53.496 347 347 W System : No Compatibility callbacks set! Querying change 247079863
04-20 12:54:53.497 347 347 W System : No Compatibility callbacks set! Querying change 247079863
04-20 12:54:53.497 347 347 W System : No Compatibility callbacks set! Querying change 247079863
04-20 12:54:53.498 347 347 W System : No Compatibility callbacks set! Querying change 247079863
04-20 12:54:53.499 347 347 W System : No Compatibility callbacks set! Querying change 247079863
04-20 12:54:53.504 347 347 W System : No Compatibility callbacks set! Querying change 247079863
04-20 12:54:53.505 347 347 W System : No Compatibility callbacks set! Querying change 247079863
04-20 12:54:53.507 347 347 W System : No Compatibility callbacks set! Querying change 247079863
04-20 12:54:53.507 347 347 W System : No Compatibility callbacks set! Querying change 247079863
04-20 12:54:53.510 347 347 W System : No Compatibility callbacks set! Querying change 247079863
04-20 12:54:53.510 347 347 W System : No Compatibility callbacks set! Querying change 247079863
04-20 12:54:53.511 347 347 W System : No Compatibility callbacks set! Querying change 247079863
04-20 12:54:53.511 347 347 W System : No Compatibility callbacks set! Querying change 247079863
04-20 12:54:53.511 347 347 W System : No Compatibility callbacks set! Querying change 247079863
04-20 12:54:53.511 347 347 W System : No Compatibility callbacks set! Querying change 247079863
04-20 12:54:53.513 347 347 W System : No Compatibility callbacks set! Querying change 247079863
04-20 12:54:53.514 347 347 W System : No Compatibility callbacks set! Querying change 247079863
04-20 12:54:53.514 347 347 W System : No Compatibility callbacks set! Querying change 247079863
04-20 12:54:53.514 347 347 W System : No Compatibility callbacks set! Querying change 247079863
04-20 12:54:53.515 347 347 W System : No Compatibility callbacks set! Querying change 247079863
04-20 12:54:53.516 347 347 W System : No Compatibility callbacks set! Querying change 247079863
04-20 12:54:53.516 347 347 W System : No Compatibility callbacks set! Querying change 247079863
04-20 12:54:53.517 347 347 W System : No Compatibility callbacks set! Querying change 247079863
04-20 12:54:53.517 347 347 W System : No Compatibility callbacks set! Querying change 247079863
04-20 12:54:53.517 347 347 W System : No Compatibility callbacks set! Querying change 247079863
04-20 12:54:53.519 347 347 W System : No Compatibility callbacks set! Querying change 247079863
04-20 12:54:53.519 347 347 W System : No Compatibility callbacks set! Querying change 247079863
04-20 12:54:53.523 347 347 W System : No Compatibility callbacks set! Querying change 247079863
04-20 12:54:53.525 347 347 W System : No Compatibility callbacks set! Querying change 247079863
04-20 12:54:53.526 347 347 W System : No Compatibility callbacks set! Querying change 247079863
04-20 12:54:53.526 347 347 W System : No Compatibility callbacks set! Querying change 247079863
04-20 12:54:53.527 347 347 W System : No Compatibility callbacks set! Querying change 247079863
04-20 12:54:53.527 347 347 W System : No Compatibility callbacks set! Querying change 247079863
04-20 12:54:53.527 347 347 W System : No Compatibility callbacks set! Querying change 247079863
04-20 12:54:53.529 347 347 W System : No Compatibility callbacks set! Querying change 247079863
04-20 12:54:53.529 347 347 W System : No Compatibility callbacks set! Querying change 247079863
04-20 12:54:53.530 347 347 W System : No Compatibility callbacks set! Querying change 247079863
04-20 12:54:53.530 347 347 W System : No Compatibility callbacks set! Querying change 247079863
04-20 12:54:53.530 347 347 W System : No Compatibility callbacks set! Querying change 247079863
04-20 12:54:53.531 347 347 W System : No Compatibility callbacks set! Querying change 247079863
04-20 12:54:53.533 347 347 W System : No Compatibility callbacks set! Querying change 247079863
04-20 12:54:53.534 347 347 W System : No Compatibility callbacks set! Querying change 247079863
04-20 12:54:53.535 347 347 W System : No Compatibility callbacks set! Querying change 247079863
04-20 12:54:53.535 347 347 W System : No Compatibility callbacks set! Querying change 247079863
04-20 12:54:53.538 347 347 W System : No Compatibility callbacks set! Querying change 247079863
04-20 12:54:53.538 347 347 W System : No Compatibility callbacks set! Querying change 247079863
04-20 12:54:53.538 347 347 W System : No Compatibility callbacks set! Querying change 247079863
04-20 12:54:53.538 347 347 W System : No Compatibility callbacks set! Querying change 247079863
04-20 12:54:53.539 347 347 W System : No Compatibility callbacks set! Querying change 247079863
04-20 12:54:53.539 347 347 W System : No Compatibility callbacks set! Querying change 247079863
04-20 12:54:53.540 347 347 W System : No Compatibility callbacks set! Querying change 247079863
04-20 12:54:53.541 347 347 W System : No Compatibility callbacks set! Querying change 247079863
04-20 12:54:53.541 347 347 W System : No Compatibility callbacks set! Querying change 247079863
04-20 12:54:53.541 347 347 W System : No Compatibility callbacks set! Querying change 247079863
04-20 12:54:53.542 347 347 W System : No Compatibility callbacks set! Querying change 247079863
04-20 12:54:53.542 347 347 W System : No Compatibility callbacks set! Querying change 247079863
04-20 12:54:53.543 347 347 W System : No Compatibility callbacks set! Querying change 247079863
04-20 12:54:53.543 347 347 W System : No Compatibility callbacks set! Querying change 247079863
04-20 12:54:53.543 347 347 W System : No Compatibility callbacks set! Querying change 247079863
04-20 12:54:53.543 347 347 W System : No Compatibility callbacks set! Querying change 247079863
04-20 12:54:53.547 347 347 W System : No Compatibility callbacks set! Querying change 247079863
04-20 12:54:53.547 347 347 W System : No Compatibility callbacks set! Querying change 247079863
04-20 12:54:53.547 347 347 W System : No Compatibility callbacks set! Querying change 247079863
04-20 12:54:53.549 347 347 W System : No Compatibility callbacks set! Querying change 247079863
04-20 12:54:53.550 347 347 W System : No Compatibility callbacks set! Querying change 247079863
04-20 12:54:53.550 347 347 W System : No Compatibility callbacks set! Querying change 247079863
04-20 12:54:53.551 347 347 W System : No Compatibility callbacks set! Querying change 247079863
04-20 12:54:53.551 347 347 W System : No Compatibility callbacks set! Querying change 247079863
04-20 12:54:53.551 347 347 W System : No Compatibility callbacks set! Querying change 247079863
04-20 12:54:53.551 347 347 W System : No Compatibility callbacks set! Querying change 247079863
04-20 12:54:53.555 347 347 W System : No Compatibility callbacks set! Querying change 247079863
04-20 12:54:53.555 347 347 W System : No Compatibility callbacks set! Querying change 247079863
04-20 12:54:53.555 347 347 W System : No Compatibility callbacks set! Querying change 247079863
04-20 12:54:53.558 347 347 W System : No Compatibility callbacks set! Querying change 247079863
04-20 12:54:53.559 347 347 W System : No Compatibility callbacks set! Querying change 247079863
04-20 12:54:53.559 347 347 W System : No Compatibility callbacks set! Querying change 247079863
04-20 12:54:53.562 347 347 W System : No Compatibility callbacks set! Querying change 247079863
04-20 12:54:53.562 347 347 W System : No Compatibility callbacks set! Querying change 247079863
04-20 12:54:53.563 347 347 W System : No Compatibility callbacks set! Querying change 247079863
04-20 12:54:53.563 347 347 W System : No Compatibility callbacks set! Querying change 247079863
04-20 12:54:53.565 347 347 W System : No Compatibility callbacks set! Querying change 247079863
04-20 12:54:53.565 347 347 W System : No Compatibility callbacks set! Querying change 247079863
04-20 12:54:53.566 347 347 W System : No Compatibility callbacks set! Querying change 247079863
04-20 12:54:53.567 347 347 W System : No Compatibility callbacks set! Querying change 247079863
04-20 12:54:53.567 347 347 W System : No Compatibility callbacks set! Querying change 247079863
04-20 12:54:53.567 347 347 W System : No Compatibility callbacks set! Querying change 247079863
04-20 12:54:53.569 347 347 W System : No Compatibility callbacks set! Querying change 247079863
04-20 12:54:53.570 347 347 W System : No Compatibility callbacks set! Querying change 247079863
04-20 12:54:53.570 347 347 W System : No Compatibility callbacks set! Querying change 247079863
04-20 12:54:53.570 347 347 W System : No Compatibility callbacks set! Querying change 247079863
04-20 12:54:53.571 347 347 W System : No Compatibility callbacks set! Querying change 247079863
04-20 12:54:53.571 347 347 W System : No Compatibility callbacks set! Querying change 247079863
04-20 12:54:53.574 347 347 W System : No Compatibility callbacks set! Querying change 247079863
04-20 12:54:53.574 347 347 W System : No Compatibility callbacks set! Querying change 247079863
04-20 12:54:53.575 347 347 W System : No Compatibility callbacks set! Querying change 247079863
04-20 12:54:53.575 347 347 W System : No Compatibility callbacks set! Querying change 247079863
04-20 12:54:53.578 347 347 W System : No Compatibility callbacks set! Querying change 247079863
04-20 12:54:53.578 347 347 W System : No Compatibility callbacks set! Querying change 247079863
04-20 12:54:53.578 347 347 W System : No Compatibility callbacks set! Querying change 247079863
04-20 12:54:53.578 347 347 W System : No Compatibility callbacks set! Querying change 247079863
04-20 12:54:53.579 347 347 W System : No Compatibility callbacks set! Querying change 247079863
04-20 12:54:53.579 347 347 W System : No Compatibility callbacks set! Querying change 247079863
04-20 12:54:53.579 347 347 W System : No Compatibility callbacks set! Querying change 247079863
04-20 12:54:53.582 347 347 W System : No Compatibility callbacks set! Querying change 247079863
04-20 12:54:53.582 347 347 W System : No Compatibility callbacks set! Querying change 247079863
04-20 12:54:53.582 347 347 W System : No Compatibility callbacks set! Querying change 247079863
04-20 12:54:53.583 347 347 W System : No Compatibility callbacks set! Querying change 247079863
04-20 12:54:53.583 347 347 W System : No Compatibility callbacks set! Querying change 247079863
04-20 12:54:53.583 347 347 W System : No Compatibility callbacks set! Querying change 247079863
04-20 12:54:53.583 347 347 W System : No Compatibility callbacks set! Querying change 247079863
04-20 12:54:53.585 347 347 W System : No Compatibility callbacks set! Querying change 247079863
04-20 12:54:53.589 347 347 W System : No Compatibility callbacks set! Querying change 247079863
04-20 12:54:53.590 347 347 W System : No Compatibility callbacks set! Querying change 247079863
04-20 12:54:53.590 347 347 W System : No Compatibility callbacks set! Querying change 247079863
04-20 12:54:53.591 347 347 W System : No Compatibility callbacks set! Querying change 247079863
04-20 12:54:53.591 347 347 W System : No Compatibility callbacks set! Querying change 247079863
04-20 12:54:53.591 347 347 W System : No Compatibility callbacks set! Querying change 247079863
04-20 12:54:53.591 347 347 W System : No Compatibility callbacks set! Querying change 247079863
04-20 12:54:53.594 347 347 W System : No Compatibility callbacks set! Querying change 247079863
04-20 12:54:53.594 347 347 W System : No Compatibility callbacks set! Querying change 247079863
04-20 12:54:53.595 347 347 W System : No Compatibility callbacks set! Querying change 247079863
04-20 12:54:53.595 347 347 W System : No Compatibility callbacks set! Querying change 247079863
04-20 12:54:53.595 347 347 W System : No Compatibility callbacks set! Querying change 247079863
04-20 12:54:53.595 347 347 W System : No Compatibility callbacks set! Querying change 247079863
04-20 12:54:53.598 347 347 W System : No Compatibility callbacks set! Querying change 247079863
04-20 12:54:53.598 347 347 W System : No Compatibility callbacks set! Querying change 247079863
04-20 12:54:53.598 347 347 W System : No Compatibility callbacks set! Querying change 247079863
04-20 12:54:53.598 347 347 W System : No Compatibility callbacks set! Querying change 247079863
04-20 12:54:53.599 347 347 W System : No Compatibility callbacks set! Querying change 247079863
04-20 12:54:53.599 347 347 W System : No Compatibility callbacks set! Querying change 247079863
04-20 12:54:53.602 347 347 W System : No Compatibility callbacks set! Querying change 247079863
04-20 12:54:53.602 347 347 W System : No Compatibility callbacks set! Querying change 247079863
04-20 12:54:53.603 347 347 W System : No Compatibility callbacks set! Querying change 247079863
04-20 12:54:53.603 347 347 W System : No Compatibility callbacks set! Querying change 247079863
04-20 12:54:53.605 347 347 W System : No Compatibility callbacks set! Querying change 247079863
04-20 12:54:53.606 347 347 W System : No Compatibility callbacks set! Querying change 247079863
04-20 12:54:53.606 347 347 W System : No Compatibility callbacks set! Querying change 247079863
04-20 12:54:53.606 347 347 W System : No Compatibility callbacks set! Querying change 247079863
04-20 12:54:53.607 347 347 W System : No Compatibility callbacks set! Querying change 247079863
04-20 12:54:53.607 347 347 W System : No Compatibility callbacks set! Querying change 247079863
04-20 12:54:53.607 347 347 W System : No Compatibility callbacks set! Querying change 247079863
04-20 12:54:53.607 347 347 W System : No Compatibility callbacks set! Querying change 247079863
04-20 12:54:53.610 347 347 W System : No Compatibility callbacks set! Querying change 247079863
04-20 12:54:53.610 347 347 W System : No Compatibility callbacks set! Querying change 247079863
04-20 12:54:53.611 347 347 W System : No Compatibility callbacks set! Querying change 247079863
04-20 12:54:53.611 347 347 W System : No Compatibility callbacks set! Querying change 247079863
04-20 12:54:53.611 347 347 W System : No Compatibility callbacks set! Querying change 247079863
04-20 12:54:53.611 347 347 W System : No Compatibility callbacks set! Querying change 247079863
04-20 12:54:53.614 347 347 W System : No Compatibility callbacks set! Querying change 247079863
04-20 12:54:53.614 347 347 W System : No Compatibility callbacks set! Querying change 247079863
04-20 12:54:53.615 347 347 W System : No Compatibility callbacks set! Querying change 247079863
04-20 12:54:53.615 347 347 W System : No Compatibility callbacks set! Querying change 247079863
04-20 12:54:53.619 347 347 W System : No Compatibility callbacks set! Querying change 247079863
04-20 12:54:53.619 347 347 W System : No Compatibility callbacks set! Querying change 247079863
04-20 12:54:53.622 347 347 W System : No Compatibility callbacks set! Querying change 247079863
04-20 12:54:53.622 347 347 W System : No Compatibility callbacks set! Querying change 247079863
04-20 12:54:53.623 347 347 W System : No Compatibility callbacks set! Querying change 247079863
04-20 12:54:53.623 347 347 W System : No Compatibility callbacks set! Querying change 247079863
04-20 12:54:53.625 347 347 W System : No Compatibility callbacks set! Querying change 247079863
04-20 12:54:53.625 347 347 W System : No Compatibility callbacks set! Querying change 247079863
04-20 12:54:53.626 347 347 W System : No Compatibility callbacks set! Querying change 247079863
04-20 12:54:53.626 347 347 W System : No Compatibility callbacks set! Querying change 247079863
04-20 12:54:53.626 347 347 W System : No Compatibility callbacks set! Querying change 247079863
04-20 12:54:53.626 347 347 W System : No Compatibility callbacks set! Querying change 247079863
04-20 12:54:53.627 347 347 W System : No Compatibility callbacks set! Querying change 247079863
04-20 12:54:53.627 347 347 W System : No Compatibility callbacks set! Querying change 247079863
04-20 12:54:53.630 347 347 W System : No Compatibility callbacks set! Querying change 247079863
04-20 12:54:53.630 347 347 W System : No Compatibility callbacks set! Querying change 247079863
04-20 12:54:53.631 347 347 W System : No Compatibility callbacks set! Querying change 247079863
04-20 12:54:53.633 347 347 W System : No Compatibility callbacks set! Querying change 247079863
04-20 12:54:53.633 347 347 W System : No Compatibility callbacks set! Querying change 247079863
04-20 12:54:53.634 347 347 W System : No Compatibility callbacks set! Querying change 247079863
04-20 12:54:53.634 347 347 W System : No Compatibility callbacks set! Querying change 247079863
04-20 12:54:53.635 347 347 W System : No Compatibility callbacks set! Querying change 247079863
04-20 12:54:53.637 347 347 W System : No Compatibility callbacks set! Querying change 247079863
04-20 12:54:53.637 347 347 W System : No Compatibility callbacks set! Querying change 247079863
04-20 12:54:53.638 347 347 W System : No Compatibility callbacks set! Querying change 247079863
04-20 12:54:53.638 347 347 W System : No Compatibility callbacks set! Querying change 247079863
04-20 12:54:53.638 347 347 W System : No Compatibility callbacks set! Querying change 247079863
04-20 12:54:53.639 347 347 W System : No Compatibility callbacks set! Querying change 247079863
04-20 12:54:53.641 347 347 W System : No Compatibility callbacks set! Querying change 247079863
04-20 12:54:53.641 347 347 W System : No Compatibility callbacks set! Querying change 247079863
04-20 12:54:53.642 347 347 W System : No Compatibility callbacks set! Querying change 247079863
04-20 12:54:53.642 347 347 W System : No Compatibility callbacks set! Querying change 247079863
04-20 12:54:53.643 347 347 W System : No Compatibility callbacks set! Querying change 247079863
04-20 12:54:53.643 347 347 W System : No Compatibility callbacks set! Querying change 247079863
04-20 12:54:53.643 347 347 W System : No Compatibility callbacks set! Querying change 247079863
04-20 12:54:53.643 347 347 W System : No Compatibility callbacks set! Querying change 247079863
04-20 12:54:53.645 347 347 W System : No Compatibility callbacks set! Querying change 247079863
04-20 12:54:53.645 347 347 W System : No Compatibility callbacks set! Querying change 247079863
04-20 12:54:53.649 347 347 W System : No Compatibility callbacks set! Querying change 247079863
04-20 12:54:53.650 347 347 W System : No Compatibility callbacks set! Querying change 247079863
04-20 12:54:53.650 347 347 W System : No Compatibility callbacks set! Querying change 247079863
04-20 12:54:53.651 347 347 W System : No Compatibility callbacks set! Querying change 247079863
04-20 12:54:53.651 347 347 W System : No Compatibility callbacks set! Querying change 247079863
04-20 12:54:53.652 347 347 W System : No Compatibility callbacks set! Querying change 247079863
04-20 12:54:53.654 347 347 W System : No Compatibility callbacks set! Querying change 247079863
04-20 12:54:53.654 347 347 W System : No Compatibility callbacks set! Querying change 247079863
04-20 12:54:53.655 347 347 W System : No Compatibility callbacks set! Querying change 247079863
04-20 12:54:53.655 347 347 W System : No Compatibility callbacks set! Querying change 247079863
04-20 12:54:53.655 347 347 W System : No Compatibility callbacks set! Querying change 247079863
04-20 12:54:53.655 347 347 W System : No Compatibility callbacks set! Querying change 247079863
04-20 12:54:53.659 347 347 W System : No Compatibility callbacks set! Querying change 247079863
04-20 12:54:53.662 347 347 W System : No Compatibility callbacks set! Querying change 247079863
04-20 12:54:53.662 347 347 W System : No Compatibility callbacks set! Querying change 247079863
04-20 12:54:53.663 347 347 W System : No Compatibility callbacks set! Querying change 247079863
04-20 12:54:53.663 347 347 W System : No Compatibility callbacks set! Querying change 247079863
04-20 12:54:53.663 347 347 W System : No Compatibility callbacks set! Querying change 247079863
04-20 12:54:53.663 347 347 W System : No Compatibility callbacks set! Querying change 247079863
04-20 12:54:53.665 347 347 W System : No Compatibility callbacks set! Querying change 247079863
04-20 12:54:53.665 347 347 W System : No Compatibility callbacks set! Querying change 247079863
04-20 12:54:53.666 347 347 W System : No Compatibility callbacks set! Querying change 247079863
04-20 12:54:53.666 347 347 W System : No Compatibility callbacks set! Querying change 247079863
04-20 12:54:53.666 347 347 W System : No Compatibility callbacks set! Querying change 247079863
04-20 12:54:53.667 347 347 W System : No Compatibility callbacks set! Querying change 247079863
04-20 12:54:53.667 347 347 W System : No Compatibility callbacks set! Querying change 247079863
04-20 12:54:53.670 347 347 W System : No Compatibility callbacks set! Querying change 247079863
04-20 12:54:53.671 347 347 W System : No Compatibility callbacks set! Querying change 247079863
04-20 12:54:53.671 347 347 W System : No Compatibility callbacks set! Querying change 247079863
04-20 12:54:53.673 347 347 W System : No Compatibility callbacks set! Querying change 247079863
04-20 12:54:53.673 347 347 W System : No Compatibility callbacks set! Querying change 247079863
04-20 12:54:53.674 347 347 W System : No Compatibility callbacks set! Querying change 247079863
04-20 12:54:53.674 347 347 W System : No Compatibility callbacks set! Querying change 247079863
04-20 12:54:53.674 347 347 W System : No Compatibility callbacks set! Querying change 247079863
04-20 12:54:53.674 347 347 W System : No Compatibility callbacks set! Querying change 247079863
04-20 12:54:53.675 347 347 W System : No Compatibility callbacks set! Querying change 247079863
04-20 12:54:53.675 347 347 W System : No Compatibility callbacks set! Querying change 247079863
04-20 12:54:53.676 347 347 W System : No Compatibility callbacks set! Querying change 247079863
04-20 12:54:53.679 347 347 W System : No Compatibility callbacks set! Querying change 247079863
04-20 12:54:53.681 347 347 W System : No Compatibility callbacks set! Querying change 247079863
04-20 12:54:53.681 347 347 W System : No Compatibility callbacks set! Querying change 247079863
04-20 12:54:53.682 347 347 W System : No Compatibility callbacks set! Querying change 247079863
04-20 12:54:53.682 347 347 W System : No Compatibility callbacks set! Querying change 247079863
04-20 12:54:53.683 347 347 W System : No Compatibility callbacks set! Querying change 247079863
04-20 12:54:53.683 347 347 W System : No Compatibility callbacks set! Querying change 247079863
04-20 12:54:53.683 347 347 W System : No Compatibility callbacks set! Querying change 247079863
04-20 12:54:53.683 347 347 W System : No Compatibility callbacks set! Querying change 247079863
04-20 12:54:53.685 347 347 W System : No Compatibility callbacks set! Querying change 247079863
04-20 12:54:53.686 347 347 W System : No Compatibility callbacks set! Querying change 247079863
04-20 12:54:53.686 347 347 W System : No Compatibility callbacks set! Querying change 247079863
04-20 12:54:53.686 347 347 W System : No Compatibility callbacks set! Querying change 247079863
04-20 12:54:53.687 347 347 W System : No Compatibility callbacks set! Querying change 247079863
04-20 12:54:53.687 347 347 W System : No Compatibility callbacks set! Querying change 247079863
04-20 12:54:53.691 347 347 W System : No Compatibility callbacks set! Querying change 247079863
04-20 12:54:53.691 347 347 W System : No Compatibility callbacks set! Querying change 247079863
