04-20 12:56:53.696 554 627 W ActivityManager: Slow operation: 83ms so far, now at finishAttachApplicationInner: after mServices.attachApplicationLocked
04-20 12:56:53.696 554 554 W Looper : Slow dispatch took 147ms main h=android.os.Handler c=null m=1
04-20 12:56:53.698 554 627 W ActivityManager: Slow operation: 145ms so far, now at finishAttachApplicationInner: after dispatching broadcasts
04-20 12:56:53.719 1181 1181 D CompatibilityChangeReporter: Compat change id reported: 171979766; UID 10102; state: ENABLED
04-20 12:56:53.731 1181 1181 D CompatibilityChangeReporter: Compat change id reported: 242716250; UID 10102; state: ENABLED
04-20 12:56:53.761 554 577 I DropBoxManagerService: add tag=system_server_strictmode isTagEnabled=true flags=0x2
04-20 12:56:53.766 0 0 I init : Command 'write /sys/kernel/tracing/instances/wifi/events/cfg80211/rdev_add_key/enable 1' action=sys.boot_completed=1 && sys.wifitracing.started=0 (/system/etc/init/wifi.rc:56) took 203ms and succeeded
04-20 12:56:53.799 347 347 D Zygote : Forked child process 1211
04-20 12:56:53.826 0 0 I init : Command 'write /sys/kernel/tracing/instances/wifi/events/cfg80211/rdev_assoc/enable 1' action=sys.boot_completed=1 && sys.wifitracing.started=0 (/system/etc/init/wifi.rc:57) took 59ms and succeeded
04-20 12:56:53.825 554 577 I DropBoxManagerService: add tag=system_server_strictmode isTagEnabled=true flags=0x2
04-20 12:56:53.827 554 577 I DropBoxManagerService: add tag=system_server_strictmode isTagEnabled=true flags=0x2
04-20 12:56:53.831 554 983 W system_server: Long monitor contention with owner binder:554_4 (627) at void com.android.server.am.ActivityManagerService.finishAttachApplicationInner(long, int, int)(ActivityManagerService.java:4940) waiters=2 in android.app.ContentProviderHolder com.android.server.am.ContentProviderHelper.getContentProviderImpl(android.app.IApplicationThread, java.lang.String, android.os.IBinder, int, java.lang.String, java.lang.String, boolean, int) for 270ms
04-20 12:56:53.836 554 589 W ActivityManager: Slow operation: 634ms so far, now at startProcess: returned from zygote!
04-20 12:56:53.846 1099 1099 D TelephonyProvider: Checksum for /data/misc/apns/apns-conf.xml is 2001431324
04-20 12:56:53.847 1099 1099 D TelephonyProvider: Checksum after adding resource is 61296002
04-20 12:56:53.928 0 0 I init : Command 'write /sys/kernel/tracing/instances/wifi/events/cfg80211/rdev_auth/enable 1' action=sys.boot_completed=1 && sys.wifitracing.started=0 (/system/etc/init/wifi.rc:58) took 101ms and succeeded
04-20 12:56:54.000 0 0 I init : Command 'write /sys/kernel/tracing/instances/wifi/events/cfg80211/rdev_connect/enable 1' action=sys.boot_completed=1 && sys.wifitracing.started=0 (/system/etc/init/wifi.rc:59) took 71ms and succeeded
04-20 12:56:54.025 554 554 W Looper : Slow dispatch took 327ms main h=android.os.Handler c=null m=1
04-20 12:56:54.045 554 596 W system_server: Long monitor contention with owner main (554) at com.android.server.pm.Computer com.android.server.pm.PackageManagerService.snapshotComputer(boolean)(PackageManagerService.java:1195) waiters=1 in com.android.server.pm.Computer com.android.server.pm.PackageManagerService.snapshotComputer(boolean) for 190ms
04-20 12:56:54.111 554 576 W system_server: Long monitor contention with owner main (554) at com.android.server.pm.Computer com.android.server.pm.PackageManagerService.snapshotComputer(boolean)(PackageManagerService.java:1195) waiters=2 in com.android.server.pm.Computer com.android.server.pm.PackageManagerService.snapshotComputer(boolean) for 227ms
04-20 12:56:54.119 0 0 I init : Command 'write /sys/kernel/tracing/instances/wifi/events/cfg80211/rdev_set_default_key/enable 1' action=sys.boot_completed=1 && sys.wifitracing.started=0 (/system/etc/init/wifi.rc:60) took 118ms and succeeded
04-20 12:56:54.122 554 984 D CompatibilityChangeReporter: Compat change id reported: 170503758; UID 10102; state: ENABLED
04-20 12:56:54.126 554 627 W system_server: Long monitor contention with owner main (554) at com.android.server.pm.Computer com.android.server.pm.PackageManagerService.snapshotComputer(boolean)(PackageManagerService.java:1195) waiters=4 in com.android.server.pm.Computer com.android.server.pm.PackageManagerService.snapshotComputer(boolean) for 225ms
04-20 12:56:54.135 1099 1099 D TelephonyProvider: addAllApnSharedPrefToLocalLog
04-20 12:56:54.138 554 576 W Looper : Slow dispatch took 3590ms android.ui h=com.android.server.am.ActivityManagerService$UiHandler c=null m=68
04-20 12:56:54.159 554 576 W Looper : Slow delivery took 592ms android.ui h=com.android.server.am.ActivityManagerService$UiHandler c=com.android.server.am.UidObserverController$$ExternalSyntheticLambda0@dbd6cb8 m=0
04-20 12:56:54.180 1211 1211 I elockcontroller: Using CollectorTypeCC GC.
04-20 12:56:54.185 0 0 I init : Command 'write /sys/kernel/tracing/instances/wifi/events/cfg80211/rdev_set_default_mgmt_key/enable 1' action=sys.boot_completed=1 && sys.wifitracing.started=0 (/system/etc/init/wifi.rc:61) took 65ms and succeeded
04-20 12:56:54.214 1211 1211 W elockcontroller: Unexpected CPU variant for x86: x86_64.
04-20 12:56:54.214 1211 1211 W elockcontroller: Known variants: atom, sandybridge, silvermont, goldmont, goldmont-plus, tremont, kabylake, default
04-20 12:56:54.233 554 554 W Looper : Slow dispatch took 153ms main h=android.os.Handler c=null m=1
04-20 12:56:54.252 0 0 I init : Command 'write /sys/kernel/tracing/instances/wifi/events/cfg80211/rdev_set_rekey_data/enable 1' action=sys.boot_completed=1 && sys.wifitracing.started=0 (/system/etc/init/wifi.rc:62) took 66ms and succeeded
04-20 12:56:54.309 554 570 W system_server: Long monitor contention with owner main (554) at com.android.server.pm.Computer com.android.server.pm.PackageManagerService.snapshotComputer(boolean)(PackageManagerService.java:1195) waiters=5 in com.android.server.pm.Computer com.android.server.pm.PackageManagerService.snapshotComputer(boolean) for 358ms
04-20 12:56:54.315 1211 1211 E elockcontroller: Not starting debugger since process cannot load the jdwp agent.
04-20 12:56:54.333 1099 1099 D TelephonyProvider: onCreate: updating build id to UE1A.230829.036.A1
04-20 12:56:54.336 554 642 D CompatibilityChangeReporter: Compat change id reported: 265195908; UID 10102; state: ENABLED
04-20 12:56:54.345 554 589 W ActivityManager: Slow operation: 1166ms so far, now at startProcess: done updating battery stats
04-20 12:56:54.345 554 589 W ActivityManager: Slow operation: 1166ms so far, now at startProcess: building log message
04-20 12:56:54.345 554 589 I ActivityManager: Start proc 1211:com.android.devicelockcontroller/u0a103 for broadcast {com.android.devicelockcontroller/com.android.devicelockcontroller.receivers.LockedBootCompletedReceiver}
04-20 12:56:54.345 554 589 W ActivityManager: Slow operation: 1167ms so far, now at startProcess: starting to update pids map
04-20 12:56:54.347 554 589 W ActivityManager: Slow operation: 1168ms so far, now at startProcess: done updating pids map
04-20 12:56:54.347 554 588 W system_server: Long monitor contention with owner android.ui (576) at int com.android.server.am.ActivityManagerService.broadcastIntentWithFeature(android.app.IApplicationThread, java.lang.String, android.content.Intent, java.lang.String, android.content.IIntentReceiver, int, java.lang.String, android.os.Bundle, java.lang.String[], java.lang.String[], java.lang.String[], int, android.os.Bundle, boolean, boolean, int)(ActivityManagerService.java:15343) waiters=1 in void com.android.server.am.ActivityManagerService$MainHandler.handleMessage(android.os.Message) for 428ms
04-20 12:56:54.356 554 554 W Looper : Slow dispatch took 122ms main h=android.os.Handler c=null m=1
04-20 12:56:54.359 554 588 I ActivityManager: Test idle failed due to 1d99b84 554:system/1000 runnable at -2m9s440ms because CONTAINS_FOREGROUND
04-20 12:56:54.375 1181 1181 D CompatibilityChangeReporter: Compat change id reported: 3400644; UID 10102; state: ENABLED
04-20 12:56:54.393 0 0 I init : Command 'write /sys/kernel/tracing/instances/wifi/events/net/filter name==${wifi.interface:-wlan0}' action=sys.boot_completed=1 && sys.wifitracing.started=0 (/system/etc/init/wifi.rc:75) took 109ms and succeeded
04-20 12:56:54.409 1099 1099 D DeferredSmsMmsRestoreService: startIfFilesExist: no files to restore
04-20 12:56:54.416 1099 1099 D DeferredSmsMmsRestoreService: addAllSharedPrefToLocalLog
04-20 12:56:54.470 0 0 I init : Command 'write /sys/kernel/tracing/instances/wifi/events/net/net_dev_queue/enable 1' action=sys.boot_completed=1 && sys.wifitracing.started=0 (/system/etc/init/wifi.rc:76) took 76ms and succeeded
04-20 12:56:54.592 554 627 D CompatibilityChangeReporter: Compat change id reported: 161145287; UID 1002; state: ENABLED
04-20 12:56:54.619 0 0 I init : Command 'write /sys/kernel/tracing/instances/wifi/events/net/netif_rx/enable 1' action=sys.boot_completed=1 && sys.wifitracing.started=0 (/system/etc/init/wifi.rc:78) took 100ms and succeeded
04-20 12:56:54.675 0 0 I init : Command 'write /sys/kernel/tracing/instances/wifi/events/net/netif_receive_skb/enable 1' action=sys.boot_completed=1 && sys.wifitracing.started=0 (/system/etc/init/wifi.rc:79) took 55ms and succeeded
04-20 12:56:54.685 0 0 I init : processing action (dev.bootcomplete=1 && vendor.qemu.dev.bootcomplete=0) from (/vendor/etc/init/hw/init.ranchu.rc:107)
04-20 12:56:54.725 0 0 I init : starting service 'qemu-props-bootcomplete'...
04-20 12:56:54.903 0 0 I init : ... started service 'qemu-props-bootcomplete' has pid 1228
04-20 12:56:54.903 0 0 I init : Command 'start qemu-props-bootcomplete' action=dev.bootcomplete=1 && vendor.qemu.dev.bootcomplete=0 (/vendor/etc/init/hw/init.ranchu.rc:109) took 180ms and succeeded
04-20 12:56:54.911 0 0 I init : starting service 'ranchu-setup'...
04-20 12:56:54.968 1069 1069 D AdapterState: make() - Creating AdapterState
04-20 12:56:54.971 0 0 I init : ... started service 'ranchu-setup' has pid 1233
04-20 12:56:54.971 0 0 I init : Command 'start ranchu-setup' action=dev.bootcomplete=1 && vendor.qemu.dev.bootcomplete=0 (/vendor/etc/init/hw/init.ranchu.rc:110) took 68ms and succeeded
04-20 12:56:54.973 0 0 I init : processing action (persist.sys.zram_enabled=1 && sys-boot-completed-set) from (/vendor/etc/init/hw/init.ranchu.rc:198)
04-20 12:56:55.003 1181 1181 D nativeloader: Configuring clns-shared-6 for other apk /apex/com.android.extservices/priv-app/ExtServices@UE1A.230829.036.A1/ExtServices.apk. target_sdk_version=34, uses_libraries=, library_path=/apex/com.android.extservices/priv-app/ExtServices@UE1A.230829.036.A1/lib/x86_64:/apex/com.android.extservices/priv-app/ExtServices@UE1A.230829.036.A1/ExtServices.apk!/lib/x86_64:/system/lib64:/system_ext/lib64, permitted_path=/data:/mnt/expand:/data/user/0/android.ext.services:/apex/com.android.extservices/priv-app/ExtServices@UE1A.230829.036.A1:/system/lib64:/system_ext/lib64
04-20 12:56:55.028 0 0 I zram0 : detected capacity change from 0 to 3031640
04-20 12:56:55.038 1069 1234 I AdapterState: OFF : entered
04-20 12:56:55.042 1069 1234 D AdapterProperties: Setting state to OFF
04-20 12:56:55.132 554 554 W Looper : Slow dispatch took 198ms main h=android.os.Handler c=null m=1
04-20 12:56:55.355 1069 1069 D BluetoothKeystoreService: new BluetoothKeystoreService isCommonCriteriaMode: false
04-20 12:56:55.406 1181 1181 D nativeloader: InitApexLibraries:
04-20 12:56:55.406 1181 1181 D nativeloader: com_android_adservices: libhpke_jni.so:libtflite_support_classifiers_native.so
04-20 12:56:55.406 1181 1181 D nativeloader: com_android_appsearch: libicing.so
04-20 12:56:55.406 1181 1181 D nativeloader: com_android_art: libartservice.so
04-20 12:56:55.406 1181 1181 D nativeloader: com_android_btservices: libbluetooth_jni.so
04-20 12:56:55.406 1181 1181 D nativeloader: com_android_conscrypt: libjavacrypto.so
04-20 12:56:55.406 1181 1181 D nativeloader: com_android_extservices: libtflite_support_classifiers_native.so
04-20 12:56:55.406 1181 1181 D nativeloader: com_android_os_statsd: libstats_jni.so
04-20 12:56:55.406 1181 1181 D nativeloader: com_android_tethering: libandroid_net_connectivity_com_android_net_module_util_jni.so:libcronet.114.0.5735.84.so:libframework-connectivity-jni.so:libframework-connectivity-tiramisu-jni.so:libservice-connectivity.so
04-20 12:56:55.406 1181 1181 D nativeloader: com_android_uwb: libuwb_uci_jni_rust.so
04-20 12:56:55.406 1181 1181 D nativeloader: com_android_virt: libvirtualizationservice_jni.so:libvirtualmachine_jni.so
04-20 12:56:55.412 554 554 W Looper : Slow dispatch took 114ms main h=android.os.Handler c=null m=1
04-20 12:56:55.420 554 570 D CompatibilityChangeReporter: Compat change id reported: 168419799; UID 10103; state: DISABLED
04-20 12:56:55.421 554 570 D CompatibilityChangeReporter: Compat change id reported: 273564678; UID 10103; state: DISABLED
04-20 12:56:55.431 1069 1069 D BluetoothKeystoreService: start
04-20 12:56:55.435 554 570 D OomAdjuster: Not killing cached processes
04-20 12:56:55.489 554 576 W Looper : Drained
04-20 12:56:55.602 554 642 D CompatibilityChangeReporter: Compat change id reported: 265195908; UID 10103; state: ENABLED
04-20 12:56:55.672 554 570 D WifiNl80211Manager: Scan result ready event
04-20 12:56:55.673 554 570 D WifiNative: Scan result ready event
04-20 12:56:55.695 1211 1211 D CompatibilityChangeReporter: Compat change id reported: 171979766; UID 10103; state: ENABLED
04-20 12:56:55.708 1211 1211 D CompatibilityChangeReporter: Compat change id reported: 242716250; UID 10103; state: ENABLED
04-20 12:56:55.635 1069 1069 I droid.bluetooth: [0420/125655.631441:INFO:com_android_bluetooth_btservice_BluetoothKeystore.cpp(97)] classInitNative: succeeds
04-20 12:56:55.773 1069 1069 D BluetoothKeystoreService: setBluetoothKeystoreService(): set to: com.android.bluetooth.btservice.bluetoothkeystore.BluetoothKeystoreService@df4b40b
04-20 12:56:55.786 554 570 D CompatibilityChangeReporter: Compat change id reported: 170503758; UID 10103; state: ENABLED
04-20 12:56:55.860 1211 1211 D CompatibilityChangeReporter: Compat change id reported: 3400644; UID 10103; state: ENABLED
04-20 12:56:55.904 0 0 I mkswap : Swapspace size: 1515816k, UUID=8b13146c-4120-4ed4-9273-e0a3bea986b4
04-20 12:56:55.916 0 0 I : Adding 1515816k swap on /dev/block/zram0. Priority:-2 extents:1 across:1515816k SS
04-20 12:56:55.983 0 0 I init : Command 'swapon_all /vendor/etc/fstab.${ro.hardware}' action=persist.sys.zram_enabled=1 && sys-boot-completed-set (/vendor/etc/init/hw/init.ranchu.rc:199) took 1009ms and succeeded
04-20 12:56:55.983 0 0 I init : Service 'qemu-props-bootcomplete' (pid 1228) exited with status 0 oneshot service took 1.229000 seconds in background
04-20 12:56:55.983 0 0 I init : Sending signal 9 to service 'qemu-props-bootcomplete' (pid 1228) process group...
04-20 12:56:55.984 0 0 I libprocessgroup: Successfully killed process cgroup uid 0 pid 1228 in 0ms
04-20 12:56:55.999 1211 1211 D nativeloader: Configuring clns-shared-6 for other apk /system/framework/org.apache.http.legacy.jar. target_sdk_version=34, uses_libraries=ALL, library_path=/apex/com.android.devicelock/priv-app/DeviceLockController@UE1A.230829.036.A1/lib/x86_64:/system/lib64:/system_ext/lib64, permitted_path=/data:/mnt/expand:/data/user/0/com.android.devicelockcontroller:/apex/com.android.devicelock/priv-app/DeviceLockController@UE1A.230829.036.A1:/system/lib64:/system_ext/lib64
04-20 12:56:56.039 0 0 I init : processing action (bootreceiver.enable=1 && dmesgd.start=1 && ro.product.cpu.abilist64=*) from (/system/etc/init/dmesgd.rc:12)
04-20 12:56:56.040 0 0 I init : starting service 'dmesgd'...
04-20 12:56:56.074 1211 1211 D nativeloader: Configuring clns-shared-7 for other apk /apex/com.android.devicelock/priv-app/DeviceLockController@UE1A.230829.036.A1/DeviceLockController.apk. target_sdk_version=34, uses_libraries=, library_path=/apex/com.android.devicelock/priv-app/DeviceLockController@UE1A.230829.036.A1/lib/x86_64:/system/lib64:/system_ext/lib64, permitted_path=/data:/mnt/expand:/data/user/0/com.android.devicelockcontroller:/apex/com.android.devicelock/priv-app/DeviceLockController@UE1A.230829.036.A1:/system/lib64:/system_ext/lib64
04-20 12:56:56.092 554 554 W Looper : Slow dispatch took 114ms main h=android.os.Handler c=null m=1
04-20 12:56:56.094 1069 1069 D BluetoothKeystoreService: loadConfigData
04-20 12:56:56.106 1211 1211 D nativeloader: InitApexLibraries:
04-20 12:56:56.106 1211 1211 D nativeloader: com_android_adservices: libhpke_jni.so:libtflite_support_classifiers_native.so
04-20 12:56:56.106 1211 1211 D nativeloader: com_android_appsearch: libicing.so
04-20 12:56:56.106 1211 1211 D nativeloader: com_android_art: libartservice.so
04-20 12:56:56.106 1211 1211 D nativeloader: com_android_btservices: libbluetooth_jni.so
04-20 12:56:56.106 1211 1211 D nativeloader: com_android_conscrypt: libjavacrypto.so
04-20 12:56:56.106 1211 1211 D nativeloader: com_android_extservices: libtflite_support_classifiers_native.so
04-20 12:56:56.106 1211 1211 D nativeloader: com_android_os_statsd: libstats_jni.so
04-20 12:56:56.106 1211 1211 D nativeloader: com_android_tethering: libandroid_net_connectivity_com_android_net_module_util_jni.so:libcronet.114.0.5735.84.so:libframework-connectivity-jni.so:libframework-connectivity-tiramisu-jni.so:libservice-connectivity.so
04-20 12:56:56.106 1211 1211 D nativeloader: com_android_uwb: libuwb_uci_jni_rust.so
04-20 12:56:56.106 1211 1211 D nativeloader: com_android_virt: libvirtualizationservice_jni.so:libvirtualmachine_jni.so
04-20 12:56:56.195 1181 1181 W ContextImpl: Failed to ensure /data/user/0/android.ext.services/cache: mkdir failed: ENOENT (No such file or directory)
04-20 12:56:56.195 1181 1181 W ContextImpl: Failed to update user.inode_cache: stat failed: ENOENT (No such file or directory)
04-20 12:56:56.291 0 0 I init : ... started service 'dmesgd' has pid 1247
04-20 12:56:56.292 0 0 I init : Command 'start dmesgd' action=bootreceiver.enable=1 && dmesgd.start=1 && ro.product.cpu.abilist64=* (/system/etc/init/dmesgd.rc:13) took 252ms and succeeded
04-20 12:56:56.292 0 0 I init : Service 'ranchu-setup' (pid 1233) exited with status 0 oneshot service took 1.356000 seconds in background
04-20 12:56:56.292 0 0 I init : Sending signal 9 to service 'ranchu-setup' (pid 1233) process group...
04-20 12:56:56.293 0 0 I libprocessgroup: Successfully killed process cgroup uid 0 pid 1233 in 0ms
04-20 12:56:56.303 1211 1211 W ContextImpl: Failed to ensure /data/user/0/com.android.devicelockcontroller/cache: mkdir failed: ENOENT (No such file or directory)
04-20 12:56:56.312 1211 1211 W ContextImpl: Failed to update user.inode_cache: stat failed: ENOENT (No such file or directory)
04-20 12:56:56.328 0 0 I init : processing action (sys.user.0.ce_available=true) from (/system/etc/init/wifi.rc:21)
04-20 12:56:56.345 1211 1211 V GraphicsEnvironment: Currently set values for:
04-20 12:56:56.345 1211 1211 V GraphicsEnvironment: angle_gl_driver_selection_pkgs=[]
04-20 12:56:56.345 1211 1211 V GraphicsEnvironment: angle_gl_driver_selection_values=[]
04-20 12:56:56.346 1211 1211 V GraphicsEnvironment: ANGLE GameManagerService for com.android.devicelockcontroller: false
04-20 12:56:56.347 1211 1211 V GraphicsEnvironment: com.android.devicelockcontroller is not listed in per-application setting
04-20 12:56:56.347 1211 1211 V GraphicsEnvironment: Neither updatable production driver nor prerelease driver is supported.
04-20 12:56:56.382 0 0 I init : processing action (sys.boot_completed=1 && sys.wifitracing.started=1 && wifi.interface=*) from (/system/etc/init/wifi.rc:98)
04-20 12:56:56.419 1181 1181 V GraphicsEnvironment: Currently set values for:
04-20 12:56:56.419 1181 1181 V GraphicsEnvironment: angle_gl_driver_selection_pkgs=[]
04-20 12:56:56.419 1181 1181 V GraphicsEnvironment: angle_gl_driver_selection_values=[]
04-20 12:56:56.428 1181 1181 V GraphicsEnvironment: ANGLE GameManagerService for android.ext.services: false
04-20 12:56:56.428 1181 1181 V GraphicsEnvironment: android.ext.services is not listed in per-application setting
04-20 12:56:56.429 1181 1181 V GraphicsEnvironment: Neither updatable production driver nor prerelease driver is supported.
04-20 12:56:56.437 554 554 W Looper : Slow dispatch took 197ms main h=android.os.Handler c=null m=1
04-20 12:56:56.463 0 0 I init : Command 'write /sys/kernel/tracing/instances/wifi/events/net/filter name==${wifi.interface}' action=sys.boot_completed=1 && sys.wifitracing.started=1 && wifi.interface=* (/system/etc/init/wifi.rc:101) took 63ms and succeeded
04-20 12:56:56.481 1211 1211 I DeviceLockControllerApplication: onCreate
04-20 12:56:56.536 1211 1211 I DeviceStateControllerImpl: Starting state is 0
04-20 12:56:56.553 1211 1211 I UserRestrictionsPolicyHandler: Build type DEBUG = true
04-20 12:56:56.557 1069 1069 D BluetoothKeystoreService: getCompareResult: 0
04-20 12:56:56.593 554 554 W Looper : Slow dispatch took 108ms main h=android.os.Handler c=null m=1
04-20 12:56:56.596 1211 1211 D DevicePolicyControllerImpl: onStateChanged (0)
04-20 12:56:56.634 1211 1211 V UserRestrictionsPolicyHandler: Setting restrictions for 0
04-20 12:56:56.634 1211 1211 D CompatibilityChangeReporter: Compat change id reported: 183155436; UID 10103; state: ENABLED
04-20 12:56:56.938 554 570 D CompatibilityChangeReporter: Compat change id reported: 261072174; UID 10103; state: ENABLED
04-20 12:56:56.954 554 984 I ActivityManager: Flag disabled. Ignoring finishAttachApplication from uid: 10103. pid: 1211
04-20 12:56:56.969 1069 1069 D CompatibilityChangeReporter: Compat change id reported: 183155436; UID 1002; state: ENABLED
04-20 12:56:56.971 554 984 I ActivityManager: Flag disabled. Ignoring finishAttachApplication from uid: 10102. pid: 1181
04-20 12:56:56.981 1211 1211 D LockedBootCompletedReceiver: Locked Boot completed
04-20 12:56:57.001 1211 1254 I DlcClient: Binding com.android.devicelockcontroller/.storage.SetupParametersService
04-20 12:56:57.001 1211 1253 W elockcontroller: Long monitor contention with owner pool-2-thread-2 (1254) at void java.lang.Object.wait(long, int)(Object.java:-2) waiters=0 in java.lang.Object com.android.devicelockcontroller.storage.DlcClient.lambda$call$0(java.util.concurrent.Callable) for 252ms
04-20 12:56:57.016 1211 1256 W elockcontroller: Long monitor contention with owner pool-2-thread-2 (1254) at void java.lang.Object.wait(long, int)(Object.java:-2) waiters=1 in java.lang.Object com.android.devicelockcontroller.storage.DlcClient.lambda$call$0(java.util.concurrent.Callable) for 180ms
04-20 12:56:57.017 1069 1069 I bt_btif : packages/modules/Bluetooth/system/btif/src/bluetooth.cc:386 init: init: start restricted = 0 ; common criteria mode = 0, config compare result = 0
04-20 12:56:57.019 1069 1069 I bt : bt_common::init_flags: Flags loaded: asha_packet_drop_frequency_threshold=60asha_phy_update_retry_limit=5always_send_services_if_gatt_disc_done=truealways_use_private_gatt_for_debugging=falseasynchronously_start_l2cap_coc=truebtaa_hci=truebta_dm_clear_conn_id_on_client_close=truebtm_dm_flush_discovery_queue_on_search_cancel=falseclassic_discovery_only=falseclear_hidd_interrupt_cid_on_disconnect=truedelay_hidh_cleanup_until_hidh_ready_start=truedevice_iot_config_logging=falsedynamic_avrcp_version_enhancement=truefinite_att_timeout=truegatt_robust_caching_client=truegatt_robust_caching_server=falsegd_core=falsegd_hal_snoop_logger_socket=truegd_hal_snoop_logger_filtering=truegd_l2cap=falsegd_link_policy=falsegd_remote_name_request=falsegd_rust=falsehci_adapter=0hfp_dynamic_version=trueirk_rotation=falseleaudio_targeted_announcement_reconnection_mode=truepass_phy_update_callback=truepbap_pse_dynamic_version_upgrade=falseperiodic_advertising_adi=trueprivate_gatt=truequeue_l2cap_coc_while_encrypting=trueread_encryption_key_size=trueredact_log=truerust_event_loop=truesco_codec_select_lc3=falsesco_codec_timeout_clear=falsesdp_serialization=truesdp_skip_rnr_if_known=truebluetooth_quality_report_callback=trueset_min_encryption=truesubrating=truetrigger_advertising_callbacks_on_first_resume_after_pause=trueuse_unified_connection_manager=falsesdp_return_classic_services_when_le_discovery_fails=truedefault_log_level=4logging_explicit_tag_settings={}
04-20 12:56:57.030 554 984 D PackageManager: Instant App installer not found with android.intent.action.INSTALL_INSTANT_APP_PACKAGE
04-20 12:56:57.031 554 984 D PackageManager: Clear ephemeral installer activity
04-20 12:56:57.041 1069 1069 I bt_osi_allocation_tracker: packages/modules/Bluetooth/system/osi/src/allocation_tracker.cc:60 allocation_tracker_init: canary initialized
04-20 12:56:57.072 1069 1260 I droid.bluetooth: [0420/125657.072689:INFO:message_loop_thread.cc(184)] Run: message loop starting for thread bt_stack_manager_thread
04-20 12:56:57.117 1247 1247 E dmesgd : /data/misc/dmesgd/sent_reports.txt is empty: No such file or directory
04-20 12:56:57.140 1211 1211 D SetupParametersService: onCreate
04-20 12:56:57.162 554 554 W Looper : Slow dispatch took 151ms main h=android.os.Handler c=null m=1
04-20 12:56:57.241 1069 1260 I bt_stack_manager: packages/modules/Bluetooth/system/btif/src/stack_manager.cc:277 event_init_stack: is initializing the stack
04-20 12:56:57.396 1069 1265 I droid.bluetooth: [0420/125657.396542:INFO:message_loop_thread.cc(184)] Run: message loop starting for thread bt_main_thread
04-20 12:56:57.399 1069 1260 I device_iot_config: packages/modules/Bluetooth/system/device/src/device_iot_config_int.cc:68 device_iot_config_module_init:
04-20 12:56:57.413 1069 1260 E droid.bluetooth: [0420/125657.412767:ERROR:config.cc(106)] config_new: unable to open file '/data/misc/bluedroid/bt_remote_dev_info.conf': No such file or directory
04-20 12:56:57.413 1069 1260 W device_iot_config: packages/modules/Bluetooth/system/device/src/device_iot_config_int.cc:83 device_iot_config_module_init: Unable to load config file: /data/misc/bluedroid/bt_remote_dev_info.conf; using backup.
04-20 12:56:57.414 1069 1260 E droid.bluetooth: [0420/125657.414007:ERROR:config.cc(106)] config_new: unable to open file '/data/misc/bluedroid/bt_remote_dev_info.bak': No such file or directory
04-20 12:56:57.414 1069 1260 E device_iot_config: packages/modules/Bluetooth/system/device/src/device_iot_config_int.cc:89 device_iot_config_module_init: Unable to load bak file; creating empty config.
04-20 12:56:57.415 1069 1260 I device_iot_config: packages/modules/Bluetooth/system/device/src/device_iot_config_int.cc:130 device_iot_config_module_init: Devices loaded 0
04-20 12:56:57.449 554 569 W system_server: Long monitor contention with owner binder:554_4 (627) at void com.android.server.am.ActivityManagerService.finishReceiver(android.os.IBinder, int, java.lang.String, android.os.Bundle, boolean, int)(ActivityManagerService.java:15446) waiters=1 in void com.android.server.am.ActivityManagerService.publishService(android.os.IBinder, android.content.Intent, android.os.IBinder) for 268ms
04-20 12:56:57.595 1211 1211 I DeviceLockControllerApplication: Policies enforced
04-20 12:56:57.598 1211 1259 D PackagePolicyHandler: Kiosk package is not set for state: 0
04-20 12:56:57.629 1211 1211 E AggregateFuture: Got more than one input Future failure. Logging failures after the first
04-20 12:56:57.629 1211 1211 E AggregateFuture: java.lang.IllegalStateException: Setup parameters does not exist!
04-20 12:56:57.629 1211 1211 E AggregateFuture: at com.android.devicelockcontroller.policy.UserRestrictionsPolicyHandler.lambda$retrieveLockModeRestrictions$3(UserRestrictionsPolicyHandler.java:138)
04-20 12:56:57.629 1211 1211 E AggregateFuture: at com.android.devicelockcontroller.policy.UserRestrictionsPolicyHandler.$r8$lambda$K4dazaAj4roA8BauvRaHZASMq6E(UserRestrictionsPolicyHandler.java:0)
04-20 12:56:57.629 1211 1211 E AggregateFuture: at com.android.devicelockcontroller.policy.UserRestrictionsPolicyHandler$$ExternalSyntheticLambda4.call(R8$$SyntheticClass:0)
04-20 12:56:57.629 1211 1211 E AggregateFuture: at com.google.common.util.concurrent.CombinedFuture$CallableInterruptibleTask.runInterruptibly(CombinedFuture.java:196)
04-20 12:56:57.629 1211 1211 E AggregateFuture: at com.google.common.util.concurrent.InterruptibleTask.run(InterruptibleTask.java:74)
04-20 12:56:57.629 1211 1211 E AggregateFuture: at android.os.Handler.handleCallback(Handler.java:958)
04-20 12:56:57.629 1211 1211 E AggregateFuture: at android.os.Handler.dispatchMessage(Handler.java:99)
04-20 12:56:57.629 1211 1211 E AggregateFuture: at android.os.Looper.loopOnce(Looper.java:205)
04-20 12:56:57.629 1211 1211 E AggregateFuture: at android.os.Looper.loop(Looper.java:294)
04-20 12:56:57.629 1211 1211 E AggregateFuture: at android.app.ActivityThread.main(ActivityThread.java:8177)
04-20 12:56:57.629 1211 1211 E AggregateFuture: at java.lang.reflect.Method.invoke(Native Method)
04-20 12:56:57.629 1211 1211 E AggregateFuture: at com.android.internal.os.RuntimeInit$MethodAndArgsCaller.run(RuntimeInit.java:552)
04-20 12:56:57.629 1211 1211 E AggregateFuture: at com.android.internal.os.ZygoteInit.main(ZygoteInit.java:971)
04-20 12:56:57.662 1069 1269 I bt_osi_thread: packages/modules/Bluetooth/system/osi/src/thread.cc:210 run_thread: run_thread: thread id 1269, thread name alarm_default_ca started
04-20 12:56:57.724 1069 1273 I bt_osi_thread: packages/modules/Bluetooth/system/osi/src/thread.cc:210 run_thread: run_thread: thread id 1273, thread name alarm_dispatcher started
04-20 12:56:57.745 1069 1260 I bt_core_module: packages/modules/Bluetooth/system/btcore/src/module.cc:86 module_start_up: module_start_up Starting module "gd_shim_module"
04-20 12:56:57.808 1069 1260 I bt_gd_shim: packages/modules/Bluetooth/system/main/shim/stack.cc:81 StartEverything: StartEverything Starting Gd stack
04-20 12:56:57.810 1069 1260 I bt_gd_shim: packages/modules/Bluetooth/system/main/shim/stack.cc:160 Start: Start Starting Gd stack
04-20 12:56:57.919 1099 1099 D DeferredSmsMmsRestoreService: startIfFilesExist: no files to restore
04-20 12:56:57.919 1099 1099 D DeferredSmsMmsRestoreService: addAllSharedPrefToLocalLog
04-20 12:56:57.931 1069 1260 I BtGdWakelockNative: packages/modules/Bluetooth/system/gd/os/android/wakelock_native.cc:79 Initialize: Initializing native wake locks
04-20 12:56:58.052 1069 1275 I BtGdModule: packages/modules/Bluetooth/system/gd/module.cc:85 Start: Constructing next module
04-20 12:56:58.052 1069 1275 I BtGdModule: packages/modules/Bluetooth/system/gd/module.cc:89 Start: Starting dependencies of BluetoothCounterMetrics
04-20 12:56:58.053 1069 1275 I BtGdModule: packages/modules/Bluetooth/system/gd/module.cc:93 Start: Finished starting dependencies and calling Start() of BluetoothCounterMetrics
04-20 12:56:58.053 1069 1275 I BluetoothCounterMetrics: packages/modules/Bluetooth/system/gd/metrics/counter_metrics.cc:40 Start: Counter metrics initialized
04-20 12:56:58.053 1069 1275 I BtGdModule: packages/modules/Bluetooth/system/gd/module.cc:99 Start: Started BluetoothCounterMetrics
04-20 12:56:58.053 1069 1275 I BtGdModule: packages/modules/Bluetooth/system/gd/module.cc:85 Start: Constructing next module
04-20 12:56:58.053 1069 1275 I BtGdModule: packages/modules/Bluetooth/system/gd/module.cc:89 Start: Starting dependencies of HciHalHidl
04-20 12:56:58.054 1069 1275 I BtGdModule: packages/modules/Bluetooth/system/gd/module.cc:85 Start: Constructing next module
04-20 12:56:58.054 1069 1275 I bluetooth: packages/modules/Bluetooth/system/gd/hal/snoop_logger.cc:1432 GetBtSnoopMode: btsnoop_mode_empty: 1
04-20 12:56:58.055 1069 1275 I bluetooth: packages/modules/Bluetooth/system/gd/hal/snoop_logger.cc:505 SnoopLogger: Snoop Logs filtered mode enabled
04-20 12:56:58.055 1069 1275 I bluetooth: packages/modules/Bluetooth/system/gd/hal/snoop_logger.cc:588 EnableFilters: persist.bluetooth.snooplogfilter.profiles.rfcomm.enabled: 0
04-20 12:56:58.055 1069 1275 I bluetooth: packages/modules/Bluetooth/system/gd/hal/snoop_logger.cc:588 EnableFilters: persist.bluetooth.snooplogfilter.profiles.a2dp.enabled: 0
04-20 12:56:58.055 1069 1275 I bluetooth: packages/modules/Bluetooth/system/gd/hal/snoop_logger.cc:588 EnableFilters: persist.bluetooth.snooplogfilter.headers.enabled: 0
04-20 12:56:58.055 1069 1275 I bluetooth: packages/modules/Bluetooth/system/gd/hal/snoop_logger.cc:597 EnableFilters: persist.bluetooth.snooplogfilter.profiles.map: disabled
04-20 12:56:58.055 1069 1275 I bluetooth: packages/modules/Bluetooth/system/gd/hal/snoop_logger.cc:597 EnableFilters: persist.bluetooth.snooplogfilter.profiles.pbap: disabled
04-20 12:56:58.055 1069 1275 I bluetooth: packages/modules/Bluetooth/system/gd/hal/snoop_logger.cc:334 delete_btsnoop_files: Deleting logs if they exist
04-20 12:56:58.068 554 588 W system_server: Long monitor contention with owner binder:554_7 (983) at android.app.ContentProviderHolder com.android.server.am.ContentProviderHelper.getContentProviderImpl(android.app.IApplicationThread, java.lang.String, android.os.IBinder, int, java.lang.String, java.lang.String, boolean, int)(ContentProviderHelper.java:614) waiters=0 in boolean com.android.server.am.BroadcastQueueModernImpl.lambda$new$0(android.os.Message) for 304ms
04-20 12:56:58.096 1069 1275 I bluetooth: packages/modules/Bluetooth/system/gd/hal/snoop_logger.cc:340 delete_btsnoop_files: Main log file does not exist at "/data/misc/bluetooth/logs/btsnoop_hci.log"
04-20 12:56:58.097 1069 1275 I bluetooth: packages/modules/Bluetooth/system/gd/hal/snoop_logger.cc:348 delete_btsnoop_files: Last log file does not exist at "/data/misc/bluetooth/logs/btsnoop_hci.log"
04-20 12:56:58.097 1069 1275 I bluetooth: packages/modules/Bluetooth/system/gd/hal/snoop_logger.cc:334 delete_btsnoop_files: Deleting logs if they exist
04-20 12:56:58.097 1069 1275 I bluetooth: packages/modules/Bluetooth/system/gd/hal/snoop_logger.cc:340 delete_btsnoop_files: Main log file does not exist at "/data/misc/bluetooth/logs/btsnooz_hci.log"
04-20 12:56:58.097 1069 1275 I bluetooth: packages/modules/Bluetooth/system/gd/hal/snoop_logger.cc:348 delete_btsnoop_files: Last log file does not exist at "/data/misc/bluetooth/logs/btsnooz_hci.log"
04-20 12:56:58.097 1069 1275 I BtGdModule: packages/modules/Bluetooth/system/gd/module.cc:89 Start: Starting dependencies of SnoopLogger
04-20 12:56:58.097 1069 1275 I BtGdModule: packages/modules/Bluetooth/system/gd/module.cc:93 Start: Finished starting dependencies and calling Start() of SnoopLogger
04-20 12:56:58.098 1069 1275 I bluetooth: packages/modules/Bluetooth/system/gd/hal/snoop_logger.cc:555 OpenNextSnoopLogFile: Previous log file "/data/misc/bluetooth/logs/btsnoop_hci.log.filtered" does not exist, skip renaming
04-20 12:56:58.099 1069 1275 I bluetooth: packages/modules/Bluetooth/system/gd/hal/snoop_logger.cc:588 EnableFilters: persist.bluetooth.snooplogfilter.profiles.rfcomm.enabled: 0
04-20 12:56:58.099 1069 1275 I bluetooth: packages/modules/Bluetooth/system/gd/hal/snoop_logger.cc:588 EnableFilters: persist.bluetooth.snooplogfilter.profiles.a2dp.enabled: 0
04-20 12:56:58.099 1069 1275 I bluetooth: packages/modules/Bluetooth/system/gd/hal/snoop_logger.cc:588 EnableFilters: persist.bluetooth.snooplogfilter.headers.enabled: 0
04-20 12:56:58.099 1069 1275 I bluetooth: packages/modules/Bluetooth/system/gd/hal/snoop_logger.cc:597 EnableFilters: persist.bluetooth.snooplogfilter.profiles.map: disabled
04-20 12:56:58.099 1069 1275 I bluetooth: packages/modules/Bluetooth/system/gd/hal/snoop_logger.cc:597 EnableFilters: persist.bluetooth.snooplogfilter.profiles.pbap: disabled
04-20 12:56:58.099 1069 1275 I bluetooth: packages/modules/Bluetooth/system/gd/hal/snoop_logger_socket.cc:63 SnoopLoggerSocket: address 2130706433 port 8872
04-20 12:56:58.132 554 627 I DevicePolicyEngine: Couldn't find any receivers that handle ACTION_DEVICE_POLICY_SET_RESULT in package com.android.devicelockcontroller
04-20 12:56:58.134 554 627 D DevicePolicyEngine: Writing device policies to file.
04-20 12:56:58.134 554 627 D DevicePolicyEngine: Writing to /data/system/device_policy_state.xml
04-20 12:56:58.229 1069 1275 I BtGdModule: packages/modules/Bluetooth/system/gd/module.cc:99 Start: Started SnoopLogger
04-20 12:56:58.230 1069 1275 I BtGdModule: packages/modules/Bluetooth/system/gd/module.cc:85 Start: Constructing next module
04-20 12:56:58.230 1069 1275 I BtGdModule: packages/modules/Bluetooth/system/gd/module.cc:89 Start: Starting dependencies of Btaa Module
04-20 12:56:58.231 1069 1275 I BtGdModule: packages/modules/Bluetooth/system/gd/module.cc:93 Start: Finished starting dependencies and calling Start() of Btaa Module
04-20 12:56:58.238 1069 1275 E btaa : packages/modules/Bluetooth/system/gd/btaa/android/activity_attribution.cc:107 impl: No suspend control service available.
04-20 12:56:58.239 1069 1275 I BtGdModule: packages/modules/Bluetooth/system/gd/module.cc:99 Start: Started Btaa Module
04-20 12:56:58.239 1069 1275 I BtGdModule: packages/modules/Bluetooth/system/gd/module.cc:93 Start: Finished starting dependencies and calling Start() of HciHalHidl
04-20 12:56:58.244 0 0 E servicemanager: VINTF HALs require names in the format type/instance (e.g. some.package.foo.IFoo/default) but got: suspend_control
04-20 12:56:58.356 0 0 I servicemanager: Found android.hardware.bluetooth.IBluetoothHci/default in device VINTF manifest.
04-20 12:56:58.375 554 570 D CompatibilityChangeReporter: Compat change id reported: 161145287; UID 10102; state: ENABLED
04-20 12:56:58.388 1069 1275 I bluetooth: packages/modules/Bluetooth/system/gd/hal/hci_hal_android_hidl.cc:417 start_aidl: Using the AIDL interface
04-20 12:56:58.431 369 369 I android.hardware.bluetooth.service.default: initialize
04-20 12:56:58.492 369 369 I android.hardware.bluetooth.service.default: opening hci interface 0
04-20 12:56:58.493 369 369 E android.hardware.bluetooth.service.default: unable to open /dev/rfkill: Permission denied
04-20 12:56:58.493 369 369 E android.hardware.bluetooth.service.default: rfkill unavailable
04-20 12:56:58.493 369 369 I android.hardware.bluetooth.service.default: waiting for hci interface 0
04-20 12:56:58.494 369 369 I android.hardware.bluetooth.service.default: hci interface 0 found
04-20 12:56:58.495 369 369 I android.hardware.bluetooth.service.default: hci interface 0 ready
04-20 12:56:58.509 1099 1099 I DomainSelectionResolver: DomainSelectionResolver created: device-config=false
04-20 12:56:58.595 369 369 I android.hardware.bluetooth.service.default: HCI Reset successful
04-20 12:56:58.632 554 554 W Looper : Slow dispatch took 106ms main h=android.os.Handler c=null m=1
04-20 12:56:58.642 369 369 I android.hardware.bluetooth.service.default: initialization complete
04-20 12:56:58.653 1069 1275 I BtGdModule: packages/modules/Bluetooth/system/gd/module.cc:99 Start: Started HciHalHidl
04-20 12:56:58.654 1069 1275 I BtGdModule: packages/modules/Bluetooth/system/gd/module.cc:85 Start: Constructing next module
04-20 12:56:58.654 1069 1275 I BtGdModule: packages/modules/Bluetooth/system/gd/module.cc:89 Start: Starting dependencies of Hci Layer
04-20 12:56:58.654 1069 1275 I BtGdModule: packages/modules/Bluetooth/system/gd/module.cc:85 Start: Constructing next module
04-20 12:56:58.655 1069 1275 I BtGdModule: packages/modules/Bluetooth/system/gd/module.cc:89 Start: Starting dependencies of Storage Module
04-20 12:56:58.655 1069 1275 I BtGdModule: packages/modules/Bluetooth/system/gd/module.cc:93 Start: Finished starting dependencies and calling Start() of Storage Module
04-20 12:56:58.655 1069 1275 E bluetooth: packages/modules/Bluetooth/system/gd/storage/legacy_config_file.cc:39 Read: unable to open file '/data/misc/bluedroid/bt_config.conf', error: No such file or directory
04-20 12:56:58.655 1069 1275 W bluetooth: packages/modules/Bluetooth/system/gd/storage/storage_module.cc:168 Start: cannot load config at /data/misc/bluedroid/bt_config.conf, using backup at /data/misc/bluedroid/bt_config.bak.
04-20 12:56:58.664 1069 1275 E bluetooth: packages/modules/Bluetooth/system/gd/storage/legacy_config_file.cc:39 Read: unable to open file '/data/misc/bluedroid/bt_config.bak', error: No such file or directory
04-20 12:56:58.664 1069 1275 W bluetooth: packages/modules/Bluetooth/system/gd/storage/storage_module.cc:175 Start: cannot load backup config at /data/misc/bluedroid/bt_config.bak; creating new empty ones
04-20 12:56:58.666 1069 1275 I droid.bluetooth: [0420/125658.666373:INFO:btif_keystore.cc(61)] ConvertEncryptOrDecryptKeyIfNeeded callback isn't ready.
04-20 12:56:58.666 1069 1275 I BtGdModule: packages/modules/Bluetooth/system/gd/module.cc:99 Start: Started Storage Module
04-20 12:56:58.667 1069 1275 I BtGdModule: packages/modules/Bluetooth/system/gd/module.cc:93 Start: Finished starting dependencies and calling Start() of Hci Layer
04-20 12:56:58.697 1069 1275 I BtGdModule: packages/modules/Bluetooth/system/gd/module.cc:99 Start: Started Hci Layer
04-20 12:56:58.697 1069 1275 I BtGdModule: packages/modules/Bluetooth/system/gd/module.cc:85 Start: Constructing next module
04-20 12:56:58.698 1069 1275 I BtGdModule: packages/modules/Bluetooth/system/gd/module.cc:89 Start: Starting dependencies of shim::Dumpsys
04-20 12:56:58.698 1069 1275 I BtGdModule: packages/modules/Bluetooth/system/gd/module.cc:93 Start: Finished starting dependencies and calling Start() of shim::Dumpsys
04-20 12:56:58.698 1069 1275 I BtGdModule: packages/modules/Bluetooth/system/gd/module.cc:99 Start: Started shim::Dumpsys
04-20 12:56:58.698 1069 1275 I BtGdModule: packages/modules/Bluetooth/system/gd/module.cc:85 Start: Constructing next module
04-20 12:56:58.699 1069 1275 I BtGdModule: packages/modules/Bluetooth/system/gd/module.cc:89 Start: Starting dependencies of Vendor Specific Event Manager
04-20 12:56:58.699 1069 1275 I BtGdModule: packages/modules/Bluetooth/system/gd/module.cc:85 Start: Constructing next module
04-20 12:56:58.736 1069 1275 I BtGdModule: packages/modules/Bluetooth/system/gd/module.cc:89 Start: Starting dependencies of Controller
04-20 12:56:58.784 1069 1275 I BtGdModule: packages/modules/Bluetooth/system/gd/module.cc:85 Start: Constructing next module
04-20 12:56:58.785 1069 1275 I BtGdModule: packages/modules/Bluetooth/system/gd/module.cc:89 Start: Starting dependencies of Sysprops Module
04-20 12:56:58.788 1069 1275 I BtGdModule: packages/modules/Bluetooth/system/gd/module.cc:93 Start: Finished starting dependencies and calling Start() of Sysprops Module
04-20 12:56:58.788 1069 1275 I BtGdModule: packages/modules/Bluetooth/system/gd/module.cc:99 Start: Started Sysprops Module
04-20 12:56:58.789 1069 1275 I BtGdModule: packages/modules/Bluetooth/system/gd/module.cc:93 Start: Finished starting dependencies and calling Start() of Controller
04-20 12:56:59.289 554 554 D WifiP2pService: Wifi enabled=true, P2P disallowed by admin=false
04-20 12:56:59.360 554 588 I ActivityManager: Test idle failed due to 1d99b84 554:system/1000 runnable at -2m14s442ms because CONTAINS_FOREGROUND
04-20 12:56:59.379 0 0 I servicemanager: Found android.hardware.radio.data.IRadioData/slot1 in device VINTF manifest.
04-20 12:56:59.546 0 0 I servicemanager: Found android.hardware.radio.data.IRadioData/slot1 in device VINTF manifest.
04-20 12:56:59.553 0 0 I servicemanager: Found android.hardware.radio.messaging.IRadioMessaging/slot1 in device VINTF manifest.
04-20 12:56:59.568 0 0 I servicemanager: Found android.hardware.radio.modem.IRadioModem/slot1 in device VINTF manifest.
04-20 12:56:59.569 0 0 I servicemanager: Found android.hardware.radio.network.IRadioNetwork/slot1 in device VINTF manifest.
04-20 12:56:59.580 0 0 I servicemanager: Found android.hardware.radio.sim.IRadioSim/slot1 in device VINTF manifest.
04-20 12:56:59.581 0 0 I servicemanager: Found android.hardware.radio.voice.IRadioVoice/slot1 in device VINTF manifest.
04-20 12:56:59.591 0 0 I servicemanager: Found android.hardware.radio.ims.IRadioIms/slot1 in device VINTF manifest.
04-20 12:56:59.631 0 0 I servicemanager: Found android.hardware.radio.modem.IRadioModem/slot1 in device VINTF manifest.
04-20 12:56:59.786 0 0 I servicemanager: Found android.hardware.radio.data.IRadioData/slot1 in device VINTF manifest.
04-20 12:56:59.823 0 0 I init : Service 'dmesgd' (pid 1247) exited with status 0 oneshot service took 3.769000 seconds in background
04-20 12:56:59.823 0 0 I init : Sending signal 9 to service 'dmesgd' (pid 1247) process group...
04-20 12:56:59.824 0 0 I libprocessgroup: Successfully killed process cgroup uid 1086 pid 1247 in 0ms
04-20 12:56:59.553 554 554 W Looper : Slow dispatch took 262ms main h=com.android.server.pm.UserManagerService$MainHandler c=null m=1
04-20 12:56:59.883 554 554 D nativeloader: Configuring clns-shared-15 for other apk /system/priv-app/Telecom/Telecom.apk. target_sdk_version=34, uses_libraries=, library_path=/system/priv-app/Telecom/lib/x86_64:/system/priv-app/Telecom/Telecom.apk!/lib/x86_64:/system/lib64:/system_ext/lib64, permitted_path=/data:/mnt/expand:/data/user_de/0/com.android.server.telecom:/system/priv-app/Telecom:/system/lib64:/system_ext/lib64
04-20 12:56:59.895 472 504 W libgoldfish-rild: Callback is not set
04-20 12:57:00.070 1069 1275 I BtGdModule: packages/modules/Bluetooth/system/gd/module.cc:99 Start: Started Controller
04-20 12:57:00.119 0 0 I servicemanager: Found android.hardware.radio.messaging.IRadioMessaging/slot1 in device VINTF manifest.
04-20 12:57:00.125 1069 1275 I BtGdModule: packages/modules/Bluetooth/system/gd/module.cc:93 Start: Finished starting dependencies and calling Start() of Vendor Specific Event Manager
04-20 12:57:00.129 1069 1275 I BtGdModule: packages/modules/Bluetooth/system/gd/module.cc:99 Start: Started Vendor Specific Event Manager
04-20 12:57:00.130 1069 1275 I BtGdModule: packages/modules/Bluetooth/system/gd/module.cc:85 Start: Constructing next module
04-20 12:57:00.131 1069 1275 I BtGdModule: packages/modules/Bluetooth/system/gd/module.cc:89 Start: Starting dependencies of AclSchedulerModule
04-20 12:57:00.131 1069 1275 I BtGdModule: packages/modules/Bluetooth/system/gd/module.cc:93 Start: Finished starting dependencies and calling Start() of AclSchedulerModule
04-20 12:57:00.145 1069 1275 I BtGdModule: packages/modules/Bluetooth/system/gd/module.cc:99 Start: Started AclSchedulerModule
04-20 12:57:00.152 554 554 W Looper : Slow dispatch took 508ms main h=android.app.ActivityThread$H c=null m=114
04-20 12:57:00.156 1069 1275 I BtGdModule: packages/modules/Bluetooth/system/gd/module.cc:85 Start: Constructing next module
04-20 12:57:00.157 1069 1275 I BtGdModule: packages/modules/Bluetooth/system/gd/module.cc:89 Start: Starting dependencies of Acl Manager
04-20 12:57:00.158 1069 1275 I BtGdModule: packages/modules/Bluetooth/system/gd/module.cc:93 Start: Finished starting dependencies and calling Start() of Acl Manager
04-20 12:57:00.159 1069 1275 I BtGdModule: packages/modules/Bluetooth/system/gd/module.cc:99 Start: Started Acl Manager
04-20 12:57:00.165 1069 1275 I BtGdModule: packages/modules/Bluetooth/system/gd/module.cc:85 Start: Constructing next module
04-20 12:57:00.183 0 0 I servicemanager: Found android.hardware.radio.sim.IRadioSim/slot1 in device VINTF manifest.
04-20 12:57:00.184 1069 1275 I BtGdModule: packages/modules/Bluetooth/system/gd/module.cc:89 Start: Starting dependencies of Le Advertising Manager
04-20 12:57:00.184 1069 1275 I BtGdModule: packages/modules/Bluetooth/system/gd/module.cc:93 Start: Finished starting dependencies and calling Start() of Le Advertising Manager
04-20 12:57:00.185 1069 1275 I bluetooth: packages/modules/Bluetooth/system/gd/hci/le_advertising_manager.cc:177 get_tx_path_loss_compensation: Tx path loss compensation: 0
04-20 12:57:00.185 1069 1275 I BtGdModule: packages/modules/Bluetooth/system/gd/module.cc:99 Start: Started Le Advertising Manager
04-20 12:57:00.185 1069 1275 I BtGdModule: packages/modules/Bluetooth/system/gd/module.cc:85 Start: Constructing next module
04-20 12:57:00.185 1069 1275 I bluetooth: packages/modules/Bluetooth/system/gd/hci/msft.cc:305 MsftExtensionManager: MsftExtensionManager()
04-20 12:57:00.186 1069 1275 I BtGdModule: packages/modules/Bluetooth/system/gd/module.cc:89 Start: Starting dependencies of Microsoft Extension Manager
04-20 12:57:00.186 1069 1275 I BtGdModule: packages/modules/Bluetooth/system/gd/module.cc:93 Start: Finished starting dependencies and calling Start() of Microsoft Extension Manager
04-20 12:57:00.186 1069 1275 I bluetooth: packages/modules/Bluetooth/system/gd/hci/msft.cc:51 start: MsftExtensionManager start()
04-20 12:57:00.186 1069 1275 I bluetooth: packages/modules/Bluetooth/system/gd/hci/msft.cc:63 start: MSFT extension is not supported.
04-20 12:57:00.186 1069 1275 I BtGdModule: packages/modules/Bluetooth/system/gd/module.cc:99 Start: Started Microsoft Extension Manager
04-20 12:57:00.186 1069 1275 I BtGdModule: packages/modules/Bluetooth/system/gd/module.cc:85 Start: Constructing next module
04-20 12:57:00.186 1069 1275 I BtGdModule: packages/modules/Bluetooth/system/gd/module.cc:89 Start: Starting dependencies of Le Scanning Manager
04-20 12:57:00.186 1069 1275 I BtGdModule: packages/modules/Bluetooth/system/gd/module.cc:93 Start: Finished starting dependencies and calling Start() of Le Scanning Manager
04-20 12:57:00.187 1069 1275 I bluetooth: packages/modules/Bluetooth/system/gd/hci/le_scanning_manager.cc:304 get_rx_path_loss_compensation: Rx path loss compensation: 0
04-20 12:57:00.187 1069 1275 I BtGdModule: packages/modules/Bluetooth/system/gd/module.cc:99 Start: Started Le Scanning Manager
04-20 12:57:00.187 1069 1275 I BtGdModule: packages/modules/Bluetooth/system/gd/module.cc:85 Start: Constructing next module
04-20 12:57:00.187 1069 1275 I BtGdModule: packages/modules/Bluetooth/system/gd/module.cc:89 Start: Starting dependencies of Distance Measurement Manager
04-20 12:57:00.187 1069 1275 I BtGdModule: packages/modules/Bluetooth/system/gd/module.cc:93 Start: Finished starting dependencies and calling Start() of Distance Measurement Manager
