04-20 12:55:02.854 554 554 W System : No Compatibility callbacks set! Querying change 247079863
04-20 12:55:02.855 554 554 W System : No Compatibility callbacks set! Querying change 247079863
04-20 12:55:02.855 554 554 W System : No Compatibility callbacks set! Querying change 247079863
04-20 12:55:02.855 554 554 W System : No Compatibility callbacks set! Querying change 247079863
04-20 12:55:02.855 554 554 W System : No Compatibility callbacks set! Querying change 247079863
04-20 12:55:04.134 554 554 V SystemServerTiming: InitBeforeStartServices took to complete: 2741ms
04-20 12:55:04.135 554 554 D SystemServerTiming: StartServices
04-20 12:55:04.135 554 554 D SystemServerTiming: startBootstrapServices
04-20 12:55:04.135 554 554 D SystemServerTiming: ArtModuleServiceInitializer
04-20 12:55:04.147 554 554 V SystemServerTiming: ArtModuleServiceInitializer took to complete: 10ms
04-20 12:55:04.147 554 554 D SystemServerTiming: StartWatchdog
04-20 12:55:04.169 554 576 W System : No Compatibility callbacks set! Querying change 3400644
04-20 12:55:04.175 554 578 W System : No Compatibility callbacks set! Querying change 3400644
04-20 12:55:04.178 554 579 W System : No Compatibility callbacks set! Querying change 3400644
04-20 12:55:04.182 554 580 W System : No Compatibility callbacks set! Querying change 3400644
04-20 12:55:04.186 554 554 V SystemServerTiming: StartWatchdog took to complete: 39ms
04-20 12:55:04.186 554 554 I SystemServer: Reading configuration...
04-20 12:55:04.186 554 554 D SystemServerTiming: ReadingSystemConfig
04-20 12:55:04.190 554 554 V SystemServerTiming: ReadingSystemConfig took to complete: 3ms
04-20 12:55:04.190 554 554 D SystemServerTiming: PlatformCompat
04-20 12:55:04.198 554 582 D SystemServerTimingAsync: InitThreadPoolExec:ReadingSystemConfig
04-20 12:55:04.198 554 582 D SystemServerInitThreadPool: Started executing ReadingSystemConfig
04-20 12:55:04.201 554 554 D CompatConfig: Found a config file: /system/etc/compatconfig/services-platform-compat-config.xml
04-20 12:55:04.207 554 582 I SystemConfig: Reading permissions from /system/etc/sysconfig/framework-sysconfig.xml
04-20 12:55:04.215 554 554 D CompatConfig: Adding: com.android.server.compat.config.Change@26b79c1
04-20 12:55:04.217 554 554 D CompatConfig: Adding: com.android.server.compat.config.Change@321d566
04-20 12:55:04.217 554 554 D CompatConfig: Adding: com.android.server.compat.config.Change@75120a7
04-20 12:55:04.217 554 554 D CompatConfig: Adding: com.android.server.compat.config.Change@da7f954
04-20 12:55:04.217 554 554 D CompatConfig: Adding: com.android.server.compat.config.Change@974f0fd
04-20 12:55:04.217 554 554 D CompatConfig: Adding: com.android.server.compat.config.Change@8e5e1f2
04-20 12:55:04.218 554 554 D CompatConfig: Adding: com.android.server.compat.config.Change@7e52043
04-20 12:55:04.218 554 554 D CompatConfig: Adding: com.android.server.compat.config.Change@33556c0
04-20 12:55:04.218 554 554 D CompatConfig: Adding: com.android.server.compat.config.Change@6a49ff9
04-20 12:55:04.218 554 554 D CompatConfig: Adding: com.android.server.compat.config.Change@6c2b3e
04-20 12:55:04.218 554 554 D CompatConfig: Adding: com.android.server.compat.config.Change@32f7d9f
04-20 12:55:04.218 554 554 D CompatConfig: Adding: com.android.server.compat.config.Change@b791eec
04-20 12:55:04.221 554 554 D CompatConfig: Adding: com.android.server.compat.config.Change@8642b5
04-20 12:55:04.221 554 554 D CompatConfig: Adding: com.android.server.compat.config.Change@e7bbd4a
04-20 12:55:04.221 554 554 D CompatConfig: Adding: com.android.server.compat.config.Change@f9854bb
04-20 12:55:04.222 554 554 D CompatConfig: Adding: com.android.server.compat.config.Change@14f3dd8
04-20 12:55:04.222 554 554 D CompatConfig: Adding: com.android.server.compat.config.Change@a55531
04-20 12:55:04.222 554 554 D CompatConfig: Adding: com.android.server.compat.config.Change@b406416
04-20 12:55:04.222 554 554 D CompatConfig: Adding: com.android.server.compat.config.Change@7ed8197
04-20 12:55:04.222 554 554 D CompatConfig: Adding: com.android.server.compat.config.Change@f665f84
04-20 12:55:04.222 554 554 D CompatConfig: Adding: com.android.server.compat.config.Change@3c9136d
04-20 12:55:04.222 554 554 D CompatConfig: Adding: com.android.server.compat.config.Change@3d6aba2
04-20 12:55:04.222 554 554 D CompatConfig: Adding: com.android.server.compat.config.Change@bfea033
04-20 12:55:04.222 554 554 D CompatConfig: Adding: com.android.server.compat.config.Change@aabeff0
04-20 12:55:04.223 554 554 D CompatConfig: Adding: com.android.server.compat.config.Change@1f07969
04-20 12:55:04.223 554 554 D CompatConfig: Adding: com.android.server.compat.config.Change@897dfee
04-20 12:55:04.223 554 554 D CompatConfig: Adding: com.android.server.compat.config.Change@ef90c8f
04-20 12:55:04.223 554 554 D CompatConfig: Adding: com.android.server.compat.config.Change@7781b1c
04-20 12:55:04.223 554 554 D CompatConfig: Adding: com.android.server.compat.config.Change@a0e4325
04-20 12:55:04.223 554 554 D CompatConfig: Adding: com.android.server.compat.config.Change@4260cfa
04-20 12:55:04.223 554 554 D CompatConfig: Adding: com.android.server.compat.config.Change@f83e2ab
04-20 12:55:04.223 554 554 D CompatConfig: Adding: com.android.server.compat.config.Change@579cd08
04-20 12:55:04.223 554 554 D CompatConfig: Adding: com.android.server.compat.config.Change@d84eca1
04-20 12:55:04.224 554 554 D CompatConfig: Adding: com.android.server.compat.config.Change@737fec6
04-20 12:55:04.228 554 554 D CompatConfig: Adding: com.android.server.compat.config.Change@59bfe87
04-20 12:55:04.228 554 554 D CompatConfig: Adding: com.android.server.compat.config.Change@e62b1b4
04-20 12:55:04.228 554 554 D CompatConfig: Adding: com.android.server.compat.config.Change@762b1dd
04-20 12:55:04.228 554 554 D CompatConfig: Adding: com.android.server.compat.config.Change@5254152
04-20 12:55:04.228 554 554 D CompatConfig: Adding: com.android.server.compat.config.Change@22ffc23
04-20 12:55:04.228 554 554 D CompatConfig: Adding: com.android.server.compat.config.Change@3533520
04-20 12:55:04.229 554 554 D CompatConfig: Adding: com.android.server.compat.config.Change@b5d8ed9
04-20 12:55:04.229 554 554 D CompatConfig: Adding: com.android.server.compat.config.Change@d32209e
04-20 12:55:04.229 554 554 D CompatConfig: Adding: com.android.server.compat.config.Change@c7c377f
04-20 12:55:04.229 554 554 D CompatConfig: Adding: com.android.server.compat.config.Change@506834c
04-20 12:55:04.229 554 554 D CompatConfig: Adding: com.android.server.compat.config.Change@88f3f95
04-20 12:55:04.229 554 554 D CompatConfig: Adding: com.android.server.compat.config.Change@c9ba8aa
04-20 12:55:04.229 554 554 D CompatConfig: Adding: com.android.server.compat.config.Change@926cc9b
04-20 12:55:04.229 554 554 D CompatConfig: Adding: com.android.server.compat.config.Change@2be8838
04-20 12:55:04.229 554 554 D CompatConfig: Adding: com.android.server.compat.config.Change@bf14011
04-20 12:55:04.230 554 554 D CompatConfig: Adding: com.android.server.compat.config.Change@563a576
04-20 12:55:04.230 554 554 D CompatConfig: Adding: com.android.server.compat.config.Change@71b9777
04-20 12:55:04.230 554 554 D CompatConfig: Adding: com.android.server.compat.config.Change@befefe4
04-20 12:55:04.230 554 554 D CompatConfig: Adding: com.android.server.compat.config.Change@e98cc4d
04-20 12:55:04.230 554 554 D CompatConfig: Adding: com.android.server.compat.config.Change@5dca302
04-20 12:55:04.230 554 554 D CompatConfig: Adding: com.android.server.compat.config.Change@e283413
04-20 12:55:04.230 554 554 D CompatConfig: Adding: com.android.server.compat.config.Change@ae2650
04-20 12:55:04.230 554 554 D CompatConfig: Adding: com.android.server.compat.config.Change@bb2e049
04-20 12:55:04.231 554 554 D CompatConfig: Adding: com.android.server.compat.config.Change@cf5ed4e
04-20 12:55:04.231 554 554 D CompatConfig: Adding: com.android.server.compat.config.Change@b57fe6f
04-20 12:55:04.231 554 554 D CompatConfig: Adding: com.android.server.compat.config.Change@cd7577c
04-20 12:55:04.231 554 554 D CompatConfig: Adding: com.android.server.compat.config.Change@a403805
04-20 12:55:04.231 554 554 D CompatConfig: Adding: com.android.server.compat.config.Change@747905a
04-20 12:55:04.231 554 554 D CompatConfig: Adding: com.android.server.compat.config.Change@710128b
04-20 12:55:04.231 554 554 D CompatConfig: Adding: com.android.server.compat.config.Change@a006f68
04-20 12:55:04.231 554 554 D CompatConfig: Adding: com.android.server.compat.config.Change@6914f81
04-20 12:55:04.231 554 554 D CompatConfig: Adding: com.android.server.compat.config.Change@de5826
04-20 12:55:04.235 554 554 D CompatConfig: Adding: com.android.server.compat.config.Change@eb4c67
04-20 12:55:04.235 554 554 D CompatConfig: Adding: com.android.server.compat.config.Change@4211a14
04-20 12:55:04.240 554 554 D CompatConfig: Adding: com.android.server.compat.config.Change@78262bd
04-20 12:55:04.240 554 554 D CompatConfig: Adding: com.android.server.compat.config.Change@7c7d0b2
04-20 12:55:04.241 554 554 D CompatConfig: Adding: com.android.server.compat.config.Change@d564803
04-20 12:55:04.241 554 554 D CompatConfig: Adding: com.android.server.compat.config.Change@cffc380
04-20 12:55:04.243 554 582 I incfs : Initial API level of the device: 34
04-20 12:55:04.243 554 582 I incfs : ro.incremental.enable: yes
04-20 12:55:04.244 554 554 D CompatConfig: Adding: com.android.server.compat.config.Change@b776db9
04-20 12:55:04.244 554 554 D CompatConfig: Adding: com.android.server.compat.config.Change@b5e45fe
04-20 12:55:04.244 554 554 D CompatConfig: Adding: com.android.server.compat.config.Change@eb615f
04-20 12:55:04.244 554 554 D CompatConfig: Adding: com.android.server.compat.config.Change@a5d97ac
04-20 12:55:04.244 554 554 D CompatConfig: Adding: com.android.server.compat.config.Change@9182c75
04-20 12:55:04.244 554 554 D CompatConfig: Adding: com.android.server.compat.config.Change@454c40a
04-20 12:55:04.244 554 554 D CompatConfig: Adding: com.android.server.compat.config.Change@58eb47b
04-20 12:55:04.244 554 554 D CompatConfig: Adding: com.android.server.compat.config.Change@ae28298
04-20 12:55:04.245 554 554 D CompatConfig: Adding: com.android.server.compat.config.Change@fcc1af1
04-20 12:55:04.248 554 554 D CompatConfig: Adding: com.android.server.compat.config.Change@18316d6
04-20 12:55:04.248 554 554 D CompatConfig: Adding: com.android.server.compat.config.Change@54a1d57
04-20 12:55:04.248 554 554 D CompatConfig: Adding: com.android.server.compat.config.Change@dc93044
04-20 12:55:04.248 554 554 D CompatConfig: Adding: com.android.server.compat.config.Change@3f6752d
04-20 12:55:04.248 554 554 D CompatConfig: Adding: com.android.server.compat.config.Change@571ca62
04-20 12:55:04.248 554 554 D CompatConfig: Adding: com.android.server.compat.config.Change@6e937f3
04-20 12:55:04.248 554 554 D CompatConfig: Adding: com.android.server.compat.config.Change@94b0cb0
04-20 12:55:04.250 554 582 I incfs : isFsAvailable: true
04-20 12:55:04.251 554 582 I incfs : isFsAvailable: true
04-20 12:55:04.251 554 582 I incfs : IncFs_Features: v2
04-20 12:55:04.258 554 582 I SystemConfig: Reading permissions from /system/etc/sysconfig/preinstalled-packages-platform-handheld-system.xml
04-20 12:55:04.263 554 582 I SystemConfig: Reading permissions from /system/etc/sysconfig/preinstalled-packages-platform-generic-system.xml
04-20 12:55:04.268 554 554 D CompatConfig: Found a config file: /system/etc/compatconfig/documents-ui-compat-config.xml
04-20 12:55:04.269 554 582 I SystemConfig: Reading permissions from /system/etc/sysconfig/hiddenapi-package-whitelist.xml
04-20 12:55:04.273 554 582 I SystemConfig: Reading permissions from /system/etc/sysconfig/preinstalled-packages-asl-files.xml
04-20 12:55:04.274 554 554 D CompatConfig: Adding: com.android.server.compat.config.Change@4ae43ba
04-20 12:55:04.277 554 554 D CompatConfig: Found a config file: /system/etc/compatconfig/framework-platform-compat-config.xml
04-20 12:55:04.281 554 582 I SystemConfig: Reading permissions from /system/etc/sysconfig/initial-package-stopped-states.xml
04-20 12:55:04.287 554 582 I SystemConfig: Reading permissions from /system/etc/sysconfig/preinstalled-packages-platform.xml
04-20 12:55:04.290 554 582 I SystemConfig: Reading permissions from /system/etc/sysconfig/preinstalled-packages-com.android.providers.media.module.xml
04-20 12:55:04.296 554 582 I SystemConfig: Reading permissions from /system/etc/permissions/com.android.nfc_extras.xml
04-20 12:55:04.299 554 554 D CompatConfig: Adding: com.android.server.compat.config.Change@a7b3274
04-20 12:55:04.299 554 554 D CompatConfig: Adding: com.android.server.compat.config.Change@98c039d
04-20 12:55:04.303 554 554 D CompatConfig: Adding: com.android.server.compat.config.Change@bd003e3
04-20 12:55:04.303 554 554 D CompatConfig: Adding: com.android.server.compat.config.Change@d5301e0
04-20 12:55:04.303 554 554 D CompatConfig: Adding: com.android.server.compat.config.Change@a2a3c99
04-20 12:55:04.305 554 554 D CompatConfig: Adding: com.android.server.compat.config.Change@9c89b5e
04-20 12:55:04.305 554 554 D CompatConfig: Adding: com.android.server.compat.config.Change@274fb3f
04-20 12:55:04.305 554 554 D CompatConfig: Adding: com.android.server.compat.config.Change@2165c0c
04-20 12:55:04.305 554 554 D CompatConfig: Adding: com.android.server.compat.config.Change@d90955
04-20 12:55:04.306 554 554 D CompatConfig: Adding: com.android.server.compat.config.Change@9ff0f6a
04-20 12:55:04.306 554 554 D CompatConfig: Adding: com.android.server.compat.config.Change@e480c5b
04-20 12:55:04.306 554 554 D CompatConfig: Adding: com.android.server.compat.config.Change@1d32cf8
04-20 12:55:04.306 554 554 D CompatConfig: Adding: com.android.server.compat.config.Change@e6de5d1
04-20 12:55:04.307 554 582 I SystemConfig: Reading permissions from /system/etc/permissions/privapp_allowlist_com.android.adservices.api.xml
04-20 12:55:04.307 554 554 D CompatConfig: Adding: com.android.server.compat.config.Change@176b836
04-20 12:55:04.308 554 554 D CompatConfig: Adding: com.android.server.compat.config.Change@b711337
04-20 12:55:04.308 554 554 D CompatConfig: Adding: com.android.server.compat.config.Change@68a20a4
04-20 12:55:04.311 554 554 D CompatConfig: Adding: com.android.server.compat.config.Change@19a0e0d
04-20 12:55:04.311 554 554 D CompatConfig: Adding: com.android.server.compat.config.Change@9ee21c2
04-20 12:55:04.311 554 554 D CompatConfig: Adding: com.android.server.compat.config.Change@6b9abd3
04-20 12:55:04.311 554 554 D CompatConfig: Adding: com.android.server.compat.config.Change@79aa310
04-20 12:55:04.311 554 554 D CompatConfig: Adding: com.android.server.compat.config.Change@8e67e09
04-20 12:55:04.311 554 554 D CompatConfig: Adding: com.android.server.compat.config.Change@880980e
04-20 12:55:04.311 554 554 D CompatConfig: Adding: com.android.server.compat.config.Change@5e9322f
04-20 12:55:04.313 554 554 D CompatConfig: Adding: com.android.server.compat.config.Change@eee03c
04-20 12:55:04.313 554 554 D CompatConfig: Adding: com.android.server.compat.config.Change@86ff1c5
04-20 12:55:04.313 554 554 D CompatConfig: Adding: com.android.server.compat.config.Change@6b2271a
04-20 12:55:04.313 554 554 D CompatConfig: Adding: com.android.server.compat.config.Change@9e0c24b
04-20 12:55:04.314 554 554 D CompatConfig: Adding: com.android.server.compat.config.Change@e7c428
04-20 12:55:04.314 554 554 D CompatConfig: Adding: com.android.server.compat.config.Change@f62e541
04-20 12:55:04.314 554 554 D CompatConfig: Adding: com.android.server.compat.config.Change@3b9ae6
04-20 12:55:04.314 554 554 D CompatConfig: Adding: com.android.server.compat.config.Change@6773827
04-20 12:55:04.314 554 554 D CompatConfig: Adding: com.android.server.compat.config.Change@908fad4
04-20 12:55:04.314 554 554 D CompatConfig: Adding: com.android.server.compat.config.Change@937947d
04-20 12:55:04.314 554 554 D CompatConfig: Adding: com.android.server.compat.config.Change@1967f72
04-20 12:55:04.314 554 554 D CompatConfig: Adding: com.android.server.compat.config.Change@c152fc3
04-20 12:55:04.314 554 554 D CompatConfig: Adding: com.android.server.compat.config.Change@d64f040
04-20 12:55:04.314 554 554 D CompatConfig: Adding: com.android.server.compat.config.Change@6adfb79
04-20 12:55:04.315 554 554 D CompatConfig: Adding: com.android.server.compat.config.Change@34920be
04-20 12:55:04.315 554 554 D CompatConfig: Adding: com.android.server.compat.config.Change@f11051f
04-20 12:55:04.315 554 554 D CompatConfig: Adding: com.android.server.compat.config.Change@ec8d06c
04-20 12:55:04.315 554 554 D CompatConfig: Adding: com.android.server.compat.config.Change@a89d635
04-20 12:55:04.315 554 554 D CompatConfig: Adding: com.android.server.compat.config.Change@df28aca
04-20 12:55:04.315 554 554 D CompatConfig: Adding: com.android.server.compat.config.Change@8cad43b
04-20 12:55:04.315 554 554 D CompatConfig: Adding: com.android.server.compat.config.Change@ba88758
04-20 12:55:04.315 554 554 D CompatConfig: Adding: com.android.server.compat.config.Change@60ea0b1
04-20 12:55:04.315 554 554 D CompatConfig: Adding: com.android.server.compat.config.Change@3168996
04-20 12:55:04.318 554 554 D CompatConfig: Adding: com.android.server.compat.config.Change@e887917
04-20 12:55:04.318 554 554 D CompatConfig: Adding: com.android.server.compat.config.Change@3cac104
04-20 12:55:04.318 554 554 D CompatConfig: Adding: com.android.server.compat.config.Change@13b96ed
04-20 12:55:04.318 554 554 D CompatConfig: Adding: com.android.server.compat.config.Change@6a9a922
04-20 12:55:04.318 554 554 D CompatConfig: Adding: com.android.server.compat.config.Change@a118fb3
04-20 12:55:04.322 554 554 D CompatConfig: Adding: com.android.server.compat.config.Change@ac7b4e9
04-20 12:55:04.322 554 554 D CompatConfig: Adding: com.android.server.compat.config.Change@55d356e
04-20 12:55:04.322 554 554 D CompatConfig: Adding: com.android.server.compat.config.Change@b740f
04-20 12:55:04.323 554 554 D CompatConfig: Adding: com.android.server.compat.config.Change@4d72c9c
04-20 12:55:04.323 554 554 D CompatConfig: Adding: com.android.server.compat.config.Change@bddb6a5
04-20 12:55:04.323 554 554 D CompatConfig: Adding: com.android.server.compat.config.Change@3ab3a7a
04-20 12:55:04.323 554 554 D CompatConfig: Adding: com.android.server.compat.config.Change@15422b
04-20 12:55:04.323 554 554 D CompatConfig: Adding: com.android.server.compat.config.Change@b787688
04-20 12:55:04.323 554 554 D CompatConfig: Adding: com.android.server.compat.config.Change@b981821
04-20 12:55:04.323 554 554 D CompatConfig: Adding: com.android.server.compat.config.Change@1a28446
04-20 12:55:04.323 554 554 D CompatConfig: Adding: com.android.server.compat.config.Change@aa3d607
04-20 12:55:04.323 554 554 D CompatConfig: Adding: com.android.server.compat.config.Change@3627334
04-20 12:55:04.326 554 554 D CompatConfig: Adding: com.android.server.compat.config.Change@e3d155d
04-20 12:55:04.326 554 554 D CompatConfig: Adding: com.android.server.compat.config.Change@f729ed2
04-20 12:55:04.327 554 554 D CompatConfig: Adding: com.android.server.compat.config.Change@89dcba3
04-20 12:55:04.327 554 554 D CompatConfig: Adding: com.android.server.compat.config.Change@24d8ea0
04-20 12:55:04.327 554 554 D CompatConfig: Adding: com.android.server.compat.config.Change@c3aaa59
04-20 12:55:04.327 554 554 D CompatConfig: Adding: com.android.server.compat.config.Change@eb7d61e
04-20 12:55:04.327 554 554 D CompatConfig: Adding: com.android.server.compat.config.Change@b77eff
04-20 12:55:04.327 554 554 D CompatConfig: Adding: com.android.server.compat.config.Change@f0cf4cc
04-20 12:55:04.327 554 554 D CompatConfig: Adding: com.android.server.compat.config.Change@ce29315
04-20 12:55:04.327 554 554 D CompatConfig: Adding: com.android.server.compat.config.Change@c87362a
04-20 12:55:04.327 554 554 D CompatConfig: Adding: com.android.server.compat.config.Change@68f0c1b
04-20 12:55:04.330 554 554 D CompatConfig: Adding: com.android.server.compat.config.Change@87a91b8
04-20 12:55:04.330 554 554 D CompatConfig: Adding: com.android.server.compat.config.Change@e64b91
04-20 12:55:04.330 554 554 D CompatConfig: Adding: com.android.server.compat.config.Change@3a8af6
04-20 12:55:04.330 554 554 D CompatConfig: Adding: com.android.server.compat.config.Change@f884ef7
04-20 12:55:04.330 554 554 D CompatConfig: Adding: com.android.server.compat.config.Change@f231164
04-20 12:55:04.330 554 554 D CompatConfig: Adding: com.android.server.compat.config.Change@8930fcd
04-20 12:55:04.330 554 554 D CompatConfig: Adding: com.android.server.compat.config.Change@afc6082
04-20 12:55:04.330 554 554 D CompatConfig: Adding: com.android.server.compat.config.Change@968e393
04-20 12:55:04.331 554 554 D CompatConfig: Adding: com.android.server.compat.config.Change@db1dfd0
04-20 12:55:04.331 554 554 D CompatConfig: Adding: com.android.server.compat.config.Change@1cddbc9
04-20 12:55:04.331 554 554 D CompatConfig: Adding: com.android.server.compat.config.Change@41402ce
04-20 12:55:04.331 554 554 D CompatConfig: Adding: com.android.server.compat.config.Change@eb425ef
04-20 12:55:04.331 554 554 D CompatConfig: Adding: com.android.server.compat.config.Change@c1d28fc
04-20 12:55:04.331 554 554 D CompatConfig: Adding: com.android.server.compat.config.Change@9cf6b85
04-20 12:55:04.331 554 554 D CompatConfig: Adding: com.android.server.compat.config.Change@df17dda
04-20 12:55:04.331 554 554 D CompatConfig: Adding: com.android.server.compat.config.Change@4c7320b
04-20 12:55:04.331 554 554 D CompatConfig: Adding: com.android.server.compat.config.Change@991d8e8
04-20 12:55:04.334 554 582 I SystemConfig: Reading permissions from /system/etc/permissions/privapp_allowlist_com.android.providers.media.module.xml
04-20 12:55:04.336 554 554 D CompatConfig: Adding: com.android.server.compat.config.Change@ea03b01
04-20 12:55:04.336 554 554 D CompatConfig: Adding: com.android.server.compat.config.Change@ff99da6
04-20 12:55:04.336 554 554 D CompatConfig: Adding: com.android.server.compat.config.Change@fb4e3e7
04-20 12:55:04.336 554 554 D CompatConfig: Adding: com.android.server.compat.config.Change@91f9b94
04-20 12:55:04.336 554 554 D CompatConfig: Adding: com.android.server.compat.config.Change@c54863d
04-20 12:55:04.336 554 554 D CompatConfig: Adding: com.android.server.compat.config.Change@111ee32
04-20 12:55:04.336 554 554 D CompatConfig: Adding: com.android.server.compat.config.Change@7e1d783
04-20 12:55:04.337 554 554 D CompatConfig: Adding: com.android.server.compat.config.Change@d24dd00
04-20 12:55:04.337 554 554 D CompatConfig: Adding: com.android.server.compat.config.Change@2084939
04-20 12:55:04.337 554 554 D CompatConfig: Adding: com.android.server.compat.config.Change@eecbb7e
04-20 12:55:04.337 554 554 D CompatConfig: Adding: com.android.server.compat.config.Change@d6068df
04-20 12:55:04.337 554 554 D CompatConfig: Adding: com.android.server.compat.config.Change@d7ac92c
04-20 12:55:04.337 554 554 D CompatConfig: Adding: com.android.server.compat.config.Change@a9b3ff5
04-20 12:55:04.337 554 554 D CompatConfig: Adding: com.android.server.compat.config.Change@e15118a
04-20 12:55:04.338 554 554 D CompatConfig: Adding: com.android.server.compat.config.Change@50cb3fb
04-20 12:55:04.338 554 554 D CompatConfig: Adding: com.android.server.compat.config.Change@4614c18
04-20 12:55:04.338 554 554 D CompatConfig: Adding: com.android.server.compat.config.Change@52ce671
04-20 12:55:04.338 554 554 D CompatConfig: Adding: com.android.server.compat.config.Change@ebabc56
04-20 12:55:04.338 554 554 D CompatConfig: Adding: com.android.server.compat.config.Change@b6894d7
04-20 12:55:04.338 554 554 D CompatConfig: Adding: com.android.server.compat.config.Change@e2b11c4
04-20 12:55:04.338 554 554 D CompatConfig: Adding: com.android.server.compat.config.Change@95878ad
04-20 12:55:04.338 554 554 D CompatConfig: Adding: com.android.server.compat.config.Change@23e47e2
04-20 12:55:04.339 554 554 D CompatConfig: Adding: com.android.server.compat.config.Change@937a773
04-20 12:55:04.339 554 554 D CompatConfig: Adding: com.android.server.compat.config.Change@7a98630
04-20 12:55:04.339 554 554 D CompatConfig: Adding: com.android.server.compat.config.Change@330f2a9
04-20 12:55:04.339 554 554 D CompatConfig: Adding: com.android.server.compat.config.Change@d7d002e
04-20 12:55:04.339 554 554 D CompatConfig: Adding: com.android.server.compat.config.Change@5db47cf
04-20 12:55:04.339 554 554 D CompatConfig: Adding: com.android.server.compat.config.Change@758d55c
04-20 12:55:04.339 554 554 D CompatConfig: Adding: com.android.server.compat.config.Change@2fd1065
04-20 12:55:04.339 554 554 D CompatConfig: Adding: com.android.server.compat.config.Change@3dcf13a
04-20 12:55:04.339 554 554 D CompatConfig: Adding: com.android.server.compat.config.Change@36e91eb
04-20 12:55:04.339 554 554 D CompatConfig: Adding: com.android.server.compat.config.Change@d4beb48
04-20 12:55:04.344 554 554 D CompatConfig: Adding: com.android.server.compat.config.Change@cb34de1
04-20 12:55:04.344 554 554 D CompatConfig: Adding: com.android.server.compat.config.Change@718e706
04-20 12:55:04.344 554 554 D CompatConfig: Adding: com.android.server.compat.config.Change@a261c7
04-20 12:55:04.344 554 554 D CompatConfig: Adding: com.android.server.compat.config.Change@5d873f4
04-20 12:55:04.344 554 554 D CompatConfig: Adding: com.android.server.compat.config.Change@335e71d
04-20 12:55:04.346 554 554 D CompatConfig: Found a config file: /system/etc/compatconfig/contacts-provider-platform-compat-config.xml
04-20 12:55:04.349 554 582 I SystemConfig: Reading permissions from /system/etc/permissions/com.android.location.provider.xml
04-20 12:55:04.356 554 554 D CompatConfig: Found a config file: /system/etc/compatconfig/calendar-provider-compat-config.xml
04-20 12:55:04.364 554 554 D CompatConfig: Adding: com.android.server.compat.config.Change@2bfd0de
04-20 12:55:04.365 554 582 I SystemConfig: Reading permissions from /system/etc/permissions/android.test.base.xml
04-20 12:55:04.368 554 554 D CompatConfig: Found a config file: /system/etc/compatconfig/icu4j-platform-compat-config.xml
04-20 12:55:04.371 554 582 I SystemConfig: Reading permissions from /system/etc/permissions/com.android.future.usb.accessory.xml
04-20 12:55:04.376 554 554 D CompatConfig: Adding: com.android.server.compat.config.Change@26bdcd5
04-20 12:55:04.390 554 582 I SystemConfig: Reading permissions from /system/etc/permissions/com.android.mediadrm.signer.xml
04-20 12:55:04.396 554 554 D CompatConfig: Found a config file: /system/etc/compatconfig/TeleService-platform-compat-config.xml
04-20 12:55:04.401 554 582 I SystemConfig: Reading permissions from /system/etc/permissions/android.software.window_magnification.xml
04-20 12:55:04.403 554 554 D CompatConfig: Adding: com.android.server.compat.config.Change@51a7151
04-20 12:55:04.412 554 554 D CompatConfig: Adding: com.android.server.compat.config.Change@6f1db6
04-20 12:55:04.412 554 554 D CompatConfig: Adding: com.android.server.compat.config.Change@b214ab7
04-20 12:55:04.413 554 554 D CompatConfig: Adding: com.android.server.compat.config.Change@27ac224
04-20 12:55:04.413 554 554 D CompatConfig: Adding: com.android.server.compat.config.Change@143d18d
04-20 12:55:04.418 554 582 I SystemConfig: Reading permissions from /system/etc/permissions/javax.obex.xml
04-20 12:55:04.424 554 554 D CompatConfig: Adding: com.android.server.compat.config.Change@3c75f42
04-20 12:55:04.434 554 582 I SystemConfig: Reading permissions from /system/etc/permissions/com.android.networkstack.xml
04-20 12:55:04.437 554 554 D CompatConfig: No directory /system/system_ext/etc/compatconfig, skipping
04-20 12:55:04.438 554 554 D ApexManagerTiming: getActiveApexInfos_noCache
04-20 12:55:04.449 554 582 I SystemConfig: Reading permissions from /system/etc/permissions/android.software.webview.xml
04-20 12:55:04.447 0 0 I servicemanager: Notifying apexservice they do (previously: don't) have clients when service is guaranteed to be in use
04-20 12:55:04.453 0 0 I apexd : getActivePackages received by ApexService
04-20 12:55:04.461 554 582 I SystemConfig: Reading permissions from /system/etc/permissions/android.software.live_wallpaper.xml
04-20 12:55:04.459 0 0 I AidlLazyServiceRegistrar: Process has 1 (of 1 available) client(s) in use after notification apexservice has clients: 1
04-20 12:55:04.459 0 0 I AidlLazyServiceRegistrar: Shutdown prevented by forcePersist override flag.
04-20 12:55:04.467 554 582 I SystemConfig: Reading permissions from /system/etc/permissions/com.android.adservices.sdksandbox.xml
04-20 12:55:04.471 554 582 I SystemConfig: Reading permissions from /system/etc/permissions/android.test.mock.xml
04-20 12:55:04.492 554 582 I SystemConfig: Reading permissions from /system/etc/permissions/com.android.media.remotedisplay.xml
04-20 12:55:04.502 554 582 I SystemConfig: Reading permissions from /system/etc/permissions/com.android.intentresolver.xml
04-20 12:55:04.518 554 582 I SystemConfig: Reading permissions from /system/etc/permissions/org.apache.http.legacy.xml
04-20 12:55:04.534 554 582 I SystemConfig: Reading permissions from /system/etc/permissions/privapp-permissions-platform.xml
04-20 12:55:04.574 554 582 I SystemConfig: Reading permissions from /system/etc/permissions/android.test.runner.xml
04-20 12:55:04.580 554 554 V ApexManagerTiming: getActiveApexInfos_noCache took to complete: 142ms
04-20 12:55:04.581 554 554 D CompatConfig: No directory /apex/com.android.appsearch/etc/compatconfig, skipping
04-20 12:55:04.582 554 554 D CompatConfig: No directory /apex/com.android.permission/etc/compatconfig, skipping
04-20 12:55:04.586 554 554 D CompatConfig: Found a config file: /apex/com.android.mediaprovider/etc/compatconfig/media-provider-platform-compat-config.xml
04-20 12:55:04.589 554 582 I SystemConfig: Reading permissions from /system/etc/permissions/platform.xml
04-20 12:55:04.600 554 554 D CompatConfig: Adding: com.android.server.compat.config.Change@e9d34b4
04-20 12:55:04.600 554 554 D CompatConfig: Adding: com.android.server.compat.config.Change@63678dd
04-20 12:55:04.601 554 554 D CompatConfig: Adding: com.android.server.compat.config.Change@5f2fc52
04-20 12:55:04.601 554 554 D CompatConfig: Adding: com.android.server.compat.config.Change@ac29b23
04-20 12:55:04.601 554 554 D CompatConfig: Adding: com.android.server.compat.config.Change@32e820
04-20 12:55:04.601 554 554 D CompatConfig: Adding: com.android.server.compat.config.Change@126c5d9
04-20 12:55:04.601 554 554 D CompatConfig: Adding: com.android.server.compat.config.Change@ca08b9e
04-20 12:55:04.609 554 554 D CompatConfig: No directory /apex/com.android.neuralnetworks/etc/compatconfig, skipping
04-20 12:55:04.610 554 554 D CompatConfig: No directory /apex/com.android.apex.cts.shim/etc/compatconfig, skipping
04-20 12:55:04.625 554 554 D CompatConfig: Found a config file: /apex/com.android.btservices/etc/compatconfig/bluetoothapk-platform-compat-config.xml
04-20 12:55:04.641 554 554 D CompatConfig: Adding: com.android.server.compat.config.Change@bae664c
04-20 12:55:04.646 554 554 D CompatConfig: Found a config file: /apex/com.android.btservices/etc/compatconfig/bluetooth-compat-config.xml
04-20 12:55:04.647 554 582 I SystemConfig: Reading permissions from /vendor/etc/permissions/android.hardware.touchscreen.multitouch.jazzhand.xml
04-20 12:55:04.654 554 582 I SystemConfig: Reading permissions from /vendor/etc/permissions/android.hardware.wifi.passpoint.xml
04-20 12:55:04.665 554 554 D CompatConfig: Adding: com.android.server.compat.config.Change@f819b38
04-20 12:55:04.672 554 554 D CompatConfig: Found a config file: /apex/com.android.btservices/etc/compatconfig/framework-bluetooth-compat-config.xml
04-20 12:55:04.675 554 582 I SystemConfig: Reading permissions from /vendor/etc/permissions/android.hardware.keystore.app_attest_key.xml
04-20 12:55:04.677 554 554 D CompatConfig: Adding: com.android.server.compat.config.Change@5fc0677
04-20 12:55:04.682 554 582 I SystemConfig: Reading permissions from /vendor/etc/permissions/android.hardware.camera.concurrent.xml
04-20 12:55:04.688 554 554 D CompatConfig: No directory /apex/com.android.cellbroadcast/etc/compatconfig, skipping
04-20 12:55:04.689 554 554 D CompatConfig: No directory /apex/com.android.conscrypt/etc/compatconfig, skipping
04-20 12:55:04.689 554 554 D CompatConfig: No directory /apex/com.android.media/etc/compatconfig, skipping
04-20 12:55:04.694 554 582 I SystemConfig: Reading permissions from /vendor/etc/permissions/android.hardware.biometrics.face.xml
04-20 12:55:04.699 554 582 I SystemConfig: Reading permissions from /vendor/etc/permissions/slim_handheld_core_hardware.xml
04-20 12:55:04.710 554 582 I SystemConfig: Reading permissions from /vendor/etc/permissions/android.hardware.camera.full.xml
04-20 12:55:04.713 554 554 D CompatConfig: No directory /apex/com.android.tzdata/etc/compatconfig, skipping
04-20 12:55:04.713 554 554 D CompatConfig: No directory /apex/com.android.runtime/etc/compatconfig, skipping
04-20 12:55:04.714 554 554 D CompatConfig: No directory /apex/com.android.adbd/etc/compatconfig, skipping
04-20 12:55:04.714 554 554 D CompatConfig: No directory /apex/com.android.ipsec/etc/compatconfig, skipping
04-20 12:55:04.719 554 554 D CompatConfig: Found a config file: /apex/com.android.wifi/etc/compatconfig/wifi-compat-config.xml
04-20 12:55:04.728 554 582 I SystemConfig: Reading permissions from /vendor/etc/permissions/android.software.opengles.deqp.level.xml
04-20 12:55:04.741 554 554 D CompatConfig: Adding: com.android.server.compat.config.Change@655184e
04-20 12:55:04.741 554 554 D CompatConfig: Adding: com.android.server.compat.config.Change@9f74d6f
04-20 12:55:04.741 554 554 D CompatConfig: Adding: com.android.server.compat.config.Change@abdfa7c
04-20 12:55:04.743 554 554 D CompatConfig: No directory /apex/com.android.configinfrastructure/etc/compatconfig, skipping
04-20 12:55:04.749 554 554 D CompatConfig: No directory /apex/com.android.i18n/etc/compatconfig, skipping
04-20 12:55:04.750 554 554 D CompatConfig: No directory /apex/com.android.uwb/etc/compatconfig, skipping
04-20 12:55:04.754 554 582 I SystemConfig: Reading permissions from /vendor/etc/permissions/android.hardware.identity_credential.xml
04-20 12:55:04.757 554 554 D CompatConfig: Found a config file: /apex/com.android.tethering/etc/compatconfig/connectivity-platform-compat-config.xml
04-20 12:55:04.761 554 582 I SystemConfig: Reading permissions from /vendor/etc/permissions/android.hardware.vulkan.compute.xml
04-20 12:55:04.763 554 554 D CompatConfig: Adding: com.android.server.compat.config.Change@32e4268
04-20 12:55:04.768 554 554 D CompatConfig: Adding: com.android.server.compat.config.Change@75e2681
04-20 12:55:04.773 554 554 D CompatConfig: Adding: com.android.server.compat.config.Change@b97e326
04-20 12:55:04.773 554 554 D CompatConfig: Adding: com.android.server.compat.config.Change@c457b67
04-20 12:55:04.775 554 554 D CompatConfig: No directory /apex/com.android.resolv/etc/compatconfig, skipping
04-20 12:55:04.781 554 554 D CompatConfig: No directory /apex/com.android.virt/etc/compatconfig, skipping
04-20 12:55:04.782 554 554 D CompatConfig: No directory /apex/com.android.rkpd/etc/compatconfig, skipping
04-20 12:55:04.782 554 554 D CompatConfig: No directory /apex/com.android.sdkext/etc/compatconfig, skipping
04-20 12:55:04.782 554 554 D CompatConfig: No directory /apex/com.android.ondevicepersonalization/etc/compatconfig, skipping
04-20 12:55:04.783 554 554 D CompatConfig: No directory /apex/com.android.vndk.v34/etc/compatconfig, skipping
04-20 12:55:04.783 554 554 D CompatConfig: No directory /apex/com.android.os.statsd/etc/compatconfig, skipping
04-20 12:55:04.783 554 554 D CompatConfig: No directory /apex/com.android.extservices/etc/compatconfig, skipping
04-20 12:55:04.784 554 554 D CompatConfig: No directory /apex/com.android.devicelock/etc/compatconfig, skipping
04-20 12:55:04.788 554 582 I SystemConfig: Reading permissions from /vendor/etc/permissions/android.hardware.vulkan.version.xml
04-20 12:55:04.791 554 582 I SystemConfig: Reading permissions from /vendor/etc/permissions/android.hardware.bluetooth.xml
04-20 12:55:04.793 554 554 D CompatConfig: Found a config file: /apex/com.android.art/etc/compatconfig/libcore-platform-compat-config.xml
04-20 12:55:04.798 554 554 D CompatConfig: Adding: com.android.server.compat.config.Change@db4f680
04-20 12:55:04.798 554 554 D CompatConfig: Adding: com.android.server.compat.config.Change@2824b9
04-20 12:55:04.798 554 554 D CompatConfig: Adding: com.android.server.compat.config.Change@c5e30fe
04-20 12:55:04.799 554 554 D CompatConfig: Adding: com.android.server.compat.config.Change@97c705f
04-20 12:55:04.799 554 554 D CompatConfig: Adding: com.android.server.compat.config.Change@cb2faac
04-20 12:55:04.799 554 554 D CompatConfig: Adding: com.android.server.compat.config.Change@d9d5375
04-20 12:55:04.799 554 554 D CompatConfig: Adding: com.android.server.compat.config.Change@ce85f0a
04-20 12:55:04.799 554 554 D CompatConfig: Adding: com.android.server.compat.config.Change@7a1b37b
04-20 12:55:04.799 554 554 D CompatConfig: Adding: com.android.server.compat.config.Change@ab1598
04-20 12:55:04.799 554 554 D CompatConfig: Adding: com.android.server.compat.config.Change@4fcb1f1
04-20 12:55:04.799 554 554 D CompatConfig: Adding: com.android.server.compat.config.Change@f3561d6
04-20 12:55:04.800 554 582 I SystemConfig: Reading permissions from /vendor/etc/permissions/android.software.autofill.xml
04-20 12:55:04.807 554 554 D CompatConfig: No directory /apex/com.android.adservices/etc/compatconfig, skipping
04-20 12:55:04.808 554 582 I SystemConfig: Reading permissions from /vendor/etc/permissions/android.hardware.wifi.direct.xml
04-20 12:55:04.809 554 554 D CompatConfig: No directory /apex/com.android.media.swcodec/etc/compatconfig, skipping
04-20 12:55:04.810 554 554 D CompatConfig: No directory /apex/com.android.healthfitness/etc/compatconfig, skipping
04-20 12:55:04.810 554 554 D CompatConfig: No directory /apex/com.android.scheduling/etc/compatconfig, skipping
04-20 12:55:04.818 554 582 I SystemConfig: Reading permissions from /vendor/etc/permissions/handheld_core_hardware.xml
04-20 12:55:04.823 554 582 I SystemConfig: Reading permissions from /vendor/etc/permissions/android.hardware.hardware_keystore.xml
04-20 12:55:04.826 554 582 I SystemConfig: Reading permissions from /vendor/etc/permissions/android.hardware.camera.flash-autofocus.xml
04-20 12:55:04.827 554 554 V SystemServerTiming: PlatformCompat took to complete: 636ms
04-20 12:55:04.827 554 554 D SystemServerTiming: StartFileIntegrityService
04-20 12:55:04.827 554 554 I SystemServiceManager: Starting com.android.server.security.FileIntegrityService
04-20 12:55:04.831 554 582 I SystemConfig: Reading permissions from /vendor/etc/permissions/android.hardware.camera.front.xml
04-20 12:55:04.837 554 582 I SystemConfig: Reading permissions from /vendor/etc/permissions/android.hardware.bluetooth_le.xml
04-20 12:55:04.843 554 582 I SystemConfig: Reading permissions from /vendor/etc/permissions/android.hardware.camera.raw.xml
04-20 12:55:04.847 554 554 V SystemServerTiming: StartFileIntegrityService took to complete: 21ms
04-20 12:55:04.848 554 554 D SystemServerTiming: StartInstaller
04-20 12:55:04.848 554 554 I SystemServiceManager: Starting com.android.server.pm.Installer
04-20 12:55:04.850 554 582 I SystemConfig: Reading permissions from /vendor/etc/permissions/android.hardware.fingerprint.xml
04-20 12:55:04.860 554 582 I SystemConfig: Reading permissions from /vendor/etc/permissions/android.software.vulkan.deqp.level.xml
04-20 12:55:04.862 459 477 D installd: Found quota mount /dev/block/dm-38 at /data
04-20 12:55:04.865 554 582 I SystemConfig: Reading permissions from /vendor/etc/permissions/android.hardware.vulkan.level.xml
04-20 12:55:04.869 459 477 D installd: Found quota mount /dev/block/dm-38 at /data/user/0
04-20 12:55:04.875 554 582 I SystemConfig: Reading permissions from /vendor/etc/permissions/android.hardware.wifi.xml
04-20 12:55:04.881 554 554 V SystemServerTiming: StartInstaller took to complete: 32ms
04-20 12:55:04.881 554 554 D SystemServerTiming: DeviceIdentifiersPolicyService
04-20 12:55:04.882 554 554 I SystemServiceManager: Starting com.android.server.os.DeviceIdentifiersPolicyService
04-20 12:55:04.885 554 554 V SystemServerTiming: DeviceIdentifiersPolicyService took to complete: 3ms
04-20 12:55:04.886 554 554 D SystemServerTiming: UriGrantsManagerService
04-20 12:55:04.886 554 554 I SystemServiceManager: Starting com.android.server.uri.UriGrantsManagerService$Lifecycle
04-20 12:55:04.889 554 582 I SystemConfig: Reading permissions from /product/etc/permissions/android.software.verified_boot.xml
04-20 12:55:04.894 554 582 I SystemConfig: Reading permissions from /product/etc/permissions/privapp-permissions-goldfish.xml
04-20 12:55:04.896 554 554 V SystemServerTiming: UriGrantsManagerService took to complete: 11ms
04-20 12:55:04.897 554 554 D SystemServerTiming: StartPowerStatsService
04-20 12:55:04.897 554 554 I SystemServiceManager: Starting com.android.server.powerstats.PowerStatsService
04-20 12:55:04.902 554 582 W SystemConfig: No directory /system_ext/etc/sysconfig, skipping
04-20 12:55:04.907 0 0 I servicemanager: Found android.hardware.power.stats.IPowerStats/default in device VINTF manifest.
04-20 12:55:04.910 554 582 I SystemConfig: Reading permissions from /system_ext/etc/permissions/com.android.carrierconfig.xml
04-20 12:55:04.914 554 582 I SystemConfig: Reading permissions from /system_ext/etc/permissions/androidx.window.extensions.xml
04-20 12:55:04.922 554 554 V SystemServerTiming: StartPowerStatsService took to complete: 25ms
04-20 12:55:04.922 554 554 D SystemServerTiming: StartIStatsService
04-20 12:55:04.922 554 582 I SystemConfig: Reading permissions from /system_ext/etc/permissions/com.android.sdksetup.xml
04-20 12:55:04.930 554 582 I SystemConfig: Reading permissions from /system_ext/etc/permissions/com.android.emulator.radio.config.xml
04-20 12:55:04.933 154 154 I hwservicemanager: getTransport: Cannot find entry android.frameworks.stats@1.0::IStats/default in either framework or device VINTF manifest.
04-20 12:55:04.935 554 554 E HidlServiceManagement: Service android.frameworks.stats@1.0::IStats/default must be in VINTF manifest in order to register/get.
04-20 12:55:04.937 554 554 W system_server: Cannot register HIDL android.frameworks.stats@1.0::IStats: -2147483648
04-20 12:55:04.943 554 582 I SystemConfig: Reading permissions from /system_ext/etc/permissions/androidx.window.sidecar.xml
04-20 12:55:04.946 554 554 V SystemServerTiming: StartIStatsService took to complete: 22ms
04-20 12:55:04.946 554 554 D SystemServerTiming: MemtrackProxyService
04-20 12:55:04.948 0 0 I servicemanager: Found android.frameworks.stats.IStats/default in framework VINTF manifest.
04-20 12:55:04.953 154 154 I hwservicemanager: getTransport: Cannot find entry android.hardware.memtrack@1.0::IMemtrack/default in either framework or device VINTF manifest.
04-20 12:55:04.955 554 554 I Stability: Interface set with vintf stability downgraded to system stability stability
04-20 12:55:04.957 554 582 I SystemConfig: Reading permissions from /system_ext/etc/permissions/com.android.emergency.xml
04-20 12:55:04.955 0 0 I servicemanager: Could not find android.hardware.memtrack.IMemtrack/default in the VINTF manifest.
04-20 12:55:04.965 554 554 V SystemServerTiming: MemtrackProxyService took to complete: 19ms
04-20 12:55:04.966 554 554 D SystemServerTiming: StartAccessCheckingService
04-20 12:55:04.966 554 554 I SystemServiceManager: Starting com.android.server.permission.access.AccessCheckingService
04-20 12:55:04.971 554 554 V SystemServerTiming: StartAccessCheckingService took to complete: 5ms
04-20 12:55:04.971 554 554 D SystemServerTiming: StartActivityManager
04-20 12:55:04.971 554 554 I SystemServiceManager: Starting com.android.server.wm.ActivityTaskManagerService$Lifecycle
04-20 12:55:04.973 554 582 I SystemConfig: Reading permissions from /apex/com.android.cellbroadcast/etc/permissions/privapp_allowlist_com.android.cellbroadcastreceiver.module.xml
04-20 12:55:04.979 554 582 I SystemConfig: Reading permissions from /apex/com.android.cellbroadcast/etc/permissions/privapp_allowlist_com.android.cellbroadcastservice.xml
04-20 12:55:04.989 554 582 I SystemConfig: Reading permissions from /apex/com.android.ipsec/etc/permissions/android.net.ipsec.ike.xml
04-20 12:55:04.997 554 582 I SystemConfig: Reading permissions from /apex/com.android.extservices/etc/permissions/privapp_allowlist_android.ext.services.xml
04-20 12:55:05.006 554 554 I SystemServiceManager: Starting com.android.server.am.ActivityManagerService$Lifecycle
04-20 12:55:05.010 554 582 I SystemConfig: Reading permissions from /apex/com.android.permission/etc/permissions/privapp_allowlist_com.android.permissioncontroller.xml
04-20 12:55:05.023 554 554 I ActivityManager: Memory class: 192
04-20 12:55:05.025 554 582 I SystemConfig: Reading permissions from /apex/com.android.adservices/etc/permissions/privapp_allowlist_com.android.adservices.api.xml
04-20 12:55:05.030 554 588 D CompatibilityChangeReporter: Compat change id reported: 3400644; UID 1000; state: ENABLED
04-20 12:55:05.046 554 588 I Binder : Setting heavy hitter watcher config: false, 0, 0.0
04-20 12:55:05.047 554 582 I SystemConfig: Reading permissions from /apex/com.android.tethering/etc/permissions/permissions.xml
04-20 12:55:05.065 554 582 I SystemConfig: Reading permissions from /apex/com.android.mediaprovider/etc/permissions/privapp_allowlist_com.android.providers.media.module.xml
04-20 12:55:05.074 554 582 I SystemConfig: Reading permissions from /apex/com.android.devicelock/etc/permissions/privapp_allowlist_com.android.devicelockcontroller.xml
04-20 12:55:05.081 554 582 I SystemConfig: Reading permissions from /apex/com.android.healthfitness/etc/permissions/privapp_allowlist_com.android.healthconnect.controller.xml
04-20 12:55:05.086 554 582 I SystemConfig: Reading permissions from /apex/com.android.btservices/etc/permissions/privapp_allowlist_com.android.bluetooth.xml
04-20 12:55:05.099 554 582 W SystemConfig: Failed to read public libraries file /vendor/etc/public.libraries.txt
04-20 12:55:05.099 554 582 W SystemConfig: java.io.FileNotFoundException: /vendor/etc/public.libraries.txt: open failed: ENOENT (No such file or directory)
04-20 12:55:05.099 554 582 W SystemConfig: at libcore.io.IoBridge.open(IoBridge.java:574)
04-20 12:55:05.099 554 582 W SystemConfig: at java.io.FileInputStream.(FileInputStream.java:160)
04-20 12:55:05.099 554 582 W SystemConfig: at java.io.FileReader.(FileReader.java:75)
04-20 12:55:05.099 554 582 W SystemConfig: at com.android.server.SystemConfig.readPublicLibrariesListFile(SystemConfig.java:1818)
04-20 12:55:05.099 554 582 W SystemConfig: at com.android.server.SystemConfig.readPublicNativeLibrariesList(SystemConfig.java:1800)
04-20 12:55:05.099 554 582 W SystemConfig: at com.android.server.SystemConfig.(SystemConfig.java:565)
04-20 12:55:05.099 554 582 W SystemConfig: at com.android.server.SystemConfig.getInstance(SystemConfig.java:366)
04-20 12:55:05.099 554 582 W SystemConfig: at com.android.server.SystemServer$$ExternalSyntheticLambda2.run(R8$$SyntheticClass:0)
04-20 12:55:05.099 554 582 W SystemConfig: at com.android.server.SystemServerInitThreadPool.lambda$submitTask$0(SystemServerInitThreadPool.java:107)
04-20 12:55:05.099 554 582 W SystemConfig: at com.android.server.SystemServerInitThreadPool.$r8$lambda$iar571g8isa6ZrPZMHj1USmyX48(SystemServerInitThreadPool.java:0)
04-20 12:55:05.099 554 582 W SystemConfig: at com.android.server.SystemServerInitThreadPool$$ExternalSyntheticLambda1.run(R8$$SyntheticClass:0)
04-20 12:55:05.099 554 582 W SystemConfig: at java.util.concurrent.Executors$RunnableAdapter.call(Executors.java:487)
04-20 12:55:05.099 554 582 W SystemConfig: at java.util.concurrent.FutureTask.run(FutureTask.java:264)
04-20 12:55:05.099 554 582 W SystemConfig: at java.util.concurrent.ThreadPoolExecutor.runWorker(ThreadPoolExecutor.java:1145)
04-20 12:55:05.099 554 582 W SystemConfig: at java.util.concurrent.ThreadPoolExecutor$Worker.run(ThreadPoolExecutor.java:644)
04-20 12:55:05.099 554 582 W SystemConfig: at com.android.internal.util.ConcurrentUtils$1$1.run(ConcurrentUtils.java:65)
04-20 12:55:05.099 554 582 W SystemConfig: Caused by: android.system.ErrnoException: open failed: ENOENT (No such file or directory)
04-20 12:55:05.099 554 582 W SystemConfig: at libcore.io.Linux.open(Native Method)
04-20 12:55:05.099 554 582 W SystemConfig: at libcore.io.ForwardingOs.open(ForwardingOs.java:563)
04-20 12:55:05.099 554 582 W SystemConfig: at libcore.io.BlockGuardOs.open(BlockGuardOs.java:274)
04-20 12:55:05.099 554 582 W SystemConfig: at libcore.io.IoBridge.open(IoBridge.java:560)
04-20 12:55:05.099 554 582 W SystemConfig: ... 15 more
04-20 12:55:05.101 554 582 V SystemConfig: readAllPermissions took to complete: 903ms
04-20 12:55:05.102 554 582 D SystemServerInitThreadPool: Finished executing ReadingSystemConfig
04-20 12:55:05.104 554 582 V SystemServerTimingAsync: InitThreadPoolExec:ReadingSystemConfig took to complete: 906ms
04-20 12:55:05.168 554 554 D BatteryStatsImpl: Reading daily items from /data/system/batterystats-daily.xml
04-20 12:55:05.190 154 154 I hwservicemanager: getTransport: Cannot find entry android.hardware.power.stats@1.0::IPowerStats/default in either framework or device VINTF manifest.
04-20 12:55:05.200 554 595 E BatteryStatsService: Unable to load Power.Stats.HAL. Setting rail availability to false
04-20 12:55:05.219 554 595 D CompatibilityChangeReporter: Compat change id reported: 263076149; UID 1000; state: ENABLED
04-20 12:55:05.252 554 595 E BluetoothAdapter: Bluetooth service is null
04-20 12:55:05.257 554 595 I KernelCpuUidFreqTimeReader: mPerClusterTimesAvailable=false
