04-20 12:56:38.022 554 554 W PermissionManager: Package com.android.providers.media.module is an APK in APEX, but has permission allowlist on the system image. Please bundle the allowlist in the com.android.mediaprovider APEX instead.
04-20 12:56:38.022 554 554 W PermissionManager: Package com.android.providers.media.module is an APK in APEX, but has permission allowlist on the system image. Please bundle the allowlist in the com.android.mediaprovider APEX instead.
04-20 12:56:38.058 554 554 V SystemServerTiming: Permission_onInitialized-0 took to complete: 236ms
04-20 12:56:38.058 554 554 W SystemServiceManager: Service com.android.server.policy.PermissionPolicyService took 6016 ms in onBootPhase
04-20 12:56:38.059 554 554 V SystemServerTiming: OnBootPhase_550_com.android.server.policy.PermissionPolicyService took to complete: 6016ms
04-20 12:56:38.059 554 554 D SystemServerTiming: OnBootPhase_550_com.android.server.pm.StagingManager$Lifecycle
04-20 12:56:38.059 554 554 V SystemServerTiming: OnBootPhase_550_com.android.server.pm.StagingManager$Lifecycle took to complete: 0ms
04-20 12:56:38.059 554 554 D SystemServerTiming: OnBootPhase_550_com.android.server.app.GameManagerService$Lifecycle
04-20 12:56:38.066 554 554 V SystemServerTiming: OnBootPhase_550_com.android.server.app.GameManagerService$Lifecycle took to complete: 0ms
04-20 12:56:38.066 554 554 D SystemServerTiming: OnBootPhase_550_com.android.safetycenter.SafetyCenterService
04-20 12:56:38.066 554 554 V SystemServerTiming: OnBootPhase_550_com.android.safetycenter.SafetyCenterService took to complete: 0ms
04-20 12:56:38.066 554 554 D SystemServerTiming: OnBootPhase_550_com.android.server.appsearch.AppSearchModule$Lifecycle
04-20 12:56:38.067 554 554 V SystemServerTiming: OnBootPhase_550_com.android.server.appsearch.AppSearchModule$Lifecycle took to complete: 0ms
04-20 12:56:38.067 554 554 D SystemServerTiming: OnBootPhase_550_com.android.server.media.MediaCommunicationService
04-20 12:56:38.067 554 554 V SystemServerTiming: OnBootPhase_550_com.android.server.media.MediaCommunicationService took to complete: 1ms
04-20 12:56:38.067 554 554 D SystemServerTiming: OnBootPhase_550_com.android.server.compat.overrides.AppCompatOverridesService$Lifecycle
04-20 12:56:38.073 554 554 V SystemServerTiming: OnBootPhase_550_com.android.server.compat.overrides.AppCompatOverridesService$Lifecycle took to complete: 0ms
04-20 12:56:38.073 554 554 D SystemServerTiming: OnBootPhase_550_com.android.server.healthconnect.HealthConnectManagerService
04-20 12:56:38.074 554 554 V SystemServerTiming: OnBootPhase_550_com.android.server.healthconnect.HealthConnectManagerService took to complete: 0ms
04-20 12:56:38.074 554 554 V SystemServerTiming: OnBootPhase_550 took to complete: 7192ms
04-20 12:56:38.074 554 554 V SystemServerTiming: StartActivityManagerReadyPhase took to complete: 7206ms
04-20 12:56:38.074 554 554 D SystemServerTiming: StartObservingNativeCrashes
04-20 12:56:38.075 554 554 V SystemServerTiming: StartObservingNativeCrashes took to complete: 1ms
04-20 12:56:38.081 554 554 D SystemServerTiming: RegisterAppOpsPolicy
04-20 12:56:38.087 554 575 W Looper : Slow delivery took 206ms android.fg h=android.os.Handler c= m=0
04-20 12:56:38.091 554 554 V SystemServerTiming: RegisterAppOpsPolicy took to complete: 9ms
04-20 12:56:38.092 554 636 D SystemServerTimingAsync: InitThreadPoolExec:WebViewFactoryPreparation
04-20 12:56:38.092 554 636 D SystemServerInitThreadPool: Started executing WebViewFactoryPreparation
04-20 12:56:38.092 554 636 I SystemServer: WebViewFactoryPreparation
04-20 12:56:38.092 554 636 D SystemServerTimingAsync: WebViewFactoryPreparation
04-20 12:56:38.094 554 554 D SystemServerTiming: MakeNetworkManagementServiceReady
04-20 12:56:38.095 554 554 W NetworkManagement: setDataSaverMode(): already false
04-20 12:56:38.100 346 346 I netd : firewallSetFirewallType(1) <4.82ms>
04-20 12:56:38.109 554 636 E AppOps : Bad call made by uid 1000. Package "android" does not belong to uid 1037.
04-20 12:56:38.120 554 554 V SystemServerTiming: MakeNetworkManagementServiceReady took to complete: 22ms
04-20 12:56:38.120 554 554 D SystemServerTiming: MakeConnectivityServiceReady
04-20 12:56:38.123 554 875 D PermissionMonitor: Monitoring
04-20 12:56:38.164 554 595 W BatteryExternalStatsWorker: error reading modem stats:ERROR_PHONE_NOT_AVAILABLE
04-20 12:56:38.174 346 346 I netd : registerUnsolicitedEventListener() <35.43ms>
04-20 12:56:38.180 554 636 E AppOps : Cannot checkOperation
04-20 12:56:38.180 554 636 E AppOps : java.lang.SecurityException: Specified package "android" under uid 1037 but it is not
04-20 12:56:38.180 554 636 E AppOps : at com.android.server.appop.AppOpsService.verifyAndGetBypass(AppOpsService.java:3886)
04-20 12:56:38.180 554 636 E AppOps : at com.android.server.appop.AppOpsService.verifyAndGetBypass(AppOpsService.java:3746)
04-20 12:56:38.180 554 636 E AppOps : at com.android.server.appop.AppOpsService.verifyAndGetBypass(AppOpsService.java:3738)
04-20 12:56:38.180 554 636 E AppOps : at com.android.server.appop.AppOpsService.checkOperationUnchecked(AppOpsService.java:2417)
04-20 12:56:38.180 554 636 E AppOps : at com.android.server.appop.AppOpsService.checkOperationImpl(AppOpsService.java:2400)
04-20 12:56:38.180 554 636 E AppOps : at com.android.server.appop.AppOpsService.-$$Nest$mcheckOperationImpl(AppOpsService.java:0)
04-20 12:56:38.180 554 636 E AppOps : at com.android.server.appop.AppOpsService$CheckOpsDelegateDispatcher.$r8$lambda$fx57Sum-uA3sXo7NCFwrI3iq4WM(AppOpsService.java:0)
04-20 12:56:38.180 554 636 E AppOps : at com.android.server.appop.AppOpsService$CheckOpsDelegateDispatcher$$ExternalSyntheticLambda9.apply(R8$$SyntheticClass:0)
04-20 12:56:38.180 554 636 E AppOps : at com.android.server.policy.AppOpsPolicy.checkOperation(AppOpsPolicy.java:221)
04-20 12:56:38.180 554 636 E AppOps : at com.android.server.appop.AppOpsService$CheckOpsDelegateDispatcher.checkOperation(AppOpsService.java:6389)
04-20 12:56:38.180 554 636 E AppOps : at com.android.server.appop.AppOpsService.checkOperation(AppOpsService.java:2385)
04-20 12:56:38.180 554 636 E AppOps : at com.android.server.StorageManagerService$StorageManagerInternalImpl.hasExternalStorageAccess(StorageManagerService.java:4717)
04-20 12:56:38.180 554 636 E AppOps : at com.android.server.am.ProcessList.startProcessLocked(ProcessList.java:1778)
04-20 12:56:38.180 554 636 E AppOps : at com.android.server.am.ProcessList.startProcessLocked(ProcessList.java:2483)
04-20 12:56:38.180 554 636 E AppOps : at com.android.server.am.ProcessList.startProcessLocked(ProcessList.java:2628)
04-20 12:56:38.180 554 636 E AppOps : at com.android.server.am.ActivityManagerService.startIsolatedProcess(ActivityManagerService.java:2894)
04-20 12:56:38.180 554 636 E AppOps : at com.android.server.am.ActivityManagerService$LocalService.startIsolatedProcess(ActivityManagerService.java:17372)
04-20 12:56:38.180 554 636 E AppOps : at android.webkit.WebViewLibraryLoader.createRelroFile(WebViewLibraryLoader.java:126)
04-20 12:56:38.180 554 636 E AppOps : at android.webkit.WebViewLibraryLoader.createRelros(WebViewLibraryLoader.java:170)
04-20 12:56:38.180 554 636 E AppOps : at android.webkit.WebViewLibraryLoader.prepareNativeLibraries(WebViewLibraryLoader.java:152)
04-20 12:56:38.180 554 636 E AppOps : at android.webkit.WebViewFactory.onWebViewProviderChanged(WebViewFactory.java:555)
04-20 12:56:38.180 554 636 E AppOps : at com.android.server.webkit.SystemImpl.onWebViewProviderChanged(SystemImpl.java:174)
04-20 12:56:38.180 554 636 E AppOps : at com.android.server.webkit.WebViewUpdateServiceImpl.onWebViewProviderChanged(WebViewUpdateServiceImpl.java:351)
04-20 12:56:38.180 554 636 E AppOps : at com.android.server.webkit.WebViewUpdateServiceImpl.prepareWebViewInSystemServer(WebViewUpdateServiceImpl.java:182)
04-20 12:56:38.180 554 636 E AppOps : at com.android.server.webkit.WebViewUpdateService.prepareWebViewInSystemServer(WebViewUpdateService.java:129)
04-20 12:56:38.180 554 636 E AppOps : at com.android.server.SystemServer.lambda$startOtherServices$4(SystemServer.java:2919)
04-20 12:56:38.180 554 636 E AppOps : at com.android.server.SystemServer.$r8$lambda$t1R-mpe1gQ3l_T3UqaEuPqwZT88(SystemServer.java:0)
04-20 12:56:38.180 554 636 E AppOps : at com.android.server.SystemServer$$ExternalSyntheticLambda7.run(R8$$SyntheticClass:0)
04-20 12:56:38.180 554 636 E AppOps : at com.android.server.SystemServerInitThreadPool.lambda$submitTask$0(SystemServerInitThreadPool.java:107)
04-20 12:56:38.180 554 636 E AppOps : at com.android.server.SystemServerInitThreadPool.$r8$lambda$iar571g8isa6ZrPZMHj1USmyX48(SystemServerInitThreadPool.java:0)
04-20 12:56:38.180 554 636 E AppOps : at com.android.server.SystemServerInitThreadPool$$ExternalSyntheticLambda1.run(R8$$SyntheticClass:0)
04-20 12:56:38.180 554 636 E AppOps : at java.util.concurrent.Executors$RunnableAdapter.call(Executors.java:487)
04-20 12:56:38.180 554 636 E AppOps : at java.util.concurrent.FutureTask.run(FutureTask.java:264)
04-20 12:56:38.180 554 636 E AppOps : at java.util.concurrent.ThreadPoolExecutor.runWorker(ThreadPoolExecutor.java:1145)
04-20 12:56:38.180 554 636 E AppOps : at java.util.concurrent.ThreadPoolExecutor$Worker.run(ThreadPoolExecutor.java:644)
04-20 12:56:38.180 554 636 E AppOps : at com.android.internal.util.ConcurrentUtils$1$1.run(ConcurrentUtils.java:65)
04-20 12:56:38.181 554 636 W ActivityManager: Slow operation: 73ms so far, now at startProcess: building args
04-20 12:56:38.182 554 636 D CompatibilityChangeReporter: Compat change id reported: 135634846; UID 1000; state: DISABLED
04-20 12:56:38.183 554 636 D CompatibilityChangeReporter: Compat change id reported: 177438394; UID 1000; state: DISABLED
04-20 12:56:38.201 554 636 D CompatibilityChangeReporter: Compat change id reported: 135772972; UID 1000; state: DISABLED
04-20 12:56:38.202 554 636 D CompatibilityChangeReporter: Compat change id reported: 178038272; UID 1000; state: DISABLED
04-20 12:56:38.203 554 589 W ActivityManager: Slow operation: 96ms so far, now at startProcess: asking zygote to start proc
04-20 12:56:38.208 554 589 W ActivityManager: com.android.providers.settings inode == 0 (b/152760674)
04-20 12:56:38.253 347 347 D Zygote : Forked child process 989
04-20 12:56:38.256 554 636 W ActivityManager: Slow operation: 159ms so far, now at startProcess: done starting proc!
04-20 12:56:38.258 554 636 V SystemServerTimingAsync: WebViewFactoryPreparation took to complete: 166ms
04-20 12:56:38.259 554 636 D SystemServerInitThreadPool: Finished executing WebViewFactoryPreparation
04-20 12:56:38.259 554 636 V SystemServerTimingAsync: InitThreadPoolExec:WebViewFactoryPreparation took to complete: 167ms
04-20 12:56:38.268 554 589 W ActivityManager: Slow operation: 160ms so far, now at startProcess: returned from zygote!
04-20 12:56:38.269 554 589 W ActivityManager: Slow operation: 162ms so far, now at startProcess: done updating battery stats
04-20 12:56:38.270 554 589 W ActivityManager: Slow operation: 162ms so far, now at startProcess: building log message
04-20 12:56:38.270 554 589 I ActivityManager: Start proc 989:WebViewLoader-x86_64/1037 [android.webkit.WebViewLibraryLoader$RelroFileCreator] for
04-20 12:56:38.270 554 589 W ActivityManager: Slow operation: 162ms so far, now at startProcess: starting to update pids map
04-20 12:56:38.270 554 589 W ActivityManager: Slow operation: 163ms so far, now at startProcess: done updating pids map
04-20 12:56:38.281 554 864 W NetworkPolicy: setRestrictBackgroundUL: already false
04-20 12:56:38.441 346 346 I netd : networkSetPermissionForUser(1, [1002]) <0.38ms>
04-20 12:56:38.444 989 989 I WebViewLoader-x: Using CollectorTypeCC GC.
04-20 12:56:38.458 989 989 W WebViewLoader-x: Unexpected CPU variant for x86: x86_64.
04-20 12:56:38.458 989 989 W WebViewLoader-x: Known variants: atom, sandybridge, silvermont, goldmont, goldmont-plus, tremont, kabylake, default
04-20 12:56:38.464 346 346 I netd : networkSetPermissionForUser(2, [1000, 1001, 1073, 2000, 10047, 10067, 10069, 10079, 20047, 20067, 20069, 20079]) <0.12ms>
04-20 12:56:38.494 989 989 E WebViewLoader-x: Not starting debugger since process cannot load the jdwp agent.
04-20 12:56:38.506 554 864 W BestClock: java.time.DateTimeException: Missing network time fix
04-20 12:56:38.542 554 864 D NetworkStatsObservers: Registering observer for RequestInfo from pid/uid:554/1000(android) for DataUsageRequest [ requestId=1, networkTemplate=NetworkTemplate: matchRule=MOBILE, matchSubscriberIds=[], matchWifiNetworkKeys=[], thresholdInBytes=0 ] accessLevel:3
04-20 12:56:38.561 554 864 D NetworkStatsObservers: Registering observer for RequestInfo from pid/uid:554/1000(android) for DataUsageRequest [ requestId=2, networkTemplate=NetworkTemplate: matchRule=WIFI, matchSubscriberIds=[], matchWifiNetworkKeys=[], thresholdInBytes=0 ] accessLevel:3
04-20 12:56:38.602 554 875 D PermissionMonitor: Users: 1, UidToNetworkPerm: 13
04-20 12:56:38.612 554 554 V SystemServerTiming: MakeConnectivityServiceReady took to complete: 491ms
04-20 12:56:38.613 554 554 D SystemServerTiming: MakeVpnManagerServiceReady
04-20 12:56:38.633 554 862 W BestClock: java.time.DateTimeException: Missing network time fix
04-20 12:56:38.635 554 875 D ConnectivityService: NetReassign [no changes] [c 0] [a 1] [i 0]
04-20 12:56:38.645 554 875 D ConnectivityService: NetReassign [no changes] [c 0] [a 0] [i 0]
04-20 12:56:38.682 346 346 I netd : tetherGetStats() -> {[]} <7.32ms>
04-20 12:56:38.698 554 862 W BestClock: java.time.DateTimeException: Missing network time fix
04-20 12:56:38.725 554 862 W BestClock: java.time.DateTimeException: Missing network time fix
04-20 12:56:38.751 346 346 I netd : tetherGetStats() -> {[]} <2.70ms>
04-20 12:56:38.766 554 862 W BestClock: java.time.DateTimeException: Missing network time fix
04-20 12:56:38.774 554 984 D GameManagerService: User ID '0' does not have a Game Mode selected for package: 'android'
04-20 12:56:38.775 554 984 D CompatibilityChangeReporter: Compat change id reported: 168419799; UID 1000; state: DISABLED
04-20 12:56:38.775 554 984 D CompatibilityChangeReporter: Compat change id reported: 273564678; UID 1000; state: DISABLED
04-20 12:56:38.827 554 862 W BroadcastLoopers: Found previously unknown looper Thread[NetworkStats,5,main]
04-20 12:56:38.839 989 989 V WebViewLibraryLoader: RelroFileCreator (64bit = true), package: com.android.webview library: libwebviewchromium.so
04-20 12:56:38.844 554 554 V SystemServerTiming: MakeVpnManagerServiceReady took to complete: 221ms
04-20 12:56:38.852 554 554 D SystemServerTiming: MakeVcnManagementServiceReady
04-20 12:56:38.861 554 875 D ConnectivityService: Got NetworkProvider Messenger for VcnNetworkProvider
04-20 12:56:38.911 989 989 D nativeloader: InitLlndkLibrariesProduct: libEGL.so:libGLESv1_CM.so:libGLESv2.so:libGLESv3.so:libRS.so:libandroid_net.so:libbinder_ndk.so:libc.so:libcgrouprc.so:libclang_rt.asan-x86_64-android.so:libcom.android.tethering.connectivity_native.so:libdl.so:libft2.so:liblog.so:libm.so:libmediandk.so:libnativewindow.so:libneuralnetworks.so:libselinux.so:libsync.so:libvndksupport.so:libvulkan.so
04-20 12:56:38.911 989 989 D nativeloader: Configuring product-clns-6 for unbundled product apk /product/app/webview/webview.apk. target_sdk_version=34, uses_libraries=, library_path=/product/app/webview/lib/x86_64:/product/app/webview/webview.apk!/lib/x86_64:/product/lib64:/system/product/lib64, permitted_path=/data:/mnt/expand:/product/lib64:/system/product/lib64
04-20 12:56:38.920 989 989 D nativeloader: InitVndkspLibrariesProduct: android.hardware.common-V2-ndk.so:android.hardware.common.fmq-V1-ndk.so:android.hardware.graphics.allocator-V2-ndk.so:android.hardware.graphics.common-V4-ndk.so:android.hardware.graphics.common@1.0.so:android.hardware.graphics.common@1.1.so:android.hardware.graphics.common@1.2.so:android.hardware.graphics.composer3-V1-ndk.so:android.hardware.graphics.mapper@2.0.so:android.hardware.graphics.mapper@2.1.so:android.hardware.graphics.mapper@3.0.so:android.hardware.graphics.mapper@4.0.so:android.hardware.renderscript@1.0.so:android.hidl.memory.token@1.0.so:android.hidl.memory@1.0-impl.so:android.hidl.memory@1.0.so:android.hidl.safe_union@1.0.so:libRSCpuRef.so:libRSDriver.so:libRS_internal.so:libbase.so:libbcinfo.so:libblas.so:libc++.so:libcompiler_rt.so:libcutils.so:libdmabufheap.so:libgralloctypes.so:libhardware.so:libhidlbase.so:libhidlmemory.so:libion.so:libjsoncpp.so:liblzma.so:libprocessgroup.so:libunwindstack.so:libutils.so:libutilscallstack.so:libz.so
04-20 12:56:39.005 554 875 D ConnectivityService: register offer from providerId 1 : NetworkOffer [ Provider Id (1) Score(Policies : TRANSPORT_PRIMARY&EVER_EVALUATED&IS_UNMETERED&EVER_VALIDATED&IS_VALIDATED ; KeepConnected : 0) Caps [ Transports: CELLULAR Capabilities: MMS&SUPL&DUN&FOTA&IMS&CBS&IA&RCS&XCAP&EIMS&INTERNET&NOT_RESTRICTED&TRUSTED&NOT_VPN&MCX&NOT_VCN_MANAGED UnderlyingNetworks: Null] Needed by []]
04-20 12:56:39.026 554 875 D ConnectivityService: NetReassign [no changes] [c 0] [a 0] [i 0]
04-20 12:56:39.027 554 983 W PackageManager: Invalid dex load report. loadingPackageName=null, uid=1037
04-20 12:56:39.061 554 575 W Looper : Drained
04-20 12:56:39.130 554 554 V SystemServerTiming: MakeVcnManagementServiceReady took to complete: 279ms
04-20 12:56:39.131 554 554 D SystemServerTiming: MakeNetworkPolicyServiceReady
04-20 12:56:39.142 554 875 D ConnectivityService: NetReassign [no changes] [c 0] [a 0] [i 0]
04-20 12:56:39.149 554 881 I VcnManagementService: new snapshot: TelephonySubscriptionSnapshot{ mActiveDataSubId=-1, mSubIdToInfoMap={}, mSubIdToCarrierConfigMap={}, mPrivilegedPackages={} }
04-20 12:56:39.158 554 554 V SystemServerTiming: MakeNetworkPolicyServiceReady took to complete: 26ms
04-20 12:56:39.158 554 554 D SystemServerTiming: PhaseThirdPartyAppsCanStart
04-20 12:56:39.159 554 554 I SystemServiceManager: Starting phase 600
04-20 12:56:39.159 554 554 D SystemServerTiming: OnBootPhase_600
04-20 12:56:39.159 554 554 D SystemServerTiming: OnBootPhase_600_com.android.server.security.FileIntegrityService
04-20 12:56:39.159 554 554 V SystemServerTiming: OnBootPhase_600_com.android.server.security.FileIntegrityService took to complete: 0ms
04-20 12:56:39.168 554 554 D SystemServerTiming: OnBootPhase_600_com.android.server.pm.Installer
04-20 12:56:39.170 554 554 V SystemServerTiming: OnBootPhase_600_com.android.server.pm.Installer took to complete: 0ms
04-20 12:56:39.170 554 554 D SystemServerTiming: OnBootPhase_600_com.android.server.os.DeviceIdentifiersPolicyService
04-20 12:56:39.171 554 554 V SystemServerTiming: OnBootPhase_600_com.android.server.os.DeviceIdentifiersPolicyService took to complete: 0ms
04-20 12:56:39.171 554 554 D SystemServerTiming: OnBootPhase_600_com.android.server.uri.UriGrantsManagerService$Lifecycle
04-20 12:56:39.171 554 554 V SystemServerTiming: OnBootPhase_600_com.android.server.uri.UriGrantsManagerService$Lifecycle took to complete: 1ms
04-20 12:56:39.171 554 554 D SystemServerTiming: OnBootPhase_600_com.android.server.powerstats.PowerStatsService
04-20 12:56:39.176 554 554 V SystemServerTiming: OnBootPhase_600_com.android.server.powerstats.PowerStatsService took to complete: 0ms
04-20 12:56:39.176 554 554 D SystemServerTiming: OnBootPhase_600_com.android.server.permission.access.AccessCheckingService
04-20 12:56:39.177 554 554 V SystemServerTiming: OnBootPhase_600_com.android.server.permission.access.AccessCheckingService took to complete: 0ms
04-20 12:56:39.177 554 554 D SystemServerTiming: OnBootPhase_600_com.android.server.wm.ActivityTaskManagerService$Lifecycle
04-20 12:56:39.177 554 554 V SystemServerTiming: OnBootPhase_600_com.android.server.wm.ActivityTaskManagerService$Lifecycle took to complete: 0ms
04-20 12:56:39.177 554 554 D SystemServerTiming: OnBootPhase_600_com.android.server.am.ActivityManagerService$Lifecycle
04-20 12:56:39.191 554 554 I ExplicitHealthCheckController: Explicit health checks enabled.
04-20 12:56:39.191 554 554 I PackageWatchdog: Syncing state, reason: health check state enabled
04-20 12:56:39.198 554 554 I PackageWatchdog: Not pruning observers, elapsed time: 0ms
04-20 12:56:39.198 554 554 I PackageWatchdog: Cancelling state sync, nothing to sync
04-20 12:56:39.199 554 554 V SystemServerTiming: OnBootPhase_600_com.android.server.am.ActivityManagerService$Lifecycle took to complete: 22ms
04-20 12:56:39.199 554 554 D SystemServerTiming: OnBootPhase_600_com.android.server.pm.DataLoaderManagerService
04-20 12:56:39.212 554 554 V SystemServerTiming: OnBootPhase_600_com.android.server.pm.DataLoaderManagerService took to complete: 0ms
04-20 12:56:39.212 554 554 D SystemServerTiming: OnBootPhase_600_com.android.server.power.PowerManagerService
04-20 12:56:39.215 554 554 V SystemServerTiming: OnBootPhase_600_com.android.server.power.PowerManagerService took to complete: 2ms
04-20 12:56:39.215 554 554 D SystemServerTiming: OnBootPhase_600_com.android.server.power.ThermalManagerService
04-20 12:56:39.215 554 554 V SystemServerTiming: OnBootPhase_600_com.android.server.power.ThermalManagerService took to complete: 0ms
04-20 12:56:39.215 554 554 D SystemServerTiming: OnBootPhase_600_com.android.server.power.hint.HintManagerService
04-20 12:56:39.215 554 554 V SystemServerTiming: OnBootPhase_600_com.android.server.power.hint.HintManagerService took to complete: 0ms
04-20 12:56:39.215 554 554 D SystemServerTiming: OnBootPhase_600_com.android.server.recoverysystem.RecoverySystemService$Lifecycle
04-20 12:56:39.228 554 554 V SystemServerTiming: OnBootPhase_600_com.android.server.recoverysystem.RecoverySystemService$Lifecycle took to complete: 13ms
04-20 12:56:39.229 554 554 D SystemServerTiming: OnBootPhase_600_com.android.server.lights.LightsService
04-20 12:56:39.229 554 554 V SystemServerTiming: OnBootPhase_600_com.android.server.lights.LightsService took to complete: 0ms
04-20 12:56:39.229 554 554 D SystemServerTiming: OnBootPhase_600_com.android.server.display.DisplayManagerService
04-20 12:56:39.229 554 554 V SystemServerTiming: OnBootPhase_600_com.android.server.display.DisplayManagerService took to complete: 0ms
04-20 12:56:39.230 554 554 D SystemServerTiming: OnBootPhase_600_com.android.server.pm.verify.domain.DomainVerificationService
04-20 12:56:39.230 554 554 V SystemServerTiming: OnBootPhase_600_com.android.server.pm.verify.domain.DomainVerificationService took to complete: 0ms
04-20 12:56:39.230 554 554 D SystemServerTiming: OnBootPhase_600_com.android.server.pm.PackageInstallerService$Lifecycle
04-20 12:56:39.230 554 554 V SystemServerTiming: OnBootPhase_600_com.android.server.pm.PackageInstallerService$Lifecycle took to complete: 0ms
04-20 12:56:39.231 554 554 D SystemServerTiming: OnBootPhase_600_com.android.server.pm.UserManagerService$LifeCycle
04-20 12:56:39.231 554 554 V SystemServerTiming: OnBootPhase_600_com.android.server.pm.UserManagerService$LifeCycle took to complete: 0ms
04-20 12:56:39.231 554 554 D SystemServerTiming: OnBootPhase_600_com.android.server.om.OverlayManagerService
04-20 12:56:39.231 554 554 V SystemServerTiming: OnBootPhase_600_com.android.server.om.OverlayManagerService took to complete: 0ms
04-20 12:56:39.231 554 554 D SystemServerTiming: OnBootPhase_600_com.android.server.resources.ResourcesManagerService
04-20 12:56:39.245 554 554 V SystemServerTiming: OnBootPhase_600_com.android.server.resources.ResourcesManagerService took to complete: 0ms
04-20 12:56:39.292 989 989 I WebViewLoader-x: System.exit called, status: 0
04-20 12:56:39.293 989 989 I AndroidRuntime: VM exiting with result code 0, cleanup skipped.
04-20 12:56:39.275 554 554 D SystemServerTiming: OnBootPhase_600_com.android.server.sensorprivacy.SensorPrivacyService
04-20 12:56:39.296 554 554 V SystemServerTiming: OnBootPhase_600_com.android.server.sensorprivacy.SensorPrivacyService took to complete: 0ms
04-20 12:56:39.296 554 554 D SystemServerTiming: OnBootPhase_600_com.android.server.sensors.SensorService
04-20 12:56:39.296 554 554 V SystemServerTiming: OnBootPhase_600_com.android.server.sensors.SensorService took to complete: 0ms
04-20 12:56:39.297 554 554 D SystemServerTiming: OnBootPhase_600_com.android.server.SystemConfigService
04-20 12:56:39.297 554 554 V SystemServerTiming: OnBootPhase_600_com.android.server.SystemConfigService took to complete: 0ms
04-20 12:56:39.297 554 554 D SystemServerTiming: OnBootPhase_600_com.android.server.BatteryService
04-20 12:56:39.297 554 554 V SystemServerTiming: OnBootPhase_600_com.android.server.BatteryService took to complete: 0ms
04-20 12:56:39.297 554 554 D SystemServerTiming: OnBootPhase_600_com.android.server.usage.UsageStatsService
04-20 12:56:39.297 554 554 V SystemServerTiming: OnBootPhase_600_com.android.server.usage.UsageStatsService took to complete: 0ms
04-20 12:56:39.297 554 554 D SystemServerTiming: OnBootPhase_600_com.android.server.webkit.WebViewUpdateService
04-20 12:56:39.297 554 554 V SystemServerTiming: OnBootPhase_600_com.android.server.webkit.WebViewUpdateService took to complete: 0ms
04-20 12:56:39.297 554 554 D SystemServerTiming: OnBootPhase_600_com.android.server.CachedDeviceStateService
04-20 12:56:39.297 554 554 V SystemServerTiming: OnBootPhase_600_com.android.server.CachedDeviceStateService took to complete: 0ms
04-20 12:56:39.298 554 554 D SystemServerTiming: OnBootPhase_600_com.android.server.BinderCallsStatsService$LifeCycle
04-20 12:56:39.298 554 554 V SystemServerTiming: OnBootPhase_600_com.android.server.BinderCallsStatsService$LifeCycle took to complete: 0ms
04-20 12:56:39.298 554 554 D SystemServerTiming: OnBootPhase_600_com.android.server.LooperStatsService$Lifecycle
04-20 12:56:39.298 554 554 V SystemServerTiming: OnBootPhase_600_com.android.server.LooperStatsService$Lifecycle took to complete: 0ms
04-20 12:56:39.298 554 554 D SystemServerTiming: OnBootPhase_600_com.android.server.rollback.RollbackManagerService
04-20 12:56:39.298 554 554 V SystemServerTiming: OnBootPhase_600_com.android.server.rollback.RollbackManagerService took to complete: 0ms
04-20 12:56:39.298 554 554 D SystemServerTiming: OnBootPhase_600_com.android.server.os.NativeTombstoneManagerService
04-20 12:56:39.298 554 554 V SystemServerTiming: OnBootPhase_600_com.android.server.os.NativeTombstoneManagerService took to complete: 0ms
04-20 12:56:39.298 554 554 D SystemServerTiming: OnBootPhase_600_com.android.server.os.BugreportManagerService
04-20 12:56:39.298 554 554 V SystemServerTiming: OnBootPhase_600_com.android.server.os.BugreportManagerService took to complete: 0ms
04-20 12:56:39.298 554 554 D SystemServerTiming: OnBootPhase_600_com.android.server.gpu.GpuService
04-20 12:56:39.299 554 554 V SystemServerTiming: OnBootPhase_600_com.android.server.gpu.GpuService took to complete: 0ms
04-20 12:56:39.299 554 554 D SystemServerTiming: OnBootPhase_600_com.android.server.security.rkp.RemoteProvisioningService
04-20 12:56:39.299 554 554 V SystemServerTiming: OnBootPhase_600_com.android.server.security.rkp.RemoteProvisioningService took to complete: 0ms
04-20 12:56:39.299 554 554 D SystemServerTiming: OnBootPhase_600_com.android.server.cpu.CpuMonitorService
04-20 12:56:39.299 554 554 V SystemServerTiming: OnBootPhase_600_com.android.server.cpu.CpuMonitorService took to complete: 0ms
04-20 12:56:39.299 554 554 D SystemServerTiming: OnBootPhase_600_com.android.server.security.KeyChainSystemService
04-20 12:56:39.299 554 554 V SystemServerTiming: OnBootPhase_600_com.android.server.security.KeyChainSystemService took to complete: 0ms
04-20 12:56:39.299 554 554 D SystemServerTiming: OnBootPhase_600_com.android.server.BinaryTransparencyService
04-20 12:56:39.299 554 554 V SystemServerTiming: OnBootPhase_600_com.android.server.BinaryTransparencyService took to complete: 0ms
04-20 12:56:39.299 554 554 D SystemServerTiming: OnBootPhase_600_com.android.server.telecom.TelecomLoaderService
04-20 12:56:39.299 554 554 V SystemServerTiming: OnBootPhase_600_com.android.server.telecom.TelecomLoaderService took to complete: 0ms
04-20 12:56:39.308 554 554 D SystemServerTiming: OnBootPhase_600_com.android.server.accounts.AccountManagerService$Lifecycle
04-20 12:56:39.308 554 554 V SystemServerTiming: OnBootPhase_600_com.android.server.accounts.AccountManagerService$Lifecycle took to complete: 0ms
04-20 12:56:39.308 554 554 D SystemServerTiming: OnBootPhase_600_com.android.server.content.ContentService$Lifecycle
04-20 12:56:39.308 554 554 V SystemServerTiming: OnBootPhase_600_com.android.server.content.ContentService$Lifecycle took to complete: 0ms
04-20 12:56:39.308 554 554 D SystemServerTiming: OnBootPhase_600_com.android.server.deviceconfig.DeviceConfigInit$Lifecycle
04-20 12:56:39.308 554 554 V SystemServerTiming: OnBootPhase_600_com.android.server.deviceconfig.DeviceConfigInit$Lifecycle took to complete: 0ms
04-20 12:56:39.308 554 554 D SystemServerTiming: OnBootPhase_600_com.android.server.DropBoxManagerService
04-20 12:56:39.308 554 554 V SystemServerTiming: OnBootPhase_600_com.android.server.DropBoxManagerService took to complete: 0ms
04-20 12:56:39.309 554 554 D SystemServerTiming: OnBootPhase_600_com.android.role.RoleService
04-20 12:56:39.309 554 554 V SystemServerTiming: OnBootPhase_600_com.android.role.RoleService took to complete: 0ms
04-20 12:56:39.309 554 554 D SystemServerTiming: OnBootPhase_600_com.android.server.vibrator.VibratorManagerService$Lifecycle
04-20 12:56:39.309 554 554 V SystemServerTiming: OnBootPhase_600_com.android.server.vibrator.VibratorManagerService$Lifecycle took to complete: 0ms
04-20 12:56:39.309 554 554 D SystemServerTiming: OnBootPhase_600_com.android.server.tare.InternalResourceService
04-20 12:56:39.309 554 554 V SystemServerTiming: OnBootPhase_600_com.android.server.tare.InternalResourceService took to complete: 0ms
04-20 12:56:39.309 554 554 D SystemServerTiming: OnBootPhase_600_com.android.server.alarm.AlarmManagerService
04-20 12:56:39.309 554 554 V SystemServerTiming: OnBootPhase_600_com.android.server.alarm.AlarmManagerService took to complete: 0ms
04-20 12:56:39.309 554 554 D SystemServerTiming: OnBootPhase_600_com.android.server.devicestate.DeviceStateManagerService
04-20 12:56:39.309 554 554 V SystemServerTiming: OnBootPhase_600_com.android.server.devicestate.DeviceStateManagerService took to complete: 0ms
04-20 12:56:39.310 554 554 D SystemServerTiming: OnBootPhase_600_com.android.server.camera.CameraServiceProxy
04-20 12:56:39.310 554 554 V SystemServerTiming: OnBootPhase_600_com.android.server.camera.CameraServiceProxy took to complete: 0ms
04-20 12:56:39.310 554 554 D SystemServerTiming: OnBootPhase_600_com.android.server.bluetooth.BluetoothService
04-20 12:56:39.310 554 554 V SystemServerTiming: OnBootPhase_600_com.android.server.bluetooth.BluetoothService took to complete: 0ms
04-20 12:56:39.310 554 554 D SystemServerTiming: OnBootPhase_600_com.android.server.connectivity.IpConnectivityMetrics
04-20 12:56:39.310 554 554 V SystemServerTiming: OnBootPhase_600_com.android.server.connectivity.IpConnectivityMetrics took to complete: 0ms
04-20 12:56:39.310 554 554 D SystemServerTiming: OnBootPhase_600_com.android.server.net.watchlist.NetworkWatchlistService$Lifecycle
04-20 12:56:39.310 554 554 V SystemServerTiming: OnBootPhase_600_com.android.server.net.watchlist.NetworkWatchlistService$Lifecycle took to complete: 0ms
04-20 12:56:39.310 554 554 D SystemServerTiming: OnBootPhase_600_com.android.server.PinnerService
04-20 12:56:39.310 554 554 V SystemServerTiming: OnBootPhase_600_com.android.server.PinnerService took to complete: 0ms
04-20 12:56:39.310 554 554 D SystemServerTiming: OnBootPhase_600_com.android.server.integrity.AppIntegrityManagerService
04-20 12:56:39.310 554 554 V SystemServerTiming: OnBootPhase_600_com.android.server.integrity.AppIntegrityManagerService took to complete: 0ms
04-20 12:56:39.311 554 554 D SystemServerTiming: OnBootPhase_600_com.android.server.logcat.LogcatManagerService
04-20 12:56:39.311 554 554 V SystemServerTiming: OnBootPhase_600_com.android.server.logcat.LogcatManagerService took to complete: 0ms
04-20 12:56:39.311 554 554 D SystemServerTiming: OnBootPhase_600_com.android.server.inputmethod.InputMethodManagerService$Lifecycle
04-20 12:56:39.311 554 554 V SystemServerTiming: OnBootPhase_600_com.android.server.inputmethod.InputMethodManagerService$Lifecycle took to complete: 0ms
04-20 12:56:39.311 554 554 D SystemServerTiming: OnBootPhase_600_com.android.server.accessibility.AccessibilityManagerService$Lifecycle
04-20 12:56:39.319 554 990 D CompatibilityChangeReporter: Compat change id reported: 135634846; UID 10080; state: DISABLED
04-20 12:56:39.344 554 990 D CompatibilityChangeReporter: Compat change id reported: 177438394; UID 10080; state: DISABLED
04-20 12:56:39.346 554 990 D CompatibilityChangeReporter: Compat change id reported: 135772972; UID 10080; state: DISABLED
04-20 12:56:39.347 554 990 D CompatibilityChangeReporter: Compat change id reported: 135754954; UID 10080; state: ENABLED
04-20 12:56:39.349 554 554 V SystemServerTiming: OnBootPhase_600_com.android.server.accessibility.AccessibilityManagerService$Lifecycle took to complete: 38ms
04-20 12:56:39.349 554 554 D SystemServerTiming: OnBootPhase_600_com.android.server.StorageManagerService$Lifecycle
04-20 12:56:39.349 554 554 V SystemServerTiming: OnBootPhase_600_com.android.server.StorageManagerService$Lifecycle took to complete: 0ms
04-20 12:56:39.349 554 554 D SystemServerTiming: OnBootPhase_600_com.android.server.usage.StorageStatsService$Lifecycle
04-20 12:56:39.349 554 554 V SystemServerTiming: OnBootPhase_600_com.android.server.usage.StorageStatsService$Lifecycle took to complete: 0ms
04-20 12:56:39.349 554 554 D SystemServerTiming: OnBootPhase_600_com.android.server.UiModeManagerService
04-20 12:56:39.349 554 554 V SystemServerTiming: OnBootPhase_600_com.android.server.UiModeManagerService took to complete: 0ms
04-20 12:56:39.350 554 554 D SystemServerTiming: OnBootPhase_600_com.android.server.locales.LocaleManagerService
04-20 12:56:39.350 554 554 V SystemServerTiming: OnBootPhase_600_com.android.server.locales.LocaleManagerService took to complete: 0ms
04-20 12:56:39.350 554 554 D SystemServerTiming: OnBootPhase_600_com.android.server.grammaticalinflection.GrammaticalInflectionService
04-20 12:56:39.350 554 554 V SystemServerTiming: OnBootPhase_600_com.android.server.grammaticalinflection.GrammaticalInflectionService took to complete: 0ms
04-20 12:56:39.350 554 554 D SystemServerTiming: OnBootPhase_600_com.android.server.apphibernation.AppHibernationService
04-20 12:56:39.350 554 554 V SystemServerTiming: OnBootPhase_600_com.android.server.apphibernation.AppHibernationService took to complete: 0ms
04-20 12:56:39.350 554 554 D SystemServerTiming: OnBootPhase_600_com.android.server.locksettings.LockSettingsService$Lifecycle
04-20 12:56:39.350 554 554 V SystemServerTiming: OnBootPhase_600_com.android.server.locksettings.LockSettingsService$Lifecycle took to complete: 0ms
04-20 12:56:39.350 554 554 D SystemServerTiming: OnBootPhase_600_com.android.server.testharness.TestHarnessModeService
04-20 12:56:39.350 554 554 V SystemServerTiming: OnBootPhase_600_com.android.server.testharness.TestHarnessModeService took to complete: 0ms
04-20 12:56:39.351 554 554 D SystemServerTiming: OnBootPhase_600_com.android.server.DeviceIdleController
04-20 12:56:39.351 554 554 V SystemServerTiming: OnBootPhase_600_com.android.server.DeviceIdleController took to complete: 0ms
04-20 12:56:39.351 554 554 D SystemServerTiming: OnBootPhase_600_com.android.server.devicepolicy.DevicePolicyManagerService$Lifecycle
04-20 12:56:39.351 554 554 V SystemServerTiming: OnBootPhase_600_com.android.server.devicepolicy.DevicePolicyManagerService$Lifecycle took to complete: 0ms
04-20 12:56:39.351 554 554 D SystemServerTiming: OnBootPhase_600_com.android.server.texttospeech.TextToSpeechManagerService
04-20 12:56:39.360 554 554 V SystemServerTiming: OnBootPhase_600_com.android.server.texttospeech.TextToSpeechManagerService took to complete: 10ms
04-20 12:56:39.361 554 554 D SystemServerTiming: OnBootPhase_600_com.android.server.ambientcontext.AmbientContextManagerService
04-20 12:56:39.361 554 554 V SystemServerTiming: OnBootPhase_600_com.android.server.ambientcontext.AmbientContextManagerService took to complete: 0ms
04-20 12:56:39.361 554 554 D SystemServerTiming: OnBootPhase_600_com.android.server.wearable.WearableSensingManagerService
04-20 12:56:39.361 554 554 V SystemServerTiming: OnBootPhase_600_com.android.server.wearable.WearableSensingManagerService took to complete: 0ms
04-20 12:56:39.361 554 554 D SystemServerTiming: OnBootPhase_600_com.android.server.speech.SpeechRecognitionManagerService
04-20 12:56:39.362 554 554 V SystemServerTiming: OnBootPhase_600_com.android.server.speech.SpeechRecognitionManagerService took to complete: 1ms
04-20 12:56:39.362 554 554 D SystemServerTiming: OnBootPhase_600_com.android.server.searchui.SearchUiManagerService
04-20 12:56:39.362 554 554 V SystemServerTiming: OnBootPhase_600_com.android.server.searchui.SearchUiManagerService took to complete: 0ms
04-20 12:56:39.362 554 554 D SystemServerTiming: OnBootPhase_600_com.android.server.smartspace.SmartspaceManagerService
04-20 12:56:39.363 554 554 V SystemServerTiming: OnBootPhase_600_com.android.server.smartspace.SmartspaceManagerService took to complete: 0ms
04-20 12:56:39.363 554 554 D SystemServerTiming: OnBootPhase_600_com.android.server.graphics.fonts.FontManagerService$Lifecycle
04-20 12:56:39.363 554 554 V SystemServerTiming: OnBootPhase_600_com.android.server.graphics.fonts.FontManagerService$Lifecycle took to complete: 0ms
04-20 12:56:39.363 554 554 D SystemServerTiming: OnBootPhase_600_com.android.server.textservices.TextServicesManagerService$Lifecycle
04-20 12:56:39.363 554 554 V SystemServerTiming: OnBootPhase_600_com.android.server.textservices.TextServicesManagerService$Lifecycle took to complete: 0ms
04-20 12:56:39.363 554 554 D SystemServerTiming: OnBootPhase_600_com.android.server.textclassifier.TextClassificationManagerService$Lifecycle
04-20 12:56:39.363 554 554 V SystemServerTiming: OnBootPhase_600_com.android.server.textclassifier.TextClassificationManagerService$Lifecycle took to complete: 0ms
04-20 12:56:39.363 554 554 D SystemServerTiming: OnBootPhase_600_com.android.server.NetworkScoreService$Lifecycle
04-20 12:56:39.368 554 554 V SystemServerTiming: OnBootPhase_600_com.android.server.NetworkScoreService$Lifecycle took to complete: 0ms
04-20 12:56:39.368 554 554 D SystemServerTiming: OnBootPhase_600_com.android.server.NetworkStatsServiceInitializer
04-20 12:56:39.368 554 554 V SystemServerTiming: OnBootPhase_600_com.android.server.NetworkStatsServiceInitializer took to complete: 0ms
04-20 12:56:39.368 554 554 D SystemServerTiming: OnBootPhase_600_com.android.server.wifi.WifiService
04-20 12:56:39.368 554 554 V SystemServerTiming: OnBootPhase_600_com.android.server.wifi.WifiService took to complete: 0ms
04-20 12:56:39.368 554 554 D SystemServerTiming: OnBootPhase_600_com.android.server.wifi.scanner.WifiScanningService
04-20 12:56:39.368 554 554 V SystemServerTiming: OnBootPhase_600_com.android.server.wifi.scanner.WifiScanningService took to complete: 0ms
04-20 12:56:39.368 554 554 D SystemServerTiming: OnBootPhase_600_com.android.server.wifi.p2p.WifiP2pService
04-20 12:56:39.368 554 554 V SystemServerTiming: OnBootPhase_600_com.android.server.wifi.p2p.WifiP2pService took to complete: 0ms
04-20 12:56:39.368 554 554 D SystemServerTiming: OnBootPhase_600_com.android.server.ConnectivityServiceInitializer
04-20 12:56:39.378 347 347 W Zygote : forkRepeatedly terminated due to non-simple command
04-20 12:56:39.378 347 347 D Zygote : mbuffer starts with 14, nice name is webview_zygote, mEnd = 394, mNext = 165, mLinesLeft = 6, mFd = 6
04-20 12:56:39.411 347 347 I Zygote : Process 989 exited cleanly (0)
04-20 12:56:39.416 554 984 I ActivityManager: Process WebViewLoader-x86_64 (pid 989) has died: psvc PER
04-20 12:56:39.436 554 576 D DisplayManagerService: Drop pending events for gone uid 1037
04-20 12:56:39.463 554 984 D OomAdjuster: Not killing cached processes
04-20 12:56:39.482 347 347 D Zygote : Forked child process 1017
04-20 12:56:39.501 554 590 I libprocessgroup: Successfully killed process cgroup uid 1037 pid 989 in 100ms
04-20 12:56:39.505 554 990 W ZygoteProcess: Got error connecting to zygote, retrying. msg= Connection refused
04-20 12:56:39.562 554 554 D FastPairService: fail to initiate the fast pair proxy provider
04-20 12:56:39.562 554 554 W FastPairDataProvider: no proxy fast pair data provider found
04-20 12:56:39.562 554 554 W SystemServiceManager: Service com.android.server.ConnectivityServiceInitializer took 193 ms in onBootPhase
04-20 12:56:39.562 554 554 V SystemServerTiming: OnBootPhase_600_com.android.server.ConnectivityServiceInitializer took to complete: 193ms
04-20 12:56:39.562 554 554 D SystemServerTiming: OnBootPhase_600_com.android.server.notification.NotificationManagerService
04-20 12:56:39.603 554 990 W ZygoteProcess: Got error connecting to zygote, retrying. msg= Connection refused
04-20 12:56:39.640 554 587 I PackageWatchdog: Saving observer state to file
04-20 12:56:39.643 554 575 W Looper : Slow dispatch took 163ms android.fg h=android.os.Handler c= m=0
04-20 12:56:39.688 554 990 W ZygoteProcess: Got error connecting to zygote, retrying. msg= Connection refused
04-20 12:56:39.695 554 575 W Looper : Slow delivery took 207ms android.fg h=com.android.server.pm.permission.PermissionManagerServiceImpl$OnPermissionChangeListeners c=null m=1
04-20 12:56:39.708 554 576 W Looper : Slow dispatch took 189ms android.ui h=com.android.server.am.ActivityManagerService$UiHandler c=com.android.server.am.UidObserverController$$ExternalSyntheticLambda0@dbd6cb8 m=0
04-20 12:56:39.735 554 554 D NotificationService: Reset NAS setting and migrate to new default
04-20 12:56:39.742 554 576 W Looper : Slow delivery took 209ms android.ui h=com.android.server.am.ActivityManagerService$UiHandler c=com.android.server.am.UidObserverController$$ExternalSyntheticLambda0@dbd6cb8 m=0
04-20 12:56:39.757 554 990 W ZygoteProcess: Got error connecting to zygote, retrying. msg= Connection refused
04-20 12:56:39.765 554 554 D NotificationAssistants: Approving default notification assistant for user 0
04-20 12:56:39.774 554 642 D CompatibilityChangeReporter: Compat change id reported: 265195908; UID 10102; state: ENABLED
04-20 12:56:39.781 1017 1017 I webview_zygote: Using CollectorTypeCC GC.
04-20 12:56:39.811 554 990 W ZygoteProcess: Got error connecting to zygote, retrying. msg= Connection refused
04-20 12:56:39.825 1017 1017 I WebViewZygoteInit: Starting WebViewZygoteInit
04-20 12:56:39.844 554 554 I ConditionProviders: Allowing condition provider android.ext.services/android.ext.services.notification.Assistant (userSet: true)
04-20 12:56:39.943 1017 1017 I WebViewZygoteInit: Beginning application preload for com.android.webview
04-20 12:56:40.014 1017 1017 D nativeloader: InitLlndkLibrariesProduct: libEGL.so:libGLESv1_CM.so:libGLESv2.so:libGLESv3.so:libRS.so:libandroid_net.so:libbinder_ndk.so:libc.so:libcgrouprc.so:libclang_rt.asan-x86_64-android.so:libcom.android.tethering.connectivity_native.so:libdl.so:libft2.so:liblog.so:libm.so:libmediandk.so:libnativewindow.so:libneuralnetworks.so:libselinux.so:libsync.so:libvndksupport.so:libvulkan.so
04-20 12:56:40.014 1017 1017 D nativeloader: Configuring product-clns-6 for unbundled product apk /product/app/webview/webview.apk. target_sdk_version=34, uses_libraries=, library_path=/product/app/webview/lib/x86_64:/product/app/webview/webview.apk!/lib/x86_64:/product/lib64:/system/product/lib64, permitted_path=/data:/mnt/expand:/product/lib64:/system/product/lib64
04-20 12:56:40.026 1017 1017 D nativeloader: InitVndkspLibrariesProduct: android.hardware.common-V2-ndk.so:android.hardware.common.fmq-V1-ndk.so:android.hardware.graphics.allocator-V2-ndk.so:android.hardware.graphics.common-V4-ndk.so:android.hardware.graphics.common@1.0.so:android.hardware.graphics.common@1.1.so:android.hardware.graphics.common@1.2.so:android.hardware.graphics.composer3-V1-ndk.so:android.hardware.graphics.mapper@2.0.so:android.hardware.graphics.mapper@2.1.so:android.hardware.graphics.mapper@3.0.so:android.hardware.graphics.mapper@4.0.so:android.hardware.renderscript@1.0.so:android.hidl.memory.token@1.0.so:android.hidl.memory@1.0-impl.so:android.hidl.memory@1.0.so:android.hidl.safe_union@1.0.so:libRSCpuRef.so:libRSDriver.so:libRS_internal.so:libbase.so:libbcinfo.so:libblas.so:libc++.so:libcompiler_rt.so:libcutils.so:libdmabufheap.so:libgralloctypes.so:libhardware.so:libhidlbase.so:libhidlmemory.so:libion.so:libjsoncpp.so:liblzma.so:libprocessgroup.so:libunwindstack.so:libutils.so:libutilscallstack.so:libz.so
04-20 12:56:40.101 554 565 I system_server: Background young concurrent copying GC freed 174082(8698KB) AllocSpace objects, 6(312KB) LOS objects, 35% free, 12MB/18MB, paused 15.488ms,12.682ms total 1.237s
04-20 12:56:40.152 554 554 W system_server: Long monitor contention with owner android.fg (575) at com.android.server.pm.Computer com.android.server.pm.PackageManagerService.snapshotComputer(boolean)(PackageManagerService.java:1195) waiters=0 in com.android.server.pm.Computer com.android.server.pm.PackageManagerService.snapshotComputer(boolean) for 307ms
04-20 12:56:40.155 554 554 W SystemServiceManager: Service com.android.server.notification.NotificationManagerService took 592 ms in onBootPhase
04-20 12:56:40.164 554 554 V SystemServerTiming: OnBootPhase_600_com.android.server.notification.NotificationManagerService took to complete: 602ms
04-20 12:56:40.165 554 554 D SystemServerTiming: OnBootPhase_600_com.android.server.storage.DeviceStorageMonitorService
04-20 12:56:40.166 554 554 V SystemServerTiming: OnBootPhase_600_com.android.server.storage.DeviceStorageMonitorService took to complete: 0ms
04-20 12:56:40.166 554 554 D SystemServerTiming: OnBootPhase_600_com.android.server.timedetector.TimeDetectorService$Lifecycle
04-20 12:56:40.167 554 554 V SystemServerTiming: OnBootPhase_600_com.android.server.timedetector.TimeDetectorService$Lifecycle took to complete: 0ms
04-20 12:56:40.167 554 554 D SystemServerTiming: OnBootPhase_600_com.android.server.location.LocationManagerService$Lifecycle
04-20 12:56:40.178 554 575 W Looper : Slow dispatch took 414ms android.fg h=android.os.Handler c= m=0
04-20 12:56:40.178 554 984 W system_server: Long monitor contention with owner android.fg (575) at com.android.server.pm.Computer com.android.server.pm.PackageManagerService.snapshotComputer(boolean)(PackageManagerService.java:1195) waiters=1 in com.android.server.pm.Computer com.android.server.pm.PackageManagerService.snapshotComputer(boolean) for 295ms
04-20 12:56:40.189 1017 1017 I WebViewZygoteInit: Application preload done
04-20 12:56:40.197 554 554 W LocationManagerService: no network location provider found
04-20 12:56:40.208 554 575 W Looper : Drained
04-20 12:56:40.222 554 554 D CompatibilityChangeReporter: Compat change id reported: 161145287; UID 1000; state: ENABLED
04-20 12:56:40.232 554 554 I ServiceWatcher: [fused] chose new implementation 1000/com.android.location.fused/.FusedLocationService@0
04-20 12:56:40.260 0 0 I servicemanager: Found android.hardware.gnss.IGnss/default in device VINTF manifest.
04-20 12:56:40.264 0 0 I servicemanager: Since 'android.hardware.gnss.IGnss/default' could not be found, trying to start it as a lazy AIDL service. (if it's not configured to be a lazy service, it may be stuck starting or still starting).
04-20 12:56:40.277 554 575 D CompatibilityChangeReporter: Compat change id reported: 261072174; UID 1000; state: ENABLED
04-20 12:56:40.277 0 0 I init : starting service 'vendor.gnss.ranchu'...
04-20 12:56:40.365 0 0 I init : ... started service 'vendor.gnss.ranchu' has pid 1031
04-20 12:56:40.365 0 0 I init : Control message: Processed ctl.interface_start for 'aidl/android.hardware.gnss.IGnss/default' from pid: 153 (/system/bin/servicemanager)
04-20 12:56:40.555 1031 1031 I AidlLazyServiceRegistrar: Registering service android.hardware.gnss.IGnss/default
04-20 12:56:40.576 0 0 I servicemanager: Found android.hardware.gnss.IGnss/default in device VINTF manifest.
04-20 12:56:40.581 0 0 I BpBinder: onLastStrongRef automatically unlinking death recipients:
04-20 12:56:40.586 554 554 D GnssJni : Successfully got GNSS AIDL handle. Version=2.
04-20 12:56:40.606 554 554 D CompatibilityChangeReporter: Compat change id reported: 157233955; UID 1000; state: ENABLED
04-20 12:56:40.631 554 554 D GnssJni : Successfully linked to GNSS AIDL HAl death notification
04-20 12:56:40.650 554 554 D GnssCallbackJni: gnssSetCapabilitiesCb: 65u
04-20 12:56:40.651 554 554 I GnssManager: gnss capabilities changed to [SCHEDULING]
04-20 12:56:40.655 554 554 D GnssCallbackJni: gnssSetSystemInfoCb: yearOfHw=2023, name=Android Studio Emulator GPS
04-20 12:56:40.664 554 554 I GnssLocationProviderJni: Unable to initialize IGnssNi interface.
04-20 12:56:40.672 554 554 D GnssLocationProviderJni: GnssPowerIndicationCallback::setCapabilitiesCb: 63u
04-20 12:56:40.673 554 554 I GnssManager: gnss capabilities changed to [SCHEDULING TOTAL_POWER SINGLEBAND_TRACKING_POWER MULTIBAND_TRACKING_POWER SINGLEBAND_ACQUISITION_POWER MULTIBAND_ACQUISITION_POWER OTHER_MODES_POWER]
04-20 12:56:40.677 554 554 I GnssManager: gnss hal initialized
04-20 12:56:40.677 554 554 I GnssManager: gnss hal started
04-20 12:56:40.693 554 554 E LocationManagerService: no geocoder provider found
04-20 12:56:40.694 554 554 E ActivityRecognitionHardware: activity_recognition HAL is deprecated. is_supported is effectively a no-op
04-20 12:56:40.694 554 554 E LocationManagerService: unable to bind ActivityRecognitionProxy
04-20 12:56:40.695 554 554 E LocationManagerService: unable to bind to GeofenceProxy
04-20 12:56:40.695 554 554 W SystemServiceManager: Service com.android.server.location.LocationManagerService$Lifecycle took 527 ms in onBootPhase
