04-20 12:54:20.697 0 0 D LibBpfLoader: Couldn't find section btf_min_kernel_ver (defaulting to 0 [0x0]).
04-20 12:54:20.699 0 0 D LibBpfLoader: bpf_create_map name test_ringbuf, ret: 6
04-20 12:54:20.699 0 0 I LibBpfLoader: map /sys/fs/bpf/map_bpfRingbufProg_test_ringbuf id 32
04-20 12:54:20.699 0 0 D LibBpfLoader: map_fd found at 0 is 6 in /system/etc/bpf/bpfRingbufProg.o
04-20 12:54:20.701 0 0 D LibBpfLoader: cs[0].name:skfilter_ringbuf_test min_kver:5080000 .max_kver:ffffffff (kvers:6010017)
04-20 12:54:20.701 0 0 D LibBpfLoader: cs[0].name:skfilter_ringbuf_test requires bpfloader version [0x0001c,0x10000)
04-20 12:54:20.706 0 0 D LibBpfLoader: bpf_prog_load lib call for /system/etc/bpf/bpfRingbufProg.o (skfilter_ringbuf_test) returned fd: 7 (no error)
04-20 12:54:20.707 0 0 I LibBpfLoader: prog /sys/fs/bpf/prog_bpfRingbufProg_skfilter_ringbuf_test id 30
04-20 12:54:20.707 0 0 I bpfloader: Loaded object: /system/etc/bpf/bpfRingbufProg.o
04-20 12:54:20.710 0 0 D LibBpfLoader: Loading optional ELF object /system/etc/bpf/timeInState.o with license GPL
04-20 12:54:20.711 0 0 I LibBpfLoader: Section bpfloader_min_ver value is 28 [0x1c]
04-20 12:54:20.711 0 0 I LibBpfLoader: Section bpfloader_max_ver value is 65536 [0x10000]
04-20 12:54:20.711 0 0 D LibBpfLoader: Couldn't find section bpfloader_min_required_ver (defaulting to 0 [0x0]).
04-20 12:54:20.712 0 0 I LibBpfLoader: Section size_of_bpf_map_def value is 120 [0x78]
04-20 12:54:20.712 0 0 I LibBpfLoader: Section size_of_bpf_prog_def value is 92 [0x5c]
04-20 12:54:20.712 0 0 I LibBpfLoader: BpfLoader version 0x00026 processing ELF object /system/etc/bpf/timeInState.o with ver [0x0001c,0x10000)
04-20 12:54:20.720 0 0 D LibBpfLoader: Loaded code section 3 (tracepoint_sched_sched_switch)
04-20 12:54:20.722 0 0 D LibBpfLoader: Loaded relo section 3 (.reltracepoint/sched/sched_switch)
04-20 12:54:20.722 0 0 D LibBpfLoader: Adding section 3 to cs list
04-20 12:54:20.723 0 0 D LibBpfLoader: Loaded code section 5 (tracepoint_power_cpu_frequency)
04-20 12:54:20.725 0 0 D LibBpfLoader: Loaded relo section 5 (.reltracepoint/power/cpu_frequency)
04-20 12:54:20.725 0 0 D LibBpfLoader: Adding section 5 to cs list
04-20 12:54:20.725 0 0 D LibBpfLoader: Loaded code section 7 (tracepoint_sched_sched_process_free)
04-20 12:54:20.728 0 0 D LibBpfLoader: Loaded relo section 7 (.reltracepoint/sched/sched_process_free)
04-20 12:54:20.728 0 0 D LibBpfLoader: Adding section 7 to cs list
04-20 12:54:20.738 0 0 D LibBpfLoader: Couldn't find section btf_min_bpfloader_ver (defaulting to 0 [0x0]).
04-20 12:54:20.739 0 0 D LibBpfLoader: Couldn't find section btf_min_kernel_ver (defaulting to 0 [0x0]).
04-20 12:54:20.840 0 0 D LibBpfLoader: bpf_create_map name total_time_in_state_map, ret: 6
04-20 12:54:20.841 0 0 I LibBpfLoader: map /sys/fs/bpf/map_timeInState_total_time_in_state_map id 33
04-20 12:54:20.845 0 0 D LibBpfLoader: bpf_create_map name uid_time_in_state_map, ret: 8
04-20 12:54:20.845 0 0 I LibBpfLoader: map /sys/fs/bpf/map_timeInState_uid_time_in_state_map id 34
04-20 12:54:20.851 0 0 D LibBpfLoader: bpf_create_map name uid_concurrent_times_map, ret: 9
04-20 12:54:20.851 0 0 I LibBpfLoader: map /sys/fs/bpf/map_timeInState_uid_concurrent_times_map id 35
04-20 12:54:20.852 0 0 D LibBpfLoader: bpf_create_map name uid_last_update_map, ret: 10
04-20 12:54:20.852 0 0 I LibBpfLoader: map /sys/fs/bpf/map_timeInState_uid_last_update_map id 36
04-20 12:54:20.853 0 0 D LibBpfLoader: bpf_create_map name cpu_last_update_map, ret: 11
04-20 12:54:20.853 0 0 I LibBpfLoader: map /sys/fs/bpf/map_timeInState_cpu_last_update_map id 37
04-20 12:54:20.853 0 0 D LibBpfLoader: bpf_create_map name cpu_last_pid_map, ret: 12
04-20 12:54:20.854 0 0 I LibBpfLoader: map /sys/fs/bpf/map_timeInState_cpu_last_pid_map id 38
04-20 12:54:20.854 0 0 D LibBpfLoader: bpf_create_map name cpu_policy_map, ret: 13
04-20 12:54:20.855 0 0 I LibBpfLoader: map /sys/fs/bpf/map_timeInState_cpu_policy_map id 39
04-20 12:54:20.855 0 0 D LibBpfLoader: bpf_create_map name policy_freq_idx_map, ret: 14
04-20 12:54:20.856 0 0 I LibBpfLoader: map /sys/fs/bpf/map_timeInState_policy_freq_idx_map id 40
04-20 12:54:20.856 0 0 D LibBpfLoader: bpf_create_map name freq_to_idx_map, ret: 15
04-20 12:54:20.857 0 0 I LibBpfLoader: map /sys/fs/bpf/map_timeInState_freq_to_idx_map id 41
04-20 12:54:20.857 0 0 D LibBpfLoader: bpf_create_map name nr_active_map, ret: 16
04-20 12:54:20.857 0 0 I LibBpfLoader: map /sys/fs/bpf/map_timeInState_nr_active_map id 42
04-20 12:54:20.857 0 0 D LibBpfLoader: bpf_create_map name policy_nr_active_map, ret: 17
04-20 12:54:20.858 0 0 I LibBpfLoader: map /sys/fs/bpf/map_timeInState_policy_nr_active_map id 43
04-20 12:54:20.859 0 0 D LibBpfLoader: bpf_create_map name pid_tracked_hash_map, ret: 18
04-20 12:54:20.859 0 0 I LibBpfLoader: map /sys/fs/bpf/map_timeInState_pid_tracked_hash_map id 44
04-20 12:54:20.860 0 0 D LibBpfLoader: bpf_create_map name pid_tracked_map, ret: 19
04-20 12:54:20.860 0 0 I LibBpfLoader: map /sys/fs/bpf/map_timeInState_pid_tracked_map id 45
04-20 12:54:20.860 0 0 D LibBpfLoader: bpf_create_map name pid_task_aggregation_map, ret: 20
04-20 12:54:20.860 0 0 I LibBpfLoader: map /sys/fs/bpf/map_timeInState_pid_task_aggregation_map id 46
04-20 12:54:20.865 0 0 D LibBpfLoader: bpf_create_map name pid_time_in_state_map, ret: 21
04-20 12:54:20.865 0 0 I LibBpfLoader: map /sys/fs/bpf/map_timeInState_pid_time_in_state_map id 47
04-20 12:54:20.865 0 0 D LibBpfLoader: map_fd found at 0 is 6 in /system/etc/bpf/timeInState.o
04-20 12:54:20.865 0 0 D LibBpfLoader: map_fd found at 1 is 8 in /system/etc/bpf/timeInState.o
04-20 12:54:20.865 0 0 D LibBpfLoader: map_fd found at 2 is 9 in /system/etc/bpf/timeInState.o
04-20 12:54:20.865 0 0 D LibBpfLoader: map_fd found at 3 is 10 in /system/etc/bpf/timeInState.o
04-20 12:54:20.866 0 0 D LibBpfLoader: map_fd found at 4 is 11 in /system/etc/bpf/timeInState.o
04-20 12:54:20.866 0 0 D LibBpfLoader: map_fd found at 5 is 12 in /system/etc/bpf/timeInState.o
04-20 12:54:20.866 0 0 D LibBpfLoader: map_fd found at 6 is 13 in /system/etc/bpf/timeInState.o
04-20 12:54:20.866 0 0 D LibBpfLoader: map_fd found at 7 is 14 in /system/etc/bpf/timeInState.o
04-20 12:54:20.866 0 0 D LibBpfLoader: map_fd found at 8 is 15 in /system/etc/bpf/timeInState.o
04-20 12:54:20.866 0 0 D LibBpfLoader: map_fd found at 9 is 16 in /system/etc/bpf/timeInState.o
04-20 12:54:20.866 0 0 D LibBpfLoader: map_fd found at 10 is 17 in /system/etc/bpf/timeInState.o
04-20 12:54:20.866 0 0 D LibBpfLoader: map_fd found at 11 is 18 in /system/etc/bpf/timeInState.o
04-20 12:54:20.866 0 0 D LibBpfLoader: map_fd found at 12 is 19 in /system/etc/bpf/timeInState.o
04-20 12:54:20.866 0 0 D LibBpfLoader: map_fd found at 13 is 20 in /system/etc/bpf/timeInState.o
04-20 12:54:20.866 0 0 D LibBpfLoader: map_fd found at 14 is 21 in /system/etc/bpf/timeInState.o
04-20 12:54:20.899 0 0 D LibBpfLoader: cs[0].name:tracepoint_sched_sched_switch min_kver:0 .max_kver:ffffffff (kvers:6010017)
04-20 12:54:20.899 0 0 D LibBpfLoader: cs[0].name:tracepoint_sched_sched_switch requires bpfloader version [0x0001c,0x10000)
04-20 12:54:20.915 0 0 D LibBpfLoader: bpf_prog_load lib call for /system/etc/bpf/timeInState.o (tracepoint_sched_sched_switch) returned fd: 7 (no error)
04-20 12:54:20.916 0 0 I LibBpfLoader: prog /sys/fs/bpf/prog_timeInState_tracepoint_sched_sched_switch id 31
04-20 12:54:20.916 0 0 D LibBpfLoader: cs[1].name:tracepoint_power_cpu_frequency min_kver:0 .max_kver:ffffffff (kvers:6010017)
04-20 12:54:20.916 0 0 D LibBpfLoader: cs[1].name:tracepoint_power_cpu_frequency requires bpfloader version [0x0001c,0x10000)
04-20 12:54:20.921 0 0 D LibBpfLoader: bpf_prog_load lib call for /system/etc/bpf/timeInState.o (tracepoint_power_cpu_frequency) returned fd: 22 (no error)
04-20 12:54:20.923 0 0 I LibBpfLoader: prog /sys/fs/bpf/prog_timeInState_tracepoint_power_cpu_frequency id 32
04-20 12:54:20.923 0 0 D LibBpfLoader: cs[2].name:tracepoint_sched_sched_process_free min_kver:0 .max_kver:ffffffff (kvers:6010017)
04-20 12:54:20.923 0 0 D LibBpfLoader: cs[2].name:tracepoint_sched_sched_process_free requires bpfloader version [0x0001c,0x10000)
04-20 12:54:20.929 0 0 D LibBpfLoader: bpf_prog_load lib call for /system/etc/bpf/timeInState.o (tracepoint_sched_sched_process_free) returned fd: 23 (no error)
04-20 12:54:20.931 0 0 I LibBpfLoader: prog /sys/fs/bpf/prog_timeInState_tracepoint_sched_sched_process_free id 33
04-20 12:54:20.932 0 0 I bpfloader: Loaded object: /system/etc/bpf/timeInState.o
04-20 12:54:20.934 0 0 D LibBpfLoader: Loading optional ELF object /system/etc/bpf/gpuMem.o with license Apache 2.0
04-20 12:54:20.934 0 0 I LibBpfLoader: Section bpfloader_min_ver value is 28 [0x1c]
04-20 12:54:20.935 0 0 I LibBpfLoader: Section bpfloader_max_ver value is 65536 [0x10000]
04-20 12:54:20.935 0 0 D LibBpfLoader: Couldn't find section bpfloader_min_required_ver (defaulting to 0 [0x0]).
04-20 12:54:20.935 0 0 I LibBpfLoader: Section size_of_bpf_map_def value is 120 [0x78]
04-20 12:54:20.936 0 0 I LibBpfLoader: Section size_of_bpf_prog_def value is 92 [0x5c]
04-20 12:54:20.936 0 0 I LibBpfLoader: BpfLoader version 0x00026 processing ELF object /system/etc/bpf/gpuMem.o with ver [0x0001c,0x10000)
04-20 12:54:20.940 0 0 D LibBpfLoader: Loaded code section 3 (tracepoint_gpu_mem_gpu_mem_total)
04-20 12:54:20.941 0 0 D LibBpfLoader: Loaded relo section 3 (.reltracepoint/gpu_mem/gpu_mem_total)
04-20 12:54:20.941 0 0 D LibBpfLoader: Adding section 3 to cs list
04-20 12:54:20.946 0 0 D LibBpfLoader: Couldn't find section btf_min_bpfloader_ver (defaulting to 0 [0x0]).
04-20 12:54:20.947 0 0 D LibBpfLoader: Couldn't find section btf_min_kernel_ver (defaulting to 0 [0x0]).
04-20 12:54:21.015 0 0 D LibBpfLoader: bpf_create_map name gpu_mem_total_map, ret: 6
04-20 12:54:21.015 0 0 I LibBpfLoader: map /sys/fs/bpf/map_gpuMem_gpu_mem_total_map id 48
04-20 12:54:21.016 0 0 D LibBpfLoader: map_fd found at 0 is 6 in /system/etc/bpf/gpuMem.o
04-20 12:54:21.018 0 0 D LibBpfLoader: cs[0].name:tracepoint_gpu_mem_gpu_mem_total min_kver:0 .max_kver:ffffffff (kvers:6010017)
04-20 12:54:21.019 0 0 D LibBpfLoader: cs[0].name:tracepoint_gpu_mem_gpu_mem_total requires bpfloader version [0x0001c,0x10000)
04-20 12:54:21.024 0 0 D LibBpfLoader: bpf_prog_load lib call for /system/etc/bpf/gpuMem.o (tracepoint_gpu_mem_gpu_mem_total) returned fd: 7 (no error)
04-20 12:54:21.025 0 0 I LibBpfLoader: prog /sys/fs/bpf/prog_gpuMem_tracepoint_gpu_mem_gpu_mem_total id 34
04-20 12:54:21.025 0 0 I bpfloader: Loaded object: /system/etc/bpf/gpuMem.o
04-20 12:54:21.032 0 0 I init : Service 'bpfloader' (pid 333) exited with status 0 waiting took 2.379000 seconds
04-20 12:54:21.032 0 0 I init : Sending signal 9 to service 'bpfloader' (pid 333) process group...
04-20 12:54:21.032 0 0 I libprocessgroup: Successfully killed process cgroup uid 0 pid 333 in 0ms
04-20 12:54:21.035 0 0 I init : processing action (ro.crypto.state=encrypted && ro.crypto.type=file && zygote-start) from (/system/etc/init/hw/init.rc:1090)
04-20 12:54:21.036 0 0 I init : start_waiting_for_property("odsign.verification.done", "1"): already set
04-20 12:54:21.037 0 0 I init : starting service 'update_verifier_nonencrypted'...
04-20 12:54:21.072 0 0 I init : ... started service 'update_verifier_nonencrypted' has pid 344
04-20 12:54:21.074 0 0 I init : SVC_EXEC service 'update_verifier_nonencrypted' pid 344 (uid 0 gid 2001+1 context default) started; waiting...
04-20 12:54:21.186 0 0 I init : Service 'update_verifier_nonencrypted' (pid 344) exited with status 0 waiting took 0.145000 seconds
04-20 12:54:21.187 0 0 I init : Sending signal 9 to service 'update_verifier_nonencrypted' (pid 344) process group...
04-20 12:54:21.187 0 0 I libprocessgroup: Successfully killed process cgroup uid 0 pid 344 in 0ms
04-20 12:54:21.199 0 0 I init : starting service 'statsd'...
04-20 12:54:21.208 0 0 I init : Created socket '/dev/socket/statsdw', mode 222, user 1066, group 1066
04-20 12:54:21.250 0 0 I init : ... started service 'statsd' has pid 345
04-20 12:54:21.251 0 0 I init : Command 'start statsd' action=ro.crypto.state=encrypted && ro.crypto.type=file && zygote-start (/system/etc/init/hw/init.rc:1094) took 56ms and succeeded
04-20 12:54:21.252 0 0 I init : starting service 'netd'...
04-20 12:54:21.255 0 0 I init : Created socket '/dev/socket/dnsproxyd', mode 660, user 0, group 3003
04-20 12:54:21.256 0 0 I init : Created socket '/dev/socket/mdns', mode 660, user 0, group 1000
04-20 12:54:21.257 0 0 I init : Created socket '/dev/socket/fwmarkd', mode 660, user 0, group 3003
04-20 12:54:21.288 0 0 I init : ... started service 'netd' has pid 346
04-20 12:54:21.290 0 0 I init : starting service 'zygote'...
04-20 12:54:21.293 0 0 I init : Created socket '/dev/socket/zygote', mode 660, user 0, group 1000
04-20 12:54:21.306 0 0 I init : Created socket '/dev/socket/usap_pool_primary', mode 660, user 0, group 1000
04-20 12:54:21.354 0 0 I init : ... started service 'zygote' has pid 347
04-20 12:54:21.355 0 0 I init : Command 'start zygote' action=ro.crypto.state=encrypted && ro.crypto.type=file && zygote-start (/system/etc/init/hw/init.rc:1096) took 66ms and succeeded
04-20 12:54:21.355 0 0 I init : Command 'start zygote_secondary' action=ro.crypto.state=encrypted && ro.crypto.type=file && zygote-start (/system/etc/init/hw/init.rc:1097) took 0ms and failed: service zygote_secondary not found
04-20 12:54:21.355 0 0 I init : processing action (zygote-start) from (/vendor/etc/init/hw/init.ranchu.rc:68)
04-20 12:54:21.376 0 0 I init : processing action (firmware_mounts_complete) from (/system/etc/init/hw/init.rc:528)
04-20 12:54:21.377 0 0 I init : processing action (early-boot) from (/system/etc/init/installd.rc:7)
04-20 12:54:21.589 0 0 I init : processing action (boot) from (/system/etc/init/hw/init.rc:1104)
04-20 12:54:21.623 0 0 I init : Command 'symlink /sys/fs/f2fs/${dev.mnt.dev.data} /dev/sys/fs/by-name/userdata' action=boot (/system/etc/init/hw/init.rc:1127) took 0ms and failed: property 'dev.mnt.dev.data' doesn't exist while expanding '/sys/fs/f2fs/${dev.mnt.dev.data}'
04-20 12:54:21.625 0 0 I init : Command 'symlink /sys/class/block/${dev.mnt.dev.data} /dev/sys/block/by-name/userdata' action=boot (/system/etc/init/hw/init.rc:1132) took 0ms and failed: property 'dev.mnt.dev.data' doesn't exist while expanding '/sys/class/block/${dev.mnt.dev.data}'
04-20 12:54:21.625 0 0 I init : Command 'symlink /sys/class/block/${dev.mnt.rootdisk.data} /dev/sys/block/by-name/rootdisk' action=boot (/system/etc/init/hw/init.rc:1133) took 0ms and failed: property 'dev.mnt.rootdisk.data' doesn't exist while expanding '/sys/class/block/${dev.mnt.rootdisk.data}'
04-20 12:54:21.660 0 0 I init : starting service 'hidl_memory'...
04-20 12:54:21.755 0 0 I init : ... started service 'hidl_memory' has pid 348
04-20 12:54:21.756 0 0 I init : starting service 'vendor.audio-hal'...
04-20 12:54:21.814 0 0 I init : ... started service 'vendor.audio-hal' has pid 349
04-20 12:54:21.827 0 0 I init : starting service 'vendor.authsecret_default'...
04-20 12:54:21.923 345 345 I ServiceManagerCppClient: Waiting for service 'statscompanion' on '/dev/binder'...
04-20 12:54:21.978 0 0 I init : ... started service 'vendor.authsecret_default' has pid 352
04-20 12:54:21.979 0 0 I init : starting service 'vendor.camera-provider-ranchu'...
04-20 12:54:22.006 0 0 I init : ... started service 'vendor.camera-provider-ranchu' has pid 354
04-20 12:54:22.012 0 0 I init : starting service 'vendor.camera-provider-2-7-google'...
04-20 12:54:22.070 0 0 I init : ... started service 'vendor.camera-provider-2-7-google' has pid 355
04-20 12:54:22.085 0 0 I init : starting service 'vendor.gatekeeper-1-0'...
04-20 12:54:22.267 0 0 I init : ... started service 'vendor.gatekeeper-1-0' has pid 356
04-20 12:54:22.268 0 0 I init : starting service 'vendor.gralloc-3-0'...
04-20 12:54:22.438 0 0 I init : ... started service 'vendor.gralloc-3-0' has pid 357
04-20 12:54:22.440 0 0 I init : starting service 'vendor.health-default'...
04-20 12:54:22.594 348 348 I HidlServiceManagement: Registered android.hidl.allocator@1.0::IAllocator/ashmem
04-20 12:54:22.602 348 348 I HidlServiceManagement: Removing namespace from process name android.hidl.allocator@1.0-service to allocator@1.0-service.
04-20 12:54:22.706 0 0 I init : ... started service 'vendor.health-default' has pid 358
04-20 12:54:22.717 0 0 I init : starting service 'android-hardware-media-c2-goldfish-hal-1-0'...
04-20 12:54:22.913 0 0 I servicemanager: getDeviceHalManifest: Reloading VINTF information.
04-20 12:54:22.914 0 0 I servicemanager: getDeviceHalManifest: Reading VINTF information.
04-20 12:54:22.980 0 0 I init : ... started service 'android-hardware-media-c2-goldfish-hal-1-0' has pid 359
04-20 12:54:22.982 0 0 I init : starting service 'neuralnetworks_hal_service_aidl_sample_all'...
04-20 12:54:23.140 0 0 I init : ... started service 'neuralnetworks_hal_service_aidl_sample_all' has pid 360
04-20 12:54:23.141 0 0 I init : starting service 'neuralnetworks_hal_service_aidl_sample_limited'...
04-20 12:54:23.233 0 0 I servicemanager: getDeviceHalManifest: Successfully processed VINTF information
04-20 12:54:23.233 0 0 I servicemanager: Found android.hardware.authsecret.IAuthSecret/default in device VINTF manifest.
04-20 12:54:23.329 346 346 I netdClient: Skipping libnetd_client init since *we* are netd
04-20 12:54:23.325 0 0 I init : ... started service 'neuralnetworks_hal_service_aidl_sample_limited' has pid 361
04-20 12:54:23.326 0 0 I init : starting service 'neuralnetworks_hal_service_shim_sample'...
04-20 12:54:23.386 154 154 I hwservicemanager: getDeviceHalManifest: Reloading VINTF information.
04-20 12:54:23.387 154 154 I hwservicemanager: getDeviceHalManifest: Reading VINTF information.
04-20 12:54:23.540 0 0 I init : ... started service 'neuralnetworks_hal_service_shim_sample' has pid 364
04-20 12:54:23.541 0 0 I init : starting service 'vendor.sensors-hal-multihal'...
04-20 12:54:23.611 0 0 I init : ... started service 'vendor.sensors-hal-multihal' has pid 365
04-20 12:54:23.621 0 0 I init : starting service 'vendor.thermal-hal-2-0-mock'...
04-20 12:54:23.815 0 0 I init : ... started service 'vendor.thermal-hal-2-0-mock' has pid 366
04-20 12:54:23.817 0 0 I init : starting service 'vendor.usb_default'...
04-20 12:54:24.007 0 0 I init : ... started service 'vendor.usb_default' has pid 367
04-20 12:54:24.008 0 0 I init : starting service 'vendor.wifi_hal_legacy'...
04-20 12:54:24.047 154 154 I hwservicemanager: getDeviceHalManifest: Successfully processed VINTF information
04-20 12:54:24.066 0 0 W healthd : batteryCapacityLevelPath not found
04-20 12:54:24.066 0 0 W healthd : batteryChargeTimeToFullNowPath. not found
04-20 12:54:24.066 0 0 W healthd : batteryFullChargeDesignCapacityUahPath. not found
04-20 12:54:24.075 0 0 W healthd : batteryStateOfHealthPath not found
04-20 12:54:24.081 0 0 W healthd : batteryHealthStatusPath not found
04-20 12:54:24.081 0 0 W healthd : batteryManufacturingDatePath not found
04-20 12:54:24.081 0 0 W healthd : batteryFirstUsageDatePath not found
04-20 12:54:24.081 0 0 W healthd : chargingStatePath not found
04-20 12:54:24.081 0 0 W healthd : chargingPolicyPath not found
04-20 12:54:24.083 358 358 I android.hardware.health-service.example: Starting health HAL.
04-20 12:54:24.095 358 358 I android.hardware.health-service.example: default instance initializing with healthd_config...
04-20 12:54:24.161 346 346 I netd : netd 1.0 starting
04-20 12:54:24.289 346 346 I netd : Pid file removed
04-20 12:54:24.289 346 346 I netd : SIGPIPE is blocked
04-20 12:54:24.290 346 346 I netd : setCloseOnExec(dnsproxyd)
04-20 12:54:24.290 346 346 I netd : setCloseOnExec(fwmarkd)
04-20 12:54:24.290 346 346 I netd : setCloseOnExec(mdns)
04-20 12:54:24.314 358 358 I android.hardware.health-service.example: default: Hal init done
04-20 12:54:24.319 0 0 I servicemanager: Found android.hardware.health.IHealth/default in device VINTF manifest.
04-20 12:54:24.328 346 346 I NetdUpdatable: libnetd_updatable_init: Initializing
04-20 12:54:24.329 346 346 I BpfHandler: BPF programs are loaded
04-20 12:54:24.517 346 346 I BpfHandler: initMaps successfully
04-20 12:54:24.517 346 346 I netd : libnetd_updatable_init success
04-20 12:54:24.528 0 0 W healthd : battery l=100 v=5000 t=25.0 h=2 st=2 c=900000 fc=3000000 cc=10 chg=a
04-20 12:54:24.535 356 356 I HidlServiceManagement: Registered android.hardware.gatekeeper@1.0::IGatekeeper/default
04-20 12:54:24.550 356 356 I HidlServiceManagement: Removing namespace from process name android.hardware.gatekeeper@1.0-service.software to gatekeeper@1.0-service.software.
04-20 12:54:24.564 346 346 I netd : NetlinkManager instanced
04-20 12:54:24.586 346 346 I netd : enter NetworkController ctor
04-20 12:54:24.598 346 346 E TcUtils : NLMSG_ERROR message return error: -2
04-20 12:54:24.616 0 0 I init : ... started service 'vendor.wifi_hal_legacy' has pid 368
04-20 12:54:24.617 0 0 I init : starting service 'vendor.bluetooth-default'...
04-20 12:54:24.599 346 346 E TcUtils : NLMSG_ERROR message return error: -2
04-20 12:54:24.621 346 346 E TcUtils : NLMSG_ERROR message return error: -2
04-20 12:54:24.621 346 346 E TcUtils : NLMSG_ERROR message return error: -2
04-20 12:54:24.622 346 346 E TcUtils : NLMSG_ERROR message return error: -2
04-20 12:54:24.622 346 346 E TcUtils : NLMSG_ERROR message return error: -2
04-20 12:54:24.623 346 346 E TcUtils : NLMSG_ERROR message return error: -2
04-20 12:54:24.623 346 346 E TcUtils : NLMSG_ERROR message return error: -2
04-20 12:54:24.623 346 346 E TcUtils : NLMSG_ERROR message return error: -2
04-20 12:54:24.644 346 346 E TcUtils : NLMSG_ERROR message return error: -2
04-20 12:54:24.674 366 366 I android.hardware.thermal@2.0-service-mock: Thermal HAL Service Mock 2.0 starting...
04-20 12:54:24.681 346 346 E TcUtils : NLMSG_ERROR message return error: -2
04-20 12:54:24.681 346 346 E TcUtils : NLMSG_ERROR message return error: -2
04-20 12:54:24.682 346 346 E TcUtils : NLMSG_ERROR message return error: -2
04-20 12:54:24.682 346 346 E TcUtils : NLMSG_ERROR message return error: -2
04-20 12:54:24.683 346 346 E TcUtils : NLMSG_ERROR message return error: -2
04-20 12:54:24.683 346 346 E TcUtils : NLMSG_ERROR message return error: -2
04-20 12:54:24.706 346 346 I netd : leave NetworkController ctor
04-20 12:54:24.707 346 346 I netd : enter TetherController ctor
04-20 12:54:24.724 346 346 D TetherController: Setting IP forward enable = 0
04-20 12:54:24.851 0 0 I init : ... started service 'vendor.bluetooth-default' has pid 369
04-20 12:54:24.852 0 0 I init : starting service 'vendor.cas-default'...
04-20 12:54:24.792 346 346 I netd : leave TetherController ctor
04-20 12:54:24.975 0 0 I init : ... started service 'vendor.cas-default' has pid 370
04-20 12:54:24.976 0 0 I init : starting service 'vendor.contexthub-default'...
04-20 12:54:25.093 366 366 I HidlServiceManagement: Registered android.hardware.thermal@2.0::IThermal/default
04-20 12:54:25.095 366 366 I HidlServiceManagement: Removing namespace from process name android.hardware.thermal@2.0-service.mock to thermal@2.0-service.mock.
04-20 12:54:25.107 366 366 I android.hardware.thermal@2.0-service-mock: Thermal Service started successfully.
04-20 12:54:25.235 0 0 I init : ... started service 'vendor.contexthub-default' has pid 371
04-20 12:54:25.236 0 0 I init : starting service 'vendor.face-default'...
04-20 12:54:25.284 0 0 I init : ... started service 'vendor.face-default' has pid 375
04-20 12:54:25.285 0 0 I init : starting service 'vendor.hwcomposer-3'...
04-20 12:54:25.601 0 0 I init : ... started service 'vendor.hwcomposer-3' has pid 376
04-20 12:54:25.644 0 0 I init : starting service 'vendor.identity-default'...
04-20 12:54:25.939 0 0 I init : ... started service 'vendor.identity-default' has pid 377
04-20 12:54:25.940 0 0 I init : starting service 'vendor.light-default'...
04-20 12:54:26.012 0 0 I servicemanager: Found android.hardware.usb.IUsb/default in device VINTF manifest.
04-20 12:54:26.307 0 0 I init : ... started service 'vendor.light-default' has pid 378
04-20 12:54:26.309 0 0 I init : starting service 'vendor.power-default'...
04-20 12:54:26.505 365 365 I android.hardware.sensors@2.1-impl.ranchu: MultihalSensors:74: host sensors mask=207ff, available sensors mask=207ff
04-20 12:54:26.546 365 365 E SensorsMultiHal: Failed to load subHal config file: /odm/etc/sensors/hals.conf
04-20 12:54:26.823 0 0 I servicemanager: Found android.hardware.sensors.ISensors/default in device VINTF manifest.
04-20 12:54:26.953 0 0 I init : ... started service 'vendor.power-default' has pid 381
04-20 12:54:26.959 0 0 I init : starting service 'vendor.power.stats-default'...
04-20 12:54:26.965 345 345 W ServiceManagerCppClient: Service statscompanion didn't start. Returning NULL
04-20 12:54:27.051 345 345 I statsd : Statsd starts to listen to socket.
04-20 12:54:27.249 0 0 I servicemanager: Found android.hardware.contexthub.IContextHub/default in device VINTF manifest.
04-20 12:54:27.290 0 0 I init : ... started service 'vendor.power.stats-default' has pid 382
04-20 12:54:27.292 0 0 I init : starting service 'vendor.rebootescrow-default'...
04-20 12:54:27.398 175 188 I keystore2: system/security/keystore2/src/watchdog.rs:319 - Watchdog thread idle -> terminating. Have a great day.
04-20 12:54:27.570 0 0 I init : ... started service 'vendor.rebootescrow-default' has pid 385
04-20 12:54:27.579 0 0 I init : starting service 'vendor.vibrator-default'...
04-20 12:54:27.619 0 0 I servicemanager: Found android.hardware.neuralnetworks.IDevice/nnapi-sample_quant in device VINTF manifest.
04-20 12:54:27.670 368 368 I android.hardware.wifi-service: Wifi Hal is booting up...
04-20 12:54:27.781 0 0 I servicemanager: Found android.hardware.wifi.IWifi/default in device VINTF manifest.
04-20 12:54:27.840 0 0 I init : ... started service 'vendor.vibrator-default' has pid 386
04-20 12:54:27.840 0 0 I init : Command 'class_start hal' action=boot (/system/etc/init/hw/init.rc:1210) took 6185ms and succeeded
04-20 12:54:27.840 0 0 I init : service 'ueventd' requested start, but it is already running (flags: 2084)
04-20 12:54:27.840 0 0 I init : service 'console' requested start, but it is already running (flags: 2196)
04-20 12:54:27.841 0 0 I init : service 'apexd' requested start, but it is already running (flags: 134)
04-20 12:54:27.842 0 0 I init : starting service 'audioserver'...
04-20 12:54:27.870 368 368 I android.hardware.wifi-service: Joining RPC thread pool
04-20 12:54:28.097 369 369 I aidl.android.hardware.bluetooth.service.default: Bluetooth HAL starting
04-20 12:54:28.143 0 0 I servicemanager: Found android.hardware.bluetooth.IBluetoothHci/default in device VINTF manifest.
04-20 12:54:28.240 0 0 I servicemanager: Found android.hardware.camera.provider.ICameraProvider/internal/1 in device VINTF manifest.
04-20 12:54:28.358 364 364 I Manager : DeviceManager::DeviceManager
04-20 12:54:28.366 364 364 I Manager : findAvailableDevices
04-20 12:54:28.367 364 364 I Manager : Enabled devices: .*
04-20 12:54:28.470 375 375 I android.hardware.biometrics.face-service.example: Face HAL started
04-20 12:54:28.472 0 0 I init : ... started service 'audioserver' has pid 388
04-20 12:54:28.473 0 0 I init : starting service 'credstore'...
04-20 12:54:28.648 346 346 I netd : Creating child chains: 2119029us
04-20 12:54:28.648 346 346 I netd : Setting up OEM hooks: 723us
04-20 12:54:28.665 0 0 I init : ... started service 'credstore' has pid 391
04-20 12:54:28.679 346 346 I netd : Setting up FirewallController hooks: 30717us
04-20 12:54:28.691 0 0 I servicemanager: Found android.hardware.cas.IMediaCasService/default in device VINTF manifest.
04-20 12:54:28.694 349 349 I HidlServiceManagement: Registered android.hardware.audio@7.1::IDevicesFactory/default
04-20 12:54:28.750 349 349 I HidlServiceManagement: Removing namespace from process name android.hardware.audio.service to audio.service.
04-20 12:54:28.751 349 349 I LegacySupport: Registration complete for android.hardware.audio@7.1::IDevicesFactory/default.
04-20 12:54:28.735 0 0 I init : starting service 'gpu'...
04-20 12:54:28.821 0 0 I servicemanager: Found android.hardware.biometrics.face.IFace/default in device VINTF manifest.
04-20 12:54:28.874 364 364 I Manager : Found interface nnapi-sample_sl (version = JUST_AN_EXAMPLE)
04-20 12:54:28.945 346 346 I netd : Setting up TetherController hooks: 266148us
04-20 12:54:28.951 364 364 I ShimDeviceManager: Attempting service registration for android.hardware.neuralnetworks.IDevice/nnapi-sample_sl_shim
04-20 12:54:29.000 0 0 I init : ... started service 'gpu' has pid 394
04-20 12:54:29.000 0 0 I init : service 'lmkd' requested start, but it is already running (flags: 36)
04-20 12:54:29.000 0 0 I init : service 'servicemanager' requested start, but it is already running (flags: 2084)
04-20 12:54:29.002 0 0 I init : starting service 'surfaceflinger'...
04-20 12:54:29.080 0 0 I init : Could not create socket 'pdx/system/vr/display/client': Failed to bind socket 'pdx/system/vr/display/client': No such file or directory
04-20 12:54:29.081 0 0 I init : Could not create socket 'pdx/system/vr/display/manager': Failed to bind socket 'pdx/system/vr/display/manager': No such file or directory
04-20 12:54:29.106 0 0 I servicemanager: Found android.hardware.neuralnetworks.IDevice/nnapi-sample_sl_shim in device VINTF manifest.
04-20 12:54:29.083 346 346 I netd : Setting up BandwidthController hooks: 138110us
04-20 12:54:29.152 0 0 I servicemanager: Found android.hardware.power.IPower/default in device VINTF manifest.
04-20 12:54:29.156 0 0 I init : Could not create socket 'pdx/system/vr/display/vsync': Failed to bind socket 'pdx/system/vr/display/vsync': No such file or directory
04-20 12:54:29.185 364 364 I ShimDeviceManager: 1 NNAPI Devices/services registered, blocking
04-20 12:54:29.221 346 346 I netd : Setting up IdletimerController hooks: 28147us
04-20 12:54:29.253 357 357 I HidlServiceManagement: Registered android.hardware.graphics.allocator@3.0::IAllocator/default
04-20 12:54:29.274 0 0 I servicemanager: Found android.hardware.light.ILights/default in device VINTF manifest.
04-20 12:54:29.377 357 357 I HidlServiceManagement: Removing namespace from process name android.hardware.graphics.allocator@3.0-service.ranchu to allocator@3.0-service.ranchu.
04-20 12:54:29.403 357 357 I android.hardware.graphics.allocator@3.0-service.ranchu: graphics IAllocator@3.0 service is initialized
04-20 12:54:29.501 0 0 I servicemanager: Found android.hardware.neuralnetworks.IDevice/nnapi-sample_all in device VINTF manifest.
04-20 12:54:29.512 0 0 I init : ... started service 'surfaceflinger' has pid 397
04-20 12:54:29.512 0 0 I init : service 'vold' requested start, but it is already running (flags: 2052)
04-20 12:54:29.523 0 0 I init : Command 'class_start core' action=boot (/system/etc/init/hw/init.rc:1212) took 1682ms and succeeded
04-20 12:54:29.523 0 0 I init : processing action (persist.sys.usb.config=* && boot) from (/system/etc/init/hw/init.usb.rc:108)
04-20 12:54:29.525 0 0 I init : processing action (boot) from (/vendor/etc/init/hw/init.ranchu.rc:74)
04-20 12:54:29.542 0 0 I servicemanager: Found android.hardware.identity.IIdentityCredentialStore/default in device VINTF manifest.
04-20 12:54:29.552 346 346 I netd : Setting up StrictController hooks: 440558us
04-20 12:54:29.562 0 0 I init : processing action (boot) from (/system/etc/init/dumpstate.rc:1)
04-20 12:54:29.575 0 0 I init : processing action (boot) from (/system/etc/init/gsid.rc:25)
04-20 12:54:29.576 0 0 I init : starting service 'exec 15 (/system/bin/gsid run-startup-tasks)'...
04-20 12:54:29.593 355 355 I android.hardware.pixel.camera.provider@2.7-service: Google camera provider service is starting.
04-20 12:54:29.594 355 355 E ProcessState: vndservicemanager is not started on this device, you can save resources/threads by not initializing ProcessState with /dev/vndbinder.
04-20 12:54:29.634 355 355 I android.hardware.pixel.camera.provider@2.7-service: Not using ApexUpdateListener since not running in an apex.
04-20 12:54:29.660 0 0 I servicemanager: Found android.hardware.rebootescrow.IRebootEscrow/default in device VINTF manifest.
04-20 12:54:29.684 349 349 I HidlServiceManagement: Registered android.hardware.audio.effect@7.0::IEffectsFactory/default
04-20 12:54:29.695 0 0 I servicemanager: Found android.hardware.vibrator.IVibrator/default in device VINTF manifest.
04-20 12:54:29.697 0 0 I servicemanager: Found android.hardware.vibrator.IVibratorManager/default in device VINTF manifest.
04-20 12:54:29.709 355 355 I GCH_CameraProvider: CreateHwl:Loading libgooglecamerahwl_impl.so library
04-20 12:54:29.712 0 0 I init : ... started service 'exec 15 (/system/bin/gsid run-startup-tasks)' has pid 398
04-20 12:54:29.712 0 0 I init : Command 'exec_background - root root -- /system/bin/gsid run-startup-tasks' action=boot (/system/etc/init/gsid.rc:26) took 137ms and succeeded
04-20 12:54:29.713 0 0 I init : processing action (persist.device_config.profcollect_native_boot.enabled= && boot) from (/system/etc/init/profcollectd.rc:19)
04-20 12:54:29.714 0 0 I init : starting service 'exec 16 (/system/bin/profcollectctl reset)'...
04-20 12:54:29.726 0 0 I servicemanager: Found android.hardware.power.stats.IPowerStats/default in device VINTF manifest.
04-20 12:54:29.760 349 349 I LegacySupport: Registration complete for android.hardware.audio.effect@7.0::IEffectsFactory/default.
04-20 12:54:29.765 154 154 I hwservicemanager: getTransport: Cannot find entry android.hardware.soundtrigger@2.3::ISoundTriggerHw/default in either framework or device VINTF manifest.
04-20 12:54:29.915 349 349 E LegacySupport: Could not get passthrough implementation for android.hardware.soundtrigger@2.3::ISoundTriggerHw/default.
04-20 12:54:29.972 0 0 I init : ... started service 'exec 16 (/system/bin/profcollectctl reset)' has pid 401
04-20 12:54:29.973 0 0 I init : Command 'exec_background - root shell -- /system/bin/profcollectctl reset' action=persist.device_config.profcollect_native_boot.enabled= && boot (/system/etc/init/profcollectd.rc:20) took 259ms and succeeded
04-20 12:54:29.973 0 0 I init : processing action (enable_property_trigger) from (:0)
04-20 12:54:29.984 0 0 I init : processing action (apexd.status=ready && ro.product.cpu.abilist64=*) from (/system/etc/init/hw/init.rc:490)
04-20 12:54:29.992 154 154 I hwservicemanager: getTransport: Cannot find entry android.hardware.soundtrigger@2.2::ISoundTriggerHw/default in either framework or device VINTF manifest.
04-20 12:54:29.992 0 0 I init : starting service 'boringssl_self_test_apex64'...
04-20 12:54:30.006 346 346 I netd : Enabling bandwidth control: 453640us
04-20 12:54:30.101 349 349 E LegacySupport: Could not get passthrough implementation for android.hardware.soundtrigger@2.2::ISoundTriggerHw/default.
04-20 12:54:30.101 154 154 I hwservicemanager: getTransport: Cannot find entry android.hardware.soundtrigger@2.1::ISoundTriggerHw/default in either framework or device VINTF manifest.
04-20 12:54:30.102 349 349 E LegacySupport: Could not get passthrough implementation for android.hardware.soundtrigger@2.1::ISoundTriggerHw/default.
04-20 12:54:30.103 154 154 I hwservicemanager: getTransport: Cannot find entry android.hardware.soundtrigger@2.0::ISoundTriggerHw/default in either framework or device VINTF manifest.
04-20 12:54:30.103 349 349 E LegacySupport: Could not get passthrough implementation for android.hardware.soundtrigger@2.0::ISoundTriggerHw/default.
04-20 12:54:30.141 0 0 I init : ... started service 'boringssl_self_test_apex64' has pid 402
04-20 12:54:30.141 0 0 I init : SVC_EXEC service 'boringssl_self_test_apex64' pid 402 (uid 9999 gid 0+0 context default) started; waiting...
04-20 12:54:30.141 0 0 I init : Command 'exec_start boringssl_self_test_apex64' action=apexd.status=ready && ro.product.cpu.abilist64=* (/system/etc/init/hw/init.rc:491) took 156ms and succeeded
04-20 12:54:30.104 349 349 W audiohalservice: Could not register Soundtrigger API
04-20 12:54:30.154 154 154 I hwservicemanager: getTransport: Cannot find entry android.hardware.bluetooth.audio@2.2::IBluetoothAudioProvidersFactory/default in either framework or device VINTF manifest.
04-20 12:54:30.155 349 349 E LegacySupport: Could not get passthrough implementation for android.hardware.bluetooth.audio@2.2::IBluetoothAudioProvidersFactory/default.
04-20 12:54:30.201 154 154 I hwservicemanager: getTransport: Cannot find entry android.hardware.bluetooth.audio@2.1::IBluetoothAudioProvidersFactory/default in either framework or device VINTF manifest.
04-20 12:54:30.202 349 349 E LegacySupport: Could not get passthrough implementation for android.hardware.bluetooth.audio@2.1::IBluetoothAudioProvidersFactory/default.
04-20 12:54:30.210 154 154 I hwservicemanager: getTransport: Cannot find entry android.hardware.bluetooth.audio@2.0::IBluetoothAudioProvidersFactory/default in either framework or device VINTF manifest.
04-20 12:54:30.213 349 349 E LegacySupport: Could not get passthrough implementation for android.hardware.bluetooth.audio@2.0::IBluetoothAudioProvidersFactory/default.
04-20 12:54:30.213 349 349 W audiohalservice: Could not register Bluetooth Audio API
04-20 12:54:30.214 346 346 I netd : Initializing RouteController: 207793us
04-20 12:54:30.216 154 154 I hwservicemanager: getTransport: Cannot find entry android.hardware.bluetooth.a2dp@1.0::IBluetoothAudioOffload/default in either framework or device VINTF manifest.
04-20 12:54:30.217 349 349 E LegacySupport: Could not get passthrough implementation for android.hardware.bluetooth.a2dp@1.0::IBluetoothAudioOffload/default.
04-20 12:54:30.218 349 349 W audiohalservice: Could not register Bluetooth Audio Offload API
04-20 12:54:30.247 346 346 D XfrmController: XfrmController::ipSecAddXfrmInterface, line=1497
04-20 12:54:30.400 346 346 D XfrmController: XfrmController::ipSecRemoveTunnelInterface, line=1710
04-20 12:54:30.409 346 346 D XfrmController: deviceName=ipsec_test
04-20 12:54:30.589 346 346 D XfrmController: Sending Netlink XFRM Message: XFRM_MSG_FLUSHSA
04-20 12:54:30.590 346 346 D XfrmController: Sending Netlink XFRM Message: XFRM_MSG_FLUSHPOLICY
04-20 12:54:30.590 346 346 I netd : Initializing XfrmController: 375912us
04-20 12:54:30.700 346 346 I resolv : resolv_init: Initializing resolver
04-20 12:54:30.942 359 359 D android.hardware.media.c2@1.0-service-goldfish: Goldfish C2 Service starting...
04-20 12:54:30.982 359 359 W android.hardware.media.c2@1.0-service-goldfish: Could not read additional policy file '/vendor/etc/seccomp_policy/codec2.vendor.ext.policy'
04-20 12:54:30.993 359 359 W android.hardware.media.c2@1.0-service-goldfish: libminijail[359]: failed to get path of fd 5: No such file or directory
04-20 12:54:30.994 359 359 W android.hardware.media.c2@1.0-service-goldfish: libminijail[359]: allowing syscall: socket
04-20 12:54:30.995 359 359 W android.hardware.media.c2@1.0-service-goldfish: libminijail[359]: allowing syscall: connect
04-20 12:54:30.995 359 359 W android.hardware.media.c2@1.0-service-goldfish: libminijail[359]: allowing syscall: fcntl
04-20 12:54:30.996 359 359 W android.hardware.media.c2@1.0-service-goldfish: libminijail[359]: allowing syscall: writev
04-20 12:54:31.005 359 359 W android.hardware.media.c2@1.0-service-goldfish: libminijail[359]: compile_file: (20): nonexistent syscall 'getuid32'
04-20 12:54:31.005 359 359 W android.hardware.media.c2@1.0-service-goldfish: libminijail[359]: compile_file: (26): nonexistent syscall 'mmap2'
04-20 12:54:31.006 359 359 W android.hardware.media.c2@1.0-service-goldfish: libminijail[359]: compile_file: (28): nonexistent syscall 'fstat64'
04-20 12:54:31.006 359 359 W android.hardware.media.c2@1.0-service-goldfish: libminijail[359]: compile_file: (30): nonexistent syscall 'stat64'
04-20 12:54:31.006 359 359 W android.hardware.media.c2@1.0-service-goldfish: libminijail[359]: compile_file: (31): nonexistent syscall 'statfs64'
04-20 12:54:31.007 359 359 W android.hardware.media.c2@1.0-service-goldfish: libminijail[359]: compile_file: (33): nonexistent syscall 'fstatat64'
04-20 12:54:31.007 359 359 W android.hardware.media.c2@1.0-service-goldfish: libminijail[359]: compile_file: (38): nonexistent syscall '_llseek'
04-20 12:54:31.012 359 359 W android.hardware.media.c2@1.0-service-goldfish: libminijail[359]: compile_file: (47): nonexistent syscall 'ugetrlimit'
04-20 12:54:31.012 359 359 W android.hardware.media.c2@1.0-service-goldfish: libminijail[359]: compile_file: (50): nonexistent syscall '_llseek'
04-20 12:54:31.013 359 359 W android.hardware.media.c2@1.0-service-goldfish: libminijail[359]: compile_file: (51): nonexistent syscall 'fstatfs64'
04-20 12:54:31.013 359 359 W android.hardware.media.c2@1.0-service-goldfish: libminijail[359]: compile_file: (63): nonexistent syscall 'ftruncate64'
04-20 12:54:31.014 359 359 W android.hardware.media.c2@1.0-service-goldfish: libminijail[359]: compile_file: (69): syscall gettid redefined here
04-20 12:54:31.014 359 359 W android.hardware.media.c2@1.0-service-goldfish: libminijail[359]: compile_file: (66): previous definition here
04-20 12:54:31.036 346 346 I netd : Registering NetdNativeService: 69477us
04-20 12:54:31.045 359 359 W android.hardware.media.c2@1.0-service-goldfish: libminijail[359]: compile_file: /system/etc/seccomp_policy/crash_dump.x86.policy(1): syscall read redefined here
04-20 12:54:31.045 359 359 W android.hardware.media.c2@1.0-service-goldfish: libminijail[359]: compile_file: (15): previous definition here
04-20 12:54:31.045 359 359 W android.hardware.media.c2@1.0-service-goldfish: libminijail[359]: compile_file: /system/etc/seccomp_policy/crash_dump.x86.policy(2): syscall write redefined here
04-20 12:54:31.046 359 359 W android.hardware.media.c2@1.0-service-goldfish: libminijail[359]: compile_file: (57): previous definition here
04-20 12:54:31.046 359 359 W android.hardware.media.c2@1.0-service-goldfish: libminijail[359]: compile_file: /system/etc/seccomp_policy/crash_dump.x86.policy(3): syscall exit redefined here
04-20 12:54:31.046 359 359 W android.hardware.media.c2@1.0-service-goldfish: libminijail[359]: compile_file: (44): previous definition here
04-20 12:54:31.046 359 359 W android.hardware.media.c2@1.0-service-goldfish: libminijail[359]: compile_file: /system/etc/seccomp_policy/crash_dump.x86.policy(4): syscall rt_sigreturn redefined here
04-20 12:54:31.046 359 359 W android.hardware.media.c2@1.0-service-goldfish: libminijail[359]: compile_file: (46): previous definition here
04-20 12:54:31.047 359 359 W android.hardware.media.c2@1.0-service-goldfish: libminijail[359]: compile_file: /system/etc/seccomp_policy/crash_dump.x86.policy(5): nonexistent syscall 'sigreturn'
04-20 12:54:31.047 359 359 W android.hardware.media.c2@1.0-service-goldfish: libminijail[359]: compile_file: /system/etc/seccomp_policy/crash_dump.x86.policy(6): syscall exit_group redefined here
04-20 12:54:31.047 359 359 W android.hardware.media.c2@1.0-service-goldfish: libminijail[359]: compile_file: (45): previous definition here
04-20 12:54:31.047 359 359 W android.hardware.media.c2@1.0-service-goldfish: libminijail[359]: compile_file: /system/etc/seccomp_policy/crash_dump.x86.policy(9): syscall futex redefined here
04-20 12:54:31.047 359 359 W android.hardware.media.c2@1.0-service-goldfish: libminijail[359]: compile_file: (35): previous definition here
04-20 12:54:31.047 359 359 W android.hardware.media.c2@1.0-service-goldfish: libminijail[359]: compile_file: /system/etc/seccomp_policy/crash_dump.x86.policy(11): syscall getpid redefined here
04-20 12:54:31.057 359 359 W android.hardware.media.c2@1.0-service-goldfish: libminijail[359]: compile_file: (68): previous definition here
04-20 12:54:31.069 346 346 I netd : Registering MDnsService: 32141us
04-20 12:54:31.076 359 359 W android.hardware.media.c2@1.0-service-goldfish: libminijail[359]: compile_file: /system/etc/seccomp_policy/crash_dump.x86.policy(12): syscall gettid redefined here
04-20 12:54:31.077 359 359 W android.hardware.media.c2@1.0-service-goldfish: libminijail[359]: compile_file: (66): previous definition here
04-20 12:54:31.077 359 359 W android.hardware.media.c2@1.0-service-goldfish: libminijail[359]: compile_file: /system/etc/seccomp_policy/crash_dump.x86.policy(15): syscall openat redefined here
04-20 12:54:31.077 359 359 W android.hardware.media.c2@1.0-service-goldfish: libminijail[359]: compile_file: (18): previous definition here
04-20 12:54:31.078 359 359 W android.hardware.media.c2@1.0-service-goldfish: libminijail[359]: compile_file: /system/etc/seccomp_policy/crash_dump.x86.policy(16): syscall dup redefined here
04-20 12:54:31.078 359 359 W android.hardware.media.c2@1.0-service-goldfish: libminijail[359]: compile_file: (55): previous definition here
04-20 12:54:31.078 359 359 W android.hardware.media.c2@1.0-service-goldfish: libminijail[359]: compile_file: /system/etc/seccomp_policy/crash_dump.x86.policy(17): syscall close redefined here
04-20 12:54:31.078 359 359 W android.hardware.media.c2@1.0-service-goldfish: libminijail[359]: compile_file: (25): previous definition here
04-20 12:54:31.079 359 359 W android.hardware.media.c2@1.0-service-goldfish: libminijail[359]: compile_file: /system/etc/seccomp_policy/crash_dump.x86.policy(18): syscall lseek redefined here
04-20 12:54:31.079 359 359 W android.hardware.media.c2@1.0-service-goldfish: libminijail[359]: compile_file: (39): previous definition here
04-20 12:54:31.079 359 359 W android.hardware.media.c2@1.0-service-goldfish: libminijail[359]: compile_file: /system/etc/seccomp_policy/crash_dump.x86.policy(20): syscall faccessat redefined here
04-20 12:54:31.092 0 0 I servicemanager: Found android.system.net.netd.INetd/default in framework VINTF manifest.
04-20 12:54:31.126 359 359 W android.hardware.media.c2@1.0-service-goldfish: libminijail[359]: compile_file: (37): previous definition here
04-20 12:54:31.127 359 359 W android.hardware.media.c2@1.0-service-goldfish: libminijail[359]: compile_file: /system/etc/seccomp_policy/crash_dump.x86.policy(29): syscall prctl redefined here
04-20 12:54:31.127 359 359 W android.hardware.media.c2@1.0-service-goldfish: libminijail[359]: compile_file: (17): previous definition here
04-20 12:54:31.138 391 391 I credstore: Registered binder service
04-20 12:54:31.149 359 359 W android.hardware.media.c2@1.0-service-goldfish: libminijail[359]: compile_file: /system/etc/seccomp_policy/crash_dump.x86.policy(30): syscall madvise redefined here
04-20 12:54:31.149 359 359 W android.hardware.media.c2@1.0-service-goldfish: libminijail[359]: compile_file: (32): previous definition here
04-20 12:54:31.149 359 359 W android.hardware.media.c2@1.0-service-goldfish: libminijail[359]: compile_file: /system/etc/seccomp_policy/crash_dump.x86.policy(31): syscall mprotect redefined here
04-20 12:54:31.149 359 359 W android.hardware.media.c2@1.0-service-goldfish: libminijail[359]: compile_file: (16): previous definition here
04-20 12:54:31.150 359 359 W android.hardware.media.c2@1.0-service-goldfish: libminijail[359]: compile_file: /system/etc/seccomp_policy/crash_dump.x86.policy(32): syscall munmap redefined here
04-20 12:54:31.150 359 359 W android.hardware.media.c2@1.0-service-goldfish: libminijail[359]: compile_file: (36): previous definition here
04-20 12:54:31.150 359 359 W android.hardware.media.c2@1.0-service-goldfish: libminijail[359]: compile_file: /system/etc/seccomp_policy/crash_dump.x86.policy(33): nonexistent syscall 'getuid32'
04-20 12:54:31.150 359 359 W android.hardware.media.c2@1.0-service-goldfish: libminijail[359]: compile_file: /system/etc/seccomp_policy/crash_dump.x86.policy(34): nonexistent syscall 'fstat64'
04-20 12:54:31.150 359 359 W android.hardware.media.c2@1.0-service-goldfish: libminijail[359]: compile_file: /system/etc/seccomp_policy/crash_dump.x86.policy(35): nonexistent syscall 'mmap2'
04-20 12:54:31.151 359 359 W android.hardware.media.c2@1.0-service-goldfish: libminijail[359]: compile_file: /system/etc/seccomp_policy/crash_dump.x86.policy(36): nonexistent syscall 'geteuid32'
04-20 12:54:31.151 359 359 W android.hardware.media.c2@1.0-service-goldfish: libminijail[359]: compile_file: /system/etc/seccomp_policy/crash_dump.x86.policy(37): nonexistent syscall 'getgid32'
04-20 12:54:31.151 359 359 W android.hardware.media.c2@1.0-service-goldfish: libminijail[359]: compile_file: /system/etc/seccomp_policy/crash_dump.x86.policy(38): nonexistent syscall 'getegid32'
04-20 12:54:31.151 359 359 W android.hardware.media.c2@1.0-service-goldfish: libminijail[359]: compile_file: /system/etc/seccomp_policy/crash_dump.x86.policy(39): nonexistent syscall 'getgroups32'
04-20 12:54:31.206 359 359 W android.hardware.media.c2@1.0-service-goldfish: libminijail[359]: logging seccomp filter failures
04-20 12:54:31.315 349 349 I audiohalservice: createIBluetoothAudioProviderFactory() from android.hardware.bluetooth.audio-impl success
04-20 12:54:31.320 0 0 I servicemanager: Found android.hardware.bluetooth.audio.IBluetoothAudioProviderFactory/default in device VINTF manifest.
04-20 12:54:31.332 359 359 D android.hardware.media.c2@1.0-service-goldfish: Instantiating Codec2's Goldfish IComponentStore service...
04-20 12:54:31.332 359 359 I GoldfishComponentStore: Create()
04-20 12:54:31.333 359 359 W GoldfishComponentStore: created goldfish store 0x7e50272ca060 reflector of param 0x7e50172cfb18
04-20 12:54:31.333 359 359 D GoldfishComponentStore: useAndroidGoldfishComponentInstance 253 found prop ro.boot.qemu.hwcodec.vpxdec val 2
04-20 12:54:31.334 359 359 D GoldfishComponentStore: useAndroidGoldfishComponentInstance 253 found prop ro.boot.qemu.hwcodec.avcdec val 2
04-20 12:54:31.334 359 359 D GoldfishComponentStore: useAndroidGoldfishComponentInstance 253 found prop ro.boot.qemu.hwcodec.hevcdec val 2
