04-20 12:55:05.531 554 554 I AppOps : No existing app ops /data/system/appops.xml; starting empty
04-20 12:55:05.540 554 554 I LegacyAppOpsServiceInterfaceImpl: No existing app ops /data/system/appops.xml; starting empty
04-20 12:55:05.572 554 554 I IntentFirewall: Read new rules (A:0 B:0 S:0)
04-20 12:55:05.593 554 595 W KernelMemoryBandwidthStats: No kernel memory bandwidth stats available
04-20 12:55:05.605 554 554 D OomAdjuster: Not killing cached processes
04-20 12:55:05.650 554 554 D AppOps : AppOpsService published
04-20 12:55:05.657 554 570 W android.permission.PermissionManager: Missing ActivityManager; assuming 1047 does not hold android.permission.MANAGE_APP_OPS_MODES
04-20 12:55:05.676 554 554 V SystemServerTiming: StartActivityManager took to complete: 704ms
04-20 12:55:05.677 554 554 D SystemServerTiming: StartDataLoaderManagerService
04-20 12:55:05.677 554 554 I SystemServiceManager: Starting com.android.server.pm.DataLoaderManagerService
04-20 12:55:05.680 554 599 I CriticalEventLog: No log found, returning empty log proto.
04-20 12:55:05.685 554 554 V SystemServerTiming: StartDataLoaderManagerService took to complete: 7ms
04-20 12:55:05.686 554 554 D SystemServerTiming: StartIncrementalService
04-20 12:55:05.734 554 554 I incfs-mounts: [incfs] Loaded incremental-fs mount info: 0 instances, 0 mount points
04-20 12:55:05.739 554 554 V SystemServerTiming: StartIncrementalService took to complete: 52ms
04-20 12:55:05.739 554 554 D SystemServerTiming: StartPowerManager
04-20 12:55:05.743 554 554 I SystemServiceManager: Starting com.android.server.power.PowerManagerService
04-20 12:55:05.814 0 0 I servicemanager: Found android.hardware.power.IPower/default in device VINTF manifest.
04-20 12:55:05.823 381 381 I android.hardware.power-service.example: Power isModeSupported: 7
04-20 12:55:05.833 381 381 I android.hardware.power-service.example: Power isModeSupported: 0
04-20 12:55:05.838 554 554 V SystemServerTiming: StartPowerManager took to complete: 95ms
04-20 12:55:05.838 554 554 D SystemServerTiming: StartThermalManager
04-20 12:55:05.839 554 554 I SystemServiceManager: Starting com.android.server.power.ThermalManagerService
04-20 12:55:05.846 554 554 V SystemServerTiming: StartThermalManager took to complete: 7ms
04-20 12:55:05.846 554 554 D SystemServerTiming: StartHintManager
04-20 12:55:05.846 554 554 I SystemServiceManager: Starting com.android.server.power.hint.HintManagerService
04-20 12:55:05.857 554 554 V SystemServerTiming: StartHintManager took to complete: 11ms
04-20 12:55:05.857 554 554 D SystemServerTiming: InitPowerManagement
04-20 12:55:05.874 554 554 V SystemServerTiming: InitPowerManagement took to complete: 17ms
04-20 12:55:05.874 554 554 D SystemServerTiming: StartRecoverySystemService
04-20 12:55:05.875 554 554 I SystemServiceManager: Starting com.android.server.recoverysystem.RecoverySystemService$Lifecycle
04-20 12:55:05.891 554 554 V SystemServerTiming: StartRecoverySystemService took to complete: 16ms
04-20 12:55:05.896 554 554 I PackageWatchdog: Syncing state, reason: added new observer
04-20 12:55:05.899 554 554 I PackageWatchdog: Not pruning observers, elapsed time: 0ms
04-20 12:55:05.899 554 554 I PackageWatchdog: Cancelling state sync, nothing to sync
04-20 12:55:05.904 554 587 I PackageWatchdog: Saving observer state to file
04-20 12:55:05.913 554 554 D SystemServerTiming: StartLightsService
04-20 12:55:05.913 554 554 I SystemServiceManager: Starting com.android.server.lights.LightsService
04-20 12:55:05.923 0 0 I servicemanager: Found android.hardware.light.ILights/default in device VINTF manifest.
04-20 12:55:05.943 378 378 I android.hardware.lights-service.example: Lights reporting supported lights
04-20 12:55:05.956 554 554 V SystemServerTiming: StartLightsService took to complete: 43ms
04-20 12:55:05.957 554 554 D SystemServerTiming: StartDisplayOffloadService
04-20 12:55:05.957 554 554 V SystemServerTiming: StartDisplayOffloadService took to complete: 0ms
04-20 12:55:05.957 554 554 D SystemServerTiming: StartSidekickService
04-20 12:55:05.957 554 554 V SystemServerTiming: StartSidekickService took to complete: 0ms
04-20 12:55:05.957 554 554 D SystemServerTiming: StartDisplayManager
04-20 12:55:05.957 554 554 I SystemServiceManager: Starting com.android.server.display.DisplayManagerService
04-20 12:55:06.016 554 554 V SystemServerTiming: StartDisplayManager took to complete: 58ms
04-20 12:55:06.016 554 554 D SystemServerTiming: WaitForDisplay
04-20 12:55:06.016 554 554 I SystemServiceManager: Starting phase 100
04-20 12:55:06.016 554 554 D SystemServerTiming: OnBootPhase_100
04-20 12:55:06.016 554 554 D SystemServerTiming: OnBootPhase_100_com.android.server.security.FileIntegrityService
04-20 12:55:06.017 554 554 V SystemServerTiming: OnBootPhase_100_com.android.server.security.FileIntegrityService took to complete: 0ms
04-20 12:55:06.017 554 554 D SystemServerTiming: OnBootPhase_100_com.android.server.pm.Installer
04-20 12:55:06.017 554 554 V SystemServerTiming: OnBootPhase_100_com.android.server.pm.Installer took to complete: 0ms
04-20 12:55:06.017 554 554 D SystemServerTiming: OnBootPhase_100_com.android.server.os.DeviceIdentifiersPolicyService
04-20 12:55:06.017 554 554 V SystemServerTiming: OnBootPhase_100_com.android.server.os.DeviceIdentifiersPolicyService took to complete: 0ms
04-20 12:55:06.017 554 554 D SystemServerTiming: OnBootPhase_100_com.android.server.uri.UriGrantsManagerService$Lifecycle
04-20 12:55:06.017 554 554 V SystemServerTiming: OnBootPhase_100_com.android.server.uri.UriGrantsManagerService$Lifecycle took to complete: 0ms
04-20 12:55:06.017 554 554 D SystemServerTiming: OnBootPhase_100_com.android.server.powerstats.PowerStatsService
04-20 12:55:06.017 554 554 V SystemServerTiming: OnBootPhase_100_com.android.server.powerstats.PowerStatsService took to complete: 0ms
04-20 12:55:06.017 554 554 D SystemServerTiming: OnBootPhase_100_com.android.server.permission.access.AccessCheckingService
04-20 12:55:06.018 554 554 V SystemServerTiming: OnBootPhase_100_com.android.server.permission.access.AccessCheckingService took to complete: 0ms
04-20 12:55:06.018 554 554 D SystemServerTiming: OnBootPhase_100_com.android.server.wm.ActivityTaskManagerService$Lifecycle
04-20 12:55:06.018 554 554 V SystemServerTiming: OnBootPhase_100_com.android.server.wm.ActivityTaskManagerService$Lifecycle took to complete: 0ms
04-20 12:55:06.018 554 554 D SystemServerTiming: OnBootPhase_100_com.android.server.am.ActivityManagerService$Lifecycle
04-20 12:55:06.018 554 554 V SystemServerTiming: OnBootPhase_100_com.android.server.am.ActivityManagerService$Lifecycle took to complete: 0ms
04-20 12:55:06.018 554 554 D SystemServerTiming: OnBootPhase_100_com.android.server.pm.DataLoaderManagerService
04-20 12:55:06.018 554 554 V SystemServerTiming: OnBootPhase_100_com.android.server.pm.DataLoaderManagerService took to complete: 0ms
04-20 12:55:06.018 554 554 D SystemServerTiming: OnBootPhase_100_com.android.server.power.PowerManagerService
04-20 12:55:06.018 554 554 V SystemServerTiming: OnBootPhase_100_com.android.server.power.PowerManagerService took to complete: 0ms
04-20 12:55:06.018 554 554 D SystemServerTiming: OnBootPhase_100_com.android.server.power.ThermalManagerService
04-20 12:55:06.018 554 554 V SystemServerTiming: OnBootPhase_100_com.android.server.power.ThermalManagerService took to complete: 0ms
04-20 12:55:06.019 554 554 D SystemServerTiming: OnBootPhase_100_com.android.server.power.hint.HintManagerService
04-20 12:55:06.019 554 554 V SystemServerTiming: OnBootPhase_100_com.android.server.power.hint.HintManagerService took to complete: 0ms
04-20 12:55:06.019 554 554 D SystemServerTiming: OnBootPhase_100_com.android.server.recoverysystem.RecoverySystemService$Lifecycle
04-20 12:55:06.019 554 554 V SystemServerTiming: OnBootPhase_100_com.android.server.recoverysystem.RecoverySystemService$Lifecycle took to complete: 0ms
04-20 12:55:06.019 554 554 D SystemServerTiming: OnBootPhase_100_com.android.server.lights.LightsService
04-20 12:55:06.019 554 554 V SystemServerTiming: OnBootPhase_100_com.android.server.lights.LightsService took to complete: 0ms
04-20 12:55:06.019 554 554 D SystemServerTiming: OnBootPhase_100_com.android.server.display.DisplayManagerService
04-20 12:55:06.058 554 578 W LocalDisplayAdapter: DisplayModeSpecs base mode no longer available, using currently active mode.
04-20 12:55:06.128 554 578 I DisplayDeviceRepository: Display device added: DisplayDeviceInfo{"Built-in Screen": uniqueId="local:4619827259835644672", 1080 x 2400, modeId 1, renderFrameRate 60.000004, defaultModeId 1, supportedModes [{id=1, width=1080, height=2400, fps=60.000004, alternativeRefreshRates=[], supportedHdrTypes=[]}], colorMode 0, supportedColorModes [0], hdrCapabilities HdrCapabilities{mSupportedHdrTypes=[], mMaxLuminance=500.0, mMaxAverageLuminance=500.0, mMinLuminance=0.0}, allmSupported false, gameContentTypeSupported false, density 420, 420.0 x 420.0 dpi, appVsyncOff 1000000, presDeadline 16666666, touch INTERNAL, rotation 0, type INTERNAL, address {port=0, model=0x401cec6a7a2b7b}, deviceProductInfo DeviceProductInfo{name=EMU_display_0, manufacturerPnpId=GGL, productId=1, modelYear=null, manufactureDate=ManufactureDate{week=27, year=2006}, connectionToSinkType=0}, state UNKNOWN, committedState UNKNOWN, frameRateOverride , brightnessMinimum 0.0, brightnessMaximum 1.0, brightnessDefault 0.39763778, hdrSdrRatio NaN, FLAG_ALLOWED_TO_BE_DEFAULT_DISPLAY, FLAG_ROTATES_WITH_CONTENT, FLAG_SECURE, FLAG_SUPPORTS_PROTECTED_BUFFERS, FLAG_TRUSTED, installOrientation 0, displayShape DisplayShape{ spec=-1893857183 displayWidth=1080 displayHeight=2400 physicalPixelDisplaySizeRatio=1.0 rotation=0 offsetX=0 offsetY=0 scale=1.0}}
04-20 12:55:06.137 554 578 I LogicalDisplayMapper: Applying layout: [{dispId: 0(ON), displayGroupName: , addr: {port=0, model=0x401cec6a7a2b7b}, mThermalBrightnessThrottlingMapId: null, mRefreshRateZoneId: null, mLeadDisplayId: -1, mThermalRefreshRateThrottlingMapId: null}], Previous layout: null
04-20 12:55:06.149 554 578 I LogicalDisplayMapper: Setting new display group 0 for display 0, from previous group: null
04-20 12:55:06.153 554 578 I LogicalDisplayMapper: Adding new display: 0: DisplayInfo{"Built-in Screen", displayId 0, displayGroupId 0, FLAG_SECURE, FLAG_SUPPORTS_PROTECTED_BUFFERS, FLAG_TRUSTED, real 1080 x 2400, largest app 1080 x 2400, smallest app 1080 x 2400, appVsyncOff 1000000, presDeadline 16666666, mode 160.000004, defaultMode 1, modes [{id=1, width=1080, height=2400, fps=60.000004, alternativeRefreshRates=[], supportedHdrTypes=[]}], hdrCapabilities HdrCapabilities{mSupportedHdrTypes=[], mMaxLuminance=500.0, mMaxAverageLuminance=500.0, mMinLuminance=0.0}, userDisabledHdrTypes [], minimalPostProcessingSupported false, rotation 0, state UNKNOWN, committedState UNKNOWN, type INTERNAL, uniqueId "local:4619827259835644672", app 1080 x 2400, density 420 (420.0 x 420.0) dpi, layerStack 0, colorMode 0, supportedColorModes [0], address {port=0, model=0x401cec6a7a2b7b}, deviceProductInfo DeviceProductInfo{name=EMU_display_0, manufacturerPnpId=GGL, productId=1, modelYear=null, manufactureDate=ManufactureDate{week=27, year=2006}, connectionToSinkType=0}, removeMode 0, refreshRateOverride 0.0, brightnessMinimum 0.0, brightnessMaximum 1.0, brightnessDefault 0.39763778, installOrientation ROTATION_0, layoutLimitedRefreshRate null, hdrSdrRatio not_available, thermalRefreshRateThrottling {}, thermalBrightnessThrottlingDataId default}
04-20 12:55:06.158 554 578 W android.permission.PermissionManager: Missing ActivityManager; assuming 1000 holds android.permission.READ_DEVICE_CONFIG
04-20 12:55:06.190 554 554 W SystemServiceManager: Service com.android.server.display.DisplayManagerService took 171 ms in onBootPhase
04-20 12:55:06.190 554 554 V SystemServerTiming: OnBootPhase_100_com.android.server.display.DisplayManagerService took to complete: 171ms
04-20 12:55:06.190 554 554 V SystemServerTiming: OnBootPhase_100 took to complete: 174ms
04-20 12:55:06.190 554 554 V SystemServerTiming: WaitForDisplay took to complete: 175ms
04-20 12:55:06.194 554 554 D SystemServerTiming: StartDomainVerificationService
04-20 12:55:06.202 554 578 W StrictMode: No activity manager; failed to Dropbox violation.
04-20 12:55:06.208 554 554 V SystemServerTiming: StartDomainVerificationService took to complete: 13ms
04-20 12:55:06.208 554 554 D SystemServerTiming: StartPackageManagerService
04-20 12:55:06.208 554 554 I Watchdog: Pausing HandlerChecker: main thread for reason: packagemanagermain. Pause count: 1
04-20 12:55:06.211 554 554 W system_server: 'extract' is an obsolete compiler filter name that will be removed in future releases, please use 'verify' instead.
04-20 12:55:06.211 554 554 W system_server: 'extract' is an obsolete compiler filter name that will be removed in future releases, please use 'verify' instead.
04-20 12:55:06.211 554 554 D PackageManagerTiming: create package manager
04-20 12:55:06.212 554 578 W StrictMode: No activity manager; failed to Dropbox violation.
04-20 12:55:06.213 554 578 W StrictMode: No activity manager; failed to Dropbox violation.
04-20 12:55:06.215 554 578 W StrictMode: No activity manager; failed to Dropbox violation.
04-20 12:55:06.224 554 578 W StrictMode: No activity manager; failed to Dropbox violation.
04-20 12:55:06.225 554 578 W StrictMode: No activity manager; failed to Dropbox violation.
04-20 12:55:06.226 554 578 W StrictMode: No activity manager; failed to Dropbox violation.
04-20 12:55:06.234 554 554 D PackageManagerTiming: createSubComponents
04-20 12:55:06.251 554 554 E UserManagerService: No user list file
04-20 12:55:06.251 554 554 E UserManagerService: userlist.xml not found, fallback to single user
04-20 12:55:06.312 554 554 W FileUtils: Failed to chmod(/data/system/packages.list): android.system.ErrnoException: chmod failed: ENOENT (No such file or directory)
04-20 12:55:06.328 554 554 V PackageManagerTiming: createSubComponents took to complete: 94ms
04-20 12:55:06.329 554 554 D PackageManagerTiming: addSharedUsers
04-20 12:55:06.330 554 554 V PackageManagerTiming: addSharedUsers took to complete: 1ms
04-20 12:55:06.338 554 554 D PackageManagerTiming: get system config
04-20 12:55:06.338 554 554 V PackageManagerTiming: get system config took to complete: 0ms
04-20 12:55:06.353 554 554 D SELinuxMMAC: Using policy file /system/etc/selinux/plat_mac_permissions.xml
04-20 12:55:06.359 554 554 D SELinuxMMAC: Using policy file /vendor/etc/selinux/vendor_mac_permissions.xml
04-20 12:55:06.361 554 554 D PackageManagerTiming: loadFallbacks
04-20 12:55:06.366 554 554 D FallbackCategoryProvider: Found 1 fallback categories
04-20 12:55:06.366 554 554 V PackageManagerTiming: loadFallbacks took to complete: 4ms
04-20 12:55:06.366 554 554 D PackageManagerTiming: read user settings
04-20 12:55:06.369 554 554 I PackageManager: No package manager settings file
04-20 12:55:06.375 554 554 V PackageManagerTiming: read user settings took to complete: 9ms
04-20 12:55:06.377 554 554 D PackageManagerTiming: setFirstBoot:
04-20 12:55:06.381 554 554 V PackageManagerTiming: setFirstBoot: took to complete: 4ms
04-20 12:55:06.392 554 554 D PackageManager: Directories scanned as system partitions: [/system:0, /vendor:524288, /odm:4194304, /oem:262144, /product:1048576, /system_ext:2097152, /apex/com.android.appsearch:58720256, /apex/com.android.permission:58720256, /apex/com.android.mediaprovider:58720256, /apex/com.android.neuralnetworks:58720256, /apex/com.android.apex.cts.shim:41943040, /apex/com.android.btservices:41943040, /apex/com.android.cellbroadcast:58720256, /apex/com.android.conscrypt:58720256, /apex/com.android.media:58720256, /apex/com.android.tzdata:41943040, /apex/com.android.runtime:41943040, /apex/com.android.adbd:58720256, /apex/com.android.ipsec:58720256, /apex/com.android.wifi:58720256, /apex/com.android.configinfrastructure:58720256, /apex/com.android.i18n:41943040, /apex/com.android.uwb:58720256, /apex/com.android.tethering:58720256, /apex/com.android.resolv:58720256, /apex/com.android.virt:41943040, /apex/com.android.rkpd:41943040, /apex/com.android.sdkext:41943040, /apex/com.android.ondevicepersonalization:58720256, /apex/com.android.vndk.v34:41943040, /apex/com.android.os.statsd:41943040, /apex/com.android.extservices:58720256, /apex/com.android.devicelock:41943040, /apex/com.android.art:58720256, /apex/com.android.adservices:58720256, /apex/com.android.media.swcodec:58720256, /apex/com.android.healthfitness:41943040, /apex/com.android.scheduling:58720256]
04-20 12:55:06.410 0 0 I apexd : getAllPackages received by ApexService
04-20 12:55:06.844 554 554 I PackageManager: /data/apex/decompressed/com.android.adservices@342090000.decompressed.apex changed; collecting certs
04-20 12:55:06.900 554 554 I PackageBackwardCompatibility: Loaded android.content.pm.AndroidTestBaseUpdater
04-20 12:55:06.912 554 554 D CompatibilityChangeReporter: Compat change id reported: 143539591; UID -1; state: DISABLED
04-20 12:55:06.913 554 554 D CompatibilityChangeReporter: Compat change id reported: 168782947; UID -1; state: ENABLED
04-20 12:55:06.923 554 554 W PackageManager: Odd, /data/apex/decompressed/com.android.adservices@342090000.decompressed.apex doesn't look like an APK
04-20 12:55:06.923 554 554 W PackageManager: Unrecognized code path /data/apex/decompressed/com.android.adservices@342090000.decompressed.apex - using /data
04-20 12:55:06.959 554 554 I PackageManager: /data/apex/decompressed/com.android.adbd@342090000.decompressed.apex changed; collecting certs
04-20 12:55:06.986 554 554 W PackageManager: Odd, /data/apex/decompressed/com.android.adbd@342090000.decompressed.apex doesn't look like an APK
04-20 12:55:06.986 554 554 W PackageManager: Unrecognized code path /data/apex/decompressed/com.android.adbd@342090000.decompressed.apex - using /data
04-20 12:55:07.007 554 554 I PackageManager: /system/apex/com.android.apex.cts.shim.apex changed; collecting certs
04-20 12:55:07.028 554 554 D CompatibilityChangeReporter: Compat change id reported: 168782947; UID -1; state: DISABLED
04-20 12:55:07.030 554 554 W PackageManager: Odd, /system/apex/com.android.apex.cts.shim.apex doesn't look like an APK
04-20 12:55:07.051 554 554 I PackageManager: /data/apex/decompressed/com.android.appsearch@342090000.decompressed.apex changed; collecting certs
04-20 12:55:07.078 554 554 W PackageManager: Odd, /data/apex/decompressed/com.android.appsearch@342090000.decompressed.apex doesn't look like an APK
04-20 12:55:07.079 554 554 W PackageManager: Unrecognized code path /data/apex/decompressed/com.android.appsearch@342090000.decompressed.apex - using /data
04-20 12:55:07.095 554 554 I PackageManager: /system/apex/com.android.btservices.apex changed; collecting certs
04-20 12:55:07.261 554 554 W PackageManager: Odd, /system/apex/com.android.btservices.apex doesn't look like an APK
04-20 12:55:07.291 554 554 I PackageManager: /data/apex/decompressed/com.android.configinfrastructure@342090000.decompressed.apex changed; collecting certs
04-20 12:55:07.302 554 554 W PackageManager: Odd, /data/apex/decompressed/com.android.configinfrastructure@342090000.decompressed.apex doesn't look like an APK
04-20 12:55:07.303 554 554 W PackageManager: Unrecognized code path /data/apex/decompressed/com.android.configinfrastructure@342090000.decompressed.apex - using /data
04-20 12:55:07.314 554 554 I PackageManager: /data/apex/decompressed/com.android.cellbroadcast@342090000.decompressed.apex changed; collecting certs
04-20 12:55:07.323 554 554 W PackageManager: Odd, /data/apex/decompressed/com.android.cellbroadcast@342090000.decompressed.apex doesn't look like an APK
04-20 12:55:07.324 554 554 W PackageManager: Unrecognized code path /data/apex/decompressed/com.android.cellbroadcast@342090000.decompressed.apex - using /data
04-20 12:55:07.333 554 554 I PackageManager: /data/apex/decompressed/com.android.conscrypt@342090000.decompressed.apex changed; collecting certs
04-20 12:55:07.343 554 554 W PackageManager: Odd, /data/apex/decompressed/com.android.conscrypt@342090000.decompressed.apex doesn't look like an APK
04-20 12:55:07.343 554 554 W PackageManager: Unrecognized code path /data/apex/decompressed/com.android.conscrypt@342090000.decompressed.apex - using /data
04-20 12:55:07.351 554 554 I PackageManager: /data/apex/decompressed/com.android.art@342090000.decompressed.apex changed; collecting certs
04-20 12:55:07.361 554 554 W PackageManager: Odd, /data/apex/decompressed/com.android.art@342090000.decompressed.apex doesn't look like an APK
04-20 12:55:07.361 554 554 W PackageManager: Unrecognized code path /data/apex/decompressed/com.android.art@342090000.decompressed.apex - using /data
04-20 12:55:07.372 554 554 I PackageManager: /data/apex/decompressed/com.android.extservices@342090000.decompressed.apex changed; collecting certs
04-20 12:55:07.380 554 554 W PackageManager: Odd, /data/apex/decompressed/com.android.extservices@342090000.decompressed.apex doesn't look like an APK
04-20 12:55:07.380 554 554 W PackageManager: Unrecognized code path /data/apex/decompressed/com.android.extservices@342090000.decompressed.apex - using /data
04-20 12:55:07.389 554 554 I PackageManager: /system/apex/com.android.healthfitness.apex changed; collecting certs
04-20 12:55:07.399 554 554 W PackageManager: Odd, /system/apex/com.android.healthfitness.apex doesn't look like an APK
04-20 12:55:07.409 554 554 I PackageManager: /system/apex/com.android.devicelock.apex changed; collecting certs
04-20 12:55:07.419 554 554 W PackageManager: Odd, /system/apex/com.android.devicelock.apex doesn't look like an APK
04-20 12:55:07.433 554 554 I PackageManager: /data/apex/decompressed/com.android.ipsec@342090000.decompressed.apex changed; collecting certs
04-20 12:55:07.443 554 554 W PackageManager: Odd, /data/apex/decompressed/com.android.ipsec@342090000.decompressed.apex doesn't look like an APK
04-20 12:55:07.443 554 554 W PackageManager: Unrecognized code path /data/apex/decompressed/com.android.ipsec@342090000.decompressed.apex - using /data
04-20 12:55:07.455 554 554 I PackageManager: /system/apex/com.android.i18n.apex changed; collecting certs
04-20 12:55:07.464 554 554 W PackageManager: Odd, /system/apex/com.android.i18n.apex doesn't look like an APK
04-20 12:55:07.474 554 554 I PackageManager: /data/apex/decompressed/com.android.media@342090000.decompressed.apex changed; collecting certs
04-20 12:55:07.484 554 554 W PackageManager: Odd, /data/apex/decompressed/com.android.media@342090000.decompressed.apex doesn't look like an APK
04-20 12:55:07.485 554 554 W PackageManager: Unrecognized code path /data/apex/decompressed/com.android.media@342090000.decompressed.apex - using /data
04-20 12:55:07.494 554 554 I PackageManager: /data/apex/decompressed/com.android.media.swcodec@342090000.decompressed.apex changed; collecting certs
04-20 12:55:07.503 554 554 W PackageManager: Odd, /data/apex/decompressed/com.android.media.swcodec@342090000.decompressed.apex doesn't look like an APK
04-20 12:55:07.503 554 554 W PackageManager: Unrecognized code path /data/apex/decompressed/com.android.media.swcodec@342090000.decompressed.apex - using /data
04-20 12:55:07.513 554 554 I PackageManager: /data/apex/decompressed/com.android.neuralnetworks@342090000.decompressed.apex changed; collecting certs
04-20 12:55:07.522 554 554 W PackageManager: Odd, /data/apex/decompressed/com.android.neuralnetworks@342090000.decompressed.apex doesn't look like an APK
04-20 12:55:07.522 554 554 W PackageManager: Unrecognized code path /data/apex/decompressed/com.android.neuralnetworks@342090000.decompressed.apex - using /data
04-20 12:55:07.533 554 554 I PackageManager: /data/apex/decompressed/com.android.ondevicepersonalization@342090000.decompressed.apex changed; collecting certs
04-20 12:55:07.543 554 554 W PackageManager: Odd, /data/apex/decompressed/com.android.ondevicepersonalization@342090000.decompressed.apex doesn't look like an APK
04-20 12:55:07.543 554 554 W PackageManager: Unrecognized code path /data/apex/decompressed/com.android.ondevicepersonalization@342090000.decompressed.apex - using /data
04-20 12:55:07.552 554 554 I PackageManager: /data/apex/decompressed/com.android.resolv@342090000.decompressed.apex changed; collecting certs
04-20 12:55:07.562 554 554 W PackageManager: Odd, /data/apex/decompressed/com.android.resolv@342090000.decompressed.apex doesn't look like an APK
04-20 12:55:07.562 554 554 W PackageManager: Unrecognized code path /data/apex/decompressed/com.android.resolv@342090000.decompressed.apex - using /data
04-20 12:55:07.572 554 554 I PackageManager: /data/apex/decompressed/com.android.mediaprovider@342090000.decompressed.apex changed; collecting certs
04-20 12:55:07.581 554 554 W PackageManager: Odd, /data/apex/decompressed/com.android.mediaprovider@342090000.decompressed.apex doesn't look like an APK
04-20 12:55:07.581 554 554 W PackageManager: Unrecognized code path /data/apex/decompressed/com.android.mediaprovider@342090000.decompressed.apex - using /data
04-20 12:55:07.591 554 554 I PackageManager: /data/apex/decompressed/com.android.permission@342090000.decompressed.apex changed; collecting certs
04-20 12:55:07.603 554 554 W PackageManager: Odd, /data/apex/decompressed/com.android.permission@342090000.decompressed.apex doesn't look like an APK
04-20 12:55:07.603 554 554 W PackageManager: Unrecognized code path /data/apex/decompressed/com.android.permission@342090000.decompressed.apex - using /data
04-20 12:55:07.613 554 554 I PackageManager: /system/apex/com.android.os.statsd.apex changed; collecting certs
04-20 12:55:07.622 554 554 W PackageManager: Odd, /system/apex/com.android.os.statsd.apex doesn't look like an APK
04-20 12:55:07.631 554 554 I PackageManager: /data/apex/decompressed/com.android.scheduling@342090000.decompressed.apex changed; collecting certs
04-20 12:55:07.640 554 554 W PackageManager: Odd, /data/apex/decompressed/com.android.scheduling@342090000.decompressed.apex doesn't look like an APK
04-20 12:55:07.640 554 554 W PackageManager: Unrecognized code path /data/apex/decompressed/com.android.scheduling@342090000.decompressed.apex - using /data
04-20 12:55:07.651 554 554 I PackageManager: /system/apex/com.android.rkpd.apex changed; collecting certs
04-20 12:55:07.662 554 554 W PackageManager: Odd, /system/apex/com.android.rkpd.apex doesn't look like an APK
04-20 12:55:07.671 554 554 I PackageManager: /system/apex/com.android.runtime.apex changed; collecting certs
04-20 12:55:07.682 554 554 W PackageManager: Odd, /system/apex/com.android.runtime.apex doesn't look like an APK
04-20 12:55:07.692 554 554 I PackageManager: /data/apex/decompressed/com.android.tethering@342090000.decompressed.apex changed; collecting certs
04-20 12:55:07.701 554 554 W PackageManager: Odd, /data/apex/decompressed/com.android.tethering@342090000.decompressed.apex doesn't look like an APK
04-20 12:55:07.702 554 554 W PackageManager: Unrecognized code path /data/apex/decompressed/com.android.tethering@342090000.decompressed.apex - using /data
04-20 12:55:07.713 554 554 I PackageManager: /system/apex/com.android.sdkext.apex changed; collecting certs
04-20 12:55:07.728 554 554 W PackageManager: Odd, /system/apex/com.android.sdkext.apex doesn't look like an APK
04-20 12:55:07.739 554 554 I PackageManager: /system/apex/com.android.tzdata.apex changed; collecting certs
04-20 12:55:07.749 554 554 W PackageManager: Odd, /system/apex/com.android.tzdata.apex doesn't look like an APK
04-20 12:55:07.759 554 554 I PackageManager: /data/apex/decompressed/com.android.uwb@342090000.decompressed.apex changed; collecting certs
04-20 12:55:07.771 554 554 W PackageManager: Odd, /data/apex/decompressed/com.android.uwb@342090000.decompressed.apex doesn't look like an APK
04-20 12:55:07.771 554 554 W PackageManager: Unrecognized code path /data/apex/decompressed/com.android.uwb@342090000.decompressed.apex - using /data
04-20 12:55:07.781 554 554 I PackageManager: /system/apex/com.android.virt.apex changed; collecting certs
04-20 12:55:07.791 554 554 W PackageManager: Odd, /system/apex/com.android.virt.apex doesn't look like an APK
04-20 12:55:07.801 554 554 I PackageManager: /data/apex/decompressed/com.android.wifi@342090000.decompressed.apex changed; collecting certs
04-20 12:55:07.811 554 554 W PackageManager: Odd, /data/apex/decompressed/com.android.wifi@342090000.decompressed.apex doesn't look like an APK
04-20 12:55:07.811 554 554 W PackageManager: Unrecognized code path /data/apex/decompressed/com.android.wifi@342090000.decompressed.apex - using /data
04-20 12:55:07.822 554 554 I PackageManager: /system/apex/com.android.vndk.current.apex changed; collecting certs
04-20 12:55:07.832 554 554 W PackageManager: Odd, /system/apex/com.android.vndk.current.apex doesn't look like an APK
04-20 12:55:07.838 554 554 D PackageManager: No files in app dir /system_ext/overlay
04-20 12:55:07.902 554 554 I PackageManager: /product/overlay/EmulationPixelFold changed; collecting certs
04-20 12:55:07.946 554 554 I PackageManager: /product/overlay/EmulationPixel3a changed; collecting certs
04-20 12:55:07.989 554 554 I PackageManager: /product/overlay/SystemUIEmulationPixel4XL changed; collecting certs
04-20 12:55:08.022 554 554 I PackageManager: /product/overlay/EmulationPixel8Pro changed; collecting certs
04-20 12:55:08.066 554 554 I PackageManager: /product/overlay/SystemUIEmulationPixelFold changed; collecting certs
04-20 12:55:08.110 554 554 I PackageManager: /product/overlay/EmulationPixel7 changed; collecting certs
04-20 12:55:08.138 554 554 I PackageManager: /product/overlay/EmulationPixel6Pro changed; collecting certs
04-20 12:55:08.165 554 554 I PackageManager: /product/overlay/EmulationPixel5 changed; collecting certs
04-20 12:55:08.211 554 554 I PackageManager: /product/overlay/EmulationPixel3XL changed; collecting certs
04-20 12:55:08.252 554 554 I PackageManager: /product/overlay/NavigationBarMode2Button changed; collecting certs
04-20 12:55:08.271 554 554 I PackageManager: /product/overlay/EmulationPixel8 changed; collecting certs
04-20 12:55:08.291 554 554 I PackageManager: /product/overlay/SystemUIEmulationPixel7a changed; collecting certs
04-20 12:55:08.317 554 554 I PackageManager: /product/overlay/SystemUIEmulationPixel3a changed; collecting certs
04-20 12:55:08.328 554 554 I PackageManager: /product/overlay/EmulationPixel2XL changed; collecting certs
04-20 12:55:08.337 554 554 I PackageManager: /product/overlay/SystemUIEmulationPixel4 changed; collecting certs
04-20 12:55:08.345 554 554 I PackageManager: /product/overlay/EmulationPixel4XL changed; collecting certs
04-20 12:55:08.354 554 554 I PackageManager: /product/overlay/SystemUIEmulationPixel8 changed; collecting certs
04-20 12:55:08.363 554 554 I PackageManager: /product/overlay/EmulationPixel6a changed; collecting certs
04-20 12:55:08.373 554 554 I PackageManager: /product/overlay/EmulatorTetheringConfigOverlay.apk changed; collecting certs
04-20 12:55:08.383 554 554 I PackageManager: /product/overlay/SystemUIEmulationPixel4a changed; collecting certs
04-20 12:55:08.392 554 554 I PackageManager: /product/overlay/SystemUIEmulationPixel5 changed; collecting certs
04-20 12:55:08.401 554 554 I PackageManager: /product/overlay/SystemUIEmulationPixel6Pro changed; collecting certs
04-20 12:55:08.410 554 554 I PackageManager: /product/overlay/EmulationPixel4 changed; collecting certs
04-20 12:55:08.419 554 554 I PackageManager: /product/overlay/SystemUIEmulationPixel8Pro changed; collecting certs
04-20 12:55:08.428 554 554 I PackageManager: /product/overlay/DisplayCutoutEmulationEmu01 changed; collecting certs
04-20 12:55:08.439 554 554 I PackageManager: /product/overlay/EmulationPixel4a changed; collecting certs
04-20 12:55:08.450 554 554 I PackageManager: /product/overlay/SystemUIEmulationPixel3XL changed; collecting certs
04-20 12:55:08.459 554 554 I PackageManager: /product/overlay/SystemUIEmulationPixel3 changed; collecting certs
04-20 12:55:08.469 554 554 I PackageManager: /product/overlay/EmulationPixel3 changed; collecting certs
04-20 12:55:08.478 554 554 I PackageManager: /product/overlay/EmulationPixel7a changed; collecting certs
04-20 12:55:08.487 554 554 I PackageManager: /product/overlay/SystemUIEmulationPixel7 changed; collecting certs
04-20 12:55:08.497 554 554 I PackageManager: /product/overlay/EmulationPixel7Pro changed; collecting certs
04-20 12:55:08.506 554 554 I PackageManager: /product/overlay/SystemUIEmulationPixel6a changed; collecting certs
04-20 12:55:08.515 554 554 I PackageManager: /product/overlay/EmulationPixel3aXL changed; collecting certs
04-20 12:55:08.525 554 554 I PackageManager: /product/overlay/SystemUIEmulationPixel6 changed; collecting certs
04-20 12:55:08.534 554 554 I PackageManager: /product/overlay/EmulationPixel6 changed; collecting certs
04-20 12:55:08.543 554 554 I PackageManager: /product/overlay/SystemUIEmulationPixel7Pro changed; collecting certs
04-20 12:55:08.552 554 554 I PackageManager: /product/overlay/SystemUIEmulationPixel3aXL changed; collecting certs
04-20 12:55:08.561 554 554 D PackageManager: No files in app dir /oem/overlay
04-20 12:55:08.562 554 554 D PackageManager: No files in app dir /odm/overlay
04-20 12:55:08.584 554 554 I PackageManager: /vendor/overlay/TeleService__auto_generated_rro_vendor.apk changed; collecting certs
04-20 12:55:08.615 554 554 I PackageManager: /vendor/overlay/SettingsProvider__auto_generated_rro_vendor.apk changed; collecting certs
04-20 12:55:08.639 554 554 I PackageManager: /vendor/overlay/CarrierConfig__auto_generated_rro_vendor.apk changed; collecting certs
04-20 12:55:08.654 554 554 I PackageManager: /vendor/overlay/slim_overlay_frameworks_base_core.apk changed; collecting certs
04-20 12:55:08.665 554 554 I PackageManager: /vendor/overlay/goldfish_overlay_connectivity_gsi.apk changed; collecting certs
04-20 12:55:08.675 554 554 I PackageManager: /vendor/overlay/framework-res__auto_generated_rro_vendor.apk changed; collecting certs
04-20 12:55:08.700 554 554 W PackageManager: Failed to parse /system/framework/x86_64: Missing base APK in /system/framework/x86_64
04-20 12:55:08.702 554 554 W PackageManager: Failed to parse /system/framework/oat: Missing base APK in /system/framework/oat/x86_64
04-20 12:55:08.784 554 613 W PackageParsing: android defines a knownSigner permission but the provided knownCerts resource is null
04-20 12:55:08.785 554 613 W PackageParsing: android defines a knownSigner permission but the provided knownCerts resource is null
04-20 12:55:08.787 554 613 W PackageParsing: android defines a knownSigner permission but the provided knownCerts resource is null
04-20 12:55:08.810 554 613 W PackageParsing: android defines a knownSigner permission but the provided knownCerts resource is null
04-20 12:55:08.823 554 613 W PackageParsing: android defines a knownSigner permission but the provided knownCerts resource is null
04-20 12:55:08.823 554 613 W PackageParsing: android defines a knownSigner permission but the provided knownCerts resource is null
04-20 12:55:08.867 554 613 I PackageParsing: Parse times for '/system/framework/framework-res.apk': parse=139ms, update_cache=25 ms
04-20 12:55:08.869 554 554 I PackageManager: /system/framework/framework-res.apk changed; collecting certs
04-20 12:55:08.886 554 554 W PackageManager: Adding duplicate shared id: 1000 name=android
04-20 12:55:08.975 554 554 I PackageManager: New shared user android.uid.calendar: id=10044
04-20 12:55:08.982 554 554 I PackageManager: /system/priv-app/CalendarProvider changed; collecting certs
04-20 12:55:09.035 554 554 W PackageManager: Adding duplicate app id: 10044 name=com.android.providers.calendar
04-20 12:55:09.054 554 554 I PackageManager: New shared user android.uid.shared: id=10045
04-20 12:55:09.055 554 554 I PackageManager: /system/priv-app/UserDictionaryProvider changed; collecting certs
04-20 12:55:09.104 554 554 W PackageManager: Adding duplicate app id: 10045 name=com.android.providers.userdictionary
04-20 12:55:09.129 554 554 I PackageManager: /system/priv-app/ONS changed; collecting certs
04-20 12:55:09.149 554 554 W PackageManager: Adding duplicate shared id: 1001 name=com.android.ons
04-20 12:55:09.194 554 554 I PackageManager: /system/priv-app/MmsService changed; collecting certs
04-20 12:55:09.203 554 614 I PackageParsing: Parse times for '/system/priv-app/PackageInstaller': parse=238ms, update_cache=24 ms
04-20 12:55:09.227 554 554 W PackageManager: Adding duplicate shared id: 1001 name=com.android.mms.service
04-20 12:55:09.231 554 613 I PackageParsing: Parse times for '/system/priv-app/DownloadProvider': parse=196ms, update_cache=2 ms
04-20 12:55:09.242 554 554 I PackageManager: /system/priv-app/PackageInstaller changed; collecting certs
04-20 12:55:09.266 554 615 W PackageParsing: Ignoring duplicate uses-permissions/uses-permissions-sdk-m: android.permission.POST_NOTIFICATIONS in package: com.android.phone at: Binary XML file line #168
04-20 12:55:09.277 554 612 I PackageParsing: Parse times for '/system/priv-app/FusedLocation': parse=67ms, update_cache=39 ms
04-20 12:55:09.329 554 554 I PackageManager: New shared user android.media: id=10047
04-20 12:55:09.330 554 554 I PackageManager: /system/priv-app/DownloadProvider changed; collecting certs
04-20 12:55:09.391 554 614 I PackageParsing: Parse times for '/system/priv-app/TelephonyProvider': parse=179ms, update_cache=3 ms
04-20 12:55:09.463 554 612 I PackageParsing: Parse times for '/system/priv-app/ProxyHandler': parse=164ms, update_cache=2 ms
04-20 12:55:09.474 554 615 I PackageParsing: Parse times for '/system/priv-app/TeleService': parse=500ms, update_cache=47 ms
04-20 12:55:09.479 554 613 W PackageParsing: Ignoring duplicate uses-permissions/uses-permissions-sdk-m: android.permission.SATELLITE_COMMUNICATION in package: com.android.shell at: Binary XML file line #732
04-20 12:55:09.481 554 554 W PackageManager: Adding duplicate app id: 10047 name=com.android.providers.downloads
04-20 12:55:09.492 554 613 W PackageParsing: Ignoring duplicate uses-permissions/uses-permissions-sdk-m: android.permission.FOREGROUND_SERVICE in package: com.android.shell at: Binary XML file line #824
04-20 12:55:09.493 554 613 W PackageParsing: Ignoring duplicate uses-permissions/uses-permissions-sdk-m: android.permission.FOREGROUND_SERVICE_SYSTEM_EXEMPTED in package: com.android.shell at: Binary XML file line #825
04-20 12:55:09.534 554 613 I PackageParsing: Parse times for '/system/priv-app/Shell': parse=279ms, update_cache=20 ms
04-20 12:55:09.626 554 614 I PackageParsing: Parse times for '/system/priv-app/Tag': parse=197ms, update_cache=11 ms
04-20 12:55:09.633 554 554 I PackageManager: /system/priv-app/FusedLocation changed; collecting certs
04-20 12:55:09.650 554 612 I PackageParsing: Parse times for '/system/priv-app/ContactsProvider': parse=147ms, update_cache=7 ms
04-20 12:55:09.654 554 615 I PackageParsing: Parse times for '/system/priv-app/MusicFX': parse=150ms, update_cache=15 ms
04-20 12:55:09.703 554 613 I PackageParsing: Parse times for '/system/priv-app/LocalTransport': parse=93ms, update_cache=68 ms
04-20 12:55:09.718 554 554 W PackageManager: Adding duplicate shared id: 1000 name=com.android.location.fused
04-20 12:55:09.734 554 554 I PackageManager: /system/priv-app/TelephonyProvider changed; collecting certs
04-20 12:55:09.747 554 554 W PackageManager: Adding duplicate shared id: 1001 name=com.android.providers.telephony
04-20 12:55:09.754 554 554 I PackageManager: /system/priv-app/TeleService changed; collecting certs
04-20 12:55:09.811 554 612 I PackageParsing: Parse times for '/system/priv-app/CredentialManager': parse=151ms, update_cache=2 ms
04-20 12:55:09.814 554 554 W PackageManager: Adding duplicate shared id: 1001 name=com.android.phone
04-20 12:55:09.822 554 554 I PackageManager: /system/priv-app/ProxyHandler changed; collecting certs
04-20 12:55:09.838 554 613 I PackageParsing: Parse times for '/system/priv-app/VpnDialogs': parse=121ms, update_cache=2 ms
04-20 12:55:09.841 554 615 I PackageParsing: Parse times for '/system/priv-app/DynamicSystemInstallationService': parse=176ms, update_cache=6 ms
04-20 12:55:09.851 554 554 I PackageManager: /system/priv-app/Shell changed; collecting certs
04-20 12:55:09.867 554 614 I PackageParsing: Parse times for '/system/priv-app/SoundPicker': parse=104ms, update_cache=2 ms
04-20 12:55:09.889 554 554 W PackageManager: Adding duplicate shared id: 2000 name=com.android.shell
04-20 12:55:09.907 554 554 I PackageManager: /system/priv-app/Tag changed; collecting certs
04-20 12:55:09.950 554 554 I PackageManager: /system/priv-app/ContactsProvider changed; collecting certs
04-20 12:55:09.983 554 554 W PackageManager: Adding duplicate app id: 10045 name=com.android.providers.contacts
04-20 12:55:09.990 554 615 I PackageParsing: Parse times for '/system/priv-app/DownloadProviderUi': parse=120ms, update_cache=6 ms
04-20 12:55:09.995 554 554 I PackageManager: /system/priv-app/MusicFX changed; collecting certs
04-20 12:55:10.014 554 613 I PackageParsing: Parse times for '/system/priv-app/InputDevices': parse=136ms, update_cache=2 ms
04-20 12:55:10.030 554 554 I PackageManager: /system/priv-app/LocalTransport changed; collecting certs
04-20 12:55:10.086 554 612 I PackageParsing: Parse times for '/system/priv-app/SettingsProvider': parse=141ms, update_cache=3 ms
04-20 12:55:10.100 554 554 W PackageManager: Adding duplicate shared id: 1000 name=com.android.localtransport
04-20 12:55:10.106 554 554 I PackageManager: /system/priv-app/ExternalStorageProvider changed; collecting certs
04-20 12:55:10.130 554 614 I PackageParsing: Parse times for '/system/priv-app/LiveWallpapersPicker': parse=242ms, update_cache=7 ms
04-20 12:55:10.169 554 554 I PackageManager: /system/priv-app/CredentialManager changed; collecting certs
04-20 12:55:10.206 554 554 I PackageManager: /system/priv-app/VpnDialogs changed; collecting certs
04-20 12:55:10.246 554 615 I PackageParsing: Parse times for '/system/priv-app/MtpService': parse=179ms, update_cache=46 ms
04-20 12:55:10.267 554 613 I PackageParsing: Parse times for '/system/priv-app/Telecom': parse=141ms, update_cache=5 ms
04-20 12:55:10.269 554 614 I PackageParsing: Parse times for '/system/priv-app/BackupRestoreConfirmation': parse=119ms, update_cache=2 ms
04-20 12:55:10.275 554 554 I PackageManager: /system/priv-app/DynamicSystemInstallationService changed; collecting certs
04-20 12:55:10.313 554 554 W PackageManager: Adding duplicate shared id: 1000 name=com.android.dynsystem
04-20 12:55:10.332 554 612 I PackageParsing: Parse times for '/system/priv-app/IntentResolver': parse=144ms, update_cache=2 ms
04-20 12:55:10.347 554 554 I PackageManager: /system/priv-app/SoundPicker changed; collecting certs
04-20 12:55:10.365 554 554 W PackageManager: Adding duplicate app id: 10047 name=com.android.soundpicker
04-20 12:55:10.375 554 554 I PackageManager: /system/priv-app/CellBroadcastLegacyApp changed; collecting certs
04-20 12:55:10.410 554 554 I PackageManager: /system/priv-app/DownloadProviderUi changed; collecting certs
04-20 12:55:10.445 554 612 I PackageParsing: Parse times for '/system/priv-app/NetworkStack': parse=105ms, update_cache=3 ms
04-20 12:55:10.461 554 554 W PackageManager: Adding duplicate app id: 10047 name=com.android.providers.downloads.ui
04-20 12:55:10.479 554 554 I PackageManager: /system/priv-app/InputDevices changed; collecting certs
04-20 12:55:10.490 554 615 I PackageParsing: Parse times for '/system/priv-app/MediaProviderLegacy': parse=155ms, update_cache=2 ms
04-20 12:55:10.516 554 554 W PackageManager: Adding duplicate shared id: 1000 name=com.android.inputdevices
04-20 12:55:10.522 554 554 I PackageManager: /system/priv-app/SettingsProvider changed; collecting certs
04-20 12:55:10.523 554 613 I PackageParsing: Parse times for '/system/priv-app/StatementService': parse=133ms, update_cache=9 ms
04-20 12:55:10.551 554 554 W PackageManager: Adding duplicate shared id: 1000 name=com.android.providers.settings
04-20 12:55:10.554 554 614 I PackageParsing: Parse times for '/system/priv-app/ManagedProvisioning': parse=201ms, update_cache=7 ms
04-20 12:55:10.558 554 554 I PackageManager: /system/priv-app/BuiltInPrintService changed; collecting certs
04-20 12:55:10.570 554 554 I PackageManager: /system/priv-app/LiveWallpapersPicker changed; collecting certs
04-20 12:55:10.583 554 554 I PackageManager: /system/priv-app/SharedStorageBackup changed; collecting certs
04-20 12:55:10.596 554 554 I PackageManager: /system/priv-app/MtpService changed; collecting certs
04-20 12:55:10.610 554 554 W PackageManager: Adding duplicate app id: 10047 name=com.android.mtp
04-20 12:55:10.615 554 554 I PackageManager: /system/priv-app/Telecom changed; collecting certs
04-20 12:55:10.626 554 554 W PackageManager: Adding duplicate shared id: 1000 name=com.android.server.telecom
04-20 12:55:10.634 554 554 I PackageManager: /system/priv-app/BackupRestoreConfirmation changed; collecting certs
04-20 12:55:10.647 554 554 I PackageManager: /system/priv-app/CallLogBackup changed; collecting certs
04-20 12:55:10.658 554 554 W PackageManager: Adding duplicate app id: 10045 name=com.android.calllogbackup
04-20 12:55:10.662 554 554 I PackageManager: /system/priv-app/IntentResolver changed; collecting certs
04-20 12:55:10.675 554 554 I PackageManager: /system/priv-app/BlockedNumberProvider changed; collecting certs
04-20 12:55:10.683 554 554 W PackageManager: Adding duplicate app id: 10045 name=com.android.providers.blockednumber
04-20 12:55:10.688 554 554 I PackageManager: /system/priv-app/NetworkStackNext changed; collecting certs
04-20 12:55:10.699 554 554 W PackageManager: Adding duplicate shared id: 1073 name=com.android.networkstack
04-20 12:55:10.707 554 554 I PackageManager: /system/priv-app/NetworkStack changed; collecting certs
04-20 12:55:10.714 554 554 W PackageManager: Failed to scan /system/priv-app/NetworkStack: Application package com.android.networkstack already installed. Skipping duplicate.
04-20 12:55:10.715 554 554 I PackageManager: /system/priv-app/MediaProviderLegacy changed; collecting certs
04-20 12:55:10.723 554 554 W PackageManager: Adding duplicate app id: 10047 name=com.android.providers.media
04-20 12:55:10.728 554 554 I PackageManager: /system/priv-app/StatementService changed; collecting certs
04-20 12:55:10.739 554 554 I PackageManager: /system/priv-app/ManagedProvisioning changed; collecting certs
04-20 12:55:10.806 554 554 I PackageManager: /system/app/HTMLViewer changed; collecting certs
04-20 12:55:10.875 554 554 I PackageManager: /system/app/PacProcessor changed; collecting certs
04-20 12:55:10.935 554 615 I PackageParsing: Parse times for '/system/app/Stk': parse=164ms, update_cache=8 ms
04-20 12:55:10.949 554 554 I PackageManager: /system/app/SecureElement changed; collecting certs
04-20 12:55:10.954 554 612 I PackageParsing: Parse times for '/system/app/EasterEgg': parse=142ms, update_cache=8 ms
04-20 12:55:11.006 554 554 W PackageManager: Adding duplicate shared id: 1068 name=com.android.se
04-20 12:55:11.023 554 554 I PackageManager: /system/app/BasicDreams changed; collecting certs
04-20 12:55:11.037 554 613 I PackageParsing: Parse times for '/system/app/BookmarkProvider': parse=105ms, update_cache=3 ms
04-20 12:55:11.065 554 554 I PackageManager: /system/app/Stk changed; collecting certs
04-20 12:55:11.079 554 615 I PackageParsing: Parse times for '/system/app/CaptivePortalLogin': parse=121ms, update_cache=2 ms
04-20 12:55:11.104 554 612 I PackageParsing: Parse times for '/system/app/PrintSpooler': parse=126ms, update_cache=11 ms
04-20 12:55:11.126 554 554 W PackageManager: Adding duplicate shared id: 1001 name=com.android.stk
04-20 12:55:11.149 554 554 I PackageManager: /system/app/EasterEgg changed; collecting certs
04-20 12:55:11.168 554 613 W PackageParsing: No actions in intent-filter at /system/app/CarrierDefaultApp/CarrierDefaultApp.apk Binary XML file line #45
04-20 12:55:11.170 554 613 W PackageParsing: No actions in intent-filter at /system/app/CarrierDefaultApp/CarrierDefaultApp.apk Binary XML file line #70
04-20 12:55:11.174 554 613 I PackageParsing: Parse times for '/system/app/CarrierDefaultApp': parse=120ms, update_cache=2 ms
04-20 12:55:11.182 554 614 I PackageParsing: Parse times for '/system/app/Traceur': parse=344ms, update_cache=15 ms
04-20 12:55:11.198 554 554 I PackageManager: /system/app/BookmarkProvider changed; collecting certs
04-20 12:55:11.240 554 554 I PackageManager: /system/app/CaptivePortalLogin changed; collecting certs
04-20 12:55:11.303 554 554 I PackageManager: /system/app/PrintSpooler changed; collecting certs
04-20 12:55:11.320 554 615 I PackageParsing: Parse times for '/system/app/CompanionDeviceManager': parse=223ms, update_cache=4 ms
04-20 12:55:11.422 554 554 I PackageManager: /system/app/CarrierDefaultApp changed; collecting certs
04-20 12:55:11.442 554 612 I PackageParsing: Parse times for '/system/app/NfcNci': parse=301ms, update_cache=24 ms
04-20 12:55:11.450 554 613 I PackageParsing: Parse times for '/system/app/KeyChain': parse=255ms, update_cache=3 ms
04-20 12:55:11.491 554 614 I PackageParsing: Parse times for '/system/app/CertInstaller': parse=227ms, update_cache=3 ms
04-20 12:55:11.519 554 554 I PackageManager: /system/app/Traceur changed; collecting certs
04-20 12:55:11.555 554 615 I PackageParsing: Parse times for '/system/app/BluetoothMidiService': parse=130ms, update_cache=2 ms
04-20 12:55:11.566 554 554 I PackageManager: /system/app/PrintRecommendationService changed; collecting certs
04-20 12:55:11.616 554 554 I PackageManager: /system/app/CompanionDeviceManager changed; collecting certs
04-20 12:55:11.646 554 554 I PackageManager: /system/app/PartnerBookmarksProvider changed; collecting certs
04-20 12:55:11.662 554 554 I PackageManager: /system/app/ExtShared changed; collecting certs
04-20 12:55:11.691 554 554 I PackageManager: /system/app/NfcNci changed; collecting certs
