04-20 12:53:50.374 0 0 I init : Parsing file /system/etc/init/dmesgd.rc...
04-20 12:53:50.378 0 0 I init : Parsing file /system/etc/init/drmserver.rc...
04-20 12:53:50.386 0 0 I init : Parsing file /system/etc/init/dumpstate.rc...
04-20 12:53:50.390 0 0 I init : Parsing file /system/etc/init/flags_health_check.rc...
04-20 12:53:50.394 0 0 I init : Parsing file /system/etc/init/gatekeeperd.rc...
04-20 12:53:50.398 0 0 I init : Parsing file /system/etc/init/gpuservice.rc...
04-20 12:53:50.402 0 0 I init : Parsing file /system/etc/init/gsid.rc...
04-20 12:53:50.406 0 0 I init : Parsing file /system/etc/init/heapprofd.rc...
04-20 12:53:50.411 0 0 I init : Parsing file /system/etc/init/hwservicemanager.rc...
04-20 12:53:50.415 0 0 I init : Parsing file /system/etc/init/idmap2d.rc...
04-20 12:53:50.416 0 0 I init : Parsing file /system/etc/init/incidentd.rc...
04-20 12:53:50.417 0 0 I init : Parsing file /system/etc/init/init-debug.rc...
04-20 12:53:50.418 0 0 I init : Parsing file /system/etc/init/installd.rc...
04-20 12:53:50.419 0 0 I init : Parsing file /system/etc/init/keystore2.rc...
04-20 12:53:50.420 0 0 I init : Parsing file /system/etc/init/llkd-debuggable.rc...
04-20 12:53:50.421 0 0 I init : Parsing file /system/etc/init/llkd.rc...
04-20 12:53:50.423 0 0 I init : Parsing file /system/etc/init/lmkd.rc...
04-20 12:53:50.424 0 0 I init : Parsing file /system/etc/init/logcatd.rc...
04-20 12:53:50.425 0 0 I init : Parsing file /system/etc/init/logd.rc...
04-20 12:53:50.426 0 0 I init : Parsing file /system/etc/init/logtagd.rc...
04-20 12:53:50.427 0 0 I init : Parsing file /system/etc/init/lpdumpd.rc...
04-20 12:53:50.428 0 0 I init : Parsing file /system/etc/init/mdnsd.rc...
04-20 12:53:50.429 0 0 I init : Parsing file /system/etc/init/mediaextractor.rc...
04-20 12:53:50.430 0 0 I init : Parsing file /system/etc/init/mediametrics.rc...
04-20 12:53:50.431 0 0 I init : Parsing file /system/etc/init/mediaserver.rc...
04-20 12:53:50.432 0 0 I init : Parsing file /system/etc/init/mtectrl.rc...
04-20 12:53:50.433 0 0 I init : Parsing file /system/etc/init/mtpd.rc...
04-20 12:53:50.434 0 0 I init : Parsing file /system/etc/init/netd.rc...
04-20 12:53:50.435 0 0 I init : Parsing file /system/etc/init/odsign.rc...
04-20 12:53:50.436 0 0 I init : Parsing file /system/etc/init/otapreopt.rc...
04-20 12:53:50.436 0 0 I init : Parsing file /system/etc/init/perfetto.rc...
04-20 12:53:50.438 0 0 I init : Parsing file /system/etc/init/prng_seeder.rc...
04-20 12:53:50.439 0 0 I init : Parsing file /system/etc/init/profcollectd.rc...
04-20 12:53:50.440 0 0 I init : Parsing file /system/etc/init/racoon.rc...
04-20 12:53:50.441 0 0 I init : Parsing file /system/etc/init/recovery-persist.rc...
04-20 12:53:50.442 0 0 I init : Parsing file /system/etc/init/recovery-refresh.rc...
04-20 12:53:50.443 0 0 I init : Parsing file /system/etc/init/rss_hwm_reset.rc...
04-20 12:53:50.443 0 0 I init : Parsing file /system/etc/init/servicemanager.rc...
04-20 12:53:50.444 0 0 I init : Parsing file /system/etc/init/simpleperf.rc...
04-20 12:53:50.445 0 0 I init : Parsing file /system/etc/init/snapuserd.rc...
04-20 12:53:50.446 0 0 I init : Parsing file /system/etc/init/storaged.rc...
04-20 12:53:50.447 0 0 I init : Parsing file /system/etc/init/surfaceflinger.rc...
04-20 12:53:50.448 0 0 I init : Parsing file /system/etc/init/tombstoned.rc...
04-20 12:53:50.449 0 0 I init : Parsing file /system/etc/init/traced_perf.rc...
04-20 12:53:50.450 0 0 I init : Parsing file /system/etc/init/uncrypt.rc...
04-20 12:53:50.451 0 0 I init : Parsing file /system/etc/init/update_engine.rc...
04-20 12:53:50.452 0 0 I init : Parsing file /system/etc/init/update_verifier.rc...
04-20 12:53:50.453 0 0 I init : Parsing file /system/etc/init/usbd.rc...
04-20 12:53:50.454 0 0 I init : Parsing file /system/etc/init/vold.rc...
04-20 12:53:50.455 0 0 I init : Parsing file /system/etc/init/wifi.rc...
04-20 12:53:50.456 0 0 I init : Parsing file /system/etc/init/wificond.rc...
04-20 12:53:50.457 0 0 I init : Parsing directory /system_ext/etc/init...
04-20 12:53:50.458 0 0 I init : Parsing file /system_ext/etc/init/init.system_ext.rc...
04-20 12:53:50.459 0 0 I init : Parsing directory /vendor/etc/init...
04-20 12:53:50.459 0 0 I init : Parsing file /vendor/etc/init/android.hardware.atrace@1.0-service.rc...
04-20 12:53:50.461 0 0 I init : Parsing file /vendor/etc/init/android.hardware.audio.service.rc...
04-20 12:53:50.462 0 0 I init : Parsing file /vendor/etc/init/android.hardware.authsecret-service.example.rc...
04-20 12:53:50.463 0 0 I init : Parsing file /vendor/etc/init/android.hardware.biometrics.fingerprint-service.ranchu.rc...
04-20 12:53:50.464 0 0 I init : Parsing file /vendor/etc/init/android.hardware.camera.provider.ranchu.rc...
04-20 12:53:50.464 0 0 I init : Parsing file /vendor/etc/init/android.hardware.camera.provider@2.7-service-google.rc...
04-20 12:53:50.465 0 0 I init : Parsing file /vendor/etc/init/android.hardware.drm-service-lazy.clearkey.rc...
04-20 12:53:50.466 0 0 I init : Parsing file /vendor/etc/init/android.hardware.gatekeeper@1.0-service.software.rc...
04-20 12:53:50.466 0 0 I init : Parsing file /vendor/etc/init/android.hardware.gnss-service.ranchu.rc...
04-20 12:53:50.467 0 0 I init : Parsing file /vendor/etc/init/android.hardware.graphics.allocator@3.0-service.ranchu.rc...
04-20 12:53:50.468 0 0 I init : Parsing file /vendor/etc/init/android.hardware.health-service.example.rc...
04-20 12:53:50.468 0 0 I init : Parsing file /vendor/etc/init/android.hardware.media.c2@1.0-service-goldfish.rc...
04-20 12:53:50.469 0 0 I init : Parsing file /vendor/etc/init/android.hardware.neuralnetworks-service-sample-all.rc...
04-20 12:53:50.470 0 0 I init : Parsing file /vendor/etc/init/android.hardware.neuralnetworks-service-sample-limited.rc...
04-20 12:53:50.470 0 0 I init : Parsing file /vendor/etc/init/android.hardware.neuralnetworks-shim-service-sample.rc...
04-20 12:53:50.471 0 0 I init : Parsing file /vendor/etc/init/android.hardware.security.keymint-service.rc...
04-20 12:53:50.471 0 0 I init : Parsing file /vendor/etc/init/android.hardware.sensors-service-multihal.rc...
04-20 12:53:50.472 0 0 I init : Parsing file /vendor/etc/init/android.hardware.thermal@2.0-service.rc...
04-20 12:53:50.473 0 0 I init : Parsing file /vendor/etc/init/android.hardware.usb-service.example.rc...
04-20 12:53:50.473 0 0 I init : Parsing file /vendor/etc/init/android.hardware.wifi-service.rc...
04-20 12:53:50.474 0 0 I init : Parsing file /vendor/etc/init/bluetooth-service-default.rc...
04-20 12:53:50.475 0 0 I init : Parsing file /vendor/etc/init/boringssl_self_test.rc...
04-20 12:53:50.476 0 0 I init : Parsing file /vendor/etc/init/cas-default.rc...
04-20 12:53:50.477 0 0 I init : Parsing file /vendor/etc/init/contexthub-default.rc...
04-20 12:53:50.477 0 0 I init : Parsing file /vendor/etc/init/dumpstate-default.rc...
04-20 12:53:50.478 0 0 I init : Parsing file /vendor/etc/init/face-default.rc...
04-20 12:53:50.479 0 0 I init : Parsing file /vendor/etc/init/health-storage-default.rc...
04-20 12:53:50.479 0 0 I init : Parsing file /vendor/etc/init/hostapd.android.rc...
04-20 12:53:50.480 0 0 I init : Parsing file /vendor/etc/init/hwc3.rc...
04-20 12:53:50.481 0 0 I init : Parsing file /vendor/etc/init/identity-default.rc...
04-20 12:53:50.481 0 0 I init : Parsing file /vendor/etc/init/lights-default.rc...
04-20 12:53:50.482 0 0 I init : Parsing file /vendor/etc/init/power-default.rc...
04-20 12:53:50.483 0 0 I init : Parsing file /vendor/etc/init/power.stats-default.rc...
04-20 12:53:50.483 0 0 I init : Parsing file /vendor/etc/init/rebootescrow-default.rc...
04-20 12:53:50.484 0 0 I init : Parsing file /vendor/etc/init/rild_goldfish.rc...
04-20 12:53:50.485 0 0 I init : Parsing file /vendor/etc/init/vibrator-default.rc...
04-20 12:53:50.486 0 0 I init : Parsing file /odm/etc/init...
04-20 12:53:50.486 0 0 I init : Unable to read config file '/odm/etc/init': open() failed: No such file or directory
04-20 12:53:50.487 0 0 I init : Parsing file /product/etc/init...
04-20 12:53:50.487 0 0 I init : Unable to read config file '/product/etc/init': open() failed: No such file or directory
04-20 12:53:50.490 0 0 I init : processing action (SetupCgroups) from (:0)
04-20 12:53:50.546 0 0 I init : Command 'SetupCgroups' action=SetupCgroups (:0) took 55ms and succeeded
04-20 12:53:50.581 0 0 I init : processing action (SetKptrRestrict) from (:0)
04-20 12:53:50.583 0 0 I init : processing action (TestPerfEventSelinux) from (:0)
04-20 12:53:50.587 0 0 I init : processing action (ConnectEarlyStageSnapuserd) from (:0)
04-20 12:53:50.587 0 0 I init : processing action (early-init) from (/system/etc/init/hw/init.rc:15)
04-20 12:53:50.622 0 0 I init : Command 'mkdir /acct/uid' action=early-init (/system/etc/init/hw/init.rc:30) took 1ms and failed: mkdir() failed on /acct/uid: Read-only file system
04-20 12:53:50.638 0 0 I init : starting service 'ueventd'...
04-20 12:53:50.687 0 0 I init : ... started service 'ueventd' has pid 90
04-20 12:53:50.696 0 0 I init : starting service 'apexd-bootstrap'...
04-20 12:53:50.729 0 0 I init : ... started service 'apexd-bootstrap' has pid 91
04-20 12:53:50.730 0 0 I init : SVC_EXEC service 'apexd-bootstrap' pid 91 (uid 0 gid 1000+0 context default) started; waiting...
04-20 12:53:50.885 0 0 I ueventd : ueventd started!
04-20 12:53:50.912 0 0 I selinux : SELinux: Loaded file context from:
04-20 12:53:50.912 0 0 I selinux : /system/etc/selinux/plat_file_contexts
04-20 12:53:50.912 0 0 I selinux : /vendor/etc/selinux/vendor_file_contexts
04-20 12:53:50.914 0 0 I ueventd : Parsing file /system/etc/ueventd.rc...
04-20 12:53:50.927 0 0 I ueventd : Added '/vendor/etc/ueventd.rc' to import list
04-20 12:53:50.927 0 0 I ueventd : Added '/odm/etc/ueventd.rc' to import list
04-20 12:53:50.929 0 0 I ueventd : Parsing file /vendor/etc/ueventd.rc...
04-20 12:53:50.931 0 0 I ueventd : Parsing file /odm/etc/ueventd.rc...
04-20 12:53:50.931 0 0 I ueventd : Unable to read config file '/odm/etc/ueventd.rc': open() failed: No such file or directory
04-20 12:53:51.183 0 0 I apexd : Bootstrap subcommand detected
04-20 12:53:51.191 0 0 E cutils-trace: Error opening trace file: No such file or directory (2)
04-20 12:53:51.193 0 0 I apexd-bootstrap: Scanning /system/apex for pre-installed ApexFiles
04-20 12:53:51.200 0 0 I apexd-bootstrap: Found pre-installed APEX /system/apex/com.android.media.swcodec.capex
04-20 12:53:51.222 0 0 I apexd-bootstrap: Found pre-installed APEX /system/apex/com.android.btservices.apex
04-20 12:53:51.247 0 0 I apexd-bootstrap: Found pre-installed APEX /system/apex/com.android.adbd.capex
04-20 12:53:51.266 0 0 I apexd-bootstrap: Found pre-installed APEX /system/apex/com.android.neuralnetworks.capex
04-20 12:53:51.288 0 0 I apexd-bootstrap: Found pre-installed APEX /system/apex/com.android.virt.apex
04-20 12:53:51.308 0 0 I apexd-bootstrap: Found pre-installed APEX /system/apex/com.android.extservices.capex
04-20 12:53:51.325 0 0 I apexd-bootstrap: Found pre-installed APEX /system/apex/com.android.rkpd.apex
04-20 12:53:51.340 0 0 I apexd-bootstrap: Found pre-installed APEX /system/apex/com.android.apex.cts.shim.apex
04-20 12:53:51.352 0 0 I apexd-bootstrap: Found pre-installed APEX /system/apex/com.android.os.statsd.apex
04-20 12:53:51.364 0 0 I apexd-bootstrap: Found pre-installed APEX /system/apex/com.android.media.capex
04-20 12:53:51.377 0 0 I apexd-bootstrap: Found pre-installed APEX /system/apex/com.android.resolv.capex
04-20 12:53:51.399 0 0 I apexd-bootstrap: Found pre-installed APEX /system/apex/com.android.permission.capex
04-20 12:53:51.416 0 0 I apexd-bootstrap: Found pre-installed APEX /system/apex/com.android.art.capex
04-20 12:53:51.438 0 0 I apexd-bootstrap: Found pre-installed APEX /system/apex/com.android.tethering.capex
04-20 12:53:51.451 0 0 I apexd-bootstrap: Found pre-installed APEX /system/apex/com.android.configinfrastructure.capex
04-20 12:53:51.471 0 0 I apexd-bootstrap: Found pre-installed APEX /system/apex/com.android.sdkext.apex
04-20 12:53:51.484 0 0 I apexd-bootstrap: Found pre-installed APEX /system/apex/com.android.mediaprovider.capex
04-20 12:53:51.500 0 0 I apexd-bootstrap: Found pre-installed APEX /system/apex/com.android.vndk.current.apex
04-20 12:53:51.520 0 0 I apexd-bootstrap: Found pre-installed APEX /system/apex/com.android.tzdata.apex
04-20 12:53:51.540 0 0 I apexd-bootstrap: Found pre-installed APEX /system/apex/com.android.devicelock.apex
04-20 12:53:51.556 0 0 I apexd-bootstrap: Found pre-installed APEX /system/apex/com.android.ondevicepersonalization.capex
04-20 12:53:51.579 0 0 I apexd-bootstrap: Found pre-installed APEX /system/apex/com.android.cellbroadcast.capex
04-20 12:53:51.592 0 0 I apexd-bootstrap: Found pre-installed APEX /system/apex/com.android.ipsec.capex
04-20 12:53:51.623 0 0 I apexd-bootstrap: Found pre-installed APEX /system/apex/com.android.adservices.capex
04-20 12:53:51.776 0 0 I apexd-bootstrap: Found pre-installed APEX /system/apex/com.android.healthfitness.apex
04-20 12:53:51.858 0 0 I : ueventd (93) used greatest stack depth: 13072 bytes left
04-20 12:53:51.904 0 0 I apexd-bootstrap: Found pre-installed APEX /system/apex/com.android.conscrypt.capex
04-20 12:53:51.921 0 0 I apexd-bootstrap: Found pre-installed APEX /system/apex/com.android.scheduling.capex
04-20 12:53:51.941 0 0 I ueventd : Coldboot took 1.003 seconds
04-20 12:53:51.944 0 0 I apexd-bootstrap: Found pre-installed APEX /system/apex/com.android.wifi.capex
04-20 12:53:51.955 0 0 I apexd-bootstrap: Found pre-installed APEX /system/apex/com.android.i18n.apex
04-20 12:53:51.962 0 0 I apexd-bootstrap: Found pre-installed APEX /system/apex/com.android.appsearch.capex
04-20 12:53:51.971 0 0 I apexd-bootstrap: Found pre-installed APEX /system/apex/com.android.runtime.apex
04-20 12:53:51.978 0 0 I apexd-bootstrap: Found pre-installed APEX /system/apex/com.android.uwb.capex
04-20 12:53:51.988 0 0 I apexd-bootstrap: Scanning /system_ext/apex for pre-installed ApexFiles
04-20 12:53:51.988 0 0 W apexd-bootstrap: /system_ext/apex does not exist. Skipping
04-20 12:53:51.988 0 0 I apexd-bootstrap: Scanning /product/apex for pre-installed ApexFiles
04-20 12:53:51.988 0 0 W apexd-bootstrap: /product/apex does not exist. Skipping
04-20 12:53:51.988 0 0 I apexd-bootstrap: Scanning /vendor/apex for pre-installed ApexFiles
04-20 12:53:51.988 0 0 W apexd-bootstrap: /vendor/apex does not exist. Skipping
04-20 12:53:51.989 0 0 I apexd-bootstrap: Found bootstrap APEX /system/apex/com.android.runtime.apex
04-20 12:53:51.989 0 0 I apexd-bootstrap: Found bootstrap APEX /system/apex/com.android.i18n.apex
04-20 12:53:51.989 0 0 I apexd-bootstrap: Found bootstrap APEX /system/apex/com.android.vndk.current.apex
04-20 12:53:51.989 0 0 I apexd-bootstrap: Found bootstrap APEX /system/apex/com.android.tzdata.apex
04-20 12:53:51.989 0 0 I apexd-bootstrap: Need to pre-allocate 36 loop devices for 32 APEX packages
04-20 12:53:51.990 0 0 I apexd-bootstrap: No block apex metadata partition found, not adding block apexes
04-20 12:53:52.045 0 0 I apexd-bootstrap: Found 16 idle loopback devices that were pre-allocated by kernel. Allocated 20 more.
04-20 12:53:52.130 0 0 I loop0 : detected capacity change from 0 to 8944
04-20 12:53:52.135 0 0 I loop1 : detected capacity change from 0 to 71872
04-20 12:53:52.147 0 0 I loop2 : detected capacity change from 0 to 52360
04-20 12:53:52.163 0 0 I loop3 : detected capacity change from 0 to 1616
04-20 12:53:52.199 0 0 I EXT4-fs (loop1): mounted filesystem without journal. Quota mode: none.
04-20 12:53:52.200 0 0 I apexd-bootstrap: Successfully mounted package /system/apex/com.android.i18n.apex on /apex/com.android.i18n@1 duration=69
04-20 12:53:52.202 0 0 I EXT4-fs (loop2): mounted filesystem without journal. Quota mode: none.
04-20 12:53:52.206 0 0 I apexd-bootstrap: Successfully mounted package /system/apex/com.android.vndk.current.apex on /apex/com.android.vndk.v34@1 duration=74
04-20 12:53:52.208 0 0 I EXT4-fs (loop3): mounted filesystem without journal. Quota mode: none.
04-20 12:53:52.208 0 0 I apexd-bootstrap: Successfully mounted package /system/apex/com.android.tzdata.apex on /apex/com.android.tzdata@342090000 duration=76
04-20 12:53:52.254 0 0 I EXT4-fs (loop0): mounted filesystem without journal. Quota mode: none.
04-20 12:53:52.255 0 0 I apexd-bootstrap: Successfully mounted package /system/apex/com.android.runtime.apex on /apex/com.android.runtime@1 duration=127
04-20 12:53:52.263 0 0 I : apexd (132) used greatest stack depth: 13040 bytes left
04-20 12:53:52.271 0 0 I apexd-bootstrap: Activated 4 packages.
04-20 12:53:52.315 0 0 I apexd-bootstrap: OnBootstrap done, duration=1121
04-20 12:53:52.322 0 0 I : apexd (91) used greatest stack depth: 11816 bytes left
04-20 12:53:52.323 0 0 I init : Service 'apexd-bootstrap' (pid 91) exited with status 0 waiting took 1.615000 seconds
04-20 12:53:52.323 0 0 I init : Sending signal 9 to service 'apexd-bootstrap' (pid 91) process group...
04-20 12:53:52.324 0 0 I libprocessgroup: Successfully killed process cgroup uid 0 pid 91 in 0ms
04-20 12:53:52.560 0 0 I init : linkerconfig generated /linkerconfig with mounted APEX modules info
04-20 12:53:52.561 0 0 I init : Command 'update_linker_config' action=early-init (/system/etc/init/hw/init.rc:79) took 231ms and succeeded
04-20 12:53:52.571 0 0 I init : processing action (early-init) from (/init.environ.rc:2)
04-20 12:53:52.573 0 0 I init : processing action (early-init) from (/vendor/etc/init/hw/init.ranchu.rc:11)
04-20 12:53:52.581 0 0 I init : Command 'setprop ro.config.low_ram ${ro.boot.config.low_ram}' action=early-init (/vendor/etc/init/hw/init.ranchu.rc:15) took 2ms and failed: property 'ro.boot.config.low_ram' doesn't exist while expanding '${ro.boot.config.low_ram}'
04-20 12:53:52.590 0 0 I init : Command 'setprop dalvik.vm.checkjni ${ro.boot.dalvik.vm.checkjni}' action=early-init (/vendor/etc/init/hw/init.ranchu.rc:20) took 0ms and failed: property 'ro.boot.dalvik.vm.checkjni' doesn't exist while expanding '${ro.boot.dalvik.vm.checkjni}'
04-20 12:53:52.593 0 0 I init : Command 'setprop debug.stagefright.ccodec ${ro.boot.debug.stagefright.ccodec}' action=early-init (/vendor/etc/init/hw/init.ranchu.rc:22) took 0ms and failed: property 'ro.boot.debug.stagefright.ccodec' doesn't exist while expanding '${ro.boot.debug.stagefright.ccodec}'
04-20 12:53:52.598 0 0 I init : starting service 'vendor.dlkm_loader'...
04-20 12:53:52.639 0 0 I init : ... started service 'vendor.dlkm_loader' has pid 138
04-20 12:53:52.643 0 0 I init : starting service 'exec 1 (/system/bin/modprobe -a -d /system/lib/modules zram.ko)'...
04-20 12:53:52.657 0 0 I init : ... started service 'exec 1 (/system/bin/modprobe -a -d /system/lib/modules zram.ko)' has pid 139
04-20 12:53:52.657 0 0 I init : SVC_EXEC service 'exec 1 (/system/bin/modprobe -a -d /system/lib/modules zram.ko)' pid 139 (uid 0 gid 0+0 context u:r:modprobe:s0) started; waiting...
04-20 12:53:52.836 0 0 I dlkm_loader: dlkm loader successfully initialized
04-20 12:53:52.876 0 0 I dlkm_loader: Loading module /system/lib/modules/rfkill.ko with args ''
04-20 12:53:52.883 0 0 I zram : Added device: zram0
04-20 12:53:52.890 0 0 I dlkm_loader: Loaded kernel module /system/lib/modules/rfkill.ko
04-20 12:53:52.891 0 0 I dlkm_loader: Loading module /system/lib/modules/bluetooth.ko with args ''
04-20 12:53:52.918 0 0 I init : Service 'exec 1 (/system/bin/modprobe -a -d /system/lib/modules zram.ko)' (pid 139) exited with status 0 waiting took 0.271000 seconds
04-20 12:53:52.919 0 0 I init : Sending signal 9 to service 'exec 1 (/system/bin/modprobe -a -d /system/lib/modules zram.ko)' (pid 139) process group...
04-20 12:53:52.919 0 0 I libprocessgroup: Successfully killed process cgroup uid 0 pid 139 in 0ms
04-20 12:53:52.920 0 0 I init : processing action (ro.product.debugfs_restrictions.enabled=true && early-init) from (/system/etc/init/init-debug.rc:10)
04-20 12:53:52.931 0 0 I init : processing action (early-init) from (/system/etc/init/prng_seeder.rc:5)
04-20 12:53:52.932 0 0 I init : starting service 'prng_seeder'...
04-20 12:53:52.938 0 0 I init : Created socket '/dev/socket/prng_seeder', mode 666, user 1092, group 1092
04-20 12:53:52.956 0 0 I Bluetooth: Core ver 2.22
04-20 12:53:52.956 0 0 I NET : Registered PF_BLUETOOTH protocol family
04-20 12:53:52.956 0 0 I Bluetooth: HCI device and connection manager initialized
04-20 12:53:52.956 0 0 I Bluetooth: HCI socket layer initialized
04-20 12:53:52.956 0 0 I Bluetooth: L2CAP socket layer initialized
04-20 12:53:52.956 0 0 I Bluetooth: SCO socket layer initialized
04-20 12:53:52.960 0 0 I dlkm_loader: Loaded kernel module /system/lib/modules/bluetooth.ko
04-20 12:53:52.961 0 0 I dlkm_loader: Loading module /vendor/lib/modules/btintel.ko with args ''
04-20 12:53:52.965 0 0 I dlkm_loader: Loaded kernel module /vendor/lib/modules/btintel.ko
04-20 12:53:52.966 0 0 I dlkm_loader: Loading module /vendor/lib/modules/btrtl.ko with args ''
04-20 12:53:52.969 0 0 I dlkm_loader: Loaded kernel module /vendor/lib/modules/btrtl.ko
04-20 12:53:52.970 0 0 I dlkm_loader: Loading module /system/lib/modules/btbcm.ko with args ''
04-20 12:53:52.981 0 0 I init : ... started service 'prng_seeder' has pid 142
04-20 12:53:52.982 0 0 I init : processing action (ro.product.cpu.abilist64=* && early-init) from (/vendor/etc/init/boringssl_self_test.rc:4)
04-20 12:53:52.988 0 0 I init : starting service 'boringssl_self_test64_vendor'...
04-20 12:53:53.018 0 0 I dlkm_loader: Loaded kernel module /system/lib/modules/btbcm.ko
04-20 12:53:53.018 0 0 I dlkm_loader: Loading module /vendor/lib/modules/btusb.ko with args ''
04-20 12:53:53.038 0 0 I init : ... started service 'boringssl_self_test64_vendor' has pid 143
04-20 12:53:53.043 0 0 I init : SVC_EXEC service 'boringssl_self_test64_vendor' pid 143 (uid 0 gid 0+0 context default) started; waiting...
04-20 12:53:53.043 0 0 I init : Command 'exec_start boringssl_self_test64_vendor' action=ro.product.cpu.abilist64=* && early-init (/vendor/etc/init/boringssl_self_test.rc:5) took 56ms and succeeded
04-20 12:53:53.071 0 0 I usbcore : registered new interface driver btusb
04-20 12:53:53.087 0 0 I dlkm_loader: Loaded kernel module /vendor/lib/modules/btusb.ko
04-20 12:53:53.088 0 0 I dlkm_loader: Loading module /vendor/lib/modules/dummy-cpufreq.ko with args ''
04-20 12:53:53.152 0 0 I dlkm_loader: Loaded kernel module /vendor/lib/modules/dummy-cpufreq.ko
04-20 12:53:53.152 0 0 I dlkm_loader: Loading module /vendor/lib/modules/dummy_hcd.ko with args ''
04-20 12:53:53.175 0 0 I dummy_hcd.0: USB Host+Gadget Emulator, driver 02 May 2005
04-20 12:53:53.175 0 0 I dummy_hcd.0: Dummy host controller
04-20 12:53:53.175 0 0 I dummy_hcd.0: new USB bus registered, assigned bus number 1
04-20 12:53:53.177 0 0 I usb1 : New USB device found, idVendor=1d6b, idProduct=0002, bcdDevice= 6.01
04-20 12:53:53.177 0 0 I usb1 : New USB device strings: Mfr=3, Product=2, SerialNumber=1
04-20 12:53:53.177 0 0 I usb1 : Product: Dummy host controller
04-20 12:53:53.177 0 0 I usb1 : Manufacturer: Linux 6.1.23-android14-4-00257-g7e35917775b8-ab9964412 dummy_hcd
04-20 12:53:53.177 0 0 I usb1 : SerialNumber: dummy_hcd.0
04-20 12:53:53.186 0 0 I hub 1-0 : 1.0: USB hub found
04-20 12:53:53.187 0 0 I hub 1-0 : 1.0: 1 port detected
04-20 12:53:53.214 0 0 I dlkm_loader: Loaded kernel module /vendor/lib/modules/dummy_hcd.ko
04-20 12:53:53.215 0 0 I dlkm_loader: Loading module /vendor/lib/modules/failover.ko with args ''
04-20 12:53:53.259 0 0 I dlkm_loader: Loaded kernel module /vendor/lib/modules/failover.ko
04-20 12:53:53.260 0 0 I dlkm_loader: Loading module /vendor/lib/modules/goldfish_address_space.ko with args ''
04-20 12:53:53.266 0 0 W goldfish_address_space: loading out-of-tree module taints kernel.
04-20 12:53:53.504 0 0 I init : Service 'boringssl_self_test64_vendor' (pid 143) exited with status 0 waiting took 0.493000 seconds
04-20 12:53:53.504 0 0 I init : Sending signal 9 to service 'boringssl_self_test64_vendor' (pid 143) process group...
04-20 12:53:53.505 0 0 I libprocessgroup: Successfully killed process cgroup uid 0 pid 143 in 0ms
04-20 12:53:53.519 0 0 I init : processing action (wait_for_coldboot_done) from (:0)
04-20 12:53:53.519 0 0 I init : start_waiting_for_property("ro.cold_boot_done", "true"): already set
04-20 12:53:53.519 0 0 I init : processing action (SetMmapRndBits) from (:0)
04-20 12:53:53.520 0 0 I init : processing action (KeychordInit) from (:0)
04-20 12:53:53.522 0 0 W init : EVIOCSMASK not supported: Invalid argument
04-20 12:53:53.527 0 0 I init : processing action (init) from (/system/etc/init/hw/init.rc:97)
04-20 12:53:53.529 0 0 I init : Command 'copy /system/etc/prop.default /dev/urandom' action=init (/system/etc/init/hw/init.rc:102) took 0ms and failed: Could not read input file '/system/etc/prop.default': open() failed: No such file or directory
04-20 12:53:53.613 0 0 I dlkm_loader: Loaded kernel module /vendor/lib/modules/goldfish_address_space.ko
04-20 12:53:53.613 0 0 I dlkm_loader: Loading module /vendor/lib/modules/goldfish_battery.ko with args ''
04-20 12:53:53.622 0 0 I init : Command 'write /dev/blkio/blkio.weight 1000' action=init (/system/etc/init/hw/init.rc:238) took 0ms and failed: Unable to write to file '/dev/blkio/blkio.weight': open() failed: Permission denied
04-20 12:53:53.625 0 0 I init : Command 'write /dev/blkio/background/blkio.weight 200' action=init (/system/etc/init/hw/init.rc:239) took 0ms and failed: Unable to write to file '/dev/blkio/background/blkio.weight': open() failed: Permission denied
04-20 12:53:53.627 0 0 I init : Command 'write /dev/blkio/blkio.group_idle 0' action=init (/system/etc/init/hw/init.rc:241) took 0ms and failed: Unable to write to file '/dev/blkio/blkio.group_idle': open() failed: Permission denied
04-20 12:53:53.628 0 0 I init : Command 'write /dev/blkio/background/blkio.group_idle 0' action=init (/system/etc/init/hw/init.rc:242) took 0ms and failed: Unable to write to file '/dev/blkio/background/blkio.group_idle': open() failed: Permission denied
04-20 12:53:53.662 0 0 I dlkm_loader: Loaded kernel module /vendor/lib/modules/goldfish_battery.ko
04-20 12:53:53.663 0 0 I dlkm_loader: Loading module /vendor/lib/modules/goldfish_pipe.ko with args ''
04-20 12:53:53.694 0 0 I dlkm_loader: Loaded kernel module /vendor/lib/modules/goldfish_pipe.ko
04-20 12:53:53.695 0 0 I dlkm_loader: Loading module /vendor/lib/modules/goldfish_sync.ko with args ''
04-20 12:53:53.702 0 0 I dlkm_loader: Loaded kernel module /vendor/lib/modules/goldfish_sync.ko
04-20 12:53:53.703 0 0 I dlkm_loader: Loading module /system/lib/modules/can-dev.ko with args ''
04-20 12:53:53.715 0 0 I : CAN device driver interface
04-20 12:53:53.717 0 0 I dlkm_loader: Loaded kernel module /system/lib/modules/can-dev.ko
04-20 12:53:53.717 0 0 I dlkm_loader: Loading module /vendor/lib/modules/gs_usb.ko with args ''
04-20 12:53:53.720 0 0 I usbcore : registered new interface driver gs_usb
04-20 12:53:53.723 0 0 I dlkm_loader: Loaded kernel module /vendor/lib/modules/gs_usb.ko
04-20 12:53:53.723 0 0 I dlkm_loader: Loading module /vendor/lib/modules/hci_vhci.ko with args ''
04-20 12:53:53.764 0 0 I init : Command 'write /dev/cpu_variant:${ro.bionic.arch} ${ro.bionic.cpu_variant}' action=init (/system/etc/init/hw/init.rc:453) took 0ms and failed: property 'ro.bionic.cpu_variant' doesn't exist while expanding '${ro.bionic.cpu_variant}'
04-20 12:53:53.764 0 0 I init : Command 'write /dev/cpu_variant:${ro.bionic.2nd_arch} ${ro.bionic.2nd_cpu_variant}' action=init (/system/etc/init/hw/init.rc:455) took 0ms and failed: property 'ro.bionic.2nd_arch' doesn't exist while expanding '/dev/cpu_variant:${ro.bionic.2nd_arch}'
04-20 12:53:53.764 0 0 I init : Command 'chmod 0444 /dev/cpu_variant:${ro.bionic.2nd_arch}' action=init (/system/etc/init/hw/init.rc:456) took 0ms and failed: property 'ro.bionic.2nd_arch' doesn't exist while expanding '/dev/cpu_variant:${ro.bionic.2nd_arch}'
04-20 12:53:53.766 0 0 I dlkm_loader: Loaded kernel module /vendor/lib/modules/hci_vhci.ko
04-20 12:53:53.767 0 0 I dlkm_loader: Loading module /system/lib/modules/cfg80211.ko with args ''
04-20 12:53:53.771 0 0 I init : starting service 'logd'...
04-20 12:53:53.772 0 0 I init : Created socket '/dev/socket/logd', mode 666, user 1036, group 1036
04-20 12:53:53.773 0 0 I init : Created socket '/dev/socket/logdr', mode 666, user 1036, group 1036
04-20 12:53:53.778 0 0 I init : Created socket '/dev/socket/logdw', mode 222, user 1036, group 1036
04-20 12:53:53.871 0 0 I init : ... started service 'logd' has pid 150
04-20 12:53:53.871 0 0 I init : Command 'start logd' action=init (/system/etc/init/hw/init.rc:469) took 105ms and succeeded
04-20 12:53:53.874 0 0 I init : starting service 'lmkd'...
04-20 12:53:53.879 0 0 I init : Created socket '/dev/socket/lmkd', mode 660, user 1000, group 1000
04-20 12:53:53.913 0 0 I cfg80211: Loading compiled-in X.509 certificates for regulatory database
04-20 12:53:53.917 0 0 I cfg80211: Loaded X.509 cert 'sforshee: 00b28ddf47aef9cea7'
04-20 12:53:53.918 0 0 W platform regulatory.0: Direct firmware load for regulatory.db failed with error -2
04-20 12:53:53.918 0 0 I cfg80211: failed to load regulatory.db
04-20 12:53:53.936 0 0 I dlkm_loader: Loaded kernel module /system/lib/modules/cfg80211.ko
04-20 12:53:53.941 0 0 I dlkm_loader: Loading module /system/lib/modules/libarc4.ko with args ''
04-20 12:53:53.962 0 0 I dlkm_loader: Loaded kernel module /system/lib/modules/libarc4.ko
04-20 12:53:53.963 0 0 I dlkm_loader: Loading module /system/lib/modules/mac80211.ko with args ''
04-20 12:53:53.999 0 0 I init : ... started service 'lmkd' has pid 151
04-20 12:53:54.000 0 0 I init : Command 'start lmkd' action=init (/system/etc/init/hw/init.rc:476) took 126ms and succeeded
04-20 12:53:54.001 0 0 I init : starting service 'servicemanager'...
04-20 12:53:54.126 0 0 I init : ... started service 'servicemanager' has pid 153
04-20 12:53:54.127 0 0 I init : Command 'start servicemanager' action=init (/system/etc/init/hw/init.rc:479) took 126ms and succeeded
04-20 12:53:54.128 0 0 I init : starting service 'hwservicemanager'...
04-20 12:53:54.182 0 0 I init : ... started service 'hwservicemanager' has pid 154
04-20 12:53:54.183 0 0 I init : Command 'start hwservicemanager' action=init (/system/etc/init/hw/init.rc:480) took 55ms and succeeded
04-20 12:53:54.183 0 0 I init : Command 'start vndservicemanager' action=init (/system/etc/init/hw/init.rc:481) took 0ms and failed: service vndservicemanager not found
04-20 12:53:54.183 0 0 I init : processing action (ro.product.cpu.abilist64=* && init) from (/system/etc/init/hw/init.rc:486)
04-20 12:53:54.184 0 0 I init : starting service 'boringssl_self_test64'...
04-20 12:53:54.261 0 0 I init : ... started service 'boringssl_self_test64' has pid 155
04-20 12:53:54.261 0 0 I init : SVC_EXEC service 'boringssl_self_test64' pid 155 (uid 9999 gid 0+0 context default) started; waiting...
04-20 12:53:54.261 0 0 I init : Command 'exec_start boringssl_self_test64' action=ro.product.cpu.abilist64=* && init (/system/etc/init/hw/init.rc:487) took 77ms and succeeded
04-20 12:53:54.519 0 0 I servicemanager: Starting sm instance on /dev/binder
04-20 12:53:54.613 0 0 I init : Service 'boringssl_self_test64' (pid 155) exited with status 0 waiting took 0.421000 seconds
04-20 12:53:54.614 0 0 I init : Sending signal 9 to service 'boringssl_self_test64' (pid 155) process group...
04-20 12:53:54.619 0 0 I libprocessgroup: Successfully killed process cgroup uid 9999 pid 155 in 5ms
04-20 12:53:54.622 0 0 I init : processing action (ro.debuggable=1 && init) from (/system/etc/init/hw/init.rc:1315)
04-20 12:53:54.630 0 0 I SELinux : SELinux: Loaded service context from:
04-20 12:53:54.635 0 0 I init : starting service 'console'...
04-20 12:53:54.639 0 0 I SELinux : /system/etc/selinux/plat_service_contexts
04-20 12:53:54.639 0 0 I SELinux : /vendor/etc/selinux/vendor_service_contexts
04-20 12:53:54.692 0 0 I init : ... started service 'console' has pid 160
04-20 12:53:54.693 0 0 I init : Command 'start console' action=ro.debuggable=1 && init (/system/etc/init/hw/init.rc:1316) took 58ms and succeeded
04-20 12:53:54.693 0 0 I init : processing action (init) from (/system/etc/init/hw/init.usb.rc:27)
04-20 12:53:54.698 0 0 I init : processing action (init) from (/vendor/etc/init/hw/init.ranchu.rc:29)
04-20 12:53:54.771 0 0 I init : starting service 'qemu-props'...
04-20 12:53:54.821 0 0 I init : ... started service 'qemu-props' has pid 161
04-20 12:53:54.822 0 0 I init : Command 'start qemu-props' action=init (/vendor/etc/init/hw/init.ranchu.rc:56) took 51ms and succeeded
04-20 12:53:54.822 0 0 I init : processing action (init) from (/system/etc/init/audioserver.rc:58)
04-20 12:53:54.843 0 0 I init : processing action (late-init) from (/system/etc/init/hw/init.rc:532)
04-20 12:53:54.843 0 0 I init : processing action (late-init) from (/system/etc/init/atrace.rc:3)
04-20 12:53:54.900 0 0 I logd.auditd: start
04-20 12:53:55.110 161 161 I qemu-props: successfully set property 'vendor.qemu.sf.fake_camera' to 'none'
04-20 12:53:55.116 161 161 I qemu-props: successfully set property 'qemu.hw.mainkeys' to '0'
04-20 12:53:55.117 161 161 I qemu-props: successfully set property 'qemu.sf.lcd_density' to '420'
04-20 12:53:55.119 161 161 I qemu-props: successfully set property 'vendor.net.wifi_mac_prefix' to '5554'
04-20 12:53:55.119 161 161 I qemu-props: successfully set property 'vendor.qemu.timezone' to 'Etc/UTC'
04-20 12:53:55.133 161 161 W qemu-props: could not open '/sys/class/virtio-ports/vport7p1/name'
04-20 12:53:55.141 161 161 I qemu-props: successfully set property 'vendor.qemu.vport.bluetooth' to '/dev/vport7p2'
04-20 12:53:55.141 161 161 W qemu-props: could not open '/sys/class/virtio-ports/vport7p0/name'
04-20 12:53:55.145 161 161 I qemu-props: successfully set property 'vendor.qemu.vport.modem' to '/dev/vport8p1'
04-20 12:53:54.940 0 0 I init : Command 'write /proc/sys/kernel/sched_schedstats 1' action=late-init (/system/etc/init/atrace.rc:10) took 88ms and succeeded
04-20 12:53:54.996 0 0 I logd : Loaded bug_map file: /vendor/etc/selinux/selinux_denial_metadata
04-20 12:53:55.003 0 0 I logd : Loaded bug_map file: /system/etc/selinux/bug_map
04-20 12:53:55.119 0 0 I init : processing action (late-init) from (/vendor/etc/init/android.hardware.atrace@1.0-service.rc:1)
04-20 12:53:55.127 0 0 I init : processing action (queue_property_triggers) from (:0)
04-20 12:53:55.127 0 0 I init : processing action (early-fs) from (/system/etc/init/hw/init.rc:565)
04-20 12:53:55.128 0 0 I init : starting service 'vold'...
04-20 12:53:55.176 0 0 I init : ... started service 'vold' has pid 167
04-20 12:53:55.177 0 0 I init : processing action (early-fs) from (/vendor/etc/init/hw/init.ranchu.rc:1)
04-20 12:53:55.177 0 0 I init : service 'vold' requested start, but it is already running (flags: 2052)
04-20 12:53:55.177 0 0 I init : processing action (fs) from (/vendor/etc/init/hw/init.ranchu.rc:4)
04-20 12:53:55.206 154 154 I hwservicemanager: getDeviceHalManifest: Successfully processed VINTF information
04-20 12:53:55.207 154 154 I hwservicemanager: getFrameworkHalManifest: Successfully processed VINTF information
04-20 12:53:55.238 154 154 I hwservicemanager: hwservicemanager is ready now.
04-20 12:53:55.234 0 0 I init : Command 'mount_all /vendor/etc/fstab.ranchu --early' action=fs (/vendor/etc/init/hw/init.ranchu.rc:5) took 56ms and succeeded
04-20 12:53:55.235 0 0 I init : processing action (fs) from (/system/etc/init/logd.rc:29)
04-20 12:53:55.236 0 0 I init : processing action (fs) from (/system/etc/init/wifi.rc:25)
04-20 12:53:55.237 0 0 I init : processing action (post-fs) from (/system/etc/init/hw/init.rc:569)
04-20 12:53:55.238 0 0 I init : starting service 'exec 2 (/system/bin/vdc checkpoint markBootAttempt)'...
04-20 12:53:55.283 0 0 I init : ... started service 'exec 2 (/system/bin/vdc checkpoint markBootAttempt)' has pid 168
04-20 12:53:55.283 0 0 I init : SVC_EXEC service 'exec 2 (/system/bin/vdc checkpoint markBootAttempt)' pid 168 (uid 1000 gid 1000+0 context default) started; waiting...
04-20 12:53:55.500 0 0 E cutils-trace: Error opening trace file: Permission denied (13) --------- beginning of system
04-20 12:53:55.590 167 167 I vold : Vold 3.0 (the awakening) firing up
04-20 12:53:55.594 167 167 D vold : Detected support for: ext4 f2fs vfat
04-20 12:53:55.643 167 167 D vold : VoldNativeService::start() completed OK
04-20 12:53:55.665 0 0 I init : Service 'exec 2 (/system/bin/vdc checkpoint markBootAttempt)' (pid 168) exited with status 0 waiting took 0.413000 seconds
04-20 12:53:55.666 0 0 I init : Sending signal 9 to service 'exec 2 (/system/bin/vdc checkpoint markBootAttempt)' (pid 168) process group...
04-20 12:53:55.668 0 0 I libprocessgroup: Successfully killed process cgroup uid 1000 pid 168 in 2ms
04-20 12:53:55.692 0 0 I init : Command 'chown system cache /cache' action=post-fs (/system/etc/init/hw/init.rc:585) took 0ms and failed: lchown() failed: Read-only file system
04-20 12:53:55.693 0 0 I init : Command 'chmod 0770 /cache' action=post-fs (/system/etc/init/hw/init.rc:586) took 0ms and failed: fchmodat() failed: Read-only file system
04-20 12:53:55.699 0 0 E selinux : SELinux: setxattr failed: /cache: Read-only file system
04-20 12:53:55.700 0 0 I init : Command 'mkdir /cache/recovery 0770 system cache' action=post-fs (/system/etc/init/hw/init.rc:592) took 0ms and failed: mkdir() failed on /cache/recovery: Read-only file system
04-20 12:53:55.701 0 0 I init : Command 'mkdir /cache/backup_stage 0700 system system' action=post-fs (/system/etc/init/hw/init.rc:595) took 0ms and failed: mkdir() failed on /cache/backup_stage: Read-only file system
04-20 12:53:55.702 0 0 I init : Command 'mkdir /cache/backup 0700 system system' action=post-fs (/system/etc/init/hw/init.rc:596) took 0ms and failed: mkdir() failed on /cache/backup: Read-only file system
04-20 12:53:55.708 0 0 I init : Command 'mkdir /cache/lost+found 0770 root root' action=post-fs (/system/etc/init/hw/init.rc:620) took 0ms and failed: mkdir() failed on /cache/lost+found: Read-only file system
04-20 12:53:55.773 0 0 I init : processing action (post-fs) from (/system/etc/init/atrace_userdebug.rc:7)
04-20 12:53:55.792 0 0 I init : processing action (post-fs) from (/system/etc/init/gsid.rc:8)
04-20 12:53:55.815 0 0 I init : processing action (post-fs) from (/system/etc/init/recovery-refresh.rc:1)
04-20 12:53:55.816 0 0 I init : starting service 'exec 3 (/system/bin/recovery-refresh)'...
04-20 12:53:55.883 0 0 I init : ... started service 'exec 3 (/system/bin/recovery-refresh)' has pid 173
04-20 12:53:55.884 0 0 I init : Command 'exec_background - system log -- /system/bin/recovery-refresh' action=post-fs (/system/etc/init/recovery-refresh.rc:2) took 68ms and succeeded
04-20 12:53:55.884 0 0 I init : processing action (late-fs) from (/system/etc/init/hw/init.rc:643)
04-20 12:53:55.899 0 0 I init : starting service 'system_suspend'...
04-20 12:53:55.958 0 0 I init : ... started service 'system_suspend' has pid 174
04-20 12:53:55.975 0 0 I init : starting service 'keystore2'...
04-20 12:53:56.381 0 0 I init : ... started service 'keystore2' has pid 175
04-20 12:53:56.395 0 0 I init : starting service 'vendor.atrace-hal-1-0'...
04-20 12:53:56.470 0 0 I servicemanager: getDeviceHalManifest: Reading VINTF information.
04-20 12:53:56.523 0 0 I init : ... started service 'vendor.atrace-hal-1-0' has pid 176
04-20 12:53:56.525 0 0 I init : starting service 'vendor.keymint-default'...
04-20 12:53:56.685 0 0 I init : ... started service 'vendor.keymint-default' has pid 179
04-20 12:53:56.685 0 0 I init : Command 'class_start early_hal' action=late-fs (/system/etc/init/hw/init.rc:650) took 799ms and succeeded
04-20 12:53:56.685 0 0 I init : Service 'exec 3 (/system/bin/recovery-refresh)' (pid 173) exited with status 254 oneshot service took 0.860000 seconds in background
04-20 12:53:56.686 0 0 I init : Sending signal 9 to service 'exec 3 (/system/bin/recovery-refresh)' (pid 173) process group...
04-20 12:53:56.695 0 0 I libprocessgroup: Successfully killed process cgroup uid 1000 pid 173 in 9ms
04-20 12:53:56.697 0 0 I init : starting service 'exec 4 (/system/bin/fsverity_init --load-verified-keys)'...
04-20 12:53:56.729 0 0 I servicemanager: getDeviceHalManifest: Successfully processed VINTF information
04-20 12:53:56.730 0 0 I servicemanager: getFrameworkHalManifest: Reading VINTF information.
04-20 12:53:56.775 0 0 I init : ... started service 'exec 4 (/system/bin/fsverity_init --load-verified-keys)' has pid 180
04-20 12:53:56.775 0 0 I init : SVC_EXEC service 'exec 4 (/system/bin/fsverity_init --load-verified-keys)' pid 180 (uid 0 gid 0+0 context default) started; waiting...
04-20 12:53:56.775 0 0 I init : Command 'exec -- /system/bin/fsverity_init --load-verified-keys' action=late-fs (/system/etc/init/hw/init.rc:653) took 79ms and succeeded
04-20 12:53:56.785 0 0 I servicemanager: getFrameworkHalManifest: Successfully processed VINTF information
04-20 12:53:56.786 0 0 I servicemanager: Found android.system.suspend.ISystemSuspend/default in framework VINTF manifest.
04-20 12:53:56.803 154 154 I hwservicemanager: getTransport: Cannot find entry android.system.suspend@1.0::ISystemSuspend/default in either framework or device VINTF manifest.
04-20 12:53:56.818 174 174 E HidlServiceManagement: Service android.system.suspend@1.0::ISystemSuspend/default must be in VINTF manifest in order to register/get.
04-20 12:53:56.819 174 174 I android.system.suspend-service: system-suspend HIDL hal not supported, use the AIDL suspend hal for requesting wakelocks
04-20 12:53:57.054 180 180 I fsverity_init: LoadKeyFromFile path=/system/etc/security/fsverity/fsverity-release.x509.der keyname=fsv_system_0
04-20 12:53:57.087 0 0 I init : Service 'exec 4 (/system/bin/fsverity_init --load-verified-keys)' (pid 180) exited with status 0 waiting took 0.370000 seconds
04-20 12:53:57.087 0 0 I init : Sending signal 9 to service 'exec 4 (/system/bin/fsverity_init --load-verified-keys)' (pid 180) process group...
04-20 12:53:57.088 0 0 I libprocessgroup: Successfully killed process cgroup uid 0 pid 180 in 0ms
04-20 12:53:57.088 0 0 I init : processing action (late-fs) from (/system/etc/init/hw/init.rc:664)
04-20 12:53:57.095 0 0 I init : processing action (late-fs) from (/vendor/etc/init/hw/init.ranchu.rc:7)
04-20 12:53:57.100 0 0 I init : [libfs_mgr] superblock s_max_mnt_count:65535,/dev/block/vdc
04-20 12:53:57.107 0 0 I init : [libfs_mgr] Enabling quotas on /dev/block/vdc
04-20 12:53:57.159 179 179 I keymaster: patchlevel string does not match expected format. Using patchlevel 0
04-20 12:53:57.162 179 179 I android.hardware.security.keymint-service: adding keymint service instance: android.hardware.security.keymint.IKeyMintDevice/default
04-20 12:53:57.186 176 176 I HidlServiceManagement: Registered android.hardware.atrace@1.0::IAtraceDevice/default
04-20 12:53:57.198 176 176 I HidlServiceManagement: Removing namespace from process name android.hardware.atrace@1.0-service to atrace@1.0-service.
04-20 12:53:57.219 0 0 I servicemanager: Found android.hardware.security.keymint.IKeyMintDevice/default in device VINTF manifest.
04-20 12:53:57.217 179 179 I android.hardware.security.keymint-service: adding keymint service instance: android.hardware.security.secureclock.ISecureClock/default
04-20 12:53:57.231 179 179 I android.hardware.security.keymint-service: adding keymint service instance: android.hardware.security.sharedsecret.ISharedSecret/default
04-20 12:53:57.235 0 0 I servicemanager: Found android.hardware.security.secureclock.ISecureClock/default in device VINTF manifest.
04-20 12:53:57.241 0 0 I servicemanager: Found android.hardware.security.sharedsecret.ISharedSecret/default in device VINTF manifest.
04-20 12:53:57.237 179 179 I android.hardware.security.keymint-service: adding keymint service instance: android.hardware.security.keymint.IRemotelyProvisionedComponent/default
04-20 12:53:57.248 0 0 I servicemanager: Found android.hardware.security.keymint.IRemotelyProvisionedComponent/default in device VINTF manifest.
04-20 12:53:57.339 0 0 I tune2fs : tune2fs 1.46.6 (1-Feb-2023)
04-20 12:53:57.561 175 175 I keystore2: system/security/keystore2/src/keystore2_main.rs:61 - Keystore2 is starting.
04-20 12:53:57.562 175 175 I keystore2: system/security/keystore2/src/keystore2_main.rs:67 - Setting up sqlite logging for keystore2
04-20 12:53:57.594 175 175 W keystore2: system/security/keystore2/src/metrics_store.rs:577 - In update_keystore_crash_sysprop: Failed to read the existing system property due to: system/security/keystore2/src/metrics_store.rs:608: Property not set..Therefore, keystore crashes will not be logged.
04-20 12:53:57.611 175 175 I keystore2: system/security/keystore2/src/keystore2_main.rs:97 - Starting thread pool now.
04-20 12:53:57.612 0 0 W EXT4-fs : Ignoring removed nomblk_io_submit option
04-20 12:53:57.638 175 182 I keystore2: getDeviceHalManifest: Reading VINTF information.
04-20 12:53:57.666 0 0 I EXT4-fs (vdc): mounted filesystem with ordered data mode. Quota mode: journalled.
04-20 12:53:57.672 175 175 I keystore2: system/security/keystore2/src/globals.rs:256 - KeyMint device is current version (Some(300)) for security level: r#TRUSTED_ENVIRONMENT
04-20 12:53:57.689 175 182 I keystore2: getDeviceHalManifest: Successfully processed VINTF information
04-20 12:53:57.705 175 182 I keystore2: system/security/keystore2/src/shared_secret_negotiation.rs:47 - Shared secret negotiation concluded successfully.
04-20 12:53:57.708 0 0 I init : [libfs_mgr] check_fs(): mount(/dev/block/vdc,/data,ext4)=0: Success
04-20 12:53:57.721 154 154 I hwservicemanager: getTransport: Cannot find entry android.hardware.keymaster@4.0::IKeymasterDevice/default in either framework or device VINTF manifest.
04-20 12:53:57.723 154 154 I hwservicemanager: getTransport: Cannot find entry android.hardware.keymaster@3.0::IKeymasterDevice/default in either framework or device VINTF manifest.
04-20 12:53:57.733 0 0 I servicemanager: Found android.system.keystore2.IKeystoreService/default in framework VINTF manifest.
04-20 12:53:57.734 0 0 I EXT4-fs (vdc): unmounting filesystem.
04-20 12:53:57.735 154 154 I hwservicemanager: getTransport: Cannot find entry android.hardware.keymaster@4.0::IKeymasterDevice/default in either framework or device VINTF manifest.
04-20 12:53:57.742 154 154 I hwservicemanager: getTransport: Cannot find entry android.hardware.keymaster@3.0::IKeymasterDevice/default in either framework or device VINTF manifest.
04-20 12:53:57.743 175 182 I keystore2: system/security/keystore2/src/shared_secret_negotiation.rs:294 - No StrongBox Keymint available, so no RoT transfer
04-20 12:53:57.746 175 175 I keystore2: system/security/keystore2/src/keystore2_main.rs:152 - Successfully registered Keystore 2.0 service.
04-20 12:53:57.746 175 175 I keystore2: system/security/keystore2/src/keystore2_main.rs:154 - Joining thread pool now.
04-20 12:53:57.758 0 0 I init : [libfs_mgr] umount_retry(): unmount(/data) succeeded
04-20 12:53:57.759 0 0 I init : [libfs_mgr] Running /system/bin/e2fsck on /dev/block/vdc
04-20 12:53:57.850 0 0 I e2fsck : e2fsck 1.46.6 (1-Feb-2023)
04-20 12:53:57.874 0 0 I e2fsck : Pass 1: Checking inodes, blocks, and sizes
04-20 12:53:57.901 0 0 I e2fsck : Pass 2: Checking directory structure
04-20 12:53:57.905 0 0 I e2fsck : Pass 3: Checking directory connectivity
04-20 12:53:57.918 0 0 I dlkm_loader: Loaded kernel module /system/lib/modules/mac80211.ko
04-20 12:53:57.919 0 0 I dlkm_loader: Loading module /vendor/lib/modules/mac80211_hwsim.ko with args 'radios=0
04-20 12:53:57.919 0 0 I dlkm_loader: '
04-20 12:53:57.923 0 0 I mac80211_hwsim: initializing netlink
04-20 12:53:57.939 0 0 I dlkm_loader: Loaded kernel module /vendor/lib/modules/mac80211_hwsim.ko
04-20 12:53:57.940 0 0 I dlkm_loader: Loading module /vendor/lib/modules/mt76.ko with args ''
04-20 12:53:57.950 0 0 I e2fsck : Pass 4: Checking reference counts
04-20 12:53:57.966 0 0 I e2fsck : Pass 5: Checking group summary information
04-20 12:53:57.978 0 0 I e2fsck : /dev/block/vdc: 38/393216 files (0.0% non-contiguous), 52371/1572864 blocks
04-20 12:53:57.986 0 0 I init : [libfs_mgr] superblock s_max_mnt_count:65535,/dev/block/vdc
04-20 12:53:57.987 0 0 W init : [libfs_mgr] Reserved blocks 32768 is too large; capping to 31457
04-20 12:53:57.987 0 0 I init : [libfs_mgr] Setting reserved block count on /dev/block/vdc to 31457
04-20 12:53:57.995 0 0 I dlkm_loader: Loaded kernel module /vendor/lib/modules/mt76.ko
04-20 12:53:57.995 0 0 I dlkm_loader: Loading module /vendor/lib/modules/mt76-usb.ko with args ''
04-20 12:53:58.070 0 0 I tune2fs : tune2fs 1.46.6 (1-Feb-2023)
04-20 12:53:58.077 0 0 I tune2fs : Setting reserved blocks gid to 1065
04-20 12:53:58.077 0 0 I tune2fs : Setting reserved blocks count to 31457
04-20 12:53:58.081 0 0 I dlkm_loader: Loaded kernel module /vendor/lib/modules/mt76-usb.ko
04-20 12:53:58.083 0 0 I dlkm_loader: Loading module /vendor/lib/modules/mt76x02-lib.ko with args ''
04-20 12:53:58.092 0 0 I init : [libfs_mgr] Enabling ext4 flags encrypt on /dev/block/vdc
04-20 12:53:58.134 0 0 I dlkm_loader: Loaded kernel module /vendor/lib/modules/mt76x02-lib.ko
04-20 12:53:58.134 0 0 I dlkm_loader: Loading module /vendor/lib/modules/mt76x0-common.ko with args ''
04-20 12:53:58.174 0 0 I dlkm_loader: Loaded kernel module /vendor/lib/modules/mt76x0-common.ko
04-20 12:53:58.175 0 0 I dlkm_loader: Loading module /vendor/lib/modules/mt76x02-usb.ko with args ''
04-20 12:53:58.177 0 0 I tune2fs : tune2fs 1.46.6 (1-Feb-2023)
04-20 12:53:58.186 0 0 I dlkm_loader: Loaded kernel module /vendor/lib/modules/mt76x02-usb.ko
04-20 12:53:58.187 0 0 I dlkm_loader: Loading module /vendor/lib/modules/mt76x0u.ko with args ''
04-20 12:53:58.191 0 0 I usbcore : registered new interface driver mt76x0u
