04-20 12:57:37.557 347 347 D Zygote : Forked child process 1745
04-20 12:57:37.558 554 589 W ActivityManager: Slow operation: 93ms so far, now at startProcess: returned from zygote!
04-20 12:57:37.589 1706 1706 D nativeloader: Configuring clns-shared-6 for other apk /system/priv-app/ExternalStorageProvider/ExternalStorageProvider.apk. target_sdk_version=34, uses_libraries=, library_path=/system/priv-app/ExternalStorageProvider/lib/x86_64:/system/lib64:/system_ext/lib64, permitted_path=/data:/mnt/expand:/data/user/0/com.android.externalstorage:/system/priv-app/ExternalStorageProvider:/system/lib64:/system_ext/lib64
04-20 12:57:37.640 554 575 W Looper : Slow dispatch took 893ms android.fg h=com.android.server.DropBoxManagerService$DropBoxManagerBroadcastHandler c=null m=1
04-20 12:57:37.648 554 983 I BroadcastQueue: BOOT_COMPLETED_BROADCAST_COMPLETION_LATENCY_REPORTED action:android.intent.action.LOCKED_BOOT_COMPLETED dispatchLatency:5004 completeLatency:47209 dispatchRealLatency:5004 completeRealLatency:47209 receiversSize:3 userId:0 userType:android.os.usertype.full.SYSTEM
04-20 12:57:37.654 554 554 W NotificationHistory: Attempted to add notif for locked/gone/disabled user 0
04-20 12:57:37.655 554 554 W Looper : Slow dispatch took 260ms main h=com.android.server.notification.NotificationManagerService$WorkerHandler c=com.android.server.notification.NotificationManagerService$PostNotificationRunnable@3fd66d4 m=0
04-20 12:57:37.672 554 554 D BiometricSchedulerOperation: [Finished / destroy]: {[7] com.android.server.biometrics.sensors.fingerprint.aidl.FingerprintGetAuthenticatorIdClient, proto=5, owner=android, cookie=0, requestId=-1, userId=0}
04-20 12:57:37.680 1710 1710 D nativeloader: Configuring clns-shared-6 for other apk /apex/com.android.btservices/app/Bluetooth@UE1A.230829.036.A1/Bluetooth.apk. target_sdk_version=34, uses_libraries=, library_path=/apex/com.android.btservices/app/Bluetooth@UE1A.230829.036.A1/lib/x86_64:/system/lib64:/system_ext/lib64, permitted_path=/data:/mnt/expand:/data/user_de/0/com.android.bluetooth:/apex/com.android.btservices/app/Bluetooth@UE1A.230829.036.A1:/system/lib64:/system_ext/lib64
04-20 12:57:37.722 459 477 D installd: Found quota mount /dev/block/dm-38 at /data
04-20 12:57:37.738 459 477 D installd: Found quota mount /dev/block/dm-38 at /data/user/0
04-20 12:57:37.738 459 477 D installd: Found quota mount /dev/block/dm-38 at /mnt/pass_through/0/emulated
04-20 12:57:37.749 459 477 D installd: Found storage mount /dev/block/dm-38 at /mnt/pass_through/0/emulated
04-20 12:57:37.749 459 477 D installd: Found storage mount at /mnt/pass_through/0/emulated
04-20 12:57:37.779 1745 1745 I ndroid.keychain: Using CollectorTypeCC GC.
04-20 12:57:37.807 1745 1745 W ndroid.keychain: Unexpected CPU variant for x86: x86_64.
04-20 12:57:37.807 1745 1745 W ndroid.keychain: Known variants: atom, sandybridge, silvermont, goldmont, goldmont-plus, tremont, kabylake, default
04-20 12:57:37.852 1710 1710 D nativeloader: InitApexLibraries:
04-20 12:57:37.852 1710 1710 D nativeloader: com_android_adservices: libhpke_jni.so:libtflite_support_classifiers_native.so
04-20 12:57:37.852 1710 1710 D nativeloader: com_android_appsearch: libicing.so
04-20 12:57:37.852 1710 1710 D nativeloader: com_android_art: libartservice.so
04-20 12:57:37.852 1710 1710 D nativeloader: com_android_btservices: libbluetooth_jni.so
04-20 12:57:37.852 1710 1710 D nativeloader: com_android_conscrypt: libjavacrypto.so
04-20 12:57:37.852 1710 1710 D nativeloader: com_android_extservices: libtflite_support_classifiers_native.so
04-20 12:57:37.852 1710 1710 D nativeloader: com_android_os_statsd: libstats_jni.so
04-20 12:57:37.852 1710 1710 D nativeloader: com_android_tethering: libandroid_net_connectivity_com_android_net_module_util_jni.so:libcronet.114.0.5735.84.so:libframework-connectivity-jni.so:libframework-connectivity-tiramisu-jni.so:libservice-connectivity.so
04-20 12:57:37.852 1710 1710 D nativeloader: com_android_uwb: libuwb_uci_jni_rust.so
04-20 12:57:37.852 1710 1710 D nativeloader: com_android_virt: libvirtualizationservice_jni.so:libvirtualmachine_jni.so
04-20 12:57:37.874 1745 1745 E ndroid.keychain: Not starting debugger since process cannot load the jdwp agent.
04-20 12:57:37.892 554 589 W ActivityManager: Slow operation: 427ms so far, now at startProcess: done updating battery stats
04-20 12:57:37.892 554 589 W ActivityManager: Slow operation: 427ms so far, now at startProcess: building log message
04-20 12:57:37.892 554 589 I ActivityManager: Start proc 1745:com.android.keychain/1000 for service {com.android.keychain/com.android.keychain.KeyChainService}
04-20 12:57:37.892 554 589 W ActivityManager: Slow operation: 428ms so far, now at startProcess: starting to update pids map
04-20 12:57:37.893 554 589 W ActivityManager: Slow operation: 428ms so far, now at startProcess: done updating pids map
04-20 12:57:37.921 554 1458 W system_server: Long monitor contention with owner binder:554_7 (983) at void com.android.server.am.ActivityManagerService.finishReceiver(android.os.IBinder, int, java.lang.String, android.os.Bundle, boolean, int)(ActivityManagerService.java:15446) waiters=2 in android.content.Intent com.android.server.am.ActivityManagerService.registerReceiverWithFeature(android.app.IApplicationThread, java.lang.String, java.lang.String, java.lang.String, android.content.IIntentReceiver, android.content.IntentFilter, java.lang.String, int, int) for 103ms
04-20 12:57:37.997 554 554 W Looper : Slow dispatch took 284ms main h=android.app.ActivityThread$H c=android.os.storage.StorageManager$StorageEventListenerDelegate$$ExternalSyntheticLambda6@f1d1596 m=0
04-20 12:57:38.021 554 1463 D CompatibilityChangeReporter: Compat change id reported: 253665015; UID 1000; state: ENABLED
04-20 12:57:38.067 554 1463 D CompatibilityChangeReporter: Compat change id reported: 194532703; UID 1000; state: ENABLED
04-20 12:57:38.086 554 554 D BiometricSchedulerOperation: [Finished / destroy]: {[4] com.android.server.biometrics.sensors.face.aidl.FaceGetAuthenticatorIdClient, proto=5, owner=android, cookie=0, requestId=-1, userId=0}
04-20 12:57:38.105 1435 1747 I MediaProvider: Begin Intent { act=com.android.providers.media.action.SCAN_VOLUME (has extras) }
04-20 12:57:38.129 1101 1101 D FallbackHome: User unlocked and real home com.android.sdksetup.DefaultActivity found; let's go!
04-20 12:57:38.155 554 627 W PowerManagerService: Ignoring call to PowerManager.userActivity() because the caller does not have DEVICE_POWER or USER_ACTIVITY permission. Please fix your app! pid=1101 uid=10085
04-20 12:57:38.268 554 554 V BluetoothManagerService: Searching package com.android.bluetooth
04-20 12:57:38.270 554 554 V BluetoothManagerService: Checking activity com.android.bluetooth.BluetoothPrefs
04-20 12:57:38.270 554 554 V BluetoothManagerService: Checking activity com.android.bluetooth.map.BluetoothMapSettings
04-20 12:57:38.271 554 554 V BluetoothManagerService: Checking activity com.android.bluetooth.opp.BluetoothOppLauncherActivity
04-20 12:57:38.298 554 554 D PackageManager: Instant App installer not found with android.intent.action.INSTALL_INSTANT_APP_PACKAGE
04-20 12:57:38.298 554 554 D PackageManager: Clear ephemeral installer activity
04-20 12:57:38.338 554 554 D PackageManager: Instant App installer not found with android.intent.action.INSTALL_INSTANT_APP_PACKAGE
04-20 12:57:38.338 554 554 D PackageManager: Clear ephemeral installer activity
04-20 12:57:38.339 554 554 D PackageManager: Instant App installer not found with android.intent.action.INSTALL_INSTANT_APP_PACKAGE
04-20 12:57:38.339 554 554 D PackageManager: Clear ephemeral installer activity
04-20 12:57:38.349 554 576 D CompatibilityChangeReporter: Compat change id reported: 210923482; UID 1000; state: ENABLED
04-20 12:57:38.378 554 554 D PackageManager: Instant App installer not found with android.intent.action.INSTALL_INSTANT_APP_PACKAGE
04-20 12:57:38.378 554 554 D PackageManager: Clear ephemeral installer activity
04-20 12:57:38.388 554 554 W Looper : Slow dispatch took 146ms main h=android.app.ActivityThread$H c=android.app.LoadedApk$ReceiverDispatcher$Args$$ExternalSyntheticLambda0@21c27a3 m=0
04-20 12:57:38.388 554 554 D WifiP2pService: user restrictions changed
04-20 12:57:38.399 554 576 D CompatibilityChangeReporter: Compat change id reported: 171228096; UID 1000; state: ENABLED
04-20 12:57:38.401 1706 1706 V GraphicsEnvironment: Currently set values for:
04-20 12:57:38.409 554 627 W ActivityManager: Slow operation: 116ms so far, now at attachApplicationLocked: before bindApplication
04-20 12:57:38.416 1706 1706 V GraphicsEnvironment: angle_gl_driver_selection_pkgs=[]
04-20 12:57:38.416 1706 1706 V GraphicsEnvironment: angle_gl_driver_selection_values=[]
04-20 12:57:38.425 1706 1706 V GraphicsEnvironment: ANGLE GameManagerService for com.android.externalstorage: false
04-20 12:57:38.425 1706 1706 V GraphicsEnvironment: com.android.externalstorage is not listed in per-application setting
04-20 12:57:38.425 1706 1706 V GraphicsEnvironment: Neither updatable production driver nor prerelease driver is supported.
04-20 12:57:38.445 1710 1710 V GraphicsEnvironment: Currently set values for:
04-20 12:57:38.446 1710 1710 V GraphicsEnvironment: angle_gl_driver_selection_pkgs=[]
04-20 12:57:38.446 1710 1710 V GraphicsEnvironment: angle_gl_driver_selection_values=[]
04-20 12:57:38.458 554 655 I RoleService: Granting default roles...
04-20 12:57:38.478 1710 1710 V GraphicsEnvironment: ANGLE GameManagerService for com.android.bluetooth: false
04-20 12:57:38.478 1710 1710 V GraphicsEnvironment: com.android.bluetooth is not listed in per-application setting
04-20 12:57:38.478 1710 1710 V GraphicsEnvironment: Neither updatable production driver nor prerelease driver is supported.
04-20 12:57:38.507 948 1662 W Role : Cannot get ApplicationInfo for default holder: com.android.dialer
04-20 12:57:38.562 554 626 D CountryDetector: The first listener is added
04-20 12:57:38.563 1655 1655 I ContactsDatabaseHelper: updateUseStrictPhoneNumberComparison: US
04-20 12:57:38.567 554 579 W system_server: Long monitor contention with owner binder:554_7 (983) at boolean com.android.server.wm.ActivityClientController.finishActivity(android.os.IBinder, int, android.content.Intent, int)(ActivityClientController.java:518) waiters=0 in void com.android.server.wm.InputMonitor$UpdateInputWindows.run() for 395ms
04-20 12:57:38.691 554 627 D CompatibilityChangeReporter: Compat change id reported: 168419799; UID 1000; state: DISABLED
04-20 12:57:38.701 554 627 D CompatibilityChangeReporter: Compat change id reported: 273564678; UID 1000; state: DISABLED
04-20 12:57:38.702 554 627 W ActivityManager: Slow operation: 410ms so far, now at attachApplicationLocked: immediately before bindApplication
04-20 12:57:38.755 554 554 W Looper : Slow dispatch took 240ms main h=com.android.server.notification.NotificationManagerService$WorkerHandler c=com.android.server.notification.NotificationManagerService$EnqueueNotificationRunnable@62a0bd0 m=0
04-20 12:57:38.773 397 397 I BpBinder: onLastStrongRef automatically unlinking death recipients:
04-20 12:57:38.809 554 978 D CompatibilityChangeReporter: Compat change id reported: 265464455; UID 10081; state: DISABLED
04-20 12:57:38.810 554 978 D CompatibilityChangeReporter: Compat change id reported: 265452344; UID 10081; state: DISABLED
04-20 12:57:38.815 554 978 D CompatibilityChangeReporter: Compat change id reported: 266124927; UID 10081; state: DISABLED
04-20 12:57:38.825 554 978 D CompatibilityChangeReporter: Compat change id reported: 265451093; UID 10081; state: DISABLED
04-20 12:57:38.826 554 978 D CompatibilityChangeReporter: Compat change id reported: 265456536; UID 10081; state: DISABLED
04-20 12:57:38.827 554 978 D CompatibilityChangeReporter: Compat change id reported: 255940284; UID 10081; state: DISABLED
04-20 12:57:38.837 554 978 D CompatibilityChangeReporter: Compat change id reported: 236283604; UID 10081; state: DISABLED
04-20 12:57:38.838 554 978 D CompatibilityChangeReporter: Compat change id reported: 263959004; UID 10081; state: DISABLED
04-20 12:57:38.838 554 978 D CompatibilityChangeReporter: Compat change id reported: 264304459; UID 10081; state: DISABLED
04-20 12:57:38.839 554 978 D CompatibilityChangeReporter: Compat change id reported: 264301586; UID 10081; state: DISABLED
04-20 12:57:38.850 554 978 D CompatibilityChangeReporter: Compat change id reported: 254631730; UID 10081; state: DISABLED
04-20 12:57:38.851 554 978 D CompatibilityChangeReporter: Compat change id reported: 273509367; UID 10081; state: DISABLED
04-20 12:57:38.857 554 978 D CompatibilityChangeReporter: Compat change id reported: 263259275; UID 10081; state: DISABLED
04-20 12:57:38.858 554 978 D CompatibilityChangeReporter: Compat change id reported: 174042980; UID 10081; state: DISABLED
04-20 12:57:38.859 554 978 D CompatibilityChangeReporter: Compat change id reported: 174042936; UID 10081; state: DISABLED
04-20 12:57:38.869 554 978 D CompatibilityChangeReporter: Compat change id reported: 181136395; UID 10081; state: DISABLED
04-20 12:57:38.898 554 978 D CompatibilityChangeReporter: Compat change id reported: 184838306; UID 10081; state: DISABLED
04-20 12:57:38.899 554 978 D CompatibilityChangeReporter: Compat change id reported: 185004937; UID 10081; state: DISABLED
04-20 12:57:38.910 554 978 D CompatibilityChangeReporter: Compat change id reported: 194480991; UID 10081; state: ENABLED
04-20 12:57:38.931 554 655 I RoleService: Granting default roles...
04-20 12:57:38.949 1472 1484 I or.multidisplay: Background concurrent copying GC freed 2504(261KB) AllocSpace objects, 0(0B) LOS objects, 49% free, 1998KB/3996KB, paused 240us,45us total 512.877ms
04-20 12:57:39.001 554 554 W Looper : Slow dispatch took 233ms main h=com.android.server.notification.NotificationManagerService$WorkerHandler c=com.android.server.notification.NotificationManagerService$PostNotificationRunnable@f437fe7 m=0
04-20 12:57:39.075 554 1446 D BackupTransportManager: [UserID:0] Transport com.android.localtransport/.LocalTransportService registered
04-20 12:57:39.080 554 1446 D BackupManagerService: [UserID:0] Transport com.android.localtransport/.LocalTransport registered 23191ms after first request (delay = 3000ms)
04-20 12:57:39.180 554 978 D CompatibilityChangeReporter: Compat change id reported: 197654537; UID 10081; state: ENABLED
04-20 12:57:39.213 1655 1744 W d.process.acore: Long monitor contention with owner Worker-1 (1709) at android.database.sqlite.SQLiteDatabase android.database.sqlite.SQLiteOpenHelper.getReadableDatabase()(SQLiteOpenHelper.java:340) waiters=0 in android.database.sqlite.SQLiteDatabase android.database.sqlite.SQLiteOpenHelper.getWritableDatabase() for 1.847s
04-20 12:57:39.225 554 978 I ActivityTaskManager: START u0 {act=android.intent.action.MAIN cat=[android.intent.category.HOME] flg=0x10000100 cmp=com.android.sdksetup/.DefaultActivity (has extras)} with LAUNCH_SINGLE_TASK from uid 0 (BAL_ALLOW_ALLOWLISTED_UID) result code=0
04-20 12:57:39.238 948 1662 W Role : Cannot get ApplicationInfo for default holder: com.android.systemui
04-20 12:57:39.241 1655 1744 I PhoneAccountHandleMigrationUtils_CallLogDatabaseHelper: updatePhoneAccountHandleMigrationPendingStatus false
04-20 12:57:39.273 1655 1744 D CompatibilityChangeReporter: Compat change id reported: 183155436; UID 10045; state: ENABLED
04-20 12:57:39.303 554 579 W system_server: Long monitor contention with owner binder:554_6 (978) at void com.android.server.wm.ActivityTaskManagerService.resumeAppSwitches()(ActivityTaskManagerService.java:3955) waiters=0 in void com.android.server.wm.InputMonitor$UpdateInputWindows.run() for 562ms
04-20 12:57:39.313 554 579 I Choreographer: Skipped 34 frames! The application may be doing too much work on its main thread.
04-20 12:57:39.313 554 627 W system_server: Long monitor contention with owner binder:554_6 (978) at void com.android.server.wm.ActivityTaskManagerService.resumeAppSwitches()(ActivityTaskManagerService.java:3955) waiters=1 in void com.android.server.wm.WindowProcessController.setThread(android.app.IApplicationThread) for 511ms
04-20 12:57:39.314 554 578 W system_server: Long monitor contention with owner binder:554_6 (978) at void com.android.server.wm.ActivityTaskManagerService.resumeAppSwitches()(ActivityTaskManagerService.java:3955) waiters=2 in void com.android.server.wm.WindowManagerService.reportFocusChanged(android.os.IBinder, android.os.IBinder) for 498ms
04-20 12:57:39.320 554 1688 W system_server: Long monitor contention with owner binder:554_6 (978) at void com.android.server.wm.ActivityTaskManagerService.resumeAppSwitches()(ActivityTaskManagerService.java:3955) waiters=3 in int com.android.server.wm.ActivityTaskManagerService$LocalService.getTaskToShowPermissionDialogOn(java.lang.String, int) for 330ms
04-20 12:57:39.323 554 627 W ActivityManager: Slow operation: 1031ms so far, now at attachApplicationLocked: immediately after bindApplication
04-20 12:57:39.329 554 554 W system_server: Long monitor contention with owner binder:554_4 (627) at void com.android.server.am.ActivityManagerService.attachApplicationLocked(android.app.IApplicationThread, int, int, long)(ActivityManagerService.java:4771) waiters=0 in int com.android.server.am.ActivityManagerService.getPackageProcessState(java.lang.String, java.lang.String) for 106ms
04-20 12:57:39.330 554 554 W Looper : Slow dispatch took 284ms main h=com.android.server.notification.NotificationManagerService$WorkerHandler c=com.android.server.notification.NotificationManagerService$PostNotificationRunnable$$ExternalSyntheticLambda0@70dc15c m=0
04-20 12:57:39.357 554 627 W ActivityManager: Slow operation: 1064ms so far, now at attachApplicationLocked: after updateLruProcessLocked
04-20 12:57:39.480 554 554 W Looper : Slow dispatch took 149ms main h=android.os.Handler c=android.database.ContentObserver$$ExternalSyntheticLambda0@7a96deb m=0
04-20 12:57:39.481 554 554 D UaBiometricScheduler/FingerprintProvider/default/0: [Finishing] {[7] com.android.server.biometrics.sensors.fingerprint.aidl.FingerprintGetAuthenticatorIdClient, proto=5, owner=android, cookie=0, requestId=-1, userId=0}, success: true
04-20 12:57:39.481 554 554 D UaBiometricScheduler/FingerprintProvider/default/0: [Polled] {[8] com.android.server.biometrics.sensors.fingerprint.aidl.FingerprintInternalCleanupClient, proto=7, owner=android, cookie=0, requestId=-1, userId=0}, State: 0
04-20 12:57:39.482 554 554 D UaBiometricScheduler/FingerprintProvider/default/0: [Started] {[8] com.android.server.biometrics.sensors.fingerprint.aidl.FingerprintInternalCleanupClient, proto=7, owner=android, cookie=0, requestId=-1, userId=0}
04-20 12:57:39.482 554 554 W BiometricStateCallback: Other authentication client: FingerprintInternalCleanupClient
04-20 12:57:39.482 554 554 D BiometricStateCallback: State updated from 0 to 0, client {[8] com.android.server.biometrics.sensors.fingerprint.aidl.FingerprintInternalCleanupClient, proto=7, owner=android, cookie=0, requestId=-1, userId=0}
04-20 12:57:39.483 554 554 D Biometrics/InternalCleanupClient: Starting enumerate: {[10] com.android.server.biometrics.sensors.fingerprint.aidl.FingerprintInternalEnumerateClient, proto=6, owner=android, cookie=0, requestId=-1, userId=0} enrolledList size:0
04-20 12:57:39.494 1155 1155 D fingerprint-service.ranchu: 0x7f47d689e930:enumerateEnrollments: onEnrollmentsEnumerated(enrollmentIds=empty)
04-20 12:57:39.509 554 554 V BiometricSchedulerOperation: started: {[8] com.android.server.biometrics.sensors.fingerprint.aidl.FingerprintInternalCleanupClient, proto=7, owner=android, cookie=0, requestId=-1, userId=0}, State: 2
04-20 12:57:39.509 554 554 D UaBiometricScheduler/FaceProvider/default/4: [Finishing] {[4] com.android.server.biometrics.sensors.face.aidl.FaceGetAuthenticatorIdClient, proto=5, owner=android, cookie=0, requestId=-1, userId=0}, success: true
04-20 12:57:39.509 554 554 D UaBiometricScheduler/FaceProvider/default/4: [Polled] {[5] com.android.server.biometrics.sensors.face.aidl.FaceInternalCleanupClient, proto=7, owner=android, cookie=0, requestId=-1, userId=0}, State: 0
04-20 12:57:39.510 554 554 D UaBiometricScheduler/FaceProvider/default/4: [Started] {[5] com.android.server.biometrics.sensors.face.aidl.FaceInternalCleanupClient, proto=7, owner=android, cookie=0, requestId=-1, userId=0}
04-20 12:57:39.510 554 554 W BiometricStateCallback: Other authentication client: FaceInternalCleanupClient
04-20 12:57:39.510 554 554 D BiometricStateCallback: State updated from 0 to 0, client {[5] com.android.server.biometrics.sensors.face.aidl.FaceInternalCleanupClient, proto=7, owner=android, cookie=0, requestId=-1, userId=0}
04-20 12:57:39.510 554 554 D Biometrics/InternalCleanupClient: Starting enumerate: {[11] com.android.server.biometrics.sensors.face.aidl.FaceInternalEnumerateClient, proto=6, owner=android, cookie=0, requestId=-1, userId=0} enrolledList size:0
04-20 12:57:39.516 375 375 I android.hardware.biometrics.face-service.example: enumerateEnrollments
04-20 12:57:39.517 375 1153 I android.hardware.biometrics.face-service.example: enumerateEnrollmentsImpl
04-20 12:57:39.522 554 554 V BiometricSchedulerOperation: started: {[5] com.android.server.biometrics.sensors.face.aidl.FaceInternalCleanupClient, proto=7, owner=android, cookie=0, requestId=-1, userId=0}, State: 2
04-20 12:57:39.523 554 627 W ActivityManager: Slow operation: 166ms so far, now at finishAttachApplicationInner: after mServices.attachApplicationLocked
04-20 12:57:39.540 554 627 W ActivityManager: Slow operation: 182ms so far, now at finishAttachApplicationInner: after dispatching broadcasts
04-20 12:57:39.541 554 628 W system_server: Long monitor contention with owner binder:554_4 (627) at void com.android.server.am.ActivityManagerService.finishAttachApplicationInner(long, int, int)(ActivityManagerService.java:4940) waiters=0 in void com.android.server.am.ActivityManagerService.addPackageDependency(java.lang.String) for 1.159s
04-20 12:57:39.544 554 1458 W system_server: Long monitor contention with owner binder:554_4 (627) at void com.android.server.am.ActivityManagerService.finishAttachApplicationInner(long, int, int)(ActivityManagerService.java:4940) waiters=1 in android.app.ContentProviderHolder com.android.server.am.ContentProviderHelper.getContentProviderImpl(android.app.IApplicationThread, java.lang.String, android.os.IBinder, int, java.lang.String, java.lang.String, boolean, int) for 1.056s
04-20 12:57:39.551 1745 1745 D CompatibilityChangeReporter: Compat change id reported: 171979766; UID 1000; state: ENABLED
04-20 12:57:39.560 1745 1745 D CompatibilityChangeReporter: Compat change id reported: 242716250; UID 1000; state: ENABLED
04-20 12:57:39.592 554 1701 W system_server: Long monitor contention with owner binder:554_4 (627) at void com.android.server.am.ActivityManagerService.finishAttachApplicationInner(long, int, int)(ActivityManagerService.java:4940) waiters=2 in void com.android.server.am.ActivityManagerService.finishReceiver(android.os.IBinder, int, java.lang.String, android.os.Bundle, boolean, int) for 1.098s
04-20 12:57:39.607 554 1463 W system_server: Long monitor contention with owner binder:554_4 (627) at void com.android.server.am.ActivityManagerService.finishAttachApplicationInner(long, int, int)(ActivityManagerService.java:4940) waiters=3 in android.app.ContentProviderHolder com.android.server.am.ContentProviderHelper.getContentProviderImpl(android.app.IApplicationThread, java.lang.String, android.os.IBinder, int, java.lang.String, java.lang.String, boolean, int) for 1.036s
04-20 12:57:39.627 1099 1099 D CellBroadcastServiceManager: connected to CellBroadcastService
04-20 12:57:39.642 554 576 W system_server: Long monitor contention with owner binder:554_4 (627) at void com.android.server.am.ActivityManagerService.finishAttachApplicationInner(long, int, int)(ActivityManagerService.java:4940) waiters=4 in android.content.Intent com.android.server.am.ActivityManagerService.registerReceiverWithFeature(android.app.IApplicationThread, java.lang.String, java.lang.String, java.lang.String, android.content.IIntentReceiver, android.content.IntentFilter, java.lang.String, int, int) for 840ms
04-20 12:57:39.645 1745 1745 D CompatibilityChangeReporter: Compat change id reported: 3400644; UID 1000; state: ENABLED
04-20 12:57:39.672 554 576 D CompatibilityChangeReporter: Compat change id reported: 161145287; UID 1000; state: ENABLED
04-20 12:57:39.681 554 1401 W system_server: Long monitor contention with owner binder:554_4 (627) at void com.android.server.am.ActivityManagerService.finishAttachApplicationInner(long, int, int)(ActivityManagerService.java:4940) waiters=5 in void com.android.server.am.ContentProviderHelper.publishContentProviders(android.app.IApplicationThread, java.util.List) for 558ms
04-20 12:57:39.746 554 611 W system_server: Long monitor contention with owner binder:554_4 (627) at void com.android.server.am.ActivityManagerService.finishAttachApplicationInner(long, int, int)(ActivityManagerService.java:4940) waiters=7 in int com.android.server.am.ActivityManagerService$LocalService.broadcastIntent(android.content.Intent, android.content.IIntentReceiver, java.lang.String[], boolean, int, int[], java.util.function.BiFunction, android.os.Bundle) for 441ms
04-20 12:57:39.753 1655 1768 D SharedPreferencesImpl: Time required to fsync /data/user/0/com.android.providers.contacts/shared_prefs/com.android.providers.contacts_preferences.xml: [<1: 0, <2: 0, <4: 0, <8: 0, <16: 0, <32: 0, <64: 0, <128: 0, <256: 0, <512: 1, <1024: 0, <2048: 0, <4096: 0, <8192: 0, <16384: 0, >=16384: 0]
04-20 12:57:39.774 554 1458 I ActivityManager: Flag disabled. Ignoring finishAttachApplication from uid: 10045. pid: 1655
04-20 12:57:39.791 554 1446 W system_server: Long monitor contention with owner binder:554_4 (627) at void com.android.server.am.ActivityManagerService.finishAttachApplicationInner(long, int, int)(ActivityManagerService.java:4940) waiters=8 in boolean com.android.server.am.ActivityManagerService.unbindService(android.app.IServiceConnection) for 482ms
04-20 12:57:39.798 1706 1706 D ExternalStorage: After updating volumes, found 1 active roots
04-20 12:57:39.838 554 578 W system_server: Long monitor contention with owner binder:554_4 (627) at void com.android.server.am.ActivityManagerService.finishAttachApplicationInner(long, int, int)(ActivityManagerService.java:4940) waiters=9 in void com.android.server.am.ActivityManagerService$LocalService.startProcess(java.lang.String, android.content.pm.ApplicationInfo, boolean, boolean, java.lang.String, android.content.ComponentName) for 388ms
04-20 12:57:39.867 554 578 D CompatibilityChangeReporter: Compat change id reported: 135634846; UID 10081; state: DISABLED
04-20 12:57:39.873 554 578 D CompatibilityChangeReporter: Compat change id reported: 177438394; UID 10081; state: DISABLED
04-20 12:57:39.874 554 578 D CompatibilityChangeReporter: Compat change id reported: 135772972; UID 10081; state: DISABLED
04-20 12:57:39.875 554 578 D CompatibilityChangeReporter: Compat change id reported: 135754954; UID 10081; state: ENABLED
04-20 12:57:39.891 554 578 W ActivityManager: Slow operation: 53ms so far, now at startProcess: done starting proc!
04-20 12:57:39.911 554 589 D CompatibilityChangeReporter: Compat change id reported: 143937733; UID 10081; state: ENABLED
04-20 12:57:39.930 554 576 D CompatibilityChangeReporter: Compat change id reported: 168419799; UID 1000; state: DISABLED
04-20 12:57:39.964 554 576 D CompatibilityChangeReporter: Compat change id reported: 273564678; UID 1000; state: DISABLED
04-20 12:57:40.046 1710 1710 I bt_stack_config: packages/modules/Bluetooth/system/main/stack_config.cc:199 get_pts_broadcast_audio_config_options: Config isn't ready, use default option
04-20 12:57:40.097 347 347 D Zygote : Forked child process 1775
04-20 12:57:40.109 554 589 W ActivityManager: Slow operation: 244ms so far, now at startProcess: returned from zygote!
04-20 12:57:40.125 554 576 W Looper : Slow delivery took 1252ms android.ui h=com.android.server.am.ActivityManagerService$UiHandler c=com.android.server.am.ErrorDialogController$$ExternalSyntheticLambda5@91e398e m=0
04-20 12:57:40.126 554 576 W Looper : Slow dispatch took 2645ms android.ui h=com.android.server.am.ActivityManagerService$UiHandler c=com.android.server.am.ErrorDialogController$$ExternalSyntheticLambda5@91e398e m=0
04-20 12:57:40.161 1655 1655 I ContactsUpgradeReceiver: Creating or opening contacts database
04-20 12:57:40.252 1710 1710 I droid.bluetooth: [0420/125740.237734:INFO:btif_config_cache.cc(67)] BtifConfigCache, capacity: 10000
04-20 12:57:40.267 1775 1775 I ndroid.sdksetup: Using CollectorTypeCC GC.
04-20 12:57:40.290 1775 1775 W ndroid.sdksetup: Unexpected CPU variant for x86: x86_64.
04-20 12:57:40.290 1775 1775 W ndroid.sdksetup: Known variants: atom, sandybridge, silvermont, goldmont, goldmont-plus, tremont, kabylake, default
04-20 12:57:40.493 1775 1775 E ndroid.sdksetup: Not starting debugger since process cannot load the jdwp agent.
04-20 12:57:40.501 1099 1352 D CellBroadcastConfigTracker-0: IdleState message:4
04-20 12:57:40.501 1099 1352 D CellBroadcastConfigTracker-0: DefaultState message:4
04-20 12:57:40.599 554 588 I ActivityManager: Test idle failed due to 2d1e38e 1655:android.process.acore/u0a45 runnable at -329ms because NORMAL
04-20 12:57:40.645 472 472 W libgoldfish-rild: Multi-element reporting criteria are not supported with HIDL HAL
04-20 12:57:40.683 472 472 W libgoldfish-rild: Multi-element reporting criteria are not supported with HIDL HAL
04-20 12:57:40.721 554 642 D OomAdjuster: Not killing cached processes
04-20 12:57:40.729 554 589 W system_server: Long monitor contention with owner ActivityManager (588) at void com.android.server.am.BroadcastQueueModernImpl.checkPendingColdStartValidity()(BroadcastQueueModernImpl.java:551) waiters=3 in void com.android.server.am.ProcessList.lambda$handleProcessStart$1(com.android.server.am.ProcessRecord, java.lang.String, int[], int, int, int, java.lang.String, java.lang.String, java.lang.String, long) for 614ms
04-20 12:57:40.731 554 589 W ActivityManager: Slow operation: 867ms so far, now at startProcess: done updating battery stats
04-20 12:57:40.741 554 589 W ActivityManager: Slow operation: 876ms so far, now at startProcess: building log message
04-20 12:57:40.741 554 589 I ActivityManager: Start proc 1775:com.android.sdksetup/u0a81 for top-activity {com.android.sdksetup/com.android.sdksetup.DefaultActivity}
04-20 12:57:40.741 554 589 W ActivityManager: Slow operation: 876ms so far, now at startProcess: starting to update pids map
04-20 12:57:40.742 554 589 W ActivityManager: Slow operation: 877ms so far, now at startProcess: done updating pids map
04-20 12:57:40.794 554 575 W Looper : Slow dispatch took 132ms android.fg h=android.os.Handler c=com.android.server.am.SameProcessApplicationThread$$ExternalSyntheticLambda1@fbbec66 m=0
04-20 12:57:40.795 554 575 W Looper : Slow delivery took 217ms android.fg h=android.os.Handler c=com.android.server.am.SameProcessApplicationThread$$ExternalSyntheticLambda1@1eeeba7 m=0
04-20 12:57:40.905 554 665 I InputReader: Reconfiguring input devices, changes=KEYBOARD_LAYOUTS
04-20 12:57:40.911 1435 1447 I FuseDaemon: Background concurrent copying GC freed 8834(762KB) AllocSpace objects, 5(228KB) LOS objects, 49% free, 2290KB/4581KB, paused 264us,58us total 141.335ms
04-20 12:57:40.921 1435 1747 V MediaProvider: onConfigure() for internal.db
04-20 12:57:40.939 1435 1747 V MediaProvider: onCreate() for internal.db
04-20 12:57:40.972 554 642 W system_server: Long monitor contention with owner android.fg (575) at void android.os.Message.recycleUnchecked()(Message.java:346) waiters=0 in android.os.Message android.os.Message.obtain() for 157ms
04-20 12:57:41.007 554 554 W system_server: Long monitor contention with owner appscheduling.default (642) at void com.android.server.DeviceIdleController.checkTempAppWhitelistTimeout(int)(DeviceIdleController.java:3252) waiters=0 in void com.android.server.DeviceIdleController.setAlarmsActive(boolean) for 1.484s
04-20 12:57:41.021 554 554 W Looper : Slow dispatch took 1498ms main h=com.android.server.alarm.AlarmManagerService$AlarmHandler c=null m=4
04-20 12:57:41.041 554 576 W Looper : Slow dispatch took 914ms android.ui h=com.android.server.am.ActivityManagerService$UiHandler c=com.android.server.am.UidObserverController$$ExternalSyntheticLambda0@dbd6cb8 m=0
04-20 12:57:41.062 554 576 I Choreographer: Skipped 68 frames! The application may be doing too much work on its main thread.
04-20 12:57:41.070 554 1458 D CompatibilityChangeReporter: Compat change id reported: 168419799; UID 10081; state: DISABLED
04-20 12:57:41.077 554 1458 D CompatibilityChangeReporter: Compat change id reported: 273564678; UID 10081; state: DISABLED
04-20 12:57:41.115 554 642 D CompatibilityChangeReporter: Compat change id reported: 265195908; UID 1002; state: ENABLED
04-20 12:57:41.122 554 642 D CompatibilityChangeReporter: Compat change id reported: 265195908; UID 10051; state: ENABLED
04-20 12:57:41.214 1655 1749 I PhoneAccountHandleMigrationUtils_CallLogDatabaseHelper: updatePhoneAccountHandleMigrationPendingStatus false
04-20 12:57:41.237 554 554 W Looper : Slow dispatch took 209ms main h=com.android.server.notification.NotificationManagerService$WorkerHandler c=com.android.server.notification.NotificationManagerService$NotificationListeners$$ExternalSyntheticLambda4@edc2fbb m=0
04-20 12:57:41.340 1655 1767 I ContactsDatabaseHelper: Bootstrapping database contacts2.db version: 1604
04-20 12:57:41.361 1745 1745 D nativeloader: Configuring clns-shared-6 for other apk /system/app/KeyChain/KeyChain.apk. target_sdk_version=34, uses_libraries=, library_path=/system/app/KeyChain/lib/x86_64:/system/app/KeyChain/KeyChain.apk!/lib/x86_64:/system/lib64:/system_ext/lib64, permitted_path=/data:/mnt/expand:/data/user/0/com.android.keychain:/system/app/KeyChain:/system/lib64:/system_ext/lib64
04-20 12:57:41.415 554 1458 W ActivityManager: Slow operation: 314ms so far, now at finishAttachApplicationInner: after mServices.attachApplicationLocked
04-20 12:57:41.420 554 576 D CoreBackPreview: Window{465a7db u0 Application Not Responding: system}: Setting back callback OnBackInvokedCallbackInfo{mCallback=android.window.WindowOnBackInvokedDispatcher$OnBackInvokedCallbackWrapper@a0e3b16, mPriority=0, mIsAnimationCallback=false}
04-20 12:57:41.432 554 1458 W ActivityManager: Slow operation: 332ms so far, now at finishAttachApplicationInner: after dispatching broadcasts
04-20 12:57:41.529 554 554 W Looper : Slow dispatch took 290ms main h=com.android.server.notification.NotificationManagerService$WorkerHandler c=com.android.server.notification.NotificationManagerService$PostNotificationRunnable@3298e84 m=0
04-20 12:57:41.543 554 554 D Biometrics/InternalCleanupClient: onEnumerated, remaining: 0
04-20 12:57:41.543 554 554 D Biometrics/InternalEnumerateClient: Null identifier
04-20 12:57:41.543 554 554 D Biometrics/InternalCleanupClient: Enumerate onClientFinished: {[10] com.android.server.biometrics.sensors.fingerprint.aidl.FingerprintInternalEnumerateClient, proto=6, owner=android, cookie=0, requestId=-1, userId=0}, success: true
04-20 12:57:41.553 554 554 D BiometricStateCallback: Client finished, state updated to 0, client {[8] com.android.server.biometrics.sensors.fingerprint.aidl.FingerprintInternalCleanupClient, proto=7, owner=android, cookie=0, requestId=-1, userId=0}
04-20 12:57:41.553 554 554 D BiometricStateCallback: Enrollment state changed: false
04-20 12:57:41.553 554 554 D BiometricSchedulerOperation: [Finished / destroy]: {[8] com.android.server.biometrics.sensors.fingerprint.aidl.FingerprintInternalCleanupClient, proto=7, owner=android, cookie=0, requestId=-1, userId=0}
04-20 12:57:41.554 554 554 D Biometrics/InternalCleanupClient: onEnumerated, remaining: 0
04-20 12:57:41.554 554 554 D Biometrics/InternalEnumerateClient: Null identifier
04-20 12:57:41.554 554 554 D Biometrics/InternalCleanupClient: Enumerate onClientFinished: {[11] com.android.server.biometrics.sensors.face.aidl.FaceInternalEnumerateClient, proto=6, owner=android, cookie=0, requestId=-1, userId=0}, success: true
04-20 12:57:41.554 554 554 D BiometricStateCallback: Client finished, state updated to 0, client {[5] com.android.server.biometrics.sensors.face.aidl.FaceInternalCleanupClient, proto=7, owner=android, cookie=0, requestId=-1, userId=0}
04-20 12:57:41.554 554 554 D BiometricStateCallback: Enrollment state changed: false
04-20 12:57:41.554 554 554 D BiometricSchedulerOperation: [Finished / destroy]: {[5] com.android.server.biometrics.sensors.face.aidl.FaceInternalCleanupClient, proto=7, owner=android, cookie=0, requestId=-1, userId=0}
04-20 12:57:41.602 554 554 D UaBiometricScheduler/FingerprintProvider/default/0: [Finishing] {[8] com.android.server.biometrics.sensors.fingerprint.aidl.FingerprintInternalCleanupClient, proto=7, owner=android, cookie=0, requestId=-1, userId=0}, success: true
04-20 12:57:41.603 554 554 D UaBiometricScheduler/FingerprintProvider/default/0: No operations, returning to idle
04-20 12:57:41.603 554 554 D UaBiometricScheduler/FaceProvider/default/4: [Finishing] {[5] com.android.server.biometrics.sensors.face.aidl.FaceInternalCleanupClient, proto=7, owner=android, cookie=0, requestId=-1, userId=0}, success: true
04-20 12:57:41.603 554 554 D UaBiometricScheduler/FaceProvider/default/4: No operations, returning to idle
04-20 12:57:41.634 1775 1775 D CompatibilityChangeReporter: Compat change id reported: 171979766; UID 10081; state: ENABLED
04-20 12:57:41.634 1775 1775 D CompatibilityChangeReporter: Compat change id reported: 242716250; UID 10081; state: ENABLED
04-20 12:57:41.645 554 655 I RoleService: Granting default roles...
04-20 12:57:41.708 554 1401 W system_server: Long monitor contention with owner android.display (578) at void com.android.server.am.ProcessRecord.updateProcessInfo(boolean, boolean, boolean)(ProcessRecord.java:1506) waiters=3 in void com.android.server.am.ContentProviderHelper.publishContentProviders(android.app.IApplicationThread, java.util.List) for 1.830s
04-20 12:57:41.748 554 1458 D CompatibilityChangeReporter: Compat change id reported: 170503758; UID 10081; state: ENABLED
04-20 12:57:41.751 1775 1775 D CompatibilityChangeReporter: Compat change id reported: 3400644; UID 10081; state: ENABLED
04-20 12:57:41.794 554 626 I ActivityManager: Flag disabled. Ignoring finishAttachApplication from uid: 10051. pid: 1706
04-20 12:57:41.807 1706 1706 D ExternalStorage: After updating volumes, found 1 active roots
04-20 12:57:41.851 1655 1744 I CallLogProvider: Syncing call composer pics -- source user=0, isShadow=true, forAllUser=false
04-20 12:57:41.857 1655 1744 I CallLogProvider: Fetching list of Uris to sync
04-20 12:57:41.929 1654 1654 D nativeloader: Configuring clns-shared-8 for other apk /system/priv-app/DownloadProvider/DownloadProvider.apk. target_sdk_version=34, uses_libraries=, library_path=/system/priv-app/DownloadProvider/lib/x86_64:/system/lib64:/system_ext/lib64, permitted_path=/data:/mnt/expand:/data/user/0/com.android.providers.downloads:/system/priv-app/DownloadProvider:/system/lib64:/system_ext/lib64
04-20 12:57:41.936 1775 1775 D nativeloader: Configuring clns-shared-6 for other apk /system_ext/priv-app/SdkSetup/SdkSetup.apk. target_sdk_version=34, uses_libraries=, library_path=/system_ext/priv-app/SdkSetup/lib/x86_64:/system/lib64:/system_ext/lib64, permitted_path=/data:/mnt/expand:/data/user/0/com.android.sdksetup:/system_ext/priv-app/SdkSetup:/system/lib64:/system_ext/lib64
04-20 12:57:41.970 554 554 W Looper : Slow dispatch took 173ms main h=com.android.server.notification.NotificationManagerService$WorkerHandler c=com.android.server.notification.NotificationManagerService$PostNotificationRunnable@f47dab m=0
04-20 12:57:41.997 948 1662 W Role : Cannot get ApplicationInfo for default holder: com.android.contacts
04-20 12:57:42.013 1710 1710 E ActivityThread: Failed to find provider info for bluetooth_legacy.provider
04-20 12:57:42.013 1710 1710 D DataMigration: Legacy migration skiped: no migration app installed
04-20 12:57:42.021 948 1662 W Role : Cannot get ApplicationInfo for default holder: com.android.settings.intelligence
04-20 12:57:42.044 1706 1706 D ExternalStorage: After updating volumes, found 1 active roots
04-20 12:57:42.117 1655 1744 I CallLogProvider: Will sync following Uris:[]
04-20 12:57:42.117 1655 1744 I CallLogProvider: Syncing call composer pics -- got []
04-20 12:57:42.121 554 565 W system_server: Suspending all threads took: 28.768ms
04-20 12:57:42.130 554 554 W Looper : Drained
04-20 12:57:42.130 554 554 W Looper : Slow dispatch took 159ms main h=com.android.server.notification.NotificationManagerService$WorkerHandler c=com.android.server.notification.NotificationManagerService$$ExternalSyntheticLambda12@cfb4987 m=0
04-20 12:57:42.153 554 554 W system_server: Weak pointer dereference blocked for 22 milliseconds.
04-20 12:57:42.174 554 588 W ActivityManager: Timeout executing service: ServiceRecord{96de039 u0 com.android.phone/com.android.internal.telephony.data.CellularDataService}
04-20 12:57:42.194 554 588 W ActivityManager: Unable to launch app com.android.providers.media/10047 for provider media_legacy: launching app became null
04-20 12:57:42.205 554 588 I ActivityManager: Killing 1435:com.android.providers.media.module/u0a88 (adj -700): depends on provider com.android.providers.media/.LegacyMediaProvider in dying proc android.process.media (adj 0)
04-20 12:57:42.211 1710 1710 I BluetoothAvrcpControllerJni: classInitNative: succeeds
04-20 12:57:42.234 1710 1710 D CompatibilityChangeReporter: Compat change id reported: 263076149; UID 1002; state: ENABLED
04-20 12:57:42.253 1710 1710 I BluetoothHidHostServiceJni: classInitNative: succeeds
04-20 12:57:42.297 554 1799 D ActivityManager: created ANR temporary file:/data/anr/temp_anr_4343492957075754316.txt
04-20 12:57:42.297 554 1799 I ActivityManager: Collecting stacks for pid 1099 into temporary file temp_anr_4343492957075754316.txt
04-20 12:57:42.302 1710 1710 I BluetoothPanServiceJni: classInitNative(L108): succeeds
04-20 12:57:42.338 554 1799 I system_server: libdebuggerd_client: started dumping process 1099
04-20 12:57:42.340 1710 1710 I AdapterServiceConfig: init: profile=A2dpService, enabled=true
04-20 12:57:42.340 1710 1710 I AdapterServiceConfig: init: profile=A2dpSinkService, enabled=false
04-20 12:57:42.340 1710 1710 I AdapterServiceConfig: init: profile=AvrcpTargetService, enabled=true
04-20 12:57:42.341 1710 1710 I AdapterServiceConfig: init: profile=AvrcpControllerService, enabled=false
04-20 12:57:42.341 1710 1710 I AdapterServiceConfig: init: profile=BassClientService, enabled=false
04-20 12:57:42.341 1710 1710 I AdapterServiceConfig: init: profile=BatteryService, enabled=false
04-20 12:57:42.341 1710 1710 I AdapterServiceConfig: init: profile=CsipSetCoordinatorService, enabled=false
04-20 12:57:42.341 1710 1710 I AdapterServiceConfig: init: profile=HapClientService, enabled=false
04-20 12:57:42.341 1710 1710 I AdapterServiceConfig: init: profile=HeadsetService, enabled=true
04-20 12:57:42.341 1710 1710 I AdapterServiceConfig: init: profile=HeadsetClientService, enabled=false
04-20 12:57:42.342 1710 1710 I AdapterServiceConfig: init: profile=HearingAidService, enabled=true
04-20 12:57:42.342 1710 1710 I AdapterServiceConfig: init: profile=HidDeviceService, enabled=true
04-20 12:57:42.342 1710 1710 I AdapterServiceConfig: init: profile=HidHostService, enabled=true
04-20 12:57:42.342 1710 1710 I AdapterServiceConfig: init: profile=GattService, enabled=true
04-20 12:57:42.342 1710 1710 I AdapterServiceConfig: init: profile=LeAudioService, enabled=false
04-20 12:57:42.342 1710 1710 I AdapterServiceConfig: init: profile=TbsService, enabled=false
04-20 12:57:42.342 1710 1710 I AdapterServiceConfig: init: profile=BluetoothMapService, enabled=true
04-20 12:57:42.342 1710 1710 I AdapterServiceConfig: init: profile=MapClientService, enabled=false
04-20 12:57:42.343 1710 1710 I AdapterServiceConfig: init: profile=McpService, enabled=true
04-20 12:57:42.343 1710 1710 I AdapterServiceConfig: init: profile=BluetoothOppService, enabled=true
04-20 12:57:42.343 1710 1710 I AdapterServiceConfig: init: profile=PanService, enabled=true
04-20 12:57:42.343 1710 1710 I AdapterServiceConfig: init: profile=BluetoothPbapService, enabled=true
04-20 12:57:42.343 1710 1710 I AdapterServiceConfig: init: profile=PbapClientService, enabled=false
04-20 12:57:42.343 1710 1710 I AdapterServiceConfig: init: profile=SapService, enabled=false
04-20 12:57:42.343 1710 1710 I AdapterServiceConfig: init: profile=VolumeControlService, enabled=false
04-20 12:57:42.347 213 213 I tombstoned: registered intercept for pid 1099 and type kDebuggerdJavaBacktrace
04-20 12:57:42.350 554 1688 I ActivityManager: Flag disabled. Ignoring finishAttachApplication from uid: 1002. pid: 1710
04-20 12:57:42.295 1775 1775 V GraphicsEnvironment: Currently set values for:
04-20 12:57:42.361 1775 1775 V GraphicsEnvironment: angle_gl_driver_selection_pkgs=[]
04-20 12:57:42.361 1775 1775 V GraphicsEnvironment: angle_gl_driver_selection_values=[]
04-20 12:57:42.372 1775 1775 V GraphicsEnvironment: ANGLE GameManagerService for com.android.sdksetup: false
04-20 12:57:42.373 1775 1775 V GraphicsEnvironment: com.android.sdksetup is not listed in per-application setting
04-20 12:57:42.373 1775 1775 V GraphicsEnvironment: Neither updatable production driver nor prerelease driver is supported.
04-20 12:57:42.378 554 590 I libprocessgroup: Successfully killed process cgroup uid 10088 pid 1435 in 163ms
04-20 12:57:42.379 1745 1745 V GraphicsEnvironment: Currently set values for:
04-20 12:57:42.379 1745 1745 V GraphicsEnvironment: angle_gl_driver_selection_pkgs=[]
04-20 12:57:42.414 1710 1710 I BluetoothMetricsLogger: setCounterMetricsAlarm()
04-20 12:57:42.434 554 588 I ActivityManager: Killing 1654:android.process.media/u0a47 (adj 0): timeout publishing content providers
04-20 12:57:42.450 1099 1106 I m.android.phone: Thread[2,tid=1106,WaitingInMainSignalCatcherLoop,Thread*=0x7704e52a46f0,peer=0x135008f0,"Signal Catcher"]: reacting to signal 3
04-20 12:57:42.450 1099 1106 I m.android.phone:
04-20 12:57:42.455 1745 1745 V GraphicsEnvironment: angle_gl_driver_selection_values=[]
04-20 12:57:42.540 0 0 W binder_debug: 2 callbacks suppressed
04-20 12:57:42.540 0 0 I binder : undelivered TRANSACTION_COMPLETE
04-20 12:57:42.541 0 0 I binder : undelivered transaction 29130, process died.
04-20 12:57:42.541 0 0 I binder : undelivered TRANSACTION_COMPLETE
04-20 12:57:42.541 0 0 I binder : undelivered transaction 29039, process died.
04-20 12:57:42.553 347 347 I Zygote : Process 1435 exited due to signal 9 (Killed)
04-20 12:57:42.581 554 1378 I StorageUserConnection: Service: [ComponentInfo{com.android.providers.media.module/com.android.providers.media.fuse.ExternalStorageServiceImpl}] disconnected. User [0]
04-20 12:57:42.582 554 1378 I StorageUserConnection: Closing connection for user 0
04-20 12:57:42.622 554 978 W ActivityManager: Scheduling restart of crashed service com.android.providers.media.module/com.android.providers.media.MediaService in 1000ms for connection
04-20 12:57:42.623 554 978 W ActivityManager: Scheduling restart of crashed service com.android.providers.media.module/com.android.providers.media.fuse.ExternalStorageServiceImpl in 10999ms for connection
04-20 12:57:42.629 1745 1745 V GraphicsEnvironment: ANGLE GameManagerService for com.android.keychain: false
04-20 12:57:42.629 1745 1745 V GraphicsEnvironment: com.android.keychain is not listed in per-application setting
04-20 12:57:42.630 1745 1745 V GraphicsEnvironment: Neither updatable production driver nor prerelease driver is supported.
04-20 12:57:42.644 554 628 I ActivityManager: Flag disabled. Ignoring finishAttachApplication from uid: 10081. pid: 1775
04-20 12:57:42.712 554 978 I Watchdog: Interesting Java process com.android.providers.media.module died. Pid 1435
04-20 12:57:42.786 1655 1767 I ContactsProviderV1: Bootstrapping database legacy support
04-20 12:57:42.833 554 675 D StorageManagerService: Thinking about reset, mBootCompleted=true, mDaemonConnected=true
04-20 12:57:42.833 554 675 I StorageSessionController: Started resetting external storage service...
04-20 12:57:42.833 554 675 I StorageSessionController: Unmounting emulated;0
04-20 12:57:42.877 347 347 I Zygote : Process 1654 exited due to signal 9 (Killed)
04-20 12:57:42.900 554 588 W system_server: Long monitor contention with owner binder:554_6 (978) at void com.android.server.am.ActivityManagerService$AppDeathRecipient.binderDied()(ActivityManagerService.java:1584) waiters=2 in boolean com.android.server.am.BroadcastQueueModernImpl.lambda$new$0(android.os.Message) for 257ms
04-20 12:57:42.905 554 554 W system_server: Long monitor contention with owner binder:554_6 (978) at void com.android.server.am.ActivityManagerService$AppDeathRecipient.binderDied()(ActivityManagerService.java:1584) waiters=3 in boolean com.android.server.am.ActivityManagerService.unbindService(android.app.IServiceConnection) for 215ms
04-20 12:57:42.919 554 575 W Looper : Drained
04-20 12:57:42.939 554 554 W Looper : Slow dispatch took 361ms main h=android.app.ActivityThread$H c=android.app.LoadedApk$ServiceDispatcher$RunConnection@2699311 m=0
04-20 12:57:42.939 554 554 W Looper : Slow delivery took 254ms main h=com.android.server.power.Notifier$NotifierHandler c=null m=7
04-20 12:57:42.975 554 590 I libprocessgroup: Successfully killed process cgroup uid 10047 pid 1654 in 423ms
04-20 12:57:43.006 167 170 I vold : Killing all processes referencing /storage/emulated/0
04-20 12:57:43.011 1710 1710 D BluetoothAdapterService: onCreate()
04-20 12:57:43.017 554 628 V ActivityManager: Got obituary of 1654:android.process.media
