04-20 12:56:28.497 554 866 D WifiNl80211Manager: tearing down interfaces in wificond
04-20 12:56:28.511 554 866 D WifiAdaptConnObserver: Adaptive connectivity status initialized to: true
04-20 12:56:28.513 554 866 D WifiController: EnabledState.enter()
04-20 12:56:28.514 554 866 D WifiClientModeManager[166538:unknown]: entering IdleState
04-20 12:56:28.521 554 866 W FileUtils: Failed to chmod(/data/misc/apexdata/com.android.wifi/WifiConfigStore.xml, 384):
04-20 12:56:28.521 554 866 W FileUtils: android.system.ErrnoException: chmod failed: ENOENT (No such file or directory)
04-20 12:56:28.521 554 866 W FileUtils: at libcore.io.Linux.chmod(Native Method)
04-20 12:56:28.521 554 866 W FileUtils: at libcore.io.ForwardingOs.chmod(ForwardingOs.java:165)
04-20 12:56:28.521 554 866 W FileUtils: at libcore.io.BlockGuardOs.chmod(BlockGuardOs.java:83)
04-20 12:56:28.521 554 866 W FileUtils: at android.system.Os.chmod(Os.java:119)
04-20 12:56:28.521 554 866 W FileUtils: at com.android.server.wifi.util.FileUtils.chmod(FileUtils.java:44)
04-20 12:56:28.521 554 866 W FileUtils: at com.android.server.wifi.WifiConfigStore$StoreFile.writeBufferedRawData(WifiConfigStore.java:941)
04-20 12:56:28.521 554 866 W FileUtils: at com.android.server.wifi.WifiConfigStore.writeBufferedData(WifiConfigStore.java:506)
04-20 12:56:28.521 554 866 W FileUtils: at com.android.server.wifi.WifiConfigStore.write(WifiConfigStore.java:430)
04-20 12:56:28.521 554 866 W FileUtils: at com.android.server.wifi.WifiConfigManager.saveToStore(WifiConfigManager.java:3688)
04-20 12:56:28.521 554 866 W FileUtils: at com.android.server.wifi.WifiSettingsConfigStore.lambda$triggerSaveToStoreAndInvokeAllListeners$1(WifiSettingsConfigStore.java:253)
04-20 12:56:28.521 554 866 W FileUtils: at com.android.server.wifi.WifiSettingsConfigStore.$r8$lambda$RgVMOoSeRTFMZVvRnH2K_mlfH0M(WifiSettingsConfigStore.java:0)
04-20 12:56:28.521 554 866 W FileUtils: at com.android.server.wifi.WifiSettingsConfigStore$$ExternalSyntheticLambda3.run(R8$$SyntheticClass:0)
04-20 12:56:28.521 554 866 W FileUtils: at android.os.Handler.handleCallback(Handler.java:958)
04-20 12:56:28.521 554 866 W FileUtils: at android.os.Handler.dispatchMessage(Handler.java:99)
04-20 12:56:28.521 554 866 W FileUtils: at com.android.server.wifi.RunnerHandler.dispatchMessage(RunnerHandler.java:122)
04-20 12:56:28.521 554 866 W FileUtils: at android.os.Looper.loopOnce(Looper.java:205)
04-20 12:56:28.521 554 866 W FileUtils: at android.os.Looper.loop(Looper.java:294)
04-20 12:56:28.521 554 866 W FileUtils: at android.os.HandlerThread.run(HandlerThread.java:67)
04-20 12:56:28.529 554 866 D WifiConfigStore: Writing to stores completed in 11 ms.
04-20 12:56:28.533 554 868 I WifiContext: Got resolveInfos for com.android.server.wifi.intent.action.SERVICE_WIFI_RESOURCES_APK: [ResolveInfo{8a81327 com.android.wifi.resources/android.app.Activity m=0x108000 userHandle=UserHandle{0}}]
04-20 12:56:28.533 554 868 I WifiContext: Found Wifi Resources APK at: com.android.wifi.resources
04-20 12:56:28.544 554 866 I WifiHalAidlImpl: Service is already initialized
04-20 12:56:28.547 554 554 W SystemServiceManager: Service com.android.server.trust.TrustManagerService took 54 ms in onBootPhase
04-20 12:56:28.547 554 554 V SystemServerTiming: OnBootPhase_500_com.android.server.trust.TrustManagerService took to complete: 54ms
04-20 12:56:28.547 554 554 D SystemServerTiming: OnBootPhase_500_com.android.server.backup.BackupManagerService$Lifecycle
04-20 12:56:28.547 0 0 I servicemanager: Found android.hardware.wifi.IWifi/default in device VINTF manifest.
04-20 12:56:28.553 554 554 V SystemServerTiming: OnBootPhase_500_com.android.server.backup.BackupManagerService$Lifecycle took to complete: 0ms
04-20 12:56:28.553 554 554 D SystemServerTiming: OnBootPhase_500_com.android.server.appwidget.AppWidgetService
04-20 12:56:28.553 554 554 V SystemServerTiming: OnBootPhase_500_com.android.server.appwidget.AppWidgetService took to complete: 0ms
04-20 12:56:28.553 554 554 D SystemServerTiming: OnBootPhase_500_com.android.server.voiceinteraction.VoiceInteractionManagerService
04-20 12:56:28.553 554 554 V SystemServerTiming: OnBootPhase_500_com.android.server.voiceinteraction.VoiceInteractionManagerService took to complete: 0ms
04-20 12:56:28.553 554 554 D SystemServerTiming: OnBootPhase_500_com.android.server.GestureLauncherService
04-20 12:56:28.553 554 554 V SystemServerTiming: OnBootPhase_500_com.android.server.GestureLauncherService took to complete: 0ms
04-20 12:56:28.554 554 554 D SystemServerTiming: OnBootPhase_500_com.android.server.SensorNotificationService
04-20 12:56:28.554 554 554 V SystemServerTiming: OnBootPhase_500_com.android.server.SensorNotificationService took to complete: 0ms
04-20 12:56:28.554 554 554 D SystemServerTiming: OnBootPhase_500_com.android.server.emergency.EmergencyAffordanceService
04-20 12:56:28.554 554 554 V SystemServerTiming: OnBootPhase_500_com.android.server.emergency.EmergencyAffordanceService took to complete: 0ms
04-20 12:56:28.554 554 554 D SystemServerTiming: OnBootPhase_500_com.android.server.blob.BlobStoreManagerService
04-20 12:56:28.554 554 554 V SystemServerTiming: OnBootPhase_500_com.android.server.blob.BlobStoreManagerService took to complete: 0ms
04-20 12:56:28.554 554 554 D SystemServerTiming: OnBootPhase_500_com.android.server.dreams.DreamManagerService
04-20 12:56:28.554 554 554 V SystemServerTiming: OnBootPhase_500_com.android.server.dreams.DreamManagerService took to complete: 0ms
04-20 12:56:28.554 554 554 D SystemServerTiming: OnBootPhase_500_com.android.server.print.PrintManagerService
04-20 12:56:28.554 554 554 V SystemServerTiming: OnBootPhase_500_com.android.server.print.PrintManagerService took to complete: 0ms
04-20 12:56:28.555 554 554 D SystemServerTiming: OnBootPhase_500_com.android.server.security.AttestationVerificationManagerService
04-20 12:56:28.555 554 554 V SystemServerTiming: OnBootPhase_500_com.android.server.security.AttestationVerificationManagerService took to complete: 0ms
04-20 12:56:28.555 554 554 D SystemServerTiming: OnBootPhase_500_com.android.server.companion.CompanionDeviceManagerService
04-20 12:56:28.562 368 387 I android.hardware.wifi-service: Wifi HAL started
04-20 12:56:28.565 554 554 D BluetoothAdapter: registerBluetoothConnectionCallback()
04-20 12:56:28.566 554 554 D BluetoothAdapter: isLeEnabled(): OFF
04-20 12:56:28.567 554 554 V SystemServerTiming: OnBootPhase_500_com.android.server.companion.CompanionDeviceManagerService took to complete: 12ms
04-20 12:56:28.572 554 554 D SystemServerTiming: OnBootPhase_500_com.android.server.companion.virtual.VirtualDeviceManagerService
04-20 12:56:28.572 554 554 V SystemServerTiming: OnBootPhase_500_com.android.server.companion.virtual.VirtualDeviceManagerService took to complete: 0ms
04-20 12:56:28.572 554 554 D SystemServerTiming: OnBootPhase_500_com.android.server.restrictions.RestrictionsManagerService
04-20 12:56:28.572 554 554 V SystemServerTiming: OnBootPhase_500_com.android.server.restrictions.RestrictionsManagerService took to complete: 0ms
04-20 12:56:28.572 554 554 D SystemServerTiming: OnBootPhase_500_com.android.server.media.MediaSessionService
04-20 12:56:28.572 554 554 V SystemServerTiming: OnBootPhase_500_com.android.server.media.MediaSessionService took to complete: 0ms
04-20 12:56:28.572 554 554 D SystemServerTiming: OnBootPhase_500_com.android.server.biometrics.sensors.face.FaceService
04-20 12:56:28.573 554 554 V SystemServerTiming: OnBootPhase_500_com.android.server.biometrics.sensors.face.FaceService took to complete: 0ms
04-20 12:56:28.573 554 554 D SystemServerTiming: OnBootPhase_500_com.android.server.biometrics.sensors.fingerprint.FingerprintService
04-20 12:56:28.573 554 554 V SystemServerTiming: OnBootPhase_500_com.android.server.biometrics.sensors.fingerprint.FingerprintService took to complete: 0ms
04-20 12:56:28.573 554 554 D SystemServerTiming: OnBootPhase_500_com.android.server.biometrics.BiometricService
04-20 12:56:28.573 554 554 V SystemServerTiming: OnBootPhase_500_com.android.server.biometrics.BiometricService took to complete: 0ms
04-20 12:56:28.573 554 554 D SystemServerTiming: OnBootPhase_500_com.android.server.biometrics.AuthService
04-20 12:56:28.573 554 554 V SystemServerTiming: OnBootPhase_500_com.android.server.biometrics.AuthService took to complete: 0ms
04-20 12:56:28.573 554 554 D SystemServerTiming: OnBootPhase_500_com.android.server.pm.ShortcutService$Lifecycle
04-20 12:56:28.573 554 554 V SystemServerTiming: OnBootPhase_500_com.android.server.pm.ShortcutService$Lifecycle took to complete: 0ms
04-20 12:56:28.573 554 554 D SystemServerTiming: OnBootPhase_500_com.android.server.pm.LauncherAppsService
04-20 12:56:28.574 554 554 V SystemServerTiming: OnBootPhase_500_com.android.server.pm.LauncherAppsService took to complete: 0ms
04-20 12:56:28.574 554 554 D SystemServerTiming: OnBootPhase_500_com.android.server.pm.CrossProfileAppsService
04-20 12:56:28.579 554 554 V SystemServerTiming: OnBootPhase_500_com.android.server.pm.CrossProfileAppsService took to complete: 0ms
04-20 12:56:28.579 554 554 D SystemServerTiming: OnBootPhase_500_com.android.server.people.PeopleService
04-20 12:56:28.585 554 554 V SystemServerTiming: OnBootPhase_500_com.android.server.people.PeopleService took to complete: 6ms
04-20 12:56:28.586 554 554 D SystemServerTiming: OnBootPhase_500_com.android.server.media.metrics.MediaMetricsManagerService
04-20 12:56:28.587 554 554 V SystemServerTiming: OnBootPhase_500_com.android.server.media.metrics.MediaMetricsManagerService took to complete: 0ms
04-20 12:56:28.587 554 554 D SystemServerTiming: OnBootPhase_500_com.android.server.pm.BackgroundInstallControlService
04-20 12:56:28.592 554 554 V SystemServerTiming: OnBootPhase_500_com.android.server.pm.BackgroundInstallControlService took to complete: 0ms
04-20 12:56:28.593 554 554 D SystemServerTiming: OnBootPhase_500_com.android.server.media.projection.MediaProjectionManagerService
04-20 12:56:28.593 554 554 V SystemServerTiming: OnBootPhase_500_com.android.server.media.projection.MediaProjectionManagerService took to complete: 0ms
04-20 12:56:28.594 554 554 D SystemServerTiming: OnBootPhase_500_com.android.server.slice.SliceManagerService$Lifecycle
04-20 12:56:28.594 554 554 V SystemServerTiming: OnBootPhase_500_com.android.server.slice.SliceManagerService$Lifecycle took to complete: 0ms
04-20 12:56:28.595 554 554 D SystemServerTiming: OnBootPhase_500_com.android.server.stats.StatsCompanion$Lifecycle
04-20 12:56:28.595 554 554 V SystemServerTiming: OnBootPhase_500_com.android.server.stats.StatsCompanion$Lifecycle took to complete: 0ms
04-20 12:56:28.595 554 554 D SystemServerTiming: OnBootPhase_500_com.android.server.scheduling.RebootReadinessManagerService$Lifecycle
04-20 12:56:28.600 554 554 V SystemServerTiming: OnBootPhase_500_com.android.server.scheduling.RebootReadinessManagerService$Lifecycle took to complete: 0ms
04-20 12:56:28.600 554 554 D SystemServerTiming: OnBootPhase_500_com.android.server.stats.pull.StatsPullAtomService
04-20 12:56:28.601 554 554 V SystemServerTiming: OnBootPhase_500_com.android.server.stats.pull.StatsPullAtomService took to complete: 0ms
04-20 12:56:28.601 554 554 D SystemServerTiming: OnBootPhase_500_com.android.server.stats.bootstrap.StatsBootstrapAtomService$Lifecycle
04-20 12:56:28.601 554 554 V SystemServerTiming: OnBootPhase_500_com.android.server.stats.bootstrap.StatsBootstrapAtomService$Lifecycle took to complete: 0ms
04-20 12:56:28.601 554 554 D SystemServerTiming: OnBootPhase_500_com.android.server.incident.IncidentCompanionService
04-20 12:56:28.601 554 554 V SystemServerTiming: OnBootPhase_500_com.android.server.incident.IncidentCompanionService took to complete: 0ms
04-20 12:56:28.601 554 554 D SystemServerTiming: OnBootPhase_500_com.android.server.sdksandbox.SdkSandboxManagerService$Lifecycle
04-20 12:56:28.601 554 554 V SystemServerTiming: OnBootPhase_500_com.android.server.sdksandbox.SdkSandboxManagerService$Lifecycle took to complete: 0ms
04-20 12:56:28.601 554 554 D SystemServerTiming: OnBootPhase_500_com.android.server.adservices.AdServicesManagerService$Lifecycle
04-20 12:56:28.601 554 554 V SystemServerTiming: OnBootPhase_500_com.android.server.adservices.AdServicesManagerService$Lifecycle took to complete: 0ms
04-20 12:56:28.602 554 554 D SystemServerTiming: OnBootPhase_500_com.android.server.ondevicepersonalization.OnDevicePersonalizationSystemService$Lifecycle
04-20 12:56:28.602 554 554 V SystemServerTiming: OnBootPhase_500_com.android.server.ondevicepersonalization.OnDevicePersonalizationSystemService$Lifecycle took to complete: 0ms
04-20 12:56:28.602 554 554 D SystemServerTiming: OnBootPhase_500_com.android.server.MmsServiceBroker
04-20 12:56:28.602 554 554 V SystemServerTiming: OnBootPhase_500_com.android.server.MmsServiceBroker took to complete: 0ms
04-20 12:56:28.602 554 554 D SystemServerTiming: OnBootPhase_500_com.android.server.autofill.AutofillManagerService
04-20 12:56:28.602 554 554 V SystemServerTiming: OnBootPhase_500_com.android.server.autofill.AutofillManagerService took to complete: 0ms
04-20 12:56:28.602 554 554 D SystemServerTiming: OnBootPhase_500_com.android.server.selectiontoolbar.SelectionToolbarManagerService
04-20 12:56:28.602 554 554 V SystemServerTiming: OnBootPhase_500_com.android.server.selectiontoolbar.SelectionToolbarManagerService took to complete: 0ms
04-20 12:56:28.602 554 554 D SystemServerTiming: OnBootPhase_500_com.android.server.clipboard.ClipboardService
04-20 12:56:28.602 554 554 V SystemServerTiming: OnBootPhase_500_com.android.server.clipboard.ClipboardService took to complete: 0ms
04-20 12:56:28.602 554 554 D SystemServerTiming: OnBootPhase_500_com.android.server.appbinding.AppBindingService$Lifecycle
04-20 12:56:28.603 554 554 V SystemServerTiming: OnBootPhase_500_com.android.server.appbinding.AppBindingService$Lifecycle took to complete: 0ms
04-20 12:56:28.603 554 554 D SystemServerTiming: OnBootPhase_500_com.android.server.tracing.TracingServiceProxy
04-20 12:56:28.603 554 554 V SystemServerTiming: OnBootPhase_500_com.android.server.tracing.TracingServiceProxy took to complete: 0ms
04-20 12:56:28.603 554 554 V SystemServerTiming: OnBootPhase_500 took to complete: 823ms
04-20 12:56:28.603 554 554 V SystemServerTiming: StartBootPhaseSystemServicesReady took to complete: 824ms
04-20 12:56:28.603 554 554 D SystemServerTiming: MakeWindowManagerServiceReady
04-20 12:56:28.636 554 554 V SystemServerTiming: MakeWindowManagerServiceReady took to complete: 34ms
04-20 12:56:28.637 554 554 D SystemServerTiming: RegisterLogMteState
04-20 12:56:28.638 554 554 V SystemServerTiming: RegisterLogMteState took to complete: 1ms
04-20 12:56:28.677 554 866 E WifiChipAidlImpl: getMode failed with service-specific exception: android.os.ServiceSpecificException: (code 5)
04-20 12:56:28.681 554 554 D SystemServerTiming: StartPermissionPolicyService
04-20 12:56:28.688 368 387 W android.hardware.wifi-service: No active wlan interfaces in use! Using default
04-20 12:56:28.689 368 387 E android.hardware.wifi-service: Unknown iface name: wlan0
04-20 12:56:28.689 368 387 E android.hardware.wifi-service: Unknown iface name: wlan0
04-20 12:56:28.690 554 554 I SystemServiceManager: Starting com.android.server.policy.PermissionPolicyService
04-20 12:56:28.698 0 0 I servicemanager: Found android.hardware.health.IHealth/default in device VINTF manifest.
04-20 12:56:28.702 554 587 I HealthServiceWrapperAidl: health: HealthServiceWrapper listening to AIDL HAL
04-20 12:56:28.714 554 587 D StatsPullAtomService: Registering pullers with statsd
04-20 12:56:28.727 554 866 I WifiVendorHal: Vendor Hal started successfully
04-20 12:56:28.730 554 875 D ConnectivityService: NetReassign [no changes] [c 0] [a 0] [i 0]
04-20 12:56:28.731 554 587 I StatsPullAtomService: register thermal listener successfully
04-20 12:56:28.747 0 0 I servicemanager: Found android.hardware.wifi.IWifi/default in device VINTF manifest.
04-20 12:56:28.753 554 866 E WifiChipAidlImpl: getMode failed with service-specific exception: android.os.ServiceSpecificException: (code 5)
04-20 12:56:28.753 368 387 W android.hardware.wifi-service: No active wlan interfaces in use! Using default
04-20 12:56:28.754 368 387 E android.hardware.wifi-service: Unknown iface name: wlan0
04-20 12:56:28.754 368 387 E android.hardware.wifi-service: Unknown iface name: wlan0
04-20 12:56:28.758 554 554 W SystemServiceManager: Service com.android.server.policy.PermissionPolicyService took 67 ms in onStart
04-20 12:56:28.758 554 554 V SystemServerTiming: StartPermissionPolicyService took to complete: 76ms
04-20 12:56:28.758 554 554 D SystemServerTiming: MakePackageManagerServiceReady
04-20 12:56:28.764 554 866 I HalDevMgr: currentModeId=0, requestModeId=0, currentModeIdValid=false
04-20 12:56:28.777 368 387 I android.hardware.wifi-service: Adding interface handle for wlan0
04-20 12:56:28.777 368 387 W android.hardware.wifi-service: No active wlan interfaces in use! Using default
04-20 12:56:28.778 368 387 E android.hardware.wifi-service: Failed to register radio mode change callback
04-20 12:56:28.778 368 387 W android.hardware.wifi-service: No active wlan interfaces in use! Using default
04-20 12:56:28.790 368 387 E android.hardware.wifi-service: Failed to get SupportedIfaceCombinations matrix from legacy HAL: NOT_SUPPORTED
04-20 12:56:28.791 368 387 I android.hardware.wifi-service: Configured chip in mode 0
04-20 12:56:28.791 368 387 W android.hardware.wifi-service: No active wlan interfaces in use! Using default
04-20 12:56:28.802 554 554 V HistoricalRegistry: Interaction before persistence initialized
04-20 12:56:28.803 554 554 V HistoricalRegistry: Interaction before persistence initialized
04-20 12:56:28.812 368 387 W android.hardware.wifi-service: No active wlan interfaces in use! Using default
04-20 12:56:28.820 368 387 I android.hardware.wifi-service: Adding interface handle for wlan0
04-20 12:56:28.821 368 387 E android.hardware.wifi-service: Failed to set DFS flag; DFS channels may be unavailable.
04-20 12:56:28.831 554 554 V UserDataPreparer: Found /data/user_de/0 with serial number -1
04-20 12:56:28.831 554 554 D UserDataPreparer: Serial number missing on /data/user_de/0; assuming current is valid
04-20 12:56:28.833 554 866 D HalDevMgr: updateRttController: no one is interested in RTT controllers
04-20 12:56:28.838 554 554 V UserDataPreparer: Found /data/user/0 with serial number -1
04-20 12:56:28.839 554 554 D UserDataPreparer: Serial number missing on /data/user/0; assuming current is valid
04-20 12:56:28.839 554 554 V UserDataPreparer: Found /data/system_de/0 with serial number -1
04-20 12:56:28.839 554 554 D UserDataPreparer: Serial number missing on /data/system_de/0; assuming current is valid
04-20 12:56:28.843 554 554 I PermissionManager: Permission ownership changed. Updating all permissions.
04-20 12:56:28.850 554 554 W PermissionManager: Package com.android.adservices.api is an APK in APEX, but has permission allowlist on the system image. Please bundle the allowlist in the com.android.adservices APEX instead.
04-20 12:56:28.857 368 387 E android.hardware.wifi-service: Failed to get chip capabilities from legacy HAL: NOT_SUPPORTED
04-20 12:56:28.861 554 866 E WifiChipAidlImpl: getWifiChipCapabilities failed with service-specific exception: android.os.ServiceSpecificException: (code 4)
04-20 12:56:28.868 554 866 D WifiNl80211Manager: Setting up interface for client mode: wlan0
04-20 12:56:28.879 471 471 I wificond: createClientInterface: wiphy_index 1 iface_name wlan0
04-20 12:56:28.910 471 471 I wificond: create scanner for interface with index: 16
04-20 12:56:28.910 471 471 I wificond: subscribe scan result for interface with index: 16
04-20 12:56:28.927 471 471 I wificond: add channel type 0 support at wiphy index: 1
04-20 12:56:28.931 471 471 I wificond: add channel type 1 support at wiphy index: 1
04-20 12:56:28.954 346 346 I netd : interfaceGetCfg(wlan0) -> {InterfaceConfigurationParcel{ifName: wlan0, hwAddr: 02:15:b2:00:00:00, ipv4Addr: 0.0.0.0, prefixLength: 0, flags: [up, broadcast, multicast]}} <7.63ms>
04-20 12:56:28.959 554 866 I WifiNative: Interface state changed on Iface:{Name=wlan0,Id=0,Type=STA_SCAN}, isUp=true
04-20 12:56:28.968 554 866 I WifiNative: Successfully setup Iface:{Name=wlan0,Id=0,Type=STA_SCAN}
04-20 12:56:28.973 554 866 E SupplicantStaIfaceHalAidlImpl: Can't call getKeyMgmtCapabilities, ISupplicantStaIface is null for iface=wlan0
04-20 12:56:28.981 0 0 I servicemanager: Found android.hardware.wifi.IWifi/default in device VINTF manifest.
04-20 12:56:28.978 554 554 W PermissionManager: Package com.android.providers.media.module is an APK in APEX, but has permission allowlist on the system image. Please bundle the allowlist in the com.android.mediaprovider APEX instead.
04-20 12:56:28.979 554 554 W PermissionManager: Package com.android.providers.media.module is an APK in APEX, but has permission allowlist on the system image. Please bundle the allowlist in the com.android.mediaprovider APEX instead.
04-20 12:56:28.979 554 554 W PermissionManager: Package com.android.providers.media.module is an APK in APEX, but has permission allowlist on the system image. Please bundle the allowlist in the com.android.mediaprovider APEX instead.
04-20 12:56:28.979 554 554 W PermissionManager: Package com.android.providers.media.module is an APK in APEX, but has permission allowlist on the system image. Please bundle the allowlist in the com.android.mediaprovider APEX instead.
04-20 12:56:28.979 554 554 W PermissionManager: Package com.android.providers.media.module is an APK in APEX, but has permission allowlist on the system image. Please bundle the allowlist in the com.android.mediaprovider APEX instead.
04-20 12:56:28.979 554 554 W PermissionManager: Package com.android.providers.media.module is an APK in APEX, but has permission allowlist on the system image. Please bundle the allowlist in the com.android.mediaprovider APEX instead.
04-20 12:56:28.981 554 554 W PermissionManager: Package com.android.providers.media.module is an APK in APEX, but has permission allowlist on the system image. Please bundle the allowlist in the com.android.mediaprovider APEX instead.
04-20 12:56:28.982 554 554 W PermissionManager: Package com.android.providers.media.module is an APK in APEX, but has permission allowlist on the system image. Please bundle the allowlist in the com.android.mediaprovider APEX instead.
04-20 12:56:28.982 554 554 W PermissionManager: Package com.android.providers.media.module is an APK in APEX, but has permission allowlist on the system image. Please bundle the allowlist in the com.android.mediaprovider APEX instead.
04-20 12:56:28.982 554 554 W PermissionManager: Package com.android.providers.media.module is an APK in APEX, but has permission allowlist on the system image. Please bundle the allowlist in the com.android.mediaprovider APEX instead.
04-20 12:56:28.982 554 554 W PermissionManager: Package com.android.providers.media.module is an APK in APEX, but has permission allowlist on the system image. Please bundle the allowlist in the com.android.mediaprovider APEX instead.
04-20 12:56:28.982 554 554 W PermissionManager: Package com.android.providers.media.module is an APK in APEX, but has permission allowlist on the system image. Please bundle the allowlist in the com.android.mediaprovider APEX instead.
04-20 12:56:28.983 554 554 W PermissionManager: Package com.android.providers.media.module is an APK in APEX, but has permission allowlist on the system image. Please bundle the allowlist in the com.android.mediaprovider APEX instead.
04-20 12:56:29.003 554 554 I DefaultPermGrantPolicy: Granting permissions to platform components for user 0
04-20 12:56:29.006 368 387 E android.hardware.wifi-service: Failed to get SupportedRadioCombinations matrix from legacy HAL: NOT_SUPPORTED
04-20 12:56:29.007 554 866 E WifiChipAidlImpl: getSupportedRadioCombinations failed with service-specific exception: android.os.ServiceSpecificException: (code 4)
04-20 12:56:29.012 554 866 E SupplicantStaIfaceHalAidlImpl: Can't call getWpaDriverCapabilities, ISupplicantStaIface is null for iface=wlan0
04-20 12:56:29.014 554 866 E WifiChipAidlImpl: getUsableChannels failed with service-specific exception: android.os.ServiceSpecificException: (code 4)
04-20 12:56:29.052 554 554 W DefaultPermGrantPolicy: Permission not found: com.android.smspush.WAPPUSH_MANAGER_BIND
04-20 12:56:29.056 554 866 E WifiChipAidlImpl: enableStaChannelForPeerNetwork failed with service-specific exception: android.os.ServiceSpecificException: (code 4)
04-20 12:56:29.057 554 866 D WifiNative: setWifiNativeInterfaceEventCallback
04-20 12:56:29.058 554 866 D WifiClientModeManager[166538:wlan0]: entering StartedState
04-20 12:56:29.062 554 554 W DefaultPermGrantPolicy: Permission not found: android.permission.MANAGE_WIFI_WHEN_WIRELESS_CONSENT_REQUIRED
04-20 12:56:29.063 554 554 W DefaultPermGrantPolicy: Permission not found: com.android.providers.tv.permission.ACCESS_WATCHED_PROGRAMS
04-20 12:56:29.064 346 346 I netd : interfaceGetCfg(wlan0) -> {InterfaceConfigurationParcel{ifName: wlan0, hwAddr: 02:15:b2:00:00:00, ipv4Addr: 0.0.0.0, prefixLength: 0, flags: [up, broadcast, multicast]}} <5.17ms>
04-20 12:56:29.068 554 554 W DefaultPermGrantPolicy: Permission not found: com.android.providers.tv.permission.WRITE_EPG_DATA
04-20 12:56:29.069 554 554 W DefaultPermGrantPolicy: Permission not found: android.permission.SUGGEST_MANUAL_TIME
04-20 12:56:29.070 554 554 W DefaultPermGrantPolicy: Permission not found: android.permission.SUGGEST_TELEPHONY_TIME
04-20 12:56:29.070 554 554 W DefaultPermGrantPolicy: Permission not found: android.permission.SUGGEST_NETWORK_TIME
04-20 12:56:29.070 554 554 W DefaultPermGrantPolicy: Permission not found: android.permission.SUGGEST_GNSS_TIME
04-20 12:56:29.089 554 554 I DefaultPermGrantPolicy: Granting permissions to default platform handlers for user 0
04-20 12:56:29.089 554 554 W VoiceInteractionManager: no available voice interaction services found for user 0
04-20 12:56:29.091 554 554 W VoiceInteractionManager: no available voice recognition services found for user 0
04-20 12:56:29.096 554 866 D WifiConfigStore: Writing to stores completed in 27 ms.
04-20 12:56:29.110 0 0 I servicemanager: Found android.hardware.wifi.IWifi/default in device VINTF manifest.
04-20 12:56:29.114 554 866 I SupplicantStaIfaceHalAidlImpl: Clearing internal state
04-20 12:56:29.121 554 554 I SyncManager: No initial accounts
04-20 12:56:29.120 0 0 I servicemanager: Found android.hardware.wifi.supplicant.ISupplicant/default in device VINTF manifest.
04-20 12:56:29.121 0 0 I servicemanager: Found android.hardware.wifi.supplicant.ISupplicant/default in device VINTF manifest.
04-20 12:56:29.121 0 0 I servicemanager: Since 'android.hardware.wifi.supplicant.ISupplicant/default' could not be found, trying to start it as a lazy AIDL service. (if it's not configured to be a lazy service, it may be stuck starting or still starting).
04-20 12:56:29.139 0 0 I init : starting service 'wpa_supplicant'...
04-20 12:56:29.148 0 0 I init : Created socket '/dev/socket/wpa_wlan0', mode 660, user 1010, group 1010
04-20 12:56:29.168 554 554 W DefaultPermGrantPolicy: Permission not found: com.google.android.permission.INSTALL_WEARABLE_PACKAGES
04-20 12:56:29.169 554 554 W DefaultPermGrantPolicy: Permission not found: android.permission.WRITE_SYSTEM_SETTINGS
04-20 12:56:29.170 554 554 E DefaultPermGrantPolicy: Package not found:
04-20 12:56:29.179 554 554 W DefaultPermGrantPolicy: Permission not found: com.google.android.googleapps.permission.GOOGLE_AUTH
04-20 12:56:29.179 554 554 W DefaultPermGrantPolicy: Permission not found: com.google.android.googleapps.permission.GOOGLE_AUTH.cl
04-20 12:56:29.187 554 554 W DefaultPermGrantPolicy: Permission not found: com.google.android.setupwizard.SETUP_COMPAT_SERVICE
04-20 12:56:29.199 554 554 I DefaultPermGrantPolicy: Granting Notification permissions to platform signature apps for user 0
04-20 12:56:29.218 0 0 I init : ... started service 'wpa_supplicant' has pid 933
04-20 12:56:29.219 0 0 I init : Control message: Processed ctl.interface_start for 'aidl/android.hardware.wifi.supplicant.ISupplicant/default' from pid: 153 (/system/bin/servicemanager)
04-20 12:56:29.653 909 909 I AidlLazyServiceRegistrar: Process has 1 (of 1 available) client(s) in use after notification android.hardware.biometrics.fingerprint.IFingerprint/default has clients: 1
04-20 12:56:29.658 0 0 I servicemanager: Notifying android.hardware.biometrics.fingerprint.IFingerprint/default they do (previously: don't) have clients when we now have a record of a client
04-20 12:56:29.790 0 0 I servicemanager: Notifying apexservice they do (previously: don't) have clients when service is guaranteed to be in use
04-20 12:56:29.804 0 0 I AidlLazyServiceRegistrar: Process has 1 (of 1 available) client(s) in use after notification apexservice has clients: 1
04-20 12:56:29.804 0 0 I AidlLazyServiceRegistrar: Shutdown prevented by forcePersist override flag.
04-20 12:56:29.806 0 0 I apexd : getSessions() received by ApexService
04-20 12:56:29.810 554 554 V StagingManagerTiming: restoreSessions took to complete: 53ms
04-20 12:56:29.813 554 554 V SystemServerTiming: MakePackageManagerServiceReady took to complete: 1055ms
04-20 12:56:29.813 554 554 D SystemServerTiming: MakeDisplayManagerServiceReady
04-20 12:56:29.846 0 0 I capability: warning: `wpa_supplicant' uses 32-bit capabilities (legacy support in use)
04-20 12:56:29.882 933 933 I wpa_supplicant: Processing aidl events on FD 3
04-20 12:56:29.883 933 933 I wpa_supplicant: Starting AIDL supplicant
04-20 12:56:29.883 933 933 I wpa_supplicant: Interface version: 2
04-20 12:56:29.906 397 397 I RefreshRateSelector: Display 4619827259835644672 policy changed
04-20 12:56:29.906 397 397 I RefreshRateSelector: Previous: {defaultModeId=0, allowGroupSwitching=false, primaryRanges={physical=[0.00 Hz, 340282346638528859811704183484516925440.00 Hz], render=[0.00 Hz, 340282346638528859811704183484516925440.00 Hz]}, appRequestRanges={physical=[0.00 Hz, 340282346638528859811704183484516925440.00 Hz], render=[0.00 Hz, 340282346638528859811704183484516925440.00 Hz]}}
04-20 12:56:29.906 397 397 I RefreshRateSelector: Current: DisplayManagerPolicy{defaultModeId=0, allowGroupSwitching=false, primaryRanges={physical=[0.00 Hz, inf Hz], render=[0.00 Hz, 60.00 Hz]}, appRequestRanges={physical=[0.00 Hz, inf Hz], render=[0.00 Hz, inf Hz]}}
04-20 12:56:29.906 397 397 I RefreshRateSelector: 0 mode changes were performed under the previous policy
04-20 12:56:29.918 554 554 I BrightnessSynchronizer: Initial brightness readings: 102(int), 0.39763778(float)
04-20 12:56:29.919 554 554 V SystemServerTiming: MakeDisplayManagerServiceReady took to complete: 106ms
04-20 12:56:29.919 554 554 D SystemServerTiming: StartDeviceSpecificServices
04-20 12:56:29.924 554 554 V SystemServerTiming: StartDeviceSpecificServices took to complete: 4ms
04-20 12:56:29.924 554 554 D SystemServerTiming: GameManagerService
04-20 12:56:29.924 554 554 I SystemServiceManager: Starting com.android.server.app.GameManagerService$Lifecycle
04-20 12:56:29.927 554 554 W FileUtils: Failed to chmod(/data/system/game_mode_intervention.list): android.system.ErrnoException: chmod failed: ENOENT (No such file or directory)
04-20 12:56:29.932 554 554 V HistoricalRegistry: Interaction before persistence initialized
04-20 12:56:29.944 0 0 I servicemanager: Found android.hardware.wifi.supplicant.ISupplicant/default in device VINTF manifest.
04-20 12:56:29.949 0 0 I BpBinder: onLastStrongRef automatically unlinking death recipients:
04-20 12:56:29.946 554 866 I SupplicantStaIfaceHalAidlImpl: Obtained ISupplicant binder.
04-20 12:56:29.946 554 866 I SupplicantStaIfaceHalAidlImpl: Local Version: 2
04-20 12:56:29.947 933 933 I wpa_supplicant: Successfully initialized wpa_supplicant
04-20 12:56:29.950 554 554 V SystemServerTiming: GameManagerService took to complete: 26ms
04-20 12:56:29.950 554 554 D SystemServerTiming: StartBootPhaseDeviceSpecificServicesReady
04-20 12:56:29.950 554 554 I SystemServiceManager: Starting phase 520
04-20 12:56:29.950 554 554 D SystemServerTiming: OnBootPhase_520
04-20 12:56:29.950 554 554 D SystemServerTiming: OnBootPhase_520_com.android.server.security.FileIntegrityService
04-20 12:56:29.950 554 554 V SystemServerTiming: OnBootPhase_520_com.android.server.security.FileIntegrityService took to complete: 0ms
04-20 12:56:29.950 554 554 D SystemServerTiming: OnBootPhase_520_com.android.server.pm.Installer
04-20 12:56:29.950 554 554 V SystemServerTiming: OnBootPhase_520_com.android.server.pm.Installer took to complete: 0ms
04-20 12:56:29.951 554 554 D SystemServerTiming: OnBootPhase_520_com.android.server.os.DeviceIdentifiersPolicyService
04-20 12:56:29.951 554 554 V SystemServerTiming: OnBootPhase_520_com.android.server.os.DeviceIdentifiersPolicyService took to complete: 0ms
04-20 12:56:29.951 554 554 D SystemServerTiming: OnBootPhase_520_com.android.server.uri.UriGrantsManagerService$Lifecycle
04-20 12:56:29.951 554 554 V SystemServerTiming: OnBootPhase_520_com.android.server.uri.UriGrantsManagerService$Lifecycle took to complete: 0ms
04-20 12:56:29.951 554 554 D SystemServerTiming: OnBootPhase_520_com.android.server.powerstats.PowerStatsService
04-20 12:56:29.951 554 554 V SystemServerTiming: OnBootPhase_520_com.android.server.powerstats.PowerStatsService took to complete: 0ms
04-20 12:56:29.951 554 554 D SystemServerTiming: OnBootPhase_520_com.android.server.permission.access.AccessCheckingService
04-20 12:56:29.951 554 554 V SystemServerTiming: OnBootPhase_520_com.android.server.permission.access.AccessCheckingService took to complete: 0ms
04-20 12:56:29.951 554 554 D SystemServerTiming: OnBootPhase_520_com.android.server.wm.ActivityTaskManagerService$Lifecycle
04-20 12:56:29.951 554 554 V SystemServerTiming: OnBootPhase_520_com.android.server.wm.ActivityTaskManagerService$Lifecycle took to complete: 0ms
04-20 12:56:29.951 554 554 D SystemServerTiming: OnBootPhase_520_com.android.server.am.ActivityManagerService$Lifecycle
04-20 12:56:29.953 554 554 V SystemServerTiming: OnBootPhase_520_com.android.server.am.ActivityManagerService$Lifecycle took to complete: 0ms
04-20 12:56:29.954 554 554 D SystemServerTiming: OnBootPhase_520_com.android.server.pm.DataLoaderManagerService
04-20 12:56:29.954 554 554 V SystemServerTiming: OnBootPhase_520_com.android.server.pm.DataLoaderManagerService took to complete: 0ms
04-20 12:56:29.954 554 554 D SystemServerTiming: OnBootPhase_520_com.android.server.power.PowerManagerService
04-20 12:56:29.954 554 554 V SystemServerTiming: OnBootPhase_520_com.android.server.power.PowerManagerService took to complete: 0ms
04-20 12:56:29.954 554 554 D SystemServerTiming: OnBootPhase_520_com.android.server.power.ThermalManagerService
04-20 12:56:29.954 554 554 V SystemServerTiming: OnBootPhase_520_com.android.server.power.ThermalManagerService took to complete: 0ms
04-20 12:56:29.954 554 554 D SystemServerTiming: OnBootPhase_520_com.android.server.power.hint.HintManagerService
04-20 12:56:29.954 554 554 V SystemServerTiming: OnBootPhase_520_com.android.server.power.hint.HintManagerService took to complete: 0ms
04-20 12:56:29.954 554 554 D SystemServerTiming: OnBootPhase_520_com.android.server.recoverysystem.RecoverySystemService$Lifecycle
04-20 12:56:29.954 554 554 V SystemServerTiming: OnBootPhase_520_com.android.server.recoverysystem.RecoverySystemService$Lifecycle took to complete: 0ms
04-20 12:56:29.955 554 554 D SystemServerTiming: OnBootPhase_520_com.android.server.lights.LightsService
04-20 12:56:29.955 554 554 V SystemServerTiming: OnBootPhase_520_com.android.server.lights.LightsService took to complete: 0ms
04-20 12:56:29.955 554 554 D SystemServerTiming: OnBootPhase_520_com.android.server.display.DisplayManagerService
04-20 12:56:29.955 554 554 V SystemServerTiming: OnBootPhase_520_com.android.server.display.DisplayManagerService took to complete: 0ms
04-20 12:56:29.955 554 554 D SystemServerTiming: OnBootPhase_520_com.android.server.pm.verify.domain.DomainVerificationService
04-20 12:56:29.955 554 554 V SystemServerTiming: OnBootPhase_520_com.android.server.pm.verify.domain.DomainVerificationService took to complete: 0ms
04-20 12:56:29.955 554 554 D SystemServerTiming: OnBootPhase_520_com.android.server.pm.PackageInstallerService$Lifecycle
04-20 12:56:29.955 554 554 V SystemServerTiming: OnBootPhase_520_com.android.server.pm.PackageInstallerService$Lifecycle took to complete: 0ms
04-20 12:56:29.955 554 554 D SystemServerTiming: OnBootPhase_520_com.android.server.pm.UserManagerService$LifeCycle
04-20 12:56:29.955 554 554 V SystemServerTiming: OnBootPhase_520_com.android.server.pm.UserManagerService$LifeCycle took to complete: 0ms
04-20 12:56:29.955 554 554 D SystemServerTiming: OnBootPhase_520_com.android.server.om.OverlayManagerService
04-20 12:56:29.962 554 554 V SystemServerTiming: OnBootPhase_520_com.android.server.om.OverlayManagerService took to complete: 0ms
04-20 12:56:29.962 554 554 D SystemServerTiming: OnBootPhase_520_com.android.server.resources.ResourcesManagerService
04-20 12:56:29.962 554 554 V SystemServerTiming: OnBootPhase_520_com.android.server.resources.ResourcesManagerService took to complete: 0ms
04-20 12:56:29.962 554 554 D SystemServerTiming: OnBootPhase_520_com.android.server.sensorprivacy.SensorPrivacyService
04-20 12:56:29.963 554 554 V SystemServerTiming: OnBootPhase_520_com.android.server.sensorprivacy.SensorPrivacyService took to complete: 0ms
04-20 12:56:29.963 554 554 D SystemServerTiming: OnBootPhase_520_com.android.server.sensors.SensorService
04-20 12:56:29.963 554 554 V SystemServerTiming: OnBootPhase_520_com.android.server.sensors.SensorService took to complete: 0ms
04-20 12:56:29.963 554 554 D SystemServerTiming: OnBootPhase_520_com.android.server.SystemConfigService
04-20 12:56:29.968 554 554 V SystemServerTiming: OnBootPhase_520_com.android.server.SystemConfigService took to complete: 0ms
04-20 12:56:29.968 554 554 D SystemServerTiming: OnBootPhase_520_com.android.server.BatteryService
04-20 12:56:29.969 554 554 V SystemServerTiming: OnBootPhase_520_com.android.server.BatteryService took to complete: 0ms
04-20 12:56:29.969 554 554 D SystemServerTiming: OnBootPhase_520_com.android.server.usage.UsageStatsService
04-20 12:56:29.969 554 554 V SystemServerTiming: OnBootPhase_520_com.android.server.usage.UsageStatsService took to complete: 0ms
04-20 12:56:29.969 554 554 D SystemServerTiming: OnBootPhase_520_com.android.server.webkit.WebViewUpdateService
04-20 12:56:29.970 554 554 V SystemServerTiming: OnBootPhase_520_com.android.server.webkit.WebViewUpdateService took to complete: 0ms
04-20 12:56:29.970 554 554 D SystemServerTiming: OnBootPhase_520_com.android.server.CachedDeviceStateService
04-20 12:56:29.970 554 554 V SystemServerTiming: OnBootPhase_520_com.android.server.CachedDeviceStateService took to complete: 0ms
04-20 12:56:29.970 554 554 D SystemServerTiming: OnBootPhase_520_com.android.server.BinderCallsStatsService$LifeCycle
04-20 12:56:29.971 554 554 V SystemServerTiming: OnBootPhase_520_com.android.server.BinderCallsStatsService$LifeCycle took to complete: 0ms
04-20 12:56:29.971 554 554 D SystemServerTiming: OnBootPhase_520_com.android.server.LooperStatsService$Lifecycle
04-20 12:56:29.971 554 554 V SystemServerTiming: OnBootPhase_520_com.android.server.LooperStatsService$Lifecycle took to complete: 0ms
04-20 12:56:29.971 554 554 D SystemServerTiming: OnBootPhase_520_com.android.server.rollback.RollbackManagerService
04-20 12:56:29.971 554 554 V SystemServerTiming: OnBootPhase_520_com.android.server.rollback.RollbackManagerService took to complete: 0ms
04-20 12:56:29.975 554 554 D SystemServerTiming: OnBootPhase_520_com.android.server.os.NativeTombstoneManagerService
04-20 12:56:29.975 554 554 V SystemServerTiming: OnBootPhase_520_com.android.server.os.NativeTombstoneManagerService took to complete: 0ms
04-20 12:56:29.975 554 554 D SystemServerTiming: OnBootPhase_520_com.android.server.os.BugreportManagerService
04-20 12:56:29.976 554 554 V SystemServerTiming: OnBootPhase_520_com.android.server.os.BugreportManagerService took to complete: 0ms
04-20 12:56:29.984 554 554 D SystemServerTiming: OnBootPhase_520_com.android.server.gpu.GpuService
04-20 12:56:29.984 554 554 V SystemServerTiming: OnBootPhase_520_com.android.server.gpu.GpuService took to complete: 0ms
04-20 12:56:29.984 554 554 D SystemServerTiming: OnBootPhase_520_com.android.server.security.rkp.RemoteProvisioningService
04-20 12:56:29.984 554 554 V SystemServerTiming: OnBootPhase_520_com.android.server.security.rkp.RemoteProvisioningService took to complete: 0ms
04-20 12:56:29.984 554 554 D SystemServerTiming: OnBootPhase_520_com.android.server.cpu.CpuMonitorService
04-20 12:56:29.984 554 554 V SystemServerTiming: OnBootPhase_520_com.android.server.cpu.CpuMonitorService took to complete: 0ms
04-20 12:56:29.984 554 554 D SystemServerTiming: OnBootPhase_520_com.android.server.security.KeyChainSystemService
04-20 12:56:29.985 554 554 V SystemServerTiming: OnBootPhase_520_com.android.server.security.KeyChainSystemService took to complete: 0ms
04-20 12:56:29.985 554 554 D SystemServerTiming: OnBootPhase_520_com.android.server.BinaryTransparencyService
04-20 12:56:29.985 554 554 V SystemServerTiming: OnBootPhase_520_com.android.server.BinaryTransparencyService took to complete: 0ms
04-20 12:56:29.985 554 554 D SystemServerTiming: OnBootPhase_520_com.android.server.telecom.TelecomLoaderService
04-20 12:56:29.985 554 554 V SystemServerTiming: OnBootPhase_520_com.android.server.telecom.TelecomLoaderService took to complete: 0ms
04-20 12:56:29.985 554 554 D SystemServerTiming: OnBootPhase_520_com.android.server.accounts.AccountManagerService$Lifecycle
04-20 12:56:29.985 554 554 V SystemServerTiming: OnBootPhase_520_com.android.server.accounts.AccountManagerService$Lifecycle took to complete: 0ms
04-20 12:56:29.985 554 554 D SystemServerTiming: OnBootPhase_520_com.android.server.content.ContentService$Lifecycle
04-20 12:56:29.985 554 554 V SystemServerTiming: OnBootPhase_520_com.android.server.content.ContentService$Lifecycle took to complete: 0ms
04-20 12:56:29.985 554 554 D SystemServerTiming: OnBootPhase_520_com.android.server.deviceconfig.DeviceConfigInit$Lifecycle
04-20 12:56:29.985 554 554 V SystemServerTiming: OnBootPhase_520_com.android.server.deviceconfig.DeviceConfigInit$Lifecycle took to complete: 0ms
04-20 12:56:29.986 554 554 D SystemServerTiming: OnBootPhase_520_com.android.server.DropBoxManagerService
04-20 12:56:29.986 554 554 V SystemServerTiming: OnBootPhase_520_com.android.server.DropBoxManagerService took to complete: 0ms
04-20 12:56:29.986 554 554 D SystemServerTiming: OnBootPhase_520_com.android.role.RoleService
04-20 12:56:29.986 554 554 V SystemServerTiming: OnBootPhase_520_com.android.role.RoleService took to complete: 0ms
04-20 12:56:29.986 554 554 D SystemServerTiming: OnBootPhase_520_com.android.server.vibrator.VibratorManagerService$Lifecycle
04-20 12:56:29.986 554 554 V SystemServerTiming: OnBootPhase_520_com.android.server.vibrator.VibratorManagerService$Lifecycle took to complete: 0ms
04-20 12:56:29.986 554 554 D SystemServerTiming: OnBootPhase_520_com.android.server.tare.InternalResourceService
04-20 12:56:29.986 554 554 V SystemServerTiming: OnBootPhase_520_com.android.server.tare.InternalResourceService took to complete: 0ms
04-20 12:56:29.986 554 554 D SystemServerTiming: OnBootPhase_520_com.android.server.alarm.AlarmManagerService
04-20 12:56:29.986 554 554 V SystemServerTiming: OnBootPhase_520_com.android.server.alarm.AlarmManagerService took to complete: 0ms
04-20 12:56:29.986 554 554 D SystemServerTiming: OnBootPhase_520_com.android.server.devicestate.DeviceStateManagerService
04-20 12:56:29.987 554 554 V SystemServerTiming: OnBootPhase_520_com.android.server.devicestate.DeviceStateManagerService took to complete: 0ms
04-20 12:56:29.987 554 554 D SystemServerTiming: OnBootPhase_520_com.android.server.camera.CameraServiceProxy
04-20 12:56:29.987 554 554 V SystemServerTiming: OnBootPhase_520_com.android.server.camera.CameraServiceProxy took to complete: 0ms
04-20 12:56:29.987 554 554 D SystemServerTiming: OnBootPhase_520_com.android.server.bluetooth.BluetoothService
04-20 12:56:29.987 554 554 V SystemServerTiming: OnBootPhase_520_com.android.server.bluetooth.BluetoothService took to complete: 0ms
04-20 12:56:29.987 554 554 D SystemServerTiming: OnBootPhase_520_com.android.server.connectivity.IpConnectivityMetrics
04-20 12:56:29.987 554 554 V SystemServerTiming: OnBootPhase_520_com.android.server.connectivity.IpConnectivityMetrics took to complete: 0ms
04-20 12:56:29.987 554 554 D SystemServerTiming: OnBootPhase_520_com.android.server.net.watchlist.NetworkWatchlistService$Lifecycle
04-20 12:56:29.987 554 554 V SystemServerTiming: OnBootPhase_520_com.android.server.net.watchlist.NetworkWatchlistService$Lifecycle took to complete: 0ms
04-20 12:56:29.987 554 554 D SystemServerTiming: OnBootPhase_520_com.android.server.PinnerService
04-20 12:56:29.987 554 554 V SystemServerTiming: OnBootPhase_520_com.android.server.PinnerService took to complete: 0ms
04-20 12:56:29.996 554 554 D SystemServerTiming: OnBootPhase_520_com.android.server.integrity.AppIntegrityManagerService
04-20 12:56:29.996 554 554 V SystemServerTiming: OnBootPhase_520_com.android.server.integrity.AppIntegrityManagerService took to complete: 0ms
04-20 12:56:29.996 554 554 D SystemServerTiming: OnBootPhase_520_com.android.server.logcat.LogcatManagerService
04-20 12:56:29.996 554 554 V SystemServerTiming: OnBootPhase_520_com.android.server.logcat.LogcatManagerService took to complete: 0ms
04-20 12:56:29.996 554 554 D SystemServerTiming: OnBootPhase_520_com.android.server.inputmethod.InputMethodManagerService$Lifecycle
04-20 12:56:29.996 554 554 V SystemServerTiming: OnBootPhase_520_com.android.server.inputmethod.InputMethodManagerService$Lifecycle took to complete: 0ms
04-20 12:56:29.996 554 554 D SystemServerTiming: OnBootPhase_520_com.android.server.accessibility.AccessibilityManagerService$Lifecycle
04-20 12:56:29.996 554 554 V SystemServerTiming: OnBootPhase_520_com.android.server.accessibility.AccessibilityManagerService$Lifecycle took to complete: 0ms
04-20 12:56:29.996 554 554 D SystemServerTiming: OnBootPhase_520_com.android.server.StorageManagerService$Lifecycle
04-20 12:56:29.997 554 554 V SystemServerTiming: OnBootPhase_520_com.android.server.StorageManagerService$Lifecycle took to complete: 0ms
04-20 12:56:29.997 554 554 D SystemServerTiming: OnBootPhase_520_com.android.server.usage.StorageStatsService$Lifecycle
04-20 12:56:29.997 554 554 V SystemServerTiming: OnBootPhase_520_com.android.server.usage.StorageStatsService$Lifecycle took to complete: 0ms
04-20 12:56:29.997 554 554 D SystemServerTiming: OnBootPhase_520_com.android.server.UiModeManagerService
04-20 12:56:29.997 554 554 V SystemServerTiming: OnBootPhase_520_com.android.server.UiModeManagerService took to complete: 0ms
04-20 12:56:29.997 554 554 D SystemServerTiming: OnBootPhase_520_com.android.server.locales.LocaleManagerService
04-20 12:56:29.997 554 554 V SystemServerTiming: OnBootPhase_520_com.android.server.locales.LocaleManagerService took to complete: 0ms
04-20 12:56:29.997 554 554 D SystemServerTiming: OnBootPhase_520_com.android.server.grammaticalinflection.GrammaticalInflectionService
04-20 12:56:29.997 554 554 V SystemServerTiming: OnBootPhase_520_com.android.server.grammaticalinflection.GrammaticalInflectionService took to complete: 0ms
04-20 12:56:29.997 554 554 D SystemServerTiming: OnBootPhase_520_com.android.server.apphibernation.AppHibernationService
04-20 12:56:29.998 554 554 V SystemServerTiming: OnBootPhase_520_com.android.server.apphibernation.AppHibernationService took to complete: 0ms
04-20 12:56:29.998 554 554 D SystemServerTiming: OnBootPhase_520_com.android.server.locksettings.LockSettingsService$Lifecycle
04-20 12:56:29.998 554 554 V SystemServerTiming: OnBootPhase_520_com.android.server.locksettings.LockSettingsService$Lifecycle took to complete: 0ms
04-20 12:56:29.998 554 554 D SystemServerTiming: OnBootPhase_520_com.android.server.testharness.TestHarnessModeService
04-20 12:56:29.998 554 554 V SystemServerTiming: OnBootPhase_520_com.android.server.testharness.TestHarnessModeService took to complete: 0ms
04-20 12:56:29.998 554 554 D SystemServerTiming: OnBootPhase_520_com.android.server.DeviceIdleController
04-20 12:56:29.998 554 554 V SystemServerTiming: OnBootPhase_520_com.android.server.DeviceIdleController took to complete: 0ms
04-20 12:56:29.998 554 554 D SystemServerTiming: OnBootPhase_520_com.android.server.devicepolicy.DevicePolicyManagerService$Lifecycle
04-20 12:56:29.998 554 554 V SystemServerTiming: OnBootPhase_520_com.android.server.devicepolicy.DevicePolicyManagerService$Lifecycle took to complete: 0ms
04-20 12:56:29.998 554 554 D SystemServerTiming: OnBootPhase_520_com.android.server.texttospeech.TextToSpeechManagerService
04-20 12:56:29.998 554 554 V SystemServerTiming: OnBootPhase_520_com.android.server.texttospeech.TextToSpeechManagerService took to complete: 0ms
04-20 12:56:29.999 554 554 D SystemServerTiming: OnBootPhase_520_com.android.server.ambientcontext.AmbientContextManagerService
04-20 12:56:29.999 554 554 V SystemServerTiming: OnBootPhase_520_com.android.server.ambientcontext.AmbientContextManagerService took to complete: 0ms
04-20 12:56:29.999 554 554 D SystemServerTiming: OnBootPhase_520_com.android.server.wearable.WearableSensingManagerService
04-20 12:56:29.999 554 554 V SystemServerTiming: OnBootPhase_520_com.android.server.wearable.WearableSensingManagerService took to complete: 0ms
04-20 12:56:29.999 554 554 D SystemServerTiming: OnBootPhase_520_com.android.server.speech.SpeechRecognitionManagerService
