04-20 12:57:24.194 554 554 W system_server: Long monitor contention with owner backup-0 (1446) at int com.android.server.am.ActivityManagerService.bindServiceInstance(android.app.IApplicationThread, android.os.IBinder, android.content.Intent, java.lang.String, android.app.IServiceConnection, long, java.lang.String, boolean, int, java.lang.String, android.app.IApplicationThread, java.lang.String, int)(ActivityManagerService.java:13404) waiters=5 in int com.android.server.am.ActivityManagerService.bindServiceInstance(android.app.IApplicationThread, android.os.IBinder, android.content.Intent, java.lang.String, android.app.IServiceConnection, long, java.lang.String, boolean, int, java.lang.String, android.app.IApplicationThread, java.lang.String, int) for 466ms
04-20 12:57:24.238 554 554 D OomAdjuster: Not killing cached processes
04-20 12:57:24.254 554 554 W Looper : Slow dispatch took 1396ms main h=android.app.ActivityThread$H c=android.app.LoadedApk$ReceiverDispatcher$Args$$ExternalSyntheticLambda0@40d213 m=0
04-20 12:57:24.263 347 347 D Zygote : Forked child process 1596
04-20 12:57:24.265 1435 1435 I TranscodeHelper: Empty transcode compat stale
04-20 12:57:24.282 1585 1585 E viders.calendar: Not starting debugger since process cannot load the jdwp agent.
04-20 12:57:24.328 554 1357 I ActivityManager: Collecting stacks for native pid 465
04-20 12:57:24.385 554 589 W ActivityManager: Slow operation: 675ms so far, now at startProcess: returned from zygote!
04-20 12:57:24.408 554 589 W ActivityManager: Slow operation: 697ms so far, now at startProcess: done updating battery stats
04-20 12:57:24.409 554 589 W ActivityManager: Slow operation: 699ms so far, now at startProcess: building log message
04-20 12:57:24.411 554 589 I ActivityManager: Start proc 1596:com.android.localtransport/1000 for service {com.android.localtransport/com.android.localtransport.LocalTransportService}
04-20 12:57:24.411 554 589 W ActivityManager: Slow operation: 700ms so far, now at startProcess: starting to update pids map
04-20 12:57:24.417 554 589 W ActivityManager: Slow operation: 706ms so far, now at startProcess: done updating pids map
04-20 12:57:24.447 1435 1435 I TranscodeHelper: Parsed 0 packages from resource
04-20 12:57:24.457 1099 1099 W SmsApplication: com.android.phone does not have OP_WRITE_SMS: (fixing)
04-20 12:57:24.474 554 1357 I system_server: libdebuggerd_client: started dumping process 465
04-20 12:57:24.494 1596 1596 I .localtransport: Using CollectorTypeCC GC.
04-20 12:57:24.517 213 213 I tombstoned: registered intercept for pid 465 and type kDebuggerdNativeBacktrace
04-20 12:57:24.529 0 0 W healthd : battery l=100 v=5000 t=25.0 h=2 st=2 c=900000 fc=3000000 cc=10 chg=a
04-20 12:57:24.547 1596 1596 W .localtransport: Unexpected CPU variant for x86: x86_64.
04-20 12:57:24.547 1596 1596 W .localtransport: Known variants: atom, sandybridge, silvermont, goldmont, goldmont-plus, tremont, kabylake, default
04-20 12:57:24.584 554 1366 W ProcessCpuTracker: Skipping unknown process pid 1554
04-20 12:57:24.588 465 465 I libc : Requested dump for pid 465 (mediametrics)
04-20 12:57:24.641 1435 1435 I TranscodeHelper: Empty device config transcode compat manifest
04-20 12:57:24.654 0 0 I servicemanager: Notifying apexservice they don't (previously: do) have clients when we now have no record of a client
04-20 12:57:24.670 0 0 I AidlLazyServiceRegistrar: Process has 0 (of 1 available) client(s) in use after notification apexservice has clients: 0
04-20 12:57:24.670 0 0 I AidlLazyServiceRegistrar: Trying to shut down the service. No clients in use for any service in process.
04-20 12:57:24.687 0 0 I servicemanager: Unregistering apexservice
04-20 12:57:24.688 0 0 I BpBinder: onLastStrongRef automatically unlinking death recipients:
04-20 12:57:24.695 0 0 I AidlLazyServiceRegistrar: Unregistered all clients and exiting
04-20 12:57:24.691 1069 1069 D BtGatt.GattService: start()
04-20 12:57:24.744 0 0 I init : Service 'apexd' (pid 219) exited with status 0 oneshot service took 200.048004 seconds in background
04-20 12:57:24.744 0 0 I init : Sending signal 9 to service 'apexd' (pid 219) process group...
04-20 12:57:24.745 0 0 I libprocessgroup: Successfully killed process cgroup uid 0 pid 219 in 0ms
04-20 12:57:24.759 554 983 D CompatibilityChangeReporter: Compat change id reported: 161145287; UID 10088; state: ENABLED
04-20 12:57:24.794 1546 1546 V GraphicsEnvironment: Currently set values for:
04-20 12:57:24.794 1546 1546 V GraphicsEnvironment: angle_gl_driver_selection_pkgs=[]
04-20 12:57:24.794 1546 1546 V GraphicsEnvironment: angle_gl_driver_selection_values=[]
04-20 12:57:24.796 554 575 W Looper : Slow dispatch took 330ms android.fg h=android.os.Handler c=com.android.server.timedetector.EnvironmentImpl$$ExternalSyntheticLambda1@7c1dd81 m=0
04-20 12:57:24.797 554 575 W Looper : Slow delivery took 471ms android.fg h=android.os.Handler c=com.android.server.timedetector.TimeDetectorService$$ExternalSyntheticLambda4@1cece26 m=0
04-20 12:57:24.800 1546 1546 V GraphicsEnvironment: ANGLE GameManagerService for com.android.printspooler: false
04-20 12:57:24.801 1546 1546 V GraphicsEnvironment: com.android.printspooler is not listed in per-application setting
04-20 12:57:24.802 1546 1546 V GraphicsEnvironment: Neither updatable production driver nor prerelease driver is supported.
04-20 12:57:24.811 554 984 D CompatibilityChangeReporter: Compat change id reported: 168419799; UID 10044; state: DISABLED
04-20 12:57:24.819 554 984 D CompatibilityChangeReporter: Compat change id reported: 273564678; UID 10044; state: DISABLED
04-20 12:57:24.841 1596 1596 E .localtransport: Not starting debugger since process cannot load the jdwp agent.
04-20 12:57:24.882 554 984 W ActivityManager: Slow operation: 91ms so far, now at attachApplicationLocked: immediately after bindApplication
04-20 12:57:24.882 554 984 W ActivityManager: Slow operation: 91ms so far, now at attachApplicationLocked: after updateLruProcessLocked
04-20 12:57:24.922 554 576 W Looper : Drained
04-20 12:57:24.943 554 642 D CompatibilityChangeReporter: Compat change id reported: 265195908; UID 10044; state: ENABLED
04-20 12:57:24.955 1069 1069 I BtGatt.JNI: classInitNative(L1347): classInitNative: Success!
04-20 12:57:24.955 1069 1069 I bt_btif : packages/modules/Bluetooth/system/btif/src/bluetooth.cc:829 get_profile_interface: get_profile_interface: id = gatt
04-20 12:57:24.959 554 1366 I ActivityManager: Skipping next CPU consuming process, not a java proc: 554
04-20 12:57:24.959 554 1366 I ActivityManager: Skipping next CPU consuming process, not a java proc: 425
04-20 12:57:24.959 554 1366 I ActivityManager: Skipping next CPU consuming process, not a java proc: 55
04-20 12:57:24.959 554 1366 I ActivityManager: Skipping next CPU consuming process, not a java proc: 52
04-20 12:57:24.959 554 1366 I ActivityManager: Skipping next CPU consuming process, not a java proc: 68
04-20 12:57:24.959 554 1366 I ActivityManager: Skipping next CPU consuming process, not a java proc: 8
04-20 12:57:24.978 1585 1585 D CompatibilityChangeReporter: Compat change id reported: 171979766; UID 10044; state: ENABLED
04-20 12:57:24.979 1585 1585 D CompatibilityChangeReporter: Compat change id reported: 242716250; UID 10044; state: ENABLED
04-20 12:57:25.065 1069 1069 I droid.bluetooth: [0420/125725.064554:INFO:btif_ble_advertiser.cc(271)] get_ble_advertiser_instance use gd le advertiser
04-20 12:57:25.066 1069 1069 I droid.bluetooth: [0420/125725.066244:INFO:bta_gatts_api.cc(379)] BTA_GATTS_InitBonded
04-20 12:57:25.067 1069 1069 I droid.bluetooth: [0420/125725.067565:INFO:le_scanning_manager.cc(483)] RegisterCallbacks in shim layer
04-20 12:57:25.072 1069 1265 I bt_bta_sys_main: packages/modules/Bluetooth/system/bta/sys/bta_sys_main.cc:101 bta_sys_event: Ignoring receipt of unregistered event id:GATT server
04-20 12:57:25.084 1435 1435 V MediaStore: Examining volume emulated;0 with name external_primary and state checking
04-20 12:57:24.959 554 1366 I ActivityManager: Skipping next CPU consuming process, not a java proc: 150
04-20 12:57:25.086 554 1366 I ActivityManager: Skipping next CPU consuming process, not a java proc: 51
04-20 12:57:25.086 554 1366 I ActivityManager: Skipping next CPU consuming process, not a java proc: 35
04-20 12:57:25.086 554 1366 I ActivityManager: Skipping next CPU consuming process, not a java proc: 41
04-20 12:57:25.087 554 1366 I ActivityManager: Skipping next CPU consuming process, not a java proc: 206
04-20 12:57:25.087 554 1366 I ActivityManager: Skipping next CPU consuming process, not a java proc: 1099
04-20 12:57:25.087 554 1366 I ActivityManager: Skipping next CPU consuming process, not a java proc: 365
04-20 12:57:25.087 554 1366 I ActivityManager: Skipping next CPU consuming process, not a java proc: 345
04-20 12:57:25.087 554 1366 I ActivityManager: Skipping next CPU consuming process, not a java proc: 175
04-20 12:57:25.087 554 1366 I ActivityManager: Skipping next CPU consuming process, not a java proc: 453
04-20 12:57:25.087 554 1366 I ActivityManager: Skipping next CPU consuming process, not a java proc: 153
04-20 12:57:25.087 554 1366 I ActivityManager: Skipping next CPU consuming process, not a java proc: 347
04-20 12:57:25.087 554 1366 I ActivityManager: Skipping next CPU consuming process, not a java proc: 1
04-20 12:57:25.087 554 1366 I ActivityManager: Skipping next CPU consuming process, not a java proc: 73
04-20 12:57:25.107 554 1458 I ActivityManager: Flag disabled. Ignoring finishAttachApplication from uid: 10068. pid: 1546
04-20 12:57:25.113 554 929 W Looper : Slow dispatch took 181ms android.perm h=android.os.Handler c= m=0
04-20 12:57:25.114 554 626 D CompatibilityChangeReporter: Compat change id reported: 170503758; UID 10044; state: ENABLED
04-20 12:57:25.144 1585 1585 D CompatibilityChangeReporter: Compat change id reported: 3400644; UID 10044; state: ENABLED
04-20 12:57:25.149 554 1366 I ActivityManager: Skipping next CPU consuming process, not a java proc: 53
04-20 12:57:25.150 554 1366 I ActivityManager: Skipping next CPU consuming process, not a java proc: 388
04-20 12:57:25.150 554 1366 I ActivityManager: Skipping next CPU consuming process, not a java proc: 14
04-20 12:57:25.150 554 1366 I ActivityManager: Skipping next CPU consuming process, not a java proc: 23
04-20 12:57:25.182 1069 1069 D BtGatt.AdvertiseManager: advertise manager created
04-20 12:57:25.226 1069 1069 D CompatibilityChangeReporter: Compat change id reported: 160794467; UID 1002; state: ENABLED
04-20 12:57:25.311 1585 1585 D nativeloader: Configuring clns-shared-6 for other apk /system/priv-app/CalendarProvider/CalendarProvider.apk. target_sdk_version=34, uses_libraries=, library_path=/system/priv-app/CalendarProvider/lib/x86_64:/system/lib64:/system_ext/lib64, permitted_path=/data:/mnt/expand:/data/user/0/com.android.providers.calendar:/system/priv-app/CalendarProvider:/system/lib64:/system_ext/lib64
04-20 12:57:25.392 1099 1099 W SmsApplication: com.android.bluetooth does not have OP_WRITE_SMS: (fixing)
04-20 12:57:25.456 554 575 W Looper : Slow dispatch took 512ms android.fg h=android.os.Handler c= m=0
04-20 12:57:25.502 1435 1435 D CompatibilityChangeReporter: Compat change id reported: 148180766; UID 10088; state: ENABLED
04-20 12:57:25.517 1585 1585 V GraphicsEnvironment: Currently set values for:
04-20 12:57:25.518 1585 1585 V GraphicsEnvironment: angle_gl_driver_selection_pkgs=[]
04-20 12:57:25.518 1585 1585 V GraphicsEnvironment: angle_gl_driver_selection_values=[]
04-20 12:57:25.523 1585 1585 V GraphicsEnvironment: ANGLE GameManagerService for com.android.providers.calendar: false
04-20 12:57:25.523 1585 1585 V GraphicsEnvironment: com.android.providers.calendar is not listed in per-application setting
04-20 12:57:25.529 1585 1585 V GraphicsEnvironment: Neither updatable production driver nor prerelease driver is supported.
04-20 12:57:25.610 554 627 D CompatibilityChangeReporter: Compat change id reported: 168419799; UID 1000; state: DISABLED
04-20 12:57:25.611 554 627 D CompatibilityChangeReporter: Compat change id reported: 273564678; UID 1000; state: DISABLED
04-20 12:57:25.667 554 575 W Looper : Slow dispatch took 210ms android.fg h=android.os.Handler c= m=0
04-20 12:57:25.710 554 929 W Looper : Slow dispatch took 464ms android.perm h=android.os.Handler c= m=0
04-20 12:57:25.777 1099 1099 W SmsApplication: com.android.cellbroadcastreceiver.module does not have OP_WRITE_SMS: (fixing)
04-20 12:57:25.790 554 929 W Looper : Slow delivery took 447ms android.perm h=android.os.Handler c= m=0
04-20 12:57:25.871 1069 1069 D BtGatt.SyncManager: advertise manager created
04-20 12:57:25.910 1069 1069 D BtGatt.GattService: setGattService(): set to: com.android.bluetooth.gatt.GattService@aaff30b
04-20 12:57:25.946 1069 1260 I bt_stack_manager: packages/modules/Bluetooth/system/btif/src/stack_manager.cc:310 event_start_up_stack: event_start_up_stack is bringing up the stack
04-20 12:57:25.947 1069 1260 I bt_stack_manager: packages/modules/Bluetooth/system/btif/src/stack_manager.cc:314 event_start_up_stack: event_start_up_stack Gd shim module enabled
04-20 12:57:25.973 1596 1596 D CompatibilityChangeReporter: Compat change id reported: 171979766; UID 1000; state: ENABLED
04-20 12:57:25.975 1596 1596 D CompatibilityChangeReporter: Compat change id reported: 242716250; UID 1000; state: ENABLED
04-20 12:57:25.989 554 929 W Looper : Drained
04-20 12:57:26.051 1069 1260 I bt_core_module: packages/modules/Bluetooth/system/btcore/src/module.cc:86 module_start_up: module_start_up Starting module "btif_config_module"
04-20 12:57:26.058 1069 1260 I bt_core_module: packages/modules/Bluetooth/system/btcore/src/module.cc:91 module_start_up: module_start_up Started module "btif_config_module"
04-20 12:57:26.066 1069 1260 I bt_l2cap: packages/modules/Bluetooth/system/stack/l2cap/l2c_api.cc:172 L2CA_Register: L2CAP Registered service classic PSM: 0x0001
04-20 12:57:26.086 1435 1435 I MediaProvider: Changed PhotoPickerGetContentActivity component state to STATE_ENABLED ( 1 )
04-20 12:57:26.106 554 626 D PackageManager: Instant App installer not found with android.intent.action.INSTALL_INSTANT_APP_PACKAGE
04-20 12:57:26.106 554 626 D PackageManager: Clear ephemeral installer activity
04-20 12:57:26.067 1069 1260 I bt_l2cap: packages/modules/Bluetooth/system/stack/l2cap/l2c_api.cc:172 L2CA_Register: L2CAP Registered service classic PSM: 0x001f
04-20 12:57:26.126 1069 1260 I bluetooth: packages/modules/Bluetooth/system/stack/gatt/gatt_api.cc:1257 GATT_Register: Allocated name:GattProfileDb uuid:81818181-8181-8181-8181-818181818181 gatt_if:1 eatt_support:0
04-20 12:57:26.126 1069 1260 I droid.bluetooth: [0420/125726.126491:INFO:gatt_api.cc(174)] GATTS_AddService
04-20 12:57:26.134 1069 1260 I droid.bluetooth: [0420/125726.134346:INFO:gatt_api.cc(289)] GATTS_AddService: service parsed correctly, now starting
04-20 12:57:26.151 1069 1260 I droid.bluetooth: [0420/125726.151050:INFO:gatt_sr_hash.cc(127)] gatts_calculate_database_hash: hash=80AEB10BC70DCCEFA207489DCED98FED
04-20 12:57:26.164 1069 1260 I bt_l2cap: packages/modules/Bluetooth/system/stack/l2cap/l2c_api.cc:472 L2CA_RegisterLECoc: Registered service LE COC PSM: 0x0027
04-20 12:57:26.188 1069 1260 I bt_l2cap: packages/modules/Bluetooth/system/stack/l2cap/l2c_api.cc:172 L2CA_Register: L2CAP Registered service classic PSM: 0x0003
04-20 12:57:26.189 1069 1260 I bluetooth: packages/modules/Bluetooth/system/stack/gatt/gatt_api.cc:1257 GATT_Register: Allocated name:Gap uuid:82828282-8282-8282-8282-828282828282 gatt_if:2 eatt_support:0
04-20 12:57:26.190 1069 1260 I droid.bluetooth: [0420/125726.190019:INFO:gatt_api.cc(174)] GATTS_AddService
04-20 12:57:26.190 1069 1260 I droid.bluetooth: [0420/125726.190721:INFO:gatt_api.cc(289)] GATTS_AddService: service parsed correctly, now starting
04-20 12:57:26.191 1069 1260 I droid.bluetooth: [0420/125726.191368:INFO:gatt_sr_hash.cc(127)] gatts_calculate_database_hash: hash=8991C462EBE9D90B9EA0DA3E16D0F513
04-20 12:57:26.199 554 1458 W system_server: Long monitor contention with owner binder:554_3 (626) at void com.android.server.pm.PackageManagerService.setEnabledSettings(java.util.List, int, java.lang.String)(PackageManagerService.java:4063) waiters=0 in com.android.server.pm.Computer com.android.server.pm.PackageManagerService.snapshotComputer(boolean) for 102ms
04-20 12:57:26.204 1069 1260 I bt_bte : packages/modules/Bluetooth/system/btif/src/profile_log_levels.cc:146 load_levels_from_config: BTE_InitTraceLevels -- TRC_HCI : Level 2
04-20 12:57:26.205 1069 1260 I bt_bte : packages/modules/Bluetooth/system/btif/src/profile_log_levels.cc:146 load_levels_from_config: BTE_InitTraceLevels -- TRC_L2CAP : Level 2
04-20 12:57:26.205 1069 1260 I bt_bte : packages/modules/Bluetooth/system/btif/src/profile_log_levels.cc:146 load_levels_from_config: BTE_InitTraceLevels -- TRC_RFCOMM : Level 2
04-20 12:57:26.205 1069 1260 I bt_bte : packages/modules/Bluetooth/system/btif/src/profile_log_levels.cc:146 load_levels_from_config: BTE_InitTraceLevels -- TRC_AVCT : Level 2
04-20 12:57:26.205 1069 1260 I bt_bte : packages/modules/Bluetooth/system/btif/src/profile_log_levels.cc:146 load_levels_from_config: BTE_InitTraceLevels -- TRC_AVDT : Level 2
04-20 12:57:26.205 1069 1260 I bt_bte : packages/modules/Bluetooth/system/btif/src/profile_log_levels.cc:146 load_levels_from_config: BTE_InitTraceLevels -- TRC_AVRC : Level 2
04-20 12:57:26.205 1069 1260 I bt_bte : packages/modules/Bluetooth/system/btif/src/profile_log_levels.cc:146 load_levels_from_config: BTE_InitTraceLevels -- TRC_A2D : Level 2
04-20 12:57:26.205 1069 1260 I bt_bte : packages/modules/Bluetooth/system/btif/src/profile_log_levels.cc:146 load_levels_from_config: BTE_InitTraceLevels -- TRC_BNEP : Level 2
04-20 12:57:26.205 1069 1260 I bt_bte : packages/modules/Bluetooth/system/btif/src/profile_log_levels.cc:146 load_levels_from_config: BTE_InitTraceLevels -- TRC_BTM : Level 2
04-20 12:57:26.206 1069 1260 I bt_bte : packages/modules/Bluetooth/system/btif/src/profile_log_levels.cc:146 load_levels_from_config: BTE_InitTraceLevels -- TRC_HID_HOST : Level 2
04-20 12:57:26.206 1069 1260 I bt_bte : packages/modules/Bluetooth/system/btif/src/profile_log_levels.cc:146 load_levels_from_config: BTE_InitTraceLevels -- TRC_PAN : Level 2
04-20 12:57:26.206 1069 1260 I bt_bte : packages/modules/Bluetooth/system/btif/src/profile_log_levels.cc:146 load_levels_from_config: BTE_InitTraceLevels -- TRC_SDP : Level 2
04-20 12:57:26.206 1069 1260 I bt_bte : packages/modules/Bluetooth/system/btif/src/profile_log_levels.cc:146 load_levels_from_config: BTE_InitTraceLevels -- TRC_SMP : Level 2
04-20 12:57:26.206 1069 1260 I bt_bte : packages/modules/Bluetooth/system/btif/src/profile_log_levels.cc:146 load_levels_from_config: BTE_InitTraceLevels -- TRC_HID_DEV : Level 2
04-20 12:57:26.206 1069 1260 I bt_bte : packages/modules/Bluetooth/system/btif/src/profile_log_levels.cc:146 load_levels_from_config: BTE_InitTraceLevels -- TRC_BTAPP : Level 2
04-20 12:57:26.206 1069 1260 I bt_bte : packages/modules/Bluetooth/system/btif/src/profile_log_levels.cc:146 load_levels_from_config: BTE_InitTraceLevels -- TRC_BTIF : Level 2
04-20 12:57:26.211 1069 1260 W bluetooth: packages/modules/Bluetooth/system/stack/btm/btm_inq.cc:1073 btm_clr_inq_result_flt: Memory being reset multiple times
04-20 12:57:26.211 1069 1260 I bt_core_module: packages/modules/Bluetooth/system/btcore/src/module.cc:86 module_start_up: module_start_up Starting module "gd_controller_module"
04-20 12:57:26.211 1069 1260 I bt_shim_controller: packages/modules/Bluetooth/system/main/shim/controller.cc:65 start_up: start_up Starting up
04-20 12:57:26.216 1069 1260 I bt_shim_controller: packages/modules/Bluetooth/system/main/shim/controller.cc:84 start_up: Mac address:xx:xx:xx:xx:00:01
04-20 12:57:26.216 1069 1260 I bt_core_module: packages/modules/Bluetooth/system/btcore/src/module.cc:91 module_start_up: module_start_up Started module "gd_controller_module"
04-20 12:57:26.217 1069 1260 I bt_btm_pm: packages/modules/Bluetooth/system/stack/acl/btm_pm.cc:381 btm_pm_reset: reset pm
04-20 12:57:26.227 1069 1260 I btm_acl : packages/modules/Bluetooth/system/stack/acl/btm_acl.cc:757 check_link_policy: park not supported (settings: 0x0007)
04-20 12:57:26.231 554 929 W system_server: Long monitor contention with owner android.fg (575) at boolean com.android.server.pm.UserManagerService$LocalService.isUserUnlockingOrUnlocked(int)(UserManagerService.java:6993) waiters=0 in boolean com.android.server.pm.UserManagerService$LocalService.isUserUnlockingOrUnlocked(int) for 208ms
04-20 12:57:26.238 1069 1260 I bt_bta_dm: packages/modules/Bluetooth/system/bta/dm/bta_dm_act.cc:393 BTA_dm_on_hw_on: BTA_dm_on_hw_on: Read default class of device {0x5a, 0x2, 0xc}
04-20 12:57:26.238 1069 1260 I bt_btm_sec: packages/modules/Bluetooth/system/stack/btm/btm_sec.cc:249 BTM_SecRegister: BTM_SecRegister p_cb_info->p_le_callback == 0x0x770413477b10
04-20 12:57:26.239 1069 1260 I bt_btm_sec: packages/modules/Bluetooth/system/stack/btm/btm_sec.cc:264 BTM_SecRegister: BTM_SecRegister btm_cb.api.p_le_callback = 0x0x770413477b10
04-20 12:57:26.239 1069 1260 I bt_stack: [INFO:ble_scanner_hci_interface.cc(338)] Periodic Adv Sync Transfer Recipient role is supported
04-20 12:57:26.342 1435 1617 V MediaProvider: onConfigure() for external.db
04-20 12:57:26.451 1069 1265 I bluetooth: packages/modules/Bluetooth/system/stack/gatt/gatt_api.cc:1257 GATT_Register: Allocated name:GattClient uuid:0be71432-dc8a-aaeb-eebb-db9981e1af75 gatt_if:3 eatt_support:0
04-20 12:57:26.455 1585 1585 I CalendarDatabaseHelper: Bootstrapping database
04-20 12:57:26.457 1435 1435 I MediaProvider: Changed PhotoPickerUserSelectActivity component state to STATE_ENABLED ( 1 )
04-20 12:57:26.459 554 1402 D PackageManager: Instant App installer not found with android.intent.action.INSTALL_INSTANT_APP_PACKAGE
04-20 12:57:26.459 554 1402 D PackageManager: Clear ephemeral installer activity
04-20 12:57:26.507 1069 1265 I bt_stack: [INFO:ble_advertiser_hci_interface.cc(775)] Extended advertising will be in use
04-20 12:57:26.523 554 929 W Looper : Slow dispatch took 501ms android.perm h=android.os.Handler c= m=0
04-20 12:57:26.525 1069 1265 I bt_btif_dm: packages/modules/Bluetooth/system/btif/src/btif_dm.cc:2089 BTIF_dm_enable: BTIF_dm_enable BLE Privacy: 1
04-20 12:57:26.526 1069 1265 E bt_btif_storage: packages/modules/Bluetooth/system/btif/src/btif_storage.cc:626 btif_storage_get_adapter_property: btif_storage_get_adapter_property: Controller ready!
04-20 12:57:26.526 1069 1265 I bt_btif_storage: packages/modules/Bluetooth/system/btif/src/btif_storage.cc:653 btif_storage_get_adapter_property: btif_storage_get_adapter_property service_mask:0x20000000
04-20 12:57:26.527 1069 1265 I bt_stack: [INFO:btif_bqr.cc(292)] EnableBtQualityReport: is_enable: true
04-20 12:57:26.527 1069 1265 W bt_stack: [WARNING:btif_bqr.cc(304)] EnableBtQualityReport: Bluetooth Quality Report is disabled. bqr_prop_evtmask: , bqr_prop_interval_ms:
04-20 12:57:26.536 1069 1265 I bt_btif_core: packages/modules/Bluetooth/system/btif/src/btif_core.cc:264 btif_enable_bluetooth_evt: btif_enable_bluetooth_evt: Storing 'xx:xx:xx:xx:00:01' into the config file
04-20 12:57:26.552 1069 1628 I bt_osi_thread: packages/modules/Bluetooth/system/osi/src/thread.cc:210 run_thread: run_thread: thread id 1628, thread name btif_sock started
04-20 12:57:26.562 1069 1293 D AdapterProperties: BT_PROPERTY_LOCAL_LE_FEATURES: update from BT controller mNumOfAdvertisementInstancesSupported = 16 mRpaOffloadSupported = false mNumOfOffloadedIrkSupported = 16 mNumOfOffloadedScanFilterSupported = 16 mOffloadedScanResultStorageBytes= 0 mIsActivityAndEnergyReporting = false mVersSupported = 262 mTotNumOfTrackableAdv = 16 mIsExtendedScanSupported = false mIsDebugLogSupported = false mIsLe2MPhySupported = true mIsLeCodedPhySupported = true mIsLeExtendedAdvertisingSupported = true mIsLePeriodicAdvertisingSupported = true mLeMaximumAdvertisingDataLength = 512 mDynamicAudioBufferSizeSupportedCodecsGroup1 = 0 mDynamicAudioBufferSizeSupportedCodecsGroup2 = 0 mIsLePeriodicAdvertisingSyncTransferSenderSupported = false mIsLeConnectedIsochronousStreamCentralSupported = true mIsLeIsochronousBroadcasterSupported = false mIsLePeriodicAdvertisingSyncTransferRecipientSupported = false mIsOffloadedTransportDiscoveryDataScanSupported = false
04-20 12:57:26.581 1069 1265 I bt_bte_conf: packages/modules/Bluetooth/system/main/bte_conf.cc:83 bte_load_did_conf: Device ID record 1 : primary
04-20 12:57:26.581 1069 1265 I bt_bte_conf: packages/modules/Bluetooth/system/main/bte_conf.cc:84 bte_load_did_conf: vendorId = 00e0
04-20 12:57:26.581 1069 1265 I bt_bte_conf: packages/modules/Bluetooth/system/main/bte_conf.cc:85 bte_load_did_conf: vendorIdSource = 0001
04-20 12:57:26.581 1069 1265 I bt_bte_conf: packages/modules/Bluetooth/system/main/bte_conf.cc:86 bte_load_did_conf: product = 1200
04-20 12:57:26.582 1069 1265 I bt_bte_conf: packages/modules/Bluetooth/system/main/bte_conf.cc:87 bte_load_did_conf: version = 1436
04-20 12:57:26.582 1069 1265 I bt_bte_conf: packages/modules/Bluetooth/system/main/bte_conf.cc:88 bte_load_did_conf: clientExecutableURL =
04-20 12:57:26.582 1069 1265 I bt_bte_conf: packages/modules/Bluetooth/system/main/bte_conf.cc:89 bte_load_did_conf: serviceDescription =
04-20 12:57:26.582 1069 1265 I bt_bte_conf: packages/modules/Bluetooth/system/main/bte_conf.cc:90 bte_load_did_conf: documentationURL =
04-20 12:57:26.582 1069 1265 I bt_bta_dm: packages/modules/Bluetooth/system/bta/dm/bta_dm_act.cc:3454 bta_dm_eir_update_uuid: EIR Adding UUID=0x1200 into extended inquiry response
04-20 12:57:26.582 1069 1265 I bt_bta_dm: packages/modules/Bluetooth/system/bta/dm/bta_dm_act.cc:3153 bta_dm_set_eir: Generating extended inquiry response packet EIR
04-20 12:57:26.583 1069 1265 I bt_bte_conf: packages/modules/Bluetooth/system/main/bte_conf.cc:46 bte_load_did_conf: bte_load_did_conf no section named DID2.
04-20 12:57:26.583 1069 1265 I bt_btif_core: packages/modules/Bluetooth/system/btif/src/btif_core.cc:294 btif_enable_bluetooth_evt: Bluetooth enable event completed
04-20 12:57:26.591 1069 1265 I bt_bta_dm: packages/modules/Bluetooth/system/bta/dm/bta_dm_act.cc:3153 bta_dm_set_eir: Generating extended inquiry response packet EIR
04-20 12:57:26.595 554 1357 E system_server: libdebuggerd_client: failed to read status response from tombstoned: Try again
04-20 12:57:26.602 1069 1265 W bt_btm : packages/modules/Bluetooth/system/main/bte_logmsg.cc:108 LogMsg: BTM_BleConfigPrivacy 1
04-20 12:57:26.604 1069 1274 I bluetooth: packages/modules/Bluetooth/system/gd/hci/le_address_manager.cc:72 SetPrivacyPolicyForInitiatorAddress: SetPrivacyPolicyForInitiatorAddress with policy 4
04-20 12:57:26.595 213 213 I tombstoned: intercept for pid 465 and type kDebuggerdNativeBacktrace terminated: due to input
04-20 12:57:26.611 1069 1260 I bt_core_module: packages/modules/Bluetooth/system/btcore/src/module.cc:86 module_start_up: module_start_up Starting module "rust_module"
04-20 12:57:26.673 1435 1617 V MediaProvider: onCreate() for external.db
04-20 12:57:26.676 1069 1234 E AdapterState: BLE_TURNING_ON : BLE_START_TIMEOUT
04-20 12:57:26.677 1069 1234 I AdapterState: BLE_TURNING_OFF : entered
04-20 12:57:26.677 1069 1234 D AdapterProperties: Setting state to BLE_TURNING_OFF
04-20 12:57:26.694 1069 1234 D BluetoothAdapterService: updateAdapterState() - Broadcasting state BLE_TURNING_OFF to 1 receivers.
04-20 12:57:26.737 554 1357 I ActivityManager: Collecting stacks for native pid 466
04-20 12:57:26.790 554 1357 I system_server: libdebuggerd_client: started dumping process 466
04-20 12:57:26.796 1069 1265 I bluetooth: packages/modules/Bluetooth/system/stack/btm/btm_ble_addr.cc:69 btm_gen_resolve_paddr_low: GD advertising and scanning modules are enabled, skip
04-20 12:57:26.798 1069 1274 I bluetooth: packages/modules/Bluetooth/system/gd/hci/le_address_manager.cc:596 OnCommandComplete: Received command complete with op_code LE_SET_RANDOM_ADDRESS
04-20 12:57:26.798 1069 1274 I bluetooth: packages/modules/Bluetooth/system/gd/hci/le_address_manager.cc:616 OnCommandComplete: update random address : xx:xx:xx:xx:1c:4a
04-20 12:57:26.799 1069 1274 I bluetooth: packages/modules/Bluetooth/system/gd/hci/le_address_manager.cc:294 resume_registered_clients: Resuming registered clients
04-20 12:57:26.810 1069 1265 W bt_btm : packages/modules/Bluetooth/system/main/bte_logmsg.cc:108 LogMsg: BTM_BleConfigPrivacy 1
04-20 12:57:26.827 1069 1274 I bluetooth: packages/modules/Bluetooth/system/gd/hci/le_address_manager.cc:59 SetPrivacyPolicyForInitiatorAddress: Updating rotation parameters.
04-20 12:57:26.852 1069 1265 I bluetooth: packages/modules/Bluetooth/system/stack/btm/btm_ble_addr.cc:69 btm_gen_resolve_paddr_low: GD advertising and scanning modules are enabled, skip
04-20 12:57:26.858 554 626 D CompatibilityChangeReporter: Compat change id reported: 207133734; UID 10044; state: ENABLED
04-20 12:57:26.883 1069 1274 I bluetooth: packages/modules/Bluetooth/system/gd/hci/le_address_manager.cc:596 OnCommandComplete: Received command complete with op_code LE_SET_RANDOM_ADDRESS
04-20 12:57:26.883 1069 1274 I bluetooth: packages/modules/Bluetooth/system/gd/hci/le_address_manager.cc:616 OnCommandComplete: update random address : xx:xx:xx:xx:c5:6a
04-20 12:57:26.884 1069 1265 I bluetooth: packages/modules/Bluetooth/system/stack/btm/btm_ble_addr.cc:69 btm_gen_resolve_paddr_low: GD advertising and scanning modules are enabled, skip
04-20 12:57:26.888 1069 1274 I bluetooth: packages/modules/Bluetooth/system/gd/hci/le_address_manager.cc:294 resume_registered_clients: Resuming registered clients
04-20 12:57:26.898 1069 1629 I bt : bluetooth_core: starting Rust modules
04-20 12:57:26.917 213 213 I tombstoned: registered intercept for pid 466 and type kDebuggerdNativeBacktrace
04-20 12:57:26.940 554 886 W system_server: Long monitor contention with owner android.perm (929) at void android.os.Message.recycleUnchecked()(Message.java:346) waiters=2 in void android.os.Message.recycleUnchecked() for 244ms
04-20 12:57:26.943 554 575 W system_server: Long monitor contention with owner android.perm (929) at void android.os.Message.recycleUnchecked()(Message.java:346) waiters=4 in boolean android.util.Pools$SynchronizedPool.release(java.lang.Object) for 164ms
04-20 12:57:26.951 1069 1234 D AdapterState: Stop Timeout Delay: 4000
04-20 12:57:26.951 1069 1234 D AdapterProperties: onBleDisable
04-20 12:57:26.954 1069 1629 I bluetooth: packages/modules/Bluetooth/system/stack/arbiter/acl_arbiter.cc:153 StoreCallbacksFromRust: Received callbacks from Rust, registering in Arbiter
04-20 12:57:26.955 1069 1260 I bt_core_module: packages/modules/Bluetooth/system/btcore/src/module.cc:91 module_start_up: module_start_up Started module "rust_module"
04-20 12:57:26.955 1069 1260 I bt_stack_manager: packages/modules/Bluetooth/system/btif/src/stack_manager.cc:354 event_start_up_stack: event_start_up_stack finished
04-20 12:57:26.959 554 667 D BluetoothManagerService: MESSAGE_BLUETOOTH_STATE_CHANGE: BLE_TURNING_ON > BLE_TURNING_OFF
04-20 12:57:26.966 1069 1629 I bt : bluetooth_core: starting Tokio event loop
04-20 12:57:26.967 554 667 D BluetoothManagerService: Sending BLE State Change: BLE_TURNING_ON > BLE_TURNING_OFF
04-20 12:57:26.968 466 466 I libc : Requested dump for pid 466 (mediaserver)
04-20 12:57:26.992 554 575 W Looper : Slow dispatch took 1308ms android.fg h=android.os.Handler c= m=0
04-20 12:57:26.993 554 588 I ActivityManager: Test idle failed due to cd8ec36 1099:com.android.phone/1001 runnable at -2m10s711ms because CONTAINS_FOREGROUND
04-20 12:57:27.028 1435 1435 D PulledMetrics: Registering callback with StatsManager
04-20 12:57:27.052 554 654 W system_server: Long monitor contention with owner android.perm (929) at void android.os.Message.recycleUnchecked()(Message.java:346) waiters=5 in void android.os.Message.recycleUnchecked() for 197ms
04-20 12:57:27.189 554 929 W Looper : Slow delivery took 953ms android.perm h=android.os.Handler c= m=0
04-20 12:57:27.190 554 929 W Looper : Slow dispatch took 182ms android.perm h=android.os.Handler c= m=0
04-20 12:57:27.191 1596 1596 D CompatibilityChangeReporter: Compat change id reported: 3400644; UID 1000; state: ENABLED
04-20 12:57:27.295 554 654 D ActivityManager: freezing 1411 com.android.cellbroadcastreceiver
04-20 12:57:27.370 1596 1596 D nativeloader: Configuring clns-shared-6 for other apk /system/priv-app/LocalTransport/LocalTransport.apk. target_sdk_version=34, uses_libraries=, library_path=/system/priv-app/LocalTransport/lib/x86_64:/system/priv-app/LocalTransport/LocalTransport.apk!/lib/x86_64:/system/lib64:/system_ext/lib64, permitted_path=/data:/mnt/expand:/data/user/0/com.android.localtransport:/system/priv-app/LocalTransport:/system/lib64:/system_ext/lib64
04-20 12:57:27.393 554 1402 W system_server: Long monitor contention with owner android.fg (575) at java.util.Set com.android.server.pm.permission.PermissionManagerServiceImpl.getInstalledPermissions(java.lang.String)(PermissionManagerServiceImpl.java:5203) waiters=0 in int com.android.server.pm.permission.PermissionManagerServiceImpl.checkPermissionInternal(com.android.server.pm.pkg.AndroidPackage, boolean, java.lang.String, int) for 252ms
04-20 12:57:27.416 554 1401 W system_server: Long monitor contention with owner android.fg (575) at java.util.Set com.android.server.pm.permission.PermissionManagerServiceImpl.getInstalledPermissions(java.lang.String)(PermissionManagerServiceImpl.java:5203) waiters=2 in int com.android.server.pm.permission.PermissionManagerServiceImpl.checkPermissionInternal(com.android.server.pm.pkg.AndroidPackage, boolean, java.lang.String, int) for 248ms
04-20 12:57:27.522 554 654 D ActivityManager: freezing 948 com.android.permissioncontroller
04-20 12:57:27.582 1625 1625 I crash_dump64: obtaining output fd from tombstoned, type: kDebuggerdNativeBacktrace
04-20 12:57:27.621 213 213 I tombstoned: received crash request for pid 465
04-20 12:57:27.622 213 213 E tombstoned: failed to get crash output for type kDebuggerdNativeBacktrace
04-20 12:57:27.623 1625 1625 E libc : failed to read response to DumpRequest packet: No message of desired type
04-20 12:57:27.648 1625 1625 I crash_dump64: performing dump of process 465 (target tid = 465)
04-20 12:57:27.709 1596 1596 V GraphicsEnvironment: Currently set values for:
04-20 12:57:27.710 1596 1596 V GraphicsEnvironment: angle_gl_driver_selection_pkgs=[]
04-20 12:57:27.710 1596 1596 V GraphicsEnvironment: angle_gl_driver_selection_values=[]
04-20 12:57:27.717 1596 1596 V GraphicsEnvironment: ANGLE GameManagerService for com.android.localtransport: false
04-20 12:57:27.718 1596 1596 V GraphicsEnvironment: com.android.localtransport is not listed in per-application setting
04-20 12:57:27.718 1596 1596 V GraphicsEnvironment: Neither updatable production driver nor prerelease driver is supported.
04-20 12:57:27.834 554 929 W Looper : Slow dispatch took 505ms android.perm h=android.os.Handler c= m=0
04-20 12:57:27.997 554 984 I ActivityManager: Flag disabled. Ignoring finishAttachApplication from uid: 1000. pid: 1596
04-20 12:57:28.044 175 1494 I keystore2: system/security/keystore2/src/watchdog.rs:319 - Watchdog thread idle -> terminating. Have a great day.
04-20 12:57:28.144 554 570 D CompatibilityChangeReporter: Compat change id reported: 161145287; UID 10044; state: ENABLED
04-20 12:57:28.146 554 1401 W system_server: Long monitor contention with owner ActivityManager (588) at void com.android.server.am.BroadcastQueueModernImpl.checkPendingColdStartValidity()(BroadcastQueueModernImpl.java:551) waiters=3 in android.content.Intent com.android.server.am.ActivityManagerService.registerReceiverWithFeature(android.app.IApplicationThread, java.lang.String, java.lang.String, java.lang.String, android.content.IIntentReceiver, android.content.IntentFilter, java.lang.String, int, int) for 299ms
04-20 12:57:28.171 554 576 W system_server: Long monitor contention with owner ActivityManager (588) at void com.android.server.am.BroadcastQueueModernImpl.checkPendingColdStartValidity()(BroadcastQueueModernImpl.java:551) waiters=1 in void com.android.server.am.ActivityManagerService.pushTempAllowlist() for 1.047s
04-20 12:57:28.181 554 576 W Looper : Slow dispatch took 1057ms android.ui h=com.android.server.am.ActivityManagerService$UiHandler c=null m=68
04-20 12:57:28.205 1585 1585 I CalendarProvider2: Created com.android.providers.calendar.CalendarAlarmManager@d9c42b(com.android.providers.calendar.CalendarProvider2@abfd088)
04-20 12:57:28.261 554 570 I ActivityManager: Flag disabled. Ignoring finishAttachApplication from uid: 10044. pid: 1585
04-20 12:57:28.350 554 984 D PackageManager: Instant App installer not found with android.intent.action.INSTALL_INSTANT_APP_PACKAGE
04-20 12:57:28.351 554 984 D PackageManager: Clear ephemeral installer activity
04-20 12:57:28.376 1435 1435 I MediaApplication: PhotoPickerSettingsActivity is now disabled.
04-20 12:57:28.423 1585 1585 I CalendarUpgradeReceiver: Creating or opening calendar database
04-20 12:57:28.447 554 570 I ActivityManager: Flag disabled. Ignoring finishAttachApplication from uid: 10088. pid: 1435
04-20 12:57:28.477 554 575 W Looper : Slow dispatch took 1214ms android.fg h=android.os.Handler c= m=0
04-20 12:57:28.506 1435 1617 I MediaProvider: Changed schema version on external from 0 to 1407, 0 items taking 1627ms UUID 2e7cd85b-e177-4642-aa5f-410d1db23db6
04-20 12:57:28.576 1069 1293 D AdapterProperties: Name is: Android SDK built for x86_64
04-20 12:57:28.577 1069 1234 W droid.bluetooth: Long monitor contention with owner BT Service Callback Thread (1293) at void com.android.bluetooth.btservice.AdapterProperties.adapterPropertyChangedCallback(int[], byte[][])(AdapterProperties.java:1042) waiters=0 in boolean com.android.bluetooth.btservice.AdapterProperties.setScanMode(int) for 1.285s
04-20 12:57:28.775 554 929 W system_server: Long monitor contention with owner android.fg (575) at android.content.pm.UserInfo com.android.server.pm.UserManagerService.getUserInfoNoChecks(int)(UserManagerService.java:2360) waiters=1 in android.content.pm.UserInfo com.android.server.pm.UserManagerService.getUserInfoNoChecks(int) for 105ms
04-20 12:57:28.787 1069 1069 D BtGatt.GattService: stop()
04-20 12:57:28.787 1069 1069 D BtGatt.GattService: setGattService(): set to: null
04-20 12:57:28.821 554 929 W Looper : Slow dispatch took 986ms android.perm h=android.os.Handler c= m=0
04-20 12:57:28.833 554 1357 E system_server: libdebuggerd_client: failed to read status response from tombstoned: Try again
04-20 12:57:28.836 1069 1293 D AdapterProperties: Scan Mode:20
04-20 12:57:28.837 1069 1293 D AdapterProperties: Discoverable Timeout:120
04-20 12:57:28.838 1069 1293 D AdapterProperties: player_name: com.google.android.apps.youtube.music
04-20 12:57:28.839 1069 1293 D AdapterProperties: updateAllowlistedMediaPlayers
04-20 12:57:28.850 1435 1617 V MediaProvider: onOpen() for external.db
04-20 12:57:28.851 1069 1069 D BtGatt.GattService: cleanup()
04-20 12:57:28.861 213 213 I tombstoned: intercept for pid 466 and type kDebuggerdNativeBacktrace terminated: due to input
04-20 12:57:28.869 1069 1293 D AdapterProperties: Adding to Allowlisted Players list:com.google.android.apps.youtube.music
04-20 12:57:28.895 1069 1293 D AdapterProperties: player_name: com.gaana
04-20 12:57:28.903 1069 1293 D AdapterProperties: updateAllowlistedMediaPlayers
04-20 12:57:28.908 1435 1617 W MediaProvider: Exception encountered while reading xattr:user.extdbsessionid0 from path:/data/user/0/com.android.providers.media.module/databases/external.db.
04-20 12:57:28.910 1435 1617 W MediaProvider: Exception encountered while reading xattr:user.extdbsessionid0 from path:/data/media/0.
04-20 12:57:28.904 554 1357 I ActivityManager: Collecting stacks for native pid 473
04-20 12:57:28.917 1099 1099 E MmTelFeatureConn [0]: ImsRegistrationCallbackAdapter: ImsRegistration is null
04-20 12:57:28.922 1069 1293 D AdapterProperties: Adding to Allowlisted Players list:com.gaana
04-20 12:57:28.924 1069 1265 I bt_stack: [INFO:gatt_api.cc(1279)] GATT_Deregister gatt_if=3
04-20 12:57:28.926 554 1378 I StorageUserConnection: Service: [ComponentInfo{com.android.providers.media.module/com.android.providers.media.fuse.ExternalStorageServiceImpl}] connected. User [0]
04-20 12:57:28.937 1069 1069 W bt_stack: [WARNING:bta_gatts_api.cc(62)] GATTS Module not enabled/already disabled
04-20 12:57:28.938 1069 1069 D BtGatt.AdvertiseManager: cleanup()
04-20 12:57:28.949 554 1401 D ConnectivityService: requestNetwork for uid/pid:1001/1099 activeRequest: null callbackRequest: 25 [NetworkRequest [ REQUEST id=26, [ Capabilities: INTERNET&NOT_RESTRICTED&TRUSTED&NOT_VCN_MANAGED Uid: 1001 RequestorUid: 1001 RequestorPkg: com.android.phone UnderlyingNetworks: Null] ]] callback flags: 0 order: 2147483647
04-20 12:57:28.954 554 875 D ConnectivityService: NetReassign [no changes] [c 0] [a 0] [i 1]
04-20 12:57:28.954 554 866 D WifiNetworkFactory: got request NetworkRequest [ REQUEST id=26, [ Capabilities: INTERNET&NOT_RESTRICTED&TRUSTED&NOT_VCN_MANAGED Uid: 1001 RequestorUid: 1001 RequestorPkg: com.android.phone UnderlyingNetworks: Null] ]
04-20 12:57:28.955 554 866 D UntrustedWifiNetworkFactory: got request NetworkRequest [ REQUEST id=26, [ Capabilities: INTERNET&NOT_RESTRICTED&TRUSTED&NOT_VCN_MANAGED Uid: 1001 RequestorUid: 1001 RequestorPkg: com.android.phone UnderlyingNetworks: Null] ]
04-20 12:57:28.955 554 866 D OemPaidWifiNetworkFactory: got request NetworkRequest [ REQUEST id=26, [ Capabilities: INTERNET&NOT_RESTRICTED&TRUSTED&NOT_VCN_MANAGED Uid: 1001 RequestorUid: 1001 RequestorPkg: com.android.phone UnderlyingNetworks: Null] ]
04-20 12:57:28.955 554 866 D MultiInternetWifiNetworkFactory: got request NetworkRequest [ REQUEST id=26, [ Capabilities: INTERNET&NOT_RESTRICTED&TRUSTED&NOT_VCN_MANAGED Uid: 1001 RequestorUid: 1001 RequestorPkg: com.android.phone UnderlyingNetworks: Null] ]
04-20 12:57:28.962 1099 1099 D PhoneSwitcherNetworkRequstListener: Registering NetworkFactory
04-20 12:57:28.970 554 875 D ConnectivityService: Got NetworkProvider Messenger for PhoneSwitcherNetworkRequstListener
04-20 12:57:28.975 554 575 W Looper : Slow dispatch took 497ms android.fg h=android.os.Handler c= m=0
04-20 12:57:28.994 1435 1641 I ExternalStorageServiceImpl: Starting session for id: emulated;0
04-20 12:57:29.054 1640 1640 I crash_dump64: obtaining output fd from tombstoned, type: kDebuggerdNativeBacktrace
04-20 12:57:29.063 554 929 W Looper : Slow dispatch took 219ms android.perm h=android.os.Handler c= m=0
04-20 12:57:29.083 554 929 D ActivityManager: sync unfroze 948 com.android.permissioncontroller for 6
04-20 12:57:29.129 213 213 I tombstoned: received crash request for pid 466
04-20 12:57:29.129 213 213 E tombstoned: failed to get crash output for type kDebuggerdNativeBacktrace
04-20 12:57:29.130 554 929 W Looper : Drained
04-20 12:57:29.131 1640 1640 E libc : failed to read response to DumpRequest packet: No message of desired type
04-20 12:57:29.146 1435 1617 E MediaProvider: Xattr:user.extdbnextrowid0 not found on external storage: android.system.ErrnoException: getxattr failed: ENODATA (No data available)
04-20 12:57:29.146 1435 1617 W MediaProvider: external.db database inconsistent: isLastUsedDatabaseSession:false, nextRowIdOptionalPresent:false
04-20 12:57:29.147 1435 1617 E MediaProvider: Xattr:user.extdbnextrowid0 not found on external storage: android.system.ErrnoException: getxattr failed: ENODATA (No data available)
04-20 12:57:29.150 554 1357 I system_server: libdebuggerd_client: started dumping process 473
04-20 12:57:29.154 213 213 I tombstoned: registered intercept for pid 473 and type kDebuggerdNativeBacktrace
04-20 12:57:29.153 1435 1641 V FuseDaemonThread: Waiting 1000ms for FUSE start. Count 4
04-20 12:57:29.190 554 1460 W AppSearchIcing: icing-search-engine.cc:283: Error: 5, Message: Missing file: /data/system_ce/0/appsearch/icing/schema_dir/schema.pb
04-20 12:57:29.200 1069 1293 D AdapterProperties: Scan Mode:20
04-20 12:57:29.204 213 213 I tombstoned: received crash request for pid 473
04-20 12:57:29.204 213 213 I tombstoned: found intercept fd 512 for pid 473 and type kDebuggerdNativeBacktrace
04-20 12:57:29.205 1069 1234 I AdapterState: BLE_TURNING_OFF : Unhandled message - BLE_STARTED
04-20 12:57:29.221 1069 1069 D BtGatt.SyncManager: cleanup()
04-20 12:57:29.211 554 575 W Looper : Slow dispatch took 165ms android.fg h=android.os.Handler c= m=0
04-20 12:57:29.245 1640 1640 I crash_dump64: performing dump of process 466 (target tid = 466)
04-20 12:57:29.250 948 960 I PermissionControllerServiceImpl: Updating user sensitive for user 0
04-20 12:57:29.301 1069 1069 D BtGatt.GattService: cleanup()
04-20 12:57:29.301 1069 1069 D BtGatt.AdvertiseManager: cleanup()
04-20 12:57:29.302 1435 1617 D MediaProvider: xattr set to 1000001000 for key:user.extdbnextrowid0 on path: /data/media/0.
04-20 12:57:29.310 1069 1260 I bt_stack_manager: packages/modules/Bluetooth/system/btif/src/stack_manager.cc:365 event_shut_down_stack: event_shut_down_stack is bringing down the stack
04-20 12:57:29.311 1069 1260 I bt_core_module: packages/modules/Bluetooth/system/btcore/src/module.cc:105 module_shut_down: module_shut_down Shutting down module "rust_module"
04-20 12:57:29.311 1069 1260 I bt_core_module: packages/modules/Bluetooth/system/btcore/src/module.cc:110 module_shut_down: module_shut_down Shutdown of module "rust_module" completed
04-20 12:57:29.319 1435 1617 I MediaProvider: Backed up next row id as:1000001000 on path:/data/media/0 for external.db.
04-20 12:57:29.337 1069 1629 W bt : bluetooth_core: Rust thread queue has stopped, shutting down executor thread
04-20 12:57:29.353 1069 1069 W BtGatt.ScanManager: exception when invoking removeOnUidImportanceListener
04-20 12:57:29.353 1069 1069 W BtGatt.ScanManager: java.lang.IllegalArgumentException: Listener not registered: com.android.bluetooth.gatt.ScanManager$2@1316401
04-20 12:57:29.353 1069 1069 W BtGatt.ScanManager: at android.app.ActivityManager.removeOnUidImportanceListener(ActivityManager.java:4289)
04-20 12:57:29.353 1069 1069 W BtGatt.ScanManager: at com.android.bluetooth.gatt.ScanManager.cleanup(ScanManager.java:217)
04-20 12:57:29.353 1069 1069 W BtGatt.ScanManager: at com.android.bluetooth.gatt.GattService.cleanup(GattService.java:395)
04-20 12:57:29.353 1069 1069 W BtGatt.ScanManager: at com.android.bluetooth.btservice.ProfileService.onDestroy(ProfileService.java:305)
04-20 12:57:29.353 1069 1069 W BtGatt.ScanManager: at android.app.ActivityThread.handleStopService(ActivityThread.java:4851)
04-20 12:57:29.353 1069 1069 W BtGatt.ScanManager: at android.app.ActivityThread.-$$Nest$mhandleStopService(Unknown Source:0)
04-20 12:57:29.353 1069 1069 W BtGatt.ScanManager: at android.app.ActivityThread$H.handleMessage(ActivityThread.java:2297)
04-20 12:57:29.353 1069 1069 W BtGatt.ScanManager: at android.os.Handler.dispatchMessage(Handler.java:106)
04-20 12:57:29.353 1069 1069 W BtGatt.ScanManager: at android.os.Looper.loopOnce(Looper.java:205)
04-20 12:57:29.353 1069 1069 W BtGatt.ScanManager: at android.os.Looper.loop(Looper.java:294)
04-20 12:57:29.353 1069 1069 W BtGatt.ScanManager: at android.app.ActivityThread.main(ActivityThread.java:8177)
04-20 12:57:29.353 1069 1069 W BtGatt.ScanManager: at java.lang.reflect.Method.invoke(Native Method)
04-20 12:57:29.353 1069 1069 W BtGatt.ScanManager: at com.android.internal.os.RuntimeInit$MethodAndArgsCaller.run(RuntimeInit.java:552)
04-20 12:57:29.353 1069 1069 W BtGatt.ScanManager: at com.android.internal.os.ZygoteInit.main(ZygoteInit.java:971)
04-20 12:57:29.355 1069 1069 W BtGatt.ScanManager: exception when invoking unregisterReceiver(mLocationReceiver)
04-20 12:57:29.355 1069 1069 W BtGatt.ScanManager: java.lang.IllegalArgumentException: Receiver not registered: com.android.bluetooth.gatt.ScanManager$3@84612a6
04-20 12:57:29.355 1069 1069 W BtGatt.ScanManager: at android.app.LoadedApk.forgetReceiverDispatcher(LoadedApk.java:1662)
04-20 12:57:29.355 1069 1069 W BtGatt.ScanManager: at android.app.ContextImpl.unregisterReceiver(ContextImpl.java:1872)
04-20 12:57:29.355 1069 1069 W BtGatt.ScanManager: at android.content.ContextWrapper.unregisterReceiver(ContextWrapper.java:820)
04-20 12:57:29.355 1069 1069 W BtGatt.ScanManager: at com.android.bluetooth.gatt.ScanManager.cleanup(ScanManager.java:238)
04-20 12:57:29.355 1069 1069 W BtGatt.ScanManager: at com.android.bluetooth.gatt.GattService.cleanup(GattService.java:395)
04-20 12:57:29.355 1069 1069 W BtGatt.ScanManager: at com.android.bluetooth.btservice.ProfileService.onDestroy(ProfileService.java:305)
04-20 12:57:29.355 1069 1069 W BtGatt.ScanManager: at android.app.ActivityThread.handleStopService(ActivityThread.java:4851)
04-20 12:57:29.355 1069 1069 W BtGatt.ScanManager: at android.app.ActivityThread.-$$Nest$mhandleStopService(Unknown Source:0)
04-20 12:57:29.355 1069 1069 W BtGatt.ScanManager: at android.app.ActivityThread$H.handleMessage(ActivityThread.java:2297)
04-20 12:57:29.355 1069 1069 W BtGatt.ScanManager: at android.os.Handler.dispatchMessage(Handler.java:106)
04-20 12:57:29.355 1069 1069 W BtGatt.ScanManager: at android.os.Looper.loopOnce(Looper.java:205)
04-20 12:57:29.355 1069 1069 W BtGatt.ScanManager: at android.os.Looper.loop(Looper.java:294)
04-20 12:57:29.355 1069 1069 W BtGatt.ScanManager: at android.app.ActivityThread.main(ActivityThread.java:8177)
04-20 12:57:29.355 1069 1069 W BtGatt.ScanManager: at java.lang.reflect.Method.invoke(Native Method)
04-20 12:57:29.355 1069 1069 W BtGatt.ScanManager: at com.android.internal.os.RuntimeInit$MethodAndArgsCaller.run(RuntimeInit.java:552)
04-20 12:57:29.355 1069 1069 W BtGatt.ScanManager: at com.android.internal.os.ZygoteInit.main(ZygoteInit.java:971)
