04-20 12:57:13.611 554 588 V SystemServerTimingAsync: ssm.onUnlockingUser-0_com.android.server.job.JobSchedulerService took to complete: 0ms
04-20 12:57:13.611 554 588 D SystemServerTimingAsync: ssm.onUnlockingUser-0_com.android.server.soundtrigger.SoundTriggerService
04-20 12:57:13.611 554 588 V SystemServerTimingAsync: ssm.onUnlockingUser-0_com.android.server.soundtrigger.SoundTriggerService took to complete: 0ms
04-20 12:57:13.612 213 213 W tombstoned: skipping tombstone file creation due to intercept
04-20 12:57:13.611 554 588 D SystemServerTimingAsync: ssm.onUnlockingUser-0_com.android.server.trust.TrustManagerService
04-20 12:57:13.686 554 588 V SystemServerTimingAsync: ssm.onUnlockingUser-0_com.android.server.trust.TrustManagerService took to complete: 0ms
04-20 12:57:13.686 554 588 D SystemServerTimingAsync: ssm.onUnlockingUser-0_com.android.server.backup.BackupManagerService$Lifecycle
04-20 12:57:13.687 554 588 V SystemServerTimingAsync: ssm.onUnlockingUser-0_com.android.server.backup.BackupManagerService$Lifecycle took to complete: 0ms
04-20 12:57:13.698 554 588 D SystemServerTimingAsync: ssm.onUnlockingUser-0_com.android.server.appwidget.AppWidgetService
04-20 12:57:13.699 554 588 V SystemServerTimingAsync: ssm.onUnlockingUser-0_com.android.server.appwidget.AppWidgetService took to complete: 0ms
04-20 12:57:13.699 554 588 D SystemServerTimingAsync: ssm.onUnlockingUser-0_com.android.server.voiceinteraction.VoiceInteractionManagerService
04-20 12:57:13.700 554 898 I BackupManagerService: Starting service for user: 0
04-20 12:57:13.705 554 1357 I system_server: libdebuggerd_client: done dumping process 1039
04-20 12:57:13.721 554 898 V BackupManagerService: [UserID:0] Starting with transport com.android.localtransport/.LocalTransport
04-20 12:57:13.765 554 898 D BackupManagerService: [UserID:0] Started thread backup-0
04-20 12:57:13.776 554 587 I UsageStatsDatabase: Upgrading from version 0 to 5
04-20 12:57:13.777 554 587 I UsageStatsDatabase: Deleting all usage stats files
04-20 12:57:13.817 554 587 I UsageStatsService: User[0] Rollover scheduled @ 2026-04-21 12:57:12(1776776232927)
04-20 12:57:13.852 554 588 W VoiceInteractionManager: no available voice recognition services found for user 0
04-20 12:57:13.854 554 588 W SystemServiceManager: Service com.android.server.voiceinteraction.VoiceInteractionManagerService took 154 ms in onUnlockingUser-0
04-20 12:57:13.855 554 588 V SystemServerTimingAsync: ssm.onUnlockingUser-0_com.android.server.voiceinteraction.VoiceInteractionManagerService took to complete: 155ms
04-20 12:57:13.855 554 588 D SystemServerTimingAsync: ssm.onUnlockingUser-0_com.android.server.GestureLauncherService
04-20 12:57:13.869 554 588 V SystemServerTimingAsync: ssm.onUnlockingUser-0_com.android.server.GestureLauncherService took to complete: 0ms
04-20 12:57:13.870 554 588 D SystemServerTimingAsync: ssm.onUnlockingUser-0_com.android.server.SensorNotificationService
04-20 12:57:13.870 554 588 V SystemServerTimingAsync: ssm.onUnlockingUser-0_com.android.server.SensorNotificationService took to complete: 0ms
04-20 12:57:13.871 554 588 D SystemServerTimingAsync: ssm.onUnlockingUser-0_com.android.server.emergency.EmergencyAffordanceService
04-20 12:57:13.871 554 588 V SystemServerTimingAsync: ssm.onUnlockingUser-0_com.android.server.emergency.EmergencyAffordanceService took to complete: 0ms
04-20 12:57:13.880 554 588 D SystemServerTimingAsync: ssm.onUnlockingUser-0_com.android.server.blob.BlobStoreManagerService
04-20 12:57:13.880 554 588 V SystemServerTimingAsync: ssm.onUnlockingUser-0_com.android.server.blob.BlobStoreManagerService took to complete: 0ms
04-20 12:57:13.881 554 588 D SystemServerTimingAsync: ssm.onUnlockingUser-0_com.android.server.dreams.DreamManagerService
04-20 12:57:13.881 554 588 V SystemServerTimingAsync: ssm.onUnlockingUser-0_com.android.server.dreams.DreamManagerService took to complete: 0ms
04-20 12:57:13.881 554 588 D SystemServerTimingAsync: ssm.onUnlockingUser-0_com.android.server.print.PrintManagerService
04-20 12:57:13.881 554 588 V SystemServerTimingAsync: ssm.onUnlockingUser-0_com.android.server.print.PrintManagerService took to complete: 1ms
04-20 12:57:13.882 554 588 D SystemServerTimingAsync: ssm.onUnlockingUser-0_com.android.server.security.AttestationVerificationManagerService
04-20 12:57:13.882 554 588 V SystemServerTimingAsync: ssm.onUnlockingUser-0_com.android.server.security.AttestationVerificationManagerService took to complete: 0ms
04-20 12:57:13.882 554 588 D SystemServerTimingAsync: ssm.onUnlockingUser-0_com.android.server.companion.CompanionDeviceManagerService
04-20 12:57:13.882 554 588 V SystemServerTimingAsync: ssm.onUnlockingUser-0_com.android.server.companion.CompanionDeviceManagerService took to complete: 0ms
04-20 12:57:13.882 554 588 D SystemServerTimingAsync: ssm.onUnlockingUser-0_com.android.server.companion.virtual.VirtualDeviceManagerService
04-20 12:57:13.882 554 588 V SystemServerTimingAsync: ssm.onUnlockingUser-0_com.android.server.companion.virtual.VirtualDeviceManagerService took to complete: 1ms
04-20 12:57:13.882 554 588 D SystemServerTimingAsync: ssm.onUnlockingUser-0_com.android.server.restrictions.RestrictionsManagerService
04-20 12:57:13.882 554 588 V SystemServerTimingAsync: ssm.onUnlockingUser-0_com.android.server.restrictions.RestrictionsManagerService took to complete: 0ms
04-20 12:57:13.882 554 588 D SystemServerTimingAsync: ssm.onUnlockingUser-0_com.android.server.media.MediaSessionService
04-20 12:57:13.883 554 588 V SystemServerTimingAsync: ssm.onUnlockingUser-0_com.android.server.media.MediaSessionService took to complete: 0ms
04-20 12:57:13.883 554 588 D SystemServerTimingAsync: ssm.onUnlockingUser-0_com.android.server.biometrics.sensors.face.FaceService
04-20 12:57:13.883 554 588 V SystemServerTimingAsync: ssm.onUnlockingUser-0_com.android.server.biometrics.sensors.face.FaceService took to complete: 0ms
04-20 12:57:13.883 554 588 D SystemServerTimingAsync: ssm.onUnlockingUser-0_com.android.server.biometrics.sensors.fingerprint.FingerprintService
04-20 12:57:13.883 554 588 V SystemServerTimingAsync: ssm.onUnlockingUser-0_com.android.server.biometrics.sensors.fingerprint.FingerprintService took to complete: 0ms
04-20 12:57:13.883 554 588 D SystemServerTimingAsync: ssm.onUnlockingUser-0_com.android.server.biometrics.BiometricService
04-20 12:57:13.883 554 588 V SystemServerTimingAsync: ssm.onUnlockingUser-0_com.android.server.biometrics.BiometricService took to complete: 0ms
04-20 12:57:13.883 554 588 D SystemServerTimingAsync: ssm.onUnlockingUser-0_com.android.server.biometrics.AuthService
04-20 12:57:13.883 554 588 V SystemServerTimingAsync: ssm.onUnlockingUser-0_com.android.server.biometrics.AuthService took to complete: 0ms
04-20 12:57:13.883 554 588 D SystemServerTimingAsync: ssm.onUnlockingUser-0_com.android.server.pm.ShortcutService$Lifecycle
04-20 12:57:13.915 554 578 W WindowManager: App freeze timeout expired.
04-20 12:57:13.916 554 578 W WindowManager: Force clearing freeze: ActivityRecord{4bdc837 u0 com.android.fakesystemapp/.launcher.FallbackHome t2}
04-20 12:57:13.917 554 578 I WindowManager: Screen frozen for +3s135ms due to ActivityRecord{4bdc837 u0 com.android.fakesystemapp/.launcher.FallbackHome t2}
04-20 12:57:13.919 554 1357 I ActivityManager: dumpStackTraces nativepids=[167, 175, 345, 346, 388, 397, 456, 461, 465, 466, 473, 1069]
04-20 12:57:13.919 554 1357 I ActivityManager: Collecting stacks for native pid 167
04-20 12:57:13.935 554 1283 D CompatibilityChangeReporter: Compat change id reported: 261072174; UID 1001; state: ENABLED
04-20 12:57:13.944 554 587 D AppStandbyController: Initializing defaults for system apps on user 0, appIdleEnabled=false
04-20 12:57:13.950 554 1357 I system_server: libdebuggerd_client: started dumping process 167
04-20 12:57:13.961 213 213 I tombstoned: registered intercept for pid 167 and type kDebuggerdNativeBacktrace
04-20 12:57:13.970 167 167 I libc : Requested dump for pid 167 (binder:167_2)
04-20 12:57:13.982 1099 1099 D CellBroadcastServiceManager: serviceWasBound=true
04-20 12:57:13.980 554 578 W ImageReader_JNI: Unable to acquire a buffer item, very likely client tried to acquire more than maxImages buffers
04-20 12:57:14.017 554 576 W Looper : Slow dispatch took 1306ms android.ui h=com.android.server.am.ActivityManagerService$UiHandler c=com.android.server.am.UidObserverController$$ExternalSyntheticLambda0@dbd6cb8 m=0
04-20 12:57:14.040 554 589 W ActivityManager: Slow operation: 1268ms so far, now at startProcess: done updating battery stats
04-20 12:57:14.041 554 589 I Watchdog: Interesting Java process com.android.providers.media.module started. Pid 1435
04-20 12:57:14.041 554 589 W ActivityManager: Slow operation: 1268ms so far, now at startProcess: building log message
04-20 12:57:14.041 554 589 I ActivityManager: Start proc 1435:com.android.providers.media.module/u0a88 for service {com.android.providers.media.module/com.android.providers.media.fuse.ExternalStorageServiceImpl}
04-20 12:57:14.084 554 898 E BackupPasswordManager: Unable to read backup pw version
04-20 12:57:14.086 554 589 W ActivityManager: Slow operation: 1313ms so far, now at startProcess: starting to update pids map
04-20 12:57:14.088 554 898 E BackupPasswordManager: Unable to read saved backup pw hash
04-20 12:57:14.221 554 588 W SystemServiceManager: Service com.android.server.pm.ShortcutService$Lifecycle took 225 ms in onUnlockingUser-0
04-20 12:57:14.222 554 588 V SystemServerTimingAsync: ssm.onUnlockingUser-0_com.android.server.pm.ShortcutService$Lifecycle took to complete: 338ms
04-20 12:57:14.222 554 588 D SystemServerTimingAsync: ssm.onUnlockingUser-0_com.android.server.pm.LauncherAppsService
04-20 12:57:14.223 554 588 V SystemServerTimingAsync: ssm.onUnlockingUser-0_com.android.server.pm.LauncherAppsService took to complete: 0ms
04-20 12:57:14.223 554 588 D SystemServerTimingAsync: ssm.onUnlockingUser-0_com.android.server.pm.CrossProfileAppsService
04-20 12:57:14.234 554 588 V SystemServerTimingAsync: ssm.onUnlockingUser-0_com.android.server.pm.CrossProfileAppsService took to complete: 0ms
04-20 12:57:14.235 554 588 D SystemServerTimingAsync: ssm.onUnlockingUser-0_com.android.server.people.PeopleService
04-20 12:57:14.235 554 588 V SystemServerTimingAsync: ssm.onUnlockingUser-0_com.android.server.people.PeopleService took to complete: 0ms
04-20 12:57:14.300 554 588 D SystemServerTimingAsync: ssm.onUnlockingUser-0_com.android.server.media.metrics.MediaMetricsManagerService
04-20 12:57:14.300 554 588 V SystemServerTimingAsync: ssm.onUnlockingUser-0_com.android.server.media.metrics.MediaMetricsManagerService took to complete: 0ms
04-20 12:57:14.301 554 588 D SystemServerTimingAsync: ssm.onUnlockingUser-0_com.android.server.pm.BackgroundInstallControlService
04-20 12:57:14.301 554 588 V SystemServerTimingAsync: ssm.onUnlockingUser-0_com.android.server.pm.BackgroundInstallControlService took to complete: 0ms
04-20 12:57:14.301 554 588 D SystemServerTimingAsync: ssm.onUnlockingUser-0_com.android.server.media.projection.MediaProjectionManagerService
04-20 12:57:14.301 554 588 V SystemServerTimingAsync: ssm.onUnlockingUser-0_com.android.server.media.projection.MediaProjectionManagerService took to complete: 0ms
04-20 12:57:14.301 554 588 D SystemServerTimingAsync: ssm.onUnlockingUser-0_com.android.server.slice.SliceManagerService$Lifecycle
04-20 12:57:14.301 554 588 V SystemServerTimingAsync: ssm.onUnlockingUser-0_com.android.server.slice.SliceManagerService$Lifecycle took to complete: 0ms
04-20 12:57:14.301 554 588 D SystemServerTimingAsync: ssm.onUnlockingUser-0_com.android.server.stats.StatsCompanion$Lifecycle
04-20 12:57:14.301 554 588 V SystemServerTimingAsync: ssm.onUnlockingUser-0_com.android.server.stats.StatsCompanion$Lifecycle took to complete: 0ms
04-20 12:57:14.301 554 588 D SystemServerTimingAsync: ssm.onUnlockingUser-0_com.android.server.scheduling.RebootReadinessManagerService$Lifecycle
04-20 12:57:14.301 554 588 V SystemServerTimingAsync: ssm.onUnlockingUser-0_com.android.server.scheduling.RebootReadinessManagerService$Lifecycle took to complete: 0ms
04-20 12:57:14.301 554 588 D SystemServerTimingAsync: ssm.onUnlockingUser-0_com.android.server.stats.pull.StatsPullAtomService
04-20 12:57:14.302 554 588 V SystemServerTimingAsync: ssm.onUnlockingUser-0_com.android.server.stats.pull.StatsPullAtomService took to complete: 0ms
04-20 12:57:14.302 554 588 D SystemServerTimingAsync: ssm.onUnlockingUser-0_com.android.server.stats.bootstrap.StatsBootstrapAtomService$Lifecycle
04-20 12:57:14.302 554 588 V SystemServerTimingAsync: ssm.onUnlockingUser-0_com.android.server.stats.bootstrap.StatsBootstrapAtomService$Lifecycle took to complete: 0ms
04-20 12:57:14.302 554 588 D SystemServerTimingAsync: ssm.onUnlockingUser-0_com.android.server.incident.IncidentCompanionService
04-20 12:57:14.302 554 588 V SystemServerTimingAsync: ssm.onUnlockingUser-0_com.android.server.incident.IncidentCompanionService took to complete: 0ms
04-20 12:57:14.302 554 588 D SystemServerTimingAsync: ssm.onUnlockingUser-0_com.android.server.sdksandbox.SdkSandboxManagerService$Lifecycle
04-20 12:57:14.302 554 588 I SdkSandboxManager: onUserUnlocking 0
04-20 12:57:14.306 554 576 W system_server: Long monitor contention with owner android.display (578) at float com.android.server.wm.WindowManagerService.getCurrentAnimatorScale()(WindowManagerService.java:3495) waiters=0 in void com.android.server.wm.WindowManagerService.updateRotationUnchecked(boolean, boolean) for 189ms
04-20 12:57:14.350 554 576 W Looper : Slow delivery took 1153ms android.ui h=com.android.server.policy.PhoneWindowManager$PolicyHandler c=android.database.ContentObserver$$ExternalSyntheticLambda0@856ac9b m=0
04-20 12:57:14.350 554 576 W Looper : Slow dispatch took 297ms android.ui h=com.android.server.policy.PhoneWindowManager$PolicyHandler c=android.database.ContentObserver$$ExternalSyntheticLambda0@856ac9b m=0
04-20 12:57:14.360 554 589 W ActivityManager: Slow operation: 1588ms so far, now at startProcess: done updating pids map
04-20 12:57:14.361 554 588 W SystemServiceManager: Service com.android.server.sdksandbox.SdkSandboxManagerService$Lifecycle took 58 ms in onUnlockingUser-0
04-20 12:57:14.361 554 588 V SystemServerTimingAsync: ssm.onUnlockingUser-0_com.android.server.sdksandbox.SdkSandboxManagerService$Lifecycle took to complete: 58ms
04-20 12:57:14.361 554 588 D SystemServerTimingAsync: ssm.onUnlockingUser-0_com.android.server.adservices.AdServicesManagerService$Lifecycle
04-20 12:57:14.361 554 588 V SystemServerTimingAsync: ssm.onUnlockingUser-0_com.android.server.adservices.AdServicesManagerService$Lifecycle took to complete: 0ms
04-20 12:57:14.361 554 588 D SystemServerTimingAsync: ssm.onUnlockingUser-0_com.android.server.ondevicepersonalization.OnDevicePersonalizationSystemService$Lifecycle
04-20 12:57:14.361 554 588 V SystemServerTimingAsync: ssm.onUnlockingUser-0_com.android.server.ondevicepersonalization.OnDevicePersonalizationSystemService$Lifecycle took to complete: 0ms
04-20 12:57:14.362 554 588 D SystemServerTimingAsync: ssm.onUnlockingUser-0_com.android.server.MmsServiceBroker
04-20 12:57:14.362 554 588 V SystemServerTimingAsync: ssm.onUnlockingUser-0_com.android.server.MmsServiceBroker took to complete: 0ms
04-20 12:57:14.362 554 588 D SystemServerTimingAsync: ssm.onUnlockingUser-0_com.android.server.autofill.AutofillManagerService
04-20 12:57:14.431 554 588 D AutofillManagerServiceImpl: Reset component for user 0:null
04-20 12:57:14.437 554 642 D CompatibilityChangeReporter: Compat change id reported: 265195908; UID 10088; state: ENABLED
04-20 12:57:14.440 554 588 D FieldClassificationStrategy: reset(): service is not bound. Do nothing.
04-20 12:57:14.441 554 588 W SystemServiceManager: Service com.android.server.autofill.AutofillManagerService took 79 ms in onUnlockingUser-0
04-20 12:57:14.441 554 588 V SystemServerTimingAsync: ssm.onUnlockingUser-0_com.android.server.autofill.AutofillManagerService took to complete: 80ms
04-20 12:57:14.441 554 588 D SystemServerTimingAsync: ssm.onUnlockingUser-0_com.android.server.selectiontoolbar.SelectionToolbarManagerService
04-20 12:57:14.446 554 576 D AutofillUI: destroySaveUiUiThread(): already destroyed
04-20 12:57:14.568 1323 1358 D CellBroadcastDatabaseHelper: Starting migration from legacy provider
04-20 12:57:14.608 554 1283 I ActivityManager: Flag disabled. Ignoring finishAttachApplication from uid: 10054. pid: 1411
04-20 12:57:14.612 554 626 I ActivityManager: Enqueued broadcast Intent { act=com.android.emulator.multidisplay.START flg=0x400000 cmp=com.android.emulator.multidisplay/.MultiDisplayServiceReceiver }: 0
04-20 12:57:14.613 554 984 W system_server: Long monitor contention with owner ActivityManager:procStart (589) at void com.android.server.am.ProcessList.lambda$handleProcessStart$1(com.android.server.am.ProcessRecord, java.lang.String, int[], int, int, int, java.lang.String, java.lang.String, java.lang.String, long)(ProcessList.java:2076) waiters=8 in void com.android.server.am.ActivityManagerService.serviceDoneExecuting(android.os.IBinder, int, int, int) for 505ms
04-20 12:57:14.626 554 576 W Looper : Drained
04-20 12:57:14.634 554 628 W PermissionManagerService: Datasource AttributionSource { uid = 10054, packageName = com.android.cellbroadcastreceiver, attributionTag = null, token = android.os.BinderProxy@2712c67, next = android.content.AttributionSourceState@2b42bd } protecting data with platform defined runtime permission android.permission.READ_CELL_BROADCASTS while not having android.permission.UPDATE_APP_OPS_STATS
04-20 12:57:14.682 554 588 W SystemServiceManager: Service com.android.server.selectiontoolbar.SelectionToolbarManagerService took 240 ms in onUnlockingUser-0
04-20 12:57:14.683 554 588 V SystemServerTimingAsync: ssm.onUnlockingUser-0_com.android.server.selectiontoolbar.SelectionToolbarManagerService took to complete: 241ms
04-20 12:57:14.683 554 588 D SystemServerTimingAsync: ssm.onUnlockingUser-0_com.android.server.clipboard.ClipboardService
04-20 12:57:14.683 554 588 V SystemServerTimingAsync: ssm.onUnlockingUser-0_com.android.server.clipboard.ClipboardService took to complete: 0ms
04-20 12:57:14.683 554 588 D SystemServerTimingAsync: ssm.onUnlockingUser-0_com.android.server.appbinding.AppBindingService$Lifecycle
04-20 12:57:14.709 554 588 V SystemServerTimingAsync: ssm.onUnlockingUser-0_com.android.server.appbinding.AppBindingService$Lifecycle took to complete: 26ms
04-20 12:57:14.710 554 588 D SystemServerTimingAsync: ssm.onUnlockingUser-0_com.android.server.tracing.TracingServiceProxy
04-20 12:57:14.711 554 588 V SystemServerTimingAsync: ssm.onUnlockingUser-0_com.android.server.tracing.TracingServiceProxy took to complete: 0ms
04-20 12:57:14.711 554 588 D SystemServerTimingAsync: ssm.onUnlockingUser-0_com.android.server.policy.PermissionPolicyService
04-20 12:57:14.748 1411 1423 D LegacyCellBroadcastContentProvider: query: uri=content://cellbroadcast-legacy values=[_id, slot_index, geo_scope, plmn, lac, cid, serial_number, service_category, language, body, date, read, format, priority, etws_warning_type, cmas_message_class, cmas_category, cmas_response_type, cmas_severity, cmas_urgency, cmas_certainty] selection=null selectionArgs=null
04-20 12:57:14.751 554 588 V SystemServerTimingAsync: ssm.onUnlockingUser-0_com.android.server.policy.PermissionPolicyService took to complete: 0ms
04-20 12:57:14.751 554 588 D SystemServerTimingAsync: ssm.onUnlockingUser-0_com.android.server.pm.StagingManager$Lifecycle
04-20 12:57:14.751 554 588 V SystemServerTimingAsync: ssm.onUnlockingUser-0_com.android.server.pm.StagingManager$Lifecycle took to complete: 0ms
04-20 12:57:14.751 554 588 D SystemServerTimingAsync: ssm.onUnlockingUser-0_com.android.server.app.GameManagerService$Lifecycle
04-20 12:57:14.751 554 588 V SystemServerTimingAsync: ssm.onUnlockingUser-0_com.android.server.app.GameManagerService$Lifecycle took to complete: 0ms
04-20 12:57:14.751 554 588 D SystemServerTimingAsync: ssm.onUnlockingUser-0_com.android.safetycenter.SafetyCenterService
04-20 12:57:14.751 554 588 V SystemServerTimingAsync: ssm.onUnlockingUser-0_com.android.safetycenter.SafetyCenterService took to complete: 0ms
04-20 12:57:14.751 554 588 D SystemServerTimingAsync: ssm.onUnlockingUser-0_com.android.server.appsearch.AppSearchModule$Lifecycle
04-20 12:57:14.759 554 1458 D CompatibilityChangeReporter: Compat change id reported: 168419799; UID 10088; state: DISABLED
04-20 12:57:14.833 554 1458 D CompatibilityChangeReporter: Compat change id reported: 273564678; UID 10088; state: DISABLED
04-20 12:57:14.834 554 1458 W ActivityManager: Slow operation: 95ms so far, now at attachApplicationLocked: immediately before bindApplication
04-20 12:57:14.854 554 1460 I AppSearchUserInstanceMa: Creating new AppSearch instance at: /data/system_ce/0/appsearch/icing
04-20 12:57:14.911 554 1458 W ActivityManager: Slow operation: 172ms so far, now at attachApplicationLocked: immediately after bindApplication
04-20 12:57:14.911 554 1458 W ActivityManager: Slow operation: 173ms so far, now at attachApplicationLocked: after updateLruProcessLocked
04-20 12:57:14.919 554 554 W Looper : Slow dispatch took 1629ms main h=com.android.server.alarm.AlarmManagerService$AlarmHandler c=com.android.server.alarm.AlarmManagerService$3$$ExternalSyntheticLambda0@6aafce5 m=0
04-20 12:57:14.983 554 1458 W ActivityManager: Slow operation: 66ms so far, now at finishAttachApplicationInner: after mServices.attachApplicationLocked
04-20 12:57:14.984 1099 1099 D CellBroadcastServiceManager: CellBroadcastServiceManager created for phone 0
04-20 12:57:14.987 554 1458 W ActivityManager: Slow operation: 70ms so far, now at finishAttachApplicationInner: after dispatching broadcasts
04-20 12:57:14.963 1459 1459 I crash_dump64: obtaining output fd from tombstoned, type: kDebuggerdNativeBacktrace
04-20 12:57:15.000 213 213 I tombstoned: received crash request for pid 167
04-20 12:57:15.001 213 213 I tombstoned: found intercept fd 512 for pid 167 and type kDebuggerdNativeBacktrace
04-20 12:57:15.016 1459 1459 I crash_dump64: performing dump of process 167 (target tid = 167)
04-20 12:57:15.040 554 1460 W system_server: Core platform API violation: Llibcore/io/Memory;->pokeByte(JB)V from Lcom/android/server/appsearch/protobuf/UnsafeUtil; using reflection
04-20 12:57:15.053 1099 1099 D CellBroadcastServiceManager: getCellBroadcastServicePackageName: com.android.cellbroadcastservice
04-20 12:57:15.056 554 1460 W system_server: Core platform API violation: Llibcore/io/Memory;->peekByte(J)B from Lcom/android/server/appsearch/protobuf/UnsafeUtil; using reflection
04-20 12:57:15.097 1039 1039 D GsmCellBroadcastHandler: subId[-1] is not valid
04-20 12:57:15.123 1099 1099 D CellBroadcastServiceManager: serviceWasBound=true
04-20 12:57:15.162 1435 1435 D CompatibilityChangeReporter: Compat change id reported: 171979766; UID 10088; state: ENABLED
04-20 12:57:15.167 1435 1435 D CompatibilityChangeReporter: Compat change id reported: 242716250; UID 10088; state: ENABLED
04-20 12:57:15.255 1101 1128 I d.fakesystemapp: Background concurrent copying GC freed 3545(327KB) AllocSpace objects, 6(120KB) LOS objects, 49% free, 2172KB/4344KB, paused 287us,51us total 170.961ms
04-20 12:57:15.276 554 978 D CompatibilityChangeReporter: Compat change id reported: 170503758; UID 10088; state: ENABLED
04-20 12:57:15.341 1435 1435 D CompatibilityChangeReporter: Compat change id reported: 3400644; UID 10088; state: ENABLED
04-20 12:57:15.433 554 1357 I system_server: libdebuggerd_client: done dumping process 167
04-20 12:57:15.434 213 213 W tombstoned: skipping tombstone file creation due to intercept
04-20 12:57:15.449 554 576 W Looper : Slow dispatch took 448ms android.ui h=com.android.server.am.ActivityManagerService$UiHandler c=com.android.server.am.UidObserverController$$ExternalSyntheticLambda0@dbd6cb8 m=0
04-20 12:57:15.446 0 0 I init : Untracked pid 1462 exited with status 0
04-20 12:57:15.446 0 0 I init : Untracked pid 1462 did not have an associated service entry and will not be reaped
04-20 12:57:15.473 0 0 I init : Untracked pid 1459 exited with status 0
04-20 12:57:15.473 0 0 I init : Untracked pid 1459 did not have an associated service entry and will not be reaped
04-20 12:57:15.471 554 588 W SystemServiceManager: Service com.android.server.appsearch.AppSearchModule$Lifecycle took 719 ms in onUnlockingUser-0
04-20 12:57:15.471 554 588 V SystemServerTimingAsync: ssm.onUnlockingUser-0_com.android.server.appsearch.AppSearchModule$Lifecycle took to complete: 719ms
04-20 12:57:15.471 554 588 D SystemServerTimingAsync: ssm.onUnlockingUser-0_com.android.server.media.MediaCommunicationService
04-20 12:57:15.471 554 588 V SystemServerTimingAsync: ssm.onUnlockingUser-0_com.android.server.media.MediaCommunicationService took to complete: 0ms
04-20 12:57:15.471 554 588 D SystemServerTimingAsync: ssm.onUnlockingUser-0_com.android.server.compat.overrides.AppCompatOverridesService$Lifecycle
04-20 12:57:15.472 554 588 V SystemServerTimingAsync: ssm.onUnlockingUser-0_com.android.server.compat.overrides.AppCompatOverridesService$Lifecycle took to complete: 0ms
04-20 12:57:15.484 554 588 D SystemServerTimingAsync: ssm.onUnlockingUser-0_com.android.server.healthconnect.HealthConnectManagerService
04-20 12:57:15.485 554 588 V SystemServerTimingAsync: ssm.onUnlockingUser-0_com.android.server.healthconnect.HealthConnectManagerService took to complete: 0ms
04-20 12:57:15.485 554 588 D SystemServerTimingAsync: ssm.onUnlockingUser-0_com.android.server.devicelock.DeviceLockService
04-20 12:57:15.488 554 588 D DeviceLockService: onUserUnlocking
04-20 12:57:15.492 554 588 V SystemServerTimingAsync: ssm.onUnlockingUser-0_com.android.server.devicelock.DeviceLockService took to complete: 7ms
04-20 12:57:15.492 554 588 V SystemServerTimingAsync: ssm.UnlockingUser-0 took to complete: 11589ms
04-20 12:57:15.493 554 588 D SystemServerTiming: finishUserUnlocked-0
04-20 12:57:15.494 554 588 I ActivityManager: User 0 state changed from RUNNING_UNLOCKING to RUNNING_UNLOCKED
04-20 12:57:15.513 554 588 V SystemServerTiming: SystemUserUnlock took to complete: 25056ms
04-20 12:57:15.516 554 575 I ActivityTaskManager: Loading recents for user 0 into memory.
04-20 12:57:15.516 554 575 E TaskPersister: restoreTasksForUserLocked: Unable to list files from /data/system_ce/0/recent_tasks
04-20 12:57:15.521 554 1357 I ActivityManager: Collecting stacks for native pid 175
04-20 12:57:15.522 554 1357 I system_server: libdebuggerd_client: started dumping process 175
04-20 12:57:15.542 213 213 I tombstoned: registered intercept for pid 175 and type kDebuggerdNativeBacktrace
04-20 12:57:15.553 175 175 I libc : Requested dump for pid 175 (binder:175_2)
04-20 12:57:15.557 554 575 V PackageConfigPersister: loadPackages: empty list files from /data/system_ce/0/package_configs
04-20 12:57:15.578 554 1401 D CompatibilityChangeReporter: Compat change id reported: 168419799; UID 10085; state: DISABLED
04-20 12:57:15.584 554 1401 D CompatibilityChangeReporter: Compat change id reported: 273564678; UID 10085; state: DISABLED
04-20 12:57:15.663 1101 1101 I Choreographer: Skipped 196 frames! The application may be doing too much work on its main thread.
04-20 12:57:15.765 554 984 W system_server: Long monitor contention with owner appscheduling.default (642) at void com.android.server.am.ActivityManagerService$LocalService.updateDeviceIdleTempAllowlist(int[], int, boolean, long, int, int, java.lang.String, int)(ActivityManagerService.java:17648) waiters=1 in android.content.Intent com.android.server.am.ActivityManagerService.registerReceiverWithFeature(android.app.IApplicationThread, java.lang.String, java.lang.String, java.lang.String, android.content.IIntentReceiver, android.content.IntentFilter, java.lang.String, int, int) for 219ms
04-20 12:57:15.837 554 978 D CoreBackPreview: Window{6f90fc3 u0 com.android.fakesystemapp/com.android.fakesystemapp.launcher.FallbackHome}: Setting back callback OnBackInvokedCallbackInfo{mCallback=android.window.IOnBackInvokedCallback$Stub$Proxy@34eb635, mPriority=0, mIsAnimationCallback=false}
04-20 12:57:15.844 554 628 D WifiNl80211Manager: Scan result ready event
04-20 12:57:15.845 554 628 D WifiNative: Scan result ready event
04-20 12:57:15.926 554 588 W system_server: Long monitor contention with owner appscheduling.default (642) at void com.android.server.am.ActivityManagerService$LocalService.updateDeviceIdleTempAllowlist(int[], int, boolean, long, int, int, java.lang.String, int)(ActivityManagerService.java:17648) waiters=0 in void com.android.server.am.ActivityManagerService.startPersistentApps(int) for 408ms
04-20 12:57:16.062 1435 1435 D nativeloader: Configuring clns-shared-6 for other apk /apex/com.android.mediaprovider/priv-app/MediaProvider@UE1A.230829.036.A1/MediaProvider.apk. target_sdk_version=34, uses_libraries=, library_path=/apex/com.android.mediaprovider/priv-app/MediaProvider@UE1A.230829.036.A1/lib/x86_64:/apex/com.android.mediaprovider/priv-app/MediaProvider@UE1A.230829.036.A1/MediaProvider.apk!/lib/x86_64:/system/lib64:/system_ext/lib64, permitted_path=/data:/mnt/expand:/data/user/0/com.android.providers.media.module:/apex/com.android.mediaprovider/priv-app/MediaProvider@UE1A.230829.036.A1:/system/lib64:/system_ext/lib64
04-20 12:57:16.066 554 588 D CompatibilityChangeReporter: Compat change id reported: 135634846; UID 1000; state: DISABLED
04-20 12:57:16.094 1466 1466 I crash_dump64: obtaining output fd from tombstoned, type: kDebuggerdNativeBacktrace
04-20 12:57:16.097 213 213 I tombstoned: received crash request for pid 175
04-20 12:57:16.097 213 213 I tombstoned: found intercept fd 512 for pid 175 and type kDebuggerdNativeBacktrace
04-20 12:57:16.111 554 589 W ActivityManager: Slow operation: 87ms so far, now at startProcess: asking zygote to start proc
04-20 12:57:16.171 0 0 I binder : release 1427:1427 transaction 20980 out, still active
04-20 12:57:16.171 0 0 I binder : undelivered TRANSACTION_COMPLETE
04-20 12:57:16.122 1466 1466 I crash_dump64: performing dump of process 175 (target tid = 175)
04-20 12:57:16.171 554 978 W system_server: Long monitor contention with owner ActivityManager (588) at void com.android.server.am.ActivityManagerService.startPersistentApps(int)(ActivityManagerService.java:6696) waiters=2 in void com.android.server.am.ActivityManagerService.publishService(android.os.IBinder, android.content.Intent, android.os.IBinder) for 205ms
04-20 12:57:16.205 1411 1423 D LegacyCellBroadcastContentProvider: query from legacy cellbroadcast, returned 0 messages
04-20 12:57:16.213 1323 1358 D CellBroadcastDatabaseHelper: Finished migration from legacy provider
04-20 12:57:16.229 554 588 W BroadcastLoopers: Found previously unknown looper Thread[ActivityManager,5,main]
04-20 12:57:16.316 213 213 W tombstoned: skipping tombstone file creation due to intercept
04-20 12:57:16.333 1435 1435 D nativeloader: InitApexLibraries:
04-20 12:57:16.333 1435 1435 D nativeloader: com_android_adservices: libhpke_jni.so:libtflite_support_classifiers_native.so
04-20 12:57:16.333 1435 1435 D nativeloader: com_android_appsearch: libicing.so
04-20 12:57:16.333 1435 1435 D nativeloader: com_android_art: libartservice.so
04-20 12:57:16.333 1435 1435 D nativeloader: com_android_btservices: libbluetooth_jni.so
04-20 12:57:16.333 1435 1435 D nativeloader: com_android_conscrypt: libjavacrypto.so
04-20 12:57:16.333 1435 1435 D nativeloader: com_android_extservices: libtflite_support_classifiers_native.so
04-20 12:57:16.333 1435 1435 D nativeloader: com_android_os_statsd: libstats_jni.so
04-20 12:57:16.333 1435 1435 D nativeloader: com_android_tethering: libandroid_net_connectivity_com_android_net_module_util_jni.so:libcronet.114.0.5735.84.so:libframework-connectivity-jni.so:libframework-connectivity-tiramisu-jni.so:libservice-connectivity.so
04-20 12:57:16.333 1435 1435 D nativeloader: com_android_uwb: libuwb_uci_jni_rust.so
04-20 12:57:16.333 1435 1435 D nativeloader: com_android_virt: libvirtualizationservice_jni.so:libvirtualmachine_jni.so
04-20 12:57:16.347 0 0 I init : Untracked pid 1466 exited with status 0
04-20 12:57:16.347 0 0 I init : Untracked pid 1466 did not have an associated service entry and will not be reaped
04-20 12:57:16.357 0 0 I init : Untracked pid 1468 exited with status 0
04-20 12:57:16.357 0 0 I init : Untracked pid 1468 did not have an associated service entry and will not be reaped
04-20 12:57:16.352 554 1357 I system_server: libdebuggerd_client: done dumping process 175
04-20 12:57:16.372 347 347 D Zygote : Forked child process 1472
04-20 12:57:16.378 554 589 W ActivityManager: Slow operation: 354ms so far, now at startProcess: returned from zygote!
04-20 12:57:16.455 554 1446 V BackupManagerConstants: getKeyValueBackupIntervalMilliseconds(...) returns 14400000
04-20 12:57:16.458 554 554 W system_server: Long monitor contention with owner ActivityManager (588) at int com.android.server.am.UserController$Injector.broadcastIntent(android.content.Intent, java.lang.String, android.content.IIntentReceiver, int, java.lang.String, android.os.Bundle, java.lang.String[], int, android.os.Bundle, boolean, boolean, int, int, int, int, int)(UserController.java:3436) waiters=0 in android.content.Intent com.android.server.am.ActivityManagerService.registerReceiverWithFeature(android.app.IApplicationThread, java.lang.String, java.lang.String, java.lang.String, android.content.IIntentReceiver, android.content.IntentFilter, java.lang.String, int, int) for 195ms
04-20 12:57:16.458 554 1357 I ActivityManager: Collecting stacks for native pid 345
04-20 12:57:16.458 554 628 I WindowManager: finishDrawing of relaunch: Window{6f90fc3 u0 com.android.fakesystemapp/com.android.fakesystemapp.launcher.FallbackHome} 4536ms
04-20 12:57:16.477 554 1446 V BackupManagerConstants: getKeyValueBackupFuzzMilliseconds(...) returns 600000
04-20 12:57:16.477 554 1446 V BackupManagerConstants: getKeyValueBackupRequiredNetworkType(...) returns 1
04-20 12:57:16.477 554 1446 V BackupManagerConstants: getKeyValueBackupRequireCharging(...) returns true
04-20 12:57:16.478 554 1446 V KeyValueBackupJob: Scheduling k/v pass in 246 minutes
04-20 12:57:16.482 1101 1101 I Choreographer: Skipped 47 frames! The application may be doing too much work on its main thread.
04-20 12:57:16.485 554 1357 I system_server: libdebuggerd_client: started dumping process 345
04-20 12:57:16.505 213 213 I tombstoned: registered intercept for pid 345 and type kDebuggerdNativeBacktrace
04-20 12:57:16.507 345 345 I libc : Requested dump for pid 345 (binder:345_2)
04-20 12:57:16.619 554 588 I PreBootBroadcaster: Pre-boot of {com.android.managedprovisioning/com.android.managedprovisioning.ota.PreBootListener} for user 0
04-20 12:57:16.702 1472 1472 I or.multidisplay: Using CollectorTypeCC GC.
04-20 12:57:16.725 1472 1472 W or.multidisplay: Unexpected CPU variant for x86: x86_64.
04-20 12:57:16.725 1472 1472 W or.multidisplay: Known variants: atom, sandybridge, silvermont, goldmont, goldmont-plus, tremont, kabylake, default
04-20 12:57:16.790 554 589 W ActivityManager: Slow operation: 766ms so far, now at startProcess: done updating battery stats
04-20 12:57:16.797 554 589 W ActivityManager: Slow operation: 773ms so far, now at startProcess: building log message
04-20 12:57:16.797 554 589 I ActivityManager: Start proc 1472:com.android.emulator.multidisplay/1000 for added application com.android.emulator.multidisplay
04-20 12:57:16.797 554 589 W ActivityManager: Slow operation: 774ms so far, now at startProcess: starting to update pids map
04-20 12:57:16.799 554 576 W Looper : Slow dispatch took 254ms android.ui h=com.android.server.am.PreBootBroadcaster$1 c=null m=1
04-20 12:57:16.845 554 898 V BackupManagerService: [UserID:0] No ancestral data
04-20 12:57:16.945 554 984 I ImeTracker: com.android.fakesystemapp:a55aaa67: onRequestHide at ORIGIN_SERVER_HIDE_INPUT reason HIDE_UNSPECIFIED_WINDOW
04-20 12:57:16.947 554 984 I ImeTracker: com.android.fakesystemapp:a55aaa67: onCancelled at PHASE_SERVER_SHOULD_HIDE
04-20 12:57:16.993 554 589 W ActivityManager: Slow operation: 969ms so far, now at startProcess: done updating pids map
04-20 12:57:17.017 1472 1472 E or.multidisplay: Not starting debugger since process cannot load the jdwp agent.
04-20 12:57:17.079 554 1446 D CompatibilityChangeReporter: Compat change id reported: 271850009; UID 1000; state: ENABLED
04-20 12:57:17.179 1482 1482 I crash_dump64: obtaining output fd from tombstoned, type: kDebuggerdNativeBacktrace
04-20 12:57:17.177 0 0 I init : Untracked pid 1427 received signal 1
04-20 12:57:17.177 0 0 I init : Untracked pid 1427 did not have an associated service entry and will not be reaped
04-20 12:57:17.203 213 213 I tombstoned: received crash request for pid 345
04-20 12:57:17.205 213 213 I tombstoned: found intercept fd 512 for pid 345 and type kDebuggerdNativeBacktrace
04-20 12:57:17.209 1482 1482 I crash_dump64: performing dump of process 345 (target tid = 345)
04-20 12:57:17.304 554 588 V SystemServerTiming: finishUserUnlocked-0 took to complete: 1598ms
04-20 12:57:17.315 554 1366 W ProcessCpuTracker: Failed to stat(/proc/425/task/1426): android.system.ErrnoException: stat failed: ENOENT (No such file or directory)
04-20 12:57:17.315 554 1366 W ProcessCpuTracker: Skipping unknown process pid 1426
04-20 12:57:17.373 1435 1435 V GraphicsEnvironment: Currently set values for:
04-20 12:57:17.373 1435 1435 V GraphicsEnvironment: angle_gl_driver_selection_pkgs=[]
04-20 12:57:17.374 1435 1435 V GraphicsEnvironment: angle_gl_driver_selection_values=[]
04-20 12:57:17.481 1435 1435 V GraphicsEnvironment: ANGLE GameManagerService for com.android.providers.media.module: false
04-20 12:57:17.482 1435 1435 V GraphicsEnvironment: com.android.providers.media.module is not listed in per-application setting
04-20 12:57:17.483 1435 1435 V GraphicsEnvironment: Neither updatable production driver nor prerelease driver is supported.
04-20 12:57:17.513 1099 1470 D MmsSmsDatabaseHelper: onCreate: Creating all SMS-MMS tables.
04-20 12:57:17.642 213 213 W tombstoned: skipping tombstone file creation due to intercept
04-20 12:57:17.682 554 1357 I system_server: libdebuggerd_client: done dumping process 345
04-20 12:57:17.707 0 0 I init : Untracked pid 1491 exited with status 0
04-20 12:57:17.707 0 0 I init : Untracked pid 1491 did not have an associated service entry and will not be reaped
04-20 12:57:17.708 0 0 I init : Untracked pid 1482 exited with status 0
04-20 12:57:17.708 0 0 I init : Untracked pid 1482 did not have an associated service entry and will not be reaped
04-20 12:57:17.792 554 1357 I ActivityManager: Collecting stacks for native pid 346
04-20 12:57:17.808 554 1357 I system_server: libdebuggerd_client: started dumping process 346
04-20 12:57:17.810 213 213 I tombstoned: registered intercept for pid 346 and type kDebuggerdNativeBacktrace
04-20 12:57:17.841 346 346 I libc : Requested dump for pid 346 (binder:346_4)
04-20 12:57:18.049 554 978 W system_server: Long monitor contention with owner ActivityManager (588) at void com.android.server.am.BroadcastQueueModernImpl.checkPendingColdStartValidity()(BroadcastQueueModernImpl.java:559) waiters=1 in android.content.Intent com.android.server.am.ActivityManagerService.registerReceiverWithFeature(android.app.IApplicationThread, java.lang.String, java.lang.String, java.lang.String, android.content.IIntentReceiver, android.content.IntentFilter, java.lang.String, int, int) for 570ms
04-20 12:57:18.056 554 628 W system_server: Long monitor contention with owner ActivityManager (588) at void com.android.server.am.BroadcastQueueModernImpl.checkPendingColdStartValidity()(BroadcastQueueModernImpl.java:559) waiters=2 in void com.android.server.am.ActivityManagerService.attachApplication(android.app.IApplicationThread, long) for 575ms
04-20 12:57:18.071 554 628 D CompatibilityChangeReporter: Compat change id reported: 168419799; UID 1000; state: DISABLED
04-20 12:57:18.103 554 665 I InputReader: Reconfiguring input devices, changes=KEYBOARD_LAYOUTS
04-20 12:57:18.154 554 628 D CompatibilityChangeReporter: Compat change id reported: 273564678; UID 1000; state: DISABLED
04-20 12:57:18.155 554 628 W ActivityManager: Slow operation: 98ms so far, now at attachApplicationLocked: immediately before bindApplication
04-20 12:57:18.184 554 628 W ActivityManager: Slow operation: 127ms so far, now at attachApplicationLocked: immediately after bindApplication
04-20 12:57:18.185 554 628 W ActivityManager: Slow operation: 128ms so far, now at attachApplicationLocked: after updateLruProcessLocked
04-20 12:57:18.211 554 984 W system_server: Long monitor contention with owner ActivityManager (588) at void com.android.server.am.BroadcastQueueModernImpl.checkPendingColdStartValidity()(BroadcastQueueModernImpl.java:559) waiters=0 in void com.android.server.am.ContentProviderHelper.removeContentProvider(android.os.IBinder, boolean) for 739ms
04-20 12:57:18.276 554 576 W Looper : Slow dispatch took 467ms android.ui h=com.android.server.am.ActivityManagerService$UiHandler c=null m=68
04-20 12:57:18.283 554 588 I ActivityManager: com.android.managedprovisioning is exempt from freezer
04-20 12:57:18.298 554 588 D CompatibilityChangeReporter: Compat change id reported: 135634846; UID 10061; state: DISABLED
04-20 12:57:18.299 554 588 D CompatibilityChangeReporter: Compat change id reported: 177438394; UID 10061; state: DISABLED
04-20 12:57:18.313 554 588 D CompatibilityChangeReporter: Compat change id reported: 135772972; UID 10061; state: DISABLED
04-20 12:57:18.318 1472 1472 D CompatibilityChangeReporter: Compat change id reported: 171979766; UID 1000; state: ENABLED
04-20 12:57:18.319 1472 1472 D CompatibilityChangeReporter: Compat change id reported: 242716250; UID 1000; state: ENABLED
04-20 12:57:18.321 554 588 D CompatibilityChangeReporter: Compat change id reported: 135754954; UID 10061; state: ENABLED
04-20 12:57:18.322 554 588 W ActivityManager: Slow operation: 63ms so far, now at startProcess: done starting proc!
04-20 12:57:18.324 554 589 W ActivityManager: Slow operation: 53ms so far, now at startProcess: asking zygote to start proc
04-20 12:57:18.325 554 589 D CompatibilityChangeReporter: Compat change id reported: 143937733; UID 10061; state: ENABLED
04-20 12:57:18.340 554 554 W system_server: Long monitor contention with owner ActivityManager (588) at void com.android.server.am.BroadcastQueueModernImpl.checkPendingColdStartValidity()(BroadcastQueueModernImpl.java:559) waiters=3 in android.content.Intent com.android.server.am.ActivityManagerService.registerReceiverWithFeature(android.app.IApplicationThread, java.lang.String, java.lang.String, java.lang.String, android.content.IIntentReceiver, android.content.IntentFilter, java.lang.String, int, int) for 694ms
04-20 12:57:18.344 554 587 I UsageStatsService: User[0] Flushing usage stats to disk
04-20 12:57:18.373 1039 1067 E SystemServiceRegistry: No service published for: ethernet
04-20 12:57:18.373 1039 1067 E SystemServiceRegistry: android.os.ServiceManager$ServiceNotFoundException: No service published for: ethernet
04-20 12:57:18.373 1039 1067 E SystemServiceRegistry: at android.os.ServiceManager.getServiceOrThrow(ServiceManager.java:166)
04-20 12:57:18.373 1039 1067 E SystemServiceRegistry: at android.app.SystemServiceRegistry$139.createService(SystemServiceRegistry.java:1872)
04-20 12:57:18.373 1039 1067 E SystemServiceRegistry: at android.app.SystemServiceRegistry$CachedServiceFetcher.getService(SystemServiceRegistry.java:1971)
04-20 12:57:18.373 1039 1067 E SystemServiceRegistry: at android.app.SystemServiceRegistry.getSystemService(SystemServiceRegistry.java:1645)
04-20 12:57:18.373 1039 1067 E SystemServiceRegistry: at android.app.ContextImpl.getSystemService(ContextImpl.java:2212)
04-20 12:57:18.373 1039 1067 E SystemServiceRegistry: at android.content.ContextWrapper.getSystemService(ContextWrapper.java:934)
04-20 12:57:18.373 1039 1067 E SystemServiceRegistry: at com.android.networkstack.tethering.Tethering.isEthernetSupported(Tethering.java:1582)
04-20 12:57:18.373 1039 1067 E SystemServiceRegistry: at com.android.networkstack.tethering.Tethering.makeSupportedDownstreams(Tethering.java:2550)
04-20 12:57:18.373 1039 1067 E SystemServiceRegistry: at com.android.networkstack.tethering.Tethering.updateSupportedDownstreams(Tethering.java:2524)
04-20 12:57:18.373 1039 1067 E SystemServiceRegistry: at com.android.networkstack.tethering.Tethering.updateConfiguration(Tethering.java:546)
04-20 12:57:18.373 1039 1067 E SystemServiceRegistry: at com.android.networkstack.tethering.Tethering.-$$Nest$mupdateConfiguration(Tethering.java:0)
04-20 12:57:18.373 1039 1067 E SystemServiceRegistry: at com.android.networkstack.tethering.Tethering$StateReceiver.onReceive(Tethering.java:1184)
04-20 12:57:18.373 1039 1067 E SystemServiceRegistry: at android.app.LoadedApk$ReceiverDispatcher$Args.lambda$getRunnable$0(LoadedApk.java:1802)
04-20 12:57:18.373 1039 1067 E SystemServiceRegistry: at android.app.LoadedApk$ReceiverDispatcher$Args.$r8$lambda$gDuJqgxY6Zb-ifyeubKeivTLAwk(Unknown Source:0)
04-20 12:57:18.373 1039 1067 E SystemServiceRegistry: at android.app.LoadedApk$ReceiverDispatcher$Args$$ExternalSyntheticLambda0.run(Unknown Source:2)
04-20 12:57:18.373 1039 1067 E SystemServiceRegistry: at android.os.Handler.handleCallback(Handler.java:958)
04-20 12:57:18.373 1039 1067 E SystemServiceRegistry: at android.os.Handler.dispatchMessage(Handler.java:99)
04-20 12:57:18.373 1039 1067 E SystemServiceRegistry: at android.os.Looper.loopOnce(Looper.java:205)
04-20 12:57:18.373 1039 1067 E SystemServiceRegistry: at android.os.Looper.loop(Looper.java:294)
04-20 12:57:18.373 1039 1067 E SystemServiceRegistry: at android.os.HandlerThread.run(HandlerThread.java:67)
04-20 12:57:18.410 1499 1499 I crash_dump64: obtaining output fd from tombstoned, type: kDebuggerdNativeBacktrace
04-20 12:57:18.445 213 213 I tombstoned: received crash request for pid 346
04-20 12:57:18.445 213 213 I tombstoned: found intercept fd 512 for pid 346 and type kDebuggerdNativeBacktrace
04-20 12:57:18.450 1499 1499 I crash_dump64: performing dump of process 346 (target tid = 346)
04-20 12:57:18.458 554 554 D BluetoothHeadset: Binding service...
04-20 12:57:18.465 554 554 D BluetoothManagerService: Trying to bind to profile: 1, while Bluetooth was disabled
04-20 12:57:18.466 554 554 D BluetoothHearingAid: Binding service...
04-20 12:57:18.467 554 554 D BluetoothManagerService: Trying to bind to profile: 21, while Bluetooth was disabled
04-20 12:57:18.467 554 554 D BluetoothLeAudio: Binding service...
04-20 12:57:18.476 554 554 D BluetoothManagerService: Trying to bind to profile: 22, while Bluetooth was disabled
04-20 12:57:18.490 1472 1472 D CompatibilityChangeReporter: Compat change id reported: 3400644; UID 1000; state: ENABLED
04-20 12:57:18.500 347 347 D Zygote : Forked child process 1503
04-20 12:57:18.505 554 589 W ActivityManager: Slow operation: 234ms so far, now at startProcess: returned from zygote!
04-20 12:57:18.507 554 589 W ActivityManager: Slow operation: 235ms so far, now at startProcess: done updating battery stats
04-20 12:57:18.507 554 589 W ActivityManager: Slow operation: 236ms so far, now at startProcess: building log message
04-20 12:57:18.512 554 589 I ActivityManager: Start proc 1503:com.android.managedprovisioning/u0a61 for broadcast {com.android.managedprovisioning/com.android.managedprovisioning.ota.PreBootListener}
04-20 12:57:18.512 554 589 W ActivityManager: Slow operation: 240ms so far, now at startProcess: starting to update pids map
04-20 12:57:18.513 554 589 W ActivityManager: Slow operation: 241ms so far, now at startProcess: done updating pids map
04-20 12:57:18.533 554 898 I BackupManagerService: isBackupEnabled() => false due to absent settings file
04-20 12:57:18.644 554 898 D BackupManagerService: user:0 readBackupEnableState enabled:false
04-20 12:57:18.644 554 898 I BackupManagerService: [UserID:0] Backup enabled => false
04-20 12:57:18.645 554 1446 D CompatibilityChangeReporter: Compat change id reported: 194532703; UID 1000; state: ENABLED
04-20 12:57:18.695 1472 1472 D nativeloader: Configuring clns-shared-6 for other apk /system_ext/priv-app/MultiDisplayProvider/MultiDisplayProvider.apk. target_sdk_version=34, uses_libraries=, library_path=/system_ext/priv-app/MultiDisplayProvider/lib/x86_64:/system_ext/priv-app/MultiDisplayProvider/MultiDisplayProvider.apk!/lib/x86_64:/system/lib64:/system_ext/lib64, permitted_path=/data:/mnt/expand:/data/user/0/com.android.emulator.multidisplay:/system_ext/priv-app/MultiDisplayProvider:/system/lib64:/system_ext/lib64
04-20 12:57:18.739 1099 1099 W System : ClassLoader referenced unknown path:
04-20 12:57:18.753 554 1357 I system_server: libdebuggerd_client: done dumping process 346
04-20 12:57:18.760 213 213 W tombstoned: skipping tombstone file creation due to intercept
04-20 12:57:18.762 554 628 I ActivityManager: Broadcasting: Intent { act=com.android.emulator.multidisplay.START flg=0x400000 cmp=com.android.emulator.multidisplay/.MultiDisplayServiceReceiver }
04-20 12:57:18.764 1503 1503 I gedprovisioning: Using CollectorTypeCC GC.
04-20 12:57:18.778 0 0 I init : Untracked pid 1499 exited with status 0
04-20 12:57:18.778 0 0 I init : Untracked pid 1499 did not have an associated service entry and will not be reaped
04-20 12:57:18.782 1503 1503 W gedprovisioning: Unexpected CPU variant for x86: x86_64.
04-20 12:57:18.782 1503 1503 W gedprovisioning: Known variants: atom, sandybridge, silvermont, goldmont, goldmont-plus, tremont, kabylake, default
04-20 12:57:18.783 0 0 I init : Untracked pid 1501 exited with status 0
04-20 12:57:18.783 0 0 I init : Untracked pid 1501 did not have an associated service entry and will not be reaped
