04-20 12:56:25.869 554 624 D SystemServerInitThreadPool: Finished executing UsbService$Lifecycle#onStart
04-20 12:56:25.870 554 624 V SystemServerTimingAsync: InitThreadPoolExec:UsbService$Lifecycle#onStart took to complete: 228ms
04-20 12:56:25.893 554 554 V HistoricalRegistry: Interaction before persistence initialized
04-20 12:56:25.894 554 554 V HistoricalRegistry: Interaction before persistence initialized
04-20 12:56:25.904 554 554 V SystemServerTiming: StartJobScheduler took to complete: 166ms
04-20 12:56:25.904 554 554 D SystemServerTiming: StartSoundTrigger
04-20 12:56:25.904 554 554 I SystemServiceManager: Starting com.android.server.soundtrigger.SoundTriggerService
04-20 12:56:25.913 554 554 V SystemServerTiming: StartSoundTrigger took to complete: 8ms
04-20 12:56:25.913 554 554 D SystemServerTiming: StartTrustManager
04-20 12:56:25.914 554 554 I SystemServiceManager: Starting com.android.server.trust.TrustManagerService
04-20 12:56:25.928 554 554 V SystemServerTiming: StartTrustManager took to complete: 14ms
04-20 12:56:25.928 554 554 D SystemServerTiming: StartBackupManager
04-20 12:56:25.929 554 554 I SystemServiceManager: Starting com.android.server.backup.BackupManagerService$Lifecycle
04-20 12:56:25.936 554 554 D BackupManagerService: Default backup user id = 0
04-20 12:56:25.944 554 554 V SystemServerTiming: StartBackupManager took to complete: 15ms
04-20 12:56:25.944 554 554 D SystemServerTiming: StartAppWidgetService
04-20 12:56:25.944 554 554 I SystemServiceManager: Starting com.android.server.appwidget.AppWidgetService
04-20 12:56:25.971 554 554 V SystemServerTiming: StartAppWidgetService took to complete: 28ms
04-20 12:56:25.972 554 554 D SystemServerTiming: StartVoiceRecognitionManager
04-20 12:56:25.973 554 554 I SystemServiceManager: Starting com.android.server.voiceinteraction.VoiceInteractionManagerService
04-20 12:56:25.984 554 554 V SystemServerTiming: StartVoiceRecognitionManager took to complete: 12ms
04-20 12:56:25.985 554 554 D SystemServerTiming: StartGestureLauncher
04-20 12:56:25.985 554 554 I SystemServiceManager: Starting com.android.server.GestureLauncherService
04-20 12:56:25.986 554 554 V SystemServerTiming: StartGestureLauncher took to complete: 1ms
04-20 12:56:25.987 554 554 D SystemServerTiming: StartSensorNotification
04-20 12:56:25.987 554 554 I SystemServiceManager: Starting com.android.server.SensorNotificationService
04-20 12:56:25.991 554 554 V SystemServerTiming: StartSensorNotification took to complete: 4ms
04-20 12:56:25.991 554 554 D SystemServerTiming: StartDiskStatsService
04-20 12:56:25.999 554 554 D CompatibilityChangeReporter: Compat change id reported: 194532703; UID 1000; state: ENABLED
04-20 12:56:26.002 554 554 D CompatibilityChangeReporter: Compat change id reported: 253665015; UID 1000; state: ENABLED
04-20 12:56:26.009 554 554 D CompatibilityChangeReporter: Compat change id reported: 253665015; UID 1000; state: ENABLED
04-20 12:56:26.014 554 554 D CompatibilityChangeReporter: Compat change id reported: 194532703; UID 1000; state: ENABLED
04-20 12:56:26.033 554 554 V SystemServerTiming: StartDiskStatsService took to complete: 42ms
04-20 12:56:26.033 554 554 D SystemServerTiming: RuntimeService
04-20 12:56:26.039 554 554 V SystemServerTiming: RuntimeService took to complete: 5ms
04-20 12:56:26.040 554 554 D SystemServerTiming: StartNetworkTimeUpdateService
04-20 12:56:26.054 554 554 V SystemServerTiming: StartNetworkTimeUpdateService took to complete: 15ms
04-20 12:56:26.055 554 554 D SystemServerTiming: CertBlacklister
04-20 12:56:26.058 554 554 V SystemServerTiming: CertBlacklister took to complete: 3ms
04-20 12:56:26.058 554 554 D SystemServerTiming: StartEmergencyAffordanceService
04-20 12:56:26.059 554 554 I SystemServiceManager: Starting com.android.server.emergency.EmergencyAffordanceService
04-20 12:56:26.067 554 554 V SystemServerTiming: StartEmergencyAffordanceService took to complete: 8ms
04-20 12:56:26.067 554 554 D SystemServerTiming: startBlobStoreManagerService
04-20 12:56:26.073 554 554 I SystemServiceManager: Starting com.android.server.blob.BlobStoreManagerService
04-20 12:56:26.092 554 554 V SystemServerTiming: startBlobStoreManagerService took to complete: 22ms
04-20 12:56:26.092 554 554 D SystemServerTiming: StartDreamManager
04-20 12:56:26.093 554 554 I SystemServiceManager: Starting com.android.server.dreams.DreamManagerService
04-20 12:56:26.098 554 554 V SystemServerTiming: StartDreamManager took to complete: 6ms
04-20 12:56:26.098 554 554 D SystemServerTiming: AddGraphicsStatsService
04-20 12:56:26.136 554 886 E AS.AudioService: error reading spatial audio device settings
04-20 12:56:26.137 554 886 I AS.SpatializerHelper: init effectExpected=false
04-20 12:56:26.138 554 886 I AS.SpatializerHelper: init(): setting state to STATE_NOT_SUPPORTED due to effect not expected
04-20 12:56:26.138 554 886 I AS.SpatializerHelper: setFeatureEnabled(false) was featureEnabled:false
04-20 12:56:26.184 554 554 V SystemServerTiming: AddGraphicsStatsService took to complete: 86ms
04-20 12:56:26.186 554 554 D SystemServerTiming: StartPrintManager
04-20 12:56:26.187 554 554 I SystemServiceManager: Starting com.android.server.print.PrintManagerService
04-20 12:56:26.206 345 351 I ServiceManagerCppClient: Waiting for service 'statscompanion' on '/dev/binder'...
04-20 12:56:26.212 554 554 V SystemServerTiming: StartPrintManager took to complete: 26ms
04-20 12:56:26.213 554 554 D SystemServerTiming: StartAttestationVerificationService
04-20 12:56:26.213 554 554 I SystemServiceManager: Starting com.android.server.security.AttestationVerificationManagerService
04-20 12:56:26.215 554 554 D AVF : Started
04-20 12:56:26.222 554 554 V SystemServerTiming: StartAttestationVerificationService took to complete: 10ms
04-20 12:56:26.223 554 554 D SystemServerTiming: StartCompanionDeviceManager
04-20 12:56:26.230 554 554 I SystemServiceManager: Starting com.android.server.companion.CompanionDeviceManagerService
04-20 12:56:26.241 554 554 I CompanionDevice_PersistentDataStore: Reading associations for user 0 from disk
04-20 12:56:26.255 554 554 I CDM_CompanionTransportManager: Registering OnTransportsChangedListener
04-20 12:56:26.265 554 554 V SystemServerTiming: StartCompanionDeviceManager took to complete: 39ms
04-20 12:56:26.266 554 554 D SystemServerTiming: StartVirtualDeviceManager
04-20 12:56:26.267 554 554 I SystemServiceManager: Starting com.android.server.companion.virtual.VirtualDeviceManagerService
04-20 12:56:26.274 554 554 V SystemServerTiming: StartVirtualDeviceManager took to complete: 7ms
04-20 12:56:26.274 554 554 D SystemServerTiming: StartRestrictionManager
04-20 12:56:26.274 554 554 I SystemServiceManager: Starting com.android.server.restrictions.RestrictionsManagerService
04-20 12:56:26.288 554 554 V SystemServerTiming: StartRestrictionManager took to complete: 14ms
04-20 12:56:26.288 554 554 D SystemServerTiming: StartMediaSessionService
04-20 12:56:26.290 554 554 I SystemServiceManager: Starting com.android.server.media.MediaSessionService
04-20 12:56:26.305 554 554 V SystemServerTiming: StartMediaSessionService took to complete: 16ms
04-20 12:56:26.305 554 554 D SystemServerTiming: StartMediaRouterService
04-20 12:56:26.314 554 554 V HistoricalRegistry: Interaction before persistence initialized
04-20 12:56:26.326 554 554 V SystemServerTiming: StartMediaRouterService took to complete: 20ms
04-20 12:56:26.326 554 554 D SystemServerTiming: StartFaceSensor
04-20 12:56:26.327 554 554 I SystemServiceManager: Starting com.android.server.biometrics.sensors.face.FaceService
04-20 12:56:26.334 554 554 V SystemServerTiming: StartFaceSensor took to complete: 7ms
04-20 12:56:26.334 554 554 D SystemServerTiming: StartFingerprintSensor
04-20 12:56:26.334 554 554 I SystemServiceManager: Starting com.android.server.biometrics.sensors.fingerprint.FingerprintService
04-20 12:56:26.357 554 554 V SystemServerTiming: StartFingerprintSensor took to complete: 24ms
04-20 12:56:26.358 554 554 D SystemServerTiming: StartBiometricService
04-20 12:56:26.362 554 554 I SystemServiceManager: Starting com.android.server.biometrics.BiometricService
04-20 12:56:26.375 554 886 W BroadcastLoopers: Found previously unknown looper Thread[AudioService,5,main]
04-20 12:56:26.378 554 554 V SystemServerTiming: StartBiometricService took to complete: 19ms
04-20 12:56:26.378 554 554 D SystemServerTiming: StartAuthService
04-20 12:56:26.378 554 554 I SystemServiceManager: Starting com.android.server.biometrics.AuthService
04-20 12:56:26.413 0 0 I servicemanager: Found android.hardware.biometrics.fingerprint.IFingerprint/default in device VINTF manifest.
04-20 12:56:26.423 0 0 I servicemanager: Since 'android.hardware.biometrics.fingerprint.IFingerprint/default' could not be found, trying to start it as a lazy AIDL service. (if it's not configured to be a lazy service, it may be stuck starting or still starting).
04-20 12:56:26.425 0 0 I servicemanager: Found android.hardware.biometrics.face.IFace/default in device VINTF manifest.
04-20 12:56:26.422 554 554 V SystemServerTiming: StartAuthService took to complete: 44ms
04-20 12:56:26.422 554 554 D SystemServerTiming: StartDynamicCodeLoggingService
04-20 12:56:26.443 554 554 V SystemServerTiming: StartDynamicCodeLoggingService took to complete: 21ms
04-20 12:56:26.458 554 554 D SystemServerTiming: StartPruneInstantAppsJobService
04-20 12:56:26.470 554 554 V SystemServerTiming: StartPruneInstantAppsJobService took to complete: 11ms
04-20 12:56:26.470 554 554 D SystemServerTiming: StartShortcutServiceLifecycle
04-20 12:56:26.470 554 554 I SystemServiceManager: Starting com.android.server.pm.ShortcutService$Lifecycle
04-20 12:56:26.472 0 0 I init : starting service 'vendor.biometrics.fingerprint-service.ranchu'...
04-20 12:56:26.505 554 554 V HistoricalRegistry: Interaction before persistence initialized
04-20 12:56:26.510 554 554 V SystemServerTiming: StartShortcutServiceLifecycle took to complete: 39ms
04-20 12:56:26.511 554 554 D SystemServerTiming: StartLauncherAppsService
04-20 12:56:26.513 554 554 I SystemServiceManager: Starting com.android.server.pm.LauncherAppsService
04-20 12:56:26.529 554 907 D FaceProvider/default: Added: ID: 4, Strength: 2, Type: 1, SupportsFaceDetection: false
04-20 12:56:26.542 554 907 D BiometricService: Registering ID: 4 Modality: 8 Strength: 15
04-20 12:56:26.545 554 554 V SystemServerTiming: StartLauncherAppsService took to complete: 33ms
04-20 12:56:26.545 554 554 D SystemServerTiming: StartCrossProfileAppsService
04-20 12:56:26.546 554 554 I SystemServiceManager: Starting com.android.server.pm.CrossProfileAppsService
04-20 12:56:26.556 554 554 V SystemServerTiming: StartCrossProfileAppsService took to complete: 11ms
04-20 12:56:26.557 554 554 D SystemServerTiming: StartPeopleService
04-20 12:56:26.558 554 554 I SystemServiceManager: Starting com.android.server.people.PeopleService
04-20 12:56:26.569 554 554 V SystemServerTiming: StartPeopleService took to complete: 11ms
04-20 12:56:26.570 554 554 D SystemServerTiming: StartMediaMetricsManager
04-20 12:56:26.571 554 554 I SystemServiceManager: Starting com.android.server.media.metrics.MediaMetricsManagerService
04-20 12:56:26.580 554 554 V SystemServerTiming: StartMediaMetricsManager took to complete: 9ms
04-20 12:56:26.581 554 554 D SystemServerTiming: StartBackgroundInstallControlService
04-20 12:56:26.582 554 554 I SystemServiceManager: Starting com.android.server.pm.BackgroundInstallControlService
04-20 12:56:26.579 0 0 I init : ... started service 'vendor.biometrics.fingerprint-service.ranchu' has pid 909
04-20 12:56:26.580 0 0 I init : Control message: Processed ctl.interface_start for 'aidl/android.hardware.biometrics.fingerprint.IFingerprint/default' from pid: 153 (/system/bin/servicemanager)
04-20 12:56:26.586 554 907 D BiometricStrengthController: updateStrengths: revert sensorId=4 to oemStrength=15
04-20 12:56:26.586 554 907 D BiometricService/Sensor: updateStrength: Before(ID(4), oemStrength: 15, updatedStrength: 15, modality 8, state: 0, cookie: 0) After(ID(4), oemStrength: 15, updatedStrength: 15, modality 8, state: 0, cookie: 0)
04-20 12:56:26.602 554 554 V SystemServerTiming: StartBackgroundInstallControlService took to complete: 21ms
04-20 12:56:26.603 554 554 D SystemServerTiming: StartMediaProjectionManager
04-20 12:56:26.606 554 554 I SystemServiceManager: Starting com.android.server.media.projection.MediaProjectionManagerService
04-20 12:56:26.634 554 554 V MediaRouter: Selecting route: RouteInfo{ name=Phone, description=null, status=null, category=RouteCategory{ name=System types=ROUTE_TYPE_LIVE_AUDIO ROUTE_TYPE_LIVE_VIDEO groupable=false }, supportedTypes=ROUTE_TYPE_LIVE_AUDIO ROUTE_TYPE_LIVE_VIDEO , presentationDisplay=null }
04-20 12:56:26.635 554 554 I MediaRouter: Skip setBluetoothA2dpOn(): types=8388615, isPlaybackActive()=false, BT route=null
04-20 12:56:26.660 554 554 V SystemServerTiming: StartMediaProjectionManager took to complete: 54ms
04-20 12:56:26.661 554 554 D SystemServerTiming: StartSliceManagerService
04-20 12:56:26.667 554 554 I SystemServiceManager: Starting com.android.server.slice.SliceManagerService$Lifecycle
04-20 12:56:26.692 554 554 V SystemServerTiming: StartSliceManagerService took to complete: 30ms
04-20 12:56:26.693 554 554 D SystemServerTiming: StartStatsCompanion
04-20 12:56:26.694 554 554 I SystemServiceManager: Starting com.android.server.stats.StatsCompanion$Lifecycle
04-20 12:56:26.719 554 554 V SystemServerTiming: StartStatsCompanion took to complete: 26ms
04-20 12:56:26.719 554 554 D SystemServerTiming: StartRebootReadinessManagerService
04-20 12:56:26.733 554 554 I SystemServiceManager: Starting com.android.server.scheduling.RebootReadinessManagerService$Lifecycle
04-20 12:56:26.774 554 554 I TetheringManager: registerTetheringEventCallback:android
04-20 12:56:26.775 554 554 I TetheringManager: registerTetheringEventCallback caller:android
04-20 12:56:26.786 345 351 I ServiceManagerCppClient: Waiting for service 'statscompanion' on '/dev/binder' successful after waiting 582ms
04-20 12:56:26.790 554 554 W SystemServiceManager: Service com.android.server.scheduling.RebootReadinessManagerService$Lifecycle took 57 ms in onStart
04-20 12:56:26.791 554 554 V SystemServerTiming: StartRebootReadinessManagerService took to complete: 71ms
04-20 12:56:26.791 554 554 D SystemServerTiming: StartStatsPullAtomService
04-20 12:56:26.800 554 554 I SystemServiceManager: Starting com.android.server.stats.pull.StatsPullAtomService
04-20 12:56:26.801 554 554 V SystemServerTiming: StartStatsPullAtomService took to complete: 1ms
04-20 12:56:26.801 554 554 D SystemServerTiming: StatsBootstrapAtomService
04-20 12:56:26.802 554 554 I SystemServiceManager: Starting com.android.server.stats.bootstrap.StatsBootstrapAtomService$Lifecycle
04-20 12:56:26.824 554 554 V SystemServerTiming: StatsBootstrapAtomService took to complete: 10ms
04-20 12:56:26.825 554 554 D SystemServerTiming: StartIncidentCompanionService
04-20 12:56:26.826 554 554 I SystemServiceManager: Starting com.android.server.incident.IncidentCompanionService
04-20 12:56:26.852 554 554 V SystemServerTiming: StartIncidentCompanionService took to complete: 26ms
04-20 12:56:26.853 554 554 D SystemServerTiming: StarSdkSandboxManagerService
04-20 12:56:26.855 554 554 I SystemServiceManager: Starting com.android.server.sdksandbox.SdkSandboxManagerService$Lifecycle
04-20 12:56:26.937 554 554 D SdkSandboxManager: Registering callback with StatsManager
04-20 12:56:26.967 554 554 V SystemServerTiming: StarSdkSandboxManagerService took to complete: 113ms
04-20 12:56:26.968 554 554 D SystemServerTiming: StartAdServicesManagerService
04-20 12:56:26.978 554 554 I SystemServiceManager: Starting com.android.server.adservices.AdServicesManagerService$Lifecycle
04-20 12:56:27.013 909 909 I AidlLazyServiceRegistrar: Registering service android.hardware.biometrics.fingerprint.IFingerprint/default
04-20 12:56:27.019 554 554 D SdkSandboxManager: registerAdServicesManagerService(): published=true
04-20 12:56:27.025 554 554 V SystemServerTiming: StartAdServicesManagerService took to complete: 48ms
04-20 12:56:27.026 554 554 D SystemServerTiming: StartOnDevicePersonalizationSystemService
04-20 12:56:27.052 554 554 I SystemServiceManager: Starting com.android.server.ondevicepersonalization.OnDevicePersonalizationSystemService$Lifecycle
04-20 12:56:27.061 0 0 I servicemanager: Found android.hardware.biometrics.fingerprint.IFingerprint/default in device VINTF manifest.
04-20 12:56:27.069 554 554 I OnDevicePersonalizationSystemService: OnDevicePersonalizationSystemService started!
04-20 12:56:27.070 554 554 V SystemServerTiming: StartOnDevicePersonalizationSystemService took to complete: 43ms
04-20 12:56:27.070 554 554 D SystemServerTiming: StartMmsService
04-20 12:56:27.071 554 554 I SystemServiceManager: Starting com.android.server.MmsServiceBroker
04-20 12:56:27.089 0 0 I BpBinder: onLastStrongRef automatically unlinking death recipients:
04-20 12:56:27.096 554 554 V SystemServerTiming: StartMmsService took to complete: 25ms
04-20 12:56:27.097 554 554 D SystemServerTiming: StartAutoFillService
04-20 12:56:27.098 554 554 I SystemServiceManager: Starting com.android.server.autofill.AutofillManagerService
04-20 12:56:27.113 554 554 D AutofillManagerService: setLogLevelFromSettings(): level=2, debug=true, verbose=false
04-20 12:56:27.114 554 554 D AutofillManagerService: setMaxPartitionsFromSettings(): 10
04-20 12:56:27.115 554 554 D AutofillManagerService: setMaxVisibleDatasetsFromSettings(): 0
04-20 12:56:27.136 554 554 D AutofillManagerServiceImpl: Reset component for user 0:null
04-20 12:56:27.138 554 576 D AutofillUI: destroySaveUiUiThread(): already destroyed
04-20 12:56:27.147 554 554 V SystemServerTiming: StartAutoFillService took to complete: 51ms
04-20 12:56:27.149 554 554 D SystemServer: TranslationService not defined by OEM
04-20 12:56:27.150 554 554 D SystemServerTiming: StartSelectionToolbarManagerService
04-20 12:56:27.150 554 554 I SystemServiceManager: Starting com.android.server.selectiontoolbar.SelectionToolbarManagerService
04-20 12:56:27.159 554 906 D FingerprintProvider/default: Added: ID: 0, Strength: 2, Type: 1
04-20 12:56:27.194 554 906 I FingerprintService: Adding AIDL provider: default
04-20 12:56:27.200 554 554 V SystemServerTiming: StartSelectionToolbarManagerService took to complete: 50ms
04-20 12:56:27.201 554 554 D SystemServerTiming: StartClipboardService
04-20 12:56:27.202 554 554 I SystemServiceManager: Starting com.android.server.clipboard.ClipboardService
04-20 12:56:27.296 554 906 D BiometricService: Registering ID: 0 Modality: 2 Strength: 15
04-20 12:56:27.298 554 906 D BiometricStrengthController: updateStrengths: revert sensorId=4 to oemStrength=15
04-20 12:56:27.309 554 906 D BiometricService/Sensor: updateStrength: Before(ID(4), oemStrength: 15, updatedStrength: 15, modality 8, state: 0, cookie: 0) After(ID(4), oemStrength: 15, updatedStrength: 15, modality 8, state: 0, cookie: 0)
04-20 12:56:27.310 554 906 D BiometricStrengthController: updateStrengths: revert sensorId=0 to oemStrength=15
04-20 12:56:27.311 554 906 D BiometricService/Sensor: updateStrength: Before(ID(0), oemStrength: 15, updatedStrength: 15, modality 2, state: 0, cookie: 0) After(ID(0), oemStrength: 15, updatedStrength: 15, modality 2, state: 0, cookie: 0)
04-20 12:56:27.362 554 554 V SystemServerTiming: StartClipboardService took to complete: 160ms
04-20 12:56:27.363 554 554 D SystemServerTiming: AppServiceManager
04-20 12:56:27.369 554 554 I SystemServiceManager: Starting com.android.server.appbinding.AppBindingService$Lifecycle
04-20 12:56:27.378 554 554 V SystemServerTiming: AppServiceManager took to complete: 9ms
04-20 12:56:27.379 554 554 D SystemServerTiming: startTracingServiceProxy
04-20 12:56:27.382 554 554 I SystemServiceManager: Starting com.android.server.tracing.TracingServiceProxy
04-20 12:56:27.399 554 554 V SystemServerTiming: startTracingServiceProxy took to complete: 19ms
04-20 12:56:27.399 554 554 D SystemServerTiming: MakeLockSettingsServiceReady
04-20 12:56:27.532 554 565 I system_server: Background young concurrent copying GC freed 125745(6362KB) AllocSpace objects, 14(280KB) LOS objects, 43% free, 9128KB/15MB, paused 777us,439us total 361.375ms
04-20 12:56:27.631 554 554 I LockSettingsService: Migrated keys to LSS namespace
04-20 12:56:27.643 0 0 I servicemanager: Found android.hardware.authsecret.IAuthSecret/default in device VINTF manifest.
04-20 12:56:27.639 554 554 I LockSettingsService: Device implements AIDL AuthSecret HAL
04-20 12:56:27.655 554 554 V SystemServerTiming: MakeLockSettingsServiceReady took to complete: 256ms
04-20 12:56:27.655 554 554 D SystemServerTiming: StartBootPhaseLockSettingsReady
04-20 12:56:27.655 554 554 I SystemServiceManager: Starting phase 480
04-20 12:56:27.655 554 554 D SystemServerTiming: OnBootPhase_480
04-20 12:56:27.655 554 554 D SystemServerTiming: OnBootPhase_480_com.android.server.security.FileIntegrityService
04-20 12:56:27.655 554 554 V SystemServerTiming: OnBootPhase_480_com.android.server.security.FileIntegrityService took to complete: 0ms
04-20 12:56:27.656 554 554 D SystemServerTiming: OnBootPhase_480_com.android.server.pm.Installer
04-20 12:56:27.656 554 554 V SystemServerTiming: OnBootPhase_480_com.android.server.pm.Installer took to complete: 0ms
04-20 12:56:27.656 554 554 D SystemServerTiming: OnBootPhase_480_com.android.server.os.DeviceIdentifiersPolicyService
04-20 12:56:27.657 554 554 V SystemServerTiming: OnBootPhase_480_com.android.server.os.DeviceIdentifiersPolicyService took to complete: 0ms
04-20 12:56:27.657 554 554 D SystemServerTiming: OnBootPhase_480_com.android.server.uri.UriGrantsManagerService$Lifecycle
04-20 12:56:27.657 554 554 V SystemServerTiming: OnBootPhase_480_com.android.server.uri.UriGrantsManagerService$Lifecycle took to complete: 0ms
04-20 12:56:27.657 554 554 D SystemServerTiming: OnBootPhase_480_com.android.server.powerstats.PowerStatsService
04-20 12:56:27.657 554 554 V SystemServerTiming: OnBootPhase_480_com.android.server.powerstats.PowerStatsService took to complete: 0ms
04-20 12:56:27.657 554 554 D SystemServerTiming: OnBootPhase_480_com.android.server.permission.access.AccessCheckingService
04-20 12:56:27.657 554 554 V SystemServerTiming: OnBootPhase_480_com.android.server.permission.access.AccessCheckingService took to complete: 0ms
04-20 12:56:27.657 554 554 D SystemServerTiming: OnBootPhase_480_com.android.server.wm.ActivityTaskManagerService$Lifecycle
04-20 12:56:27.657 554 554 V SystemServerTiming: OnBootPhase_480_com.android.server.wm.ActivityTaskManagerService$Lifecycle took to complete: 0ms
04-20 12:56:27.657 554 554 D SystemServerTiming: OnBootPhase_480_com.android.server.am.ActivityManagerService$Lifecycle
04-20 12:56:27.658 554 554 V SystemServerTiming: OnBootPhase_480_com.android.server.am.ActivityManagerService$Lifecycle took to complete: 0ms
04-20 12:56:27.658 554 554 D SystemServerTiming: OnBootPhase_480_com.android.server.pm.DataLoaderManagerService
04-20 12:56:27.658 554 554 V SystemServerTiming: OnBootPhase_480_com.android.server.pm.DataLoaderManagerService took to complete: 0ms
04-20 12:56:27.658 554 554 D SystemServerTiming: OnBootPhase_480_com.android.server.power.PowerManagerService
04-20 12:56:27.658 554 554 V SystemServerTiming: OnBootPhase_480_com.android.server.power.PowerManagerService took to complete: 0ms
04-20 12:56:27.658 554 554 D SystemServerTiming: OnBootPhase_480_com.android.server.power.ThermalManagerService
04-20 12:56:27.658 554 554 V SystemServerTiming: OnBootPhase_480_com.android.server.power.ThermalManagerService took to complete: 0ms
04-20 12:56:27.658 554 554 D SystemServerTiming: OnBootPhase_480_com.android.server.power.hint.HintManagerService
04-20 12:56:27.663 554 554 V SystemServerTiming: OnBootPhase_480_com.android.server.power.hint.HintManagerService took to complete: 0ms
04-20 12:56:27.663 554 554 D SystemServerTiming: OnBootPhase_480_com.android.server.recoverysystem.RecoverySystemService$Lifecycle
04-20 12:56:27.663 554 554 V SystemServerTiming: OnBootPhase_480_com.android.server.recoverysystem.RecoverySystemService$Lifecycle took to complete: 0ms
04-20 12:56:27.663 554 554 D SystemServerTiming: OnBootPhase_480_com.android.server.lights.LightsService
04-20 12:56:27.663 554 554 V SystemServerTiming: OnBootPhase_480_com.android.server.lights.LightsService took to complete: 0ms
04-20 12:56:27.663 554 554 D SystemServerTiming: OnBootPhase_480_com.android.server.display.DisplayManagerService
04-20 12:56:27.663 554 554 V SystemServerTiming: OnBootPhase_480_com.android.server.display.DisplayManagerService took to complete: 0ms
04-20 12:56:27.663 554 554 D SystemServerTiming: OnBootPhase_480_com.android.server.pm.verify.domain.DomainVerificationService
04-20 12:56:27.663 554 554 V SystemServerTiming: OnBootPhase_480_com.android.server.pm.verify.domain.DomainVerificationService took to complete: 0ms
04-20 12:56:27.664 554 554 D SystemServerTiming: OnBootPhase_480_com.android.server.pm.PackageInstallerService$Lifecycle
04-20 12:56:27.665 554 554 V SystemServerTiming: OnBootPhase_480_com.android.server.pm.PackageInstallerService$Lifecycle took to complete: 0ms
04-20 12:56:27.665 554 554 D SystemServerTiming: OnBootPhase_480_com.android.server.pm.UserManagerService$LifeCycle
04-20 12:56:27.665 554 554 V SystemServerTiming: OnBootPhase_480_com.android.server.pm.UserManagerService$LifeCycle took to complete: 0ms
04-20 12:56:27.665 554 554 D SystemServerTiming: OnBootPhase_480_com.android.server.om.OverlayManagerService
04-20 12:56:27.665 554 554 V SystemServerTiming: OnBootPhase_480_com.android.server.om.OverlayManagerService took to complete: 0ms
04-20 12:56:27.666 554 554 D SystemServerTiming: OnBootPhase_480_com.android.server.resources.ResourcesManagerService
04-20 12:56:27.666 554 554 V SystemServerTiming: OnBootPhase_480_com.android.server.resources.ResourcesManagerService took to complete: 0ms
04-20 12:56:27.666 554 554 D SystemServerTiming: OnBootPhase_480_com.android.server.sensorprivacy.SensorPrivacyService
04-20 12:56:27.666 554 554 V SystemServerTiming: OnBootPhase_480_com.android.server.sensorprivacy.SensorPrivacyService took to complete: 0ms
04-20 12:56:27.666 554 554 D SystemServerTiming: OnBootPhase_480_com.android.server.sensors.SensorService
04-20 12:56:27.666 554 554 V SystemServerTiming: OnBootPhase_480_com.android.server.sensors.SensorService took to complete: 0ms
04-20 12:56:27.666 554 554 D SystemServerTiming: OnBootPhase_480_com.android.server.SystemConfigService
04-20 12:56:27.666 554 554 V SystemServerTiming: OnBootPhase_480_com.android.server.SystemConfigService took to complete: 0ms
04-20 12:56:27.666 554 554 D SystemServerTiming: OnBootPhase_480_com.android.server.BatteryService
04-20 12:56:27.666 554 554 V SystemServerTiming: OnBootPhase_480_com.android.server.BatteryService took to complete: 0ms
04-20 12:56:27.667 554 554 D SystemServerTiming: OnBootPhase_480_com.android.server.usage.UsageStatsService
04-20 12:56:27.667 554 554 V SystemServerTiming: OnBootPhase_480_com.android.server.usage.UsageStatsService took to complete: 0ms
04-20 12:56:27.667 554 554 D SystemServerTiming: OnBootPhase_480_com.android.server.webkit.WebViewUpdateService
04-20 12:56:27.667 554 554 V SystemServerTiming: OnBootPhase_480_com.android.server.webkit.WebViewUpdateService took to complete: 0ms
04-20 12:56:27.667 554 554 D SystemServerTiming: OnBootPhase_480_com.android.server.CachedDeviceStateService
04-20 12:56:27.667 554 554 V SystemServerTiming: OnBootPhase_480_com.android.server.CachedDeviceStateService took to complete: 0ms
04-20 12:56:27.667 554 554 D SystemServerTiming: OnBootPhase_480_com.android.server.BinderCallsStatsService$LifeCycle
04-20 12:56:27.667 554 554 V SystemServerTiming: OnBootPhase_480_com.android.server.BinderCallsStatsService$LifeCycle took to complete: 0ms
04-20 12:56:27.667 554 554 D SystemServerTiming: OnBootPhase_480_com.android.server.LooperStatsService$Lifecycle
04-20 12:56:27.667 554 554 V SystemServerTiming: OnBootPhase_480_com.android.server.LooperStatsService$Lifecycle took to complete: 0ms
04-20 12:56:27.667 554 554 D SystemServerTiming: OnBootPhase_480_com.android.server.rollback.RollbackManagerService
04-20 12:56:27.670 554 554 V SystemServerTiming: OnBootPhase_480_com.android.server.rollback.RollbackManagerService took to complete: 1ms
04-20 12:56:27.670 554 554 D SystemServerTiming: OnBootPhase_480_com.android.server.os.NativeTombstoneManagerService
04-20 12:56:27.670 554 554 V SystemServerTiming: OnBootPhase_480_com.android.server.os.NativeTombstoneManagerService took to complete: 0ms
04-20 12:56:27.670 554 554 D SystemServerTiming: OnBootPhase_480_com.android.server.os.BugreportManagerService
04-20 12:56:27.671 554 554 V SystemServerTiming: OnBootPhase_480_com.android.server.os.BugreportManagerService took to complete: 0ms
04-20 12:56:27.671 554 554 D SystemServerTiming: OnBootPhase_480_com.android.server.gpu.GpuService
04-20 12:56:27.671 554 554 V SystemServerTiming: OnBootPhase_480_com.android.server.gpu.GpuService took to complete: 0ms
04-20 12:56:27.671 554 554 D SystemServerTiming: OnBootPhase_480_com.android.server.security.rkp.RemoteProvisioningService
04-20 12:56:27.671 554 554 V SystemServerTiming: OnBootPhase_480_com.android.server.security.rkp.RemoteProvisioningService took to complete: 0ms
04-20 12:56:27.671 554 554 D SystemServerTiming: OnBootPhase_480_com.android.server.cpu.CpuMonitorService
04-20 12:56:27.671 554 554 V SystemServerTiming: OnBootPhase_480_com.android.server.cpu.CpuMonitorService took to complete: 0ms
04-20 12:56:27.671 554 554 D SystemServerTiming: OnBootPhase_480_com.android.server.security.KeyChainSystemService
04-20 12:56:27.671 554 554 V SystemServerTiming: OnBootPhase_480_com.android.server.security.KeyChainSystemService took to complete: 0ms
04-20 12:56:27.671 554 554 D SystemServerTiming: OnBootPhase_480_com.android.server.BinaryTransparencyService
04-20 12:56:27.675 554 554 V SystemServerTiming: OnBootPhase_480_com.android.server.BinaryTransparencyService took to complete: 0ms
04-20 12:56:27.676 554 554 D SystemServerTiming: OnBootPhase_480_com.android.server.telecom.TelecomLoaderService
04-20 12:56:27.676 554 554 V SystemServerTiming: OnBootPhase_480_com.android.server.telecom.TelecomLoaderService took to complete: 0ms
04-20 12:56:27.676 554 554 D SystemServerTiming: OnBootPhase_480_com.android.server.accounts.AccountManagerService$Lifecycle
04-20 12:56:27.676 554 554 V SystemServerTiming: OnBootPhase_480_com.android.server.accounts.AccountManagerService$Lifecycle took to complete: 0ms
04-20 12:56:27.676 554 554 D SystemServerTiming: OnBootPhase_480_com.android.server.content.ContentService$Lifecycle
04-20 12:56:27.677 554 554 V SystemServerTiming: OnBootPhase_480_com.android.server.content.ContentService$Lifecycle took to complete: 0ms
04-20 12:56:27.677 554 554 D SystemServerTiming: OnBootPhase_480_com.android.server.deviceconfig.DeviceConfigInit$Lifecycle
04-20 12:56:27.677 554 554 V SystemServerTiming: OnBootPhase_480_com.android.server.deviceconfig.DeviceConfigInit$Lifecycle took to complete: 0ms
04-20 12:56:27.677 554 554 D SystemServerTiming: OnBootPhase_480_com.android.server.DropBoxManagerService
04-20 12:56:27.677 554 554 V SystemServerTiming: OnBootPhase_480_com.android.server.DropBoxManagerService took to complete: 0ms
04-20 12:56:27.677 554 554 D SystemServerTiming: OnBootPhase_480_com.android.role.RoleService
04-20 12:56:27.677 554 554 V SystemServerTiming: OnBootPhase_480_com.android.role.RoleService took to complete: 0ms
04-20 12:56:27.677 554 554 D SystemServerTiming: OnBootPhase_480_com.android.server.vibrator.VibratorManagerService$Lifecycle
04-20 12:56:27.677 554 554 V SystemServerTiming: OnBootPhase_480_com.android.server.vibrator.VibratorManagerService$Lifecycle took to complete: 0ms
04-20 12:56:27.677 554 554 D SystemServerTiming: OnBootPhase_480_com.android.server.tare.InternalResourceService
04-20 12:56:27.677 554 554 V SystemServerTiming: OnBootPhase_480_com.android.server.tare.InternalResourceService took to complete: 0ms
04-20 12:56:27.678 554 554 D SystemServerTiming: OnBootPhase_480_com.android.server.alarm.AlarmManagerService
04-20 12:56:27.678 554 554 V SystemServerTiming: OnBootPhase_480_com.android.server.alarm.AlarmManagerService took to complete: 0ms
04-20 12:56:27.678 554 554 D SystemServerTiming: OnBootPhase_480_com.android.server.devicestate.DeviceStateManagerService
04-20 12:56:27.678 554 554 V SystemServerTiming: OnBootPhase_480_com.android.server.devicestate.DeviceStateManagerService took to complete: 0ms
04-20 12:56:27.678 554 554 D SystemServerTiming: OnBootPhase_480_com.android.server.camera.CameraServiceProxy
04-20 12:56:27.678 554 554 V SystemServerTiming: OnBootPhase_480_com.android.server.camera.CameraServiceProxy took to complete: 0ms
04-20 12:56:27.678 554 554 D SystemServerTiming: OnBootPhase_480_com.android.server.bluetooth.BluetoothService
04-20 12:56:27.678 554 554 V SystemServerTiming: OnBootPhase_480_com.android.server.bluetooth.BluetoothService took to complete: 0ms
04-20 12:56:27.678 554 554 D SystemServerTiming: OnBootPhase_480_com.android.server.connectivity.IpConnectivityMetrics
04-20 12:56:27.678 554 554 V SystemServerTiming: OnBootPhase_480_com.android.server.connectivity.IpConnectivityMetrics took to complete: 0ms
04-20 12:56:27.679 554 554 D SystemServerTiming: OnBootPhase_480_com.android.server.net.watchlist.NetworkWatchlistService$Lifecycle
04-20 12:56:27.679 554 554 V SystemServerTiming: OnBootPhase_480_com.android.server.net.watchlist.NetworkWatchlistService$Lifecycle took to complete: 0ms
04-20 12:56:27.679 554 554 D SystemServerTiming: OnBootPhase_480_com.android.server.PinnerService
04-20 12:56:27.679 554 554 V SystemServerTiming: OnBootPhase_480_com.android.server.PinnerService took to complete: 0ms
04-20 12:56:27.679 554 554 D SystemServerTiming: OnBootPhase_480_com.android.server.integrity.AppIntegrityManagerService
04-20 12:56:27.679 554 554 V SystemServerTiming: OnBootPhase_480_com.android.server.integrity.AppIntegrityManagerService took to complete: 0ms
04-20 12:56:27.679 554 554 D SystemServerTiming: OnBootPhase_480_com.android.server.logcat.LogcatManagerService
04-20 12:56:27.679 554 554 V SystemServerTiming: OnBootPhase_480_com.android.server.logcat.LogcatManagerService took to complete: 0ms
04-20 12:56:27.679 554 554 D SystemServerTiming: OnBootPhase_480_com.android.server.inputmethod.InputMethodManagerService$Lifecycle
04-20 12:56:27.679 554 554 V SystemServerTiming: OnBootPhase_480_com.android.server.inputmethod.InputMethodManagerService$Lifecycle took to complete: 0ms
04-20 12:56:27.679 554 554 D SystemServerTiming: OnBootPhase_480_com.android.server.accessibility.AccessibilityManagerService$Lifecycle
04-20 12:56:27.682 554 554 V SystemServerTiming: OnBootPhase_480_com.android.server.accessibility.AccessibilityManagerService$Lifecycle took to complete: 3ms
04-20 12:56:27.683 554 554 D SystemServerTiming: OnBootPhase_480_com.android.server.StorageManagerService$Lifecycle
04-20 12:56:27.683 554 554 V SystemServerTiming: OnBootPhase_480_com.android.server.StorageManagerService$Lifecycle took to complete: 0ms
04-20 12:56:27.683 554 554 D SystemServerTiming: OnBootPhase_480_com.android.server.usage.StorageStatsService$Lifecycle
04-20 12:56:27.684 554 554 V SystemServerTiming: OnBootPhase_480_com.android.server.usage.StorageStatsService$Lifecycle took to complete: 0ms
04-20 12:56:27.684 554 554 D SystemServerTiming: OnBootPhase_480_com.android.server.UiModeManagerService
04-20 12:56:27.684 554 554 V SystemServerTiming: OnBootPhase_480_com.android.server.UiModeManagerService took to complete: 0ms
04-20 12:56:27.684 554 554 D SystemServerTiming: OnBootPhase_480_com.android.server.locales.LocaleManagerService
04-20 12:56:27.684 554 554 V SystemServerTiming: OnBootPhase_480_com.android.server.locales.LocaleManagerService took to complete: 0ms
04-20 12:56:27.684 554 554 D SystemServerTiming: OnBootPhase_480_com.android.server.grammaticalinflection.GrammaticalInflectionService
04-20 12:56:27.685 554 554 V SystemServerTiming: OnBootPhase_480_com.android.server.grammaticalinflection.GrammaticalInflectionService took to complete: 0ms
04-20 12:56:27.685 554 554 D SystemServerTiming: OnBootPhase_480_com.android.server.apphibernation.AppHibernationService
04-20 12:56:27.685 554 554 V SystemServerTiming: OnBootPhase_480_com.android.server.apphibernation.AppHibernationService took to complete: 0ms
04-20 12:56:27.685 554 554 D SystemServerTiming: OnBootPhase_480_com.android.server.locksettings.LockSettingsService$Lifecycle
04-20 12:56:27.689 554 554 V SystemServerTiming: OnBootPhase_480_com.android.server.locksettings.LockSettingsService$Lifecycle took to complete: 0ms
04-20 12:56:27.689 554 554 D SystemServerTiming: OnBootPhase_480_com.android.server.testharness.TestHarnessModeService
04-20 12:56:27.689 554 554 V SystemServerTiming: OnBootPhase_480_com.android.server.testharness.TestHarnessModeService took to complete: 0ms
04-20 12:56:27.689 554 554 D SystemServerTiming: OnBootPhase_480_com.android.server.DeviceIdleController
04-20 12:56:27.689 554 554 V SystemServerTiming: OnBootPhase_480_com.android.server.DeviceIdleController took to complete: 0ms
04-20 12:56:27.690 554 554 D SystemServerTiming: OnBootPhase_480_com.android.server.devicepolicy.DevicePolicyManagerService$Lifecycle
04-20 12:56:27.709 554 554 I UsbPortManager: USB HAL AIDL version: USB_HAL_V2_0
04-20 12:56:27.725 554 649 D SystemServerTimingAsync: InitThreadPoolExec:DevicePolicyManager
04-20 12:56:27.726 554 649 D SystemServerInitThreadPool: Started executing DevicePolicyManager
04-20 12:56:27.733 554 554 V SystemServerTiming: OnBootPhase_480_com.android.server.devicepolicy.DevicePolicyManagerService$Lifecycle took to complete: 43ms
04-20 12:56:27.733 554 554 D SystemServerTiming: OnBootPhase_480_com.android.server.texttospeech.TextToSpeechManagerService
04-20 12:56:27.733 554 554 V SystemServerTiming: OnBootPhase_480_com.android.server.texttospeech.TextToSpeechManagerService took to complete: 0ms
04-20 12:56:27.734 554 554 D SystemServerTiming: OnBootPhase_480_com.android.server.ambientcontext.AmbientContextManagerService
04-20 12:56:27.734 554 554 V SystemServerTiming: OnBootPhase_480_com.android.server.ambientcontext.AmbientContextManagerService took to complete: 0ms
04-20 12:56:27.734 554 554 D SystemServerTiming: OnBootPhase_480_com.android.server.wearable.WearableSensingManagerService
04-20 12:56:27.734 554 554 V SystemServerTiming: OnBootPhase_480_com.android.server.wearable.WearableSensingManagerService took to complete: 0ms
04-20 12:56:27.734 554 554 D SystemServerTiming: OnBootPhase_480_com.android.server.speech.SpeechRecognitionManagerService
04-20 12:56:27.734 554 554 V SystemServerTiming: OnBootPhase_480_com.android.server.speech.SpeechRecognitionManagerService took to complete: 0ms
04-20 12:56:27.734 554 554 D SystemServerTiming: OnBootPhase_480_com.android.server.searchui.SearchUiManagerService
04-20 12:56:27.734 554 554 V SystemServerTiming: OnBootPhase_480_com.android.server.searchui.SearchUiManagerService took to complete: 0ms
04-20 12:56:27.734 554 554 D SystemServerTiming: OnBootPhase_480_com.android.server.smartspace.SmartspaceManagerService
04-20 12:56:27.734 554 554 V SystemServerTiming: OnBootPhase_480_com.android.server.smartspace.SmartspaceManagerService took to complete: 0ms
04-20 12:56:27.734 554 554 D SystemServerTiming: OnBootPhase_480_com.android.server.graphics.fonts.FontManagerService$Lifecycle
04-20 12:56:27.735 554 554 V SystemServerTiming: OnBootPhase_480_com.android.server.graphics.fonts.FontManagerService$Lifecycle took to complete: 0ms
04-20 12:56:27.735 554 554 D SystemServerTiming: OnBootPhase_480_com.android.server.textservices.TextServicesManagerService$Lifecycle
04-20 12:56:27.735 554 554 V SystemServerTiming: OnBootPhase_480_com.android.server.textservices.TextServicesManagerService$Lifecycle took to complete: 0ms
04-20 12:56:27.735 554 554 D SystemServerTiming: OnBootPhase_480_com.android.server.textclassifier.TextClassificationManagerService$Lifecycle
04-20 12:56:27.735 554 554 V SystemServerTiming: OnBootPhase_480_com.android.server.textclassifier.TextClassificationManagerService$Lifecycle took to complete: 0ms
04-20 12:56:27.735 554 554 D SystemServerTiming: OnBootPhase_480_com.android.server.NetworkScoreService$Lifecycle
04-20 12:56:27.735 554 554 V SystemServerTiming: OnBootPhase_480_com.android.server.NetworkScoreService$Lifecycle took to complete: 0ms
04-20 12:56:27.735 554 554 D SystemServerTiming: OnBootPhase_480_com.android.server.NetworkStatsServiceInitializer
04-20 12:56:27.735 554 554 V SystemServerTiming: OnBootPhase_480_com.android.server.NetworkStatsServiceInitializer took to complete: 0ms
04-20 12:56:27.735 554 554 D SystemServerTiming: OnBootPhase_480_com.android.server.wifi.WifiService
04-20 12:56:27.735 554 554 V SystemServerTiming: OnBootPhase_480_com.android.server.wifi.WifiService took to complete: 0ms
04-20 12:56:27.738 554 554 D SystemServerTiming: OnBootPhase_480_com.android.server.wifi.scanner.WifiScanningService
04-20 12:56:27.739 554 554 V SystemServerTiming: OnBootPhase_480_com.android.server.wifi.scanner.WifiScanningService took to complete: 0ms
04-20 12:56:27.739 554 554 D SystemServerTiming: OnBootPhase_480_com.android.server.wifi.p2p.WifiP2pService
04-20 12:56:27.739 554 554 V SystemServerTiming: OnBootPhase_480_com.android.server.wifi.p2p.WifiP2pService took to complete: 0ms
04-20 12:56:27.739 554 554 D SystemServerTiming: OnBootPhase_480_com.android.server.ConnectivityServiceInitializer
04-20 12:56:27.740 554 649 D SystemServerInitThreadPool: Finished executing DevicePolicyManager
04-20 12:56:27.740 554 649 V SystemServerTimingAsync: InitThreadPoolExec:DevicePolicyManager took to complete: 15ms
04-20 12:56:27.741 554 554 V SystemServerTiming: OnBootPhase_480_com.android.server.ConnectivityServiceInitializer took to complete: 2ms
04-20 12:56:27.741 554 554 D SystemServerTiming: OnBootPhase_480_com.android.server.notification.NotificationManagerService
04-20 12:56:27.741 554 554 V SystemServerTiming: OnBootPhase_480_com.android.server.notification.NotificationManagerService took to complete: 0ms
04-20 12:56:27.741 554 554 D SystemServerTiming: OnBootPhase_480_com.android.server.storage.DeviceStorageMonitorService
04-20 12:56:27.741 554 554 V SystemServerTiming: OnBootPhase_480_com.android.server.storage.DeviceStorageMonitorService took to complete: 0ms
04-20 12:56:27.741 554 554 D SystemServerTiming: OnBootPhase_480_com.android.server.timedetector.TimeDetectorService$Lifecycle
04-20 12:56:27.742 554 554 V SystemServerTiming: OnBootPhase_480_com.android.server.timedetector.TimeDetectorService$Lifecycle took to complete: 0ms
04-20 12:56:27.742 554 554 D SystemServerTiming: OnBootPhase_480_com.android.server.location.LocationManagerService$Lifecycle
04-20 12:56:27.742 554 554 V SystemServerTiming: OnBootPhase_480_com.android.server.location.LocationManagerService$Lifecycle took to complete: 0ms
04-20 12:56:27.742 554 554 D SystemServerTiming: OnBootPhase_480_com.android.server.timezonedetector.TimeZoneDetectorService$Lifecycle
04-20 12:56:27.742 554 554 V SystemServerTiming: OnBootPhase_480_com.android.server.timezonedetector.TimeZoneDetectorService$Lifecycle took to complete: 0ms
04-20 12:56:27.742 554 554 D SystemServerTiming: OnBootPhase_480_com.android.server.location.altitude.AltitudeService$Lifecycle
04-20 12:56:27.742 554 554 V SystemServerTiming: OnBootPhase_480_com.android.server.location.altitude.AltitudeService$Lifecycle took to complete: 0ms
04-20 12:56:27.742 554 554 D SystemServerTiming: OnBootPhase_480_com.android.server.timezonedetector.location.LocationTimeZoneManagerService$Lifecycle
04-20 12:56:27.742 554 554 V SystemServerTiming: OnBootPhase_480_com.android.server.timezonedetector.location.LocationTimeZoneManagerService$Lifecycle took to complete: 0ms
04-20 12:56:27.742 554 554 D SystemServerTiming: OnBootPhase_480_com.android.server.search.SearchManagerService$Lifecycle
04-20 12:56:27.743 554 554 V SystemServerTiming: OnBootPhase_480_com.android.server.search.SearchManagerService$Lifecycle took to complete: 0ms
04-20 12:56:27.743 554 554 D SystemServerTiming: OnBootPhase_480_com.android.server.wallpapereffectsgeneration.WallpaperEffectsGenerationManagerService
04-20 12:56:27.743 554 554 V SystemServerTiming: OnBootPhase_480_com.android.server.wallpapereffectsgeneration.WallpaperEffectsGenerationManagerService took to complete: 0ms
04-20 12:56:27.743 554 554 D SystemServerTiming: OnBootPhase_480_com.android.server.audio.AudioService$Lifecycle
04-20 12:56:27.743 554 554 V SystemServerTiming: OnBootPhase_480_com.android.server.audio.AudioService$Lifecycle took to complete: 0ms
04-20 12:56:27.743 554 554 D SystemServerTiming: OnBootPhase_480_com.android.server.soundtrigger_middleware.SoundTriggerMiddlewareService$Lifecycle
04-20 12:56:27.743 554 554 V SystemServerTiming: OnBootPhase_480_com.android.server.soundtrigger_middleware.SoundTriggerMiddlewareService$Lifecycle took to complete: 0ms
04-20 12:56:27.743 554 554 D SystemServerTiming: OnBootPhase_480_com.android.server.DockObserver
04-20 12:56:27.743 554 554 V SystemServerTiming: OnBootPhase_480_com.android.server.DockObserver took to complete: 0ms
04-20 12:56:27.743 554 554 D SystemServerTiming: OnBootPhase_480_com.android.server.midi.MidiService$Lifecycle
04-20 12:56:27.743 554 554 V SystemServerTiming: OnBootPhase_480_com.android.server.midi.MidiService$Lifecycle took to complete: 0ms
04-20 12:56:27.748 554 554 D SystemServerTiming: OnBootPhase_480_com.android.server.adb.AdbService$Lifecycle
04-20 12:56:27.748 554 554 V SystemServerTiming: OnBootPhase_480_com.android.server.adb.AdbService$Lifecycle took to complete: 0ms
04-20 12:56:27.748 554 554 D SystemServerTiming: OnBootPhase_480_com.android.server.usb.UsbService$Lifecycle
04-20 12:56:27.748 554 554 V SystemServerTiming: OnBootPhase_480_com.android.server.usb.UsbService$Lifecycle took to complete: 0ms
04-20 12:56:27.748 554 554 D SystemServerTiming: OnBootPhase_480_com.android.server.twilight.TwilightService
04-20 12:56:27.748 554 554 V SystemServerTiming: OnBootPhase_480_com.android.server.twilight.TwilightService took to complete: 0ms
04-20 12:56:27.748 554 554 D SystemServerTiming: OnBootPhase_480_com.android.server.display.color.ColorDisplayService
04-20 12:56:27.748 554 554 V SystemServerTiming: OnBootPhase_480_com.android.server.display.color.ColorDisplayService took to complete: 0ms
04-20 12:56:27.748 554 554 D SystemServerTiming: OnBootPhase_480_com.android.server.job.JobSchedulerService
04-20 12:56:27.749 554 554 V SystemServerTiming: OnBootPhase_480_com.android.server.job.JobSchedulerService took to complete: 0ms
04-20 12:56:27.749 554 554 D SystemServerTiming: OnBootPhase_480_com.android.server.soundtrigger.SoundTriggerService
04-20 12:56:27.749 554 554 D SoundTriggerService: onBootPhase: 480 : false
04-20 12:56:27.751 554 554 V SystemServerTiming: OnBootPhase_480_com.android.server.soundtrigger.SoundTriggerService took to complete: 3ms
04-20 12:56:27.752 554 554 D SystemServerTiming: OnBootPhase_480_com.android.server.trust.TrustManagerService
04-20 12:56:27.752 554 554 V SystemServerTiming: OnBootPhase_480_com.android.server.trust.TrustManagerService took to complete: 0ms
04-20 12:56:27.753 554 554 D SystemServerTiming: OnBootPhase_480_com.android.server.backup.BackupManagerService$Lifecycle
04-20 12:56:27.753 554 554 V SystemServerTiming: OnBootPhase_480_com.android.server.backup.BackupManagerService$Lifecycle took to complete: 0ms
04-20 12:56:27.753 554 554 D SystemServerTiming: OnBootPhase_480_com.android.server.appwidget.AppWidgetService
04-20 12:56:27.753 554 554 V SystemServerTiming: OnBootPhase_480_com.android.server.appwidget.AppWidgetService took to complete: 0ms
04-20 12:56:27.753 554 554 D SystemServerTiming: OnBootPhase_480_com.android.server.voiceinteraction.VoiceInteractionManagerService
04-20 12:56:27.753 554 554 V SystemServerTiming: OnBootPhase_480_com.android.server.voiceinteraction.VoiceInteractionManagerService took to complete: 0ms
04-20 12:56:27.753 554 554 D SystemServerTiming: OnBootPhase_480_com.android.server.GestureLauncherService
04-20 12:56:27.753 554 554 V SystemServerTiming: OnBootPhase_480_com.android.server.GestureLauncherService took to complete: 0ms
04-20 12:56:27.753 554 554 D SystemServerTiming: OnBootPhase_480_com.android.server.SensorNotificationService
04-20 12:56:27.753 554 554 V SystemServerTiming: OnBootPhase_480_com.android.server.SensorNotificationService took to complete: 0ms
04-20 12:56:27.753 554 554 D SystemServerTiming: OnBootPhase_480_com.android.server.emergency.EmergencyAffordanceService
04-20 12:56:27.754 554 554 V SystemServerTiming: OnBootPhase_480_com.android.server.emergency.EmergencyAffordanceService took to complete: 0ms
04-20 12:56:27.754 554 554 D SystemServerTiming: OnBootPhase_480_com.android.server.blob.BlobStoreManagerService
04-20 12:56:27.754 554 554 V SystemServerTiming: OnBootPhase_480_com.android.server.blob.BlobStoreManagerService took to complete: 0ms
04-20 12:56:27.754 554 554 D SystemServerTiming: OnBootPhase_480_com.android.server.dreams.DreamManagerService
04-20 12:56:27.754 554 554 V SystemServerTiming: OnBootPhase_480_com.android.server.dreams.DreamManagerService took to complete: 0ms
04-20 12:56:27.754 554 554 D SystemServerTiming: OnBootPhase_480_com.android.server.print.PrintManagerService
04-20 12:56:27.754 554 554 V SystemServerTiming: OnBootPhase_480_com.android.server.print.PrintManagerService took to complete: 0ms
04-20 12:56:27.754 554 554 D SystemServerTiming: OnBootPhase_480_com.android.server.security.AttestationVerificationManagerService
04-20 12:56:27.754 554 554 V SystemServerTiming: OnBootPhase_480_com.android.server.security.AttestationVerificationManagerService took to complete: 0ms
