04-16 19:05:57.147 562 597 V SystemServerTimingAsync: ssm.onUnlockingUser-0_com.android.server.UiModeManagerService took to complete: 0ms
04-16 19:05:57.147 562 597 D SystemServerTimingAsync: ssm.onUnlockingUser-0_com.android.server.locales.LocaleManagerService
04-16 19:05:57.147 562 597 V SystemServerTimingAsync: ssm.onUnlockingUser-0_com.android.server.locales.LocaleManagerService took to complete: 0ms
04-16 19:05:57.147 562 597 D SystemServerTimingAsync: ssm.onUnlockingUser-0_com.android.server.grammaticalinflection.GrammaticalInflectionService
04-16 19:05:57.147 562 597 V SystemServerTimingAsync: ssm.onUnlockingUser-0_com.android.server.grammaticalinflection.GrammaticalInflectionService took to complete: 0ms
04-16 19:05:57.147 562 597 D SystemServerTimingAsync: ssm.onUnlockingUser-0_com.android.server.apphibernation.AppHibernationService
04-16 19:05:57.205 562 1725 V StorageManagerService: Found primary storage at VolumeInfo{emulated;0}:
04-16 19:05:57.205 562 1725 V StorageManagerService: type=EMULATED diskId=null partGuid= mountFlags=0 mountUserId=0
04-16 19:05:57.205 562 1725 V StorageManagerService: state=UNMOUNTED
04-16 19:05:57.205 562 1725 V StorageManagerService: fsType=null fsUuid=null fsLabel=null
04-16 19:05:57.205 562 1725 V StorageManagerService: path=null internalPath=null
04-16 19:05:57.230 562 1517 I HibernationStateDiskStore: No hibernation file on disk for file /data/system_ce/0/hibernation/states
04-16 19:05:57.272 562 685 W system_server: Long monitor contention with owner binder:562_15 (1725) at void com.android.server.StorageManagerService$3.onVolumeCreated(java.lang.String, int, java.lang.String, java.lang.String, int)(StorageManagerService.java:1381) waiters=0 in boolean com.android.server.StorageManagerService.isUserKeyUnlocked(int) for 142ms
04-16 19:05:57.278 562 691 W system_server: Long monitor contention with owner binder:562_15 (1725) at void com.android.server.StorageManagerService$3.onVolumeCreated(java.lang.String, int, java.lang.String, java.lang.String, int)(StorageManagerService.java:1381) waiters=1 in void com.android.server.StorageManagerService.completeUnlockUser(int) for 117ms
04-16 19:05:57.311 562 1726 W system_server: Long monitor contention with owner BluetoothManagerService (685) at int com.android.server.am.ActivityManagerService.bindServiceInstance(android.app.IApplicationThread, android.os.IBinder, android.content.Intent, java.lang.String, android.app.IServiceConnection, long, java.lang.String, boolean, int, java.lang.String, android.app.IApplicationThread, java.lang.String, int)(ActivityManagerService.java:13404) waiters=0 in int com.android.server.am.ActivityManagerService.broadcastIntentWithFeature(android.app.IApplicationThread, java.lang.String, android.content.Intent, java.lang.String, android.content.IIntentReceiver, int, java.lang.String, android.os.Bundle, java.lang.String[], java.lang.String[], java.lang.String[], int, android.os.Bundle, boolean, boolean, int) for 382ms
04-16 19:05:57.361 562 597 V SystemServerTimingAsync: ssm.onUnlockingUser-0_com.android.server.apphibernation.AppHibernationService took to complete: 50ms
04-16 19:05:57.362 562 597 D SystemServerTimingAsync: ssm.onUnlockingUser-0_com.android.server.locksettings.LockSettingsService$Lifecycle
04-16 19:05:57.392 562 691 I StorageManagerService: Mounting volume VolumeInfo{emulated;0}:
04-16 19:05:57.392 562 691 I StorageManagerService: type=EMULATED diskId=null partGuid= mountFlags=PRIMARY|VISIBLE_FOR_WRITE
04-16 19:05:57.392 562 691 I StorageManagerService: mountUserId=0 state=UNMOUNTED
04-16 19:05:57.392 562 691 I StorageManagerService: fsType=null fsUuid=null fsLabel=null
04-16 19:05:57.392 562 691 I StorageManagerService: path=null internalPath=null
04-16 19:05:57.409 562 597 V SystemServerTimingAsync: ssm.onUnlockingUser-0_com.android.server.locksettings.LockSettingsService$Lifecycle took to complete: 46ms
04-16 19:05:57.411 562 597 D SystemServerTimingAsync: ssm.onUnlockingUser-0_com.android.server.testharness.TestHarnessModeService
04-16 19:05:57.411 562 597 V SystemServerTimingAsync: ssm.onUnlockingUser-0_com.android.server.testharness.TestHarnessModeService took to complete: 0ms
04-16 19:05:57.416 562 597 D SystemServerTimingAsync: ssm.onUnlockingUser-0_com.android.server.DeviceIdleController
04-16 19:05:57.417 562 597 V SystemServerTimingAsync: ssm.onUnlockingUser-0_com.android.server.DeviceIdleController took to complete: 0ms
04-16 19:05:57.417 562 597 D SystemServerTimingAsync: ssm.onUnlockingUser-0_com.android.server.devicepolicy.DevicePolicyManagerService$Lifecycle
04-16 19:05:57.417 562 893 D LockSettingsService: Hiding encryption notification for user 0
04-16 19:05:57.461 562 597 V SystemServerTimingAsync: ssm.onUnlockingUser-0_com.android.server.devicepolicy.DevicePolicyManagerService$Lifecycle took to complete: 43ms
04-16 19:05:57.466 166 166 I vold : Mounting emulated fuse volume
04-16 19:05:57.483 562 597 D SystemServerTimingAsync: ssm.onUnlockingUser-0_com.android.server.texttospeech.TextToSpeechManagerService
04-16 19:05:57.500 562 1730 D BluetoothShellCommand: Exec disable
04-16 19:05:57.517 562 1473 I ActivityManager: dumpStackTraces pids={}
04-16 19:05:57.606 166 166 I vold : Bind mounting /data/media to /mnt/pass_through/0/emulated
04-16 19:05:57.608 1484 1600 I BinaryDictionaryFileDumper: reinitializeClientRecordInDictionaryContentProvider() : Insert DictionaryInfo : Id = 'main:ru' : Locale=ru : Version=54
04-16 19:05:57.571 562 1473 I ActivityManager: Dumping to /data/anr/anr_2026-04-16-19-05-57-517
04-16 19:05:57.696 562 585 W system_server: Long monitor contention with owner BluetoothManagerService (685) at int com.android.server.am.ActivityManagerService.bindServiceInstance(android.app.IApplicationThread, android.os.IBinder, android.content.Intent, java.lang.String, android.app.IServiceConnection, long, java.lang.String, boolean, int, java.lang.String, android.app.IApplicationThread, java.lang.String, int)(ActivityManagerService.java:13404) waiters=1 in int com.android.server.am.ActivityManagerService.broadcastIntentWithFeature(android.app.IApplicationThread, java.lang.String, android.content.Intent, java.lang.String, android.content.IIntentReceiver, int, java.lang.String, android.os.Bundle, java.lang.String[], java.lang.String[], java.lang.String[], int, android.os.Bundle, boolean, boolean, int) for 586ms
04-16 19:05:57.699 562 585 W Looper : Drained
04-16 19:05:57.699 562 585 W Looper : Slow dispatch took 691ms android.fg h=com.android.server.DropBoxManagerService$DropBoxManagerBroadcastHandler c=null m=1
04-16 19:05:57.706 562 691 I StorageSessionController: On volume mount VolumeInfo{emulated;0}:
04-16 19:05:57.706 562 691 I StorageSessionController: type=EMULATED diskId=null partGuid= mountFlags=PRIMARY|VISIBLE_FOR_WRITE
04-16 19:05:57.706 562 691 I StorageSessionController: mountUserId=0 state=CHECKING
04-16 19:05:57.706 562 691 I StorageSessionController: fsType=null fsUuid=null fsLabel=null
04-16 19:05:57.706 562 691 I StorageSessionController: path=/storage/emulated internalPath=/data/media
04-16 19:05:57.709 562 691 I StorageSessionController: Creating connection for user: 0
04-16 19:05:57.724 562 562 W system_server: Long monitor contention with owner BluetoothManagerService (685) at int com.android.server.am.ActivityManagerService.bindServiceInstance(android.app.IApplicationThread, android.os.IBinder, android.content.Intent, java.lang.String, android.app.IServiceConnection, long, java.lang.String, boolean, int, java.lang.String, android.app.IApplicationThread, java.lang.String, int)(ActivityManagerService.java:13404) waiters=2 in android.content.Intent com.android.server.am.ActivityManagerService.registerReceiverWithFeature(android.app.IApplicationThread, java.lang.String, java.lang.String, java.lang.String, android.content.IIntentReceiver, android.content.IntentFilter, java.lang.String, int, int) for 624ms
04-16 19:05:57.729 562 1741 I Telecom : Logging.Events: Non-call EVENT: AUDIO_ROUTE, Entering state QuiescentSpeakerRoute❗
04-16 19:05:57.730 562 1741 I Telecom : BluetoothRouteManager: getBluetoothAudioConnectedDevice: no service available.❗
04-16 19:05:57.743 562 578 W system_server: Long monitor contention with owner BluetoothManagerService (685) at int com.android.server.am.ActivityManagerService.bindServiceInstance(android.app.IApplicationThread, android.os.IBinder, android.content.Intent, java.lang.String, android.app.IServiceConnection, long, java.lang.String, boolean, int, java.lang.String, android.app.IApplicationThread, java.lang.String, int)(ActivityManagerService.java:13404) waiters=5 in void com.android.server.am.ActivityManagerService.serviceDoneExecuting(android.os.IBinder, int, int, int) for 544ms
04-16 19:05:57.748 562 1730 D CompatibilityChangeReporter: Compat change id reported: 218493289; UID 2000; state: ENABLED
04-16 19:05:57.748 562 597 W SystemServiceManager: Service com.android.server.texttospeech.TextToSpeechManagerService took 143 ms in onUnlockingUser-0
04-16 19:05:57.748 562 597 V SystemServerTimingAsync: ssm.onUnlockingUser-0_com.android.server.texttospeech.TextToSpeechManagerService took to complete: 255ms
04-16 19:05:57.748 562 597 D SystemServerTimingAsync: ssm.onUnlockingUser-0_com.android.server.ambientcontext.AmbientContextManagerService
04-16 19:05:57.761 562 1730 D BluetoothManagerService: disable(): mBluetooth=null, persist=true, mBinding=true
04-16 19:05:57.762 562 1730 D BluetoothManagerService: Persisting Settings Secure Int: bluetooth_apm_state=0
04-16 19:05:57.764 562 597 I AmbientContextManagerService: serviceNames sent in newServiceListLocked is null, or empty
04-16 19:05:57.765 562 597 V SystemServerTimingAsync: ssm.onUnlockingUser-0_com.android.server.ambientcontext.AmbientContextManagerService took to complete: 16ms
04-16 19:05:57.765 562 597 D SystemServerTimingAsync: ssm.onUnlockingUser-0_com.android.server.wearable.WearableSensingManagerService
04-16 19:05:57.775 562 597 D WearableSensingManagerService: onServiceRemoved
04-16 19:05:57.775 562 597 D WearableSensingManagerPerUserService: Trying to cancel the remote request. Reason: Service destroyed.
04-16 19:05:57.775 562 597 V SystemServerTimingAsync: ssm.onUnlockingUser-0_com.android.server.wearable.WearableSensingManagerService took to complete: 10ms
04-16 19:05:57.775 562 597 D SystemServerTimingAsync: ssm.onUnlockingUser-0_com.android.server.speech.SpeechRecognitionManagerService
04-16 19:05:57.781 562 1730 D BluetoothManagerService: Persisting Settings Secure Int: apm_user_toggled_bluetooth=1
04-16 19:05:57.805 562 1730 D BluetoothManagerService: Persisting Bluetooth Setting: 0
04-16 19:05:57.832 562 597 V SystemServerTimingAsync: ssm.onUnlockingUser-0_com.android.server.speech.SpeechRecognitionManagerService took to complete: 40ms
04-16 19:05:57.833 562 1099 W system_server: Long monitor contention with owner BluetoothManagerService (685) at int com.android.server.am.ActivityManagerService.bindServiceInstance(android.app.IApplicationThread, android.os.IBinder, android.content.Intent, java.lang.String, android.app.IServiceConnection, long, java.lang.String, boolean, int, java.lang.String, android.app.IApplicationThread, java.lang.String, int)(ActivityManagerService.java:13404) waiters=3 in android.content.Intent com.android.server.am.ActivityManagerService.registerReceiverWithFeature(android.app.IApplicationThread, java.lang.String, java.lang.String, java.lang.String, android.content.IIntentReceiver, android.content.IntentFilter, java.lang.String, int, int) for 716ms
04-16 19:05:57.855 562 644 W system_server: Long monitor contention with owner BluetoothManagerService (685) at int com.android.server.am.ActivityManagerService.bindServiceInstance(android.app.IApplicationThread, android.os.IBinder, android.content.Intent, java.lang.String, android.app.IServiceConnection, long, java.lang.String, boolean, int, java.lang.String, android.app.IApplicationThread, java.lang.String, int)(ActivityManagerService.java:13404) waiters=4 in void com.android.server.am.ActivityManagerService.unregisterReceiver(android.content.IIntentReceiver) for 690ms
04-16 19:05:57.876 562 971 W system_server: Long monitor contention with owner BluetoothManagerService (685) at int com.android.server.am.ActivityManagerService.bindServiceInstance(android.app.IApplicationThread, android.os.IBinder, android.content.Intent, java.lang.String, android.app.IServiceConnection, long, java.lang.String, boolean, int, java.lang.String, android.app.IApplicationThread, java.lang.String, int)(ActivityManagerService.java:13404) waiters=6 in void com.android.server.am.ActivityManagerService.publishService(android.os.IBinder, android.content.Intent, android.os.IBinder) for 642ms
04-16 19:05:57.883 562 597 D SystemServerTimingAsync: ssm.onUnlockingUser-0_com.android.server.searchui.SearchUiManagerService
04-16 19:05:57.886 562 691 I StorageSessionController: Creating and starting session with id: emulated;0
04-16 19:05:57.887 562 691 I StorageUserConnection: Binding to the ExternalStorageService for user 0
04-16 19:05:57.868 1484 1600 I BinaryDictionaryFileDumper: reinitializeClientRecordInDictionaryContentProvider() : Insert DictionaryInfo : Id = 'main:en_us' : Locale=en_US : Version=-1
04-16 19:05:57.908 562 1473 I ActivityManager: dumpStackTraces nativepids=null
04-16 19:05:57.915 562 597 V SystemServerTimingAsync: ssm.onUnlockingUser-0_com.android.server.searchui.SearchUiManagerService took to complete: 32ms
04-16 19:05:57.941 562 597 D SystemServerTimingAsync: ssm.onUnlockingUser-0_com.android.server.smartspace.SmartspaceManagerService
04-16 19:05:57.943 562 597 V SystemServerTimingAsync: ssm.onUnlockingUser-0_com.android.server.smartspace.SmartspaceManagerService took to complete: 1ms
04-16 19:05:57.948 562 597 D SystemServerTimingAsync: ssm.onUnlockingUser-0_com.android.server.graphics.fonts.FontManagerService$Lifecycle
04-16 19:05:57.949 562 597 V SystemServerTimingAsync: ssm.onUnlockingUser-0_com.android.server.graphics.fonts.FontManagerService$Lifecycle took to complete: 0ms
04-16 19:05:57.950 562 597 D SystemServerTimingAsync: ssm.onUnlockingUser-0_com.android.server.textservices.TextServicesManagerService$Lifecycle
04-16 19:05:57.952 562 586 D CompatibilityChangeReporter: Compat change id reported: 210923482; UID 1000; state: ENABLED
04-16 19:05:57.966 562 1730 D BluetoothShellCommand: disable: Success
04-16 19:05:58.071 562 586 D CompatibilityChangeReporter: Compat change id reported: 171228096; UID 1000; state: ENABLED
04-16 19:05:58.082 562 691 D CompatibilityChangeReporter: Compat change id reported: 135634846; UID 10131; state: DISABLED
04-16 19:05:58.172 562 691 W ActivityManager: Slow operation: 106ms so far, now at startProcess: done starting proc!
04-16 19:05:58.188 562 598 W ActivityManager: Slow operation: 132ms so far, now at startProcess: asking zygote to start proc
04-16 19:05:58.201 562 598 D CompatibilityChangeReporter: Compat change id reported: 143937733; UID 10131; state: ENABLED
04-16 19:05:58.222 562 597 W SystemServiceManager: Service com.android.server.textservices.TextServicesManagerService$Lifecycle took 272 ms in onUnlockingUser-0
04-16 19:05:58.228 562 597 V SystemServerTimingAsync: ssm.onUnlockingUser-0_com.android.server.textservices.TextServicesManagerService$Lifecycle took to complete: 278ms
04-16 19:05:58.229 562 597 D SystemServerTimingAsync: ssm.onUnlockingUser-0_com.android.server.textclassifier.TextClassificationManagerService$Lifecycle
04-16 19:05:58.234 562 691 I StorageUserConnection: Bound to the ExternalStorageService for user 0
04-16 19:05:58.285 1484 1600 W BinaryDictionaryFileDumper: Missing metadata.json resource
04-16 19:05:58.292 1217 1217 W BluetoothSdpJni: Cleaning up Bluetooth SDP Interface...
04-16 19:05:58.293 1217 1217 W BluetoothSdpJni: Cleaning up Bluetooth SDP object
04-16 19:05:58.293 1217 1217 D BluetoothAdapterService: cleanup() - Cleaning up adapter native
04-16 19:05:58.295 1217 1362 I bt_stack_manager: packages/modules/Bluetooth/system/btif/src/stack_manager.cc:427 event_clean_up_stack: event_clean_up_stack is cleaning up the stack
04-16 19:05:58.295 1217 1362 I bt_btif_core: packages/modules/Bluetooth/system/btif/src/btif_core.cc:308 btif_cleanup_bluetooth: btif_cleanup_bluetooth entered
04-16 19:05:58.295 1217 1362 I bt_btif_queue: packages/modules/Bluetooth/system/btif/src/btif_profile_queue.cc:217 btif_queue_release: btif_queue_release
04-16 19:05:58.321 562 597 W SystemServiceManager: Service com.android.server.textclassifier.TextClassificationManagerService$Lifecycle took 92 ms in onUnlockingUser-0
04-16 19:05:58.351 350 350 D Zygote : Forked child process 1749
04-16 19:05:58.389 0 0 W binder_debug: 16 callbacks suppressed
04-16 19:05:58.389 0 0 I binder : 1708:562 cannot find target node
04-16 19:05:58.389 0 0 I binder : 562:1708 transaction async to 0:0 failed 34111/29189/-22, size 104-0 line 3210
04-16 19:05:58.497 1217 1378 I droid.bluetooth: [0416/190558.497349:INFO:message_loop_thread.cc(205)] Run: message loop finished for thread bt_jni_thread
04-16 19:05:58.507 1217 1362 I bt_btif_core: packages/modules/Bluetooth/system/btif/src/btif_core.cc:315 btif_cleanup_bluetooth: btif_cleanup_bluetooth finished
04-16 19:05:58.507 1217 1362 I bt_core_module: packages/modules/Bluetooth/system/btcore/src/module.cc:123 module_clean_up: module_clean_up Cleaning up module "stack_config_module"
04-16 19:05:58.517 1217 1362 I bt_core_module: packages/modules/Bluetooth/system/btcore/src/module.cc:128 module_clean_up: module_clean_up Cleanup of module "stack_config_module" completed
04-16 19:05:58.517 1217 1362 I bt_core_module: packages/modules/Bluetooth/system/btcore/src/module.cc:123 module_clean_up: module_clean_up Cleaning up module "interop_module"
04-16 19:05:58.536 562 598 W ActivityManager: Slow operation: 331ms so far, now at startProcess: returned from zygote!
04-16 19:05:58.554 988 1071 W Looper : Slow dispatch took 1764ms BroadcastRunning h=com.android.systemui.broadcast.BroadcastDispatcher$handler$1 c=null m=0
04-16 19:05:58.581 562 1708 E IPCThreadState: Binder transaction failure: 34111/29189/-22
04-16 19:05:58.582 562 1692 W system_server: Long monitor contention with owner binder:562_11 (1708) at java.util.List com.android.server.om.OverlayManagerService.updatePackageManagerLocked(java.util.Collection, int)(OverlayManagerService.java:1534) waiters=0 in boolean com.android.server.om.OverlayManagerService$1.setEnabledExclusiveInCategory(java.lang.String, int) for 3.816s
04-16 19:05:58.588 562 585 W Looper : Slow dispatch took 131ms android.fg h=android.os.Handler c=com.android.server.om.OverlayManagerService$$ExternalSyntheticLambda0@7bc7fd8 m=0
04-16 19:05:58.608 562 1747 I Telecom : CallAudioModeStateMachine: Audio focus entering UNFOCUSED state❗
04-16 19:05:58.629 0 0 I binder : 1708:562 reply target not found
04-16 19:05:58.616 1217 1362 I bt_core_module: packages/modules/Bluetooth/system/btcore/src/module.cc:128 module_clean_up: module_clean_up Cleanup of module "interop_module" completed
04-16 19:05:58.617 1217 1362 I bt_core_module: packages/modules/Bluetooth/system/btcore/src/module.cc:123 module_clean_up: module_clean_up Cleaning up module "btif_config_module"
04-16 19:05:58.617 1217 1362 I bt_core_module: packages/modules/Bluetooth/system/btcore/src/module.cc:128 module_clean_up: module_clean_up Cleanup of module "btif_config_module" completed
04-16 19:05:58.617 1217 1362 I bt_core_module: packages/modules/Bluetooth/system/btcore/src/module.cc:123 module_clean_up: module_clean_up Cleaning up module "device_iot_config_module"
04-16 19:05:58.617 1217 1362 I device_iot_config: packages/modules/Bluetooth/system/device/src/device_iot_config_int.cc:175 device_iot_config_module_clean_up:
04-16 19:05:58.617 1217 1362 I bt_core_module: packages/modules/Bluetooth/system/btcore/src/module.cc:128 module_clean_up: module_clean_up Cleanup of module "device_iot_config_module" completed
04-16 19:05:58.617 1217 1362 I bt_core_module: packages/modules/Bluetooth/system/btcore/src/module.cc:123 module_clean_up: module_clean_up Cleaning up module "osi_module"
04-16 19:05:58.624 562 597 V SystemServerTimingAsync: ssm.onUnlockingUser-0_com.android.server.textclassifier.TextClassificationManagerService$Lifecycle took to complete: 375ms
04-16 19:05:58.624 562 597 D SystemServerTimingAsync: ssm.onUnlockingUser-0_com.android.server.NetworkScoreService$Lifecycle
04-16 19:05:58.624 562 597 V SystemServerTimingAsync: ssm.onUnlockingUser-0_com.android.server.NetworkScoreService$Lifecycle took to complete: 0ms
04-16 19:05:58.624 562 597 D SystemServerTimingAsync: ssm.onUnlockingUser-0_com.android.server.NetworkStatsServiceInitializer
04-16 19:05:58.625 562 597 V SystemServerTimingAsync: ssm.onUnlockingUser-0_com.android.server.NetworkStatsServiceInitializer took to complete: 0ms
04-16 19:05:58.625 1217 1369 I bt_osi_alarm: packages/modules/Bluetooth/system/osi/src/alarm.cc:662 callback_dispatch: callback_dispatch Callback thread exited
04-16 19:05:58.626 1217 1369 W bt_osi_thread: packages/modules/Bluetooth/system/osi/src/thread.cc:240 run_thread: run_thread: thread id 1369, thread name alarm_dispatcher exited
04-16 19:05:58.637 1217 1368 W bt_osi_thread: packages/modules/Bluetooth/system/osi/src/thread.cc:240 run_thread: run_thread: thread id 1368, thread name alarm_default_ca exited
04-16 19:05:58.639 1217 1362 I bt_core_module: packages/modules/Bluetooth/system/btcore/src/module.cc:128 module_clean_up: module_clean_up Cleanup of module "osi_module" completed
04-16 19:05:58.639 1217 1362 I bt_stack_manager: packages/modules/Bluetooth/system/btif/src/stack_manager.cc:439 event_clean_up_stack: event_clean_up_stack Gd shim module disabled
04-16 19:05:58.639 1217 1362 I bt_core_module: packages/modules/Bluetooth/system/btcore/src/module.cc:105 module_shut_down: module_shut_down Shutting down module "gd_shim_module"
04-16 19:05:58.687 1484 1600 I LatinIME:LogUtils: Dictionary info: dictionary = main:en ; version = 54 ; date = 1414726273
04-16 19:05:58.630 0 0 I binder : 562:1708 transaction reply to 0:0 failed 34143/29189/0, size 4-0 line 3140
04-16 19:05:58.630 0 0 I binder : send failed reply for transaction 33360, target dead
04-16 19:05:58.701 562 598 W ActivityManager: Slow operation: 658ms so far, now at startProcess: done updating battery stats
04-16 19:05:58.702 562 598 I Watchdog: Interesting Java process com.android.providers.media.module started. Pid 1749
04-16 19:05:58.702 562 598 W ActivityManager: Slow operation: 659ms so far, now at startProcess: building log message
04-16 19:05:58.702 562 598 I ActivityManager: Start proc 1749:com.android.providers.media.module/u0a131 for service {com.android.providers.media.module/com.android.providers.media.fuse.ExternalStorageServiceImpl}
04-16 19:05:58.702 562 598 W ActivityManager: Slow operation: 660ms so far, now at startProcess: starting to update pids map
04-16 19:05:58.767 0 0 E binder : invalid inc weak node for 33337
04-16 19:05:58.767 0 0 I binder : 562:1692 IncRefs 0 refcount change on invalid ref 610 ret -22
04-16 19:05:58.767 0 0 E binder : invalid inc weak node for 33339
04-16 19:05:58.767 0 0 I binder : 562:1692 IncRefs 0 refcount change on invalid ref 611 ret -22
04-16 19:05:58.773 1749 1749 I rs.media.module: Using CollectorTypeCC GC.
04-16 19:05:58.801 562 597 D SystemServerTimingAsync: ssm.onUnlockingUser-0_com.android.server.wifi.WifiService
04-16 19:05:58.821 1749 1749 W rs.media.module: Unexpected CPU variant for x86: x86_64.
04-16 19:05:58.821 1749 1749 W rs.media.module: Known variants: atom, sandybridge, silvermont, goldmont, goldmont-plus, tremont, kabylake, default
04-16 19:05:58.837 562 598 W ActivityManager: Slow operation: 795ms so far, now at startProcess: done updating pids map
04-16 19:05:58.842 562 597 D WifiService: Handle user unlock 0
04-16 19:05:58.920 1217 1362 I bluetooth: packages/modules/Bluetooth/system/main/shim/acl.cc:1895 FinalShutdown: Unregistered and cleared any orphaned ACL connections
04-16 19:05:58.978 1484 1600 I LatinIME:LogUtils: Dictionary info: dictionary = main:en ; version = 54 ; date = 1414726273
04-16 19:05:58.994 1217 1371 I BtGdModule: packages/modules/Bluetooth/system/gd/module.cc:111 StopAll: Stopping Handler of Module Distance Measurement Manager
04-16 19:05:58.995 1217 1371 I BtGdModule: packages/modules/Bluetooth/system/gd/module.cc:114 StopAll: Stopping Module Distance Measurement Manager
04-16 19:05:58.995 1217 1371 I BtGdModule: packages/modules/Bluetooth/system/gd/module.cc:111 StopAll: Stopping Handler of Module Le Scanning Manager
04-16 19:05:59.002 562 597 W SystemServiceManager: Service com.android.server.wifi.WifiService took 107 ms in onUnlockingUser-0
04-16 19:05:59.002 562 597 V SystemServerTimingAsync: ssm.onUnlockingUser-0_com.android.server.wifi.WifiService took to complete: 201ms
04-16 19:05:59.002 562 597 D SystemServerTimingAsync: ssm.onUnlockingUser-0_com.android.server.wifi.scanner.WifiScanningService
04-16 19:05:59.002 562 597 V SystemServerTimingAsync: ssm.onUnlockingUser-0_com.android.server.wifi.scanner.WifiScanningService took to complete: 0ms
04-16 19:05:59.002 562 597 D SystemServerTimingAsync: ssm.onUnlockingUser-0_com.android.server.wifi.p2p.WifiP2pService
04-16 19:05:59.002 562 597 V SystemServerTimingAsync: ssm.onUnlockingUser-0_com.android.server.wifi.p2p.WifiP2pService took to complete: 0ms
04-16 19:05:59.002 562 597 D SystemServerTimingAsync: ssm.onUnlockingUser-0_com.android.server.ConnectivityServiceInitializer
04-16 19:05:59.003 562 597 V SystemServerTimingAsync: ssm.onUnlockingUser-0_com.android.server.ConnectivityServiceInitializer took to complete: 0ms
04-16 19:05:59.003 562 597 D SystemServerTimingAsync: ssm.onUnlockingUser-0_com.android.server.notification.NotificationManagerService
04-16 19:05:59.003 562 597 V SystemServerTimingAsync: ssm.onUnlockingUser-0_com.android.server.notification.NotificationManagerService took to complete: 0ms
04-16 19:05:59.003 562 597 D SystemServerTimingAsync: ssm.onUnlockingUser-0_com.android.server.storage.DeviceStorageMonitorService
04-16 19:05:59.003 562 597 V SystemServerTimingAsync: ssm.onUnlockingUser-0_com.android.server.storage.DeviceStorageMonitorService took to complete: 0ms
04-16 19:05:59.003 562 597 D SystemServerTimingAsync: ssm.onUnlockingUser-0_com.android.server.timedetector.TimeDetectorService$Lifecycle
04-16 19:05:59.003 562 597 V SystemServerTimingAsync: ssm.onUnlockingUser-0_com.android.server.timedetector.TimeDetectorService$Lifecycle took to complete: 0ms
04-16 19:05:59.003 562 597 D SystemServerTimingAsync: ssm.onUnlockingUser-0_com.android.server.location.LocationManagerService$Lifecycle
04-16 19:05:59.003 562 597 V SystemServerTimingAsync: ssm.onUnlockingUser-0_com.android.server.location.LocationManagerService$Lifecycle took to complete: 0ms
04-16 19:05:59.003 562 597 D SystemServerTimingAsync: ssm.onUnlockingUser-0_com.android.server.timezonedetector.TimeZoneDetectorService$Lifecycle
04-16 19:05:59.019 562 1747 I Telecom : CallAudioModeStateMachine: Message received: null.: TS.init->CAMSM.pM_1@AAA❗
04-16 19:05:59.022 1749 1749 E rs.media.module: Not starting debugger since process cannot load the jdwp agent.
04-16 19:05:59.048 562 597 V SystemServerTimingAsync: ssm.onUnlockingUser-0_com.android.server.timezonedetector.TimeZoneDetectorService$Lifecycle took to complete: 0ms
04-16 19:05:59.048 562 597 D SystemServerTimingAsync: ssm.onUnlockingUser-0_com.android.server.location.altitude.AltitudeService$Lifecycle
04-16 19:05:59.049 562 597 V SystemServerTimingAsync: ssm.onUnlockingUser-0_com.android.server.location.altitude.AltitudeService$Lifecycle took to complete: 0ms
04-16 19:05:59.049 562 597 D SystemServerTimingAsync: ssm.onUnlockingUser-0_com.android.server.timezonedetector.location.LocationTimeZoneManagerService$Lifecycle
04-16 19:05:59.049 562 597 V SystemServerTimingAsync: ssm.onUnlockingUser-0_com.android.server.timezonedetector.location.LocationTimeZoneManagerService$Lifecycle took to complete: 0ms
04-16 19:05:59.049 562 597 D SystemServerTimingAsync: ssm.onUnlockingUser-0_com.android.server.search.SearchManagerService$Lifecycle
04-16 19:05:59.094 562 597 V SystemServerTimingAsync: ssm.onUnlockingUser-0_com.android.server.search.SearchManagerService$Lifecycle took to complete: 45ms
04-16 19:05:59.094 562 597 D SystemServerTimingAsync: ssm.onUnlockingUser-0_com.android.server.wallpaper.WallpaperManagerService$Lifecycle
04-16 19:05:59.095 562 597 V SystemServerTimingAsync: ssm.onUnlockingUser-0_com.android.server.wallpaper.WallpaperManagerService$Lifecycle took to complete: 0ms
04-16 19:05:59.095 562 597 D SystemServerTimingAsync: ssm.onUnlockingUser-0_com.android.server.wallpapereffectsgeneration.WallpaperEffectsGenerationManagerService
04-16 19:05:59.106 562 900 D WakeupConfigStoreData: WifiWake user data has been read
04-16 19:05:59.132 1217 1371 I BtGdModule: packages/modules/Bluetooth/system/gd/module.cc:114 StopAll: Stopping Module Le Scanning Manager
04-16 19:05:59.133 1217 1371 I BtGdModule: packages/modules/Bluetooth/system/gd/module.cc:111 StopAll: Stopping Handler of Module Microsoft Extension Manager
04-16 19:05:59.133 1217 1371 I BtGdModule: packages/modules/Bluetooth/system/gd/module.cc:114 StopAll: Stopping Module Microsoft Extension Manager
04-16 19:05:59.133 1217 1371 I bluetooth: packages/modules/Bluetooth/system/gd/hci/msft.cc:78 stop: MsftExtensionManager stop()
04-16 19:05:59.133 1217 1371 I BtGdModule: packages/modules/Bluetooth/system/gd/module.cc:111 StopAll: Stopping Handler of Module Le Advertising Manager
04-16 19:05:59.134 1217 1371 I BtGdModule: packages/modules/Bluetooth/system/gd/module.cc:114 StopAll: Stopping Module Le Advertising Manager
04-16 19:05:59.134 1217 1371 I BtGdModule: packages/modules/Bluetooth/system/gd/module.cc:111 StopAll: Stopping Handler of Module Acl Manager
04-16 19:05:59.134 1217 1371 I BtGdModule: packages/modules/Bluetooth/system/gd/module.cc:114 StopAll: Stopping Module Acl Manager
04-16 19:05:59.135 1217 1371 I BtGdModule: packages/modules/Bluetooth/system/gd/module.cc:111 StopAll: Stopping Handler of Module AclSchedulerModule
04-16 19:05:59.135 1217 1371 I BtGdModule: packages/modules/Bluetooth/system/gd/module.cc:114 StopAll: Stopping Module AclSchedulerModule
04-16 19:05:59.135 1217 1371 I BtGdModule: packages/modules/Bluetooth/system/gd/module.cc:111 StopAll: Stopping Handler of Module Vendor Specific Event Manager
04-16 19:05:59.135 1217 1371 I BtGdModule: packages/modules/Bluetooth/system/gd/module.cc:114 StopAll: Stopping Module Vendor Specific Event Manager
04-16 19:05:59.135 1217 1371 I BtGdModule: packages/modules/Bluetooth/system/gd/module.cc:111 StopAll: Stopping Handler of Module Controller
04-16 19:05:59.149 562 682 I InputReader: Reconfiguring input devices, changes=KEYBOARD_LAYOUTS
04-16 19:05:59.160 1217 1371 I BtGdModule: packages/modules/Bluetooth/system/gd/module.cc:114 StopAll: Stopping Module Controller
04-16 19:05:59.161 1217 1371 I BtGdModule: packages/modules/Bluetooth/system/gd/module.cc:111 StopAll: Stopping Handler of Module Sysprops Module
04-16 19:05:59.161 1217 1371 I BtGdModule: packages/modules/Bluetooth/system/gd/module.cc:114 StopAll: Stopping Module Sysprops Module
04-16 19:05:59.161 1217 1371 I BtGdModule: packages/modules/Bluetooth/system/gd/module.cc:111 StopAll: Stopping Handler of Module shim::Dumpsys
04-16 19:05:59.161 1217 1371 I BtGdModule: packages/modules/Bluetooth/system/gd/module.cc:114 StopAll: Stopping Module shim::Dumpsys
04-16 19:05:59.161 1217 1371 I BtGdModule: packages/modules/Bluetooth/system/gd/module.cc:111 StopAll: Stopping Handler of Module Hci Layer
04-16 19:05:59.161 1217 1371 I BtGdModule: packages/modules/Bluetooth/system/gd/module.cc:114 StopAll: Stopping Module Hci Layer
04-16 19:05:59.162 1217 1371 I BtGdModule: packages/modules/Bluetooth/system/gd/module.cc:111 StopAll: Stopping Handler of Module Storage Module
04-16 19:05:59.163 1217 1371 I BtGdModule: packages/modules/Bluetooth/system/gd/module.cc:114 StopAll: Stopping Module Storage Module
04-16 19:05:59.163 1217 1371 I BtGdModule: packages/modules/Bluetooth/system/gd/module.cc:111 StopAll: Stopping Handler of Module HciHalHidl
04-16 19:05:59.163 1217 1371 I BtGdModule: packages/modules/Bluetooth/system/gd/module.cc:114 StopAll: Stopping Module HciHalHidl
04-16 19:05:59.199 372 372 I android.hardware.bluetooth.service.default: close
04-16 19:05:59.223 372 372 E android.hardware.bluetooth.service.default: unable to open /dev/rfkill: Permission denied
04-16 19:05:59.223 372 372 E android.hardware.bluetooth.service.default: rfkill unavailable
04-16 19:05:59.261 1217 1371 I BtGdModule: packages/modules/Bluetooth/system/gd/module.cc:111 StopAll: Stopping Handler of Module Btaa Module
04-16 19:05:59.262 1217 1371 I BtGdModule: packages/modules/Bluetooth/system/gd/module.cc:114 StopAll: Stopping Module Btaa Module
04-16 19:05:59.262 1217 1371 I BtGdModule: packages/modules/Bluetooth/system/gd/module.cc:111 StopAll: Stopping Handler of Module SnoopLogger
04-16 19:05:59.263 1217 1371 I BtGdModule: packages/modules/Bluetooth/system/gd/module.cc:114 StopAll: Stopping Module SnoopLogger
04-16 19:05:59.266 0 0 I binder : release 1732:1732 transaction 33572 out, still active
04-16 19:05:59.266 0 0 I binder : undelivered TRANSACTION_COMPLETE
04-16 19:05:59.272 1217 1372 W bluetooth: packages/modules/Bluetooth/system/gd/hal/snoop_logger_socket.cc:148 ProcessIncomingRequest: exting from listen_fn_ thread
04-16 19:05:59.300 1217 1371 I bluetooth: packages/modules/Bluetooth/system/gd/hal/snoop_logger.cc:605 DisableFilters: persist.bluetooth.snooplogfilter.profiles.rfcomm.enabled, 0
04-16 19:05:59.301 1217 1371 I bluetooth: packages/modules/Bluetooth/system/gd/hal/snoop_logger.cc:605 DisableFilters: persist.bluetooth.snooplogfilter.profiles.a2dp.enabled, 0
04-16 19:05:59.301 1217 1371 I bluetooth: packages/modules/Bluetooth/system/gd/hal/snoop_logger.cc:605 DisableFilters: persist.bluetooth.snooplogfilter.headers.enabled, 0
04-16 19:05:59.302 1217 1371 I bluetooth: packages/modules/Bluetooth/system/gd/hal/snoop_logger.cc:609 DisableFilters: persist.bluetooth.snooplogfilter.profiles.map, disabled
04-16 19:05:59.302 1217 1371 I bluetooth: packages/modules/Bluetooth/system/gd/hal/snoop_logger.cc:609 DisableFilters: persist.bluetooth.snooplogfilter.profiles.pbap, disabled
04-16 19:05:59.303 1217 1371 I bluetooth: packages/modules/Bluetooth/system/gd/hal/snoop_logger.cc:334 delete_btsnoop_files: Deleting logs if they exist
04-16 19:05:59.304 1217 1217 E bt_stack_manager: packages/modules/Bluetooth/system/btif/src/stack_manager.cc:203 clean_up_stack: cleanup could not be completed in time, abandon it
04-16 19:05:59.304 1217 1217 I BluetoothServiceJni: cleanupNative: return from cleanup
04-16 19:05:59.319 1217 1371 I bluetooth: packages/modules/Bluetooth/system/gd/hal/snoop_logger.cc:340 delete_btsnoop_files: Main log file does not exist at "/data/misc/bluetooth/logs/btsnooz_hci.log"
04-16 19:05:59.334 1217 1371 I bluetooth: packages/modules/Bluetooth/system/gd/hal/snoop_logger.cc:348 delete_btsnoop_files: Last log file does not exist at "/data/misc/bluetooth/logs/btsnooz_hci.log"
04-16 19:05:59.335 1217 1371 I BtGdModule: packages/modules/Bluetooth/system/gd/module.cc:111 StopAll: Stopping Handler of Module BluetoothCounterMetrics
04-16 19:05:59.335 1217 1371 I BtGdModule: packages/modules/Bluetooth/system/gd/module.cc:114 StopAll: Stopping Module BluetoothCounterMetrics
04-16 19:05:59.354 1217 1371 I BluetoothCounterMetrics: packages/modules/Bluetooth/system/gd/metrics/counter_metrics.cc:95 DrainBufferedCounters: Draining buffered counters
04-16 19:05:59.354 1217 1371 I BluetoothCounterMetrics: packages/modules/Bluetooth/system/gd/metrics/counter_metrics.cc:49 Stop: Counter metrics canceled
04-16 19:05:59.384 1217 1217 D BluetoothAdapterService: cleanup(): mBluetoothKeystoreService.cleanup()
04-16 19:05:59.385 1217 1217 D BluetoothKeystoreService: cleanup
04-16 19:05:59.386 1217 1217 D BluetoothKeystoreService: setBluetoothKeystoreService(): set to: null
04-16 19:05:59.397 562 597 W SystemServiceManager: Service com.android.server.wallpapereffectsgeneration.WallpaperEffectsGenerationManagerService took 302 ms in onUnlockingUser-0
04-16 19:05:59.398 562 597 V SystemServerTimingAsync: ssm.onUnlockingUser-0_com.android.server.wallpapereffectsgeneration.WallpaperEffectsGenerationManagerService took to complete: 303ms
04-16 19:05:59.398 562 597 D SystemServerTimingAsync: ssm.onUnlockingUser-0_com.android.server.audio.AudioService$Lifecycle
04-16 19:05:59.399 562 597 V SystemServerTimingAsync: ssm.onUnlockingUser-0_com.android.server.audio.AudioService$Lifecycle took to complete: 0ms
04-16 19:05:59.404 562 597 D SystemServerTimingAsync: ssm.onUnlockingUser-0_com.android.server.soundtrigger_middleware.SoundTriggerMiddlewareService$Lifecycle
04-16 19:05:59.416 562 597 V SystemServerTimingAsync: ssm.onUnlockingUser-0_com.android.server.soundtrigger_middleware.SoundTriggerMiddlewareService$Lifecycle took to complete: 0ms
04-16 19:05:59.417 562 597 D SystemServerTimingAsync: ssm.onUnlockingUser-0_com.android.server.DockObserver
04-16 19:05:59.418 562 597 V SystemServerTimingAsync: ssm.onUnlockingUser-0_com.android.server.DockObserver took to complete: 0ms
04-16 19:05:59.418 562 597 D SystemServerTimingAsync: ssm.onUnlockingUser-0_com.android.server.midi.MidiService$Lifecycle
04-16 19:05:59.449 562 900 D WifiConfigStore: Reading from user stores completed in 539 ms.
04-16 19:05:59.469 1217 1362 I BtGdWakelockNative: packages/modules/Bluetooth/system/gd/os/android/wakelock_native.cc:122 CleanUp: Cleaning up native wake locks
04-16 19:05:59.470 1217 1362 I BtGdWakelockNative: packages/modules/Bluetooth/system/gd/os/android/wakelock_native.cc:129 CleanUp: Unlink death recipient
04-16 19:05:59.517 1217 1362 I bt_gd_shim: packages/modules/Bluetooth/system/main/shim/stack.cc:201 Stop: Stop Successfully shut down Gd stack
04-16 19:05:59.519 1217 1362 I bt_core_module: packages/modules/Bluetooth/system/btcore/src/module.cc:110 module_shut_down: module_shut_down Shutdown of module "gd_shim_module" completed
04-16 19:05:59.642 1217 1364 I droid.bluetooth: [0416/190559.642298:INFO:message_loop_thread.cc(205)] Run: message loop finished for thread bt_main_thread
04-16 19:05:59.645 1217 1217 D ActiveDeviceManager: cleanup()
04-16 19:05:59.723 562 597 W SystemServiceManager: Service com.android.server.midi.MidiService$Lifecycle took 279 ms in onUnlockingUser-0
04-16 19:05:59.723 562 597 V SystemServerTimingAsync: ssm.onUnlockingUser-0_com.android.server.midi.MidiService$Lifecycle took to complete: 304ms
04-16 19:05:59.767 1217 1362 I bt_stack_manager: packages/modules/Bluetooth/system/btif/src/stack_manager.cc:445 event_clean_up_stack: event_clean_up_stack finished
04-16 19:05:59.792 562 597 D SystemServerTimingAsync: ssm.onUnlockingUser-0_com.android.server.adb.AdbService$Lifecycle
04-16 19:05:59.794 562 597 V SystemServerTimingAsync: ssm.onUnlockingUser-0_com.android.server.adb.AdbService$Lifecycle took to complete: 0ms
04-16 19:05:59.795 562 597 D SystemServerTimingAsync: ssm.onUnlockingUser-0_com.android.server.usb.UsbService$Lifecycle
04-16 19:05:59.822 562 562 I Telecom : MissedCallNotifierImpl: reloadFromDatabase: Boot not yet complete -- call log db may not be available. Deferring loading until boot complete for user 0: TS.init@AAA❗
04-16 19:05:59.892 562 685 E BluetoothManagerService: MESSAGE_TIMEOUT_BIND
04-16 19:05:59.949 1217 1217 D BluetoothAdapterService: onDestroy()
04-16 19:05:59.949 1217 1217 I BluetoothAdapterService: Force exit to cleanup internal state in Bluetooth stack
04-16 19:05:59.979 562 597 W SystemServiceManager: Service com.android.server.usb.UsbService$Lifecycle took 183 ms in onUnlockingUser-0
04-16 19:05:59.980 562 597 V SystemServerTimingAsync: ssm.onUnlockingUser-0_com.android.server.usb.UsbService$Lifecycle took to complete: 184ms
04-16 19:05:59.980 562 597 D SystemServerTimingAsync: ssm.onUnlockingUser-0_com.android.server.twilight.TwilightService
04-16 19:05:59.980 562 597 V SystemServerTimingAsync: ssm.onUnlockingUser-0_com.android.server.twilight.TwilightService took to complete: 0ms
04-16 19:05:59.980 562 597 D SystemServerTimingAsync: ssm.onUnlockingUser-0_com.android.server.display.color.ColorDisplayService
04-16 19:05:59.980 562 597 V SystemServerTimingAsync: ssm.onUnlockingUser-0_com.android.server.display.color.ColorDisplayService took to complete: 0ms
04-16 19:05:59.980 562 597 D SystemServerTimingAsync: ssm.onUnlockingUser-0_com.android.server.job.JobSchedulerService
04-16 19:05:59.981 562 597 V SystemServerTimingAsync: ssm.onUnlockingUser-0_com.android.server.job.JobSchedulerService took to complete: 0ms
04-16 19:05:59.981 562 597 D SystemServerTimingAsync: ssm.onUnlockingUser-0_com.android.server.soundtrigger.SoundTriggerService
04-16 19:05:59.981 562 597 V SystemServerTimingAsync: ssm.onUnlockingUser-0_com.android.server.soundtrigger.SoundTriggerService took to complete: 0ms
04-16 19:05:59.981 562 597 D SystemServerTimingAsync: ssm.onUnlockingUser-0_com.android.server.trust.TrustManagerService
04-16 19:05:59.981 562 597 V SystemServerTimingAsync: ssm.onUnlockingUser-0_com.android.server.trust.TrustManagerService took to complete: 1ms
04-16 19:05:59.982 562 597 D SystemServerTimingAsync: ssm.onUnlockingUser-0_com.android.server.backup.BackupManagerService$Lifecycle
04-16 19:05:59.983 562 597 V SystemServerTimingAsync: ssm.onUnlockingUser-0_com.android.server.backup.BackupManagerService$Lifecycle took to complete: 1ms
04-16 19:05:59.983 562 597 D SystemServerTimingAsync: ssm.onUnlockingUser-0_com.android.server.appwidget.AppWidgetService
04-16 19:05:59.983 562 597 V SystemServerTimingAsync: ssm.onUnlockingUser-0_com.android.server.appwidget.AppWidgetService took to complete: 0ms
04-16 19:05:59.983 562 597 D SystemServerTimingAsync: ssm.onUnlockingUser-0_com.android.server.voiceinteraction.VoiceInteractionManagerService
04-16 19:05:59.985 562 597 W VoiceInteractionManager: no available voice recognition services found for user 0
04-16 19:05:59.998 1217 1217 I droid.bluetooth: System.exit called, status: 0
04-16 19:05:59.998 1217 1217 I AndroidRuntime: VM exiting with result code 0, cleanup skipped.
04-16 19:06:00.014 562 1708 I WifiService: setWifiEnabled package=com.android.shell uid=2000 enable=false isPrivileged=true
04-16 19:06:00.095 562 1726 D WifiNl80211Manager: Scan result ready event
04-16 19:06:00.106 562 589 W system_server: Long monitor contention with owner android.ui (586) at float com.android.server.wm.WindowManagerService.getCurrentAnimatorScale()(WindowManagerService.java:3495) waiters=0 in void com.android.server.wm.WindowAnimator.lambda$new$1(long) for 246ms
04-16 19:06:00.114 562 685 D BluetoothManagerService: MESSAGE_DISABLE: mBluetooth =null, mBinding = false
04-16 19:06:00.115 562 1726 D WifiNative: Scan result ready event
04-16 19:06:00.460 0 0 I init : Untracked pid 1732 received signal 1
04-16 19:06:00.462 0 0 I init : Untracked pid 1732 did not have an associated service entry and will not be reaped
04-16 19:06:00.486 562 586 W Looper : Slow dispatch took 3978ms android.ui h=com.android.server.am.ActivityManagerService$UiHandler c=com.android.server.am.ErrorDialogController$$ExternalSyntheticLambda5@9576d5e m=0
04-16 19:06:00.565 562 586 W Looper : Slow delivery took 1421ms android.ui h=com.android.server.am.BaseErrorDialog$2 c=null m=1
04-16 19:06:00.603 562 597 W system_server: Long monitor contention with owner android.ui (586) at float com.android.server.wm.WindowManagerService.getCurrentAnimatorScale()(WindowManagerService.java:3495) waiters=1 in void com.android.server.wm.ActivityTaskManagerService$LocalService.setAllowAppSwitches(java.lang.String, int, int) for 614ms
04-16 19:06:00.609 562 597 W SystemServiceManager: Service com.android.server.voiceinteraction.VoiceInteractionManagerService took 626 ms in onUnlockingUser-0
04-16 19:06:00.610 562 597 V SystemServerTimingAsync: ssm.onUnlockingUser-0_com.android.server.voiceinteraction.VoiceInteractionManagerService took to complete: 627ms
04-16 19:06:00.610 562 597 D SystemServerTimingAsync: ssm.onUnlockingUser-0_com.android.server.GestureLauncherService
04-16 19:06:00.610 562 597 V SystemServerTimingAsync: ssm.onUnlockingUser-0_com.android.server.GestureLauncherService took to complete: 0ms
04-16 19:06:00.610 562 597 D SystemServerTimingAsync: ssm.onUnlockingUser-0_com.android.server.SensorNotificationService
04-16 19:06:00.610 562 597 V SystemServerTimingAsync: ssm.onUnlockingUser-0_com.android.server.SensorNotificationService took to complete: 0ms
04-16 19:06:00.610 562 597 D SystemServerTimingAsync: ssm.onUnlockingUser-0_com.android.server.emergency.EmergencyAffordanceService
04-16 19:06:00.610 562 597 V SystemServerTimingAsync: ssm.onUnlockingUser-0_com.android.server.emergency.EmergencyAffordanceService took to complete: 0ms
04-16 19:06:00.611 562 597 D SystemServerTimingAsync: ssm.onUnlockingUser-0_com.android.server.blob.BlobStoreManagerService
04-16 19:06:00.611 562 597 V SystemServerTimingAsync: ssm.onUnlockingUser-0_com.android.server.blob.BlobStoreManagerService took to complete: 0ms
04-16 19:06:00.611 562 597 D SystemServerTimingAsync: ssm.onUnlockingUser-0_com.android.server.dreams.DreamManagerService
04-16 19:06:00.611 562 597 V SystemServerTimingAsync: ssm.onUnlockingUser-0_com.android.server.dreams.DreamManagerService took to complete: 0ms
04-16 19:06:00.611 562 597 D SystemServerTimingAsync: ssm.onUnlockingUser-0_com.android.server.print.PrintManagerService
04-16 19:06:00.633 562 586 I Choreographer: Skipped 50 frames! The application may be doing too much work on its main thread.
04-16 19:06:00.643 562 597 V SystemServerTimingAsync: ssm.onUnlockingUser-0_com.android.server.print.PrintManagerService took to complete: 32ms
04-16 19:06:00.643 562 597 D SystemServerTimingAsync: ssm.onUnlockingUser-0_com.android.server.security.AttestationVerificationManagerService
04-16 19:06:00.643 562 597 V SystemServerTimingAsync: ssm.onUnlockingUser-0_com.android.server.security.AttestationVerificationManagerService took to complete: 0ms
04-16 19:06:00.659 562 562 I Telecom : Class: TelecomSystem.INSTANCE being set❗
04-16 19:06:00.704 562 904 W system_server: Long monitor contention with owner AlarmManager (673) at void com.android.server.alarm.AlarmManagerService.setImpl(int, long, long, long, android.app.PendingIntent, android.app.IAlarmListener, java.lang.String, int, android.os.WorkSource, android.app.AlarmManager$AlarmClockInfo, int, java.lang.String, android.os.Bundle, int)(AlarmManagerService.java:2373) waiters=0 in void com.android.server.alarm.AlarmManagerService$5.remove(android.app.PendingIntent, android.app.IAlarmListener) for 575ms
04-16 19:06:00.706 562 597 D SystemServerTimingAsync: ssm.onUnlockingUser-0_com.android.server.companion.CompanionDeviceManagerService
04-16 19:06:00.707 562 597 V SystemServerTimingAsync: ssm.onUnlockingUser-0_com.android.server.companion.CompanionDeviceManagerService took to complete: 0ms
04-16 19:06:00.707 562 597 D SystemServerTimingAsync: ssm.onUnlockingUser-0_com.android.server.companion.virtual.VirtualDeviceManagerService
04-16 19:06:00.707 562 597 V SystemServerTimingAsync: ssm.onUnlockingUser-0_com.android.server.companion.virtual.VirtualDeviceManagerService took to complete: 0ms
04-16 19:06:00.707 562 597 D SystemServerTimingAsync: ssm.onUnlockingUser-0_com.android.server.restrictions.RestrictionsManagerService
04-16 19:06:00.707 562 597 V SystemServerTimingAsync: ssm.onUnlockingUser-0_com.android.server.restrictions.RestrictionsManagerService took to complete: 0ms
04-16 19:06:00.707 562 597 D SystemServerTimingAsync: ssm.onUnlockingUser-0_com.android.server.media.MediaSessionService
04-16 19:06:00.707 562 597 V SystemServerTimingAsync: ssm.onUnlockingUser-0_com.android.server.media.MediaSessionService took to complete: 0ms
04-16 19:06:00.805 562 597 D SystemServerTimingAsync: ssm.onUnlockingUser-0_com.android.server.media.MediaResourceMonitorService
04-16 19:06:00.806 562 597 V SystemServerTimingAsync: ssm.onUnlockingUser-0_com.android.server.media.MediaResourceMonitorService took to complete: 0ms
04-16 19:06:00.806 562 597 D SystemServerTimingAsync: ssm.onUnlockingUser-0_com.android.server.biometrics.sensors.face.FaceService
04-16 19:06:00.806 562 597 V SystemServerTimingAsync: ssm.onUnlockingUser-0_com.android.server.biometrics.sensors.face.FaceService took to complete: 0ms
04-16 19:06:00.806 562 597 D SystemServerTimingAsync: ssm.onUnlockingUser-0_com.android.server.biometrics.sensors.fingerprint.FingerprintService
04-16 19:06:00.806 562 597 V SystemServerTimingAsync: ssm.onUnlockingUser-0_com.android.server.biometrics.sensors.fingerprint.FingerprintService took to complete: 0ms
04-16 19:06:00.806 562 597 D SystemServerTimingAsync: ssm.onUnlockingUser-0_com.android.server.biometrics.BiometricService
04-16 19:06:00.806 562 597 V SystemServerTimingAsync: ssm.onUnlockingUser-0_com.android.server.biometrics.BiometricService took to complete: 0ms
04-16 19:06:00.806 562 597 D SystemServerTimingAsync: ssm.onUnlockingUser-0_com.android.server.biometrics.AuthService
04-16 19:06:00.806 562 597 V SystemServerTimingAsync: ssm.onUnlockingUser-0_com.android.server.biometrics.AuthService took to complete: 0ms
04-16 19:06:00.807 562 597 D SystemServerTimingAsync: ssm.onUnlockingUser-0_com.android.server.pm.ShortcutService$Lifecycle
04-16 19:06:00.918 562 644 D CompatibilityChangeReporter: Compat change id reported: 168419799; UID 10131; state: DISABLED
04-16 19:06:00.923 562 597 W SystemServiceManager: Service com.android.server.pm.ShortcutService$Lifecycle took 116 ms in onUnlockingUser-0
04-16 19:06:00.923 562 597 V SystemServerTimingAsync: ssm.onUnlockingUser-0_com.android.server.pm.ShortcutService$Lifecycle took to complete: 116ms
