04-16 19:05:07.301 988 988 D OverviewProxyService: at com.android.systemui.dagger.DaggerReferenceGlobalRootComponent$ReferenceSysUIComponentImpl.-$$Nest$mrecentsImplementation(go/retraceme bb0c85583bc8cef368173602f8ea06d241ec8a7fed6aca80388046fe2c5dd77a:1)
04-16 19:05:07.301 988 988 D OverviewProxyService: at com.android.systemui.dagger.DaggerReferenceGlobalRootComponent$ReferenceSysUIComponentImpl$SwitchingProvider.get1(go/retraceme bb0c85583bc8cef368173602f8ea06d241ec8a7fed6aca80388046fe2c5dd77a:81)
04-16 19:05:07.301 988 988 D OverviewProxyService: at com.android.systemui.dagger.DaggerReferenceGlobalRootComponent$ReferenceSysUIComponentImpl$SwitchingProvider.get(go/retraceme bb0c85583bc8cef368173602f8ea06d241ec8a7fed6aca80388046fe2c5dd77a:46)
04-16 19:05:07.301 988 988 D OverviewProxyService: at dagger.internal.DoubleCheck.get(go/retraceme bb0c85583bc8cef368173602f8ea06d241ec8a7fed6aca80388046fe2c5dd77a:14)
04-16 19:05:07.301 988 988 D OverviewProxyService: at com.android.systemui.dagger.DaggerReferenceGlobalRootComponent$ReferenceSysUIComponentImpl$SwitchingProvider.get1(go/retraceme bb0c85583bc8cef368173602f8ea06d241ec8a7fed6aca80388046fe2c5dd77a:134)
04-16 19:05:07.301 988 988 D OverviewProxyService: at com.android.systemui.dagger.DaggerReferenceGlobalRootComponent$ReferenceSysUIComponentImpl$SwitchingProvider.get(go/retraceme bb0c85583bc8cef368173602f8ea06d241ec8a7fed6aca80388046fe2c5dd77a:46)
04-16 19:05:07.301 988 988 D OverviewProxyService: at dagger.internal.DoubleCheck.get(go/retraceme bb0c85583bc8cef368173602f8ea06d241ec8a7fed6aca80388046fe2c5dd77a:14)
04-16 19:05:07.301 988 988 D OverviewProxyService: at com.android.systemui.SystemUIApplication$$ExternalSyntheticLambda1.run(go/retraceme bb0c85583bc8cef368173602f8ea06d241ec8a7fed6aca80388046fe2c5dd77a:47)
04-16 19:05:07.314 988 988 D OverviewProxyService: at com.android.systemui.SystemUIApplication.timeInitialization(go/retraceme bb0c85583bc8cef368173602f8ea06d241ec8a7fed6aca80388046fe2c5dd77a:28)
04-16 19:05:07.314 988 988 D OverviewProxyService: at com.android.systemui.SystemUIApplication.startServicesIfNeeded(go/retraceme bb0c85583bc8cef368173602f8ea06d241ec8a7fed6aca80388046fe2c5dd77a:18)
04-16 19:05:07.314 988 988 D OverviewProxyService: at com.android.systemui.SystemUIApplication.startServicesIfNeeded(go/retraceme bb0c85583bc8cef368173602f8ea06d241ec8a7fed6aca80388046fe2c5dd77a:6)
04-16 19:05:07.314 988 988 D OverviewProxyService: at com.android.systemui.SystemUIService.onCreate(go/retraceme bb0c85583bc8cef368173602f8ea06d241ec8a7fed6aca80388046fe2c5dd77a:10)
04-16 19:05:07.314 988 988 D OverviewProxyService: at android.app.ActivityThread.handleCreateService(ActivityThread.java:4651)
04-16 19:05:07.314 988 988 D OverviewProxyService: at android.app.ActivityThread.-$$Nest$mhandleCreateService(Unknown Source:0)
04-16 19:05:07.314 988 988 D OverviewProxyService: at android.app.ActivityThread$H.handleMessage(ActivityThread.java:2264)
04-16 19:05:07.314 988 988 D OverviewProxyService: at android.os.Handler.dispatchMessage(Handler.java:106)
04-16 19:05:07.314 988 988 D OverviewProxyService: at android.os.Looper.loopOnce(Looper.java:205)
04-16 19:05:07.314 988 988 D OverviewProxyService: at android.os.Looper.loop(Looper.java:294)
04-16 19:05:07.314 988 988 D OverviewProxyService: at android.app.ActivityThread.main(ActivityThread.java:8177)
04-16 19:05:07.314 988 988 D OverviewProxyService: at java.lang.reflect.Method.invoke(Native Method)
04-16 19:05:07.314 988 988 D OverviewProxyService: at com.android.internal.os.RuntimeInit$MethodAndArgsCaller.run(RuntimeInit.java:552)
04-16 19:05:07.314 988 988 D OverviewProxyService: at com.android.internal.os.ZygoteInit.main(ZygoteInit.java:971)
04-16 19:05:07.385 562 588 W system_server: Long monitor contention with owner binder:562_2 (578) at int com.android.server.wm.WindowManagerService.addWindow(com.android.server.wm.Session, android.view.IWindow, android.view.WindowManager$LayoutParams, int, int, int, int, android.view.InputChannel, android.view.InsetsState, android.view.InsetsSourceControl$Array, android.graphics.Rect, float[])(WindowManagerService.java:1860) waiters=1 in void com.android.server.wm.ActivityRecord$2.run() for 219ms
04-16 19:05:07.513 562 645 D CompatibilityChangeReporter: Compat change id reported: 135634846; UID 10112; state: DISABLED
04-16 19:05:07.522 562 645 D CompatibilityChangeReporter: Compat change id reported: 177438394; UID 10112; state: DISABLED
04-16 19:05:07.523 562 645 D CompatibilityChangeReporter: Compat change id reported: 135772972; UID 10112; state: DISABLED
04-16 19:05:07.530 562 645 D CompatibilityChangeReporter: Compat change id reported: 135754954; UID 10112; state: ENABLED
04-16 19:05:07.607 562 598 W ActivityManager: Slow operation: 176ms so far, now at startProcess: asking zygote to start proc
04-16 19:05:07.622 562 598 D CompatibilityChangeReporter: Compat change id reported: 143937733; UID 10112; state: ENABLED
04-16 19:05:07.627 562 598 W ActivityManager: com.android.launcher3 inode == 0 (b/152760674)
04-16 19:05:07.658 562 645 W ActivityManager: Slow operation: 253ms so far, now at startProcess: done starting proc!
04-16 19:05:07.676 562 562 W Looper : Slow dispatch took 273ms main h=android.database.sqlite.SQLiteConnectionPool$IdleConnectionHandler c=null m=2
04-16 19:05:07.766 562 562 D CompatibilityChangeReporter: Compat change id reported: 161145287; UID 1000; state: ENABLED
04-16 19:05:07.777 562 645 I ActivityManager: Flag disabled. Ignoring finishAttachApplication from uid: 1000. pid: 1251
04-16 19:05:07.799 562 562 W Looper : Slow dispatch took 105ms main h=android.service.notification.ConditionProviderService$H c=null m=1
04-16 19:05:07.809 562 562 D ConditionProviders.SCP: onConnected
04-16 19:05:07.847 562 920 D CompatibilityChangeReporter: Compat change id reported: 150939131; UID 1000; state: ENABLED
04-16 19:05:07.917 350 350 D Zygote : Forked child process 1299
04-16 19:05:07.948 562 598 W ActivityManager: Slow operation: 517ms so far, now at startProcess: returned from zygote!
04-16 19:05:07.963 562 562 W Looper : Slow dispatch took 153ms main h=com.android.providers.settings.SettingsProvider$SettingsRegistry$MyHandler c=null m=1
04-16 19:05:07.965 562 598 W ActivityManager: Slow operation: 534ms so far, now at startProcess: done updating battery stats
04-16 19:05:07.967 562 598 W ActivityManager: Slow operation: 536ms so far, now at startProcess: building log message
04-16 19:05:07.970 562 598 I ActivityManager: Start proc 1299:com.android.launcher3/u0a112 for service {com.android.launcher3/com.android.quickstep.TouchInteractionService}
04-16 19:05:07.971 562 598 W ActivityManager: Slow operation: 540ms so far, now at startProcess: starting to update pids map
04-16 19:05:08.143 1249 1249 D CarrierIdDatabaseHelper: onCreate
04-16 19:05:08.226 1251 1302 D libEGL : loaded /vendor/lib64/egl/libEGL_emulation.so
04-16 19:05:08.280 562 598 W ActivityManager: Slow operation: 849ms so far, now at startProcess: done updating pids map
04-16 19:05:08.316 562 605 W system_server: Long monitor contention with owner ActivityManager:procStart (598) at void com.android.server.am.ProcessList.lambda$handleProcessStart$1(com.android.server.am.ProcessRecord, java.lang.String, int[], int, int, int, java.lang.String, java.lang.String, java.lang.String, long)(ProcessList.java:2076) waiters=0 in boolean com.android.server.am.ActivityManagerService$LocalService.isProfileOwner(int) for 201ms
04-16 19:05:08.349 1299 1299 I droid.launcher3: Using CollectorTypeCC GC.
04-16 19:05:08.370 1251 1302 D libEGL : loaded /vendor/lib64/egl/libGLESv1_CM_emulation.so
04-16 19:05:08.379 1299 1299 W droid.launcher3: Unexpected CPU variant for x86: x86_64.
04-16 19:05:08.379 1299 1299 W droid.launcher3: Known variants: atom, sandybridge, silvermont, goldmont, goldmont-plus, tremont, kabylake, default
04-16 19:05:08.428 562 588 W BLASTSyncEngine: Sync group 1 timeout
04-16 19:05:08.465 1251 1302 D libEGL : loaded /vendor/lib64/egl/libGLESv2_emulation.so
04-16 19:05:08.553 1299 1299 E droid.launcher3: Not starting debugger since process cannot load the jdwp agent.
04-16 19:05:08.587 562 562 D UaBiometricScheduler/FaceProvider/default/4: [Added] {[0] com.android.server.biometrics.sensors.face.aidl.FaceInternalCleanupClient, proto=7, owner=android, cookie=0, requestId=-1, userId=0}, new queue size: 1
04-16 19:05:08.693 1249 1249 D CarrierIdProvider: update database from pb file
04-16 19:05:08.709 562 589 W system_server: Long monitor contention with owner binder:562_2 (578) at int com.android.server.wm.WindowManagerService.addWindow(com.android.server.wm.Session, android.view.IWindow, android.view.WindowManager$LayoutParams, int, int, int, int, android.view.InputChannel, android.view.InsetsState, android.view.InsetsSourceControl$Array, android.graphics.Rect, float[])(WindowManagerService.java:1860) waiters=0 in void com.android.server.wm.WindowAnimator.lambda$new$1(long) for 597ms
04-16 19:05:08.755 988 998 I ndroid.systemui: Background concurrent copying GC freed 70407(3351KB) AllocSpace objects, 5(224KB) LOS objects, 49% free, 3863KB/7727KB, paused 320us,180us total 1.736s
04-16 19:05:08.772 562 1057 W system_server: Long monitor contention with owner binder:562_2 (578) at int com.android.server.wm.WindowManagerService.addWindow(com.android.server.wm.Session, android.view.IWindow, android.view.WindowManager$LayoutParams, int, int, int, int, android.view.InputChannel, android.view.InsetsState, android.view.InsetsSourceControl$Array, android.graphics.Rect, float[])(WindowManagerService.java:1860) waiters=1 in void com.android.server.wm.ActivityClientController.setTaskDescription(android.os.IBinder, android.app.ActivityManager$TaskDescription) for 342ms
04-16 19:05:08.808 562 1057 D CompatibilityChangeReporter: Compat change id reported: 197654537; UID 1000; state: ENABLED
04-16 19:05:08.837 562 588 I BLASTSyncEngine: Unfinished container: ActivityRecord{f49539a u0 com.android.settings/.FallbackHome t5}
04-16 19:05:08.860 562 588 I BLASTSyncEngine: Unfinished container: Task{ccdb4cb #5 type=home A=1000:com.android.settings.FallbackHome}
04-16 19:05:08.881 562 562 D UaBiometricScheduler/FaceProvider/default/4: [Starting User] {[1] com.android.server.biometrics.sensors.face.aidl.FaceStartUserClient, proto=17, owner=android, cookie=0, requestId=-1, userId=0}
04-16 19:05:08.881 562 562 D FaceProvider/default: Daemon was null, reconnecting
04-16 19:05:08.898 0 0 I servicemanager: Found android.hardware.biometrics.face.IFace/default in device VINTF manifest.
04-16 19:05:08.959 0 0 I init : Sending signal 9 to service 'idmap2d' (pid 1200) process group...
04-16 19:05:08.977 0 0 I libprocessgroup: Successfully killed process cgroup uid 1000 pid 1200 in 18ms
04-16 19:05:08.980 0 0 I init : Control message: Processed ctl.stop for 'idmap2d' from pid: 562 (system_server)
04-16 19:05:08.980 0 0 I init : Service 'idmap2d' (pid 1200) received signal 9
04-16 19:05:09.035 562 1057 W OverlayManager: service 'idmap' died
04-16 19:05:09.141 562 589 W system_server: Long monitor contention with owner android.display (588) at void com.android.server.wm.WindowManagerService.onAnimationFinished()(WindowManagerService.java:8599) waiters=0 in void com.android.server.wm.WindowAnimator.lambda$new$1(long) for 314ms
04-16 19:05:09.182 562 585 V WindowManager: Sent Transition #1 createdAt=04-16 19:05:03.415
04-16 19:05:09.296 562 1060 W system_server: Long monitor contention with owner android.display (588) at void com.android.server.wm.WindowManagerService.onAnimationFinished()(WindowManagerService.java:8599) waiters=1 in void com.android.server.wm.BLASTSyncEngine$SyncGroup$1CommitCallback.onCommitted(android.view.SurfaceControl$Transaction) for 119ms
04-16 19:05:09.387 562 1057 D CompatibilityChangeReporter: Compat change id reported: 168419799; UID 10112; state: DISABLED
04-16 19:05:09.407 562 585 V WindowManager: startWCT=WindowContainerTransaction { changes = {} hops = [] errorCallbackToken=null taskFragmentOrganizer=null }
04-16 19:05:09.407 562 585 V WindowManager: info=null
04-16 19:05:09.409 562 1057 D CompatibilityChangeReporter: Compat change id reported: 273564678; UID 10112; state: DISABLED
04-16 19:05:09.410 562 1057 W ActivityManager: Slow operation: 192ms so far, now at attachApplicationLocked: immediately before bindApplication
04-16 19:05:09.419 562 585 W Looper : Slow dispatch took 390ms android.fg h=android.os.Handler c=com.android.server.wm.Transition$$ExternalSyntheticLambda10@5f6faad m=0
04-16 19:05:09.430 562 562 D FaceProvider/default/4: New session created for user: 0 with hal version: 3
04-16 19:05:09.431 562 562 W Looper : Slow dispatch took 1249ms main h=android.os.Handler c=com.android.server.biometrics.sensors.face.aidl.FaceProvider$$ExternalSyntheticLambda1@957a1e2 m=0
04-16 19:05:09.455 562 562 D UaBiometricScheduler/FingerprintProvider/default/0: [Added] {[2] com.android.server.biometrics.sensors.fingerprint.aidl.FingerprintInternalCleanupClient, proto=7, owner=android, cookie=0, requestId=-1, userId=0}, new queue size: 1
04-16 19:05:09.456 562 1057 W ActivityManager: Slow operation: 227ms so far, now at attachApplicationLocked: immediately after bindApplication
04-16 19:05:09.457 562 1057 W ActivityManager: Slow operation: 239ms so far, now at attachApplicationLocked: after updateLruProcessLocked
04-16 19:05:09.471 562 562 D UaBiometricScheduler/FingerprintProvider/default/0: [Starting User] {[3] com.android.server.biometrics.sensors.fingerprint.aidl.FingerprintStartUserClient, proto=17, owner=android, cookie=0, requestId=-1, userId=0}
04-16 19:05:09.471 562 562 D FingerprintProvider/default: Daemon was null, reconnecting
04-16 19:05:09.494 0 0 I servicemanager: Found android.hardware.biometrics.fingerprint.IFingerprint/default in device VINTF manifest.
04-16 19:05:09.495 0 0 I servicemanager: Since 'android.hardware.biometrics.fingerprint.IFingerprint/default' could not be found, trying to start it as a lazy AIDL service. (if it's not configured to be a lazy service, it may be stuck starting or still starting).
04-16 19:05:09.520 0 0 I init : starting service 'vendor.biometrics.fingerprint-service.ranchu'...
04-16 19:05:09.611 988 1294 I Choreographer: Skipped 153 frames! The application may be doing too much work on its main thread.
04-16 19:05:09.616 562 585 V WindowManager: Finish Transition #1: created at
04-16 19:05:03.415 collect-started=0.32ms request-sent=123.303ms started=688.486ms ready=1878.317ms sent=5567.742ms finished=5623.255ms
04-16 19:05:09.623 1249 1249 E CarrierIdProvider: read carrier list from ota pb failure: java.io.FileNotFoundException: /data/misc/carrierid/carrier_list.pb: open failed: ENOENT (No such file or directory)
04-16 19:05:09.628 562 585 W Looper : Slow delivery took 425ms android.fg h=android.os.Handler c=com.android.server.wm.Transition$$ExternalSyntheticLambda2@e91548 m=0
04-16 19:05:09.629 562 585 W Looper : Slow dispatch took 164ms android.fg h=android.os.Handler c=com.android.server.wm.Transition$$ExternalSyntheticLambda2@e91548 m=0
04-16 19:05:09.629 562 1057 D CompatibilityChangeReporter: Compat change id reported: 261072174; UID 10117; state: ENABLED
04-16 19:05:09.630 562 1057 W ActivityManager: Slow operation: 173ms so far, now at finishAttachApplicationInner: after mServices.attachApplicationLocked
04-16 19:05:09.630 562 1057 W ActivityManager: Slow operation: 173ms so far, now at finishAttachApplicationInner: after dispatching broadcasts
04-16 19:05:09.631 562 588 W system_server: Long monitor contention with owner binder:562_7 (1057) at void com.android.server.am.ActivityManagerService.finishAttachApplicationInner(long, int, int)(ActivityManagerService.java:4940) waiters=0 in void com.android.server.am.ProcessRecord.setRunningRemoteAnimation(boolean) for 401ms
04-16 19:05:09.660 1299 1299 D CompatibilityChangeReporter: Compat change id reported: 171979766; UID 10112; state: ENABLED
04-16 19:05:09.662 1299 1299 D CompatibilityChangeReporter: Compat change id reported: 242716250; UID 10112; state: ENABLED
04-16 19:05:09.698 0 0 I init : ... started service 'vendor.biometrics.fingerprint-service.ranchu' has pid 1324
04-16 19:05:09.699 0 0 I init : Control message: Processed ctl.interface_start for 'aidl/android.hardware.biometrics.fingerprint.IFingerprint/default' from pid: 152 (/system/bin/servicemanager)
04-16 19:05:09.705 562 586 W system_server: Long monitor contention with owner binder:562_7 (1057) at void com.android.server.am.ActivityManagerService.finishAttachApplicationInner(long, int, int)(ActivityManagerService.java:4940) waiters=3 in void com.android.server.am.BroadcastQueueModernImpl$1.onUidStateChanged(int, int, long, int) for 203ms
04-16 19:05:09.714 562 1057 D CoreBackPreview: Window{97f967d u0 ScreenDecorOverlay}: Setting back callback OnBackInvokedCallbackInfo{mCallback=android.window.IOnBackInvokedCallback$Stub$Proxy@1d32106, mPriority=0, mIsAnimationCallback=false}
04-16 19:05:09.727 562 586 W Looper : Slow dispatch took 227ms android.ui h=com.android.server.am.ActivityManagerService$UiHandler c=com.android.server.am.UidObserverController$$ExternalSyntheticLambda0@b89be8d m=0
04-16 19:05:09.735 562 585 W Looper : Drained
04-16 19:05:09.780 1249 1249 D CarrierIdProvider: latest version: 117440538 need update: true
04-16 19:05:09.794 562 657 D CompatibilityChangeReporter: Compat change id reported: 265195908; UID 10112; state: ENABLED
04-16 19:05:09.869 1217 1217 I bt_stack_config: packages/modules/Bluetooth/system/main/stack_config.cc:199 get_pts_broadcast_audio_config_options: Config isn't ready, use default option
04-16 19:05:09.955 562 1057 D CompatibilityChangeReporter: Compat change id reported: 170503758; UID 10112; state: ENABLED
04-16 19:05:09.979 1299 1299 D CompatibilityChangeReporter: Compat change id reported: 3400644; UID 10112; state: ENABLED
04-16 19:05:10.147 1251 1251 D CompatibilityChangeReporter: Compat change id reported: 237531167; UID 1000; state: DISABLED
04-16 19:05:10.181 1251 1251 W OpenGLRenderer: Unknown dataspace 0
04-16 19:05:10.185 988 988 D NavigationModeController: getCurrentInteractionMode: mode=0 contextUser=0
04-16 19:05:10.207 1299 1299 D nativeloader: Configuring clns-shared-6 for other apk /system_ext/priv-app/Launcher3QuickStep/Launcher3QuickStep.apk. target_sdk_version=34, uses_libraries=, library_path=/system_ext/priv-app/Launcher3QuickStep/lib/x86_64:/system/lib64:/system_ext/lib64, permitted_path=/data:/mnt/expand:/data/user/0/com.android.launcher3:/system_ext/priv-app/Launcher3QuickStep:/system/lib64:/system_ext/lib64
04-16 19:05:10.269 562 578 W WindowManager: Failed looking up window session=Session{79f578c 1251:1000} callers=com.android.server.wm.WindowManagerService.windowForClientLocked:6034 com.android.server.wm.Session.updateRequestedVisibleTypes:690 android.view.IWindowSession$Stub.onTransact:1034
04-16 19:05:10.279 562 577 D CompatibilityChangeReporter: Compat change id reported: 168419799; UID 1000; state: DISABLED
04-16 19:05:10.293 1217 1217 I droid.bluetooth: [0416/190510.228898:INFO:btif_config_cache.cc(67)] BtifConfigCache, capacity: 10000
04-16 19:05:10.301 562 577 D CompatibilityChangeReporter: Compat change id reported: 273564678; UID 1000; state: DISABLED
04-16 19:05:10.329 562 1060 D CoreBackPreview: Window{8c717da u0 ScreenDecorOverlayBottom}: Setting back callback OnBackInvokedCallbackInfo{mCallback=android.window.IOnBackInvokedCallback$Stub$Proxy@7ac690, mPriority=0, mIsAnimationCallback=false}
04-16 19:05:10.363 1251 1251 D BatteryUsageBroadcastReceiver: onReceive:android.intent.action.BATTERY_LEVEL_CHANGED
04-16 19:05:10.446 1324 1324 I AidlLazyServiceRegistrar: Registering service android.hardware.biometrics.fingerprint.IFingerprint/default
04-16 19:05:10.470 988 988 I StatusBarIconController: Ignoring removal of (mobile). It should be controlled elsewhere
04-16 19:05:10.515 0 0 I servicemanager: Found android.hardware.biometrics.fingerprint.IFingerprint/default in device VINTF manifest.
04-16 19:05:10.511 1251 1251 D CompatibilityChangeReporter: Compat change id reported: 170233598; UID 1000; state: ENABLED
04-16 19:05:10.530 562 562 W ServiceManagerCppClient: Waited one second for android.hardware.biometrics.fingerprint.IFingerprint/default (is service started? Number of threads started in the threadpool: 31. Are binder threads started and available?)
04-16 19:05:10.539 0 0 I servicemanager: Notifying android.hardware.biometrics.fingerprint.IFingerprint/default they do (previously: don't) have clients when service is guaranteed to be in use
04-16 19:05:10.545 1324 1333 I AidlLazyServiceRegistrar: Process has 1 (of 1 available) client(s) in use after notification android.hardware.biometrics.fingerprint.IFingerprint/default has clients: 1
04-16 19:05:10.555 0 0 I BpBinder: onLastStrongRef automatically unlinking death recipients:
04-16 19:05:10.568 1324 1324 E fingerprint-service.ranchu: openFile:48 open('/data/vendor_de/0/fpdata/sensor0.bin', output=0) failed with errno=2
04-16 19:05:10.569 1324 1324 D fingerprint-service.ranchu: 0x7eb39e6e94a0:Session: New session: sensorId=0 userId=0
04-16 19:05:10.580 562 562 D FingerprintProvider/default/0: New session created for user: 0 with hal version: 3
04-16 19:05:10.581 562 562 W Looper : Slow dispatch took 1127ms main h=android.os.Handler c=com.android.server.biometrics.sensors.fingerprint.aidl.FingerprintProvider$$ExternalSyntheticLambda2@6c52e9a m=0
04-16 19:05:10.622 988 988 I StatusBarIconController: Ignoring removal of (wifi). It should be controlled elsewhere
04-16 19:05:10.668 1251 1251 D BatteryUsageBroadcastReceiver: fetch data because of event: ACTION_BATTERY_LEVEL_CHANGED
04-16 19:05:10.681 1251 1251 D BatteryUsageBroadcastReceiver: cancel sendBroadcastToFetchUsageData when broadcastDelay is 2107237ms.
04-16 19:05:10.704 1299 1299 W ContextImpl: Failed to ensure /data/user/0/com.android.launcher3/cache: mkdir failed: ENOENT (No such file or directory)
04-16 19:05:10.705 1299 1299 W ContextImpl: Failed to update user.inode_cache: stat failed: ENOENT (No such file or directory)
04-16 19:05:10.785 1299 1299 V GraphicsEnvironment: Currently set values for:
04-16 19:05:10.786 1299 1299 V GraphicsEnvironment: angle_gl_driver_selection_pkgs=[]
04-16 19:05:10.796 1299 1299 V GraphicsEnvironment: angle_gl_driver_selection_values=[]
04-16 19:05:10.801 1299 1299 V GraphicsEnvironment: ANGLE GameManagerService for com.android.launcher3: false
04-16 19:05:10.802 1299 1299 V GraphicsEnvironment: com.android.launcher3 is not listed in per-application setting
04-16 19:05:10.803 1299 1299 V GraphicsEnvironment: Neither updatable production driver nor prerelease driver is supported.
04-16 19:05:10.831 562 562 D ConditionProviders.SCP: onSubscribe condition://android/schedule?days=1.2.3.4.5.6.7&start=22.0&end=7.0&exitAtAlarm=true
04-16 19:05:10.874 562 562 D ConditionProviders.SCP: setRegistered true
04-16 19:05:10.914 562 1060 D CoreBackPreview: Window{b4b538d u0 com.android.settings/com.android.settings.FallbackHome}: Setting back callback OnBackInvokedCallbackInfo{mCallback=android.window.IOnBackInvokedCallback$Stub$Proxy@6d5903e, mPriority=-1, mIsAnimationCallback=false}
04-16 19:05:10.952 562 917 W ActivityThread: Failed to find provider info for com.android.calendar (user not unlocked)
04-16 19:05:10.962 562 917 W ActivityThread: Failed to find provider info for com.android.calendar (user not unlocked)
04-16 19:05:10.966 562 577 I ActivityManager: Flag disabled. Ignoring finishAttachApplication from uid: 10112. pid: 1299
04-16 19:05:10.976 562 917 D CompatibilityChangeReporter: Compat change id reported: 171306433; UID 1000; state: ENABLED
04-16 19:05:10.978 562 917 D CompatibilityChangeReporter: Compat change id reported: 218533173; UID 1000; state: ENABLED
04-16 19:05:11.047 988 988 W AudioManager: attempt to call registerAudioRecordingCallback() on a previouslyregistered callback
04-16 19:05:11.158 562 562 D ConditionProviders.SCP: evaluateSubscriptionLocked cal=ScheduleCalendar[mDays={1, 2, 3, 4, 5, 6, 7}, mSchedule=ScheduleInfo{days=[1, 2, 3, 4, 5, 6, 7], startHour=22, startMinute=0, endHour=7, endMinute=0, exitAtAlarm=true, nextAlarm=Thu Jan 01 00:00:00 UTC 1970 (0)}], now=Thu Apr 16 19:05:10 UTC 2026 (1776366310873), nextUserAlarmTime=Thu Jan 01 00:00:00 UTC 1970 (0)
04-16 19:05:11.159 562 562 D ConditionProviders.SCP: notifyCondition condition://android/schedule?days=1.2.3.4.5.6.7&start=22.0&end=7.0&exitAtAlarm=true STATE_FALSE reason=!meetsSchedule
04-16 19:05:11.233 562 562 D ConditionProviders.SCP: Scheduling evaluate for Thu Apr 16 22:00:00 UTC 2026 (1776376800000), in +2h54m49s127ms, now=Thu Apr 16 19:05:10 UTC 2026 (1776366310873)
04-16 19:05:11.235 562 562 W Looper : Slow dispatch took 404ms main h=android.service.notification.ConditionProviderService$H c=null m=3
04-16 19:05:11.341 988 1047 I WifiStateWorker: WifiManager.getWifiState():3
04-16 19:05:11.447 1251 1298 W OpenGLRenderer: Failed to initialize 101010-2 format, error = EGL_SUCCESS
04-16 19:05:11.508 562 1056 D CompatibilityChangeReporter: Compat change id reported: 161145287; UID 10112; state: ENABLED
04-16 19:05:11.676 562 562 W system_server: Long monitor contention with owner AsyncTask #1 (1080) at java.util.List com.android.server.appop.AppOpsService.getPackagesForOps(int[])(AppOpsService.java:1522) waiters=0 in com.android.server.appop.AppOpsService$PackageVerificationResult com.android.server.appop.AppOpsService.verifyAndGetBypass(int, java.lang.String, java.lang.String, java.lang.String, boolean) for 143ms
04-16 19:05:11.678 562 562 W Looper : Slow dispatch took 163ms main h=android.os.Handler c=null m=1
04-16 19:05:11.704 1217 1217 W ActivityThread: Failed to find provider info for bluetooth_legacy.provider (user not unlocked)
04-16 19:05:11.705 1217 1217 D DataMigration: Legacy migration skiped: no migration app installed
04-16 19:05:11.722 0 0 I servicemanager: Could not find android.hardware.graphics.allocator.IAllocator/default in the VINTF manifest.
04-16 19:05:11.731 562 907 D ConnectivityService: NetReassign [no changes] [c 1] [a 0] [i 0]
04-16 19:05:11.736 153 153 I hwservicemanager: getTransport: Cannot find entry android.hardware.graphics.mapper@4.0::IMapper/default in either framework or device VINTF manifest.
04-16 19:05:11.744 1251 1298 I Gralloc4: mapper 4.x is not supported
04-16 19:05:11.751 562 1056 D ConnectivityService: requestNetwork for uid/pid:10117/988 activeRequest: null callbackRequest: 21 [NetworkRequest [ REQUEST id=22, [ Capabilities: INTERNET&NOT_RESTRICTED&TRUSTED&NOT_VCN_MANAGED Uid: 10117 RequestorUid: 10117 RequestorPkg: com.android.systemui UnderlyingNetworks: Null] ]] callback flags: 1 order: 2147483647
04-16 19:05:11.767 988 988 V WifiManager: registerTrafficStateCallback: callback=com.android.systemui.statusbar.connectivity.WifiSignalController$WifiTrafficStateCallback@595674c, executor=android.os.HandlerExecutor@8c9fead
04-16 19:05:11.858 562 907 D ConnectivityService: NetReassign [no changes] [c 0] [a 0] [i 27]
04-16 19:05:12.033 1299 1299 D b/283944974: possibleMaximumWindowMetrics: [WindowMetrics:{bounds=Rect(0, 0 - 1080, 2400), windowInsets=WindowInsets{
04-16 19:05:12.033 1299 1299 D b/283944974: statusBars=null max=null vis=false
04-16 19:05:12.033 1299 1299 D b/283944974: navigationBars=null max=null vis=false
04-16 19:05:12.033 1299 1299 D b/283944974: captionBar=null max=null vis=false
04-16 19:05:12.033 1299 1299 D b/283944974: ime=Insets{left=0, top=0, right=0, bottom=0} max=null vis=false
04-16 19:05:12.033 1299 1299 D b/283944974: systemGestures=null max=null vis=false
04-16 19:05:12.033 1299 1299 D b/283944974: mandatorySystemGestures=null max=null vis=false
04-16 19:05:12.033 1299 1299 D b/283944974: tappableElement=null max=null vis=false
04-16 19:05:12.033 1299 1299 D b/283944974: displayCutout=null max=null vis=false
04-16 19:05:12.033 1299 1299 D b/283944974: windowDecor=null max=null vis=false
04-16 19:05:12.033 1299 1299 D b/283944974: systemOverlays=null max=null vis=false
04-16 19:05:12.033 1299 1299 D b/283944974:
04-16 19:05:12.033 1299 1299 D b/283944974: roundedCorners=RoundedCorners{[RoundedCorner{position=TopLeft, radius=0, center=Point(0, 0)}, RoundedCorner{position=TopRight, radius=0, center=Point(0, 0)}, RoundedCorner{position=BottomRight, radius=0, center=Point(0, 0)}, RoundedCorner{position=BottomLeft, radius=0, center=Point(0, 0)}]}
04-16 19:05:12.033 1299 1299 D b/283944974: privacyIndicatorBounds=PrivacyIndicatorBounds {static bounds=null rotation=0}
04-16 19:05:12.033 1299 1299 D b/283944974: displayShape=DisplayShape{ spec=-1893857183 displayWidth=1080 displayHeight=2400 physicalPixelDisplaySizeRatio=1.0 rotation=0 offsetX=0 offsetY=0 scale=1.0}
04-16 19:05:12.033 1299 1299 D b/283944974: suppressScrimTypes=
04-16 19:05:12.033 1299 1299 D b/283944974: compatInsetsTypes=statusBars navigationBars captionBar systemOverlays
04-16 19:05:12.033 1299 1299 D b/283944974: compatIgnoreVisibility=false
04-16 19:05:12.033 1299 1299 D b/283944974: systemWindowInsetsConsumed=false
04-16 19:05:12.033 1299 1299 D b/283944974: stableInsetsConsumed=false
04-16 19:05:12.033 1299 1299 D b/283944974: displayCutoutConsumed=false
04-16 19:05:12.033 1299 1299 D b/283944974: }, density=2.625}]
04-16 19:05:12.062 988 988 V WifiManager: registerScanResultsCallback: callback=com.android.systemui.statusbar.connectivity.NetworkControllerImpl$5@45f2caa, executor=androidx.mediarouter.media.MediaRoute2Provider$$ExternalSyntheticLambda0@19e009b
04-16 19:05:12.077 562 1056 D ConnectivityService: requestNetwork for uid/pid:10117/988 activeRequest: null callbackRequest: 23 [NetworkRequest [ REQUEST id=24, [ Capabilities: INTERNET&NOT_RESTRICTED&TRUSTED&NOT_VCN_MANAGED Uid: 10117 RequestorUid: 10117 RequestorPkg: com.android.systemui UnderlyingNetworks: Null] ]] callback flags: 1 order: 2147483647
04-16 19:05:12.082 562 907 D ConnectivityService: NetReassign [no changes] [c 0] [a 0] [i 0]
04-16 19:05:12.106 1217 1217 I BluetoothAvrcpControllerJni: classInitNative: succeeds
04-16 19:05:12.114 562 907 D ConnectivityService: NetReassign [no changes] [c 0] [a 0] [i 0]
04-16 19:05:12.171 1217 1217 D CompatibilityChangeReporter: Compat change id reported: 263076149; UID 1002; state: ENABLED
04-16 19:05:12.196 1217 1217 I BluetoothHidHostServiceJni: classInitNative: succeeds
04-16 19:05:12.244 1251 1339 E SurfaceSyncGroup: Failed to receive transaction ready in 1000ms. Marking SurfaceSyncGroup(wmsSync-VRI[FallbackHome]#0) as ready
04-16 19:05:12.246 1251 1339 E SurfaceSyncGroup: Failed to receive transaction ready in 1000ms. Marking SurfaceSyncGroup(VRI[FallbackHome]#1) as ready
04-16 19:05:12.341 1251 1251 I Choreographer: Skipped 76 frames! The application may be doing too much work on its main thread.
04-16 19:05:12.351 396 396 I SurfaceFlinger: Enter boot animation
04-16 19:05:12.393 562 588 D ActivityManagerTiming: FinishBooting
04-16 19:05:12.411 562 588 W KeyguardServiceDelegate: onScreenTurningOn(): no keyguard service!
04-16 19:05:12.421 562 588 D OomAdjuster: Not killing cached processes
04-16 19:05:12.483 988 988 D CompatibilityChangeReporter: Compat change id reported: 171228096; UID 10117; state: ENABLED
04-16 19:05:12.534 1251 1353 I OpenGLRenderer: Davey! duration=2029ms; Flags=1, FrameTimelineVsyncId=532, IntendedVsync=292347986692, Vsync=292797986674, InputEventId=0, HandleInputStart=292842899127, AnimationStart=292842904198, PerformTraversalsStart=292842906831, DrawStart=294055057377, FrameDeadline=292364653358, FrameInterval=292807164680, FrameStartTime=16666666, SyncQueued=294125943959, SyncStart=294131443270, IssueDrawCommandsStart=294191040025, SwapBuffers=294271690827, FrameCompleted=294383158330, DequeueBufferDuration=12615032, QueueBufferDuration=39823324, GpuCompleted=294369591741, SwapBuffersCompleted=294383158330, DisplayPresentTime=0, CommandSubmissionCompleted=294271690827,
04-16 19:05:12.626 1217 1217 I BluetoothPanServiceJni: classInitNative(L108): succeeds
04-16 19:05:12.682 1217 1217 I AdapterServiceConfig: init: profile=A2dpService, enabled=true
04-16 19:05:12.683 1217 1217 I AdapterServiceConfig: init: profile=A2dpSinkService, enabled=false
04-16 19:05:12.683 1217 1217 I AdapterServiceConfig: init: profile=AvrcpTargetService, enabled=true
04-16 19:05:12.690 1217 1217 I AdapterServiceConfig: init: profile=AvrcpControllerService, enabled=false
04-16 19:05:12.690 1217 1217 I AdapterServiceConfig: init: profile=BassClientService, enabled=false
04-16 19:05:12.691 1217 1217 I AdapterServiceConfig: init: profile=BatteryService, enabled=false
04-16 19:05:12.691 1217 1217 I AdapterServiceConfig: init: profile=CsipSetCoordinatorService, enabled=false
04-16 19:05:12.691 1217 1217 I AdapterServiceConfig: init: profile=HapClientService, enabled=false
04-16 19:05:12.704 1217 1217 I AdapterServiceConfig: init: profile=HeadsetService, enabled=true
04-16 19:05:12.704 1217 1217 I AdapterServiceConfig: init: profile=HeadsetClientService, enabled=false
04-16 19:05:12.705 1217 1217 I AdapterServiceConfig: init: profile=HearingAidService, enabled=true
04-16 19:05:12.705 1217 1217 I AdapterServiceConfig: init: profile=HidDeviceService, enabled=true
04-16 19:05:12.705 1217 1217 I AdapterServiceConfig: init: profile=HidHostService, enabled=true
04-16 19:05:12.706 1217 1217 I AdapterServiceConfig: init: profile=GattService, enabled=true
04-16 19:05:12.706 1217 1217 I AdapterServiceConfig: init: profile=LeAudioService, enabled=false
04-16 19:05:12.706 1217 1217 I AdapterServiceConfig: init: profile=TbsService, enabled=false
04-16 19:05:12.707 1217 1217 I AdapterServiceConfig: init: profile=BluetoothMapService, enabled=true
04-16 19:05:12.707 1217 1217 I AdapterServiceConfig: init: profile=MapClientService, enabled=false
04-16 19:05:12.707 1217 1217 I AdapterServiceConfig: init: profile=McpService, enabled=true
04-16 19:05:12.726 1217 1217 I AdapterServiceConfig: init: profile=BluetoothOppService, enabled=true
04-16 19:05:12.736 1217 1217 I AdapterServiceConfig: init: profile=PanService, enabled=true
04-16 19:05:12.737 1217 1217 I AdapterServiceConfig: init: profile=BluetoothPbapService, enabled=true
04-16 19:05:12.738 1217 1217 I AdapterServiceConfig: init: profile=PbapClientService, enabled=false
04-16 19:05:12.738 1217 1217 I AdapterServiceConfig: init: profile=SapService, enabled=false
04-16 19:05:12.738 1217 1217 I AdapterServiceConfig: init: profile=VolumeControlService, enabled=false
04-16 19:05:12.749 562 1057 I ActivityManager: Flag disabled. Ignoring finishAttachApplication from uid: 1002. pid: 1217
04-16 19:05:12.755 562 585 I ActivityTaskManager: Displayed com.android.settings/.FallbackHome for user 0: +9s681ms
04-16 19:05:12.755 562 585 W Looper : Slow dispatch took 237ms android.fg h=android.os.Handler c=com.android.server.wm.ActivityMetricsLogger$$ExternalSyntheticLambda0@3e26c68 m=0
04-16 19:05:12.777 562 585 W Looper : Slow delivery took 236ms android.fg h=android.os.Handler c=com.android.server.location.injector.SystemLocationPermissionsHelper$$ExternalSyntheticLambda1@ac11d26 m=0
04-16 19:05:12.778 562 585 W Looper : Drained
04-16 19:05:12.785 1299 1299 I DisplayController: (CTOR) perDisplayBounds - CachedDisplayInfo{size=Point(1080, 2400), cutout=Rect(0, 0 - 0, 0), rotation=0}: [WindowBounds{bounds=Rect(0, 0 - 1080, 2400), insets=Rect(0, 63 - 0, 126), availableSize=Point(1080, 2211), rotationHint=0}, WindowBounds{bounds=Rect(0, 0 - 2400, 1080), insets=Rect(0, 63 - 126, 0), availableSize=Point(2274, 1017), rotationHint=1}, WindowBounds{bounds=Rect(0, 0 - 1080, 2400), insets=Rect(0, 63 - 0, 126), availableSize=Point(1080, 2211), rotationHint=2}, WindowBounds{bounds=Rect(0, 0 - 2400, 1080), insets=Rect(126, 63 - 0, 0), availableSize=Point(2274, 1017), rotationHint=3}]
04-16 19:05:12.831 1217 1217 I BluetoothMetricsLogger: setCounterMetricsAlarm()
04-16 19:05:12.867 1217 1217 W BluetoothMetricsLogger: MetricsLogger is creating a new Bloomfilter file
04-16 19:05:13.051 1217 1217 D BluetoothAdapterService: onCreate()
04-16 19:05:13.167 1299 1299 D CompatibilityChangeReporter: Compat change id reported: 160794467; UID 10112; state: ENABLED
04-16 19:05:13.277 988 988 D NavigationModeController: getCurrentUserContext: contextUser=0 currentUser=0
04-16 19:05:13.302 562 1057 D CompatibilityChangeReporter: Compat change id reported: 161145287; UID 1002; state: ENABLED
04-16 19:05:13.330 988 988 D NavigationModeController: getCurrentInteractionMode: mode=0 contextUser=0
04-16 19:05:13.338 1299 1299 D b/254119092: TaskbarManager created
04-16 19:05:13.338 1299 1299 D b/254119092: mActivity and mContext agree taskbarIsPresent=false
04-16 19:05:13.339 1299 1299 D b/254119092: destroyExistingTaskbar: null
04-16 19:05:13.339 1299 1299 D b/254119092: mActivity and mContext agree taskbarIsPresent=false
04-16 19:05:13.357 988 988 D NavigationModeController: getCurrentInteractionMode: mode=0 contextUser=0
04-16 19:05:13.340 1299 1299 D b/254119092: recreateTaskbar: isTaskbarEnabled=false [dp != null (i.e. mUserUnlocked)]=false FLAG_HIDE_NAVBAR_WINDOW=false dp.isTaskbarPresent=null
04-16 19:05:13.340 1299 1299 D b/254119092: mActivity and mContext agree taskbarIsPresent=false
04-16 19:05:13.466 1217 1217 D AdapterState: make() - Creating AdapterState
04-16 19:05:13.506 1299 1299 D TouchInteractionService: disposeEventHandlers: Reason: Initializing input monitor due to: onNavigationModeChanged()
04-16 19:05:13.528 1217 1358 I AdapterState: OFF : entered
04-16 19:05:13.530 1217 1358 D AdapterProperties: Setting state to OFF
04-16 19:05:13.570 1217 1217 D BluetoothKeystoreService: new BluetoothKeystoreService isCommonCriteriaMode: false
04-16 19:05:13.543 1299 1299 W ContextImpl: Failed to ensure /data/user/0/com.android.launcher3/files: mkdir failed: ENOENT (No such file or directory)
04-16 19:05:13.592 1299 1299 D TouchInteractionService: Touch service connected: user=0
04-16 19:05:13.650 1217 1217 D BluetoothKeystoreService: start
04-16 19:05:13.662 1217 1217 I droid.bluetooth: [0416/190513.662713:INFO:com_android_bluetooth_btservice_BluetoothKeystore.cpp(97)] classInitNative: succeeds
04-16 19:05:13.678 1217 1217 D BluetoothKeystoreService: setBluetoothKeystoreService(): set to: com.android.bluetooth.btservice.bluetoothkeystore.BluetoothKeystoreService@d3f7a93
04-16 19:05:13.750 1217 1217 D BluetoothKeystoreService: loadConfigData
04-16 19:05:13.787 1217 1217 D BluetoothKeystoreService: getCompareResult: 0
04-16 19:05:13.892 1217 1217 D CompatibilityChangeReporter: Compat change id reported: 183155436; UID 1002; state: ENABLED
04-16 19:05:13.911 1217 1217 I bt_btif : packages/modules/Bluetooth/system/btif/src/bluetooth.cc:386 init: init: start restricted = 0 ; common criteria mode = 0, config compare result = 0
04-16 19:05:13.925 1217 1217 I bt : bt_common::init_flags: Flags loaded: asha_packet_drop_frequency_threshold=60asha_phy_update_retry_limit=5always_send_services_if_gatt_disc_done=truealways_use_private_gatt_for_debugging=falseasynchronously_start_l2cap_coc=truebtaa_hci=truebta_dm_clear_conn_id_on_client_close=truebtm_dm_flush_discovery_queue_on_search_cancel=falseclassic_discovery_only=falseclear_hidd_interrupt_cid_on_disconnect=truedelay_hidh_cleanup_until_hidh_ready_start=truedevice_iot_config_logging=falsedynamic_avrcp_version_enhancement=truefinite_att_timeout=truegatt_robust_caching_client=truegatt_robust_caching_server=falsegd_core=falsegd_hal_snoop_logger_socket=truegd_hal_snoop_logger_filtering=truegd_l2cap=falsegd_link_policy=falsegd_remote_name_request=falsegd_rust=falsehci_adapter=0hfp_dynamic_version=trueirk_rotation=falseleaudio_targeted_announcement_reconnection_mode=truepass_phy_update_callback=truepbap_pse_dynamic_version_upgrade=falseperiodic_advertising_adi=trueprivate_gatt=truequeue_l2cap_coc_while_encrypting=trueread_encryption_key_size=trueredact_log=truerust_event_loop=truesco_codec_select_lc3=falsesco_codec_timeout_clear=falsesdp_serialization=truesdp_skip_rnr_if_known=truebluetooth_quality_report_callback=trueset_min_encryption=truesubrating=truetrigger_advertising_callbacks_on_first_resume_after_pause=trueuse_unified_connection_manager=falsesdp_return_classic_services_when_le_discovery_fails=truedefault_log_level=4logging_explicit_tag_settings={}
04-16 19:05:13.947 1217 1217 I bt_osi_allocation_tracker: packages/modules/Bluetooth/system/osi/src/allocation_tracker.cc:60 allocation_tracker_init: canary initialized
04-16 19:05:13.983 1217 1362 I droid.bluetooth: [0416/190513.964740:INFO:message_loop_thread.cc(184)] Run: message loop starting for thread bt_stack_manager_thread
04-16 19:05:13.985 988 988 D CompatibilityChangeReporter: Compat change id reported: 210923482; UID 10117; state: ENABLED
04-16 19:05:14.059 1217 1362 I bt_stack_manager: packages/modules/Bluetooth/system/btif/src/stack_manager.cc:277 event_init_stack: is initializing the stack
04-16 19:05:14.074 1217 1364 I droid.bluetooth: [0416/190514.073769:INFO:message_loop_thread.cc(184)] Run: message loop starting for thread bt_main_thread
04-16 19:05:14.089 1217 1362 I device_iot_config: packages/modules/Bluetooth/system/device/src/device_iot_config_int.cc:68 device_iot_config_module_init:
04-16 19:05:14.090 1217 1362 E droid.bluetooth: [0416/190514.090525:ERROR:config.cc(106)] config_new: unable to open file '/data/misc/bluedroid/bt_remote_dev_info.conf': No such file or directory
04-16 19:05:14.091 1217 1362 W device_iot_config: packages/modules/Bluetooth/system/device/src/device_iot_config_int.cc:83 device_iot_config_module_init: Unable to load config file: /data/misc/bluedroid/bt_remote_dev_info.conf; using backup.
04-16 19:05:14.091 1217 1362 E droid.bluetooth: [0416/190514.091773:ERROR:config.cc(106)] config_new: unable to open file '/data/misc/bluedroid/bt_remote_dev_info.bak': No such file or directory
04-16 19:05:14.105 1217 1362 E device_iot_config: packages/modules/Bluetooth/system/device/src/device_iot_config_int.cc:89 device_iot_config_module_init: Unable to load bak file; creating empty config.
04-16 19:05:14.105 1217 1362 I device_iot_config: packages/modules/Bluetooth/system/device/src/device_iot_config_int.cc:130 device_iot_config_module_init: Devices loaded 0
04-16 19:05:14.149 1217 1368 I bt_osi_thread: packages/modules/Bluetooth/system/osi/src/thread.cc:210 run_thread: run_thread: thread id 1368, thread name alarm_default_ca started
04-16 19:05:14.176 1217 1369 I bt_osi_thread: packages/modules/Bluetooth/system/osi/src/thread.cc:210 run_thread: run_thread: thread id 1369, thread name alarm_dispatcher started
04-16 19:05:14.210 1217 1362 I bt_core_module: packages/modules/Bluetooth/system/btcore/src/module.cc:86 module_start_up: module_start_up Starting module "gd_shim_module"
04-16 19:05:14.211 1217 1362 I bt_gd_shim: packages/modules/Bluetooth/system/main/shim/stack.cc:81 StartEverything: StartEverything Starting Gd stack
04-16 19:05:14.212 1217 1362 I bt_gd_shim: packages/modules/Bluetooth/system/main/shim/stack.cc:160 Start: Start Starting Gd stack
04-16 19:05:14.261 1217 1362 I BtGdWakelockNative: packages/modules/Bluetooth/system/gd/os/android/wakelock_native.cc:79 Initialize: Initializing native wake locks
04-16 19:05:14.352 1217 1371 I BtGdModule: packages/modules/Bluetooth/system/gd/module.cc:85 Start: Constructing next module
04-16 19:05:14.354 1217 1371 I BtGdModule: packages/modules/Bluetooth/system/gd/module.cc:89 Start: Starting dependencies of BluetoothCounterMetrics
04-16 19:05:14.355 1217 1371 I BtGdModule: packages/modules/Bluetooth/system/gd/module.cc:93 Start: Finished starting dependencies and calling Start() of BluetoothCounterMetrics
04-16 19:05:14.366 1217 1371 I BluetoothCounterMetrics: packages/modules/Bluetooth/system/gd/metrics/counter_metrics.cc:40 Start: Counter metrics initialized
04-16 19:05:14.366 1217 1371 I BtGdModule: packages/modules/Bluetooth/system/gd/module.cc:99 Start: Started BluetoothCounterMetrics
04-16 19:05:14.366 1217 1371 I BtGdModule: packages/modules/Bluetooth/system/gd/module.cc:85 Start: Constructing next module
04-16 19:05:14.366 1217 1371 I BtGdModule: packages/modules/Bluetooth/system/gd/module.cc:89 Start: Starting dependencies of HciHalHidl
04-16 19:05:14.367 1217 1371 I BtGdModule: packages/modules/Bluetooth/system/gd/module.cc:85 Start: Constructing next module
04-16 19:05:14.367 1217 1371 I bluetooth: packages/modules/Bluetooth/system/gd/hal/snoop_logger.cc:1432 GetBtSnoopMode: btsnoop_mode_empty: 1
04-16 19:05:14.398 1217 1371 I bluetooth: packages/modules/Bluetooth/system/gd/hal/snoop_logger.cc:505 SnoopLogger: Snoop Logs filtered mode enabled
04-16 19:05:14.398 1217 1371 I bluetooth: packages/modules/Bluetooth/system/gd/hal/snoop_logger.cc:588 EnableFilters: persist.bluetooth.snooplogfilter.profiles.rfcomm.enabled: 0
04-16 19:05:14.398 1217 1371 I bluetooth: packages/modules/Bluetooth/system/gd/hal/snoop_logger.cc:588 EnableFilters: persist.bluetooth.snooplogfilter.profiles.a2dp.enabled: 0
04-16 19:05:14.398 1217 1371 I bluetooth: packages/modules/Bluetooth/system/gd/hal/snoop_logger.cc:588 EnableFilters: persist.bluetooth.snooplogfilter.headers.enabled: 0
04-16 19:05:14.398 1217 1371 I bluetooth: packages/modules/Bluetooth/system/gd/hal/snoop_logger.cc:597 EnableFilters: persist.bluetooth.snooplogfilter.profiles.map: disabled
04-16 19:05:14.398 1217 1371 I bluetooth: packages/modules/Bluetooth/system/gd/hal/snoop_logger.cc:597 EnableFilters: persist.bluetooth.snooplogfilter.profiles.pbap: disabled
04-16 19:05:14.399 1217 1371 I bluetooth: packages/modules/Bluetooth/system/gd/hal/snoop_logger.cc:334 delete_btsnoop_files: Deleting logs if they exist
04-16 19:05:14.437 1217 1371 I bluetooth: packages/modules/Bluetooth/system/gd/hal/snoop_logger.cc:340 delete_btsnoop_files: Main log file does not exist at "/data/misc/bluetooth/logs/btsnoop_hci.log"
04-16 19:05:14.438 1217 1371 I bluetooth: packages/modules/Bluetooth/system/gd/hal/snoop_logger.cc:348 delete_btsnoop_files: Last log file does not exist at "/data/misc/bluetooth/logs/btsnoop_hci.log"
04-16 19:05:14.438 1217 1371 I bluetooth: packages/modules/Bluetooth/system/gd/hal/snoop_logger.cc:334 delete_btsnoop_files: Deleting logs if they exist
04-16 19:05:14.438 1217 1371 I bluetooth: packages/modules/Bluetooth/system/gd/hal/snoop_logger.cc:340 delete_btsnoop_files: Main log file does not exist at "/data/misc/bluetooth/logs/btsnooz_hci.log"
04-16 19:05:14.438 1217 1371 I bluetooth: packages/modules/Bluetooth/system/gd/hal/snoop_logger.cc:348 delete_btsnoop_files: Last log file does not exist at "/data/misc/bluetooth/logs/btsnooz_hci.log"
04-16 19:05:14.439 1217 1371 I BtGdModule: packages/modules/Bluetooth/system/gd/module.cc:89 Start: Starting dependencies of SnoopLogger
04-16 19:05:14.439 1217 1371 I BtGdModule: packages/modules/Bluetooth/system/gd/module.cc:93 Start: Finished starting dependencies and calling Start() of SnoopLogger
04-16 19:05:14.439 1217 1371 I bluetooth: packages/modules/Bluetooth/system/gd/hal/snoop_logger.cc:555 OpenNextSnoopLogFile: Previous log file "/data/misc/bluetooth/logs/btsnoop_hci.log.filtered" does not exist, skip renaming
04-16 19:05:14.486 1217 1371 I bluetooth: packages/modules/Bluetooth/system/gd/hal/snoop_logger.cc:588 EnableFilters: persist.bluetooth.snooplogfilter.profiles.rfcomm.enabled: 0
04-16 19:05:14.486 1217 1371 I bluetooth: packages/modules/Bluetooth/system/gd/hal/snoop_logger.cc:588 EnableFilters: persist.bluetooth.snooplogfilter.profiles.a2dp.enabled: 0
04-16 19:05:14.486 1217 1371 I bluetooth: packages/modules/Bluetooth/system/gd/hal/snoop_logger.cc:588 EnableFilters: persist.bluetooth.snooplogfilter.headers.enabled: 0
04-16 19:05:14.487 1217 1371 I bluetooth: packages/modules/Bluetooth/system/gd/hal/snoop_logger.cc:597 EnableFilters: persist.bluetooth.snooplogfilter.profiles.map: disabled
04-16 19:05:14.487 1217 1371 I bluetooth: packages/modules/Bluetooth/system/gd/hal/snoop_logger.cc:597 EnableFilters: persist.bluetooth.snooplogfilter.profiles.pbap: disabled
04-16 19:05:14.487 1217 1371 I bluetooth: packages/modules/Bluetooth/system/gd/hal/snoop_logger_socket.cc:63 SnoopLoggerSocket: address 2130706433 port 8872
04-16 19:05:14.503 1217 1371 I BtGdModule: packages/modules/Bluetooth/system/gd/module.cc:99 Start: Started SnoopLogger
04-16 19:05:14.512 1217 1371 I BtGdModule: packages/modules/Bluetooth/system/gd/module.cc:85 Start: Constructing next module
04-16 19:05:14.513 1217 1371 I BtGdModule: packages/modules/Bluetooth/system/gd/module.cc:89 Start: Starting dependencies of Btaa Module
04-16 19:05:14.513 1217 1371 I BtGdModule: packages/modules/Bluetooth/system/gd/module.cc:93 Start: Finished starting dependencies and calling Start() of Btaa Module
04-16 19:05:14.530 1217 1371 E btaa : packages/modules/Bluetooth/system/gd/btaa/android/activity_attribution.cc:107 impl: No suspend control service available.
04-16 19:05:14.530 1217 1371 I BtGdModule: packages/modules/Bluetooth/system/gd/module.cc:99 Start: Started Btaa Module
04-16 19:05:14.530 1217 1371 I BtGdModule: packages/modules/Bluetooth/system/gd/module.cc:93 Start: Finished starting dependencies and calling Start() of HciHalHidl
04-16 19:05:14.529 0 0 E servicemanager: VINTF HALs require names in the format type/instance (e.g. some.package.foo.IFoo/default) but got: suspend_control
04-16 19:05:14.550 0 0 I servicemanager: Found android.hardware.bluetooth.IBluetoothHci/default in device VINTF manifest.
04-16 19:05:14.565 1217 1371 I bluetooth: packages/modules/Bluetooth/system/gd/hal/hci_hal_android_hidl.cc:417 start_aidl: Using the AIDL interface
04-16 19:05:14.583 372 372 I android.hardware.bluetooth.service.default: initialize
04-16 19:05:14.588 372 372 I android.hardware.bluetooth.service.default: opening hci interface 0
04-16 19:05:14.589 372 372 E android.hardware.bluetooth.service.default: unable to open /dev/rfkill: Permission denied
04-16 19:05:14.590 372 372 E android.hardware.bluetooth.service.default: rfkill unavailable
