04-16 19:04:33.178 0 0 I servicemanager: Notifying android.hardware.biometrics.fingerprint.IFingerprint/default they don't (previously: do) have clients when we now have no record of a client
04-16 19:04:33.183 945 951 I AidlLazyServiceRegistrar: Unregistered all clients and exiting
04-16 19:04:33.182 0 0 I servicemanager: Notifying artd they don't (previously: do) have clients when we now have no record of a client
04-16 19:04:33.191 0 0 I servicemanager: Unregistering android.hardware.biometrics.fingerprint.IFingerprint/default
04-16 19:04:33.192 0 0 I BpBinder: onLastStrongRef automatically unlinking death recipients:
04-16 19:04:33.186 698 792 I AidlLazyServiceRegistrar: Process has 0 (of 1 available) client(s) in use after notification artd has clients: 0
04-16 19:04:33.192 698 792 I AidlLazyServiceRegistrar: Trying to shut down the service. No clients in use for any service in process.
04-16 19:04:33.216 698 792 I AidlLazyServiceRegistrar: Unregistered all clients and exiting
04-16 19:04:33.211 0 0 I servicemanager: Unregistering artd
04-16 19:04:33.211 0 0 I BpBinder: onLastStrongRef automatically unlinking death recipients:
04-16 19:04:33.235 0 0 I init : Service 'vendor.biometrics.fingerprint-service.ranchu' (pid 945) exited with status 0 oneshot service took 8.884000 seconds in background
04-16 19:04:33.235 0 0 I init : Sending signal 9 to service 'vendor.biometrics.fingerprint-service.ranchu' (pid 945) process group...
04-16 19:04:33.241 0 0 I libprocessgroup: Successfully killed process cgroup uid 1000 pid 945 in 5ms
04-16 19:04:33.277 1002 1002 I ssioncontroller: Using CollectorTypeCC GC.
04-16 19:04:33.353 0 0 I init : Service 'artd' (pid 698) exited with status 0 oneshot service took 108.953003 seconds in background
04-16 19:04:33.331 1002 1002 W ssioncontroller: Unexpected CPU variant for x86: x86_64.
04-16 19:04:33.331 1002 1002 W ssioncontroller: Known variants: atom, sandybridge, silvermont, goldmont, goldmont-plus, tremont, kabylake, default
04-16 19:04:33.339 562 971 D GameManagerService: User ID '0' does not have a Game Mode selected for package: 'com.android.systemui'
04-16 19:04:33.353 0 0 I init : Sending signal 9 to service 'artd' (pid 698) process group...
04-16 19:04:33.354 0 0 I libprocessgroup: Successfully killed process cgroup uid 1082 pid 698 in 0ms
04-16 19:04:33.375 562 971 D CompatibilityChangeReporter: Compat change id reported: 168419799; UID 10117; state: DISABLED
04-16 19:04:33.387 562 971 D CompatibilityChangeReporter: Compat change id reported: 273564678; UID 10117; state: DISABLED
04-16 19:04:33.419 1002 1002 E ssioncontroller: Not starting debugger since process cannot load the jdwp agent.
04-16 19:04:33.428 562 971 W ActivityManager: Slow operation: 102ms so far, now at attachApplicationLocked: immediately before bindApplication
04-16 19:04:33.514 480 505 I mediaswcodec: missing struct descriptor #Param::CoreIndex(--001) for field red of struct #Param::CoreIndex(--002)
04-16 19:04:33.525 480 505 I mediaswcodec: missing struct descriptor #Param::CoreIndex(--001) for field green of struct #Param::CoreIndex(--002)
04-16 19:04:33.526 480 505 I mediaswcodec: missing struct descriptor #Param::CoreIndex(--001) for field blue of struct #Param::CoreIndex(--002)
04-16 19:04:33.526 480 505 I mediaswcodec: missing struct descriptor #Param::CoreIndex(--001) for field white of struct #Param::CoreIndex(--002)
04-16 19:04:33.572 0 0 I servicemanager: Could not find android.hardware.graphics.allocator.IAllocator/default in the VINTF manifest.
04-16 19:04:33.582 562 971 W ActivityManager: Slow operation: 257ms so far, now at attachApplicationLocked: immediately after bindApplication
04-16 19:04:33.583 562 971 W ActivityManager: Slow operation: 257ms so far, now at attachApplicationLocked: after updateLruProcessLocked
04-16 19:04:33.598 153 153 I hwservicemanager: getTransport: Cannot find entry android.hardware.graphics.mapper@4.0::IMapper/default in either framework or device VINTF manifest.
04-16 19:04:33.630 480 505 I Gralloc4: mapper 4.x is not supported
04-16 19:04:33.671 562 971 W ActivityManager: Slow operation: 78ms so far, now at finishAttachApplicationInner: after mServices.attachApplicationLocked
04-16 19:04:33.681 562 971 W ActivityManager: Slow operation: 88ms so far, now at finishAttachApplicationInner: after dispatching broadcasts
04-16 19:04:33.707 988 988 D CompatibilityChangeReporter: Compat change id reported: 171979766; UID 10117; state: ENABLED
04-16 19:04:33.717 988 988 D CompatibilityChangeReporter: Compat change id reported: 242716250; UID 10117; state: ENABLED
04-16 19:04:33.759 562 971 D GameManagerService: User ID '0' does not have a Game Mode selected for package: 'com.android.permissioncontroller'
04-16 19:04:33.789 562 971 D CompatibilityChangeReporter: Compat change id reported: 168419799; UID 10134; state: DISABLED
04-16 19:04:33.790 562 971 D CompatibilityChangeReporter: Compat change id reported: 273564678; UID 10134; state: DISABLED
04-16 19:04:33.794 562 577 D CompatibilityChangeReporter: Compat change id reported: 170503758; UID 10117; state: ENABLED
04-16 19:04:33.795 562 657 D CompatibilityChangeReporter: Compat change id reported: 265195908; UID 10117; state: ENABLED
04-16 19:04:33.817 562 971 W ActivityManager: Slow operation: 59ms so far, now at attachApplicationLocked: immediately after bindApplication
04-16 19:04:33.818 562 971 W ActivityManager: Slow operation: 60ms so far, now at attachApplicationLocked: after updateLruProcessLocked
04-16 19:04:33.843 988 988 D CompatibilityChangeReporter: Compat change id reported: 3400644; UID 10117; state: ENABLED
04-16 19:04:33.877 1002 1002 D CompatibilityChangeReporter: Compat change id reported: 171979766; UID 10134; state: ENABLED
04-16 19:04:33.877 1002 1002 D CompatibilityChangeReporter: Compat change id reported: 242716250; UID 10134; state: ENABLED
04-16 19:04:33.886 562 657 D CompatibilityChangeReporter: Compat change id reported: 265195908; UID 10134; state: ENABLED
04-16 19:04:33.898 988 988 D ApplicationLoaders: Returning zygote-cached class loader: /system_ext/framework/androidx.window.extensions.jar
04-16 19:04:33.899 988 988 D ApplicationLoaders: Returning zygote-cached class loader: /system_ext/framework/androidx.window.sidecar.jar
04-16 19:04:33.924 562 971 D CompatibilityChangeReporter: Compat change id reported: 170503758; UID 10134; state: ENABLED
04-16 19:04:33.937 1002 1002 D CompatibilityChangeReporter: Compat change id reported: 3400644; UID 10134; state: ENABLED
04-16 19:04:33.950 1002 1002 D ApplicationLoaders: Returning zygote-cached class loader: /system_ext/framework/androidx.window.extensions.jar
04-16 19:04:33.951 1002 1002 D ApplicationLoaders: Returning zygote-cached class loader: /system_ext/framework/androidx.window.sidecar.jar
04-16 19:04:34.051 1002 1002 D nativeloader: Configuring clns-shared-6 for other apk /system/framework/org.apache.http.legacy.jar. target_sdk_version=34, uses_libraries=ALL, library_path=/apex/com.android.permission/priv-app/PermissionController@UE1A.230829.036.A1/lib/x86_64:/system/lib64:/system_ext/lib64, permitted_path=/data:/mnt/expand:/data/user_de/0/com.android.permissioncontroller:/apex/com.android.permission/priv-app/PermissionController@UE1A.230829.036.A1:/system/lib64:/system_ext/lib64
04-16 19:04:34.058 988 988 D nativeloader: Configuring clns-shared-6 for other apk /system_ext/priv-app/SystemUI/SystemUI.apk. target_sdk_version=34, uses_libraries=, library_path=/system_ext/priv-app/SystemUI/lib/x86_64:/system/lib64:/system_ext/lib64, permitted_path=/data:/mnt/expand:/data/user_de/0/com.android.systemui:/system_ext/priv-app/SystemUI:/system/lib64:/system_ext/lib64
04-16 19:04:34.161 1002 1002 D nativeloader: Configuring clns-shared-7 for other apk /apex/com.android.permission/priv-app/PermissionController@UE1A.230829.036.A1/PermissionController.apk. target_sdk_version=34, uses_libraries=, library_path=/apex/com.android.permission/priv-app/PermissionController@UE1A.230829.036.A1/lib/x86_64:/system/lib64:/system_ext/lib64, permitted_path=/data:/mnt/expand:/data/user_de/0/com.android.permissioncontroller:/apex/com.android.permission/priv-app/PermissionController@UE1A.230829.036.A1:/system/lib64:/system_ext/lib64
04-16 19:04:34.194 1002 1002 D nativeloader: InitApexLibraries:
04-16 19:04:34.194 1002 1002 D nativeloader: com_android_adservices: libhpke_jni.so:libtflite_support_classifiers_native.so
04-16 19:04:34.194 1002 1002 D nativeloader: com_android_appsearch: libicing.so
04-16 19:04:34.194 1002 1002 D nativeloader: com_android_art: libartservice.so
04-16 19:04:34.194 1002 1002 D nativeloader: com_android_btservices: libbluetooth_jni.so
04-16 19:04:34.194 1002 1002 D nativeloader: com_android_conscrypt: libjavacrypto.so
04-16 19:04:34.194 1002 1002 D nativeloader: com_android_extservices: libtflite_support_classifiers_native.so
04-16 19:04:34.194 1002 1002 D nativeloader: com_android_os_statsd: libstats_jni.so
04-16 19:04:34.194 1002 1002 D nativeloader: com_android_tethering: libandroid_net_connectivity_com_android_net_module_util_jni.so:libcronet.114.0.5735.84.so:libframework-connectivity-jni.so:libframework-connectivity-tiramisu-jni.so:libservice-connectivity.so
04-16 19:04:34.194 1002 1002 D nativeloader: com_android_uwb: libuwb_uci_jni_rust.so
04-16 19:04:34.194 1002 1002 D nativeloader: com_android_virt: libvirtualizationservice_jni.so:libvirtualmachine_jni.so
04-16 19:04:34.333 988 988 V GraphicsEnvironment: Currently set values for:
04-16 19:04:34.334 988 988 V GraphicsEnvironment: angle_gl_driver_selection_pkgs=[]
04-16 19:04:34.335 988 988 V GraphicsEnvironment: angle_gl_driver_selection_values=[]
04-16 19:04:34.341 988 988 V GraphicsEnvironment: ANGLE GameManagerService for com.android.systemui: false
04-16 19:04:34.342 988 988 V GraphicsEnvironment: com.android.systemui is not listed in per-application setting
04-16 19:04:34.343 988 988 V GraphicsEnvironment: Neither updatable production driver nor prerelease driver is supported.
04-16 19:04:34.373 1002 1002 V GraphicsEnvironment: Currently set values for:
04-16 19:04:34.373 1002 1002 V GraphicsEnvironment: angle_gl_driver_selection_pkgs=[]
04-16 19:04:34.373 1002 1002 V GraphicsEnvironment: angle_gl_driver_selection_values=[]
04-16 19:04:34.375 1002 1002 V GraphicsEnvironment: ANGLE GameManagerService for com.android.permissioncontroller: false
04-16 19:04:34.375 1002 1002 V GraphicsEnvironment: com.android.permissioncontroller is not listed in per-application setting
04-16 19:04:34.384 1002 1002 V GraphicsEnvironment: Neither updatable production driver nor prerelease driver is supported.
04-16 19:04:34.466 480 505 I mediaswcodec: missing struct descriptor #Param::CoreIndex(--004) for field values of struct #Param::CoreIndex(F-12004)
04-16 19:04:34.467 480 505 I mediaswcodec: missing struct descriptor #Param::CoreIndex(--1812) for field values of struct #Param::CoreIndex(F-11812)
04-16 19:04:34.522 562 578 W StorageManagerService: No primary storage defined yet; hacking together a stub
04-16 19:04:34.532 1002 1029 I carui : CarUi plugin is disabled
04-16 19:04:34.742 988 988 V WindowManagerShell: Adding init callback for DisplayChangeController
04-16 19:04:34.743 988 988 V WindowManagerShell: Adding init callback for DisplayController
04-16 19:04:34.754 988 988 V WindowManagerShell: Adding init callback for DisplayInsetsController
04-16 19:04:34.774 988 988 V WindowManagerShell: Adding init callback for DisplayImeController
04-16 19:04:34.776 988 988 V WindowManagerShell: Adding init callback for ShellController
04-16 19:04:34.811 988 988 V WindowManagerShell: Adding init callback for DragAndDropController
04-16 19:04:34.975 480 505 D C2SoftH263Enc: Given level 3004 does not cover current configuration: adjusting to 3003
04-16 19:04:35.026 562 971 D PackageManager: Instant App installer not found with android.intent.action.INSTALL_INSTANT_APP_PACKAGE
04-16 19:04:35.026 562 971 D PackageManager: Clear ephemeral installer activity
04-16 19:04:35.036 988 988 V WindowManagerShell: Adding init callback for CompatUIController
04-16 19:04:35.075 988 988 V WindowManagerShell: Adding init callback for RecentTasksController
04-16 19:04:35.099 988 988 V WindowManagerShell: Adding init callback for ShellTaskOrganizer
04-16 19:04:35.186 480 505 I mediaswcodec: missing struct descriptor #Param::CoreIndex(--004) for field values of struct #Param::CoreIndex(F-12004)
04-16 19:04:35.235 480 505 I mediaswcodec: missing struct descriptor #Param::CoreIndex(--1812) for field values of struct #Param::CoreIndex(F-11812)
04-16 19:04:35.287 562 578 I ActivityManager: Flag disabled. Ignoring finishAttachApplication from uid: 10134. pid: 1002
04-16 19:04:35.437 988 988 V WindowManagerShell: Adding init callback for OneHandedController
04-16 19:04:35.465 1002 1036 I RuntimePermissions: observing UserPackageInfoLiveData for 0 in RuntimePermissionsUpgradeController
04-16 19:04:35.599 988 988 V WindowManagerShell: Adding init callback for DefaultTransitionHandler
04-16 19:04:35.606 988 988 V WindowManagerShell: addHandler: Default
04-16 19:04:35.607 988 988 V WindowManagerShell: addHandler: Remote
04-16 19:04:35.617 988 988 V WindowManagerShell: Adding init callback for Transitions
04-16 19:04:35.675 988 988 V WindowManagerShell: Adding init callback for BubbleController
04-16 19:04:35.699 988 988 V WindowManagerShell: Adding init callback for SplitScreenController
04-16 19:04:35.741 562 578 D CompatibilityChangeReporter: Compat change id reported: 161145287; UID 10117; state: ENABLED
04-16 19:04:35.743 988 988 D CompatibilityChangeReporter: Compat change id reported: 160794467; UID 10117; state: ENABLED
04-16 19:04:35.802 988 988 V WindowManagerShell: Adding init callback for PipTransition
04-16 19:04:35.830 988 988 V WindowManagerShell: Adding init callback for PipTouchHandler
04-16 19:04:35.841 988 988 V WindowManagerShell: Adding init callback for DevicePostureController
04-16 19:04:35.843 988 988 V WindowManagerShell: Adding init callback for TabletopModeController
04-16 19:04:35.855 988 988 V WindowManagerShell: Adding init callback for PipController
04-16 19:04:35.874 988 988 V WindowManagerShell: Adding init callback for FullscreenTaskListener
04-16 19:04:35.895 988 988 V WindowManagerShell: Adding init callback for FreeformTaskTransitionHandler
04-16 19:04:35.902 988 988 V WindowManagerShell: Adding init callback for RecentsTransitionHandler
04-16 19:04:35.916 988 988 V WindowManagerShell: Adding init callback for ActivityEmbeddingController
04-16 19:04:35.923 480 505 I C2SoftVpxEnc: setting temporal layering 0 + 0
04-16 19:04:35.954 988 988 V WindowManagerShell: Adding init callback for StartingWindowController
04-16 19:04:35.955 988 988 V WindowManagerShell: Adding init callback for ProtoLogController
04-16 19:04:35.964 988 988 V WindowManagerShell: Adding init callback for KeyguardTransitionHandler
04-16 19:04:35.966 988 988 V WindowManagerShell: Adding init callback for DefaultMixedHandler
04-16 19:04:35.987 988 988 V WindowManagerShell: Adding init callback for BackAnimationController
04-16 19:04:35.994 988 1031 V WindowManagerShell: Initializing Shell Components: 28
04-16 19:04:36.001 988 1031 V WindowManagerShell: DisplayChangeController init took 6ms
04-16 19:04:36.009 988 1031 V WindowManagerShell: DisplayController init took 8ms
04-16 19:04:36.017 988 1031 V WindowManagerShell: DisplayInsetsController init took 8ms
04-16 19:04:36.018 988 1031 V WindowManagerShell: DisplayImeController init took 0ms
04-16 19:04:36.019 988 1031 V WindowManagerShell: Adding dump callback for ShellController
04-16 19:04:36.019 988 1031 V WindowManagerShell: ShellController init took 1ms
04-16 19:04:36.024 988 1031 V WindowManagerShell: Adding external interface from DragAndDropController with key extra_shell_drag_and_drop
04-16 19:04:36.025 988 1031 V WindowManagerShell: Adding dump callback for DragAndDropController
04-16 19:04:36.025 988 1031 V WindowManagerShell: DragAndDropController init took 6ms
04-16 19:04:36.026 988 1031 V WindowManagerShell: Adding command class compatui for CompatUIShellCommandHandler
04-16 19:04:36.026 988 1031 V WindowManagerShell: CompatUIController init took 1ms
04-16 19:04:36.026 988 1031 V WindowManagerShell: Adding external interface from RecentTasksController with key extra_shell_recent_tasks
04-16 19:04:36.027 988 1031 V WindowManagerShell: Adding dump callback for RecentTasksController
04-16 19:04:36.038 562 623 W BroadcastLoopers: Found previously unknown looper Thread[PackageManager,5,main]
04-16 19:04:36.040 988 1031 V WindowManagerShell: RecentTasksController init took 14ms
04-16 19:04:36.040 988 1031 V WindowManagerShell: Adding dump callback for ShellTaskOrganizer
04-16 19:04:36.107 988 1031 V WindowManagerShell: ShellTaskOrganizer init took 67ms
04-16 19:04:36.107 988 1031 V WindowManagerShell: Adding dump callback for OneHandedController
04-16 19:04:36.111 480 505 I C2SoftVpxEnc: setting temporal layering 0 + 0
04-16 19:04:36.136 470 520 D MediaCodecsXmlParser: parsing /apex/com.android.media.swcodec/etc/media_codecs.xml...
04-16 19:04:36.167 470 520 D MediaCodecsXmlParser: disabling c2.android.gsm.decoder
04-16 19:04:36.179 470 520 D MediaCodecsXmlParser: disabling c2.android.mpeg2.decoder
04-16 19:04:36.193 470 520 D MediaCodecsXmlParser: disabling c2.android.av1.encoder
04-16 19:04:36.194 470 520 I MediaCodecsXmlParser: codec c2.android.av1.encoder enabled, device sdk 35 >= required 34
04-16 19:04:36.200 470 520 I MediaCodecsXmlParser: Did not find media_codecs_performance.xml in search path
04-16 19:04:36.201 470 520 I MediaCodecsXmlParser: Did not find media_codecs_c2.xml in search path
04-16 19:04:36.203 470 520 D MediaCodecsXmlParser: parsing /vendor/etc/media_codecs_performance_c2.xml...
04-16 19:04:36.219 470 520 D MediaCodecsXmlParser: parsing /vendor/etc/media_codecs.xml...
04-16 19:04:36.229 470 520 D MediaCodecsXmlParser: Ignoring unrecognized tag at line 85 of /vendor/etc/media_codecs.xml
04-16 19:04:36.230 470 520 D MediaCodecsXmlParser: Ignoring unrecognized tag at line 88 of /vendor/etc/media_codecs.xml
04-16 19:04:36.230 470 520 D MediaCodecsXmlParser: Ignoring unrecognized tag at line 91 of /vendor/etc/media_codecs.xml
04-16 19:04:36.230 470 520 D MediaCodecsXmlParser: Ignoring unrecognized tag at line 95 of /vendor/etc/media_codecs.xml
04-16 19:04:36.231 470 520 D MediaCodecsXmlParser: Ignoring unrecognized tag at line 98 of /vendor/etc/media_codecs.xml
04-16 19:04:36.231 470 520 D MediaCodecsXmlParser: Ignoring unrecognized tag at line 101 of /vendor/etc/media_codecs.xml
04-16 19:04:36.231 470 520 D MediaCodecsXmlParser: Ignoring unrecognized tag at line 104 of /vendor/etc/media_codecs.xml
04-16 19:04:36.242 470 520 D MediaCodecsXmlParser: parsing /vendor/etc/media_codecs_google_tv.xml...
04-16 19:04:36.242 470 520 D MediaCodecsXmlParser: unable to open media codecs configuration xml file: /vendor/etc/media_codecs_google_tv.xml
04-16 19:04:36.243 470 520 D MediaCodecsXmlParser: parsing /vendor/etc/media_codecs_google_audio.xml...
04-16 19:04:36.254 396 619 D PermissionCache: checking android.permission.ROTATE_SURFACE_FLINGER for uid=10117 => granted (13733 us)
04-16 19:04:36.264 396 619 D PermissionCache: checking android.permission.INTERNAL_SYSTEM_WINDOW for uid=10117 => granted (9185 us)
04-16 19:04:36.276 396 619 D PermissionCache: checking android.permission.ACCESS_SURFACE_FLINGER for uid=10117 => granted (11710 us)
04-16 19:04:36.279 470 520 D MediaCodecsXmlParser: parsing /vendor/etc/media_codecs_google_telephony.xml...
04-16 19:04:36.297 470 520 D MediaCodecsXmlParser: parsing /vendor/etc/media_codecs_google_video.xml...
04-16 19:04:36.335 470 520 D MediaCodecsXmlParser: parsing /vendor/etc/media_codecs_performance.xml...
04-16 19:04:36.359 988 1031 V WindowManagerShell: Adding external interface from OneHandedController with key extra_shell_one_handed
04-16 19:04:36.372 988 1031 V WindowManagerShell: OneHandedController init took 265ms
04-16 19:04:36.382 562 596 W BroadcastLoopers: Found previously unknown looper Thread[android.bg,5,main]
04-16 19:04:36.396 470 520 I MediaCodecsXmlParser: Did not find media_codecs_shaping.xml in search path
04-16 19:04:36.424 470 520 I MediaCodecsXmlParser: Did not find media_codecs_shaping.xml in search path
04-16 19:04:36.427 362 362 I GoldfishComponentStore: in init
04-16 19:04:36.431 362 362 I GoldfishComponentStore: loading dll of path libcodec2_goldfish_avcdec.so
04-16 19:04:36.441 988 1031 V WindowManagerShell: DefaultTransitionHandler init took 68ms
04-16 19:04:36.454 362 362 I GoldfishComponentStore: Create()
04-16 19:04:36.466 988 1031 V WindowManagerShell: Adding external interface from Transitions with key extra_shell_shell_transitions
04-16 19:04:36.481 362 362 I GoldfishComponentStore: created interface
04-16 19:04:36.489 362 362 I GoldfishComponentStore: created interface
04-16 19:04:36.502 362 362 E Codec2-FilterWrapper: plugin not OK: -19
04-16 19:04:36.526 470 520 I Codec2InfoBuilder: adding type 'video/avc'
04-16 19:04:36.531 988 1031 V WindowManagerShell: Adding command class transitions for Transitions
04-16 19:04:36.535 988 1031 V WindowManagerShell: Transitions init took 94ms
04-16 19:04:36.619 362 413 I GoldfishComponentStore: in init
04-16 19:04:36.621 362 414 I GoldfishComponentStore: in ~ComponentModule
04-16 19:04:36.621 362 414 I GoldfishComponentStore: unloading dll
04-16 19:04:36.628 362 413 I GoldfishComponentStore: loading dll of path libcodec2_goldfish_hevcdec.so
04-16 19:04:36.629 988 1031 V WindowManagerShell: Adding external interface from BubbleController with key extra_shell_bubbles
04-16 19:04:36.630 988 1031 V WindowManagerShell: Adding dump callback for BubbleController
04-16 19:04:36.630 988 1031 V WindowManagerShell: BubbleController init took 85ms
04-16 19:04:36.631 988 1031 V WindowManagerShell: Adding dump callback for SplitScreenController
04-16 19:04:36.633 988 1031 V WindowManagerShell: Adding command class splitscreen for SplitScreenController
04-16 19:04:36.633 988 1031 V WindowManagerShell: Adding external interface from SplitScreenController with key extra_shell_split_screen
04-16 19:04:36.646 362 413 I GoldfishComponentStore: Create()
04-16 19:04:36.654 362 413 I GoldfishComponentStore: created interface
04-16 19:04:36.666 362 413 I GoldfishComponentStore: created interface
04-16 19:04:36.678 470 520 I Codec2InfoBuilder: adding type 'video/hevc'
04-16 19:04:36.706 362 413 I GoldfishComponentStore: in ~ComponentModule
04-16 19:04:36.707 362 413 I GoldfishComponentStore: unloading dll
04-16 19:04:36.718 362 413 I GoldfishComponentStore: in init
04-16 19:04:36.718 362 413 I GoldfishComponentStore: loading dll of path libcodec2_goldfish_vp8dec.so
04-16 19:04:36.728 362 413 I GoldfishComponentStore: Create()
04-16 19:04:36.729 362 413 I C2GoldfishVpxDec: platform store is 0x776cc3388a48, reflector is 0x776b63391648
04-16 19:04:36.741 362 413 I GoldfishComponentStore: created interface
04-16 19:04:36.749 362 413 I GoldfishComponentStore: created interface
04-16 19:04:36.761 470 520 I Codec2InfoBuilder: adding type 'video/x-vnd.on2.vp8'
04-16 19:04:36.769 362 413 I GoldfishComponentStore: in ~ComponentModule
04-16 19:04:36.769 362 413 I GoldfishComponentStore: unloading dll
04-16 19:04:36.771 362 413 I GoldfishComponentStore: in init
04-16 19:04:36.771 362 413 I GoldfishComponentStore: loading dll of path libcodec2_goldfish_vp9dec.so
04-16 19:04:36.781 362 413 I GoldfishComponentStore: Create()
04-16 19:04:36.782 362 413 I C2GoldfishVpxDec: platform store is 0x776cc338a1a8, reflector is 0x776b63391648
04-16 19:04:36.793 362 413 I GoldfishComponentStore: created interface
04-16 19:04:36.800 362 413 I GoldfishComponentStore: created interface
04-16 19:04:36.803 470 520 I Codec2InfoBuilder: adding type 'video/x-vnd.on2.vp9'
04-16 19:04:36.826 362 413 I GoldfishComponentStore: in ~ComponentModule
04-16 19:04:36.827 362 413 I GoldfishComponentStore: unloading dll
04-16 19:04:36.896 470 520 I Codec2InfoBuilder: adding type 'audio/mp4a-latm'
04-16 19:04:37.042 988 1031 V WindowManagerShell: addHandler: StageCoordinator
04-16 19:04:37.104 988 1031 D CompatibilityChangeReporter: Compat change id reported: 147798919; UID 10117; state: ENABLED
04-16 19:04:37.114 988 1031 V WindowManagerShell: SplitScreenController init took 482ms
04-16 19:04:37.114 988 1031 V WindowManagerShell: addHandler: PipTransition
04-16 19:04:37.114 988 1031 V WindowManagerShell: PipTransition init took 0ms
04-16 19:04:37.141 470 520 I Codec2InfoBuilder: adding type 'audio/mp4a-latm'
04-16 19:04:37.292 470 520 I Codec2InfoBuilder: adding type 'audio/3gpp'
04-16 19:04:37.359 470 520 I Codec2InfoBuilder: adding type 'audio/3gpp'
04-16 19:04:37.385 988 1031 V WindowManagerShell: PipTouchHandler init took 271ms
04-16 19:04:37.386 988 1031 V WindowManagerShell: DevicePostureController init took 2ms
04-16 19:04:37.387 988 1031 V WindowManagerShell: TabletopModeController init took 0ms
04-16 19:04:37.396 988 1031 V WindowManagerShell: Adding dump callback for PipController
04-16 19:04:37.446 988 1031 V WindowManagerShell: Adding external interface from PipController with key extra_shell_pip
04-16 19:04:37.447 988 1031 V WindowManagerShell: PipController init took 60ms
04-16 19:04:37.447 988 1031 V WindowManagerShell: FullscreenTaskListener init took 0ms
04-16 19:04:37.448 988 1031 V WindowManagerShell: FreeformTaskTransitionHandler init took 1ms
04-16 19:04:37.457 988 1031 V WindowManagerShell: addHandler: RecentsTransitionHandler
04-16 19:04:37.457 988 1031 V WindowManagerShell: RecentsTransitionHandler init took 0ms
04-16 19:04:37.457 988 1031 V WindowManagerShell: addHandler: ActivityEmbeddingController
04-16 19:04:37.458 988 1031 V WindowManagerShell: ActivityEmbeddingController init took 1ms
04-16 19:04:37.459 988 1031 V WindowManagerShell: Adding external interface from StartingWindowController with key extra_shell_starting_window
04-16 19:04:37.459 988 1031 V WindowManagerShell: StartingWindowController init took 1ms
04-16 19:04:37.459 988 1031 V WindowManagerShell: Adding command class protolog for ProtoLogController
04-16 19:04:37.459 988 1031 V WindowManagerShell: ProtoLogController init took 1ms
04-16 19:04:37.474 988 1031 V WindowManagerShell: addHandler: KeyguardTransitionHandler
04-16 19:04:37.474 988 1031 V WindowManagerShell: KeyguardTransitionHandler init took 0ms
04-16 19:04:37.474 988 1031 V WindowManagerShell: addHandler: DefaultMixedHandler
04-16 19:04:37.475 988 1031 V WindowManagerShell: DefaultMixedHandler init took 1ms
04-16 19:04:37.481 470 520 I Codec2InfoBuilder: adding type 'audio/amr-wb'
04-16 19:04:37.531 988 1031 D ShellBackPreview: Back animation enabled=false
04-16 19:04:37.537 988 1031 V WindowManagerShell: Adding external interface from BackAnimationController with key extra_shell_back_animation
04-16 19:04:37.541 470 520 I Codec2InfoBuilder: adding type 'audio/amr-wb'
04-16 19:04:37.589 988 1031 V WindowManagerShell: BackAnimationController init took 113ms
04-16 19:04:37.600 988 1031 W Looper : Slow dispatch took 1608ms wmshell.main h=android.os.Handler c=com.android.wm.shell.common.ShellExecutor$$ExternalSyntheticLambda0@95adef5 m=0
04-16 19:04:37.601 988 1031 V WindowManagerShell: Display added: 0
04-16 19:04:37.644 470 520 I Codec2InfoBuilder: adding type 'video/av01'
04-16 19:04:37.788 988 1031 D CompatibilityChangeReporter: Compat change id reported: 237531167; UID 10117; state: DISABLED
04-16 19:04:37.814 562 971 D CompatibilityChangeReporter: Compat change id reported: 161145287; UID 10134; state: ENABLED
04-16 19:04:37.816 988 1031 W OpenGLRenderer: Unknown dataspace 0
04-16 19:04:37.824 470 520 I Codec2InfoBuilder: adding type 'video/av01'
04-16 19:04:37.929 470 520 I Codec2InfoBuilder: adding type 'video/avc'
04-16 19:04:38.011 480 505 I mediaswcodec: missing struct descriptor #Param::CoreIndex(--004) for field values of struct #Param::CoreIndex(F-12004)
04-16 19:04:38.026 480 505 I mediaswcodec: missing struct descriptor #Param::CoreIndex(--1812) for field values of struct #Param::CoreIndex(F-11812)
04-16 19:04:38.075 480 505 I mediaswcodec: missing struct descriptor #Param::CoreIndex(--004) for field values of struct #Param::CoreIndex(F-12004)
04-16 19:04:38.084 480 505 I mediaswcodec: missing struct descriptor #Param::CoreIndex(--1812) for field values of struct #Param::CoreIndex(F-11812)
04-16 19:04:38.107 470 520 I Codec2InfoBuilder: adding type 'video/avc'
04-16 19:04:38.196 480 505 D C2SoftAvcEnc: Given level 0 does not cover current configuration: adjusting to 5000
04-16 19:04:38.250 470 520 I Codec2InfoBuilder: adding type 'audio/flac'
04-16 19:04:38.297 470 520 I Codec2InfoBuilder: adding type 'audio/flac'
04-16 19:04:38.337 470 520 I Codec2InfoBuilder: adding type 'audio/g711-alaw'
04-16 19:04:38.373 470 520 I Codec2InfoBuilder: adding type 'audio/g711-mlaw'
04-16 19:04:38.421 470 520 D Codec2InfoBuilder: codec entry for 'c2.android.gsm.decoder' is disabled
04-16 19:04:38.462 470 520 I Codec2InfoBuilder: adding type 'video/3gpp'
04-16 19:04:38.552 480 985 D C2SoftH263Enc: Given level 3004 does not cover current configuration: adjusting to 3003
04-16 19:04:38.564 480 985 D C2SoftH263Enc: Given level 3004 does not cover current configuration: adjusting to 3003
04-16 19:04:38.567 470 520 I Codec2InfoBuilder: adding type 'video/3gpp'
04-16 19:04:38.570 562 645 D CompatibilityChangeReporter: Compat change id reported: 171306433; UID 1000; state: ENABLED
04-16 19:04:38.583 480 480 D C2SoftH263Enc: Given level 0 does not cover current configuration: adjusting to 3003
04-16 19:04:38.684 470 520 I Codec2InfoBuilder: adding type 'video/hevc'
04-16 19:04:38.811 480 1061 I mediaswcodec: missing struct descriptor #Param::CoreIndex(--004) for field values of struct #Param::CoreIndex(F-12004)
04-16 19:04:38.835 480 1061 I mediaswcodec: missing struct descriptor #Param::CoreIndex(--1812) for field values of struct #Param::CoreIndex(F-11812)
04-16 19:04:38.846 480 1061 I mediaswcodec: missing struct descriptor #Param::CoreIndex(--004) for field values of struct #Param::CoreIndex(F-12004)
04-16 19:04:38.861 480 1061 I mediaswcodec: missing struct descriptor #Param::CoreIndex(--1812) for field values of struct #Param::CoreIndex(F-11812)
04-16 19:04:38.892 470 520 I Codec2InfoBuilder: adding type 'video/hevc'
04-16 19:04:38.936 480 1061 D C2SoftHevcEnc: Given level 0 does not cover current configuration: adjusting to 6000
04-16 19:04:38.990 470 520 I Codec2InfoBuilder: adding type 'audio/mpeg'
04-16 19:04:39.047 470 520 D Codec2InfoBuilder: codec entry for 'c2.android.mpeg2.decoder' is disabled
04-16 19:04:39.080 470 520 I Codec2InfoBuilder: adding type 'video/mp4v-es'
04-16 19:04:39.094 562 1057 W system_server: Long monitor contention with owner binder:562_4 (645) at com.android.server.pm.Computer com.android.server.pm.PackageManagerService.snapshotComputer(boolean)(PackageManagerService.java:1195) waiters=0 in com.android.server.pm.Computer com.android.server.pm.PackageManagerService.snapshotComputer(boolean) for 431ms
04-16 19:04:39.108 562 1058 W system_server: Long monitor contention with owner binder:562_4 (645) at com.android.server.pm.Computer com.android.server.pm.PackageManagerService.snapshotComputer(boolean)(PackageManagerService.java:1195) waiters=1 in com.android.server.pm.Computer com.android.server.pm.PackageManagerService.snapshotComputer(boolean) for 266ms
04-16 19:04:39.138 1002 1002 I RuntimePermissions: observing PreinstalledUserPackageInfoLiveData for 0 in RuntimePermissionsUpgradeController
04-16 19:04:39.180 470 520 I Codec2InfoBuilder: adding type 'video/mp4v-es'
04-16 19:04:39.190 562 1057 D GameManagerService: User ID '0' does not have a Game Mode selected for package: 'com.android.systemui'
04-16 19:04:39.201 562 1057 D CompatibilityChangeReporter: Compat change id reported: 168419799; UID 10117; state: DISABLED
04-16 19:04:39.203 562 1057 D CompatibilityChangeReporter: Compat change id reported: 273564678; UID 10117; state: DISABLED
04-16 19:04:39.214 480 506 D C2SoftMpeg4Enc: Given level 0 does not cover current configuration: adjusting to 4003
04-16 19:04:39.273 470 520 I Codec2InfoBuilder: adding type 'audio/opus'
04-16 19:04:39.314 470 520 I Codec2InfoBuilder: adding type 'audio/opus'
04-16 19:04:39.349 470 520 I Codec2InfoBuilder: adding type 'audio/raw'
04-16 19:04:39.388 470 520 I Codec2InfoBuilder: adding type 'audio/vorbis'
04-16 19:04:39.399 988 1031 W Looper : Slow delivery took 1581ms wmshell.main h=android.os.Handler c=com.android.wm.shell.draganddrop.DragAndDropController$$ExternalSyntheticLambda0@7ab9216 m=0
04-16 19:04:39.399 988 1031 W Looper : Slow dispatch took 1798ms wmshell.main h=android.os.Handler c=com.android.wm.shell.draganddrop.DragAndDropController$$ExternalSyntheticLambda0@7ab9216 m=0
04-16 19:04:39.437 470 520 I Codec2InfoBuilder: adding type 'video/x-vnd.on2.vp8'
04-16 19:04:39.475 988 1031 W Looper : Slow dispatch took 60ms wmshell.main h=android.os.Handler c=android.window.TaskOrganizer$1$$ExternalSyntheticLambda5@758996d m=0
04-16 19:04:39.490 480 506 I C2SoftVpxEnc: setting temporal layering 0 + 0
04-16 19:04:39.510 480 506 I C2SoftVpxEnc: setting temporal layering 0 + 0
04-16 19:04:39.526 470 520 I Codec2InfoBuilder: adding type 'video/x-vnd.on2.vp8'
04-16 19:04:39.536 988 1031 W Looper : Slow dispatch took 56ms wmshell.main h=android.os.Handler c=android.window.TaskOrganizer$1$$ExternalSyntheticLambda5@4789633 m=0
04-16 19:04:39.613 470 520 I Codec2InfoBuilder: adding type 'video/x-vnd.on2.vp9'
04-16 19:04:39.650 988 1031 W Looper : Slow dispatch took 113ms wmshell.main h=android.os.Handler c=android.window.TaskOrganizer$1$$ExternalSyntheticLambda5@93db796 m=0
04-16 19:04:39.666 480 1061 I C2SoftVpxEnc: setting temporal layering 0 + 0
04-16 19:04:39.681 988 1031 I Choreographer: Skipped 59 frames! The application may be doing too much work on its main thread.
04-16 19:04:39.717 480 1061 I C2SoftVpxEnc: setting temporal layering 0 + 0
04-16 19:04:39.758 470 520 I Codec2InfoBuilder: adding type 'video/x-vnd.on2.vp9'
04-16 19:04:39.775 562 1060 D CoreBackPreview: Window{edd15b6 u0 ShellDropTarget}: Setting back callback OnBackInvokedCallbackInfo{mCallback=android.window.IOnBackInvokedCallback$Stub$Proxy@9c9602, mPriority=0, mIsAnimationCallback=false}
04-16 19:04:39.794 480 1061 D C2SoftVpxEnc: Given level 0 does not cover current configuration: adjusting to 7000
04-16 19:04:39.834 988 1031 W Looper : Slow dispatch took 154ms wmshell.main h=android.view.Choreographer$FrameHandler c=android.view.Choreographer$FrameDisplayEventReceiver@72e1059 m=0
04-16 19:04:39.862 562 995 D MediaCodecList: codecHandlesFormat: no format, so no extra checks
04-16 19:04:39.899 988 1031 W Looper : Drained
04-16 19:04:39.907 562 996 D MediaCodecList: codecHandlesFormat: no format, so no extra checks
04-16 19:04:39.948 988 1031 W Looper : Slow dispatch took 40ms wmshell.main h=android.os.Handler c=com.android.wm.shell.common.SyncTransactionQueue$SyncCallback$$ExternalSyntheticLambda0@74d8fb8 m=0
04-16 19:04:40.063 562 1019 D CCodec : allocate(c2.android.vorbis.decoder)
04-16 19:04:40.070 562 1017 D CCodec : allocate(c2.android.vorbis.decoder)
04-16 19:04:40.157 562 1019 I Codec2Client: Available Codec2 services: "default" "software"
04-16 19:04:40.217 562 1017 I CCodec : setting up 'default' as default (vendor) store
04-16 19:04:40.240 562 1019 I CCodec : setting up 'default' as default (vendor) store
04-16 19:04:40.574 562 1057 D PackageManager: Instant App installer not found with android.intent.action.INSTALL_INSTANT_APP_PACKAGE
04-16 19:04:40.574 562 1057 D PackageManager: Clear ephemeral installer activity
04-16 19:04:40.578 562 1019 I CCodec : Created component [c2.android.vorbis.decoder]
04-16 19:04:40.585 562 1017 I CCodec : Created component [c2.android.vorbis.decoder]
04-16 19:04:40.608 562 1017 D CCodecConfig: read media type: audio/vorbis
04-16 19:04:40.660 562 1019 D CCodecConfig: read media type: audio/vorbis
04-16 19:04:40.738 562 1019 D ReflectedParamUpdater: extent() != 1 for single value type: algo.buffers.max-count.values
04-16 19:04:40.744 562 1017 D ReflectedParamUpdater: extent() != 1 for single value type: algo.buffers.max-count.values
04-16 19:04:40.746 562 1017 D ReflectedParamUpdater: extent() != 1 for single value type: output.subscribed-indices.values
04-16 19:04:40.747 562 1017 D ReflectedParamUpdater: extent() != 1 for single value type: input.buffers.allocator-ids.values
04-16 19:04:40.748 562 1017 D ReflectedParamUpdater: extent() != 1 for single value type: output.buffers.allocator-ids.values
04-16 19:04:40.764 562 1017 D ReflectedParamUpdater: extent() != 1 for single value type: algo.buffers.allocator-ids.values
04-16 19:04:40.784 562 1017 D ReflectedParamUpdater: extent() != 1 for single value type: output.buffers.pool-ids.values
04-16 19:04:40.796 562 1017 D ReflectedParamUpdater: extent() != 1 for single value type: algo.buffers.pool-ids.values
04-16 19:04:40.820 562 1019 D ReflectedParamUpdater: extent() != 1 for single value type: output.subscribed-indices.values
04-16 19:04:40.873 562 1019 D ReflectedParamUpdater: extent() != 1 for single value type: input.buffers.allocator-ids.values
04-16 19:04:40.890 562 1017 I CCodecConfig: query failed after returning 7 values (BAD_INDEX)
04-16 19:04:40.892 562 1019 D ReflectedParamUpdater: extent() != 1 for single value type: output.buffers.allocator-ids.values
04-16 19:04:40.908 562 1017 D CCodecConfig: c2 config diff is Dict {
04-16 19:04:40.908 562 1017 D CCodecConfig: c2::u32 coded.bitrate.value = 64000
04-16 19:04:40.908 562 1017 D CCodecConfig: c2::u32 input.buffers.max-size.value = 32768
04-16 19:04:40.908 562 1017 D CCodecConfig: c2::u32 input.delay.value = 0
04-16 19:04:40.908 562 1017 D CCodecConfig: string input.media-type.value = "audio/vorbis"
04-16 19:04:40.908 562 1017 D CCodecConfig: string output.media-type.value = "audio/raw"
04-16 19:04:40.908 562 1017 D CCodecConfig: c2::u32 raw.channel-count.value = 1
04-16 19:04:40.908 562 1017 D CCodecConfig: c2::u32 raw.sample-rate.value = 48000
04-16 19:04:40.908 562 1017 D CCodecConfig: }
04-16 19:04:40.922 562 1019 D ReflectedParamUpdater: extent() != 1 for single value type: algo.buffers.allocator-ids.values
04-16 19:04:40.929 562 1019 D ReflectedParamUpdater: extent() != 1 for single value type: output.buffers.pool-ids.values
04-16 19:04:40.930 562 1019 D ReflectedParamUpdater: extent() != 1 for single value type: algo.buffers.pool-ids.values
04-16 19:04:41.000 562 1019 I CCodecConfig: query failed after returning 7 values (BAD_INDEX)
04-16 19:04:41.001 562 1019 D CCodecConfig: c2 config diff is Dict {
04-16 19:04:41.001 562 1019 D CCodecConfig: c2::u32 coded.bitrate.value = 64000
04-16 19:04:41.001 562 1019 D CCodecConfig: c2::u32 input.buffers.max-size.value = 32768
04-16 19:04:41.001 562 1019 D CCodecConfig: c2::u32 input.delay.value = 0
04-16 19:04:41.001 562 1019 D CCodecConfig: string input.media-type.value = "audio/vorbis"
04-16 19:04:41.001 562 1019 D CCodecConfig: string output.media-type.value = "audio/raw"
04-16 19:04:41.001 562 1019 D CCodecConfig: c2::u32 raw.channel-count.value = 1
04-16 19:04:41.001 562 1019 D CCodecConfig: c2::u32 raw.sample-rate.value = 48000
04-16 19:04:41.001 562 1019 D CCodecConfig: }
04-16 19:04:41.033 562 1017 D MediaCodec: flushMediametrics
04-16 19:04:41.076 562 1019 D MediaCodec: flushMediametrics
04-16 19:04:41.077 562 1019 D CCodec : [c2.android.vorbis.decoder] buffers are bound to CCodec for this session
04-16 19:04:41.078 562 1019 D CCodecConfig: no c2 equivalents for durationUs
04-16 19:04:41.078 562 1019 D CCodecConfig: no c2 equivalents for track-id
04-16 19:04:41.078 562 1019 D CCodecConfig: no c2 equivalents for csd-1
04-16 19:04:41.078 562 1019 D CCodecConfig: no c2 equivalents for flags
04-16 19:04:41.096 562 1017 D CCodec : [c2.android.vorbis.decoder] buffers are bound to CCodec for this session
04-16 19:04:41.107 562 1017 D CCodecConfig: no c2 equivalents for durationUs
04-16 19:04:41.107 562 1017 D CCodecConfig: no c2 equivalents for track-id
04-16 19:04:41.113 562 1019 D CCodecConfig: c2 config diff is c2::u32 coded.bitrate.value = 96000
04-16 19:04:41.113 562 1019 D CCodecConfig: c2::u32 raw.channel-count.value = 2
04-16 19:04:41.116 562 1017 D CCodecConfig: no c2 equivalents for csd-1
04-16 19:04:41.116 562 1017 D CCodecConfig: no c2 equivalents for flags
04-16 19:04:41.119 562 1017 D CCodecConfig: c2 config diff is c2::u32 coded.bitrate.value = 140000
04-16 19:04:41.129 562 1017 W Codec2Client: query -- param skipped: index = 1107298332.
04-16 19:04:41.130 562 1017 D CCodec : encoding statistics level = 0
04-16 19:04:41.131 562 1017 D CCodec : setup formats input: AMessage(what = 0x00000000) = {
04-16 19:04:41.131 562 1017 D CCodec : int32_t bitrate = 140000
04-16 19:04:41.131 562 1017 D CCodec : int32_t channel-count = 1
04-16 19:04:41.131 562 1017 D CCodec : int32_t max-input-size = 32768
04-16 19:04:41.131 562 1017 D CCodec : string mime = "audio/vorbis"
04-16 19:04:41.131 562 1017 D CCodec : int32_t sample-rate = 48000
04-16 19:04:41.131 562 1017 D CCodec : }
04-16 19:04:41.131 562 1017 D CCodec : setup formats output: AMessage(what = 0x00000000) = {
04-16 19:04:41.131 562 1017 D CCodec : int32_t channel-count = 1
04-16 19:04:41.131 562 1017 D CCodec : string mime = "audio/raw"
04-16 19:04:41.131 562 1017 D CCodec : int32_t sample-rate = 48000
04-16 19:04:41.131 562 1017 D CCodec : int32_t channel-mask = 1
04-16 19:04:41.131 562 1017 D CCodec : int32_t android._config-pcm-encoding = 2
04-16 19:04:41.131 562 1017 D CCodec : }
04-16 19:04:41.137 562 1017 I CCodecConfig: query failed after returning 7 values (BAD_INDEX)
04-16 19:04:41.145 562 1019 W Codec2Client: query -- param skipped: index = 1107298332.
04-16 19:04:41.145 562 1019 D CCodec : encoding statistics level = 0
04-16 19:04:41.146 562 1019 D CCodec : setup formats input: AMessage(what = 0x00000000) = {
04-16 19:04:41.146 562 1019 D CCodec : int32_t bitrate = 96000
04-16 19:04:41.146 562 1019 D CCodec : int32_t channel-count = 2
04-16 19:04:41.146 562 1019 D CCodec : int32_t max-input-size = 32768
04-16 19:04:41.146 562 1019 D CCodec : string mime = "audio/vorbis"
04-16 19:04:41.146 562 1019 D CCodec : int32_t sample-rate = 48000
04-16 19:04:41.146 562 1019 D CCodec : }
04-16 19:04:41.146 562 1019 D CCodec : setup formats output: AMessage(what = 0x00000000) = {
04-16 19:04:41.146 562 1019 D CCodec : int32_t channel-count = 2
04-16 19:04:41.146 562 1019 D CCodec : string mime = "audio/raw"
04-16 19:04:41.146 562 1019 D CCodec : int32_t sample-rate = 48000
04-16 19:04:41.146 562 1019 D CCodec : int32_t channel-mask = 3
04-16 19:04:41.146 562 1019 D CCodec : int32_t android._config-pcm-encoding = 2
04-16 19:04:41.146 562 1019 D CCodec : }
04-16 19:04:41.147 562 1019 I CCodecConfig: query failed after returning 7 values (BAD_INDEX)
04-16 19:04:41.173 562 1017 W Codec2Client: query -- param skipped: index = 1342179345.
04-16 19:04:41.182 562 1017 W Codec2Client: query -- param skipped: index = 2415921170.
04-16 19:04:41.196 562 1017 D C2Store : Using DMABUF Heaps
04-16 19:04:41.212 562 1019 W Codec2Client: query -- param skipped: index = 1342179345.
04-16 19:04:41.213 562 1019 W Codec2Client: query -- param skipped: index = 2415921170.
04-16 19:04:41.248 562 1017 D CCodecBufferChannel: [c2.android.vorbis.decoder#770] Created input block pool with allocatorID 16 => poolID 17 - OK (0)
04-16 19:04:41.265 562 1019 D CCodecBufferChannel: [c2.android.vorbis.decoder#883] Created input block pool with allocatorID 16 => poolID 18 - OK (0)
04-16 19:04:41.273 480 506 D C2Store : Using DMABUF Heaps
04-16 19:04:41.316 562 1019 I CCodecBufferChannel: [c2.android.vorbis.decoder#883] Created output block pool with allocatorID 16 => poolID 17 - OK
04-16 19:04:41.322 562 1019 D CCodecBufferChannel: [c2.android.vorbis.decoder#883] Configured output block pool ids 17 => OK
04-16 19:04:41.344 562 1017 I CCodecBufferChannel: [c2.android.vorbis.decoder#770] Created output block pool with allocatorID 16 => poolID 18 - OK
04-16 19:04:41.354 562 1019 I DMABUFHEAPS: Using DMA-BUF heap named: system
04-16 19:04:41.364 562 1017 D CCodecBufferChannel: [c2.android.vorbis.decoder#770] Configured output block pool ids 18 => OK
04-16 19:04:41.414 480 1077 D SimpleC2Component: Using output block pool with poolID 18 => got 18 - 0
04-16 19:04:41.428 480 1078 D SimpleC2Component: Using output block pool with poolID 17 => got 17 - 0
04-16 19:04:41.760 0 0 I init : starting service 'idmap2d'...
04-16 19:04:41.797 480 1078 I DMABUFHEAPS: Using DMA-BUF heap named: system
04-16 19:04:41.866 0 0 I init : ... started service 'idmap2d' has pid 1085
04-16 19:04:41.866 0 0 I init : Control message: Processed ctl.start for 'idmap2d' from pid: 562 (system_server)
04-16 19:04:42.328 562 1019 D CCodecBufferChannel: [c2.android.vorbis.decoder#883] MediaCodec discarded an unknown buffer
04-16 19:04:42.375 1085 1085 I idmap2d : Starting
04-16 19:04:42.401 562 1088 I hw-BpHwBinder: onLastStrongRef automatically unlinking death recipients
04-16 19:04:42.403 480 505 I hw-BpHwBinder: onLastStrongRef automatically unlinking death recipients
04-16 19:04:42.466 562 995 D MediaCodec: flushMediametrics
04-16 19:04:42.482 1085 1085 W idmap2d : failed to parse idmap header of '/data/resource-cache/vendor@overlay@SystemUI__auto_generated_rro_vendor.apk@idmap'
04-16 19:04:42.581 1085 1085 W idmap2d : failed to find resource 'bool/config_show4GForLTE'
04-16 19:04:42.582 1085 1085 E idmap2d : no resources were overlaid
04-16 19:04:42.624 562 1017 D CCodecBufferChannel: [c2.android.vorbis.decoder#770] MediaCodec discarded an unknown buffer
04-16 19:04:42.652 562 1017 D CCodecBufferChannel: [c2.android.vorbis.decoder#770] MediaCodec discarded an unknown buffer
04-16 19:04:42.833 562 996 D MediaCodec: flushMediametrics
04-16 19:04:42.837 480 505 I hw-BpHwBinder: onLastStrongRef automatically unlinking death recipients
04-16 19:04:42.839 480 505 I hw-BpHwBinder: onLastStrongRef automatically unlinking death recipients
04-16 19:04:42.869 562 1091 I hw-BpHwBinder: onLastStrongRef automatically unlinking death recipients
04-16 19:04:42.987 988 988 D CompatibilityChangeReporter: Compat change id reported: 183155436; UID 10117; state: ENABLED
04-16 19:04:43.130 562 996 D MediaCodecList: codecHandlesFormat: no format, so no extra checks
04-16 19:04:43.211 562 995 D MediaCodecList: codecHandlesFormat: no format, so no extra checks
04-16 19:04:43.256 562 1093 D CCodec : allocate(c2.android.vorbis.decoder)
04-16 19:04:43.277 562 1060 D CompatibilityChangeReporter: Compat change id reported: 157233955; UID 10117; state: ENABLED
04-16 19:04:43.288 562 1093 I CCodec : setting up 'default' as default (vendor) store
04-16 19:04:43.328 562 1093 I CCodec : Created component [c2.android.vorbis.decoder]
04-16 19:04:43.330 562 1093 D CCodecConfig: read media type: audio/vorbis
04-16 19:04:43.373 562 1095 D CCodec : allocate(c2.android.vorbis.decoder)
04-16 19:04:43.402 562 1093 D ReflectedParamUpdater: extent() != 1 for single value type: algo.buffers.max-count.values
04-16 19:04:43.410 562 1093 D ReflectedParamUpdater: extent() != 1 for single value type: output.subscribed-indices.values
04-16 19:04:43.411 562 1093 D ReflectedParamUpdater: extent() != 1 for single value type: input.buffers.allocator-ids.values
04-16 19:04:43.417 562 1093 D ReflectedParamUpdater: extent() != 1 for single value type: output.buffers.allocator-ids.values
04-16 19:04:43.418 562 1093 D ReflectedParamUpdater: extent() != 1 for single value type: algo.buffers.allocator-ids.values
04-16 19:04:43.419 562 1093 D ReflectedParamUpdater: extent() != 1 for single value type: output.buffers.pool-ids.values
04-16 19:04:43.432 562 1093 D ReflectedParamUpdater: extent() != 1 for single value type: algo.buffers.pool-ids.values
04-16 19:04:43.454 562 1093 I CCodecConfig: query failed after returning 7 values (BAD_INDEX)
04-16 19:04:43.455 562 1093 D CCodecConfig: c2 config diff is Dict {
04-16 19:04:43.455 562 1093 D CCodecConfig: c2::u32 coded.bitrate.value = 64000
04-16 19:04:43.455 562 1093 D CCodecConfig: c2::u32 input.buffers.max-size.value = 32768
04-16 19:04:43.455 562 1093 D CCodecConfig: c2::u32 input.delay.value = 0
04-16 19:04:43.455 562 1093 D CCodecConfig: string input.media-type.value = "audio/vorbis"
04-16 19:04:43.455 562 1093 D CCodecConfig: string output.media-type.value = "audio/raw"
04-16 19:04:43.455 562 1093 D CCodecConfig: c2::u32 raw.channel-count.value = 1
04-16 19:04:43.455 562 1093 D CCodecConfig: c2::u32 raw.sample-rate.value = 48000
04-16 19:04:43.455 562 1093 D CCodecConfig: }
04-16 19:04:43.489 562 1095 I CCodec : setting up 'default' as default (vendor) store
04-16 19:04:43.566 562 1095 I CCodec : Created component [c2.android.vorbis.decoder]
04-16 19:04:43.571 562 1093 D MediaCodec: flushMediametrics
04-16 19:04:43.584 562 1093 D CCodec : [c2.android.vorbis.decoder] buffers are bound to CCodec for this session
04-16 19:04:43.585 562 1093 D CCodecConfig: no c2 equivalents for durationUs
04-16 19:04:43.586 562 1093 D CCodecConfig: no c2 equivalents for track-id
04-16 19:04:43.586 562 1093 D CCodecConfig: no c2 equivalents for csd-1
04-16 19:04:43.587 562 1093 D CCodecConfig: no c2 equivalents for flags
04-16 19:04:43.598 562 1095 D CCodecConfig: read media type: audio/vorbis
04-16 19:04:43.612 562 1093 D CCodecConfig: c2 config diff is c2::u32 coded.bitrate.value = 140000
04-16 19:04:43.615 562 1093 W Codec2Client: query -- param skipped: index = 1107298332.
04-16 19:04:43.625 562 1093 D CCodec : encoding statistics level = 0
04-16 19:04:43.625 562 1093 D CCodec : setup formats input: AMessage(what = 0x00000000) = {
04-16 19:04:43.625 562 1093 D CCodec : int32_t bitrate = 140000
04-16 19:04:43.625 562 1093 D CCodec : int32_t channel-count = 1
04-16 19:04:43.625 562 1093 D CCodec : int32_t max-input-size = 32768
