04-16 19:02:23.145 562 627 I PackageParsing: Parse times for '/system/priv-app/StatementService': parse=189ms, update_cache=18 ms
04-16 19:02:23.174 562 562 I PackageManager: /system/priv-app/Telecom changed; collecting certs
04-16 19:02:23.177 562 625 I PackageParsing: Parse times for '/system/priv-app/CallLogBackup': parse=85ms, update_cache=23 ms
04-16 19:02:23.229 562 562 W PackageManager: Adding duplicate shared id: 1000 name=com.android.server.telecom
04-16 19:02:23.244 562 562 I PackageManager: /system/priv-app/Shell changed; collecting certs
04-16 19:02:23.285 562 627 I PackageParsing: Parse times for '/system/priv-app/VpnDialogs': parse=119ms, update_cache=8 ms
04-16 19:02:23.297 562 626 I PackageParsing: Parse times for '/system/priv-app/TelephonyProvider': parse=170ms, update_cache=7 ms
04-16 19:02:23.319 562 562 W PackageManager: Adding duplicate shared id: 2000 name=com.android.shell
04-16 19:02:23.329 562 625 I PackageParsing: Parse times for '/system/priv-app/CalendarProvider': parse=140ms, update_cache=7 ms
04-16 19:02:23.338 562 624 I PackageParsing: Parse times for '/system/priv-app/IntentResolver': parse=214ms, update_cache=26 ms
04-16 19:02:23.368 562 562 I PackageManager: /system/priv-app/SettingsProvider changed; collecting certs
04-16 19:02:23.389 562 562 W PackageManager: Adding duplicate shared id: 1000 name=com.android.providers.settings
04-16 19:02:23.395 562 562 I PackageManager: /system/priv-app/SharedStorageBackup changed; collecting certs
04-16 19:02:23.478 562 562 I PackageManager: /system/priv-app/StatementService changed; collecting certs
04-16 19:02:23.499 562 627 I PackageParsing: Parse times for '/system/priv-app/CredentialManager': parse=184ms, update_cache=5 ms
04-16 19:02:23.545 562 626 I PackageParsing: Parse times for '/system/priv-app/InputDevices': parse=225ms, update_cache=3 ms
04-16 19:02:23.575 562 562 I PackageManager: /system/priv-app/CallLogBackup changed; collecting certs
04-16 19:02:23.639 562 562 W PackageManager: Adding duplicate app id: 10057 name=com.android.calllogbackup
04-16 19:02:23.644 562 624 I PackageParsing: Parse times for '/system/priv-app/CellBroadcastLegacyApp': parse=270ms, update_cache=15 ms
04-16 19:02:23.654 562 562 I PackageManager: /system/priv-app/VpnDialogs changed; collecting certs
04-16 19:02:23.715 562 627 I PackageParsing: Parse times for '/system/priv-app/MediaProviderLegacy': parse=178ms, update_cache=3 ms
04-16 19:02:23.747 562 626 I PackageParsing: Parse times for '/system/priv-app/DynamicSystemInstallationService': parse=165ms, update_cache=24 ms
04-16 19:02:23.796 562 562 I PackageManager: /system/priv-app/TelephonyProvider changed; collecting certs
04-16 19:02:23.882 562 562 W PackageManager: Adding duplicate shared id: 1001 name=com.android.providers.telephony
04-16 19:02:23.917 562 562 I PackageManager: New shared user android.uid.calendar: id=10061
04-16 19:02:23.935 562 562 I PackageManager: /system/priv-app/CalendarProvider changed; collecting certs
04-16 19:02:24.007 562 624 I PackageParsing: Parse times for '/system/priv-app/PackageInstaller': parse=325ms, update_cache=21 ms
04-16 19:02:24.036 562 625 W PackageParsing: Ignoring duplicate uses-permissions/uses-permissions-sdk-m: android.permission.POST_NOTIFICATIONS in package: com.android.phone at: Binary XML file line #168
04-16 19:02:24.054 562 626 I PackageParsing: Parse times for '/system/priv-app/DownloadProvider': parse=214ms, update_cache=31 ms
04-16 19:02:24.110 562 627 I PackageParsing: Parse times for '/system/priv-app/NetworkStackNext': parse=353ms, update_cache=9 ms
04-16 19:02:24.146 562 562 W PackageManager: Adding duplicate app id: 10061 name=com.android.providers.calendar
04-16 19:02:24.179 562 562 I PackageManager: /system/priv-app/IntentResolver changed; collecting certs
04-16 19:02:24.274 562 562 I PackageManager: /system/priv-app/CredentialManager changed; collecting certs
04-16 19:02:24.317 562 624 I PackageParsing: Parse times for '/system/priv-app/BuiltInPrintService': parse=245ms, update_cache=31 ms
04-16 19:02:24.355 562 625 I PackageParsing: Parse times for '/system/priv-app/TeleService': parse=961ms, update_cache=53 ms
04-16 19:02:24.455 562 562 I PackageManager: /system/priv-app/InputDevices changed; collecting certs
04-16 19:02:24.478 562 627 I PackageParsing: Parse times for '/system/priv-app/ManagedProvisioning': parse=338ms, update_cache=27 ms
04-16 19:02:24.486 562 626 I PackageParsing: Parse times for '/system/priv-app/LiveWallpapersPicker': parse=400ms, update_cache=23 ms
04-16 19:02:24.512 562 562 W PackageManager: Adding duplicate shared id: 1000 name=com.android.inputdevices
04-16 19:02:24.566 562 625 I PackageParsing: Parse times for '/system/priv-app/DownloadProviderUi': parse=139ms, update_cache=2 ms
04-16 19:02:24.582 562 624 I PackageParsing: Parse times for '/system/priv-app/SoundPicker': parse=134ms, update_cache=19 ms
04-16 19:02:24.585 562 562 I PackageManager: /system/priv-app/CellBroadcastLegacyApp changed; collecting certs
04-16 19:02:24.629 562 562 I PackageManager: New shared user android.media: id=10065
04-16 19:02:24.631 562 562 I PackageManager: /system/priv-app/MediaProviderLegacy changed; collecting certs
04-16 19:02:24.689 562 626 I PackageParsing: Parse times for '/system/priv-app/ONS': parse=181ms, update_cache=7 ms
04-16 19:02:24.695 562 624 I PackageParsing: Parse times for '/system/priv-app/ProxyHandler': parse=99ms, update_cache=2 ms
04-16 19:02:24.713 562 562 W PackageManager: Adding duplicate app id: 10065 name=com.android.providers.media
04-16 19:02:24.735 562 562 I PackageManager: /system/priv-app/DynamicSystemInstallationService changed; collecting certs
04-16 19:02:24.802 562 627 I PackageParsing: Parse times for '/system/priv-app/DocumentsUI': parse=279ms, update_cache=28 ms
04-16 19:02:24.817 562 562 W PackageManager: Adding duplicate shared id: 1000 name=com.android.dynsystem
04-16 19:02:24.838 562 562 I PackageManager: /system/priv-app/PackageInstaller changed; collecting certs
04-16 19:02:24.859 562 625 I PackageParsing: Parse times for '/system/priv-app/Tag': parse=152ms, update_cache=2 ms
04-16 19:02:24.893 562 562 I PackageManager: /system/priv-app/DownloadProvider changed; collecting certs
04-16 19:02:24.911 562 624 I PackageParsing: Parse times for '/system/priv-app/MusicFX': parse=93ms, update_cache=8 ms
04-16 19:02:24.927 562 562 W PackageManager: Adding duplicate app id: 10065 name=com.android.providers.downloads
04-16 19:02:24.942 562 562 I PackageManager: /system/priv-app/NetworkStackNext changed; collecting certs
04-16 19:02:24.957 562 627 I PackageParsing: Parse times for '/system/priv-app/MtpService': parse=138ms, update_cache=6 ms
04-16 19:02:24.962 562 562 W PackageManager: Failed to scan /system/priv-app/NetworkStackNext: Application package com.android.networkstack already installed. Skipping duplicate.
04-16 19:02:24.963 562 562 I PackageManager: /system/priv-app/BuiltInPrintService changed; collecting certs
04-16 19:02:24.982 562 562 I PackageManager: /system/priv-app/TeleService changed; collecting certs
04-16 19:02:24.996 562 562 W PackageManager: Adding duplicate shared id: 1001 name=com.android.phone
04-16 19:02:25.011 562 562 I PackageManager: /system/priv-app/BlockedNumberProvider changed; collecting certs
04-16 19:02:25.045 562 562 W PackageManager: Adding duplicate app id: 10057 name=com.android.providers.blockednumber
04-16 19:02:25.055 562 562 I PackageManager: /system/priv-app/LocalTransport changed; collecting certs
04-16 19:02:25.086 562 562 W PackageManager: Adding duplicate shared id: 1000 name=com.android.localtransport
04-16 19:02:25.101 562 562 I PackageManager: /system/priv-app/ManagedProvisioning changed; collecting certs
04-16 19:02:25.129 562 562 I PackageManager: /system/priv-app/LiveWallpapersPicker changed; collecting certs
04-16 19:02:25.149 562 562 I PackageManager: /system/priv-app/DownloadProviderUi changed; collecting certs
04-16 19:02:25.162 562 562 W PackageManager: Adding duplicate app id: 10065 name=com.android.providers.downloads.ui
04-16 19:02:25.168 562 562 I PackageManager: /system/priv-app/SoundPicker changed; collecting certs
04-16 19:02:25.185 562 562 W PackageManager: Adding duplicate app id: 10065 name=com.android.soundpicker
04-16 19:02:25.191 562 562 I PackageManager: /system/priv-app/ExternalStorageProvider changed; collecting certs
04-16 19:02:25.206 562 562 I PackageManager: /system/priv-app/ONS changed; collecting certs
04-16 19:02:25.219 562 562 W PackageManager: Adding duplicate shared id: 1001 name=com.android.ons
04-16 19:02:25.225 562 562 I PackageManager: /system/priv-app/ProxyHandler changed; collecting certs
04-16 19:02:25.241 562 562 I PackageManager: /system/priv-app/UserDictionaryProvider changed; collecting certs
04-16 19:02:25.253 562 562 W PackageManager: Adding duplicate app id: 10057 name=com.android.providers.userdictionary
04-16 19:02:25.258 562 562 I PackageManager: /system/priv-app/BackupRestoreConfirmation changed; collecting certs
04-16 19:02:25.273 562 562 I PackageManager: /system/priv-app/DocumentsUI changed; collecting certs
04-16 19:02:25.290 562 562 I PackageManager: /system/priv-app/Tag changed; collecting certs
04-16 19:02:25.305 562 562 I PackageManager: /system/priv-app/FusedLocation changed; collecting certs
04-16 19:02:25.318 562 562 W PackageManager: Adding duplicate shared id: 1000 name=com.android.location.fused
04-16 19:02:25.325 562 562 I PackageManager: /system/priv-app/MusicFX changed; collecting certs
04-16 19:02:25.346 562 562 I PackageManager: /system/priv-app/MtpService changed; collecting certs
04-16 19:02:25.362 562 562 W PackageManager: Adding duplicate app id: 10065 name=com.android.mtp
04-16 19:02:25.439 562 562 I PackageManager: /system/app/CameraExtensionsProxy changed; collecting certs
04-16 19:02:25.549 562 626 I PackageParsing: Parse times for '/system/app/SimAppDialog': parse=158ms, update_cache=7 ms
04-16 19:02:25.563 562 627 I PackageParsing: Parse times for '/system/app/PrintSpooler': parse=128ms, update_cache=36 ms
04-16 19:02:25.572 562 562 I PackageManager: /system/app/SimAppDialog changed; collecting certs
04-16 19:02:25.626 562 624 I PackageParsing: Parse times for '/system/app/CaptivePortalLogin': parse=165ms, update_cache=9 ms
04-16 19:02:25.656 562 562 I PackageManager: /system/app/PrintSpooler changed; collecting certs
04-16 19:02:25.721 562 562 I PackageManager: /system/app/CaptivePortalLogin changed; collecting certs
04-16 19:02:25.741 562 626 I PackageParsing: Parse times for '/system/app/PrintRecommendationService': parse=164ms, update_cache=11 ms
04-16 19:02:25.750 562 625 I PackageParsing: Parse times for '/system/app/NfcNci': parse=351ms, update_cache=13 ms
04-16 19:02:25.862 562 562 I PackageManager: /system/app/ExtShared changed; collecting certs
04-16 19:02:25.911 562 624 I PackageParsing: Parse times for '/system/app/CertInstaller': parse=265ms, update_cache=8 ms
04-16 19:02:25.928 562 562 I PackageManager: /system/app/PrintRecommendationService changed; collecting certs
04-16 19:02:25.954 562 627 I PackageParsing: Parse times for '/system/app/CompanionDeviceManager': parse=273ms, update_cache=12 ms
04-16 19:02:25.986 562 562 I PackageManager: /system/app/NfcNci changed; collecting certs
04-16 19:02:26.028 562 625 I PackageParsing: Parse times for '/system/app/KeyChain': parse=252ms, update_cache=12 ms
04-16 19:02:26.066 562 626 W PackageParsing: No actions in intent-filter at /system/app/CarrierDefaultApp/CarrierDefaultApp.apk Binary XML file line #45
04-16 19:02:26.075 562 624 I PackageParsing: Parse times for '/system/app/WallpaperBackup': parse=120ms, update_cache=16 ms
04-16 19:02:26.078 562 562 W PackageManager: Adding duplicate shared id: 1027 name=com.android.nfc
04-16 19:02:26.083 562 626 W PackageParsing: No actions in intent-filter at /system/app/CarrierDefaultApp/CarrierDefaultApp.apk Binary XML file line #70
04-16 19:02:26.091 562 626 I PackageParsing: Parse times for '/system/app/CarrierDefaultApp': parse=310ms, update_cache=3 ms
04-16 19:02:26.107 562 562 I PackageManager: /system/app/CertInstaller changed; collecting certs
04-16 19:02:26.227 562 626 I PackageParsing: Parse times for '/system/app/BasicDreams': parse=105ms, update_cache=9 ms
04-16 19:02:26.278 562 562 I PackageManager: /system/app/CompanionDeviceManager changed; collecting certs
04-16 19:02:26.286 562 627 I PackageParsing: Parse times for '/system/app/BluetoothMidiService': parse=136ms, update_cache=20 ms
04-16 19:02:26.326 562 624 I PackageParsing: Parse times for '/system/app/EasterEgg': parse=232ms, update_cache=9 ms
04-16 19:02:26.386 562 562 I PackageManager: /system/app/PartnerBookmarksProvider changed; collecting certs
04-16 19:02:26.423 562 627 I PackageParsing: Parse times for '/system/app/BookmarkProvider': parse=128ms, update_cache=3 ms
04-16 19:02:26.470 562 625 I PackageParsing: Parse times for '/system/app/Stk': parse=381ms, update_cache=27 ms
04-16 19:02:26.530 562 562 I PackageManager: /system/app/KeyChain changed; collecting certs
04-16 19:02:26.572 562 626 I PackageParsing: Parse times for '/system/app/HTMLViewer': parse=225ms, update_cache=11 ms
04-16 19:02:26.583 562 562 W PackageManager: Adding duplicate shared id: 1000 name=com.android.keychain
04-16 19:02:26.608 562 562 I PackageManager: /system/app/WallpaperBackup changed; collecting certs
04-16 19:02:26.655 562 562 W PackageManager: Adding duplicate shared id: 1000 name=com.android.wallpaperbackup
04-16 19:02:26.694 562 562 I PackageManager: /system/app/CarrierDefaultApp changed; collecting certs
04-16 19:02:26.731 562 624 I PackageParsing: Parse times for '/system/app/Traceur': parse=394ms, update_cache=7 ms
04-16 19:02:26.744 562 562 I PackageManager: /system/app/SecureElement changed; collecting certs
04-16 19:02:26.773 562 562 W PackageManager: Adding duplicate shared id: 1068 name=com.android.se
04-16 19:02:26.788 562 562 I PackageManager: /system/app/BasicDreams changed; collecting certs
04-16 19:02:26.832 562 562 I PackageManager: /system/app/BluetoothMidiService changed; collecting certs
04-16 19:02:26.864 562 562 I PackageManager: /system/app/PacProcessor changed; collecting certs
04-16 19:02:26.943 562 562 I PackageManager: /system/app/EasterEgg changed; collecting certs
04-16 19:02:26.975 562 562 I PackageManager: /system/app/BookmarkProvider changed; collecting certs
04-16 19:02:26.978 562 573 I system_server: Background young concurrent copying GC freed 26247(1966KB) AllocSpace objects, 12(240KB) LOS objects, 30% free, 5013KB/7229KB, paused 92us,92us total 112.700ms
04-16 19:02:27.004 562 562 I PackageManager: /system/app/Stk changed; collecting certs
04-16 19:02:27.038 562 562 W PackageManager: Adding duplicate shared id: 1001 name=com.android.stk
04-16 19:02:27.059 562 562 I PackageManager: /system/app/HTMLViewer changed; collecting certs
04-16 19:02:27.086 562 562 I PackageManager: /system/app/Traceur changed; collecting certs
04-16 19:02:27.106 562 562 D PackageManager: No files in app dir /vendor/priv-app
04-16 19:02:27.106 562 562 D PackageManager: No files in app dir /vendor/app
04-16 19:02:27.107 562 562 D PackageManager: No files in app dir /odm/priv-app
04-16 19:02:27.110 562 562 D PackageManager: No files in app dir /odm/app
04-16 19:02:27.110 562 562 D PackageManager: No files in app dir /oem/app
04-16 19:02:27.183 562 562 I PackageManager: /product/priv-app/SettingsIntelligence changed; collecting certs
04-16 19:02:27.253 562 626 I PackageParsing: Parse times for '/product/priv-app/ImsServiceEntitlement': parse=112ms, update_cache=14 ms
04-16 19:02:27.258 562 562 I PackageManager: /product/priv-app/ImsServiceEntitlement changed; collecting certs
04-16 19:02:27.318 562 624 W PackageParsing: Ignoring duplicate uses-permissions/uses-permissions-sdk-m: android.permission.POST_NOTIFICATIONS in package: com.android.dialer at: Binary XML file line #65
04-16 19:02:27.319 562 624 W PackageParsing: Unknown element under : meta-data at /product/priv-app/Dialer/Dialer.apk Binary XML file line #122
04-16 19:02:27.345 562 627 W PackageParsing: No actions in intent-filter at /product/priv-app/Contacts/Contacts.apk Binary XML file line #562
04-16 19:02:27.368 562 627 I PackageParsing: Parse times for '/product/priv-app/Contacts': parse=239ms, update_cache=13 ms
04-16 19:02:27.370 562 562 I PackageManager: /product/priv-app/Contacts changed; collecting certs
04-16 19:02:27.382 562 624 I PackageParsing: Parse times for '/product/priv-app/Dialer': parse=243ms, update_cache=9 ms
04-16 19:02:27.401 562 562 I PackageManager: /product/priv-app/Dialer changed; collecting certs
04-16 19:02:27.521 562 562 I PackageManager: /product/app/ModuleMetadata changed; collecting certs
04-16 19:02:27.564 562 624 I PackageParsing: Parse times for '/product/app/Calendar': parse=118ms, update_cache=7 ms
04-16 19:02:27.594 562 562 I PackageManager: /product/app/PhotoTable changed; collecting certs
04-16 19:02:27.651 562 562 I PackageManager: /product/app/Calendar changed; collecting certs
04-16 19:02:27.666 562 627 D CompatibilityChangeReporter: Compat change id reported: 150232615; UID -1; state: DISABLED
04-16 19:02:27.674 562 627 I PackageParsing: Parse times for '/product/app/WallpaperPicker': parse=151ms, update_cache=6 ms
04-16 19:02:27.679 562 626 I PackageParsing: Parse times for '/product/app/Browser2': parse=126ms, update_cache=24 ms
04-16 19:02:27.746 562 562 I PackageManager: /product/app/WallpaperPicker changed; collecting certs
04-16 19:02:27.786 562 625 I PackageParsing: Parse times for '/product/app/webview': parse=337ms, update_cache=16 ms
04-16 19:02:27.806 562 627 I PackageParsing: Parse times for '/product/app/Music': parse=112ms, update_cache=8 ms
04-16 19:02:27.826 562 562 I PackageManager: /product/app/Browser2 changed; collecting certs
04-16 19:02:27.887 562 562 I PackageManager: /product/app/webview changed; collecting certs
04-16 19:02:27.919 562 624 I PackageParsing: Parse times for '/product/app/DeskClock': parse=329ms, update_cache=12 ms
04-16 19:02:27.959 562 626 I PackageParsing: Parse times for '/product/app/Camera2': parse=250ms, update_cache=8 ms
04-16 19:02:28.014 562 562 I PackageManager: /product/app/Music changed; collecting certs
04-16 19:02:28.042 562 624 I PackageParsing: Parse times for '/product/app/QuickSearchBox': parse=102ms, update_cache=8 ms
04-16 19:02:28.085 562 562 I PackageManager: /product/app/DeskClock changed; collecting certs
04-16 19:02:28.134 562 625 I PackageParsing: Parse times for '/product/app/Gallery2': parse=329ms, update_cache=11 ms
04-16 19:02:28.147 562 562 I PackageManager: /product/app/Camera2 changed; collecting certs
04-16 19:02:28.195 562 627 I PackageParsing: Parse times for '/product/app/LatinIME': parse=357ms, update_cache=15 ms
04-16 19:02:28.210 562 562 I PackageManager: /product/app/QuickSearchBox changed; collecting certs
04-16 19:02:28.234 562 626 I PackageParsing: Parse times for '/product/app/messaging': parse=251ms, update_cache=12 ms
04-16 19:02:28.249 562 562 I PackageManager: /product/app/Gallery2 changed; collecting certs
04-16 19:02:28.271 562 562 W PackageManager: Skipping provider name com.android.gallery3d.provider (in package com.android.gallery3d): name already used by com.android.gallery3d
04-16 19:02:28.275 562 562 I PackageManager: /product/app/LatinIME changed; collecting certs
04-16 19:02:28.301 562 562 I PackageManager: /product/app/messaging changed; collecting certs
04-16 19:02:28.397 562 562 I PackageManager: /system_ext/priv-app/MultiDisplayProvider changed; collecting certs
04-16 19:02:28.467 562 562 W PackageManager: Adding duplicate shared id: 1000 name=com.android.emulator.multidisplay
04-16 19:02:28.487 562 562 I PackageManager: /system_ext/priv-app/SdkSetup changed; collecting certs
04-16 19:02:28.621 562 625 I PackageParsing: Parse times for '/system_ext/priv-app/CarrierConfig': parse=170ms, update_cache=46 ms
04-16 19:02:28.646 562 562 I PackageManager: /system_ext/priv-app/CarrierConfig changed; collecting certs
04-16 19:02:28.687 562 626 I PackageParsing: Parse times for '/system_ext/priv-app/Launcher3QuickStep': parse=274ms, update_cache=44 ms
04-16 19:02:28.765 562 562 I PackageManager: /system_ext/priv-app/Launcher3QuickStep changed; collecting certs
04-16 19:02:28.787 562 627 I PackageParsing: Parse times for '/system_ext/priv-app/StorageManager': parse=354ms, update_cache=60 ms
04-16 19:02:28.887 562 562 I PackageManager: /system_ext/priv-app/StorageManager changed; collecting certs
04-16 19:02:28.911 562 626 I PackageParsing: Parse times for '/system_ext/priv-app/AccessibilityMenu': parse=184ms, update_cache=32 ms
04-16 19:02:28.923 562 627 I PackageParsing: Parse times for '/system_ext/priv-app/EmulatorRadioConfig': parse=73ms, update_cache=30 ms
04-16 19:02:29.066 562 562 I PackageManager: /system_ext/priv-app/AccessibilityMenu changed; collecting certs
04-16 19:02:29.198 562 624 W PackageParsing: Ignoring duplicate uses-permissions/uses-permissions-sdk-m: android.permission.CONFIGURE_WIFI_DISPLAY in package: com.android.systemui at: Binary XML file line #169
04-16 19:02:29.231 562 624 W PackageParsing: Ignoring duplicate uses-permissions/uses-permissions-sdk-m: android.permission.GET_RUNTIME_PERMISSIONS in package: com.android.systemui at: Binary XML file line #242
04-16 19:02:29.254 562 624 W PackageParsing: Ignoring duplicate uses-permissions/uses-permissions-sdk-m: android.permission.READ_DEVICE_CONFIG in package: com.android.systemui at: Binary XML file line #346
04-16 19:02:29.284 562 573 W system_server: Suspending all threads took: 5.538ms
04-16 19:02:29.355 562 626 I PackageParsing: Parse times for '/system_ext/priv-app/WallpaperCropper': parse=368ms, update_cache=62 ms
04-16 19:02:29.503 562 562 I PackageManager: /system_ext/priv-app/EmulatorRadioConfig changed; collecting certs
04-16 19:02:29.526 562 573 I system_server: Background concurrent copying GC freed 35917(1947KB) AllocSpace objects, 10(228KB) LOS objects, 49% free, 5654KB/11MB, paused 3.481ms,11.789ms total 1.201s
04-16 19:02:29.643 562 624 I PackageParsing: Parse times for '/system_ext/priv-app/SystemUI': parse=1036ms, update_cache=160 ms
04-16 19:02:29.656 562 562 I PackageManager: /system_ext/priv-app/WallpaperCropper changed; collecting certs
04-16 19:02:29.691 562 627 I PackageParsing: Parse times for '/system_ext/priv-app/EmergencyInfo': parse=641ms, update_cache=64 ms
04-16 19:02:29.711 562 562 I PackageManager: New shared user android.uid.systemui: id=10117
04-16 19:02:29.717 562 562 I PackageManager: /system_ext/priv-app/SystemUI changed; collecting certs
04-16 19:02:29.786 562 562 W PackageManager: Adding duplicate app id: 10117 name=com.android.systemui
04-16 19:02:29.806 562 562 I PackageManager: New shared user com.android.emergency.uid: id=10118
04-16 19:02:29.807 562 562 I PackageManager: /system_ext/priv-app/EmergencyInfo changed; collecting certs
04-16 19:02:29.843 562 562 W PackageManager: Adding duplicate app id: 10118 name=com.android.emergency
04-16 19:02:30.161 562 625 I PackageParsing: Parse times for '/system_ext/priv-app/Settings': parse=1506ms, update_cache=29 ms
04-16 19:02:30.162 562 562 I PackageManager: /system_ext/priv-app/Settings changed; collecting certs
04-16 19:02:30.183 562 562 W PackageManager: Adding duplicate shared id: 1000 name=com.android.settings
04-16 19:02:30.201 562 562 D PackageManager: No files in app dir /system_ext/app
04-16 19:02:30.207 562 562 W PackageManager: Dropping cache of /apex/com.android.tethering/priv-app/ServiceConnectivityResources@UE1A.230829.036.A1
04-16 19:02:30.213 562 562 W PackageManager: Dropping cache of /apex/com.android.tethering/priv-app/TetheringNext@UE1A.230829.036.A1
04-16 19:02:30.275 562 562 I PackageManager: /apex/com.android.tethering/priv-app/ServiceConnectivityResources@UE1A.230829.036.A1 changed; collecting certs
04-16 19:02:30.300 562 562 I ApexManager: Registering com.android.connectivity.resources as apk-in-apex of com.android.tethering
04-16 19:02:30.305 562 562 I PackageManager: /apex/com.android.tethering/priv-app/TetheringNext@UE1A.230829.036.A1 changed; collecting certs
04-16 19:02:30.326 562 562 W PackageManager: Adding duplicate shared id: 1073 name=com.android.networkstack.tethering
04-16 19:02:30.331 562 562 I ApexManager: Registering com.android.networkstack.tethering as apk-in-apex of com.android.tethering
04-16 19:02:30.339 562 562 W PackageManager: Dropping cache of /apex/com.android.tethering/app/HalfSheetUX@UE1A.230829.036.A1
04-16 19:02:30.414 562 562 I PackageManager: /apex/com.android.tethering/app/HalfSheetUX@UE1A.230829.036.A1 changed; collecting certs
04-16 19:02:30.438 562 562 I ApexManager: Registering com.android.nearby.halfsheet as apk-in-apex of com.android.tethering
04-16 19:02:30.447 562 562 D PackageManager: No files in app dir /apex/com.android.adbd/priv-app
04-16 19:02:30.449 562 562 D PackageManager: No files in app dir /apex/com.android.adbd/app
04-16 19:02:30.450 562 562 D PackageManager: No files in app dir /apex/com.android.art/priv-app
04-16 19:02:30.451 562 562 D PackageManager: No files in app dir /apex/com.android.art/app
04-16 19:02:30.453 562 562 D PackageManager: No files in app dir /apex/com.android.runtime/priv-app
04-16 19:02:30.456 562 562 D PackageManager: No files in app dir /apex/com.android.runtime/app
04-16 19:02:30.457 562 562 D PackageManager: No files in app dir /apex/com.android.neuralnetworks/priv-app
04-16 19:02:30.458 562 562 D PackageManager: No files in app dir /apex/com.android.neuralnetworks/app
04-16 19:02:30.466 562 562 W PackageManager: Dropping cache of /apex/com.android.wifi/priv-app/ServiceWifiResources@UE1A.230829.036.A1
04-16 19:02:30.523 562 562 I PackageManager: /apex/com.android.wifi/priv-app/ServiceWifiResources@UE1A.230829.036.A1 changed; collecting certs
04-16 19:02:30.538 562 562 I ApexManager: Registering com.android.wifi.resources as apk-in-apex of com.android.wifi
04-16 19:02:30.544 562 562 W PackageManager: Dropping cache of /apex/com.android.wifi/app/WifiDialog@UE1A.230829.036.A1
04-16 19:02:30.546 562 562 W PackageManager: Dropping cache of /apex/com.android.wifi/app/OsuLogin@UE1A.230829.036.A1
04-16 19:02:30.608 562 562 I PackageManager: /apex/com.android.wifi/app/OsuLogin@UE1A.230829.036.A1 changed; collecting certs
04-16 19:02:30.627 562 562 I ApexManager: Registering com.android.hotspot2.osulogin as apk-in-apex of com.android.wifi
04-16 19:02:30.635 562 562 I PackageManager: /apex/com.android.wifi/app/WifiDialog@UE1A.230829.036.A1 changed; collecting certs
04-16 19:02:30.654 562 562 I ApexManager: Registering com.android.wifi.dialog as apk-in-apex of com.android.wifi
04-16 19:02:30.661 562 562 D PackageManager: No files in app dir /apex/com.android.tzdata/priv-app
04-16 19:02:30.662 562 562 D PackageManager: No files in app dir /apex/com.android.tzdata/app
04-16 19:02:30.663 562 562 D PackageManager: No files in app dir /apex/com.android.configinfrastructure/priv-app
04-16 19:02:30.663 562 562 D PackageManager: No files in app dir /apex/com.android.configinfrastructure/app
04-16 19:02:30.669 562 562 W PackageManager: Dropping cache of /apex/com.android.adservices/priv-app/AdServicesApk@UE1A.230829.036.A1
04-16 19:02:31.786 562 627 W PackageParsing: Ignoring duplicate uses-permissions/uses-permissions-sdk-m: android.permission.RECEIVE_BOOT_COMPLETED in package: com.android.adservices.api at: Binary XML file line #123
04-16 19:02:31.814 562 627 I PackageParsing: Parse times for '/apex/com.android.adservices/priv-app/AdServicesApk@UE1A.230829.036.A1': parse=1128ms, update_cache=9 ms
04-16 19:02:31.820 562 562 I PackageManager: /apex/com.android.adservices/priv-app/AdServicesApk@UE1A.230829.036.A1 changed; collecting certs
04-16 19:02:31.861 562 562 I ApexManager: Registering com.android.adservices.api as apk-in-apex of com.android.adservices
04-16 19:02:31.889 562 562 W PackageManager: Dropping cache of /apex/com.android.adservices/app/SdkSandbox@UE1A.230829.036.A1
04-16 19:02:31.956 562 562 I PackageManager: /apex/com.android.adservices/app/SdkSandbox@UE1A.230829.036.A1 changed; collecting certs
04-16 19:02:31.982 562 562 I ApexManager: Registering com.android.sdksandbox as apk-in-apex of com.android.adservices
04-16 19:02:32.325 562 624 I PackageParsing: Parse times for '/apex/com.android.healthfitness/priv-app/HealthConnectController@UE1A.230829.036.A1': parse=311ms, update_cache=4 ms
04-16 19:02:32.329 562 562 I PackageManager: /apex/com.android.healthfitness/priv-app/HealthConnectController@UE1A.230829.036.A1 changed; collecting certs
04-16 19:02:32.351 562 562 I ApexManager: Registering com.android.healthconnect.controller as apk-in-apex of com.android.healthfitness
04-16 19:02:32.382 562 562 I PackageManager: /apex/com.android.healthfitness/app/HealthConnectBackupRestore@UE1A.230829.036.A1 changed; collecting certs
04-16 19:02:32.397 562 562 I ApexManager: Registering com.android.health.connect.backuprestore as apk-in-apex of com.android.healthfitness
04-16 19:02:32.404 562 562 W PackageManager: Dropping cache of /apex/com.android.cellbroadcast/priv-app/CellBroadcastServiceModule@UE1A.230829.036.A1
04-16 19:02:32.406 562 562 W PackageManager: Dropping cache of /apex/com.android.cellbroadcast/priv-app/CellBroadcastApp@UE1A.230829.036.A1
04-16 19:02:32.451 562 562 I PackageManager: /apex/com.android.cellbroadcast/priv-app/CellBroadcastServiceModule@UE1A.230829.036.A1 changed; collecting certs
04-16 19:02:32.474 562 562 W PackageManager: Adding duplicate shared id: 1073 name=com.android.cellbroadcastservice
04-16 19:02:32.483 562 562 I ApexManager: Registering com.android.cellbroadcastservice as apk-in-apex of com.android.cellbroadcast
04-16 19:02:32.843 562 625 I PackageParsing: Parse times for '/apex/com.android.cellbroadcast/priv-app/CellBroadcastApp@UE1A.230829.036.A1': parse=422ms, update_cache=4 ms
04-16 19:02:32.845 562 562 I PackageManager: /apex/com.android.cellbroadcast/priv-app/CellBroadcastApp@UE1A.230829.036.A1 changed; collecting certs
04-16 19:02:32.863 562 562 I ApexManager: Registering com.android.cellbroadcastreceiver.module as apk-in-apex of com.android.cellbroadcast
04-16 19:02:32.869 562 562 D PackageManager: No files in app dir /apex/com.android.cellbroadcast/app
04-16 19:02:32.871 562 562 D PackageManager: No files in app dir /apex/com.android.i18n/priv-app
04-16 19:02:32.873 562 562 D PackageManager: No files in app dir /apex/com.android.i18n/app
04-16 19:02:32.873 562 562 D PackageManager: No files in app dir /apex/com.android.ondevicepersonalization/priv-app
04-16 19:02:32.877 562 562 W PackageManager: Dropping cache of /apex/com.android.ondevicepersonalization/app/OnDevicePersonalization@UE1A.230829.036.A1
04-16 19:02:32.879 562 562 W PackageManager: Dropping cache of /apex/com.android.ondevicepersonalization/app/FederatedCompute@UE1A.230829.036.A1
04-16 19:02:32.915 562 562 I PackageManager: /apex/com.android.ondevicepersonalization/app/FederatedCompute@UE1A.230829.036.A1 changed; collecting certs
04-16 19:02:32.945 562 562 I ApexManager: Registering com.android.federatedcompute.services as apk-in-apex of com.android.ondevicepersonalization
04-16 19:02:32.948 562 562 I PackageManager: /apex/com.android.ondevicepersonalization/app/OnDevicePersonalization@UE1A.230829.036.A1 changed; collecting certs
04-16 19:02:32.966 562 562 I ApexManager: Registering com.android.ondevicepersonalization.services as apk-in-apex of com.android.ondevicepersonalization
04-16 19:02:32.970 562 562 D PackageManager: No files in app dir /apex/com.android.media.swcodec/priv-app
04-16 19:02:32.972 562 562 D PackageManager: No files in app dir /apex/com.android.media.swcodec/app
04-16 19:02:32.973 562 562 D PackageManager: No files in app dir /apex/com.android.vndk.v34/priv-app
04-16 19:02:32.974 562 562 D PackageManager: No files in app dir /apex/com.android.vndk.v34/app
04-16 19:02:32.975 562 562 D PackageManager: No files in app dir /apex/com.android.appsearch/priv-app
04-16 19:02:32.975 562 562 D PackageManager: No files in app dir /apex/com.android.appsearch/app
04-16 19:02:32.978 562 562 D PackageManager: No files in app dir /apex/com.android.os.statsd/priv-app
04-16 19:02:32.978 562 562 D PackageManager: No files in app dir /apex/com.android.os.statsd/app
04-16 19:02:32.981 562 562 W PackageManager: Dropping cache of /apex/com.android.mediaprovider/priv-app/MediaProvider@UE1A.230829.036.A1
04-16 19:02:33.054 562 627 W PackageParsing: Unknown element under : meta-data at /apex/com.android.mediaprovider/priv-app/MediaProvider@UE1A.230829.036.A1/MediaProvider.apk Binary XML file line #9
04-16 19:02:33.075 562 562 I PackageManager: /apex/com.android.mediaprovider/priv-app/MediaProvider@UE1A.230829.036.A1 changed; collecting certs
04-16 19:02:33.094 562 562 I ApexManager: Registering com.android.providers.media.module as apk-in-apex of com.android.mediaprovider
04-16 19:02:33.100 562 562 D PackageManager: No files in app dir /apex/com.android.mediaprovider/app
04-16 19:02:33.103 562 562 W PackageManager: Dropping cache of /apex/com.android.uwb/priv-app/ServiceUwbResources@UE1A.230829.036.A1
04-16 19:02:33.122 562 562 I PackageManager: /apex/com.android.uwb/priv-app/ServiceUwbResources@UE1A.230829.036.A1 changed; collecting certs
04-16 19:02:33.135 562 562 I ApexManager: Registering com.android.uwb.resources as apk-in-apex of com.android.uwb
04-16 19:02:33.143 562 562 D PackageManager: No files in app dir /apex/com.android.uwb/app
04-16 19:02:33.146 562 562 W PackageManager: Dropping cache of /apex/com.android.permission/priv-app/PermissionController@UE1A.230829.036.A1
04-16 19:02:33.148 562 562 W PackageManager: Dropping cache of /apex/com.android.permission/priv-app/SafetyCenterResources@UE1A.230829.036.A1
04-16 19:02:33.238 562 562 I PackageManager: /apex/com.android.permission/priv-app/SafetyCenterResources@UE1A.230829.036.A1 changed; collecting certs
04-16 19:02:33.262 562 562 I ApexManager: Registering com.android.safetycenter.resources as apk-in-apex of com.android.permission
04-16 19:02:33.458 562 626 W PackageParsing: Ignoring duplicate uses-permissions/uses-permissions-sdk-m: android.permission.OBSERVE_SENSOR_PRIVACY in package: com.android.permissioncontroller at: Binary XML file line #59
04-16 19:02:33.507 562 626 I PackageParsing: Parse times for '/apex/com.android.permission/priv-app/PermissionController@UE1A.230829.036.A1': parse=348ms, update_cache=5 ms
04-16 19:02:33.511 562 562 I PackageManager: /apex/com.android.permission/priv-app/PermissionController@UE1A.230829.036.A1 changed; collecting certs
04-16 19:02:33.534 562 562 I ApexManager: Registering com.android.permissioncontroller as apk-in-apex of com.android.permission
04-16 19:02:33.544 562 562 D PackageManager: No files in app dir /apex/com.android.permission/app
04-16 19:02:33.549 562 562 W PackageManager: Dropping cache of /apex/com.android.extservices/priv-app/ExtServices@UE1A.230829.036.A1
04-16 19:02:33.595 562 562 I PackageManager: /apex/com.android.extservices/priv-app/ExtServices@UE1A.230829.036.A1 changed; collecting certs
04-16 19:02:33.617 562 562 I ApexManager: Registering android.ext.services as apk-in-apex of com.android.extservices
04-16 19:02:33.621 562 562 D PackageManager: No files in app dir /apex/com.android.extservices/app
04-16 19:02:33.662 562 562 I PackageManager: /apex/com.android.rkpd/priv-app/rkpdapp@UE1A.230829.036.A1 changed; collecting certs
04-16 19:02:33.680 562 562 I ApexManager: Registering com.android.rkpdapp as apk-in-apex of com.android.rkpd
04-16 19:02:33.685 562 562 D PackageManager: No files in app dir /apex/com.android.rkpd/app
04-16 19:02:33.686 562 562 D PackageManager: No files in app dir /apex/com.android.btservices/priv-app
04-16 19:02:33.777 562 562 I PackageManager: /apex/com.android.btservices/app/Bluetooth@UE1A.230829.036.A1 changed; collecting certs
04-16 19:02:33.792 562 562 W PackageManager: Adding duplicate shared id: 1002 name=com.android.bluetooth
04-16 19:02:33.799 562 562 I ApexManager: Registering com.android.bluetooth as apk-in-apex of com.android.btservices
04-16 19:02:33.806 562 562 D PackageManager: No files in app dir /apex/com.android.scheduling/priv-app
04-16 19:02:33.806 562 562 D PackageManager: No files in app dir /apex/com.android.scheduling/app
04-16 19:02:33.807 562 562 D PackageManager: No files in app dir /apex/com.android.ipsec/priv-app
04-16 19:02:33.810 562 562 D PackageManager: No files in app dir /apex/com.android.ipsec/app
04-16 19:02:33.810 562 562 D PackageManager: No files in app dir /apex/com.android.resolv/priv-app
04-16 19:02:33.811 562 562 D PackageManager: No files in app dir /apex/com.android.resolv/app
04-16 19:02:33.811 562 562 D PackageManager: No files in app dir /apex/com.android.sdkext/priv-app
04-16 19:02:33.813 562 562 D PackageManager: No files in app dir /apex/com.android.sdkext/app
04-16 19:02:33.814 562 562 D PackageManager: No files in app dir /apex/com.android.media/priv-app
04-16 19:02:33.816 562 562 D PackageManager: No files in app dir /apex/com.android.media/app
04-16 19:02:33.817 562 562 D PackageManager: No files in app dir /apex/com.android.conscrypt/priv-app
04-16 19:02:33.818 562 562 D PackageManager: No files in app dir /apex/com.android.conscrypt/app
04-16 19:02:33.818 562 562 D PackageManager: No files in app dir /apex/com.android.virt/priv-app
04-16 19:02:33.847 562 562 I PackageManager: /apex/com.android.virt/app/android.system.virtualmachine.res@UE1A.230829.036.A1 changed; collecting certs
04-16 19:02:33.864 562 562 I ApexManager: Registering com.android.virtualmachine.res as apk-in-apex of com.android.virt
04-16 19:02:33.961 562 562 I PackageManager: /apex/com.android.devicelock/priv-app/DeviceLockController@UE1A.230829.036.A1 changed; collecting certs
04-16 19:02:33.982 562 562 I ApexManager: Registering com.android.devicelockcontroller as apk-in-apex of com.android.devicelock
04-16 19:02:33.987 562 562 D PackageManager: No files in app dir /apex/com.android.devicelock/app
04-16 19:02:34.014 562 562 I PackageManager: /apex/com.android.apex.cts.shim/priv-app/CtsShimPriv@MASTER changed; collecting certs
04-16 19:02:34.033 562 562 I ApexManager: Registering com.android.cts.priv.ctsshim as apk-in-apex of com.android.apex.cts.shim
04-16 19:02:34.058 562 562 I PackageManager: New shared user com.android.cts.ctsshim: id=10140
04-16 19:02:34.059 562 562 I PackageManager: /apex/com.android.apex.cts.shim/app/CtsShim@MASTER changed; collecting certs
04-16 19:02:34.074 562 562 W PackageManager: Adding duplicate app id: 10140 name=com.android.cts.ctsshim
04-16 19:02:34.083 562 562 I ApexManager: Registering com.android.cts.ctsshim as apk-in-apex of com.android.apex.cts.shim
04-16 19:02:34.342 562 562 I PackageManager: Finished scanning system apps. Time: 17271 ms, packageCount: 203 , timePerPackage: 85 , cached: 0
04-16 19:02:34.350 562 562 D PackageManager: No files in app dir /data/app
04-16 19:02:34.358 562 562 I PackageManager: Finished scanning non-system apps. Time: 16 ms, packageCount: 0 , timePerPackage: 0 , cached: 0
04-16 19:02:34.367 562 562 W PackageManager: There should probably be a verifier, but, none were found
04-16 19:02:34.423 562 562 W PackageManager: Missing required system package: .
04-16 19:02:34.424 562 562 W PackageManager: Missing required system package: .
04-16 19:02:34.494 562 562 I PackageManager: Time to scan packages: 17.424 seconds
04-16 19:02:34.495 562 562 I PermissionManager: Permission ownership changed. Updating all permissions.
04-16 19:02:34.509 562 573 I system_server: Background young concurrent copying GC freed 64958(3914KB) AllocSpace objects, 19(644KB) LOS objects, 42% free, 6452KB/11MB, paused 154us,105us total 392.989ms
04-16 19:02:34.522 562 562 W PermissionManager: Package com.android.adservices.api is an APK in APEX, but has permission allowlist on the system image. Please bundle the allowlist in the com.android.adservices APEX instead.
04-16 19:02:34.879 562 562 W PermissionManager: Package com.android.providers.media.module is an APK in APEX, but has permission allowlist on the system image. Please bundle the allowlist in the com.android.mediaprovider APEX instead.
04-16 19:02:34.881 562 562 W PermissionManager: Package com.android.providers.media.module is an APK in APEX, but has permission allowlist on the system image. Please bundle the allowlist in the com.android.mediaprovider APEX instead.
04-16 19:02:34.881 562 562 W PermissionManager: Package com.android.providers.media.module is an APK in APEX, but has permission allowlist on the system image. Please bundle the allowlist in the com.android.mediaprovider APEX instead.
04-16 19:02:34.887 562 562 W PermissionManager: Package com.android.providers.media.module is an APK in APEX, but has permission allowlist on the system image. Please bundle the allowlist in the com.android.mediaprovider APEX instead.
04-16 19:02:34.887 562 562 W PermissionManager: Package com.android.providers.media.module is an APK in APEX, but has permission allowlist on the system image. Please bundle the allowlist in the com.android.mediaprovider APEX instead.
04-16 19:02:34.887 562 562 W PermissionManager: Package com.android.providers.media.module is an APK in APEX, but has permission allowlist on the system image. Please bundle the allowlist in the com.android.mediaprovider APEX instead.
04-16 19:02:34.890 562 562 W PermissionManager: Package com.android.providers.media.module is an APK in APEX, but has permission allowlist on the system image. Please bundle the allowlist in the com.android.mediaprovider APEX instead.
04-16 19:02:34.891 562 562 W PermissionManager: Package com.android.providers.media.module is an APK in APEX, but has permission allowlist on the system image. Please bundle the allowlist in the com.android.mediaprovider APEX instead.
04-16 19:02:34.891 562 562 W PermissionManager: Package com.android.providers.media.module is an APK in APEX, but has permission allowlist on the system image. Please bundle the allowlist in the com.android.mediaprovider APEX instead.
04-16 19:02:34.891 562 562 W PermissionManager: Package com.android.providers.media.module is an APK in APEX, but has permission allowlist on the system image. Please bundle the allowlist in the com.android.mediaprovider APEX instead.
04-16 19:02:34.894 562 562 W PermissionManager: Package com.android.providers.media.module is an APK in APEX, but has permission allowlist on the system image. Please bundle the allowlist in the com.android.mediaprovider APEX instead.
04-16 19:02:34.894 562 562 W PermissionManager: Package com.android.providers.media.module is an APK in APEX, but has permission allowlist on the system image. Please bundle the allowlist in the com.android.mediaprovider APEX instead.
04-16 19:02:34.895 562 562 W PermissionManager: Package com.android.providers.media.module is an APK in APEX, but has permission allowlist on the system image. Please bundle the allowlist in the com.android.mediaprovider APEX instead.
04-16 19:02:34.948 562 562 V PackageManager: reconcileAppsData for null u0 0x1 migrateAppData=true
04-16 19:02:34.983 466 484 I SELinux : SELinux: Loaded file context from:
04-16 19:02:34.983 466 484 I SELinux : /system/etc/selinux/plat_file_contexts
04-16 19:02:34.983 466 484 I SELinux : /vendor/etc/selinux/vendor_file_contexts
04-16 19:02:35.311 562 562 V PackageManager: reconcileAppsData finished 24 packages
04-16 19:02:35.314 562 562 D PackageManagerTiming: write settings
04-16 19:02:35.322 562 642 D SystemServerTimingAsync: InitThreadPoolExec:prepareAppData
04-16 19:02:35.322 562 642 D SystemServerInitThreadPool: Started executing prepareAppData
04-16 19:02:35.349 562 642 V SystemServerTimingAsync: AppDataFixup took to complete: 28ms
04-16 19:02:35.476 562 562 I SELinux : SELinux: Loaded file context from:
04-16 19:02:35.477 562 562 I SELinux : /system/etc/selinux/plat_file_contexts
04-16 19:02:35.477 562 562 I SELinux : /vendor/etc/selinux/vendor_file_contexts
04-16 19:02:35.515 562 562 V PackageManagerTiming: write settings took to complete: 200ms
04-16 19:02:35.522 562 562 W PackageManager: Domain verification agent not found
04-16 19:02:35.535 562 562 D PackageManager: Ephemeral resolver NOT found; no matching intent filters
04-16 19:02:35.538 562 562 D PackageManager: Instant App installer not found with android.intent.action.INSTALL_INSTANT_APP_PACKAGE
04-16 19:02:35.538 562 562 D PackageManager: Clear ephemeral installer activity
04-16 19:02:35.562 562 642 W system_server: Long monitor contention with owner main (562) at void com.android.server.pm.PackageManagerService.(com.android.server.pm.PackageManagerServiceInjector, boolean, java.lang.String, boolean, boolean, int, java.lang.String)(PackageManagerService.java:2398) waiters=0 in com.android.server.pm.Computer com.android.server.pm.PackageManagerService.snapshotComputer(boolean) for 210ms
04-16 19:02:35.569 562 562 D PackageManagerTiming: GC
04-16 19:02:35.570 562 562 V PackageManagerTiming: GC took to complete: 0ms
04-16 19:02:35.570 562 562 I PackageManager: Fix for b/169414761 is applied
04-16 19:02:35.570 562 562 V PackageManagerTiming: create package manager took to complete: 18792ms
04-16 19:02:35.571 562 562 V UserSystemPackageInstaller: Checking that all system packages are whitelisted.
04-16 19:02:35.574 562 642 W PackageManager: Skipping preparing app data for com.android.configinfrastructure
04-16 19:02:35.575 562 642 W PackageManager: Skipping preparing app data for com.android.appsearch
04-16 19:02:35.579 562 562 W UserSystemPackageInstaller: checkWhitelistedSystemPackages(mode=d) has 50 warnings:
04-16 19:02:35.579 562 562 W UserSystemPackageInstaller: com.android.theme.color.amethyst is allowlisted but not present.
04-16 19:02:35.582 562 562 W UserSystemPackageInstaller: com.android.theme.icon.pebble is allowlisted but not present.
04-16 19:02:35.582 562 562 W UserSystemPackageInstaller: com.android.theme.color.sand is allowlisted but not present.
04-16 19:02:35.583 562 562 W UserSystemPackageInstaller: com.android.theme.icon.vessel is allowlisted but not present.
04-16 19:02:35.583 562 562 W UserSystemPackageInstaller: com.android.theme.color.cinnamon is allowlisted but not present.
04-16 19:02:35.583 562 562 W UserSystemPackageInstaller: com.android.theme.icon_pack.victor.settings is allowlisted but not present.
04-16 19:02:35.583 562 562 W UserSystemPackageInstaller: com.android.theme.icon_pack.rounded.systemui is allowlisted but not present.
04-16 19:02:35.588 562 562 W UserSystemPackageInstaller: com.android.theme.icon.taperedrect is allowlisted but not present.
04-16 19:02:35.589 562 562 W UserSystemPackageInstaller: com.android.theme.icon_pack.rounded.android is allowlisted but not present.
04-16 19:02:35.589 562 562 W UserSystemPackageInstaller: com.android.internal.systemui.onehanded.gestural is allowlisted but not present.
04-16 19:02:35.589 562 562 W UserSystemPackageInstaller: com.android.theme.icon_pack.victor.systemui is allowlisted but not present.
04-16 19:02:35.590 562 562 W UserSystemPackageInstaller: com.android.theme.icon_pack.circular.themepicker is allowlisted but not present.
04-16 19:02:35.590 562 562 W UserSystemPackageInstaller: com.android.theme.color.tangerine is allowlisted but not present.
04-16 19:02:35.590 562 562 W UserSystemPackageInstaller: com.android.theme.color.aquamarine is allowlisted but not present.
04-16 19:02:35.590 562 562 W UserSystemPackageInstaller: com.android.theme.color.black is allowlisted but not present.
04-16 19:02:35.591 562 562 W UserSystemPackageInstaller: com.android.theme.color.green is allowlisted but not present.
04-16 19:02:35.591 562 562 W UserSystemPackageInstaller: com.android.theme.color.ocean is allowlisted but not present.
04-16 19:02:35.591 562 562 W UserSystemPackageInstaller: com.android.theme.color.space is allowlisted but not present.
04-16 19:02:35.591 562 562 W UserSystemPackageInstaller: com.android.theme.icon_pack.rounded.launcher is allowlisted but not present.
04-16 19:02:35.597 562 562 W UserSystemPackageInstaller: com.android.theme.icon_pack.kai.settings is allowlisted but not present.
04-16 19:02:35.597 562 562 W UserSystemPackageInstaller: com.android.theme.icon_pack.sam.settings is allowlisted but not present.
04-16 19:02:35.597 562 562 W UserSystemPackageInstaller: com.android.theme.icon_pack.kai.themepicker is allowlisted but not present.
04-16 19:02:35.598 562 562 W UserSystemPackageInstaller: com.android.theme.icon_pack.victor.launcher is allowlisted but not present.
04-16 19:02:35.600 562 562 W UserSystemPackageInstaller: com.android.theme.icon_pack.filled.settings is allowlisted but not present.
04-16 19:02:35.600 562 562 W UserSystemPackageInstaller: com.android.theme.icon_pack.kai.systemui is allowlisted but not present.
04-16 19:02:35.601 562 562 W UserSystemPackageInstaller: com.android.theme.icon_pack.circular.settings is allowlisted but not present.
04-16 19:02:35.601 562 562 W UserSystemPackageInstaller: com.android.theme.icon_pack.sam.systemui is allowlisted but not present.
04-16 19:02:35.601 562 562 W UserSystemPackageInstaller: com.android.theme.icon.teardrop is allowlisted but not present.
04-16 19:02:35.601 562 562 W UserSystemPackageInstaller: com.android.theme.icon_pack.rounded.themepicker is allowlisted but not present.
04-16 19:02:35.601 562 562 W UserSystemPackageInstaller: com.android.theme.icon_pack.filled.systemui is allowlisted but not present.
04-16 19:02:35.601 562 562 W UserSystemPackageInstaller: com.android.theme.icon_pack.sam.android is allowlisted but not present.
04-16 19:02:35.601 562 562 W UserSystemPackageInstaller: com.android.theme.icon_pack.filled.android is allowlisted but not present.
04-16 19:02:35.601 562 562 W UserSystemPackageInstaller: com.android.theme.icon_pack.circular.systemui is allowlisted but not present.
04-16 19:02:35.601 562 562 W UserSystemPackageInstaller: com.android.theme.icon_pack.kai.android is allowlisted but not present.
