04-16 19:05:54.868 562 644 W system_server: Long monitor contention with owner binder:562_12 (1709) at com.android.server.pm.Computer com.android.server.pm.PackageManagerService.snapshotComputer(boolean)(PackageManagerService.java:1195) waiters=14 in com.android.server.pm.Computer com.android.server.pm.PackageManagerService.snapshotComputer(boolean) for 263ms
04-16 19:05:54.870 562 900 E WifiScoringParams: Invalid frequency(-1), using 5G as default rssi array
04-16 19:05:54.881 562 1059 W system_server: Long monitor contention with owner binder:562_12 (1709) at com.android.server.pm.Computer com.android.server.pm.PackageManagerService.snapshotComputer(boolean)(PackageManagerService.java:1195) waiters=15 in com.android.server.pm.Computer com.android.server.pm.PackageManagerService.snapshotComputer(boolean) for 230ms
04-16 19:05:54.887 562 585 V PackageManager: reconcileAppsData finished 203 packages
04-16 19:05:54.887 562 585 V SystemServerTiming: reconcileAppsData-0 took to complete: 18811ms
04-16 19:05:54.949 562 669 D ActivityManager: freezing 1463 com.android.cellbroadcastreceiver.module
04-16 19:05:55.000 562 562 I Telecom : SystemStateHelper: Registering broadcast receiver: android.content.IntentFilter@e0b0ee4: TS.init@AAA❗
04-16 19:05:55.001 562 562 I Telecom : SystemStateHelper: Registering broadcast receiver: android.content.IntentFilter@196ff4d: TS.init@AAA❗
04-16 19:05:55.007 1484 1600 I BinaryDictionaryFileDumper: reinitializeClientRecordInDictionaryContentProvider() : Insert DictionaryInfo : Id = 'main:es' : Locale=es : Version=54
04-16 19:05:55.014 562 971 W system_server: Long monitor contention with owner appscheduling.default (657) at void com.android.server.am.ActivityManagerService$LocalService.updateDeviceIdleTempAllowlist(int[], int, boolean, long, int, int, java.lang.String, int)(ActivityManagerService.java:17648) waiters=10 in void com.android.server.am.ActivityManagerService.publishService(android.os.IBinder, android.content.Intent, android.os.IBinder) for 185ms
04-16 19:05:55.025 1217 1217 D BtGatt.SyncManager: cleanup()
04-16 19:05:55.090 988 988 D NavigationModeController: getCurrentInteractionMode: mode=0 contextUser=0
04-16 19:05:55.113 562 585 V SystemServerTiming: UM.onBeforeUnlockUser-0 took to complete: 21382ms
04-16 19:05:55.168 562 585 I ActivityManager: User 0 state changed from RUNNING_LOCKED to RUNNING_UNLOCKING
04-16 19:05:55.309 562 585 D ActivityManager: Unlocking user 0 progress 20
04-16 19:05:55.323 562 1473 E ActivityManager: ANR in system
04-16 19:05:55.323 562 1473 E ActivityManager: PID: 562
04-16 19:05:55.323 562 1473 E ActivityManager: Reason: Timed out while trying to bind
04-16 19:05:55.323 562 1473 E ActivityManager: ErrorId: 58cf7487-c938-4d0a-8987-5f3fc6592512
04-16 19:05:55.323 562 1473 E ActivityManager: Frozen: false
04-16 19:05:55.323 562 1473 E ActivityManager: Load: 12.39 / 5.29 / 2.16
04-16 19:05:55.323 562 1473 E ActivityManager: ----- Output from /proc/pressure/memory -----
04-16 19:05:55.323 562 1473 E ActivityManager: some avg10=0.70 avg60=0.34 avg300=0.10 total=475157
04-16 19:05:55.323 562 1473 E ActivityManager: full avg10=0.50 avg60=0.23 avg300=0.07 total=338045
04-16 19:05:55.323 562 1473 E ActivityManager: ----- End output from /proc/pressure/memory -----
04-16 19:05:55.323 562 1473 E ActivityManager: ----- Output from /proc/pressure/cpu -----
04-16 19:05:55.323 562 1473 E ActivityManager: some avg10=63.91 avg60=38.83 avg300=17.69 total=77549110
04-16 19:05:55.323 562 1473 E ActivityManager: full avg10=0.00 avg60=0.00 avg300=0.00 total=0
04-16 19:05:55.323 562 1473 E ActivityManager: ----- End output from /proc/pressure/cpu -----
04-16 19:05:55.323 562 1473 E ActivityManager: ----- Output from /proc/pressure/io -----
04-16 19:05:55.323 562 1473 E ActivityManager: some avg10=4.08 avg60=3.66 avg300=3.25 total=19148823
04-16 19:05:55.323 562 1473 E ActivityManager: full avg10=0.68 avg60=1.07 avg300=1.30 total=8520942
04-16 19:05:55.323 562 1473 E ActivityManager: ----- End output from /proc/pressure/io -----
04-16 19:05:55.323 562 1473 E ActivityManager:
04-16 19:05:55.323 562 1473 E ActivityManager: CPU usage from 7087ms to 24282ms later (2026-04-16 19:05:32.604 to 2026-04-16 19:05:49.799):
04-16 19:05:55.323 562 1473 E ActivityManager: 68% 562/system_server: 25% user + 43% kernel / faults: 7284 minor 4 major
04-16 19:05:55.323 562 1473 E ActivityManager: 9.5% 466/installd: 2.3% user + 7.2% kernel / faults: 27 minor
04-16 19:05:55.323 562 1473 E ActivityManager: 16% 988/com.android.systemui: 9.2% user + 7.3% kernel / faults: 1734 minor
04-16 19:05:55.323 562 1473 E ActivityManager: 11% 428/adbd: 6% user + 5.5% kernel / faults: 8837 minor
04-16 19:05:55.323 562 1473 E ActivityManager: 12% 1/init: 1.5% user + 10% kernel / faults: 634 minor
04-16 19:05:55.323 562 1473 E ActivityManager: 7.7% 1484/com.android.inputmethod.latin: 4.5% user + 3.1% kernel / faults: 948 minor 14 major
04-16 19:05:55.323 562 1473 E ActivityManager: 5.2% 224/kworker/u8:3-loop23: 0% user + 5.2% kernel
04-16 19:05:55.323 562 1473 E ActivityManager: 5.2% 1249/com.android.phone: 2% user + 3.1% kernel / faults: 583 minor 1 major
04-16 19:05:55.323 562 1473 E ActivityManager: 4.9% 368/android.hardware.sensors-service.multihal: 1.7% user + 3.1% kernel
04-16 19:05:55.323 562 1473 E ActivityManager: 3.5% 393/audioserver: 1.4% user + 2% kernel / faults: 40 minor 3 major
04-16 19:05:55.323 562 1473 E ActivityManager: 95% TOTAL: 28% user + 56% kernel + 0.9% iowait + 5% irq + 3.5% softirq
04-16 19:05:55.323 562 1473 E ActivityManager: CPU usage from 3016ms to 22158ms later (2026-04-16 19:05:28.533 to 2026-04-16 19:05:47.674):
04-16 19:05:55.323 562 1473 E ActivityManager: 81% 562/system_server: 28% user + 53% kernel / faults: 3163 minor
04-16 19:05:55.323 562 1473 E ActivityManager: 12% 1480/AnrAuxiliaryTas: 2.8% user + 10% kernel
04-16 19:05:55.323 562 1473 E ActivityManager: 6.2% 1473/AnrConsumer: 2.6% user + 3.6% kernel
04-16 19:05:55.323 562 1473 E ActivityManager: 5% 656/SensorService: 5% user + 0% kernel
04-16 19:05:55.323 562 1473 E ActivityManager: 4% 1533/binder:562_E: 1.2% user + 2.8% kernel
04-16 19:05:55.323 562 1473 E ActivityManager: 2.9% 1057/binder:562_7: 1.7% user + 1.2% kernel
04-16 19:05:55.323 562 1473 E ActivityManager: 2.5% 1056/binder:562_6: 1.4% user + 1% kernel
04-16 19:05:55.323 562 1473 E ActivityManager: 2.1% 1528/binder:562_D: 0.9% user + 1.2% kernel
04-16 19:05:55.323 562 1473 E ActivityManager: 1.9% 577/binder:562_1: 1.3% user + 0.6% kernel
04-16 19:05:55.323 562 1473 E ActivityManager: 1.9% 900/WifiHandlerThre: 0.2% user + 1.7% kernel
04-16 19:05:55.323 562 1473 E ActivityManager: 1.7% 578/binder:562_2: 0% user + 1.7% kernel
04-16 19:05:55.323 562 1473 E ActivityManager: 1.7% 665/CpuMonitorServi: 0.7% user + 0.9% kernel
04-16 19:05:55.323 562 1473 E ActivityManager: 1.6% 584/atchdog.monitor: 0.8% user + 0.7% kernel
04-16 19:05:55.323 562 1473 E ActivityManager: 1.6% 1059/binder:562_9: 0.8% user + 0.7% kernel
04-16 19:05:55.323 562 1473 E ActivityManager: 1.4% 585/android.fg: 0% user + 1.4% kernel
04-16 19:05:55.323 562 1473 E ActivityManager: 1.4% 597/ActivityManager: 0% user + 1.4% kernel
04-16 19:05:55.323 562 1473 E ActivityManager: 1.3% 668/SettingsProvide: 0.9% user + 0.3% kernel
04-16 19:05:55.323 562 1473 E ActivityManager: 1.3% 1058/binder:562_8: 0.5% user + 0.7% kernel
04-16 19:05:55.323 562 1473 E ActivityManager: 1% 572/Jit thread pool: 0.4% user + 0.6% kernel
04-16 19:05:55.323 562 1473 E ActivityManager: 0.9% 645/binder:562_4: 0.4% user + 0.5% kernel
04-16 19:05:55.323 562 1473 E ActivityManager: 0.8% 655/SensorEventAckR: 0.8% user + 0% kernel
04-16 19:05:55.323 562 1473 E ActivityManager: 0.5% 657/eduling.default: 0.1% user + 0.4% kernel
04-16 19:05:55.323 562 1473 E ActivityManager: 0.4% 586/android.ui: 0.4% user + 0% kernel
04-16 19:05:55.323 562 1473 E ActivityManager: 0.4% 605/bgres-controlle: 0% user + 0.4% kernel
04-16 19:05:55.323 562 1473 E ActivityManager: 0.4% 896/NetworkStats: 0.3% user + 0.1% kernel
04-16 19:05:55.323 562 1473 E ActivityManager: 0.4% 1060/binder:562_A: 0.1% user + 0.3% kernel
04-16 19:05:55.323 562 1473 E ActivityManager: 0.3% 672/tare: 0% user + 0.3% kernel
04-16 19:05:55.323 562 1473 E ActivityManager: 0.3% 915/VcnManagementSe: 0% user + 0.3% kernel
04-16 19:05:55.323 562 1473 E ActivityManager: 0.3% 971/binder:562_5: 0% user + 0.3% kernel
04-16 19:05:55.323 562 1473 E ActivityManager: 0.3% 1099/binder:562_B: 0.1% user + 0.2% kernel
04-16 19:05:55.323 562 1473 E ActivityManager: 0.2% 614/PowerManagerSer: 0% user + 0.2% kernel
04-16 19:05:55.323 562 1473 E ActivityManager: 0.2% 647/OverlayManager: 0% user + 0.2% kernel
04-16 19:05:55.323 562 1473 E ActivityManager: 0.2% 660/RollbackPackage: 0% user + 0.2% kernel
04-16 19:05:55.323 562 1473 E ActivityManager: 0.2% 662/RollbackManager: 0% user + 0.2% kernel
04-16 19:05:55.323 562 1473 E ActivityManager: 0.2% 682/InputReader: 0.1% user + 0.1% kernel
04-16 19:05:55.323 562 1473 E ActivityManager: 0.2% 901/WifiDiagnostics: 0% user + 0.2% kernel
04-16 19:05:55.323 562 1473 E ActivityManager: 0.2% 907/ConnectivitySer: 0.2% user + 0% kernel
04-16 19:05:55.323 562 1473 E ActivityManager: 0.1% 562/system_server: 0% user + 0.1% kernel
04-16 19:05:55.323 562 1473 E ActivityManager: 0.1% 576/FinalizerWatchd: 0% user + 0.1% kernel
04-16 19:05:55.323 562 1473 E ActivityManager: 0.1% 595/PowerStatsServi: 0% user + 0.1% kernel
04-16 19:05:55.323 562 1473 E ActivityManager: 0.1% 599/ActivityManager: 0% user + 0.1% kernel
04-16 19:05:55.323 562 1473 E ActivityManager: 0.1% 600/ActivityManager: 0% user + 0.1% kernel
04-16 19:05:55.323 562 1473 E ActivityManager: 0.1% 603/batterystats-ha: 0% user + 0.1% kernel
04-16 19:05:55.323 562 1473 E ActivityManager: 0.1% 609/DataLoaderManag: 0% user + 0.1% kernel
04-16 19:05:55.328 562 1473 E ActivityManager: 0.1% 623/PackageManager: 0% user + 0.1% kernel
04-16 19:05:55.328 562 1473 E ActivityManager: 0.1% 643/PackageInstalle: 0% user + 0.1% kernel
04-16 19:05:55.328 562 1473 E ActivityManager: 0.1% 644/binder:562_3: 0% user + 0.1% kernel
04-16 19:05:55.328 562 1473 E ActivityManager: 0.1% 654/HealthServiceBi: 0% user + 0.1% kernel
04-16 19:05:55.328 562 1473 E ActivityManager: 0.1% 664/NativeTombstone: 0% user + 0.1% kernel
04-16 19:05:55.328 562 1473 E ActivityManager: 0.1% 667/AccountManagerS: 0.1% user + 0% kernel
04-16 19:05:55.328 562 1473 E ActivityManager: 0.1% 681/InputDispatcher: 0% user + 0.1% kernel
04-16 19:05:55.328 562 1473 E ActivityManager: 0.1% 683/HwBinder:562_1: 0% user + 0.1% kernel
04-16 19:05:55.328 562 1473 E ActivityManager: 0.1% 689/FlashNotificati: 0% user + 0.1% kernel
04-16 19:05:55.328 562 1473 E ActivityManager: 0.1% 898/NetworkPolicy: 0% user + 0.1% kernel
04-16 19:05:55.328 562 1473 E ActivityManager: 0.1% 902/WifiP2pService: 0% user + 0.1% kernel
04-16 19:05:55.328 562 1473 E ActivityManager: 0.1% 903/PasspointProvis: 0% user + 0.1% kernel
04-16 19:05:55.328 562 1473 E ActivityManager: 0.1% 905/WifiManagerThre: 0% user + 0.1% kernel
04-16 19:05:55.328 562 1473 E ActivityManager: 0.1% 908/CarrierPrivileg: 0% user + 0.1% kernel
04-16 19:05:55.328 562 1473 E ActivityManager: 0.1% 912/oregroundThread: 0% user + 0.1% kernel
04-16 19:05:55.328 562 1473 E ActivityManager: 0.1% 914/VpnManagerServi: 0% user + 0.1% kernel
04-16 19:05:55.328 562 1473 E ActivityManager: 0.1% 916/ranker: 0% user + 0.1% kernel
04-16 19:05:55.328 562 1473 E ActivityManager: 0.1% 919/AS.SfxWorker: 0% user + 0.1% kernel
04-16 19:05:55.328 562 1473 E ActivityManager: 0.1% 920/AudioService: 0% user + 0.1% kernel
04-16 19:05:55.328 562 1473 E ActivityManager: 0.1% 924/MediaFocusContr: 0% user + 0.1% kernel
04-16 19:05:55.328 562 1473 E ActivityManager: 0.1% 926/pool-15-thread-: 0% user + 0.1% kernel
04-16 19:05:55.328 562 1473 E ActivityManager: 0.1% 932/backup: 0% user + 0.1% kernel
04-16 19:05:55.328 562 1473 E ActivityManager: 0.1% 946/BackgroundInsta: 0% user + 0.1% kernel
04-16 19:05:55.328 562 1473 E ActivityManager: 0.1% 952/SdkSandboxManag: 0% user + 0.1% kernel
04-16 19:05:55.328 562 1473 E ActivityManager: 0.1% 954/ackgroundThread: 0% user + 0.1% kernel
04-16 19:05:55.328 562 1473 E ActivityManager: 0.1% 976/GameManagerServ: 0% user + 0.1% kernel
04-16 19:05:55.328 562 1473 E ActivityManager: 0.1% 984/NetworkStatsObs: 0% user + 0.1% kernel
04-16 19:05:55.328 562 1473 E ActivityManager: 0.1% 1541/BluetoothRouteM: 0% user + 0.1% kernel
04-16 19:05:55.328 562 1473 E ActivityManager: +0% 1691/binder:562_F: 0% user + 0% kernel
04-16 19:05:55.328 562 1473 E ActivityManager: +0% 1692/binder:562_10: 0% user + 0% kernel
04-16 19:05:55.328 562 1473 E ActivityManager: +0% 1708/binder:562_11: 0% user + 0% kernel
04-16 19:05:55.328 562 1473 E ActivityManager: +0% 1709/binder:562_12: 0% user + 0% kernel
04-16 19:05:55.328 562 1473 E ActivityManager: +0% 1722/binder:562_13: 0% user + 0% kernel
04-16 19:05:55.328 562 1473 E ActivityManager: +0% 1723/binder:562_14: 0% user + 0% kernel
04-16 19:05:55.328 562 1473 E ActivityManager: +0% 1725/binder:562_15: 0% user + 0% kernel
04-16 19:05:55.328 562 1473 E ActivityManager: +0% 1726/binder:562_16: 0% user + 0% kernel
04-16 19:05:55.328 562 1473 E ActivityManager: +0% 1727/binder:562_17: 0% user + 0% kernel
04-16 19:05:55.328 562 1473 E ActivityManager: 25% 466/installd: 6.5% user + 19% kernel / faults: 10 minor
04-16 19:05:55.328 562 1473 E ActivityManager: 25% 466/binder:466_2: 6.3% user + 19% kernel
04-16 19:05:55.328 562 1473 E ActivityManager: 11% 1/init: 1.4% user + 9.7% kernel / faults: 639 minor
04-16 19:05:55.328 562 1473 E ActivityManager: 9.6% 1/init: 1% user + 8.5% kernel
04-16 19:05:55.328 562 1473 E ActivityManager: 1.2% 88/init: 0.3% user + 0.9% kernel
04-16 19:05:55.328 562 1473 E ActivityManager: 18% 428/adbd: 10% user + 7.9% kernel / faults: 5674 minor
04-16 19:05:55.328 562 1473 E ActivityManager: 6.8% 428/adbd: 1.3% user + 5.4% kernel
04-16 19:05:55.328 562 1473 E ActivityManager: 3.2% 455/adbd: 2.9% user + 0.2% kernel
04-16 19:05:55.328 562 1473 E ActivityManager: 1.9% 454/adbd: 1.5% user + 0.3% kernel
04-16 19:05:55.328 562 1473 E ActivityManager: 0% 452/adbd: 0% user + 0% kernel
04-16 19:05:55.328 562 1473 E ActivityManager: +0% 1659/shell svc 1658: 0% user + 0% kernel
04-16 19:05:55.328 562 1473 E ActivityManager: +0% 1686/shell svc 1685: 0% user + 0% kernel
04-16 19:05:55.328 562 1473 E ActivityManager: 8.3% 224/kworker/u8:3-writeback: 0% user + 8.3% kernel
04-16 19:05:55.328 562 1473 E ActivityManager: 4.9% 393/audioserver: 2% user + 2.9% kernel / faults: 37 minor 3 major
04-16 19:05:55.328 562 1473 E ActivityManager: 1.9% 517/AudioOut_D: 0.9% user + 1% kernel
04-16 19:05:55.328 562 1473 E ActivityManager: 1.2% 1595/binder:393_4: 0.2% user + 0.9% kernel
04-16 19:05:55.328 562 1473 E ActivityManager: 1% 521/AudioOut_15: 0.4% user + 0.6% kernel
04-16 19:05:55.328 562 1473 E ActivityManager: 0.1% 501/ApmOutput: 0.1% user + 0% kernel
04-16 19:05:55.328 562 1473 E ActivityManager: 3.5% 10/kworker/u8:1-events_unbound: 0% user + 3.5% kernel
04-16 19:05:55.328 562 1473 E ActivityManager: 5.1% 368/android.hardware.sensors-service.multihal: 2% user + 3.1% kernel
04-16 19:05:55.328 562 1473 E ActivityManager: 4.7% 387/android.hardwar: 1.9% user + 2.7% kernel
04-16 19:05:55.328 562 1473 E ActivityManager: 0.6% 389/android.hardwar: 0.1% user + 0.4% kernel
04-16 19:05:55.328 562 1473 E ActivityManager: 3.7% 150/logd: 0.8% user + 2.8% kernel
04-16 19:05:55.328 562 1473 E ActivityManager: 2.6% 161/logd.writer: 0.6% user + 2% kernel
04-16 19:05:55.328 562 1473 E ActivityManager: 0.6% 478/logd.reader.per: 0% user + 0.5% kernel
04-16 19:05:55.328 562 1473 E ActivityManager: 0.3% 164/logd.klogd: 0.1% user + 0.2% kernel
04-16 19:05:55.328 562 1473 E ActivityManager: 0% 162/logd.control: 0% user + 0% kernel
04-16 19:05:55.328 562 1473 E ActivityManager: 3.1% 209/jbd2/dm-38-8: 0% user + 3.1% kernel
04-16 19:05:55.328 562 1473 E ActivityManager: 2% 24/kworker/1:0-virtio_vsock: 0% user + 2% kernel
04-16 19:05:55.328 562 1473 E ActivityManager: 1.6% 63/kworker/3:1H-kverityd: 0% user + 1.6% kernel
04-16 19:05:55.328 562 1473 E ActivityManager: 2.2% 352/android.hardware.audio.service: 0.3% user + 1.8% kernel / faults: 67 minor 1 major
04-16 19:05:55.328 562 1473 E ActivityManager: 0.1% 524/HwBinder:352_3: 0% user + 0.1% kernel
04-16 19:05:55.328 562 1473 E ActivityManager: +0% 1627/HwBinder:352_3: 0% user + 0% kernel
04-16 19:05:55.328 562 1473 E ActivityManager: 1.2% 204/kworker/u9:1-fscrypt_read_queue: 0% user + 1.2% kernel
04-16 19:05:55.328 562 1473 E ActivityManager: 1.5% 379/android.hardware.graphics.composer3-service.ranchu: 0.2% user + 1.2% kernel
04-16 19:05:55.328 562 1473 E ActivityManager: 1.5% 477/binder:379_1: 0.2% user + 1.3% kernel
04-16 19:05:55.328 562 1473 E ActivityManager: 1.1% 166/vold: 0.1% user + 1% kernel / faults: 62 minor
04-16 19:05:55.328 562 1473 E ActivityManager: 0.8% 166/binder:166_2: 0% user + 0.7% kernel
04-16 19:05:55.328 562 1473 E ActivityManager: 0.1% 170/binder:166_1: 0% user + 0.1% kernel
04-16 19:05:55.328 562 1473 E ActivityManager: 0% 172/binder:166_3: 0% user + 0% kernel
04-16 19:05:55.329 562 1473 E ActivityManager: 0% 173/binder:166_4: 0% user + 0% kernel
04-16 19:05:55.329 562 1473 E ActivityManager: +0% 1578/binder:166_5: 0% user + 0% kernel
04-16 19:05:55.329 562 1473 E ActivityManager: 0.8% 14/rcu_preempt: 0% user + 0.8% kernel
04-16 19:05:55.329 562 1473 E ActivityManager: 1% 152/servicemanager: 0.6% user + 0.4% kernel
04-16 19:05:55.329 562 1473 E ActivityManager: 0.5% 23/ksoftirqd/1: 0% user + 0.5% kernel
04-16 19:05:55.329 562 1473 E ActivityManager: 0.6% 215/tombstoned: 0.4% user + 0.2% kernel
04-16 19:05:55.329 562 1473 E ActivityManager: 0.4% 53/kworker/u9:0-fscrypt_read_queue: 0% user + 0.4% kernel
04-16 19:05:55.329 562 1473 E ActivityManager: 0.5% 348/statsd: 0.1% user + 0.4% kernel
04-16 19:05:55.329 562 1473 E ActivityManager: 0.4% 381/statsd.writer: 0.1% user + 0.3% kernel
04-16 19:05:55.329 562 1473 E ActivityManager: 0% 355/binder:348_2: 0% user + 0% kernel
04-16 19:05:55.329 562 1473 E ActivityManager: 0.3% 87/kworker/1:1H-kblockd: 0% user + 0.3% kernel
04-16 19:05:55.329 562 1473 E ActivityManager: 0.6% 451/logcat: 0.2% user + 0.4% kernel
04-16 19:05:55.329 562 1473 E ActivityManager: 0.3% 175/android.system.suspend-service: 0.1% user + 0.1% kernel
04-16 19:05:55.329 562 1473 E ActivityManager: 0.3% 1234/binder:175_6: 0.1% user + 0.1% kernel
04-16 19:05:55.329 562 1473 E ActivityManager: 0.2% 203/kworker/1:3-virtio_vsock: 0% user + 0.2% kernel
04-16 19:05:55.329 562 1473 E ActivityManager: 0.1% 13/ksoftirqd/0: 0% user + 0.1% kernel
04-16 19:05:55.329 562 1473 E ActivityManager: 0.1% 19/kworker/0:1-events: 0% user + 0.1% kernel
04-16 19:05:55.329 562 1473 E ActivityManager: 0.1% 28/ksoftirqd/2: 0% user + 0.1% kernel
04-16 19:05:55.329 562 1473 E ActivityManager: 0.1% 51/kworker/2:1H-kverityd: 0% user + 0.1% kernel
04-16 19:05:55.329 562 1473 E ActivityManager: 0.1% 89/init: 0.1% user + 0% kernel
04-16 19:05:55.329 562 1473 E ActivityManager: 0.1% 16/rcu_exp_gp_kthread_worker: 0% user + 0.1% kernel
04-16 19:05:55.329 562 1473 E ActivityManager: 0.1% 50/kworker/2:1-mm_percpu_wq: 0% user + 0.1% kernel
04-16 19:05:55.329 562 1473 E ActivityManager: 0.1% 73/kworker/0:1H-kblockd: 0% user + 0.1% kernel
04-16 19:05:55.329 562 1473 E ActivityManager: 0.1% 90/ueventd: 0% user + 0% kernel
04-16 19:05:55.329 562 1473 E ActivityManager: 0.1% 349/netd: 0% user + 0% kernel
04-16 19:05:55.329 562 1473 E ActivityManager: 0% 2/kthreadd: 0% user + 0% kernel
04-16 19:05:55.329 562 1473 E ActivityManager: 0% 20/cpuhp/0: 0% user + 0% kernel
04-16 19:05:55.329 562 1473 E ActivityManager: 0% 33/ksoftirqd/3: 0% user + 0% kernel
04-16 19:05:55.329 562 1473 E ActivityManager: 0% 46/kworker/3:1-mm_percpu_wq: 0% user + 0% kernel
04-16 19:05:55.329 562 1473 E ActivityManager: 0% 153/hwservicemanager: 0% user + 0% kernel
04-16 19:05:55.329 562 1473 E ActivityManager: 0% 155/psimon: 0% user + 0% kernel
04-16 19:05:55.329 562 1473 E ActivityManager: 0% 163/qemu-props: 0% user + 0% kernel
04-16 19:05:55.329 562 1473 E ActivityManager: 0% 370/android.hardware.usb-service.example: 0% user + 0% kernel / faults: 10 minor
04-16 19:05:55.329 562 1473 E ActivityManager: 0% 931/android.hardwar: 0% user + 0% kernel
04-16 19:05:55.329 562 1473 E ActivityManager: 0.1% 471/storaged: 0% user + 0.1% kernel
04-16 19:05:55.329 562 1473 E ActivityManager: 0.1% 533/storaged: 0% user + 0.1% kernel
04-16 19:05:55.329 562 1473 E ActivityManager: 92% TOTAL: 26% user + 55% kernel + 1.1% iowait + 5.1% irq + 3.6% softirq
04-16 19:05:55.347 0 0 I init : starting service 'idmap2d'...
04-16 19:05:55.392 562 585 W Looper : Slow dispatch took 21590ms android.fg h=android.os.Handler c=com.android.server.am.UserController$$ExternalSyntheticLambda2@bd35d8b m=0
04-16 19:05:55.393 562 585 W Looper : Slow delivery took 21508ms android.fg h=android.os.Handler c=com.android.server.am.UserController$$ExternalSyntheticLambda9@4015e68 m=0
04-16 19:05:55.399 562 1727 I ActivityManager: Broadcasting: Intent { act=com.android.emulator.multidisplay.START flg=0x400000 cmp=com.android.emulator.multidisplay/.MultiDisplayServiceReceiver }
04-16 19:05:55.490 562 578 W ActivityManager: Permission Denial: not allowed to send broadcast android.intent.action.AIRPLANE_MODE from pid=1683, uid=2000
04-16 19:05:55.495 0 0 I init : ... started service 'idmap2d' has pid 1735
04-16 19:05:55.495 0 0 I init : Control message: Processed ctl.start for 'idmap2d' from pid: 562 (system_server)
04-16 19:05:55.496 0 0 E binder : invalid inc weak node for 33387
04-16 19:05:55.505 0 0 I binder : 562:1708 IncRefs 0 refcount change on invalid ref 614 ret -22
04-16 19:05:55.505 0 0 E binder : invalid inc weak node for 33389
04-16 19:05:55.505 0 0 I binder : 562:1708 IncRefs 0 refcount change on invalid ref 615 ret -22
04-16 19:05:55.508 562 597 W system_server: Long monitor contention with owner binder:562_5 (971) at void com.android.server.am.ActivityManagerService.publishService(android.os.IBinder, android.content.Intent, android.os.IBinder)(ActivityManagerService.java:13444) waiters=3 in boolean com.android.server.am.BroadcastQueueModernImpl.lambda$new$0(android.os.Message) for 481ms
04-16 19:05:55.512 562 1725 W system_server: Long monitor contention with owner binder:562_5 (971) at void com.android.server.am.ActivityManagerService.publishService(android.os.IBinder, android.content.Intent, android.os.IBinder)(ActivityManagerService.java:13444) waiters=4 in void com.android.server.am.ActivityManagerService.unregisterReceiver(android.content.IIntentReceiver) for 484ms
04-16 19:05:55.515 562 1722 W system_server: Long monitor contention with owner binder:562_5 (971) at void com.android.server.am.ActivityManagerService.publishService(android.os.IBinder, android.content.Intent, android.os.IBinder)(ActivityManagerService.java:13444) waiters=9 in int com.android.server.am.ActivityManagerService.broadcastIntentWithFeature(android.app.IApplicationThread, java.lang.String, android.content.Intent, java.lang.String, android.content.IIntentReceiver, int, java.lang.String, android.os.Bundle, java.lang.String[], java.lang.String[], java.lang.String[], int, android.os.Bundle, boolean, boolean, int) for 905ms
04-16 19:05:55.576 562 597 D SystemServerTimingAsync: ssm.UnlockingUser-0
04-16 19:05:55.577 562 597 I SystemServiceManager: Calling onUnlockingUser 0
04-16 19:05:55.578 562 597 D SystemServerTimingAsync: ssm.onUnlockingUser-0_com.android.server.security.FileIntegrityService
04-16 19:05:55.578 562 597 V SystemServerTimingAsync: ssm.onUnlockingUser-0_com.android.server.security.FileIntegrityService took to complete: 0ms
04-16 19:05:55.579 562 597 D SystemServerTimingAsync: ssm.onUnlockingUser-0_com.android.server.pm.Installer
04-16 19:05:55.579 562 597 V SystemServerTimingAsync: ssm.onUnlockingUser-0_com.android.server.pm.Installer took to complete: 0ms
04-16 19:05:55.579 562 597 D SystemServerTimingAsync: ssm.onUnlockingUser-0_com.android.server.os.DeviceIdentifiersPolicyService
04-16 19:05:55.579 562 597 V SystemServerTimingAsync: ssm.onUnlockingUser-0_com.android.server.os.DeviceIdentifiersPolicyService took to complete: 0ms
04-16 19:05:55.596 562 597 D SystemServerTimingAsync: ssm.onUnlockingUser-0_com.android.server.uri.UriGrantsManagerService$Lifecycle
04-16 19:05:55.597 562 597 V SystemServerTimingAsync: ssm.onUnlockingUser-0_com.android.server.uri.UriGrantsManagerService$Lifecycle took to complete: 0ms
04-16 19:05:55.597 562 597 D SystemServerTimingAsync: ssm.onUnlockingUser-0_com.android.server.powerstats.PowerStatsService
04-16 19:05:55.597 562 597 V SystemServerTimingAsync: ssm.onUnlockingUser-0_com.android.server.powerstats.PowerStatsService took to complete: 0ms
04-16 19:05:55.598 562 597 D SystemServerTimingAsync: ssm.onUnlockingUser-0_com.android.server.permission.access.AccessCheckingService
04-16 19:05:55.598 562 597 V SystemServerTimingAsync: ssm.onUnlockingUser-0_com.android.server.permission.access.AccessCheckingService took to complete: 0ms
04-16 19:05:55.598 562 597 D SystemServerTimingAsync: ssm.onUnlockingUser-0_com.android.server.wm.ActivityTaskManagerService$Lifecycle
04-16 19:05:55.598 562 597 V SystemServerTimingAsync: ssm.onUnlockingUser-0_com.android.server.wm.ActivityTaskManagerService$Lifecycle took to complete: 0ms
04-16 19:05:55.599 562 597 D SystemServerTimingAsync: ssm.onUnlockingUser-0_com.android.server.am.ActivityManagerService$Lifecycle
04-16 19:05:55.599 562 597 V SystemServerTimingAsync: ssm.onUnlockingUser-0_com.android.server.am.ActivityManagerService$Lifecycle took to complete: 0ms
04-16 19:05:55.599 562 597 D SystemServerTimingAsync: ssm.onUnlockingUser-0_com.android.server.pm.DataLoaderManagerService
04-16 19:05:55.599 562 597 V SystemServerTimingAsync: ssm.onUnlockingUser-0_com.android.server.pm.DataLoaderManagerService took to complete: 0ms
04-16 19:05:55.644 562 597 D SystemServerTimingAsync: ssm.onUnlockingUser-0_com.android.server.power.PowerManagerService
04-16 19:05:55.645 562 597 V SystemServerTimingAsync: ssm.onUnlockingUser-0_com.android.server.power.PowerManagerService took to complete: 0ms
04-16 19:05:55.645 562 597 D SystemServerTimingAsync: ssm.onUnlockingUser-0_com.android.server.power.ThermalManagerService
04-16 19:05:55.646 562 597 V SystemServerTimingAsync: ssm.onUnlockingUser-0_com.android.server.power.ThermalManagerService took to complete: 0ms
04-16 19:05:55.648 562 597 D SystemServerTimingAsync: ssm.onUnlockingUser-0_com.android.server.power.hint.HintManagerService
04-16 19:05:55.649 562 597 V SystemServerTimingAsync: ssm.onUnlockingUser-0_com.android.server.power.hint.HintManagerService took to complete: 0ms
04-16 19:05:55.680 562 597 D SystemServerTimingAsync: ssm.onUnlockingUser-0_com.android.server.recoverysystem.RecoverySystemService$Lifecycle
04-16 19:05:55.680 562 597 V SystemServerTimingAsync: ssm.onUnlockingUser-0_com.android.server.recoverysystem.RecoverySystemService$Lifecycle took to complete: 0ms
04-16 19:05:55.681 562 597 D SystemServerTimingAsync: ssm.onUnlockingUser-0_com.android.server.lights.LightsService
04-16 19:05:55.681 562 597 V SystemServerTimingAsync: ssm.onUnlockingUser-0_com.android.server.lights.LightsService took to complete: 0ms
04-16 19:05:55.704 562 597 D SystemServerTimingAsync: ssm.onUnlockingUser-0_com.android.server.display.DisplayManagerService
04-16 19:05:55.705 562 597 V SystemServerTimingAsync: ssm.onUnlockingUser-0_com.android.server.display.DisplayManagerService took to complete: 0ms
04-16 19:05:55.705 562 597 D SystemServerTimingAsync: ssm.onUnlockingUser-0_com.android.server.pm.verify.domain.DomainVerificationService
04-16 19:05:55.705 562 597 V SystemServerTimingAsync: ssm.onUnlockingUser-0_com.android.server.pm.verify.domain.DomainVerificationService took to complete: 0ms
04-16 19:05:55.706 562 597 D SystemServerTimingAsync: ssm.onUnlockingUser-0_com.android.server.pm.PackageInstallerService$Lifecycle
04-16 19:05:55.706 562 597 V SystemServerTimingAsync: ssm.onUnlockingUser-0_com.android.server.pm.PackageInstallerService$Lifecycle took to complete: 0ms
04-16 19:05:55.706 562 597 D SystemServerTimingAsync: ssm.onUnlockingUser-0_com.android.server.pm.UserManagerService$LifeCycle
04-16 19:05:55.707 562 597 V SystemServerTimingAsync: ssm.onUnlockingUser-0_com.android.server.pm.UserManagerService$LifeCycle took to complete: 0ms
04-16 19:05:55.707 562 597 D SystemServerTimingAsync: ssm.onUnlockingUser-0_com.android.server.om.OverlayManagerService
04-16 19:05:55.707 562 597 V SystemServerTimingAsync: ssm.onUnlockingUser-0_com.android.server.om.OverlayManagerService took to complete: 1ms
04-16 19:05:55.730 562 597 D SystemServerTimingAsync: ssm.onUnlockingUser-0_com.android.server.resources.ResourcesManagerService
04-16 19:05:55.731 562 597 V SystemServerTimingAsync: ssm.onUnlockingUser-0_com.android.server.resources.ResourcesManagerService took to complete: 0ms
04-16 19:05:55.731 562 597 D SystemServerTimingAsync: ssm.onUnlockingUser-0_com.android.server.sensorprivacy.SensorPrivacyService
04-16 19:05:55.731 562 597 V SystemServerTimingAsync: ssm.onUnlockingUser-0_com.android.server.sensorprivacy.SensorPrivacyService took to complete: 0ms
04-16 19:05:55.736 562 597 D SystemServerTimingAsync: ssm.onUnlockingUser-0_com.android.server.sensors.SensorService
04-16 19:05:55.736 562 597 V SystemServerTimingAsync: ssm.onUnlockingUser-0_com.android.server.sensors.SensorService took to complete: 0ms
04-16 19:05:55.736 562 597 D SystemServerTimingAsync: ssm.onUnlockingUser-0_com.android.server.SystemConfigService
04-16 19:05:55.736 562 597 V SystemServerTimingAsync: ssm.onUnlockingUser-0_com.android.server.SystemConfigService took to complete: 0ms
04-16 19:05:55.737 562 597 D SystemServerTimingAsync: ssm.onUnlockingUser-0_com.android.server.BatteryService
04-16 19:05:55.737 562 597 V SystemServerTimingAsync: ssm.onUnlockingUser-0_com.android.server.BatteryService took to complete: 0ms
04-16 19:05:55.737 562 597 D SystemServerTimingAsync: ssm.onUnlockingUser-0_com.android.server.usage.UsageStatsService
04-16 19:05:55.737 562 597 V SystemServerTimingAsync: ssm.onUnlockingUser-0_com.android.server.usage.UsageStatsService took to complete: 0ms
04-16 19:05:55.737 562 597 D SystemServerTimingAsync: ssm.onUnlockingUser-0_com.android.server.webkit.WebViewUpdateService
04-16 19:05:55.737 562 597 V SystemServerTimingAsync: ssm.onUnlockingUser-0_com.android.server.webkit.WebViewUpdateService took to complete: 0ms
04-16 19:05:55.737 562 597 D SystemServerTimingAsync: ssm.onUnlockingUser-0_com.android.server.CachedDeviceStateService
04-16 19:05:55.737 562 597 V SystemServerTimingAsync: ssm.onUnlockingUser-0_com.android.server.CachedDeviceStateService took to complete: 0ms
04-16 19:05:55.738 562 597 D SystemServerTimingAsync: ssm.onUnlockingUser-0_com.android.server.BinderCallsStatsService$LifeCycle
04-16 19:05:55.738 562 597 V SystemServerTimingAsync: ssm.onUnlockingUser-0_com.android.server.BinderCallsStatsService$LifeCycle took to complete: 0ms
04-16 19:05:55.738 562 597 D SystemServerTimingAsync: ssm.onUnlockingUser-0_com.android.server.LooperStatsService$Lifecycle
04-16 19:05:55.738 562 597 V SystemServerTimingAsync: ssm.onUnlockingUser-0_com.android.server.LooperStatsService$Lifecycle took to complete: 0ms
04-16 19:05:55.738 562 597 D SystemServerTimingAsync: ssm.onUnlockingUser-0_com.android.server.rollback.RollbackManagerService
04-16 19:05:55.810 988 988 D NavigationModeController: getCurrentInteractionMode: mode=0 contextUser=0
04-16 19:05:55.880 0 0 I apexd : destroyCeSnapshotsNotSpecified() received by ApexService user_id : 0 retain_rollback_ids : []
04-16 19:05:55.812 562 597 W SystemServiceManager: Service com.android.server.rollback.RollbackManagerService took 74 ms in onUnlockingUser-0
04-16 19:05:55.890 562 1722 W system_server: Long monitor contention with owner android.bg (596) at android.util.StatsEvent$Buffer android.util.StatsEvent$Buffer.obtain()(StatsEvent.java:856) waiters=0 in void android.util.StatsEvent$Buffer.release() for 143ms
04-16 19:05:55.893 562 1722 D CompatibilityChangeReporter: Compat change id reported: 161252188; UID 1000; state: DISABLED
04-16 19:05:55.925 562 585 W Looper : Slow dispatch took 521ms android.fg h=com.android.server.DropBoxManagerService$DropBoxManagerBroadcastHandler c=null m=2
04-16 19:05:55.954 562 597 V SystemServerTimingAsync: ssm.onUnlockingUser-0_com.android.server.rollback.RollbackManagerService took to complete: 216ms
04-16 19:05:55.955 562 597 D SystemServerTimingAsync: ssm.onUnlockingUser-0_com.android.server.os.NativeTombstoneManagerService
04-16 19:05:55.955 562 597 V SystemServerTimingAsync: ssm.onUnlockingUser-0_com.android.server.os.NativeTombstoneManagerService took to complete: 0ms
04-16 19:05:55.961 1484 1600 I BinaryDictionaryFileDumper: reinitializeClientRecordInDictionaryContentProvider() : Insert DictionaryInfo : Id = 'main:fr' : Locale=fr : Version=54
04-16 19:05:55.963 562 597 D SystemServerTimingAsync: ssm.onUnlockingUser-0_com.android.server.os.BugreportManagerService
04-16 19:05:56.035 1735 1735 I idmap2d : Starting
04-16 19:05:56.117 562 1727 I ActivityManager: Enqueued broadcast Intent { act=com.android.emulator.multidisplay.START flg=0x400000 cmp=com.android.emulator.multidisplay/.MultiDisplayServiceReceiver }: 0
04-16 19:05:56.118 562 1722 I ActivityManager: Enqueued broadcast Intent { act=com.android.emulator.multidisplay.START flg=0x400000 cmp=com.android.emulator.multidisplay/.MultiDisplayServiceReceiver }: 0
04-16 19:05:56.126 562 1736 I DropBoxManagerService: add tag=system_server_anr isTagEnabled=true flags=0x6
04-16 19:05:56.143 562 1480 W ProcessCpuTracker: Failed to stat(/proc/1598): android.system.ErrnoException: stat failed: ENOENT (No such file or directory)
04-16 19:05:56.160 562 1480 W ProcessCpuTracker: Skipping unknown process pid 1598
04-16 19:05:56.164 562 669 D ActivityManager: freezing 1542 com.android.cellbroadcastreceiver
04-16 19:05:56.178 562 1473 W system_server: Long monitor contention with owner binder:562_13 (1722) at int com.android.server.am.ActivityManagerService.broadcastIntentWithFeature(android.app.IApplicationThread, java.lang.String, android.content.Intent, java.lang.String, android.content.IIntentReceiver, int, java.lang.String, android.os.Bundle, java.lang.String[], java.lang.String[], java.lang.String[], int, android.os.Bundle, boolean, boolean, int)(ActivityManagerService.java:15343) waiters=4 in void com.android.server.am.ProcessErrorStateRecord.appNotResponding(java.lang.String, android.content.pm.ApplicationInfo, java.lang.String, com.android.server.wm.WindowProcessController, boolean, com.android.internal.os.TimeoutRecord, java.util.concurrent.ExecutorService, boolean, boolean, java.util.concurrent.Future) for 552ms
04-16 19:05:56.188 562 1480 W ProcessCpuTracker: Failed to stat(/proc/1626): android.system.ErrnoException: stat failed: ENOENT (No such file or directory)
04-16 19:05:56.188 562 1480 W ProcessCpuTracker: Skipping unknown process pid 1626
04-16 19:05:56.190 562 1480 W ProcessCpuTracker: Failed to stat(/proc/1658): android.system.ErrnoException: stat failed: ENOENT (No such file or directory)
04-16 19:05:56.190 562 1480 W ProcessCpuTracker: Skipping unknown process pid 1658
04-16 19:05:56.193 562 597 V SystemServerTimingAsync: ssm.onUnlockingUser-0_com.android.server.os.BugreportManagerService took to complete: 0ms
04-16 19:05:56.193 562 597 D SystemServerTimingAsync: ssm.onUnlockingUser-0_com.android.server.gpu.GpuService
04-16 19:05:56.193 562 597 V SystemServerTimingAsync: ssm.onUnlockingUser-0_com.android.server.gpu.GpuService took to complete: 0ms
04-16 19:05:56.194 562 597 D SystemServerTimingAsync: ssm.onUnlockingUser-0_com.android.server.security.rkp.RemoteProvisioningService
04-16 19:05:56.194 562 597 V SystemServerTimingAsync: ssm.onUnlockingUser-0_com.android.server.security.rkp.RemoteProvisioningService took to complete: 0ms
04-16 19:05:56.194 562 597 D SystemServerTimingAsync: ssm.onUnlockingUser-0_com.android.server.cpu.CpuMonitorService
04-16 19:05:56.194 562 597 V SystemServerTimingAsync: ssm.onUnlockingUser-0_com.android.server.cpu.CpuMonitorService took to complete: 0ms
04-16 19:05:56.194 562 597 D SystemServerTimingAsync: ssm.onUnlockingUser-0_com.android.server.security.KeyChainSystemService
04-16 19:05:56.194 562 597 V SystemServerTimingAsync: ssm.onUnlockingUser-0_com.android.server.security.KeyChainSystemService took to complete: 0ms
04-16 19:05:56.194 562 597 D SystemServerTimingAsync: ssm.onUnlockingUser-0_com.android.server.BinaryTransparencyService
04-16 19:05:56.194 562 597 V SystemServerTimingAsync: ssm.onUnlockingUser-0_com.android.server.BinaryTransparencyService took to complete: 0ms
04-16 19:05:56.194 562 597 D SystemServerTimingAsync: ssm.onUnlockingUser-0_com.android.server.telecom.TelecomLoaderService
04-16 19:05:56.195 562 597 V SystemServerTimingAsync: ssm.onUnlockingUser-0_com.android.server.telecom.TelecomLoaderService took to complete: 0ms
04-16 19:05:56.195 562 597 D SystemServerTimingAsync: ssm.onUnlockingUser-0_com.android.server.accounts.AccountManagerService$Lifecycle
04-16 19:05:56.222 562 597 V SystemServerTimingAsync: ssm.onUnlockingUser-0_com.android.server.accounts.AccountManagerService$Lifecycle took to complete: 27ms
04-16 19:05:56.222 562 597 D SystemServerTimingAsync: ssm.onUnlockingUser-0_com.android.server.content.ContentService$Lifecycle
04-16 19:05:56.223 562 597 V SystemServerTimingAsync: ssm.onUnlockingUser-0_com.android.server.content.ContentService$Lifecycle took to complete: 1ms
04-16 19:05:56.223 562 597 D SystemServerTimingAsync: ssm.onUnlockingUser-0_com.android.server.deviceconfig.DeviceConfigInit$Lifecycle
04-16 19:05:56.223 562 597 V SystemServerTimingAsync: ssm.onUnlockingUser-0_com.android.server.deviceconfig.DeviceConfigInit$Lifecycle took to complete: 0ms
04-16 19:05:56.223 562 597 D SystemServerTimingAsync: ssm.onUnlockingUser-0_com.android.server.DropBoxManagerService
04-16 19:05:56.223 562 597 V SystemServerTimingAsync: ssm.onUnlockingUser-0_com.android.server.DropBoxManagerService took to complete: 0ms
04-16 19:05:56.223 562 597 D SystemServerTimingAsync: ssm.onUnlockingUser-0_com.android.role.RoleService
04-16 19:05:56.223 562 597 V SystemServerTimingAsync: ssm.onUnlockingUser-0_com.android.role.RoleService took to complete: 0ms
04-16 19:05:56.224 562 597 D SystemServerTimingAsync: ssm.onUnlockingUser-0_com.android.server.vibrator.VibratorManagerService$Lifecycle
04-16 19:05:56.242 562 597 V SystemServerTimingAsync: ssm.onUnlockingUser-0_com.android.server.vibrator.VibratorManagerService$Lifecycle took to complete: 0ms
04-16 19:05:56.330 562 1473 D ActivityManager: Completed ANR of system in 30764ms, latency 111ms
04-16 19:05:56.339 562 1480 I ActivityManager: Skipping next CPU consuming process, not a java proc: 562
04-16 19:05:56.372 562 597 D SystemServerTimingAsync: ssm.onUnlockingUser-0_com.android.server.tare.InternalResourceService
04-16 19:05:56.373 562 597 V SystemServerTimingAsync: ssm.onUnlockingUser-0_com.android.server.tare.InternalResourceService took to complete: 0ms
04-16 19:05:56.383 562 597 D SystemServerTimingAsync: ssm.onUnlockingUser-0_com.android.server.alarm.AlarmManagerService
04-16 19:05:56.397 562 1480 I ActivityManager: Skipping next CPU consuming process, not a java proc: 988
04-16 19:05:56.398 562 1480 I ActivityManager: Skipping next CPU consuming process, not a java proc: 466
04-16 19:05:56.398 562 1480 I ActivityManager: Skipping next CPU consuming process, not a java proc: 1
04-16 19:05:56.398 562 1480 I ActivityManager: Skipping next CPU consuming process, not a java proc: 428
04-16 19:05:56.399 562 1480 I ActivityManager: Skipping next CPU consuming process, not a java proc: 224
04-16 19:05:56.399 562 1480 I ActivityManager: Skipping next CPU consuming process, not a java proc: 393
04-16 19:05:56.400 562 1480 I ActivityManager: Skipping next CPU consuming process, not a java proc: 10
04-16 19:05:56.478 562 597 V SystemServerTimingAsync: ssm.onUnlockingUser-0_com.android.server.alarm.AlarmManagerService took to complete: 0ms
04-16 19:05:56.479 562 597 D SystemServerTimingAsync: ssm.onUnlockingUser-0_com.android.server.devicestate.DeviceStateManagerService
04-16 19:05:56.489 562 597 V SystemServerTimingAsync: ssm.onUnlockingUser-0_com.android.server.devicestate.DeviceStateManagerService took to complete: 0ms
04-16 19:05:56.490 562 597 D SystemServerTimingAsync: ssm.onUnlockingUser-0_com.android.server.camera.CameraServiceProxy
04-16 19:05:56.490 562 597 V SystemServerTimingAsync: ssm.onUnlockingUser-0_com.android.server.camera.CameraServiceProxy took to complete: 0ms
04-16 19:05:56.491 562 597 D SystemServerTimingAsync: ssm.onUnlockingUser-0_com.android.server.bluetooth.BluetoothService
04-16 19:05:56.500 562 586 W Looper : Slow dispatch took 160ms android.ui h=com.android.server.am.ActivityManagerService$UiHandler c=null m=2
04-16 19:05:56.510 562 597 D BluetoothManagerService: User UserHandle{0} unlocked
04-16 19:05:56.511 562 597 V SystemServerTimingAsync: ssm.onUnlockingUser-0_com.android.server.bluetooth.BluetoothService took to complete: 20ms
04-16 19:05:56.522 562 597 D SystemServerTimingAsync: ssm.onUnlockingUser-0_com.android.server.connectivity.IpConnectivityMetrics
04-16 19:05:56.539 562 597 V SystemServerTimingAsync: ssm.onUnlockingUser-0_com.android.server.connectivity.IpConnectivityMetrics took to complete: 0ms
04-16 19:05:56.539 562 597 D SystemServerTimingAsync: ssm.onUnlockingUser-0_com.android.server.net.watchlist.NetworkWatchlistService$Lifecycle
04-16 19:05:56.549 562 597 V SystemServerTimingAsync: ssm.onUnlockingUser-0_com.android.server.net.watchlist.NetworkWatchlistService$Lifecycle took to complete: 0ms
04-16 19:05:56.550 562 597 D SystemServerTimingAsync: ssm.onUnlockingUser-0_com.android.server.PinnerService
04-16 19:05:56.552 1484 1600 I BinaryDictionaryFileDumper: reinitializeClientRecordInDictionaryContentProvider() : Insert DictionaryInfo : Id = 'main:it' : Locale=it : Version=54
04-16 19:05:56.592 562 1480 I ActivityManager: Skipping next CPU consuming process, not a java proc: 368
04-16 19:05:56.593 562 1480 I ActivityManager: Skipping next CPU consuming process, not a java proc: 150
04-16 19:05:56.593 562 1480 I ActivityManager: Skipping next CPU consuming process, not a java proc: 1184
04-16 19:05:56.593 562 1480 I ActivityManager: Skipping next CPU consuming process, not a java proc: 209
04-16 19:05:56.594 562 1480 I ActivityManager: Skipping next CPU consuming process, not a java proc: 24
04-16 19:05:56.594 562 1480 I ActivityManager: Skipping next CPU consuming process, not a java proc: 63
04-16 19:05:56.669 562 1480 I ActivityManager: Skipping next CPU consuming process, not a java proc: 352
04-16 19:05:56.701 562 1480 I ActivityManager: Skipping next CPU consuming process, not a java proc: 1233
04-16 19:05:56.701 562 1480 I ActivityManager: Skipping next CPU consuming process, not a java proc: 1484
04-16 19:05:56.701 562 1480 I ActivityManager: Skipping next CPU consuming process, not a java proc: 204
04-16 19:05:56.701 562 1480 I ActivityManager: Skipping next CPU consuming process, not a java proc: 379
04-16 19:05:56.701 562 1480 I ActivityManager: Skipping next CPU consuming process, not a java proc: 166
04-16 19:05:56.702 562 1480 I ActivityManager: Skipping next CPU consuming process, not a java proc: 14
04-16 19:05:56.702 562 1480 I ActivityManager: Skipping next CPU consuming process, not a java proc: 152
04-16 19:05:56.702 562 1480 I ActivityManager: Skipping next CPU consuming process, not a java proc: 23
04-16 19:05:56.702 562 1480 I ActivityManager: Skipping next CPU consuming process, not a java proc: 215
04-16 19:05:56.702 562 1480 I ActivityManager: Skipping next CPU consuming process, not a java proc: 53
04-16 19:05:56.703 562 1480 I ActivityManager: Skipping next CPU consuming process, not a java proc: 348
04-16 19:05:56.703 562 1480 I ActivityManager: Skipping next CPU consuming process, not a java proc: 87
04-16 19:05:56.703 562 1480 I ActivityManager: Skipping next CPU consuming process, not a java proc: 451
04-16 19:05:56.703 562 1480 I ActivityManager: Skipping next CPU consuming process, not a java proc: 175
04-16 19:05:56.703 562 1480 I ActivityManager: Skipping next CPU consuming process, not a java proc: 1249
04-16 19:05:56.704 562 1480 I ActivityManager: Skipping next CPU consuming process, not a java proc: 203
04-16 19:05:56.722 562 1480 I ActivityManager: Skipping next CPU consuming process, not a java proc: 13
04-16 19:05:56.723 562 1480 I ActivityManager: Skipping next CPU consuming process, not a java proc: 19
04-16 19:05:56.723 562 1480 I ActivityManager: Skipping next CPU consuming process, not a java proc: 28
04-16 19:05:56.723 562 1480 I ActivityManager: Skipping next CPU consuming process, not a java proc: 51
04-16 19:05:56.723 562 1480 I ActivityManager: Skipping next CPU consuming process, not a java proc: 89
04-16 19:05:56.830 562 685 D BluetoothManagerService: MESSAGE_USER_UNLOCKED
04-16 19:05:56.832 562 597 W SystemServiceManager: Service com.android.server.PinnerService took 191 ms in onUnlockingUser-0
04-16 19:05:56.842 562 1480 I ActivityManager: Skipping next CPU consuming process, not a java proc: 16
04-16 19:05:56.842 562 1480 I ActivityManager: Skipping next CPU consuming process, not a java proc: 50
04-16 19:05:56.842 562 1480 I ActivityManager: Skipping next CPU consuming process, not a java proc: 73
04-16 19:05:56.842 562 597 V SystemServerTimingAsync: ssm.onUnlockingUser-0_com.android.server.PinnerService took to complete: 293ms
04-16 19:05:56.843 562 597 D SystemServerTimingAsync: ssm.onUnlockingUser-0_com.android.server.integrity.AppIntegrityManagerService
04-16 19:05:56.843 562 597 V SystemServerTimingAsync: ssm.onUnlockingUser-0_com.android.server.integrity.AppIntegrityManagerService took to complete: 0ms
04-16 19:05:56.873 562 1480 I ActivityManager: Skipping next CPU consuming process, not a java proc: 90
04-16 19:05:56.873 562 1480 I ActivityManager: Skipping next CPU consuming process, not a java proc: 349
04-16 19:05:56.874 562 1480 I ActivityManager: Skipping next CPU consuming process, not a java proc: 2
04-16 19:05:56.874 562 1480 I ActivityManager: Skipping next CPU consuming process, not a java proc: 20
04-16 19:05:56.874 562 1480 I ActivityManager: Skipping next CPU consuming process, not a java proc: 33
04-16 19:05:56.874 562 1480 I ActivityManager: Skipping next CPU consuming process, not a java proc: 46
04-16 19:05:56.874 562 1480 I ActivityManager: Skipping next CPU consuming process, not a java proc: 153
04-16 19:05:56.874 562 1480 I ActivityManager: Skipping next CPU consuming process, not a java proc: 155
04-16 19:05:56.874 562 1480 I ActivityManager: Skipping next CPU consuming process, not a java proc: 163
04-16 19:05:56.874 562 1480 I ActivityManager: Skipping next CPU consuming process, not a java proc: 370
04-16 19:05:56.874 562 1480 I ActivityManager: Skipping next CPU consuming process, not a java proc: 471
04-16 19:05:56.874 562 1480 I ActivityManager: Skipping next CPU consuming process, not a java proc: 1324
04-16 19:05:56.884 562 597 D SystemServerTimingAsync: ssm.onUnlockingUser-0_com.android.server.logcat.LogcatManagerService
04-16 19:05:56.885 562 597 V SystemServerTimingAsync: ssm.onUnlockingUser-0_com.android.server.logcat.LogcatManagerService took to complete: 0ms
04-16 19:05:56.885 562 597 D SystemServerTimingAsync: ssm.onUnlockingUser-0_com.android.server.inputmethod.InputMethodManagerService$Lifecycle
04-16 19:05:56.885 562 597 V SystemServerTimingAsync: ssm.onUnlockingUser-0_com.android.server.inputmethod.InputMethodManagerService$Lifecycle took to complete: 1ms
04-16 19:05:56.886 562 597 D SystemServerTimingAsync: ssm.onUnlockingUser-0_com.android.server.accessibility.AccessibilityManagerService$Lifecycle
04-16 19:05:56.886 562 597 V SystemServerTimingAsync: ssm.onUnlockingUser-0_com.android.server.accessibility.AccessibilityManagerService$Lifecycle took to complete: 0ms
04-16 19:05:56.886 562 597 D SystemServerTimingAsync: ssm.onUnlockingUser-0_com.android.server.StorageManagerService$Lifecycle
04-16 19:05:56.886 562 597 D StorageManagerService: onUnlockUser 0
04-16 19:05:56.886 562 597 I StorageSessionController: On user unlock 0
04-16 19:05:56.887 562 597 I StorageSessionController: Initialialising...
04-16 19:05:56.889 562 685 D BluetoothManagerService: Enabled but not bound; retrying after unlock
04-16 19:05:56.890 562 685 D BluetoothManagerService: binding Bluetooth service
04-16 19:05:56.906 1217 1217 D BluetoothAdapterService: onUnbind() - calling cleanup
04-16 19:05:56.907 1217 1217 D BluetoothAdapterService: cleanup()
04-16 19:05:56.907 562 1480 I ActivityManager: Skipping next CPU consuming process, not a java proc: 1542
04-16 19:05:56.941 562 1480 I ActivityManager: Skipping next CPU consuming process, not a java proc: 1553
04-16 19:05:56.942 562 1480 I ActivityManager: Skipping next CPU consuming process, not a java proc: 1624
04-16 19:05:56.954 1217 1217 I BluetoothMetricsLogger: drainBufferedCounters().
04-16 19:05:56.996 166 166 I vold : onUserStarted: 0
04-16 19:05:57.146 562 597 W SystemServiceManager: Service com.android.server.StorageManagerService$Lifecycle took 260 ms in onUnlockingUser-0
04-16 19:05:57.147 562 597 V SystemServerTimingAsync: ssm.onUnlockingUser-0_com.android.server.StorageManagerService$Lifecycle took to complete: 261ms
04-16 19:05:57.147 562 597 D SystemServerTimingAsync: ssm.onUnlockingUser-0_com.android.server.usage.StorageStatsService$Lifecycle
04-16 19:05:57.147 562 597 V SystemServerTimingAsync: ssm.onUnlockingUser-0_com.android.server.usage.StorageStatsService$Lifecycle took to complete: 0ms
04-16 19:05:57.147 562 597 D SystemServerTimingAsync: ssm.onUnlockingUser-0_com.android.server.UiModeManagerService
