04-16 19:04:26.434 562 562 V SystemServerTiming: OnBootPhase_500_com.android.server.adb.AdbService$Lifecycle took to complete: 0ms
04-16 19:04:26.434 562 562 D SystemServerTiming: OnBootPhase_500_com.android.server.usb.UsbService$Lifecycle
04-16 19:04:26.434 562 562 V SystemServerTiming: OnBootPhase_500_com.android.server.usb.UsbService$Lifecycle took to complete: 0ms
04-16 19:04:26.434 562 562 D SystemServerTiming: OnBootPhase_500_com.android.server.twilight.TwilightService
04-16 19:04:26.434 562 562 V SystemServerTiming: OnBootPhase_500_com.android.server.twilight.TwilightService took to complete: 0ms
04-16 19:04:26.434 562 562 D SystemServerTiming: OnBootPhase_500_com.android.server.display.color.ColorDisplayService
04-16 19:04:26.434 562 562 V SystemServerTiming: OnBootPhase_500_com.android.server.display.color.ColorDisplayService took to complete: 0ms
04-16 19:04:26.434 562 562 D SystemServerTiming: OnBootPhase_500_com.android.server.job.JobSchedulerService
04-16 19:04:26.502 562 900 D WifiController: isAirplaneModeOn = false, isWifiEnabled = true, isScanningAvailable = true, isLocationModeActive = true, isSatelliteModeOn = false
04-16 19:04:26.503 562 900 D WifiActiveModeWarden: Starting primary ClientModeManager in connect mode
04-16 19:04:26.543 0 0 I servicemanager: Found android.hardware.wifi.IWifi/default in device VINTF manifest.
04-16 19:04:26.540 562 900 I WifiHalAidlImpl: Obtained the IWifi binder. Local Version: 1
04-16 19:04:26.566 562 562 V HistoricalRegistry: Interaction before persistence initialized
04-16 19:04:26.574 562 562 W SystemServiceManager: Service com.android.server.job.JobSchedulerService took 140 ms in onBootPhase
04-16 19:04:26.574 562 562 V SystemServerTiming: OnBootPhase_500_com.android.server.job.JobSchedulerService took to complete: 139ms
04-16 19:04:26.574 562 562 D SystemServerTiming: OnBootPhase_500_com.android.server.soundtrigger.SoundTriggerService
04-16 19:04:26.575 562 562 D SoundTriggerService: onBootPhase: 500 : false
04-16 19:04:26.579 562 900 I WifiHalAidlImpl: Remote Version: 1
04-16 19:04:26.588 562 562 V SystemServerTiming: OnBootPhase_500_com.android.server.soundtrigger.SoundTriggerService took to complete: 13ms
04-16 19:04:26.589 562 562 D SystemServerTiming: OnBootPhase_500_com.android.server.trust.TrustManagerService
04-16 19:04:26.602 562 900 I WifiHalAidlImpl: Initialization is complete
04-16 19:04:26.610 371 390 W android.hardware.wifi-service: Duplicate death notification registration
04-16 19:04:26.615 562 900 D WifiNl80211Manager: tearing down interfaces in wificond
04-16 19:04:26.640 562 900 D WifiAdaptConnObserver: Adaptive connectivity status initialized to: true
04-16 19:04:26.642 562 900 D WifiController: EnabledState.enter()
04-16 19:04:26.643 562 900 D WifiClientModeManager[248595:unknown]: entering IdleState
04-16 19:04:26.657 562 900 W FileUtils: Failed to chmod(/data/misc/apexdata/com.android.wifi/WifiConfigStore.xml, 384):
04-16 19:04:26.657 562 900 W FileUtils: android.system.ErrnoException: chmod failed: ENOENT (No such file or directory)
04-16 19:04:26.657 562 900 W FileUtils: at libcore.io.Linux.chmod(Native Method)
04-16 19:04:26.657 562 900 W FileUtils: at libcore.io.ForwardingOs.chmod(ForwardingOs.java:165)
04-16 19:04:26.657 562 900 W FileUtils: at libcore.io.BlockGuardOs.chmod(BlockGuardOs.java:83)
04-16 19:04:26.657 562 900 W FileUtils: at android.system.Os.chmod(Os.java:119)
04-16 19:04:26.657 562 900 W FileUtils: at com.android.server.wifi.util.FileUtils.chmod(FileUtils.java:44)
04-16 19:04:26.657 562 900 W FileUtils: at com.android.server.wifi.WifiConfigStore$StoreFile.writeBufferedRawData(WifiConfigStore.java:941)
04-16 19:04:26.657 562 900 W FileUtils: at com.android.server.wifi.WifiConfigStore.writeBufferedData(WifiConfigStore.java:506)
04-16 19:04:26.657 562 900 W FileUtils: at com.android.server.wifi.WifiConfigStore.write(WifiConfigStore.java:430)
04-16 19:04:26.657 562 900 W FileUtils: at com.android.server.wifi.WifiConfigManager.saveToStore(WifiConfigManager.java:3688)
04-16 19:04:26.657 562 900 W FileUtils: at com.android.server.wifi.WifiSettingsConfigStore.lambda$triggerSaveToStoreAndInvokeAllListeners$1(WifiSettingsConfigStore.java:253)
04-16 19:04:26.657 562 900 W FileUtils: at com.android.server.wifi.WifiSettingsConfigStore.$r8$lambda$RgVMOoSeRTFMZVvRnH2K_mlfH0M(WifiSettingsConfigStore.java:0)
04-16 19:04:26.657 562 900 W FileUtils: at com.android.server.wifi.WifiSettingsConfigStore$$ExternalSyntheticLambda3.run(R8$$SyntheticClass:0)
04-16 19:04:26.657 562 900 W FileUtils: at android.os.Handler.handleCallback(Handler.java:958)
04-16 19:04:26.657 562 900 W FileUtils: at android.os.Handler.dispatchMessage(Handler.java:99)
04-16 19:04:26.657 562 900 W FileUtils: at com.android.server.wifi.RunnerHandler.dispatchMessage(RunnerHandler.java:122)
04-16 19:04:26.657 562 900 W FileUtils: at android.os.Looper.loopOnce(Looper.java:205)
04-16 19:04:26.657 562 900 W FileUtils: at android.os.Looper.loop(Looper.java:294)
04-16 19:04:26.657 562 900 W FileUtils: at android.os.HandlerThread.run(HandlerThread.java:67)
04-16 19:04:26.685 562 900 D WifiConfigStore: Writing to stores completed in 35 ms.
04-16 19:04:26.693 562 902 I WifiContext: Got resolveInfos for com.android.server.wifi.intent.action.SERVICE_WIFI_RESOURCES_APK: [ResolveInfo{d008e85 com.android.wifi.resources/android.app.Activity m=0x108000 userHandle=UserHandle{0}}]
04-16 19:04:26.694 562 902 I WifiContext: Found Wifi Resources APK at: com.android.wifi.resources
04-16 19:04:26.719 562 900 I WifiHalAidlImpl: Service is already initialized
04-16 19:04:26.727 0 0 I servicemanager: Found android.hardware.wifi.IWifi/default in device VINTF manifest.
04-16 19:04:26.761 371 390 I android.hardware.wifi-service: Wifi HAL started
04-16 19:04:26.795 562 562 W SystemServiceManager: Service com.android.server.trust.TrustManagerService took 206 ms in onBootPhase
04-16 19:04:26.795 562 562 V SystemServerTiming: OnBootPhase_500_com.android.server.trust.TrustManagerService took to complete: 206ms
04-16 19:04:26.795 562 562 D SystemServerTiming: OnBootPhase_500_com.android.server.backup.BackupManagerService$Lifecycle
04-16 19:04:26.795 562 562 V SystemServerTiming: OnBootPhase_500_com.android.server.backup.BackupManagerService$Lifecycle took to complete: 0ms
04-16 19:04:26.795 562 562 D SystemServerTiming: OnBootPhase_500_com.android.server.appwidget.AppWidgetService
04-16 19:04:26.812 562 562 V SystemServerTiming: OnBootPhase_500_com.android.server.appwidget.AppWidgetService took to complete: 16ms
04-16 19:04:26.812 562 562 D SystemServerTiming: OnBootPhase_500_com.android.server.voiceinteraction.VoiceInteractionManagerService
04-16 19:04:26.812 562 562 V SystemServerTiming: OnBootPhase_500_com.android.server.voiceinteraction.VoiceInteractionManagerService took to complete: 0ms
04-16 19:04:26.812 562 562 D SystemServerTiming: OnBootPhase_500_com.android.server.GestureLauncherService
04-16 19:04:26.813 562 562 V SystemServerTiming: OnBootPhase_500_com.android.server.GestureLauncherService took to complete: 0ms
04-16 19:04:26.813 562 562 D SystemServerTiming: OnBootPhase_500_com.android.server.SensorNotificationService
04-16 19:04:26.813 562 562 V SystemServerTiming: OnBootPhase_500_com.android.server.SensorNotificationService took to complete: 0ms
04-16 19:04:26.813 562 562 D SystemServerTiming: OnBootPhase_500_com.android.server.emergency.EmergencyAffordanceService
04-16 19:04:26.813 562 562 V SystemServerTiming: OnBootPhase_500_com.android.server.emergency.EmergencyAffordanceService took to complete: 0ms
04-16 19:04:26.813 562 562 D SystemServerTiming: OnBootPhase_500_com.android.server.blob.BlobStoreManagerService
04-16 19:04:26.813 562 562 V SystemServerTiming: OnBootPhase_500_com.android.server.blob.BlobStoreManagerService took to complete: 0ms
04-16 19:04:26.813 562 562 D SystemServerTiming: OnBootPhase_500_com.android.server.dreams.DreamManagerService
04-16 19:04:26.813 562 562 V SystemServerTiming: OnBootPhase_500_com.android.server.dreams.DreamManagerService took to complete: 0ms
04-16 19:04:26.813 562 562 D SystemServerTiming: OnBootPhase_500_com.android.server.print.PrintManagerService
04-16 19:04:26.813 562 562 V SystemServerTiming: OnBootPhase_500_com.android.server.print.PrintManagerService took to complete: 0ms
04-16 19:04:26.814 562 562 D SystemServerTiming: OnBootPhase_500_com.android.server.security.AttestationVerificationManagerService
04-16 19:04:26.814 562 562 V SystemServerTiming: OnBootPhase_500_com.android.server.security.AttestationVerificationManagerService took to complete: 0ms
04-16 19:04:26.814 562 562 D SystemServerTiming: OnBootPhase_500_com.android.server.companion.CompanionDeviceManagerService
04-16 19:04:26.821 562 562 D BluetoothAdapter: registerBluetoothConnectionCallback()
04-16 19:04:26.822 562 562 D BluetoothAdapter: isLeEnabled(): OFF
04-16 19:04:26.823 562 562 V SystemServerTiming: OnBootPhase_500_com.android.server.companion.CompanionDeviceManagerService took to complete: 9ms
04-16 19:04:26.823 562 562 D SystemServerTiming: OnBootPhase_500_com.android.server.companion.virtual.VirtualDeviceManagerService
04-16 19:04:26.823 562 562 V SystemServerTiming: OnBootPhase_500_com.android.server.companion.virtual.VirtualDeviceManagerService took to complete: 0ms
04-16 19:04:26.823 562 562 D SystemServerTiming: OnBootPhase_500_com.android.server.restrictions.RestrictionsManagerService
04-16 19:04:26.823 562 562 V SystemServerTiming: OnBootPhase_500_com.android.server.restrictions.RestrictionsManagerService took to complete: 0ms
04-16 19:04:26.823 562 562 D SystemServerTiming: OnBootPhase_500_com.android.server.media.MediaSessionService
04-16 19:04:26.823 562 562 V SystemServerTiming: OnBootPhase_500_com.android.server.media.MediaSessionService took to complete: 0ms
04-16 19:04:26.823 562 562 D SystemServerTiming: OnBootPhase_500_com.android.server.media.MediaResourceMonitorService
04-16 19:04:26.831 562 562 V SystemServerTiming: OnBootPhase_500_com.android.server.media.MediaResourceMonitorService took to complete: 0ms
04-16 19:04:26.836 562 562 D SystemServerTiming: OnBootPhase_500_com.android.server.biometrics.sensors.face.FaceService
04-16 19:04:26.836 562 562 V SystemServerTiming: OnBootPhase_500_com.android.server.biometrics.sensors.face.FaceService took to complete: 0ms
04-16 19:04:26.836 562 562 D SystemServerTiming: OnBootPhase_500_com.android.server.biometrics.sensors.fingerprint.FingerprintService
04-16 19:04:26.836 562 562 V SystemServerTiming: OnBootPhase_500_com.android.server.biometrics.sensors.fingerprint.FingerprintService took to complete: 0ms
04-16 19:04:26.836 562 562 D SystemServerTiming: OnBootPhase_500_com.android.server.biometrics.BiometricService
04-16 19:04:26.836 562 562 V SystemServerTiming: OnBootPhase_500_com.android.server.biometrics.BiometricService took to complete: 0ms
04-16 19:04:26.837 562 562 D SystemServerTiming: OnBootPhase_500_com.android.server.biometrics.AuthService
04-16 19:04:26.837 562 562 V SystemServerTiming: OnBootPhase_500_com.android.server.biometrics.AuthService took to complete: 0ms
04-16 19:04:26.837 562 562 D SystemServerTiming: OnBootPhase_500_com.android.server.pm.ShortcutService$Lifecycle
04-16 19:04:26.837 562 562 V SystemServerTiming: OnBootPhase_500_com.android.server.pm.ShortcutService$Lifecycle took to complete: 0ms
04-16 19:04:26.837 562 562 D SystemServerTiming: OnBootPhase_500_com.android.server.pm.LauncherAppsService
04-16 19:04:26.837 562 562 V SystemServerTiming: OnBootPhase_500_com.android.server.pm.LauncherAppsService took to complete: 0ms
04-16 19:04:26.837 562 562 D SystemServerTiming: OnBootPhase_500_com.android.server.pm.CrossProfileAppsService
04-16 19:04:26.837 562 562 V SystemServerTiming: OnBootPhase_500_com.android.server.pm.CrossProfileAppsService took to complete: 0ms
04-16 19:04:26.837 562 562 D SystemServerTiming: OnBootPhase_500_com.android.server.people.PeopleService
04-16 19:04:26.839 562 562 V SystemServerTiming: OnBootPhase_500_com.android.server.people.PeopleService took to complete: 2ms
04-16 19:04:26.846 562 562 D SystemServerTiming: OnBootPhase_500_com.android.server.media.metrics.MediaMetricsManagerService
04-16 19:04:26.846 562 562 V SystemServerTiming: OnBootPhase_500_com.android.server.media.metrics.MediaMetricsManagerService took to complete: 0ms
04-16 19:04:26.846 562 562 D SystemServerTiming: OnBootPhase_500_com.android.server.pm.BackgroundInstallControlService
04-16 19:04:26.846 562 562 V SystemServerTiming: OnBootPhase_500_com.android.server.pm.BackgroundInstallControlService took to complete: 0ms
04-16 19:04:26.846 562 562 D SystemServerTiming: OnBootPhase_500_com.android.server.media.projection.MediaProjectionManagerService
04-16 19:04:26.846 562 562 V SystemServerTiming: OnBootPhase_500_com.android.server.media.projection.MediaProjectionManagerService took to complete: 0ms
04-16 19:04:26.847 562 562 D SystemServerTiming: OnBootPhase_500_com.android.server.slice.SliceManagerService$Lifecycle
04-16 19:04:26.847 562 562 V SystemServerTiming: OnBootPhase_500_com.android.server.slice.SliceManagerService$Lifecycle took to complete: 0ms
04-16 19:04:26.847 562 562 D SystemServerTiming: OnBootPhase_500_com.android.server.stats.StatsCompanion$Lifecycle
04-16 19:04:26.847 562 562 V SystemServerTiming: OnBootPhase_500_com.android.server.stats.StatsCompanion$Lifecycle took to complete: 0ms
04-16 19:04:26.847 562 562 D SystemServerTiming: OnBootPhase_500_com.android.server.scheduling.RebootReadinessManagerService$Lifecycle
04-16 19:04:26.847 562 562 V SystemServerTiming: OnBootPhase_500_com.android.server.scheduling.RebootReadinessManagerService$Lifecycle took to complete: 0ms
04-16 19:04:26.847 562 562 D SystemServerTiming: OnBootPhase_500_com.android.server.stats.pull.StatsPullAtomService
04-16 19:04:26.855 562 562 V SystemServerTiming: OnBootPhase_500_com.android.server.stats.pull.StatsPullAtomService took to complete: 8ms
04-16 19:04:26.855 562 562 D SystemServerTiming: OnBootPhase_500_com.android.server.stats.bootstrap.StatsBootstrapAtomService$Lifecycle
04-16 19:04:26.855 562 562 V SystemServerTiming: OnBootPhase_500_com.android.server.stats.bootstrap.StatsBootstrapAtomService$Lifecycle took to complete: 0ms
04-16 19:04:26.855 562 562 D SystemServerTiming: OnBootPhase_500_com.android.server.incident.IncidentCompanionService
04-16 19:04:26.855 562 562 V SystemServerTiming: OnBootPhase_500_com.android.server.incident.IncidentCompanionService took to complete: 0ms
04-16 19:04:26.855 562 562 D SystemServerTiming: OnBootPhase_500_com.android.server.sdksandbox.SdkSandboxManagerService$Lifecycle
04-16 19:04:26.872 562 562 V SystemServerTiming: OnBootPhase_500_com.android.server.sdksandbox.SdkSandboxManagerService$Lifecycle took to complete: 0ms
04-16 19:04:26.872 562 562 D SystemServerTiming: OnBootPhase_500_com.android.server.adservices.AdServicesManagerService$Lifecycle
04-16 19:04:26.872 562 562 V SystemServerTiming: OnBootPhase_500_com.android.server.adservices.AdServicesManagerService$Lifecycle took to complete: 0ms
04-16 19:04:26.872 562 562 D SystemServerTiming: OnBootPhase_500_com.android.server.ondevicepersonalization.OnDevicePersonalizationSystemService$Lifecycle
04-16 19:04:26.873 562 562 V SystemServerTiming: OnBootPhase_500_com.android.server.ondevicepersonalization.OnDevicePersonalizationSystemService$Lifecycle took to complete: 0ms
04-16 19:04:26.873 562 562 D SystemServerTiming: OnBootPhase_500_com.android.server.MmsServiceBroker
04-16 19:04:26.873 562 562 V SystemServerTiming: OnBootPhase_500_com.android.server.MmsServiceBroker took to complete: 0ms
04-16 19:04:26.873 562 562 D SystemServerTiming: OnBootPhase_500_com.android.server.autofill.AutofillManagerService
04-16 19:04:26.873 562 562 V SystemServerTiming: OnBootPhase_500_com.android.server.autofill.AutofillManagerService took to complete: 0ms
04-16 19:04:26.873 562 562 D SystemServerTiming: OnBootPhase_500_com.android.server.credentials.CredentialManagerService
04-16 19:04:26.873 562 562 V SystemServerTiming: OnBootPhase_500_com.android.server.credentials.CredentialManagerService took to complete: 0ms
04-16 19:04:26.873 562 562 D SystemServerTiming: OnBootPhase_500_com.android.server.selectiontoolbar.SelectionToolbarManagerService
04-16 19:04:26.873 562 562 V SystemServerTiming: OnBootPhase_500_com.android.server.selectiontoolbar.SelectionToolbarManagerService took to complete: 0ms
04-16 19:04:26.873 562 562 D SystemServerTiming: OnBootPhase_500_com.android.server.clipboard.ClipboardService
04-16 19:04:26.874 562 562 V SystemServerTiming: OnBootPhase_500_com.android.server.clipboard.ClipboardService took to complete: 0ms
04-16 19:04:26.874 562 562 D SystemServerTiming: OnBootPhase_500_com.android.server.appbinding.AppBindingService$Lifecycle
04-16 19:04:26.874 562 562 V SystemServerTiming: OnBootPhase_500_com.android.server.appbinding.AppBindingService$Lifecycle took to complete: 0ms
04-16 19:04:26.874 562 562 D SystemServerTiming: OnBootPhase_500_com.android.server.tracing.TracingServiceProxy
04-16 19:04:26.874 562 562 V SystemServerTiming: OnBootPhase_500_com.android.server.tracing.TracingServiceProxy took to complete: 0ms
04-16 19:04:26.874 562 562 V SystemServerTiming: OnBootPhase_500 took to complete: 1328ms
04-16 19:04:26.874 562 562 V SystemServerTiming: StartBootPhaseSystemServicesReady took to complete: 1328ms
04-16 19:04:26.874 562 562 D SystemServerTiming: MakeWindowManagerServiceReady
04-16 19:04:26.880 562 900 E WifiChipAidlImpl: getMode failed with service-specific exception: android.os.ServiceSpecificException: (code 5)
04-16 19:04:26.888 371 390 W android.hardware.wifi-service: No active wlan interfaces in use! Using default
04-16 19:04:26.889 371 390 E android.hardware.wifi-service: Unknown iface name: wlan0
04-16 19:04:26.889 371 390 E android.hardware.wifi-service: Unknown iface name: wlan0
04-16 19:04:26.914 562 562 V SystemServerTiming: MakeWindowManagerServiceReady took to complete: 39ms
04-16 19:04:26.914 562 562 D SystemServerTiming: RegisterLogMteState
04-16 19:04:26.918 562 562 V SystemServerTiming: RegisterLogMteState took to complete: 4ms
04-16 19:04:26.942 562 562 D SystemServerTiming: StartPermissionPolicyService
04-16 19:04:26.943 562 562 I SystemServiceManager: Starting com.android.server.policy.PermissionPolicyService
04-16 19:04:26.980 562 900 I WifiVendorHal: Vendor Hal started successfully
04-16 19:04:27.003 562 562 W SystemServiceManager: Service com.android.server.policy.PermissionPolicyService took 53 ms in onStart
04-16 19:04:27.005 562 562 V SystemServerTiming: StartPermissionPolicyService took to complete: 63ms
04-16 19:04:27.006 562 562 D SystemServerTiming: MakePackageManagerServiceReady
04-16 19:04:27.019 0 0 I servicemanager: Found android.hardware.wifi.IWifi/default in device VINTF manifest.
04-16 19:04:27.020 0 0 I servicemanager: Found android.hardware.health.IHealth/default in device VINTF manifest.
04-16 19:04:27.049 562 596 I HealthServiceWrapperAidl: health: HealthServiceWrapper listening to AIDL HAL
04-16 19:04:27.054 562 900 E WifiChipAidlImpl: getMode failed with service-specific exception: android.os.ServiceSpecificException: (code 5)
04-16 19:04:27.059 371 390 W android.hardware.wifi-service: No active wlan interfaces in use! Using default
04-16 19:04:27.063 562 596 D StatsPullAtomService: Registering pullers with statsd
04-16 19:04:27.064 371 390 E android.hardware.wifi-service: Unknown iface name: wlan0
04-16 19:04:27.064 371 390 E android.hardware.wifi-service: Unknown iface name: wlan0
04-16 19:04:27.081 562 900 I HalDevMgr: currentModeId=0, requestModeId=0, currentModeIdValid=false
04-16 19:04:27.101 562 907 D ConnectivityService: NetReassign [no changes] [c 0] [a 0] [i 0]
04-16 19:04:27.103 562 562 V HistoricalRegistry: Interaction before persistence initialized
04-16 19:04:27.105 371 390 I android.hardware.wifi-service: Adding interface handle for wlan0
04-16 19:04:27.106 371 390 W android.hardware.wifi-service: No active wlan interfaces in use! Using default
04-16 19:04:27.106 371 390 E android.hardware.wifi-service: Failed to register radio mode change callback
04-16 19:04:27.106 371 390 W android.hardware.wifi-service: No active wlan interfaces in use! Using default
04-16 19:04:27.112 562 596 I StatsPullAtomService: register thermal listener successfully
04-16 19:04:27.120 371 390 E android.hardware.wifi-service: Failed to get SupportedIfaceCombinations matrix from legacy HAL: NOT_SUPPORTED
04-16 19:04:27.121 371 390 I android.hardware.wifi-service: Configured chip in mode 0
04-16 19:04:27.121 371 390 W android.hardware.wifi-service: No active wlan interfaces in use! Using default
04-16 19:04:27.125 562 562 V HistoricalRegistry: Interaction before persistence initialized
04-16 19:04:27.138 371 390 W android.hardware.wifi-service: No active wlan interfaces in use! Using default
04-16 19:04:27.161 371 390 I android.hardware.wifi-service: Adding interface handle for wlan0
04-16 19:04:27.162 371 390 E android.hardware.wifi-service: Failed to set DFS flag; DFS channels may be unavailable.
04-16 19:04:27.174 562 900 D HalDevMgr: updateRttController: no one is interested in RTT controllers
04-16 19:04:27.183 562 562 V UserDataPreparer: Found /data/user_de/0 with serial number -1
04-16 19:04:27.183 562 562 D UserDataPreparer: Serial number missing on /data/user_de/0; assuming current is valid
04-16 19:04:27.190 562 562 V UserDataPreparer: Found /data/user/0 with serial number -1
04-16 19:04:27.190 562 562 D UserDataPreparer: Serial number missing on /data/user/0; assuming current is valid
04-16 19:04:27.191 562 562 V UserDataPreparer: Found /data/system_de/0 with serial number -1
04-16 19:04:27.191 562 562 D UserDataPreparer: Serial number missing on /data/system_de/0; assuming current is valid
04-16 19:04:27.197 562 562 I PermissionManager: Permission ownership changed. Updating all permissions.
04-16 19:04:27.203 562 562 W PermissionManager: Package com.android.adservices.api is an APK in APEX, but has permission allowlist on the system image. Please bundle the allowlist in the com.android.adservices APEX instead.
04-16 19:04:27.212 371 390 E android.hardware.wifi-service: Failed to get chip capabilities from legacy HAL: NOT_SUPPORTED
04-16 19:04:27.214 562 900 E WifiChipAidlImpl: getWifiChipCapabilities failed with service-specific exception: android.os.ServiceSpecificException: (code 4)
04-16 19:04:27.219 562 900 D WifiNl80211Manager: Setting up interface for client mode: wlan0
04-16 19:04:27.250 472 472 I wificond: createClientInterface: wiphy_index 1 iface_name wlan0
04-16 19:04:27.287 472 472 I wificond: create scanner for interface with index: 16
04-16 19:04:27.292 472 472 I wificond: subscribe scan result for interface with index: 16
04-16 19:04:27.307 472 472 I wificond: add channel type 0 support at wiphy index: 1
04-16 19:04:27.308 472 472 I wificond: add channel type 1 support at wiphy index: 1
04-16 19:04:27.342 349 420 I netd : interfaceGetCfg(wlan0) -> {InterfaceConfigurationParcel{ifName: wlan0, hwAddr: 02:15:b2:00:00:00, ipv4Addr: 0.0.0.0, prefixLength: 0, flags: [up, broadcast, multicast]}} <13.72ms>
04-16 19:04:27.358 562 900 I WifiNative: Interface state changed on Iface:{Name=wlan0,Id=0,Type=STA_SCAN}, isUp=true
04-16 19:04:27.361 562 900 I WifiNative: Successfully setup Iface:{Name=wlan0,Id=0,Type=STA_SCAN}
04-16 19:04:27.362 562 900 E SupplicantStaIfaceHalAidlImpl: Can't call getKeyMgmtCapabilities, ISupplicantStaIface is null for iface=wlan0
04-16 19:04:27.374 0 0 I servicemanager: Found android.hardware.wifi.IWifi/default in device VINTF manifest.
04-16 19:04:27.401 371 390 E android.hardware.wifi-service: Failed to get SupportedRadioCombinations matrix from legacy HAL: NOT_SUPPORTED
04-16 19:04:27.405 562 900 E WifiChipAidlImpl: getSupportedRadioCombinations failed with service-specific exception: android.os.ServiceSpecificException: (code 4)
04-16 19:04:27.406 562 900 E SupplicantStaIfaceHalAidlImpl: Can't call getWpaDriverCapabilities, ISupplicantStaIface is null for iface=wlan0
04-16 19:04:27.414 562 900 E WifiChipAidlImpl: getUsableChannels failed with service-specific exception: android.os.ServiceSpecificException: (code 4)
04-16 19:04:27.461 562 900 E WifiChipAidlImpl: enableStaChannelForPeerNetwork failed with service-specific exception: android.os.ServiceSpecificException: (code 4)
04-16 19:04:27.462 562 900 D WifiNative: setWifiNativeInterfaceEventCallback
04-16 19:04:27.463 562 900 D WifiClientModeManager[248595:wlan0]: entering StartedState
04-16 19:04:27.466 349 420 I netd : interfaceGetCfg(wlan0) -> {InterfaceConfigurationParcel{ifName: wlan0, hwAddr: 02:15:b2:00:00:00, ipv4Addr: 0.0.0.0, prefixLength: 0, flags: [up, broadcast, multicast]}} <1.05ms>
04-16 19:04:27.469 562 562 W PermissionManager: Package com.android.providers.media.module is an APK in APEX, but has permission allowlist on the system image. Please bundle the allowlist in the com.android.mediaprovider APEX instead.
04-16 19:04:27.469 562 562 W PermissionManager: Package com.android.providers.media.module is an APK in APEX, but has permission allowlist on the system image. Please bundle the allowlist in the com.android.mediaprovider APEX instead.
04-16 19:04:27.470 562 562 W PermissionManager: Package com.android.providers.media.module is an APK in APEX, but has permission allowlist on the system image. Please bundle the allowlist in the com.android.mediaprovider APEX instead.
04-16 19:04:27.470 562 562 W PermissionManager: Package com.android.providers.media.module is an APK in APEX, but has permission allowlist on the system image. Please bundle the allowlist in the com.android.mediaprovider APEX instead.
04-16 19:04:27.470 562 562 W PermissionManager: Package com.android.providers.media.module is an APK in APEX, but has permission allowlist on the system image. Please bundle the allowlist in the com.android.mediaprovider APEX instead.
04-16 19:04:27.470 562 562 W PermissionManager: Package com.android.providers.media.module is an APK in APEX, but has permission allowlist on the system image. Please bundle the allowlist in the com.android.mediaprovider APEX instead.
04-16 19:04:27.471 562 562 W PermissionManager: Package com.android.providers.media.module is an APK in APEX, but has permission allowlist on the system image. Please bundle the allowlist in the com.android.mediaprovider APEX instead.
04-16 19:04:27.471 562 562 W PermissionManager: Package com.android.providers.media.module is an APK in APEX, but has permission allowlist on the system image. Please bundle the allowlist in the com.android.mediaprovider APEX instead.
04-16 19:04:27.471 562 562 W PermissionManager: Package com.android.providers.media.module is an APK in APEX, but has permission allowlist on the system image. Please bundle the allowlist in the com.android.mediaprovider APEX instead.
04-16 19:04:27.471 562 562 W PermissionManager: Package com.android.providers.media.module is an APK in APEX, but has permission allowlist on the system image. Please bundle the allowlist in the com.android.mediaprovider APEX instead.
04-16 19:04:27.476 562 562 W PermissionManager: Package com.android.providers.media.module is an APK in APEX, but has permission allowlist on the system image. Please bundle the allowlist in the com.android.mediaprovider APEX instead.
04-16 19:04:27.476 562 562 W PermissionManager: Package com.android.providers.media.module is an APK in APEX, but has permission allowlist on the system image. Please bundle the allowlist in the com.android.mediaprovider APEX instead.
04-16 19:04:27.477 562 562 W PermissionManager: Package com.android.providers.media.module is an APK in APEX, but has permission allowlist on the system image. Please bundle the allowlist in the com.android.mediaprovider APEX instead.
04-16 19:04:27.522 562 900 D WifiConfigStore: Writing to stores completed in 36 ms.
04-16 19:04:27.526 562 562 I DefaultPermGrantPolicy: Granting permissions to platform components for user 0
04-16 19:04:27.550 562 900 I SupplicantStaIfaceHalAidlImpl: Clearing internal state
04-16 19:04:27.549 0 0 I servicemanager: Found android.hardware.wifi.IWifi/default in device VINTF manifest.
04-16 19:04:27.558 0 0 I servicemanager: Found android.hardware.wifi.supplicant.ISupplicant/default in device VINTF manifest.
04-16 19:04:27.566 0 0 I servicemanager: Found android.hardware.wifi.supplicant.ISupplicant/default in device VINTF manifest.
04-16 19:04:27.570 0 0 I servicemanager: Since 'android.hardware.wifi.supplicant.ISupplicant/default' could not be found, trying to start it as a lazy AIDL service. (if it's not configured to be a lazy service, it may be stuck starting or still starting).
04-16 19:04:27.580 0 0 I init : starting service 'wpa_supplicant'...
04-16 19:04:27.596 0 0 I init : Created socket '/dev/socket/wpa_wlan0', mode 660, user 1010, group 1010
04-16 19:04:27.623 562 562 W DefaultPermGrantPolicy: Permission not found: com.google.android.googleapps.permission.GOOGLE_AUTH
04-16 19:04:27.626 562 562 W DefaultPermGrantPolicy: Permission not found: com.android.launcher.permission.READ_SETTINGS
04-16 19:04:27.626 562 562 W DefaultPermGrantPolicy: Permission not found: com.android.launcher.permission.WRITE_SETTINGS
04-16 19:04:27.632 562 562 W DefaultPermGrantPolicy: Permission not found: com.android.smspush.WAPPUSH_MANAGER_BIND
04-16 19:04:27.640 562 562 W DefaultPermGrantPolicy: Permission not found: android.permission.MANAGE_WIFI_WHEN_WIRELESS_CONSENT_REQUIRED
04-16 19:04:27.646 562 562 W DefaultPermGrantPolicy: Permission not found: com.android.providers.tv.permission.ACCESS_WATCHED_PROGRAMS
04-16 19:04:27.646 562 562 W DefaultPermGrantPolicy: Permission not found: com.android.providers.tv.permission.WRITE_EPG_DATA
04-16 19:04:27.646 562 562 W DefaultPermGrantPolicy: Permission not found: android.permission.SUGGEST_MANUAL_TIME
04-16 19:04:27.647 562 562 W DefaultPermGrantPolicy: Permission not found: android.permission.SUGGEST_TELEPHONY_TIME
04-16 19:04:27.647 562 562 W DefaultPermGrantPolicy: Permission not found: android.permission.SUGGEST_NETWORK_TIME
04-16 19:04:27.647 562 562 W DefaultPermGrantPolicy: Permission not found: android.permission.SUGGEST_GNSS_TIME
04-16 19:04:27.662 562 562 W DefaultPermGrantPolicy: Permission not found: android.car.permission.CONTROL_CAR_CLIMATE
04-16 19:04:27.663 562 562 W DefaultPermGrantPolicy: Permission not found: android.car.permission.CAR_CONTROL_AUDIO_VOLUME
04-16 19:04:27.671 562 562 I DefaultPermGrantPolicy: Granting permissions to default platform handlers for user 0
04-16 19:04:27.673 562 562 W VoiceInteractionManager: no available voice interaction services found for user 0
04-16 19:04:27.678 562 562 W VoiceInteractionManager: no available voice recognition services found for user 0
04-16 19:04:27.709 562 562 I SyncManager: No initial accounts
04-16 19:04:27.783 0 0 I init : ... started service 'wpa_supplicant' has pid 968
04-16 19:04:27.784 0 0 I init : Control message: Processed ctl.interface_start for 'aidl/android.hardware.wifi.supplicant.ISupplicant/default' from pid: 152 (/system/bin/servicemanager)
04-16 19:04:27.851 562 562 W DefaultPermGrantPolicy: Permission not found: com.google.android.permission.INSTALL_WEARABLE_PACKAGES
04-16 19:04:27.862 562 562 W DefaultPermGrantPolicy: Permission not found: android.permission.WRITE_SYSTEM_SETTINGS
04-16 19:04:27.885 562 562 E DefaultPermGrantPolicy: Package not found:
04-16 19:04:27.923 562 562 W DefaultPermGrantPolicy: Permission not found: com.android.dialer.permission.DIALER_ORIGIN
04-16 19:04:27.934 562 562 W DefaultPermGrantPolicy: Permission not found: com.sec.android.provider.badge.permission.READ
04-16 19:04:27.934 562 562 W DefaultPermGrantPolicy: Permission not found: com.sec.android.provider.badge.permission.WRITE
04-16 19:04:27.935 562 562 W DefaultPermGrantPolicy: Permission not found: com.htc.launcher.permission.READ_SETTINGS
04-16 19:04:27.935 562 562 W DefaultPermGrantPolicy: Permission not found: com.htc.launcher.permission.UPDATE_SHORTCUT
04-16 19:04:27.935 562 562 W DefaultPermGrantPolicy: Permission not found: com.sonyericsson.home.permission.BROADCAST_BADGE
04-16 19:04:27.935 562 562 W DefaultPermGrantPolicy: Permission not found: com.sonymobile.home.permission.PROVIDER_INSERT_BADGE
04-16 19:04:27.935 562 562 W DefaultPermGrantPolicy: Permission not found: com.anddoes.launcher.permission.UPDATE_COUNT
04-16 19:04:27.944 562 562 W DefaultPermGrantPolicy: Permission not found: com.majeur.launcher.permission.UPDATE_BADGE
04-16 19:04:27.945 562 562 W DefaultPermGrantPolicy: Permission not found: com.huawei.android.launcher.permission.CHANGE_BADGE
04-16 19:04:27.945 562 562 W DefaultPermGrantPolicy: Permission not found: com.huawei.android.launcher.permission.READ_SETTINGS
04-16 19:04:27.945 562 562 W DefaultPermGrantPolicy: Permission not found: com.huawei.android.launcher.permission.WRITE_SETTINGS
04-16 19:04:27.945 562 562 W DefaultPermGrantPolicy: Permission not found: android.permission.READ_APP_BADGE
04-16 19:04:27.946 562 562 W DefaultPermGrantPolicy: Permission not found: com.oppo.launcher.permission.READ_SETTINGS
04-16 19:04:27.946 562 562 W DefaultPermGrantPolicy: Permission not found: com.oppo.launcher.permission.WRITE_SETTINGS
04-16 19:04:27.946 562 562 W DefaultPermGrantPolicy: Permission not found: com.cequint.ecid.CALLER_ID_LOOKUP
04-16 19:04:27.946 562 562 W DefaultPermGrantPolicy: Permission not found: com.motorola.incallui.permission.INCOMING_CALL_VISIBILITY_CHANGED
04-16 19:04:27.966 562 562 W DefaultPermGrantPolicy: Permission not found: com.google.android.googleapps.permission.GOOGLE_AUTH.mail
04-16 19:04:27.969 562 562 W DefaultPermGrantPolicy: Permission not found: com.google.android.googleapps.permission.GOOGLE_AUTH.cl
04-16 19:04:27.978 562 562 W DefaultPermGrantPolicy: Permission not found: com.google.android.setupwizard.SETUP_COMPAT_SERVICE
04-16 19:04:27.999 562 562 I DefaultPermGrantPolicy: Granting Notification permissions to platform signature apps for user 0
04-16 19:04:28.169 945 951 I AidlLazyServiceRegistrar: Process has 1 (of 1 available) client(s) in use after notification android.hardware.biometrics.fingerprint.IFingerprint/default has clients: 1
04-16 19:04:28.173 0 0 I servicemanager: Notifying android.hardware.biometrics.fingerprint.IFingerprint/default they do (previously: don't) have clients when we now have a record of a client
04-16 19:04:28.489 0 0 I capability: warning: `wpa_supplicant' uses 32-bit capabilities (legacy support in use)
04-16 19:04:28.587 968 968 I wpa_supplicant: Processing aidl events on FD 3
04-16 19:04:28.610 0 0 I servicemanager: Since 'android.hardware.wifi.supplicant.ISupplicant/default' could not be found, trying to start it as a lazy AIDL service. (if it's not configured to be a lazy service, it may be stuck starting or still starting).
04-16 19:04:28.600 562 900 W ServiceManagerCppClient: Waited one second for android.hardware.wifi.supplicant.ISupplicant/default (is service started? Number of threads started in the threadpool: 31. Are binder threads started and available?)
04-16 19:04:28.603 968 968 I wpa_supplicant: Starting AIDL supplicant
04-16 19:04:28.603 968 968 I wpa_supplicant: Interface version: 2
04-16 19:04:28.626 0 0 I init : service 'wpa_supplicant' requested start, but it is already running (flags: 134)
04-16 19:04:28.626 0 0 I init : Control message: Processed ctl.interface_start for 'aidl/android.hardware.wifi.supplicant.ISupplicant/default' from pid: 152 (/system/bin/servicemanager)
04-16 19:04:28.684 0 0 I servicemanager: Found android.hardware.wifi.supplicant.ISupplicant/default in device VINTF manifest.
04-16 19:04:28.685 968 968 I wpa_supplicant: Successfully initialized wpa_supplicant
04-16 19:04:28.711 0 0 I BpBinder: onLastStrongRef automatically unlinking death recipients:
04-16 19:04:28.747 562 900 I SupplicantStaIfaceHalAidlImpl: Obtained ISupplicant binder.
04-16 19:04:28.760 562 900 I SupplicantStaIfaceHalAidlImpl: Local Version: 2
04-16 19:04:28.787 968 968 I wpa_supplicant: rfkill: Cannot open RFKILL control device
04-16 19:04:29.004 968 968 I wpa_supplicant: Init sm=0x7a2f2006eb50
04-16 19:04:29.152 968 968 I wpa_supplicant: rfkill: Cannot get wiphy information
04-16 19:04:29.165 968 968 I wpa_supplicant: Init sm=0x7a2f2006cd90
04-16 19:04:29.193 562 900 I SupplicantStaIfaceHalAidlImpl: Remote service version was cached
04-16 19:04:29.194 562 900 I SupplicantStaIfaceHalAidlImpl: Remote Version: 2
04-16 19:04:29.234 562 900 I SupplicantStaIfaceHalAidlImpl: Non-standard cert callback was registered
04-16 19:04:29.245 968 968 I wpa_supplicant: Iface already exists, return existing
04-16 19:04:29.365 0 0 I servicemanager: Found android.hardware.wifi.IWifi/default in device VINTF manifest.
04-16 19:04:29.370 562 900 I WifiNative: Supported features is updated in config store: 116391864461951001
04-16 19:04:29.405 562 900 E WifiChipAidlImpl: getUsableChannels failed with service-specific exception: android.os.ServiceSpecificException: (code 4)
04-16 19:04:29.531 562 900 I WifiNative: Successfully switched to connectivity mode on iface=Iface:{Name=wlan0,Id=0,Type=STA_CONNECTIVITY}
04-16 19:04:29.561 562 900 D WifiClientModeManager[248595:wlan0]: entering ConnectModeState, starting ClientModeImpl
04-16 19:04:29.666 562 900 D WifiNative: enableVerboseLogging false hal false
04-16 19:04:29.691 562 900 D WifiScoreReport: setShouldReduceNetworkScore=false mNetworkAgent is null? true
04-16 19:04:29.722 562 573 I system_server: Background concurrent copying GC freed 115631(5948KB) AllocSpace objects, 12(512KB) LOS objects, 49% free, 11MB/22MB, paused 208us,360us total 2.222s
04-16 19:04:29.727 562 900 D WifiScanRequestProxy: Sending scan available broadcast: true
04-16 19:04:29.757 562 900 I WifiScanRequestProxy: Scanning is enabled
04-16 19:04:29.757 562 900 I WifiScanRequestProxy: Scanning for hidden networks is enabled
04-16 19:04:29.767 562 904 I WifiScanningService: Received a request to enable scanning, UID = 1000
04-16 19:04:29.817 562 900 E WifiChipAidlImpl: setMultiStaUseCase failed with service-specific exception: android.os.ServiceSpecificException: (code 4)
04-16 19:04:29.819 562 900 E WifiChipAidlImpl: setMultiStaPrimaryConnection failed with service-specific exception: android.os.ServiceSpecificException: (code 4)
04-16 19:04:29.845 562 904 E WifiStaIfaceAidlImpl: getBackgroundScanCapabilities failed with service-specific exception: android.os.ServiceSpecificException: (code 4)
04-16 19:04:29.858 562 900 D WifiCountryCode: evaluateAllCmmStateAndApplyIfAllReady: {ConcreteClientModeManager{id=248595 iface=wlan0 role=ROLE_CLIENT_PRIMARY}=true}
04-16 19:04:29.859 562 900 D WifiCountryCode: Reading country code from telephony
04-16 19:04:29.915 562 900 D WifiCountryCode: Set telephony country code to:
04-16 19:04:29.929 562 900 D WifiCountryCode: updateCountryCode to null
04-16 19:04:29.930 562 900 D WakeupController: onWifiEnabled()
04-16 19:04:29.941 562 900 I WifiActiveModeWarden: Supported STA bands is updated in config store: 1
04-16 19:04:29.950 562 904 I WifiScanningService: Created a new impl for wlan0
04-16 19:04:29.958 562 900 D WifiClientModeImpl[251692:wlan0]: entering ConnectableState: ifaceName = wlan0
04-16 19:04:29.984 562 904 I WifiScanningService: wifi driver loaded with scan capabilities: max buckets=16
04-16 19:04:30.070 0 0 I servicemanager: Notifying apexservice they do (previously: don't) have clients when service is guaranteed to be in use
04-16 19:04:30.076 0 0 I AidlLazyServiceRegistrar: Process has 1 (of 1 available) client(s) in use after notification apexservice has clients: 1
04-16 19:04:30.076 0 0 I AidlLazyServiceRegistrar: Shutdown prevented by forcePersist override flag.
04-16 19:04:30.078 0 0 I apexd : getSessions() received by ApexService
04-16 19:04:30.074 562 562 V StagingManagerTiming: restoreSessions took to complete: 32ms
04-16 19:04:30.088 562 562 V SystemServerTiming: MakePackageManagerServiceReady took to complete: 3078ms
04-16 19:04:30.089 562 562 D SystemServerTiming: MakeDisplayManagerServiceReady
04-16 19:04:30.162 562 562 I BrightnessSynchronizer: Initial brightness readings: 102(int), 0.39763778(float)
04-16 19:04:30.168 562 562 V SystemServerTiming: MakeDisplayManagerServiceReady took to complete: 79ms
04-16 19:04:30.169 562 562 D SystemServerTiming: StartDeviceSpecificServices
04-16 19:04:30.169 562 562 V SystemServerTiming: StartDeviceSpecificServices took to complete: 0ms
04-16 19:04:30.169 562 562 D SystemServerTiming: GameManagerService
04-16 19:04:30.170 562 562 I SystemServiceManager: Starting com.android.server.app.GameManagerService$Lifecycle
04-16 19:04:30.175 396 396 I RefreshRateSelector: Display 4619827259835644672 policy changed
04-16 19:04:30.175 396 396 I RefreshRateSelector: Previous: {defaultModeId=0, allowGroupSwitching=false, primaryRanges={physical=[0.00 Hz, 340282346638528859811704183484516925440.00 Hz], render=[0.00 Hz, 340282346638528859811704183484516925440.00 Hz]}, appRequestRanges={physical=[0.00 Hz, 340282346638528859811704183484516925440.00 Hz], render=[0.00 Hz, 340282346638528859811704183484516925440.00 Hz]}}
04-16 19:04:30.175 396 396 I RefreshRateSelector: Current: DisplayManagerPolicy{defaultModeId=0, allowGroupSwitching=false, primaryRanges={physical=[0.00 Hz, inf Hz], render=[0.00 Hz, 60.00 Hz]}, appRequestRanges={physical=[0.00 Hz, inf Hz], render=[0.00 Hz, inf Hz]}}
04-16 19:04:30.175 396 396 I RefreshRateSelector: 0 mode changes were performed under the previous policy
04-16 19:04:30.178 562 562 W FileUtils: Failed to chmod(/data/system/game_mode_intervention.list): android.system.ErrnoException: chmod failed: ENOENT (No such file or directory)
04-16 19:04:30.179 562 562 V HistoricalRegistry: Interaction before persistence initialized
04-16 19:04:30.207 562 562 V SystemServerTiming: GameManagerService took to complete: 38ms
04-16 19:04:30.207 562 562 D SystemServerTiming: StartBootPhaseDeviceSpecificServicesReady
04-16 19:04:30.211 562 562 I SystemServiceManager: Starting phase 520
04-16 19:04:30.211 562 562 D SystemServerTiming: OnBootPhase_520
04-16 19:04:30.211 562 562 D SystemServerTiming: OnBootPhase_520_com.android.server.security.FileIntegrityService
04-16 19:04:30.211 562 562 V SystemServerTiming: OnBootPhase_520_com.android.server.security.FileIntegrityService took to complete: 0ms
04-16 19:04:30.211 562 562 D SystemServerTiming: OnBootPhase_520_com.android.server.pm.Installer
04-16 19:04:30.214 562 562 V SystemServerTiming: OnBootPhase_520_com.android.server.pm.Installer took to complete: 0ms
04-16 19:04:30.214 562 562 D SystemServerTiming: OnBootPhase_520_com.android.server.os.DeviceIdentifiersPolicyService
04-16 19:04:30.214 562 562 V SystemServerTiming: OnBootPhase_520_com.android.server.os.DeviceIdentifiersPolicyService took to complete: 0ms
04-16 19:04:30.214 562 562 D SystemServerTiming: OnBootPhase_520_com.android.server.uri.UriGrantsManagerService$Lifecycle
04-16 19:04:30.214 562 562 V SystemServerTiming: OnBootPhase_520_com.android.server.uri.UriGrantsManagerService$Lifecycle took to complete: 0ms
04-16 19:04:30.214 562 562 D SystemServerTiming: OnBootPhase_520_com.android.server.powerstats.PowerStatsService
04-16 19:04:30.214 562 562 V SystemServerTiming: OnBootPhase_520_com.android.server.powerstats.PowerStatsService took to complete: 0ms
04-16 19:04:30.216 562 562 D SystemServerTiming: OnBootPhase_520_com.android.server.permission.access.AccessCheckingService
04-16 19:04:30.217 562 562 V SystemServerTiming: OnBootPhase_520_com.android.server.permission.access.AccessCheckingService took to complete: 0ms
04-16 19:04:30.217 562 562 D SystemServerTiming: OnBootPhase_520_com.android.server.wm.ActivityTaskManagerService$Lifecycle
04-16 19:04:30.217 562 562 V SystemServerTiming: OnBootPhase_520_com.android.server.wm.ActivityTaskManagerService$Lifecycle took to complete: 0ms
04-16 19:04:30.217 562 562 D SystemServerTiming: OnBootPhase_520_com.android.server.am.ActivityManagerService$Lifecycle
04-16 19:04:30.217 562 562 V SystemServerTiming: OnBootPhase_520_com.android.server.am.ActivityManagerService$Lifecycle took to complete: 0ms
04-16 19:04:30.217 562 562 D SystemServerTiming: OnBootPhase_520_com.android.server.pm.DataLoaderManagerService
04-16 19:04:30.217 562 562 V SystemServerTiming: OnBootPhase_520_com.android.server.pm.DataLoaderManagerService took to complete: 0ms
04-16 19:04:30.217 562 562 D SystemServerTiming: OnBootPhase_520_com.android.server.power.PowerManagerService
04-16 19:04:30.217 562 562 V SystemServerTiming: OnBootPhase_520_com.android.server.power.PowerManagerService took to complete: 0ms
04-16 19:04:30.218 562 562 D SystemServerTiming: OnBootPhase_520_com.android.server.power.ThermalManagerService
04-16 19:04:30.218 562 562 V SystemServerTiming: OnBootPhase_520_com.android.server.power.ThermalManagerService took to complete: 0ms
04-16 19:04:30.218 562 562 D SystemServerTiming: OnBootPhase_520_com.android.server.power.hint.HintManagerService
04-16 19:04:30.218 562 562 V SystemServerTiming: OnBootPhase_520_com.android.server.power.hint.HintManagerService took to complete: 0ms
04-16 19:04:30.218 562 562 D SystemServerTiming: OnBootPhase_520_com.android.server.recoverysystem.RecoverySystemService$Lifecycle
04-16 19:04:30.218 562 562 V SystemServerTiming: OnBootPhase_520_com.android.server.recoverysystem.RecoverySystemService$Lifecycle took to complete: 0ms
04-16 19:04:30.218 562 562 D SystemServerTiming: OnBootPhase_520_com.android.server.lights.LightsService
04-16 19:04:30.218 562 562 V SystemServerTiming: OnBootPhase_520_com.android.server.lights.LightsService took to complete: 0ms
04-16 19:04:30.218 562 562 D SystemServerTiming: OnBootPhase_520_com.android.server.display.DisplayManagerService
04-16 19:04:30.218 562 562 V SystemServerTiming: OnBootPhase_520_com.android.server.display.DisplayManagerService took to complete: 0ms
04-16 19:04:30.218 562 562 D SystemServerTiming: OnBootPhase_520_com.android.server.pm.verify.domain.DomainVerificationService
04-16 19:04:30.219 562 562 V SystemServerTiming: OnBootPhase_520_com.android.server.pm.verify.domain.DomainVerificationService took to complete: 0ms
04-16 19:04:30.219 562 562 D SystemServerTiming: OnBootPhase_520_com.android.server.pm.PackageInstallerService$Lifecycle
04-16 19:04:30.219 562 562 V SystemServerTiming: OnBootPhase_520_com.android.server.pm.PackageInstallerService$Lifecycle took to complete: 0ms
04-16 19:04:30.219 562 562 D SystemServerTiming: OnBootPhase_520_com.android.server.pm.UserManagerService$LifeCycle
04-16 19:04:30.219 562 562 V SystemServerTiming: OnBootPhase_520_com.android.server.pm.UserManagerService$LifeCycle took to complete: 0ms
04-16 19:04:30.219 562 562 D SystemServerTiming: OnBootPhase_520_com.android.server.om.OverlayManagerService
04-16 19:04:30.219 562 562 V SystemServerTiming: OnBootPhase_520_com.android.server.om.OverlayManagerService took to complete: 0ms
04-16 19:04:30.219 562 562 D SystemServerTiming: OnBootPhase_520_com.android.server.resources.ResourcesManagerService
04-16 19:04:30.219 562 562 V SystemServerTiming: OnBootPhase_520_com.android.server.resources.ResourcesManagerService took to complete: 0ms
04-16 19:04:30.225 562 562 D SystemServerTiming: OnBootPhase_520_com.android.server.sensorprivacy.SensorPrivacyService
04-16 19:04:30.225 562 562 V SystemServerTiming: OnBootPhase_520_com.android.server.sensorprivacy.SensorPrivacyService took to complete: 0ms
04-16 19:04:30.225 562 562 D SystemServerTiming: OnBootPhase_520_com.android.server.sensors.SensorService
04-16 19:04:30.225 562 562 V SystemServerTiming: OnBootPhase_520_com.android.server.sensors.SensorService took to complete: 0ms
04-16 19:04:30.225 562 562 D SystemServerTiming: OnBootPhase_520_com.android.server.SystemConfigService
04-16 19:04:30.225 562 562 V SystemServerTiming: OnBootPhase_520_com.android.server.SystemConfigService took to complete: 0ms
04-16 19:04:30.226 562 562 D SystemServerTiming: OnBootPhase_520_com.android.server.BatteryService
04-16 19:04:30.226 562 562 V SystemServerTiming: OnBootPhase_520_com.android.server.BatteryService took to complete: 0ms
04-16 19:04:30.226 562 562 D SystemServerTiming: OnBootPhase_520_com.android.server.usage.UsageStatsService
04-16 19:04:30.226 562 562 V SystemServerTiming: OnBootPhase_520_com.android.server.usage.UsageStatsService took to complete: 0ms
04-16 19:04:30.226 562 562 D SystemServerTiming: OnBootPhase_520_com.android.server.webkit.WebViewUpdateService
04-16 19:04:30.226 562 562 V SystemServerTiming: OnBootPhase_520_com.android.server.webkit.WebViewUpdateService took to complete: 0ms
04-16 19:04:30.226 562 562 D SystemServerTiming: OnBootPhase_520_com.android.server.CachedDeviceStateService
04-16 19:04:30.226 562 562 V SystemServerTiming: OnBootPhase_520_com.android.server.CachedDeviceStateService took to complete: 0ms
04-16 19:04:30.226 562 562 D SystemServerTiming: OnBootPhase_520_com.android.server.BinderCallsStatsService$LifeCycle
04-16 19:04:30.226 562 562 V SystemServerTiming: OnBootPhase_520_com.android.server.BinderCallsStatsService$LifeCycle took to complete: 0ms
04-16 19:04:30.227 562 562 D SystemServerTiming: OnBootPhase_520_com.android.server.LooperStatsService$Lifecycle
04-16 19:04:30.227 562 562 V SystemServerTiming: OnBootPhase_520_com.android.server.LooperStatsService$Lifecycle took to complete: 0ms
04-16 19:04:30.227 562 562 D SystemServerTiming: OnBootPhase_520_com.android.server.rollback.RollbackManagerService
04-16 19:04:30.227 562 562 V SystemServerTiming: OnBootPhase_520_com.android.server.rollback.RollbackManagerService took to complete: 0ms
04-16 19:04:30.228 562 562 D SystemServerTiming: OnBootPhase_520_com.android.server.os.NativeTombstoneManagerService
04-16 19:04:30.228 562 562 V SystemServerTiming: OnBootPhase_520_com.android.server.os.NativeTombstoneManagerService took to complete: 0ms
04-16 19:04:30.228 562 562 D SystemServerTiming: OnBootPhase_520_com.android.server.os.BugreportManagerService
