04-16 19:02:35.601 562 562 W UserSystemPackageInstaller: com.android.theme.icon_pack.kai.launcher is allowlisted but not present.
04-16 19:02:35.602 562 562 W UserSystemPackageInstaller: com.android.theme.icon_pack.sam.launcher is allowlisted but not present.
04-16 19:02:35.602 562 562 W UserSystemPackageInstaller: com.android.theme.icon.squircle is allowlisted but not present.
04-16 19:02:35.602 562 562 W UserSystemPackageInstaller: com.android.theme.icon_pack.victor.android is allowlisted but not present.
04-16 19:02:35.602 562 562 W UserSystemPackageInstaller: com.android.theme.color.palette is allowlisted but not present.
04-16 19:02:35.602 562 562 W UserSystemPackageInstaller: com.android.theme.icon_pack.filled.launcher is allowlisted but not present.
04-16 19:02:35.602 562 562 W UserSystemPackageInstaller: com.android.theme.color.carbon is allowlisted but not present.
04-16 19:02:35.602 562 562 W UserSystemPackageInstaller: com.android.theme.icon_pack.circular.launcher is allowlisted but not present.
04-16 19:02:35.602 562 562 W UserSystemPackageInstaller: com.android.theme.icon_pack.filled.themepicker is allowlisted but not present.
04-16 19:02:35.602 562 562 W UserSystemPackageInstaller: com.android.theme.icon_pack.victor.themepicker is allowlisted but not present.
04-16 19:02:35.602 562 562 W UserSystemPackageInstaller: com.android.theme.color.orchid is allowlisted but not present.
04-16 19:02:35.602 562 562 W UserSystemPackageInstaller: com.android.theme.color.purple is allowlisted but not present.
04-16 19:02:35.602 562 562 W UserSystemPackageInstaller: com.android.theme.icon_pack.sam.themepicker is allowlisted but not present.
04-16 19:02:35.603 562 562 W UserSystemPackageInstaller: com.android.theme.icon.roundedrect is allowlisted but not present.
04-16 19:02:35.603 562 562 W UserSystemPackageInstaller: com.android.theme.icon_pack.rounded.settings is allowlisted but not present.
04-16 19:02:35.603 562 562 W UserSystemPackageInstaller: com.android.theme.icon_pack.circular.android is allowlisted but not present.
04-16 19:02:35.603 562 562 I UserSystemPackageInstaller: Reviewing whitelisted packages due to [firstBoot]
04-16 19:02:35.607 562 642 W PackageManager: Skipping preparing app data for com.android.adservices
04-16 19:02:35.615 562 642 W PackageManager: Skipping preparing app data for com.android.scheduling
04-16 19:02:35.633 562 562 I Watchdog: Resuming HandlerChecker: main thread for reason: packagemanagermain. Pause count: 0
04-16 19:02:35.635 562 642 W PackageManager: Skipping preparing app data for com.android.permission
04-16 19:02:35.639 562 642 W PackageManager: Skipping preparing app data for com.android.art
04-16 19:02:35.639 562 642 W PackageManager: Skipping preparing app data for com.android.uwb
04-16 19:02:35.641 562 562 V SystemServerTiming: StartPackageManagerService took to complete: 18877ms
04-16 19:02:35.642 562 562 D SystemServerTiming: DexUseManagerLocal
04-16 19:02:35.643 562 642 W PackageManager: Skipping preparing app data for com.android.tethering
04-16 19:02:35.646 562 642 W PackageManager: Skipping preparing app data for com.android.btservices
04-16 19:02:35.647 562 642 W PackageManager: Skipping preparing app data for com.android.media.swcodec
04-16 19:02:35.650 562 642 W PackageManager: Skipping preparing app data for com.android.conscrypt
04-16 19:02:35.651 562 642 W PackageManager: Skipping preparing app data for com.android.adbd
04-16 19:02:35.657 562 642 W PackageManager: Skipping preparing app data for com.android.i18n
04-16 19:02:35.657 562 642 W PackageManager: Skipping preparing app data for com.android.rkpd
04-16 19:02:35.658 562 642 W PackageManager: Skipping preparing app data for com.android.virt
04-16 19:02:35.658 562 642 W PackageManager: Skipping preparing app data for com.android.wifi
04-16 19:02:35.659 562 642 W PackageManager: Skipping preparing app data for com.android.runtime
04-16 19:02:35.664 562 642 W PackageManager: Skipping preparing app data for com.android.devicelock
04-16 19:02:35.667 562 642 W PackageManager: Skipping preparing app data for com.android.apex.cts.shim
04-16 19:02:35.667 562 642 W PackageManager: Skipping preparing app data for com.android.neuralnetworks
04-16 19:02:35.667 562 642 W PackageManager: Skipping preparing app data for com.android.healthfitness
04-16 19:02:35.671 562 562 E ArtService: Failed to load dex use data
04-16 19:02:35.671 562 562 E ArtService: java.io.FileNotFoundException: /data/system/package-dex-usage.pb: open failed: ENOENT (No such file or directory)
04-16 19:02:35.671 562 562 E ArtService: at libcore.io.IoBridge.open(IoBridge.java:574)
04-16 19:02:35.671 562 562 E ArtService: at java.io.FileInputStream.(FileInputStream.java:160)
04-16 19:02:35.671 562 562 E ArtService: at java.io.FileInputStream.(FileInputStream.java:115)
04-16 19:02:35.671 562 562 E ArtService: at com.android.server.art.DexUseManagerLocal.load(DexUseManagerLocal.java:553)
04-16 19:02:35.671 562 562 E ArtService: at com.android.server.art.DexUseManagerLocal.(DexUseManagerLocal.java:161)
04-16 19:02:35.671 562 562 E ArtService: at com.android.server.art.DexUseManagerLocal.(DexUseManagerLocal.java:153)
04-16 19:02:35.671 562 562 E ArtService: at com.android.server.art.DexUseManagerLocal.createInstance(DexUseManagerLocal.java:147)
04-16 19:02:35.671 562 562 E ArtService: at com.android.server.SystemServer.startBootstrapServices(SystemServer.java:1257)
04-16 19:02:35.671 562 562 E ArtService: at com.android.server.SystemServer.run(SystemServer.java:940)
04-16 19:02:35.671 562 562 E ArtService: at com.android.server.SystemServer.main(SystemServer.java:664)
04-16 19:02:35.671 562 562 E ArtService: at java.lang.reflect.Method.invoke(Native Method)
04-16 19:02:35.671 562 562 E ArtService: at com.android.internal.os.RuntimeInit$MethodAndArgsCaller.run(RuntimeInit.java:552)
04-16 19:02:35.671 562 562 E ArtService: at com.android.internal.os.ZygoteInit.main(ZygoteInit.java:949)
04-16 19:02:35.671 562 562 E ArtService: Caused by: android.system.ErrnoException: open failed: ENOENT (No such file or directory)
04-16 19:02:35.671 562 562 E ArtService: at libcore.io.Linux.open(Native Method)
04-16 19:02:35.671 562 562 E ArtService: at libcore.io.ForwardingOs.open(ForwardingOs.java:563)
04-16 19:02:35.671 562 562 E ArtService: at libcore.io.BlockGuardOs.open(BlockGuardOs.java:274)
04-16 19:02:35.671 562 562 E ArtService: at libcore.io.IoBridge.open(IoBridge.java:560)
04-16 19:02:35.671 562 562 E ArtService: ... 12 more
04-16 19:02:35.672 562 642 W PackageManager: Skipping preparing app data for com.android.resolv
04-16 19:02:35.673 562 642 W PackageManager: Skipping preparing app data for com.android.sdkext
04-16 19:02:35.673 562 642 W PackageManager: Skipping preparing app data for com.android.tzdata
04-16 19:02:35.673 562 642 W PackageManager: Skipping preparing app data for com.android.vndk.v34
04-16 19:02:35.674 562 642 W PackageManager: Skipping preparing app data for com.android.os.statsd
04-16 19:02:35.674 562 642 W PackageManager: Skipping preparing app data for com.android.extservices
04-16 19:02:35.674 562 642 W PackageManager: Skipping preparing app data for com.android.cellbroadcast
04-16 19:02:35.675 562 642 W PackageManager: Skipping preparing app data for com.android.ipsec
04-16 19:02:35.675 562 642 W PackageManager: Skipping preparing app data for com.android.media
04-16 19:02:35.675 562 642 W PackageManager: Skipping preparing app data for com.android.sdksandbox
04-16 19:02:35.676 562 642 W PackageManager: Skipping preparing app data for com.android.mediaprovider
04-16 19:02:35.685 562 642 W PackageManager: Skipping preparing app data for com.android.ondevicepersonalization
04-16 19:02:35.691 562 562 V SystemServerTiming: DexUseManagerLocal took to complete: 36ms
04-16 19:02:35.708 562 562 D SystemServerTiming: StartOtaDexOptService
04-16 19:02:35.709 562 562 I Watchdog: Pausing HandlerChecker: main thread for reason: moveab. Pause count: 1
04-16 19:02:35.726 562 562 D OTADexopt: No upgrade, skipping A/B artifacts check.
04-16 19:02:35.726 562 562 I Watchdog: Resuming HandlerChecker: main thread for reason: moveab. Pause count: 0
04-16 19:02:35.727 562 562 V SystemServerTiming: StartOtaDexOptService took to complete: 18ms
04-16 19:02:35.727 562 562 D SystemServerTiming: StartUserManagerService
04-16 19:02:35.727 562 562 I SystemServiceManager: Starting com.android.server.pm.UserManagerService$LifeCycle
04-16 19:02:35.734 562 562 V SystemServerTiming: StartUserManagerService took to complete: 7ms
04-16 19:02:35.734 562 562 D SystemServerTiming: InitAttributerCache
04-16 19:02:35.734 562 562 V SystemServerTiming: InitAttributerCache took to complete: 0ms
04-16 19:02:35.738 562 562 D SystemServerTiming: SetSystemProcess
04-16 19:02:35.833 562 578 V HistoricalRegistry: Interaction before persistence initialized
04-16 19:02:35.842 562 577 V HistoricalRegistry: Interaction before persistence initialized
04-16 19:02:35.869 393 393 I audioserver: Waiting for sensor privacy service
04-16 19:02:35.871 562 577 V HistoricalRegistry: Interaction before persistence initialized
04-16 19:02:35.884 562 562 D OomAdjuster: Not killing cached processes
04-16 19:02:35.892 151 151 I lowmemorykiller: lmkd data connection established
04-16 19:02:35.893 562 599 I ActivityManager: Connection with lmkd established
04-16 19:02:35.935 562 562 V SystemServerTiming: SetSystemProcess took to complete: 196ms
04-16 19:02:35.961 562 562 D CompatibilityChangeReporter: Compat change id reported: 161145287; UID 1000; state: ENABLED
04-16 19:02:35.979 562 562 D SystemServerTiming: InitWatchdog
04-16 19:02:35.986 562 562 V SystemServerTiming: InitWatchdog took to complete: 1ms
04-16 19:02:36.035 562 562 D SystemServerTiming: StartOverlayManagerService
04-16 19:02:36.090 562 573 I system_server: Background concurrent copying GC freed 56014(2561KB) AllocSpace objects, 1(20KB) LOS objects, 49% free, 6564KB/12MB, paused 138us,117us total 513.340ms
04-16 19:02:36.123 0 0 I init : service 'idmap2d' requested start, but it is already running (flags: 4)
04-16 19:02:36.124 0 0 I init : Control message: Processed ctl.start for 'idmap2d' from pid: 562 (system_server)
04-16 19:02:36.130 460 475 W idmap2d : failed to parse idmap header of '/data/resource-cache/product@overlay@DisplayCutoutEmulationCorner@DisplayCutoutEmulationCornerOverlay.apk@idmap'
04-16 19:02:36.222 460 460 W idmap2d : failed to find resource 'string/display_cutout_emulation_overlay'
04-16 19:02:36.236 460 460 W idmap2d : failed to parse idmap header of '/data/resource-cache/product@overlay@DisplayCutoutEmulationDouble@DisplayCutoutEmulationDoubleOverlay.apk@idmap'
04-16 19:02:36.263 460 460 W idmap2d : failed to find resource 'string/display_cutout_emulation_overlay'
04-16 19:02:36.270 460 460 W idmap2d : failed to parse idmap header of '/data/resource-cache/product@overlay@NavigationBarModeGesturalWideBack@NavigationBarModeGesturalOverlayWideBack.apk@idmap'
04-16 19:02:36.293 460 460 W idmap2d : failed to find resource 'string/navigation_bar_mode_title'
04-16 19:02:36.302 460 460 W idmap2d : failed to parse idmap header of '/data/resource-cache/vendor@overlay@CarrierConfig__auto_generated_rro_vendor.apk@idmap'
04-16 19:02:36.327 460 460 W idmap2d : failed to parse idmap header of '/data/resource-cache/product@overlay@SystemUIEmulationPixel3XL@SystemUIEmulationPixel3XLOverlay.apk@idmap'
04-16 19:02:36.374 460 460 W idmap2d : failed to find resource 'dimen/multi_user_switch_keyguard_margin'
04-16 19:02:36.379 460 460 W idmap2d : failed to find resource 'dimen/physical_volume_down_button_center_screen_location_y'
04-16 19:02:36.382 460 460 W idmap2d : failed to find resource 'dimen/physical_volume_up_button_center_screen_location_y'
04-16 19:02:36.387 460 460 W idmap2d : failed to find resource 'dimen/system_icons_super_container_avatarless_margin_end'
04-16 19:02:36.399 460 648 W idmap2d : failed to parse idmap header of '/data/resource-cache/product@overlay@SystemUIEmulationPixel4XL@SystemUIEmulationPixel4XLOverlay.apk@idmap'
04-16 19:02:36.427 460 460 W idmap2d : failed to find resource 'dimen/physical_volume_down_button_center_screen_location_y'
04-16 19:02:36.430 460 460 W idmap2d : failed to find resource 'dimen/physical_volume_up_button_center_screen_location_y'
04-16 19:02:36.447 460 460 W idmap2d : failed to find resource 'string/config_rounded_mask'
04-16 19:02:36.458 460 648 W idmap2d : failed to parse idmap header of '/data/resource-cache/product@overlay@SystemUIEmulationPixelFold@SystemUIEmulationPixelFoldOverlay.apk@idmap'
04-16 19:02:36.495 460 648 W idmap2d : failed to find resource 'dimen/physical_volume_down_button_center_screen_location_y'
04-16 19:02:36.499 460 648 W idmap2d : failed to find resource 'dimen/physical_volume_up_button_center_screen_location_y'
04-16 19:02:36.542 460 648 W idmap2d : failed to find resource 'dimen/system_icons_keyguard_padding_end'
04-16 19:02:36.553 460 648 W idmap2d : failed to find resource 'dimen/system_icons_super_container_avatarless_margin_end'
04-16 19:02:36.581 460 648 W idmap2d : failed to parse idmap header of '/data/resource-cache/product@overlay@EmulatorTetheringConfigOverlay.apk@idmap'
04-16 19:02:36.617 460 648 W idmap2d : failed to parse idmap header of '/data/resource-cache/product@overlay@EmulationPixel3aXL@EmulationPixel3aXLOverlay.apk@idmap'
04-16 19:02:36.647 460 648 W idmap2d : failed to parse idmap header of '/data/resource-cache/product@overlay@EmulationPixel6Pro@EmulationPixel6ProOverlay.apk@idmap'
04-16 19:02:36.692 460 460 W idmap2d : failed to parse idmap header of '/data/resource-cache/product@overlay@EmulationPixel7Pro@EmulationPixel7ProOverlay.apk@idmap'
04-16 19:02:36.734 460 648 W idmap2d : failed to parse idmap header of '/data/resource-cache/product@overlay@EmulationPixel8Pro@EmulationPixel8ProOverlay.apk@idmap'
04-16 19:02:36.772 460 460 W idmap2d : failed to parse idmap header of '/data/resource-cache/product@overlay@EmulationPixel3a@EmulationPixel3aOverlay.apk@idmap'
04-16 19:02:36.800 460 460 W idmap2d : failed to parse idmap header of '/data/resource-cache/product@overlay@EmulationPixel4a@EmulationPixel4aOverlay.apk@idmap'
04-16 19:02:36.816 460 460 W idmap2d : failed to find resource 'dimen/quick_qs_total_height'
04-16 19:02:36.843 460 648 W idmap2d : failed to parse idmap header of '/data/resource-cache/product@overlay@EmulationPixel6a@EmulationPixel6aOverlay.apk@idmap'
04-16 19:02:36.884 460 460 W idmap2d : failed to parse idmap header of '/data/resource-cache/product@overlay@EmulationPixel7a@EmulationPixel7aOverlay.apk@idmap'
04-16 19:02:36.917 460 648 W idmap2d : failed to parse idmap header of '/data/resource-cache/product@overlay@DisplayCutoutEmulationHole@DisplayCutoutEmulationHoleOverlay.apk@idmap'
04-16 19:02:36.944 460 460 W idmap2d : failed to find resource 'string/display_cutout_emulation_overlay'
04-16 19:02:36.952 460 460 W idmap2d : failed to parse idmap header of '/data/resource-cache/product@overlay@DisplayCutoutEmulationTall@DisplayCutoutEmulationTallOverlay.apk@idmap'
04-16 19:02:36.992 460 460 W idmap2d : failed to find resource 'string/display_cutout_emulation_overlay'
04-16 19:02:36.996 460 648 W idmap2d : failed to parse idmap header of '/data/resource-cache/product@overlay@NavigationBarMode3Button@NavigationBarMode3ButtonOverlay.apk@idmap'
04-16 19:02:37.015 460 648 W idmap2d : failed to find resource 'string/navigation_bar_mode_title'
04-16 19:02:37.037 460 648 W idmap2d : failed to parse idmap header of '/data/resource-cache/vendor@overlay@SystemUI__auto_generated_rro_vendor.apk@idmap'
04-16 19:02:37.071 460 648 W idmap2d : failed to find resource 'bool/config_show4GForLTE'
04-16 19:02:37.076 460 648 E idmap2d : no resources were overlaid
04-16 19:02:37.094 460 460 W idmap2d : failed to parse idmap header of '/data/resource-cache/product@overlay@NavigationBarMode2Button@NavigationBarMode2ButtonOverlay.apk@idmap'
04-16 19:02:37.114 460 460 W idmap2d : failed to find resource 'string/navigation_bar_mode_title'
04-16 19:02:37.119 460 648 W idmap2d : failed to parse idmap header of '/data/resource-cache/product@overlay@NavigationBarModeGesturalExtraWideBack@NavigationBarModeGesturalOverlayExtraWideBack.apk@idmap'
04-16 19:02:37.145 460 648 W idmap2d : failed to find resource 'string/navigation_bar_mode_title'
04-16 19:02:37.155 460 460 W idmap2d : failed to parse idmap header of '/data/resource-cache/product@overlay@SystemUIEmulationPixel3@SystemUIEmulationPixel3Overlay.apk@idmap'
04-16 19:02:37.197 460 648 W idmap2d : failed to find resource 'dimen/physical_volume_down_button_center_screen_location_y'
04-16 19:02:37.205 460 648 W idmap2d : failed to find resource 'dimen/physical_volume_up_button_center_screen_location_y'
04-16 19:02:37.218 460 648 W idmap2d : failed to parse idmap header of '/data/resource-cache/product@overlay@SystemUIEmulationPixel4@SystemUIEmulationPixel4Overlay.apk@idmap'
04-16 19:02:37.253 460 460 W idmap2d : failed to find resource 'dimen/physical_volume_down_button_center_screen_location_y'
04-16 19:02:37.255 460 460 W idmap2d : failed to find resource 'dimen/physical_volume_up_button_center_screen_location_y'
04-16 19:02:37.263 460 460 W idmap2d : failed to find resource 'string/config_rounded_mask'
04-16 19:02:37.284 460 460 W idmap2d : failed to parse idmap header of '/data/resource-cache/product@overlay@SystemUIEmulationPixel5@SystemUIEmulationPixel5Overlay.apk@idmap'
04-16 19:02:37.339 460 648 W idmap2d : failed to find resource 'dimen/multi_user_switch_keyguard_margin'
04-16 19:02:37.350 460 648 W idmap2d : failed to find resource 'dimen/physical_volume_down_button_center_screen_location_y'
04-16 19:02:37.363 460 648 W idmap2d : failed to find resource 'dimen/physical_volume_up_button_center_screen_location_y'
04-16 19:02:37.378 460 648 W idmap2d : failed to find resource 'dimen/system_icons_super_container_avatarless_margin_end'
04-16 19:02:37.403 460 648 W idmap2d : failed to find resource 'string/config_rounded_mask'
04-16 19:02:37.417 460 648 W idmap2d : failed to parse idmap header of '/data/resource-cache/product@overlay@SystemUIEmulationPixel6@SystemUIEmulationPixel6Overlay.apk@idmap'
04-16 19:02:37.467 460 648 W idmap2d : failed to find resource 'dimen/physical_volume_down_button_center_screen_location_y'
04-16 19:02:37.475 460 648 W idmap2d : failed to find resource 'dimen/physical_volume_up_button_center_screen_location_y'
04-16 19:02:37.483 460 648 W idmap2d : failed to find resource 'dimen/system_icons_keyguard_padding_end'
04-16 19:02:37.486 460 648 W idmap2d : failed to find resource 'dimen/system_icons_super_container_avatarless_margin_end'
04-16 19:02:37.501 460 648 W idmap2d : failed to find resource 'string/config_rounded_mask'
04-16 19:02:37.514 460 648 W idmap2d : failed to parse idmap header of '/data/resource-cache/product@overlay@SystemUIEmulationPixel7@SystemUIEmulationPixel7Overlay.apk@idmap'
04-16 19:02:37.542 460 460 W idmap2d : failed to find resource 'dimen/multi_user_switch_keyguard_margin'
04-16 19:02:37.546 460 460 W idmap2d : failed to find resource 'dimen/physical_volume_down_button_center_screen_location_y'
04-16 19:02:37.547 460 460 W idmap2d : failed to find resource 'dimen/physical_volume_up_button_center_screen_location_y'
04-16 19:02:37.558 460 460 W idmap2d : failed to find resource 'dimen/system_icons_super_container_avatarless_margin_end'
04-16 19:02:37.573 460 460 W idmap2d : failed to find resource 'string/config_rounded_mask'
04-16 19:02:37.583 460 648 W idmap2d : failed to parse idmap header of '/data/resource-cache/product@overlay@SystemUIEmulationPixel8@SystemUIEmulationPixel8Overlay.apk@idmap'
04-16 19:02:37.630 460 648 W idmap2d : failed to find resource 'dimen/multi_user_switch_keyguard_margin'
04-16 19:02:37.635 460 648 W idmap2d : failed to find resource 'dimen/physical_volume_down_button_center_screen_location_y'
04-16 19:02:37.639 460 648 W idmap2d : failed to find resource 'dimen/physical_volume_up_button_center_screen_location_y'
04-16 19:02:37.648 460 648 W idmap2d : failed to find resource 'dimen/system_icons_super_container_avatarless_margin_end'
04-16 19:02:37.666 460 460 W idmap2d : failed to parse idmap header of '/data/resource-cache/product@overlay@EmulationPixel3@EmulationPixel3Overlay.apk@idmap'
04-16 19:02:37.690 460 460 W idmap2d : failed to parse idmap header of '/data/resource-cache/product@overlay@EmulationPixel4@EmulationPixel4Overlay.apk@idmap'
04-16 19:02:37.703 460 460 W idmap2d : failed to parse idmap header of '/data/resource-cache/product@overlay@EmulationPixel5@EmulationPixel5Overlay.apk@idmap'
04-16 19:02:37.732 460 648 W idmap2d : failed to parse idmap header of '/data/resource-cache/product@overlay@EmulationPixel6@EmulationPixel6Overlay.apk@idmap'
04-16 19:02:37.745 460 648 W idmap2d : failed to find resource 'dimen/status_bar_height_height_default'
04-16 19:02:37.757 460 460 W idmap2d : failed to parse idmap header of '/data/resource-cache/product@overlay@EmulationPixel7@EmulationPixel7Overlay.apk@idmap'
04-16 19:02:37.793 460 648 W idmap2d : failed to parse idmap header of '/data/resource-cache/product@overlay@EmulationPixel8@EmulationPixel8Overlay.apk@idmap'
04-16 19:02:37.817 460 460 W idmap2d : failed to parse idmap header of '/data/resource-cache/product@overlay@DisplayCutoutEmulationEmu01@DisplayCutoutEmulationEmu01Overlay.apk@idmap'
04-16 19:02:37.823 460 648 W idmap2d : failed to find resource 'dimen/quick_qs_total_height'
04-16 19:02:37.833 460 648 W idmap2d : failed to find resource 'string/display_cutout_emulation_overlay'
04-16 19:02:37.842 460 460 W idmap2d : failed to parse idmap header of '/data/resource-cache/vendor@overlay@SettingsProvider__auto_generated_rro_vendor.apk@idmap'
04-16 19:02:37.858 460 460 W idmap2d : failed to parse idmap header of '/data/resource-cache/product@overlay@FontNotoSerifSource@FontNotoSerifSourceOverlay.apk@idmap'
04-16 19:02:37.874 460 460 W idmap2d : failed to find resource 'string/font_notoserif_source_overlay'
04-16 19:02:37.887 460 460 W idmap2d : failed to parse idmap header of '/data/resource-cache/product@overlay@DisplayCutoutEmulationWaterfall@DisplayCutoutEmulationWaterfallOverlay.apk@idmap'
04-16 19:02:37.903 460 648 W idmap2d : failed to find resource 'string/display_cutout_emulation_overlay'
04-16 19:02:37.915 460 648 W idmap2d : failed to parse idmap header of '/data/resource-cache/product@overlay@TransparentNavigationBar@TransparentNavigationBarOverlay.apk@idmap'
04-16 19:02:37.925 460 460 W idmap2d : failed to find resource 'string/transparent_navigation_bar_title'
04-16 19:02:37.936 460 648 W idmap2d : failed to parse idmap header of '/data/resource-cache/product@overlay@SystemUIEmulationPixel3aXL@SystemUIEmulationPixel3aXLOverlay.apk@idmap'
04-16 19:02:37.957 460 648 W idmap2d : failed to find resource 'dimen/physical_volume_down_button_center_screen_location_y'
04-16 19:02:37.959 460 648 W idmap2d : failed to find resource 'dimen/physical_volume_up_button_center_screen_location_y'
04-16 19:02:37.963 460 648 W idmap2d : failed to find resource 'dimen/status_bar_height_portrait'
04-16 19:02:37.973 460 648 W idmap2d : failed to parse idmap header of '/data/resource-cache/product@overlay@SystemUIEmulationPixel6Pro@SystemUIEmulationPixel6ProOverlay.apk@idmap'
04-16 19:02:38.005 460 460 W idmap2d : failed to find resource 'dimen/physical_volume_down_button_center_screen_location_y'
04-16 19:02:38.009 460 460 W idmap2d : failed to find resource 'dimen/physical_volume_up_button_center_screen_location_y'
04-16 19:02:38.016 460 460 W idmap2d : failed to find resource 'dimen/system_icons_keyguard_padding_end'
04-16 19:02:38.017 460 460 W idmap2d : failed to find resource 'dimen/system_icons_super_container_avatarless_margin_end'
04-16 19:02:38.028 460 648 W idmap2d : failed to parse idmap header of '/data/resource-cache/product@overlay@SystemUIEmulationPixel7Pro@SystemUIEmulationPixel7ProOverlay.apk@idmap'
04-16 19:02:38.055 460 648 W idmap2d : failed to find resource 'dimen/physical_volume_down_button_center_screen_location_y'
04-16 19:02:38.061 460 648 W idmap2d : failed to find resource 'dimen/physical_volume_up_button_center_screen_location_y'
04-16 19:02:38.065 460 648 W idmap2d : failed to find resource 'dimen/system_icons_keyguard_padding_end'
04-16 19:02:38.067 460 648 W idmap2d : failed to find resource 'dimen/system_icons_super_container_avatarless_margin_end'
04-16 19:02:38.082 460 648 W idmap2d : failed to parse idmap header of '/data/resource-cache/product@overlay@SystemUIEmulationPixel8Pro@SystemUIEmulationPixel8ProOverlay.apk@idmap'
04-16 19:02:38.110 460 648 W idmap2d : failed to find resource 'dimen/physical_volume_down_button_center_screen_location_y'
04-16 19:02:38.111 460 648 W idmap2d : failed to find resource 'dimen/physical_volume_up_button_center_screen_location_y'
04-16 19:02:38.136 460 460 W idmap2d : failed to parse idmap header of '/data/resource-cache/product@overlay@NotesRoleEnabled@NotesRoleEnabledOverlay.apk@idmap'
04-16 19:02:38.143 460 460 W idmap2d : failed to find resource 'string/notes_role_enabled_overlay_title'
04-16 19:02:38.154 460 460 W idmap2d : failed to parse idmap header of '/data/resource-cache/vendor@overlay@TeleService__auto_generated_rro_vendor.apk@idmap'
04-16 19:02:38.171 460 460 W idmap2d : failed to find resource 'string/config_satellite_service_package'
04-16 19:02:38.190 460 460 W idmap2d : failed to parse idmap header of '/data/resource-cache/product@overlay@EmulationPixel2XL@EmulationPixel2XLOverlay.apk@idmap'
04-16 19:02:38.207 460 648 W idmap2d : failed to parse idmap header of '/data/resource-cache/product@overlay@EmulationPixel3XL@EmulationPixel3XLOverlay.apk@idmap'
04-16 19:02:38.215 460 648 W idmap2d : failed to find resource 'dimen/quick_qs_total_height'
04-16 19:02:38.235 460 648 W idmap2d : failed to parse idmap header of '/data/resource-cache/product@overlay@EmulationPixel4XL@EmulationPixel4XLOverlay.apk@idmap'
04-16 19:02:38.257 460 648 W idmap2d : failed to parse idmap header of '/data/resource-cache/product@overlay@EmulationPixelFold@EmulationPixelFoldOverlay.apk@idmap'
04-16 19:02:38.283 460 460 W idmap2d : failed to parse idmap header of '/data/resource-cache/product@overlay@SystemUIEmulationPixel3a@SystemUIEmulationPixel3aOverlay.apk@idmap'
04-16 19:02:38.311 460 460 W idmap2d : failed to find resource 'dimen/physical_volume_down_button_center_screen_location_y'
04-16 19:02:38.315 460 460 W idmap2d : failed to find resource 'dimen/physical_volume_up_button_center_screen_location_y'
04-16 19:02:38.321 460 460 W idmap2d : failed to find resource 'dimen/status_bar_height_portrait'
04-16 19:02:38.334 460 648 W idmap2d : failed to parse idmap header of '/data/resource-cache/product@overlay@SystemUIEmulationPixel4a@SystemUIEmulationPixel4aOverlay.apk@idmap'
04-16 19:02:38.360 460 460 W idmap2d : failed to find resource 'dimen/physical_volume_down_button_center_screen_location_y'
04-16 19:02:38.362 460 460 W idmap2d : failed to find resource 'dimen/physical_volume_up_button_center_screen_location_y'
04-16 19:02:38.377 460 460 W idmap2d : failed to find resource 'string/config_rounded_mask'
04-16 19:02:38.388 460 460 W idmap2d : failed to parse idmap header of '/data/resource-cache/product@overlay@SystemUIEmulationPixel6a@SystemUIEmulationPixel6aOverlay.apk@idmap'
04-16 19:02:38.423 460 648 W idmap2d : failed to find resource 'dimen/multi_user_switch_keyguard_margin'
04-16 19:02:38.433 460 648 W idmap2d : failed to find resource 'dimen/physical_volume_down_button_center_screen_location_y'
04-16 19:02:38.435 460 648 W idmap2d : failed to find resource 'dimen/physical_volume_up_button_center_screen_location_y'
04-16 19:02:38.443 460 648 W idmap2d : failed to find resource 'dimen/system_icons_super_container_avatarless_margin_end'
04-16 19:02:38.464 460 648 W idmap2d : failed to find resource 'string/config_rounded_mask'
04-16 19:02:38.478 460 648 W idmap2d : failed to parse idmap header of '/data/resource-cache/product@overlay@SystemUIEmulationPixel7a@SystemUIEmulationPixel7aOverlay.apk@idmap'
04-16 19:02:38.509 460 460 W idmap2d : failed to find resource 'dimen/multi_user_switch_keyguard_margin'
04-16 19:02:38.515 460 460 W idmap2d : failed to find resource 'dimen/physical_volume_down_button_center_screen_location_y'
04-16 19:02:38.521 460 460 W idmap2d : failed to find resource 'dimen/physical_volume_up_button_center_screen_location_y'
04-16 19:02:38.529 460 460 W idmap2d : failed to find resource 'dimen/system_icons_super_container_avatarless_margin_end'
04-16 19:02:38.539 460 460 W idmap2d : failed to find resource 'string/config_rounded_mask'
04-16 19:02:38.564 460 460 W idmap2d : failed to parse idmap header of '/data/resource-cache/vendor@overlay@goldfish_overlay_connectivity_gsi.apk@idmap'
04-16 19:02:38.583 460 648 W idmap2d : failed to parse idmap header of '/data/resource-cache/product@overlay@NavigationBarModeGestural@NavigationBarModeGesturalOverlay.apk@idmap'
04-16 19:02:38.599 460 460 W idmap2d : failed to find resource 'string/navigation_bar_mode_title'
04-16 19:02:38.611 460 648 W idmap2d : failed to parse idmap header of '/data/resource-cache/product@overlay@NavigationBarModeGesturalNarrowBack@NavigationBarModeGesturalOverlayNarrowBack.apk@idmap'
04-16 19:02:38.633 460 460 W idmap2d : failed to find resource 'string/navigation_bar_mode_title'
04-16 19:02:38.810 562 562 V SystemServerTiming: StartOverlayManagerService took to complete: 2774ms
04-16 19:02:38.810 562 562 D SystemServerTiming: StartResourcesManagerService
04-16 19:02:38.829 562 562 V SystemServerTiming: StartResourcesManagerService took to complete: 18ms
04-16 19:02:38.829 562 562 D SystemServerTiming: StartSensorPrivacyService
04-16 19:02:38.854 562 585 W BroadcastLoopers: Found previously unknown looper Thread[android.fg,5,main]
04-16 19:02:38.905 562 562 V SystemServerTiming: StartSensorPrivacyService took to complete: 75ms
04-16 19:02:38.905 562 562 D SystemServerTiming: StartSensorService
04-16 19:02:38.905 562 562 I SystemServiceManager: Starting com.android.server.sensors.SensorService
04-16 19:02:38.916 562 562 V SystemServerTiming: StartSensorService took to complete: 7ms
04-16 19:02:38.917 562 562 V SystemServerTiming: startBootstrapServices took to complete: 25869ms
04-16 19:02:38.918 562 562 D SystemServerTiming: startCoreServices
04-16 19:02:38.918 562 562 D SystemServerTiming: StartSystemConfigService
04-16 19:02:38.919 562 562 I SystemServiceManager: Starting com.android.server.SystemConfigService
04-16 19:02:38.928 562 651 D SystemServerTimingAsync: InitThreadPoolExec:StartNativeSensorService
04-16 19:02:38.929 562 651 D SystemServerInitThreadPool: Started executing StartNativeSensorService
04-16 19:02:38.929 562 651 D SystemServerTimingAsync: StartNativeSensorService
04-16 19:02:38.932 562 651 D SensorService: nuSensorService starting...
04-16 19:02:38.959 0 0 I servicemanager: Found android.hardware.sensors.ISensors/default in device VINTF manifest.
04-16 19:02:38.980 562 562 W SystemServiceManager: Service com.android.server.SystemConfigService took 54 ms in onStart
04-16 19:02:38.981 562 562 V SystemServerTiming: StartSystemConfigService took to complete: 62ms
04-16 19:02:38.981 562 562 D SystemServerTiming: StartBatteryService
04-16 19:02:38.982 562 562 I SystemServiceManager: Starting com.android.server.BatteryService
04-16 19:02:38.989 393 393 D audioserver: main: AudioPolicy created
04-16 19:02:39.017 393 393 D audioserver: main: Do not init aaudio service, status 0, policy info size 1
04-16 19:02:39.025 393 393 I audioserver: main: initialization done in 66139.430 ms, joining thread pool
04-16 19:02:39.059 0 0 I servicemanager: Found android.hardware.health.IHealth/default in device VINTF manifest.
04-16 19:02:39.059 468 538 W AudioAnalytics: onAudioServerStart: (key=audio.policy) AudioPolicy ctor, loadTimeMs:57800.406250
04-16 19:02:39.114 562 651 W SensorService: Goldfish 3-axis Accelerometer's max range 39.299999237061 is not a multiple of the resolution 0.000248015887 - updated to 39.300102233887
04-16 19:02:39.121 562 651 I SensorService: Goldfish Ambient Temperature sensor's reported power 0.000000 invalid, clamped to 0.001000
04-16 19:02:39.121 562 651 W SensorService: Goldfish 3-axis Accelerometer Uncalibrated's max range 39.299999237061 is not a multiple of the resolution 0.000248015887 - updated to 39.300102233887
04-16 19:02:39.137 562 651 I SensorService: Generated new HMAC key.
04-16 19:02:39.143 0 0 W healthd : battery l=100 v=5000 t=25.0 h=2 st=2 c=900000 fc=3000000 cc=10 chg=a
04-16 19:02:39.163 562 656 D SensorService: nuSensorService thread starting...
04-16 19:02:39.182 562 562 I HealthServiceWrapperAidl: health: HealthServiceWrapper listening to AIDL HAL
04-16 19:02:39.185 562 651 V HistoricalRegistry: Interaction before persistence initialized
04-16 19:02:39.198 562 655 D SensorService: new thread SensorEventAckReceiver
04-16 19:02:39.220 562 651 V SystemServerTimingAsync: StartNativeSensorService took to complete: 287ms
04-16 19:02:39.220 562 651 D SystemServerInitThreadPool: Finished executing StartNativeSensorService
04-16 19:02:39.221 562 651 V SystemServerTimingAsync: InitThreadPoolExec:StartNativeSensorService took to complete: 292ms
04-16 19:02:39.233 383 383 I android.hardware.lights-service.example: Lights setting state for id=3 to color ff00ff00
04-16 19:02:39.237 562 562 I BatteryService: health: Waited 54ms and received the update.
04-16 19:02:39.251 562 562 W SystemServiceManager: Service com.android.server.BatteryService took 222 ms in onStart
04-16 19:02:39.255 562 562 V SystemServerTiming: StartBatteryService took to complete: 273ms
04-16 19:02:39.255 562 562 D SystemServerTiming: StartUsageService
04-16 19:02:39.259 562 562 I SystemServiceManager: Starting com.android.server.usage.UsageStatsService
04-16 19:02:39.320 562 562 W SystemServiceManager: Service com.android.server.usage.UsageStatsService took 54 ms in onStart
04-16 19:02:39.321 562 562 V SystemServerTiming: StartUsageService took to complete: 66ms
04-16 19:02:39.321 562 562 D SystemServerTiming: StartWebViewUpdateService
04-16 19:02:39.321 562 562 I SystemServiceManager: Starting com.android.server.webkit.WebViewUpdateService
04-16 19:02:39.340 562 562 V SystemServerTiming: StartWebViewUpdateService took to complete: 19ms
04-16 19:02:39.340 562 562 D SystemServerTiming: StartCachedDeviceStateService
04-16 19:02:39.341 562 562 I SystemServiceManager: Starting com.android.server.CachedDeviceStateService
04-16 19:02:39.342 562 562 V SystemServerTiming: StartCachedDeviceStateService took to complete: 1ms
04-16 19:02:39.342 562 562 D SystemServerTiming: StartBinderCallsStatsService
04-16 19:02:39.342 562 562 I SystemServiceManager: Starting com.android.server.BinderCallsStatsService$LifeCycle
04-16 19:02:39.356 562 562 V SystemServerTiming: StartBinderCallsStatsService took to complete: 14ms
04-16 19:02:39.356 562 562 D SystemServerTiming: StartLooperStatsService
04-16 19:02:39.357 562 562 I SystemServiceManager: Starting com.android.server.LooperStatsService$Lifecycle
04-16 19:02:39.368 562 562 V SystemServerTiming: StartLooperStatsService took to complete: 11ms
04-16 19:02:39.368 562 562 D SystemServerTiming: StartRollbackManagerService
04-16 19:02:39.369 562 562 I SystemServiceManager: Starting com.android.server.rollback.RollbackManagerService
04-16 19:02:39.386 466 466 D installd: Found quota mount /dev/block/dm-38 at /data
04-16 19:02:39.395 466 466 D installd: Found quota mount /dev/block/dm-38 at /data/user/0
04-16 19:02:39.415 562 562 I PackageWatchdog: Syncing state, reason: added new observer
04-16 19:02:39.422 562 562 I PackageWatchdog: Not pruning observers, elapsed time: 0ms
04-16 19:02:39.423 562 562 I PackageWatchdog: Cancelling state sync, nothing to sync
04-16 19:02:39.424 562 596 I PackageWatchdog: Saving observer state to file
04-16 19:02:39.544 562 562 W SystemServiceManager: Service com.android.server.rollback.RollbackManagerService took 175 ms in onStart
04-16 19:02:39.545 562 562 V SystemServerTiming: StartRollbackManagerService took to complete: 176ms
04-16 19:02:39.545 562 562 D SystemServerTiming: StartNativeTombstoneManagerService
04-16 19:02:39.545 562 562 I SystemServiceManager: Starting com.android.server.os.NativeTombstoneManagerService
04-16 19:02:39.554 562 562 V SystemServerTiming: StartNativeTombstoneManagerService took to complete: 9ms
04-16 19:02:39.554 562 562 D SystemServerTiming: StartBugreportManagerService
04-16 19:02:39.555 562 562 I SystemServiceManager: Starting com.android.server.os.BugreportManagerService
04-16 19:02:39.576 562 562 V SystemServerTiming: StartBugreportManagerService took to complete: 22ms
04-16 19:02:39.576 562 562 D SystemServerTiming: GpuService
04-16 19:02:39.577 562 562 I SystemServiceManager: Starting com.android.server.gpu.GpuService
04-16 19:02:39.577 562 562 V SystemServerTiming: GpuService took to complete: 0ms
04-16 19:02:39.577 562 562 D SystemServerTiming: StartRemoteProvisioningService
04-16 19:02:39.578 562 562 I SystemServiceManager: Starting com.android.server.security.rkp.RemoteProvisioningService
04-16 19:02:39.590 562 562 V SystemServerTiming: StartRemoteProvisioningService took to complete: 12ms
04-16 19:02:39.590 562 562 D SystemServerTiming: CpuMonitorService
04-16 19:02:39.591 562 562 I SystemServiceManager: Starting com.android.server.cpu.CpuMonitorService
04-16 19:02:39.790 562 562 V SLog : static_init took to complete: 29ms
04-16 19:02:39.790 562 562 I CpuMonitorService: Starting debug monitoring
04-16 19:02:39.791 562 562 W SystemServiceManager: Service com.android.server.cpu.CpuMonitorService took 193 ms in onStart
04-16 19:02:39.791 562 562 V SystemServerTiming: CpuMonitorService took to complete: 201ms
04-16 19:02:39.791 562 562 V SystemServerTiming: startCoreServices took to complete: 872ms
04-16 19:02:39.791 562 562 D SystemServerTiming: startOtherServices
04-16 19:02:39.794 562 665 W CpuMonitorService: Skipping reading from device and returning the last read CpuInfos. Last read was 131 ms ago, min read interval is 500 ms
04-16 19:02:39.802 562 562 D SystemServerTiming: StartKeyAttestationApplicationIdProviderService
04-16 19:02:39.811 562 666 D SystemServerTimingAsync: InitThreadPoolExec:SecondaryZygotePreload
04-16 19:02:39.818 562 666 D SystemServerInitThreadPool: Started executing SecondaryZygotePreload
04-16 19:02:39.819 562 666 I SystemServer: SecondaryZygotePreload
04-16 19:02:39.819 562 666 D SystemServerTimingAsync: SecondaryZygotePreload
04-16 19:02:39.829 562 666 V SystemServerTimingAsync: SecondaryZygotePreload took to complete: 0ms
04-16 19:02:39.829 562 666 D SystemServerInitThreadPool: Finished executing SecondaryZygotePreload
04-16 19:02:39.829 562 666 V SystemServerTimingAsync: InitThreadPoolExec:SecondaryZygotePreload took to complete: 11ms
04-16 19:02:39.832 562 562 V SystemServerTiming: StartKeyAttestationApplicationIdProviderService took to complete: 14ms
04-16 19:02:39.832 562 562 D SystemServerTiming: StartKeyChainSystemService
04-16 19:02:39.832 562 562 I SystemServiceManager: Starting com.android.server.security.KeyChainSystemService
04-16 19:02:39.834 562 562 V SystemServerTiming: StartKeyChainSystemService took to complete: 2ms
04-16 19:02:39.834 562 562 D SystemServerTiming: StartBinaryTransparencyService
04-16 19:02:39.834 562 562 I SystemServiceManager: Starting com.android.server.BinaryTransparencyService
04-16 19:02:39.852 562 562 I TransparencyService: Started BinaryTransparencyService
04-16 19:02:39.852 562 562 V SystemServerTiming: StartBinaryTransparencyService took to complete: 19ms
04-16 19:02:39.853 562 562 D SystemServerTiming: StartSchedulingPolicyService
04-16 19:02:39.854 562 592 D SystemServerTimingAsync: InitThreadPoolExec:SchedulingPolicyService.
04-16 19:02:39.854 562 592 D SystemServerInitThreadPool: Started executing SchedulingPolicyService.
04-16 19:02:39.859 562 562 V SystemServerTiming: StartSchedulingPolicyService took to complete: 6ms
04-16 19:02:39.859 562 562 D SystemServerTiming: StartTelecomLoaderService
04-16 19:02:39.869 562 562 I SystemServiceManager: Starting com.android.server.telecom.TelecomLoaderService
04-16 19:02:39.870 562 562 V SystemServerTiming: StartTelecomLoaderService took to complete: 10ms
04-16 19:02:39.870 562 562 D SystemServerTiming: StartTelephonyRegistry
04-16 19:02:39.924 562 562 V SystemServerTiming: StartTelephonyRegistry took to complete: 44ms
04-16 19:02:39.924 562 562 D SystemServerTiming: StartEntropyMixer
04-16 19:02:39.947 562 592 I SchedulingPolicyService: Moving 480 back to group default
04-16 19:02:39.985 562 592 D SystemServerInitThreadPool: Finished executing SchedulingPolicyService.
04-16 19:02:39.985 562 592 V SystemServerTimingAsync: InitThreadPoolExec:SchedulingPolicyService. took to complete: 131ms
04-16 19:02:40.029 562 562 I EntropyMixer: Created seed file
04-16 19:02:40.051 562 562 V SystemServerTiming: StartEntropyMixer took to complete: 126ms
04-16 19:02:40.052 562 562 D SystemServerTiming: StartAccountManagerService
04-16 19:02:40.060 562 562 I SystemServiceManager: Starting com.android.server.accounts.AccountManagerService$Lifecycle
04-16 19:02:40.099 562 562 D CompatibilityChangeReporter: Compat change id reported: 148180766; UID 1000; state: ENABLED
04-16 19:02:40.108 562 562 V SystemServerTiming: StartAccountManagerService took to complete: 49ms
04-16 19:02:40.108 562 562 D SystemServerTiming: StartContentService
04-16 19:02:40.109 562 562 I SystemServiceManager: Starting com.android.server.content.ContentService$Lifecycle
04-16 19:02:40.130 562 562 V SystemServerTiming: StartContentService took to complete: 21ms
04-16 19:02:40.130 562 562 D SystemServerTiming: InstallSystemProviders
04-16 19:02:40.283 562 562 D nativeloader: Configuring clns-shared-14 for other apk /system/priv-app/SettingsProvider/SettingsProvider.apk. target_sdk_version=34, uses_libraries=, library_path=/system/priv-app/SettingsProvider/lib/x86_64:/system/priv-app/SettingsProvider/SettingsProvider.apk!/lib/x86_64:/system/lib64:/system_ext/lib64, permitted_path=/data:/mnt/expand:/data/user_de/0/com.android.providers.settings:/system/priv-app/SettingsProvider:/system/lib64:/system_ext/lib64
04-16 19:02:40.987 562 642 V SystemServerTimingAsync: AppDataPrepare took to complete: 5637ms
04-16 19:02:40.987 562 642 I PackageManager: Deferred reconcileAppsData finished 179 packages
04-16 19:02:40.987 562 642 D SystemServerInitThreadPool: Finished executing prepareAppData
04-16 19:02:40.987 562 642 V SystemServerTimingAsync: InitThreadPoolExec:prepareAppData took to complete: 5666ms
04-16 19:02:41.001 562 562 W SettingsState: No settings state /data/system/users/0/settings_system.xml
04-16 19:02:41.029 562 562 W SettingsState: No settings state /data/system/users/0/settings_secure.xml
04-16 19:02:41.043 562 562 D SettingsProvider: Generated and saved new ANDROID_ID [d800a1f34ab020ca] for user 0
04-16 19:02:41.054 562 562 W SettingsState: No settings state /data/system/users/0/settings_global.xml
04-16 19:02:41.098 562 562 D SettingsProvider: Setting [] as Autofill Service for user 0
04-16 19:02:41.187 562 562 W SettingsState: No settings state /data/system/users/0/settings_config.xml
04-16 19:02:41.190 562 562 W SettingsState: No settings state /data/system/users/0/settings_ssaid.xml
04-16 19:02:41.306 562 562 D ActivityManager: Checking cgroup freezer: /sys/fs/cgroup/uid_0/pid_350/cgroup.freeze
04-16 19:02:41.307 562 562 D ActivityManager: Checking binder freezer ioctl
04-16 19:02:41.309 562 562 D ActivityManager: Checking freezer profiles
04-16 19:02:41.310 562 562 D ActivityManager: Freezer supported: true
04-16 19:02:41.311 562 562 D ActivityManager: Freezer timeout set to 10000
04-16 19:02:41.311 562 562 D ActivityManager: Freezer exemption set to true
04-16 19:02:41.316 562 597 D ActivityManager: Freezer enabled
04-16 19:02:41.317 562 597 D ActivityManager: freezer override set to false
04-16 19:02:41.324 562 562 I SystemServiceManager: Starting com.android.server.deviceconfig.DeviceConfigInit$Lifecycle
04-16 19:02:41.325 562 562 V SystemServerTiming: InstallSystemProviders took to complete: 1194ms
04-16 19:02:41.325 562 562 D SystemServerTiming: StartDropBoxManager
04-16 19:02:41.326 562 562 I SystemServiceManager: Starting com.android.server.DropBoxManagerService
04-16 19:02:41.338 562 562 V SystemServerTiming: StartDropBoxManager took to complete: 13ms
04-16 19:02:41.339 562 562 D SystemServerTiming: StartRoleManagerService
04-16 19:02:41.342 562 562 I SystemServiceManager: Starting com.android.role.RoleService
04-16 19:02:41.371 562 562 V SystemServerTiming: StartRoleManagerService took to complete: 32ms
04-16 19:02:41.371 562 562 D SystemServerTiming: StartVibratorManagerService
04-16 19:02:41.371 562 562 I SystemServiceManager: Starting com.android.server.vibrator.VibratorManagerService$Lifecycle
04-16 19:02:41.409 0 0 I servicemanager: Found android.hardware.vibrator.IVibratorManager/default in device VINTF manifest.
04-16 19:02:41.410 392 392 I android.hardware.vibrator-service.example: Vibrator manager reporting capabilities
04-16 19:02:41.416 392 392 I android.hardware.vibrator-service.example: Vibrator manager getting vibrator ids
04-16 19:02:41.421 392 392 I android.hardware.vibrator-service.example: Vibrator manager getting vibrator 1
04-16 19:02:41.447 392 392 I android.hardware.vibrator-service.example: Vibrator Manager cancel synced
04-16 19:02:41.449 392 392 I android.hardware.vibrator-service.example: Vibrator manager getting vibrator 1
04-16 19:02:41.458 562 562 W SystemServiceManager: Service com.android.server.vibrator.VibratorManagerService$Lifecycle took 85 ms in onStart
04-16 19:02:41.459 562 562 V SystemServerTiming: StartVibratorManagerService took to complete: 88ms
04-16 19:02:41.459 562 562 D SystemServerTiming: StartDynamicSystemService
04-16 19:02:41.461 562 562 V SystemServerTiming: StartDynamicSystemService took to complete: 2ms
04-16 19:02:41.462 562 562 D SystemServerTiming: StartResourceEconomy
04-16 19:02:41.463 562 562 I SystemServiceManager: Starting com.android.server.tare.InternalResourceService
04-16 19:02:41.485 562 562 V SystemServerTiming: StartResourceEconomy took to complete: 23ms
04-16 19:02:41.485 562 562 D SystemServerTiming: StartAlarmManagerService
04-16 19:02:41.486 562 562 I SystemServiceManager: Starting com.android.server.alarm.AlarmManagerService
04-16 19:02:41.522 562 562 D CompatibilityChangeReporter: Compat change id reported: 160794467; UID 1000; state: ENABLED
04-16 19:02:41.543 562 562 V SystemServerTiming: StartAlarmManagerService took to complete: 58ms
04-16 19:02:41.543 562 562 D SystemServerTiming: StartInputManagerService
04-16 19:02:41.585 348 356 I ServiceManagerCppClient: Waiting for service 'statscompanion' on '/dev/binder'...
04-16 19:02:41.605 562 562 I InputManager: Initializing input manager, mUseDevInputEventForAudioJack=true
04-16 19:02:41.609 562 562 V SystemServerTiming: StartInputManagerService took to complete: 66ms
04-16 19:02:41.609 562 562 D SystemServerTiming: DeviceStateManagerService
04-16 19:02:41.610 562 562 I SystemServiceManager: Starting com.android.server.devicestate.DeviceStateManagerService
04-16 19:02:41.628 562 562 E DeviceStateManagerService: Cannot notify device state info change before the initial state has been committed.
04-16 19:02:41.629 562 562 I DeviceStateManagerService: Cannot notify device state info change when pending state is present.
04-16 19:02:41.644 562 562 V SystemServerTiming: DeviceStateManagerService took to complete: 34ms
04-16 19:02:41.644 562 562 D SystemServerTiming: StartCameraServiceProxy
04-16 19:02:41.645 562 562 I SystemServiceManager: Starting com.android.server.camera.CameraServiceProxy
04-16 19:02:41.655 562 562 V SystemServerTiming: StartCameraServiceProxy took to complete: 10ms
04-16 19:02:41.655 562 562 D SystemServerTiming: StartWindowManagerService
04-16 19:02:41.655 562 562 I SystemServiceManager: Starting phase 200
04-16 19:02:41.655 562 562 D SystemServerTiming: OnBootPhase_200
04-16 19:02:41.655 562 562 D SystemServerTiming: OnBootPhase_200_com.android.server.security.FileIntegrityService
04-16 19:02:41.657 562 562 V SystemServerTiming: OnBootPhase_200_com.android.server.security.FileIntegrityService took to complete: 0ms
04-16 19:02:41.657 562 562 D SystemServerTiming: OnBootPhase_200_com.android.server.pm.Installer
04-16 19:02:41.657 562 562 V SystemServerTiming: OnBootPhase_200_com.android.server.pm.Installer took to complete: 0ms
04-16 19:02:41.657 562 562 D SystemServerTiming: OnBootPhase_200_com.android.server.os.DeviceIdentifiersPolicyService
04-16 19:02:41.657 562 562 V SystemServerTiming: OnBootPhase_200_com.android.server.os.DeviceIdentifiersPolicyService took to complete: 0ms
04-16 19:02:41.657 562 562 D SystemServerTiming: OnBootPhase_200_com.android.server.uri.UriGrantsManagerService$Lifecycle
04-16 19:02:41.657 562 562 V SystemServerTiming: OnBootPhase_200_com.android.server.uri.UriGrantsManagerService$Lifecycle took to complete: 0ms
04-16 19:02:41.658 562 562 D SystemServerTiming: OnBootPhase_200_com.android.server.powerstats.PowerStatsService
04-16 19:02:41.658 562 562 V SystemServerTiming: OnBootPhase_200_com.android.server.powerstats.PowerStatsService took to complete: 0ms
04-16 19:02:41.658 562 562 D SystemServerTiming: OnBootPhase_200_com.android.server.permission.access.AccessCheckingService
04-16 19:02:41.658 562 562 V SystemServerTiming: OnBootPhase_200_com.android.server.permission.access.AccessCheckingService took to complete: 0ms
04-16 19:02:41.658 562 562 D SystemServerTiming: OnBootPhase_200_com.android.server.wm.ActivityTaskManagerService$Lifecycle
04-16 19:02:41.658 562 562 V SystemServerTiming: OnBootPhase_200_com.android.server.wm.ActivityTaskManagerService$Lifecycle took to complete: 0ms
04-16 19:02:41.658 562 562 D SystemServerTiming: OnBootPhase_200_com.android.server.am.ActivityManagerService$Lifecycle
