04-16 19:01:17.178 0 0 I LibBpfLoader: Section size_of_bpf_prog_def value is 92 [0x5c]
04-16 19:01:17.178 0 0 I LibBpfLoader: BpfLoader version 0x00026 processing ELF object /system/etc/bpf/fuseMedia.o with ver [0x0001c,0x10000)
04-16 19:01:17.184 0 0 D LibBpfLoader: Loaded code section 3 (fuse_media)
04-16 19:01:17.186 0 0 D LibBpfLoader: Adding section 3 to cs list
04-16 19:01:17.192 0 0 W LibBpfLoader: No maps section could be found in elf object
04-16 19:01:17.192 0 0 D LibBpfLoader: cs[0].name:fuse_media min_kver:0 .max_kver:ffffffff (kvers:6010017)
04-16 19:01:17.192 0 0 D LibBpfLoader: cs[0].name:fuse_media requires bpfloader version [0x0001c,0x10000)
04-16 19:01:17.203 0 0 D LibBpfLoader: bpf_prog_load lib call for /system/etc/bpf/fuseMedia.o (fuse_media) returned fd: 6 (no error)
04-16 19:01:17.204 0 0 I LibBpfLoader: prog /sys/fs/bpf/prog_fuseMedia_fuse_media id 29
04-16 19:01:17.204 0 0 I bpfloader: Loaded object: /system/etc/bpf/fuseMedia.o
04-16 19:01:17.207 0 0 D LibBpfLoader: Loading optional ELF object /system/etc/bpf/gpuMem.o with license Apache 2.0
04-16 19:01:17.208 0 0 I LibBpfLoader: Section bpfloader_min_ver value is 28 [0x1c]
04-16 19:01:17.208 0 0 I LibBpfLoader: Section bpfloader_max_ver value is 65536 [0x10000]
04-16 19:01:17.209 0 0 D LibBpfLoader: Couldn't find section bpfloader_min_required_ver (defaulting to 0 [0x0]).
04-16 19:01:17.209 0 0 I LibBpfLoader: Section size_of_bpf_map_def value is 120 [0x78]
04-16 19:01:17.210 0 0 I LibBpfLoader: Section size_of_bpf_prog_def value is 92 [0x5c]
04-16 19:01:17.210 0 0 I LibBpfLoader: BpfLoader version 0x00026 processing ELF object /system/etc/bpf/gpuMem.o with ver [0x0001c,0x10000)
04-16 19:01:17.215 0 0 D LibBpfLoader: Loaded code section 3 (tracepoint_gpu_mem_gpu_mem_total)
04-16 19:01:17.216 0 0 D LibBpfLoader: Loaded relo section 3 (.reltracepoint/gpu_mem/gpu_mem_total)
04-16 19:01:17.217 0 0 D LibBpfLoader: Adding section 3 to cs list
04-16 19:01:17.223 0 0 D LibBpfLoader: Couldn't find section btf_min_bpfloader_ver (defaulting to 0 [0x0]).
04-16 19:01:17.223 0 0 D LibBpfLoader: Couldn't find section btf_min_kernel_ver (defaulting to 0 [0x0]).
04-16 19:01:17.308 0 0 D LibBpfLoader: bpf_create_map name gpu_mem_total_map, ret: 6
04-16 19:01:17.308 0 0 I LibBpfLoader: map /sys/fs/bpf/map_gpuMem_gpu_mem_total_map id 32
04-16 19:01:17.309 0 0 D LibBpfLoader: map_fd found at 0 is 6 in /system/etc/bpf/gpuMem.o
04-16 19:01:17.312 0 0 D LibBpfLoader: cs[0].name:tracepoint_gpu_mem_gpu_mem_total min_kver:0 .max_kver:ffffffff (kvers:6010017)
04-16 19:01:17.312 0 0 D LibBpfLoader: cs[0].name:tracepoint_gpu_mem_gpu_mem_total requires bpfloader version [0x0001c,0x10000)
04-16 19:01:17.320 0 0 D LibBpfLoader: bpf_prog_load lib call for /system/etc/bpf/gpuMem.o (tracepoint_gpu_mem_gpu_mem_total) returned fd: 7 (no error)
04-16 19:01:17.321 0 0 I LibBpfLoader: prog /sys/fs/bpf/prog_gpuMem_tracepoint_gpu_mem_gpu_mem_total id 30
04-16 19:01:17.322 0 0 I bpfloader: Loaded object: /system/etc/bpf/gpuMem.o
04-16 19:01:17.326 0 0 D LibBpfLoader: Loading optional ELF object /system/etc/bpf/timeInState.o with license GPL
04-16 19:01:17.326 0 0 I LibBpfLoader: Section bpfloader_min_ver value is 28 [0x1c]
04-16 19:01:17.327 0 0 I LibBpfLoader: Section bpfloader_max_ver value is 65536 [0x10000]
04-16 19:01:17.327 0 0 D LibBpfLoader: Couldn't find section bpfloader_min_required_ver (defaulting to 0 [0x0]).
04-16 19:01:17.328 0 0 I LibBpfLoader: Section size_of_bpf_map_def value is 120 [0x78]
04-16 19:01:17.328 0 0 I LibBpfLoader: Section size_of_bpf_prog_def value is 92 [0x5c]
04-16 19:01:17.328 0 0 I LibBpfLoader: BpfLoader version 0x00026 processing ELF object /system/etc/bpf/timeInState.o with ver [0x0001c,0x10000)
04-16 19:01:17.339 0 0 D LibBpfLoader: Loaded code section 3 (tracepoint_sched_sched_switch)
04-16 19:01:17.341 0 0 D LibBpfLoader: Loaded relo section 3 (.reltracepoint/sched/sched_switch)
04-16 19:01:17.341 0 0 D LibBpfLoader: Adding section 3 to cs list
04-16 19:01:17.341 0 0 D LibBpfLoader: Loaded code section 5 (tracepoint_power_cpu_frequency)
04-16 19:01:17.344 0 0 D LibBpfLoader: Loaded relo section 5 (.reltracepoint/power/cpu_frequency)
04-16 19:01:17.344 0 0 D LibBpfLoader: Adding section 5 to cs list
04-16 19:01:17.344 0 0 D LibBpfLoader: Loaded code section 7 (tracepoint_sched_sched_process_free)
04-16 19:01:17.348 0 0 D LibBpfLoader: Loaded relo section 7 (.reltracepoint/sched/sched_process_free)
04-16 19:01:17.348 0 0 D LibBpfLoader: Adding section 7 to cs list
04-16 19:01:17.361 0 0 D LibBpfLoader: Couldn't find section btf_min_bpfloader_ver (defaulting to 0 [0x0]).
04-16 19:01:17.361 0 0 D LibBpfLoader: Couldn't find section btf_min_kernel_ver (defaulting to 0 [0x0]).
04-16 19:01:17.456 0 0 D LibBpfLoader: bpf_create_map name total_time_in_state_map, ret: 6
04-16 19:01:17.456 0 0 I LibBpfLoader: map /sys/fs/bpf/map_timeInState_total_time_in_state_map id 33
04-16 19:01:17.462 0 0 D LibBpfLoader: bpf_create_map name uid_time_in_state_map, ret: 8
04-16 19:01:17.462 0 0 I LibBpfLoader: map /sys/fs/bpf/map_timeInState_uid_time_in_state_map id 34
04-16 19:01:17.468 0 0 D LibBpfLoader: bpf_create_map name uid_concurrent_times_map, ret: 9
04-16 19:01:17.468 0 0 I LibBpfLoader: map /sys/fs/bpf/map_timeInState_uid_concurrent_times_map id 35
04-16 19:01:17.469 0 0 D LibBpfLoader: bpf_create_map name uid_last_update_map, ret: 10
04-16 19:01:17.470 0 0 I LibBpfLoader: map /sys/fs/bpf/map_timeInState_uid_last_update_map id 36
04-16 19:01:17.471 0 0 D LibBpfLoader: bpf_create_map name cpu_last_update_map, ret: 11
04-16 19:01:17.471 0 0 I LibBpfLoader: map /sys/fs/bpf/map_timeInState_cpu_last_update_map id 37
04-16 19:01:17.471 0 0 D LibBpfLoader: bpf_create_map name cpu_last_pid_map, ret: 12
04-16 19:01:17.471 0 0 I LibBpfLoader: map /sys/fs/bpf/map_timeInState_cpu_last_pid_map id 38
04-16 19:01:17.472 0 0 D LibBpfLoader: bpf_create_map name cpu_policy_map, ret: 13
04-16 19:01:17.472 0 0 I LibBpfLoader: map /sys/fs/bpf/map_timeInState_cpu_policy_map id 39
04-16 19:01:17.472 0 0 D LibBpfLoader: bpf_create_map name policy_freq_idx_map, ret: 14
04-16 19:01:17.473 0 0 I LibBpfLoader: map /sys/fs/bpf/map_timeInState_policy_freq_idx_map id 40
04-16 19:01:17.474 0 0 D LibBpfLoader: bpf_create_map name freq_to_idx_map, ret: 15
04-16 19:01:17.474 0 0 I LibBpfLoader: map /sys/fs/bpf/map_timeInState_freq_to_idx_map id 41
04-16 19:01:17.474 0 0 D LibBpfLoader: bpf_create_map name nr_active_map, ret: 16
04-16 19:01:17.474 0 0 I LibBpfLoader: map /sys/fs/bpf/map_timeInState_nr_active_map id 42
04-16 19:01:17.475 0 0 D LibBpfLoader: bpf_create_map name policy_nr_active_map, ret: 17
04-16 19:01:17.475 0 0 I LibBpfLoader: map /sys/fs/bpf/map_timeInState_policy_nr_active_map id 43
04-16 19:01:17.475 0 0 D LibBpfLoader: bpf_create_map name pid_tracked_hash_map, ret: 18
04-16 19:01:17.476 0 0 I LibBpfLoader: map /sys/fs/bpf/map_timeInState_pid_tracked_hash_map id 44
04-16 19:01:17.476 0 0 D LibBpfLoader: bpf_create_map name pid_tracked_map, ret: 19
04-16 19:01:17.476 0 0 I LibBpfLoader: map /sys/fs/bpf/map_timeInState_pid_tracked_map id 45
04-16 19:01:17.478 0 0 D LibBpfLoader: bpf_create_map name pid_task_aggregation_map, ret: 20
04-16 19:01:17.479 0 0 I LibBpfLoader: map /sys/fs/bpf/map_timeInState_pid_task_aggregation_map id 46
04-16 19:01:17.483 0 0 D LibBpfLoader: bpf_create_map name pid_time_in_state_map, ret: 21
04-16 19:01:17.483 0 0 I LibBpfLoader: map /sys/fs/bpf/map_timeInState_pid_time_in_state_map id 47
04-16 19:01:17.483 0 0 D LibBpfLoader: map_fd found at 0 is 6 in /system/etc/bpf/timeInState.o
04-16 19:01:17.483 0 0 D LibBpfLoader: map_fd found at 1 is 8 in /system/etc/bpf/timeInState.o
04-16 19:01:17.483 0 0 D LibBpfLoader: map_fd found at 2 is 9 in /system/etc/bpf/timeInState.o
04-16 19:01:17.483 0 0 D LibBpfLoader: map_fd found at 3 is 10 in /system/etc/bpf/timeInState.o
04-16 19:01:17.483 0 0 D LibBpfLoader: map_fd found at 4 is 11 in /system/etc/bpf/timeInState.o
04-16 19:01:17.484 0 0 D LibBpfLoader: map_fd found at 5 is 12 in /system/etc/bpf/timeInState.o
04-16 19:01:17.484 0 0 D LibBpfLoader: map_fd found at 6 is 13 in /system/etc/bpf/timeInState.o
04-16 19:01:17.484 0 0 D LibBpfLoader: map_fd found at 7 is 14 in /system/etc/bpf/timeInState.o
04-16 19:01:17.484 0 0 D LibBpfLoader: map_fd found at 8 is 15 in /system/etc/bpf/timeInState.o
04-16 19:01:17.484 0 0 D LibBpfLoader: map_fd found at 9 is 16 in /system/etc/bpf/timeInState.o
04-16 19:01:17.484 0 0 D LibBpfLoader: map_fd found at 10 is 17 in /system/etc/bpf/timeInState.o
04-16 19:01:17.484 0 0 D LibBpfLoader: map_fd found at 11 is 18 in /system/etc/bpf/timeInState.o
04-16 19:01:17.484 0 0 D LibBpfLoader: map_fd found at 12 is 19 in /system/etc/bpf/timeInState.o
04-16 19:01:17.484 0 0 D LibBpfLoader: map_fd found at 13 is 20 in /system/etc/bpf/timeInState.o
04-16 19:01:17.484 0 0 D LibBpfLoader: map_fd found at 14 is 21 in /system/etc/bpf/timeInState.o
04-16 19:01:17.515 0 0 D LibBpfLoader: cs[0].name:tracepoint_sched_sched_switch min_kver:0 .max_kver:ffffffff (kvers:6010017)
04-16 19:01:17.515 0 0 D LibBpfLoader: cs[0].name:tracepoint_sched_sched_switch requires bpfloader version [0x0001c,0x10000)
04-16 19:01:17.532 0 0 D LibBpfLoader: bpf_prog_load lib call for /system/etc/bpf/timeInState.o (tracepoint_sched_sched_switch) returned fd: 7 (no error)
04-16 19:01:17.533 0 0 I LibBpfLoader: prog /sys/fs/bpf/prog_timeInState_tracepoint_sched_sched_switch id 31
04-16 19:01:17.533 0 0 D LibBpfLoader: cs[1].name:tracepoint_power_cpu_frequency min_kver:0 .max_kver:ffffffff (kvers:6010017)
04-16 19:01:17.533 0 0 D LibBpfLoader: cs[1].name:tracepoint_power_cpu_frequency requires bpfloader version [0x0001c,0x10000)
04-16 19:01:17.540 0 0 D LibBpfLoader: bpf_prog_load lib call for /system/etc/bpf/timeInState.o (tracepoint_power_cpu_frequency) returned fd: 22 (no error)
04-16 19:01:17.541 0 0 I LibBpfLoader: prog /sys/fs/bpf/prog_timeInState_tracepoint_power_cpu_frequency id 32
04-16 19:01:17.541 0 0 D LibBpfLoader: cs[2].name:tracepoint_sched_sched_process_free min_kver:0 .max_kver:ffffffff (kvers:6010017)
04-16 19:01:17.542 0 0 D LibBpfLoader: cs[2].name:tracepoint_sched_sched_process_free requires bpfloader version [0x0001c,0x10000)
04-16 19:01:17.550 0 0 D LibBpfLoader: bpf_prog_load lib call for /system/etc/bpf/timeInState.o (tracepoint_sched_sched_process_free) returned fd: 23 (no error)
04-16 19:01:17.551 0 0 I LibBpfLoader: prog /sys/fs/bpf/prog_timeInState_tracepoint_sched_sched_process_free id 33
04-16 19:01:17.551 0 0 I bpfloader: Loaded object: /system/etc/bpf/timeInState.o
04-16 19:01:17.555 0 0 D LibBpfLoader: Loading critical for BPF Ringbuf test ELF object /system/etc/bpf/bpfRingbufProg.o with license Apache 2.0
04-16 19:01:17.555 0 0 I LibBpfLoader: Section bpfloader_min_ver value is 28 [0x1c]
04-16 19:01:17.555 0 0 I LibBpfLoader: Section bpfloader_max_ver value is 65536 [0x10000]
04-16 19:01:17.556 0 0 D LibBpfLoader: Couldn't find section bpfloader_min_required_ver (defaulting to 0 [0x0]).
04-16 19:01:17.556 0 0 I LibBpfLoader: Section size_of_bpf_map_def value is 120 [0x78]
04-16 19:01:17.557 0 0 I LibBpfLoader: Section size_of_bpf_prog_def value is 92 [0x5c]
04-16 19:01:17.557 0 0 I LibBpfLoader: BpfLoader version 0x00026 processing ELF object /system/etc/bpf/bpfRingbufProg.o with ver [0x0001c,0x10000)
04-16 19:01:17.561 0 0 D LibBpfLoader: Loaded code section 3 (skfilter_ringbuf_test)
04-16 19:01:17.563 0 0 D LibBpfLoader: Loaded relo section 3 (.relskfilter/ringbuf_test)
04-16 19:01:17.563 0 0 D LibBpfLoader: Adding section 3 to cs list
04-16 19:01:17.569 0 0 D LibBpfLoader: Couldn't find section btf_min_bpfloader_ver (defaulting to 0 [0x0]).
04-16 19:01:17.570 0 0 D LibBpfLoader: Couldn't find section btf_min_kernel_ver (defaulting to 0 [0x0]).
04-16 19:01:17.570 0 0 D LibBpfLoader: bpf_create_map name test_ringbuf, ret: 6
04-16 19:01:17.571 0 0 I LibBpfLoader: map /sys/fs/bpf/map_bpfRingbufProg_test_ringbuf id 48
04-16 19:01:17.571 0 0 D LibBpfLoader: map_fd found at 0 is 6 in /system/etc/bpf/bpfRingbufProg.o
04-16 19:01:17.573 0 0 D LibBpfLoader: cs[0].name:skfilter_ringbuf_test min_kver:5080000 .max_kver:ffffffff (kvers:6010017)
04-16 19:01:17.574 0 0 D LibBpfLoader: cs[0].name:skfilter_ringbuf_test requires bpfloader version [0x0001c,0x10000)
04-16 19:01:17.581 0 0 D LibBpfLoader: bpf_prog_load lib call for /system/etc/bpf/bpfRingbufProg.o (skfilter_ringbuf_test) returned fd: 7 (no error)
04-16 19:01:17.582 0 0 I LibBpfLoader: prog /sys/fs/bpf/prog_bpfRingbufProg_skfilter_ringbuf_test id 34
04-16 19:01:17.582 0 0 I bpfloader: Loaded object: /system/etc/bpf/bpfRingbufProg.o
04-16 19:01:17.591 0 0 I init : Service 'bpfloader' (pid 336) exited with status 0 waiting took 2.784000 seconds
04-16 19:01:17.591 0 0 I init : Sending signal 9 to service 'bpfloader' (pid 336) process group...
04-16 19:01:17.592 0 0 I libprocessgroup: Successfully killed process cgroup uid 0 pid 336 in 0ms
04-16 19:01:17.596 0 0 I init : Untracked pid 339 received signal 9
04-16 19:01:17.597 0 0 I init : Untracked pid 339 did not have an associated service entry and will not be reaped
04-16 19:01:17.597 0 0 I init : processing action (ro.crypto.state=encrypted && ro.crypto.type=file && zygote-start) from (/system/etc/init/hw/init.rc:1090)
04-16 19:01:17.598 0 0 I init : start_waiting_for_property("odsign.verification.done", "1"): already set
04-16 19:01:17.599 0 0 I init : starting service 'update_verifier_nonencrypted'...
04-16 19:01:17.661 0 0 I init : ... started service 'update_verifier_nonencrypted' has pid 347
04-16 19:01:17.661 0 0 I init : SVC_EXEC service 'update_verifier_nonencrypted' pid 347 (uid 0 gid 2001+1 context default) started; waiting...
04-16 19:01:17.662 0 0 I init : Command 'exec_start update_verifier_nonencrypted' action=ro.crypto.state=encrypted && ro.crypto.type=file && zygote-start (/system/etc/init/hw/init.rc:1093) took 63ms and succeeded
04-16 19:01:17.779 0 0 I init : Service 'update_verifier_nonencrypted' (pid 347) exited with status 0 waiting took 0.175000 seconds
04-16 19:01:17.779 0 0 I init : Sending signal 9 to service 'update_verifier_nonencrypted' (pid 347) process group...
04-16 19:01:17.780 0 0 I libprocessgroup: Successfully killed process cgroup uid 0 pid 347 in 0ms
04-16 19:01:17.790 0 0 I init : starting service 'statsd'...
04-16 19:01:17.793 0 0 I init : Created socket '/dev/socket/statsdw', mode 222, user 1066, group 1066
04-16 19:01:17.843 0 0 I init : ... started service 'statsd' has pid 348
04-16 19:01:17.843 0 0 I init : Command 'start statsd' action=ro.crypto.state=encrypted && ro.crypto.type=file && zygote-start (/system/etc/init/hw/init.rc:1094) took 56ms and succeeded
04-16 19:01:17.845 0 0 I init : starting service 'netd'...
04-16 19:01:17.847 0 0 I init : Created socket '/dev/socket/dnsproxyd', mode 660, user 0, group 3003
04-16 19:01:17.848 0 0 I init : Created socket '/dev/socket/mdns', mode 660, user 0, group 1000
04-16 19:01:17.850 0 0 I init : Created socket '/dev/socket/fwmarkd', mode 660, user 0, group 3003
04-16 19:01:17.894 0 0 I init : ... started service 'netd' has pid 349
04-16 19:01:17.895 0 0 I init : Command 'start netd' action=ro.crypto.state=encrypted && ro.crypto.type=file && zygote-start (/system/etc/init/hw/init.rc:1095) took 51ms and succeeded
04-16 19:01:17.896 0 0 I init : starting service 'zygote'...
04-16 19:01:17.911 0 0 I init : Created socket '/dev/socket/zygote', mode 660, user 0, group 1000
04-16 19:01:17.949 0 0 I init : Created socket '/dev/socket/usap_pool_primary', mode 660, user 0, group 1000
04-16 19:01:18.022 0 0 I init : ... started service 'zygote' has pid 350
04-16 19:01:18.022 0 0 I init : Command 'start zygote' action=ro.crypto.state=encrypted && ro.crypto.type=file && zygote-start (/system/etc/init/hw/init.rc:1096) took 127ms and succeeded
04-16 19:01:18.023 0 0 I init : Command 'start zygote_secondary' action=ro.crypto.state=encrypted && ro.crypto.type=file && zygote-start (/system/etc/init/hw/init.rc:1097) took 0ms and failed: service zygote_secondary not found
04-16 19:01:18.023 0 0 I init : processing action (zygote-start) from (/vendor/etc/init/hw/init.ranchu.rc:68)
04-16 19:01:18.038 0 0 I init : processing action (firmware_mounts_complete) from (/system/etc/init/hw/init.rc:528)
04-16 19:01:18.039 0 0 I init : processing action (early-boot) from (/system/etc/init/installd.rc:7)
04-16 19:01:18.124 0 0 I init : processing action (boot) from (/system/etc/init/hw/init.rc:1104)
04-16 19:01:18.156 0 0 I init : Command 'symlink /sys/fs/f2fs/${dev.mnt.dev.data} /dev/sys/fs/by-name/userdata' action=boot (/system/etc/init/hw/init.rc:1127) took 0ms and failed: property 'dev.mnt.dev.data' doesn't exist while expanding '/sys/fs/f2fs/${dev.mnt.dev.data}'
04-16 19:01:18.171 0 0 I init : Command 'symlink /sys/class/block/${dev.mnt.dev.data} /dev/sys/block/by-name/userdata' action=boot (/system/etc/init/hw/init.rc:1132) took 0ms and failed: property 'dev.mnt.dev.data' doesn't exist while expanding '/sys/class/block/${dev.mnt.dev.data}'
04-16 19:01:18.172 0 0 I init : Command 'symlink /sys/class/block/${dev.mnt.rootdisk.data} /dev/sys/block/by-name/rootdisk' action=boot (/system/etc/init/hw/init.rc:1133) took 0ms and failed: property 'dev.mnt.rootdisk.data' doesn't exist while expanding '/sys/class/block/${dev.mnt.rootdisk.data}'
04-16 19:01:18.229 0 0 I init : starting service 'hidl_memory'...
04-16 19:01:18.321 0 0 I init : ... started service 'hidl_memory' has pid 351
04-16 19:01:18.323 0 0 I init : starting service 'vendor.audio-hal'...
04-16 19:01:18.397 0 0 I init : ... started service 'vendor.audio-hal' has pid 352
04-16 19:01:18.398 0 0 I init : starting service 'vendor.authsecret_default'...
04-16 19:01:18.657 0 0 I init : ... started service 'vendor.authsecret_default' has pid 353
04-16 19:01:18.658 0 0 I init : starting service 'vendor.camera-provider-ranchu'...
04-16 19:01:18.735 348 348 I ServiceManagerCppClient: Waiting for service 'statscompanion' on '/dev/binder'...
04-16 19:01:18.829 0 0 I init : ... started service 'vendor.camera-provider-ranchu' has pid 357
04-16 19:01:18.830 0 0 I init : starting service 'vendor.camera-provider-2-7-google'...
04-16 19:01:18.951 0 0 I init : ... started service 'vendor.camera-provider-2-7-google' has pid 358
04-16 19:01:18.957 0 0 I init : starting service 'vendor.gatekeeper-1-0'...
04-16 19:01:19.059 351 351 I HidlServiceManagement: Registered android.hidl.allocator@1.0::IAllocator/ashmem
04-16 19:01:19.078 351 351 I HidlServiceManagement: Removing namespace from process name android.hidl.allocator@1.0-service to allocator@1.0-service.
04-16 19:01:19.267 0 0 I init : ... started service 'vendor.gatekeeper-1-0' has pid 359
04-16 19:01:19.276 0 0 I init : starting service 'vendor.gralloc-3-0'...
04-16 19:01:19.495 0 0 I init : ... started service 'vendor.gralloc-3-0' has pid 360
04-16 19:01:19.496 0 0 I init : starting service 'vendor.health-default'...
04-16 19:01:19.520 0 0 I servicemanager: getDeviceHalManifest: Reloading VINTF information.
04-16 19:01:19.530 0 0 I servicemanager: getDeviceHalManifest: Reading VINTF information.
04-16 19:01:19.715 349 349 I netdClient: Skipping libnetd_client init since *we* are netd
04-16 19:01:19.801 0 0 I init : ... started service 'vendor.health-default' has pid 361
04-16 19:01:19.803 0 0 I init : starting service 'android-hardware-media-c2-goldfish-hal-1-0'...
04-16 19:01:19.818 0 0 I servicemanager: getDeviceHalManifest: Successfully processed VINTF information
04-16 19:01:19.819 0 0 I servicemanager: Found android.hardware.authsecret.IAuthSecret/default in device VINTF manifest.
04-16 19:01:20.043 0 0 I init : ... started service 'android-hardware-media-c2-goldfish-hal-1-0' has pid 362
04-16 19:01:20.044 0 0 I init : starting service 'neuralnetworks_hal_service_aidl_sample_all'...
04-16 19:01:20.223 153 153 I hwservicemanager: getDeviceHalManifest: Reloading VINTF information.
04-16 19:01:20.261 153 153 I hwservicemanager: getDeviceHalManifest: Reading VINTF information.
04-16 19:01:20.322 0 0 I init : ... started service 'neuralnetworks_hal_service_aidl_sample_all' has pid 365
04-16 19:01:20.323 0 0 I init : starting service 'neuralnetworks_hal_service_aidl_sample_limited'...
04-16 19:01:20.520 0 0 I init : ... started service 'neuralnetworks_hal_service_aidl_sample_limited' has pid 366
04-16 19:01:20.579 0 0 I init : starting service 'neuralnetworks_hal_service_shim_sample'...
04-16 19:01:20.761 153 153 I hwservicemanager: getDeviceHalManifest: Successfully processed VINTF information
04-16 19:01:20.794 0 0 I init : ... started service 'neuralnetworks_hal_service_shim_sample' has pid 367
04-16 19:01:20.795 0 0 I init : starting service 'vendor.sensors-hal-multihal'...
04-16 19:01:20.878 349 349 I netd : netd 1.0 starting
04-16 19:01:20.938 349 349 I netd : Pid file removed
04-16 19:01:20.939 349 349 I netd : SIGPIPE is blocked
04-16 19:01:20.945 349 349 I netd : setCloseOnExec(dnsproxyd)
04-16 19:01:20.945 349 349 I netd : setCloseOnExec(fwmarkd)
04-16 19:01:20.945 349 349 I netd : setCloseOnExec(mdns)
04-16 19:01:20.947 349 349 I NetdUpdatable: libnetd_updatable_init: Initializing
04-16 19:01:20.989 349 349 I BpfHandler: BPF programs are loaded
04-16 19:01:21.032 0 0 I init : ... started service 'vendor.sensors-hal-multihal' has pid 368
04-16 19:01:21.030 359 359 I HidlServiceManagement: Registered android.hardware.gatekeeper@1.0::IGatekeeper/default
04-16 19:01:21.039 359 359 I HidlServiceManagement: Removing namespace from process name android.hardware.gatekeeper@1.0-service.software to gatekeeper@1.0-service.software.
04-16 19:01:21.043 0 0 I init : starting service 'vendor.thermal-hal-2-0-mock'...
04-16 19:01:21.124 0 0 W healthd : batteryCapacityLevelPath not found
04-16 19:01:21.124 0 0 W healthd : batteryChargeTimeToFullNowPath. not found
04-16 19:01:21.124 0 0 W healthd : batteryFullChargeDesignCapacityUahPath. not found
04-16 19:01:21.124 0 0 W healthd : batteryStateOfHealthPath not found
04-16 19:01:21.124 0 0 W healthd : batteryHealthStatusPath not found
04-16 19:01:21.140 0 0 W healthd : batteryManufacturingDatePath not found
04-16 19:01:21.140 0 0 W healthd : batteryFirstUsageDatePath not found
04-16 19:01:21.154 361 361 I android.hardware.health-service.example: Starting health HAL.
04-16 19:01:21.161 0 0 W healthd : chargingStatePath not found
04-16 19:01:21.161 0 0 W healthd : chargingPolicyPath not found
04-16 19:01:21.165 361 361 I android.hardware.health-service.example: default instance initializing with healthd_config...
04-16 19:01:21.224 0 0 I servicemanager: Found android.hardware.health.IHealth/default in device VINTF manifest.
04-16 19:01:21.233 361 361 I android.hardware.health-service.example: default: Hal init done
04-16 19:01:21.286 349 349 I BpfHandler: initMaps successfully
04-16 19:01:21.286 349 349 I netd : libnetd_updatable_init success
04-16 19:01:21.331 0 0 W healthd : battery l=100 v=5000 t=25.0 h=2 st=2 c=900000 fc=3000000 cc=10 chg=a
04-16 19:01:21.370 0 0 I init : ... started service 'vendor.thermal-hal-2-0-mock' has pid 369
04-16 19:01:21.371 0 0 I init : starting service 'vendor.usb_default'...
04-16 19:01:21.387 349 349 I netd : NetlinkManager instanced
04-16 19:01:21.387 349 349 I netd : enter NetworkController ctor
04-16 19:01:21.431 0 0 I init : ... started service 'vendor.usb_default' has pid 370
04-16 19:01:21.432 0 0 I init : starting service 'vendor.wifi_hal_legacy'...
04-16 19:01:21.435 349 349 E TcUtils : NLMSG_ERROR message return error: -2
04-16 19:01:21.453 349 349 E TcUtils : NLMSG_ERROR message return error: -2
04-16 19:01:21.454 349 349 E TcUtils : NLMSG_ERROR message return error: -2
04-16 19:01:21.454 349 349 E TcUtils : NLMSG_ERROR message return error: -2
04-16 19:01:21.455 349 349 E TcUtils : NLMSG_ERROR message return error: -2
04-16 19:01:21.455 349 349 E TcUtils : NLMSG_ERROR message return error: -2
04-16 19:01:21.476 349 349 E TcUtils : NLMSG_ERROR message return error: -2
04-16 19:01:21.477 349 349 E TcUtils : NLMSG_ERROR message return error: -2
04-16 19:01:21.477 349 349 E TcUtils : NLMSG_ERROR message return error: -2
04-16 19:01:21.478 349 349 E TcUtils : NLMSG_ERROR message return error: -2
04-16 19:01:21.478 349 349 E TcUtils : NLMSG_ERROR message return error: -2
04-16 19:01:21.478 349 349 E TcUtils : NLMSG_ERROR message return error: -2
04-16 19:01:21.479 349 349 E TcUtils : NLMSG_ERROR message return error: -2
04-16 19:01:21.479 349 349 E TcUtils : NLMSG_ERROR message return error: -2
04-16 19:01:21.505 0 0 I init : ... started service 'vendor.wifi_hal_legacy' has pid 371
04-16 19:01:21.507 0 0 I init : starting service 'vendor.bluetooth-default'...
04-16 19:01:21.505 349 349 E TcUtils : NLMSG_ERROR message return error: -2
04-16 19:01:21.505 349 349 E TcUtils : NLMSG_ERROR message return error: -2
04-16 19:01:21.505 349 349 I netd : leave NetworkController ctor
04-16 19:01:21.506 349 349 I netd : enter TetherController ctor
04-16 19:01:21.506 349 349 D TetherController: Setting IP forward enable = 0
04-16 19:01:21.681 349 349 I netd : leave TetherController ctor
04-16 19:01:22.079 0 0 I init : ... started service 'vendor.bluetooth-default' has pid 372
04-16 19:01:22.080 0 0 I init : starting service 'vendor.cas-default'...
04-16 19:01:22.437 176 315 I keystore2: system/security/keystore2/src/watchdog.rs:319 - Watchdog thread idle -> terminating. Have a great day.
04-16 19:01:22.463 0 0 I init : ... started service 'vendor.cas-default' has pid 376
04-16 19:01:22.464 0 0 I init : starting service 'vendor.contexthub-default'...
04-16 19:01:22.844 0 0 I init : ... started service 'vendor.contexthub-default' has pid 377
04-16 19:01:22.867 0 0 I init : starting service 'vendor.face-default'...
04-16 19:01:22.934 0 0 I init : ... started service 'vendor.face-default' has pid 378
04-16 19:01:22.935 0 0 I init : starting service 'vendor.hwcomposer-3'...
04-16 19:01:23.056 0 0 I servicemanager: Found android.hardware.usb.IUsb/default in device VINTF manifest.
04-16 19:01:23.276 0 0 I init : ... started service 'vendor.hwcomposer-3' has pid 379
04-16 19:01:23.314 0 0 I init : starting service 'vendor.identity-default'...
04-16 19:01:23.693 348 348 W ServiceManagerCppClient: Service statscompanion didn't start. Returning NULL
04-16 19:01:23.733 0 0 I init : ... started service 'vendor.identity-default' has pid 380
04-16 19:01:23.734 0 0 I init : starting service 'vendor.light-default'...
04-16 19:01:23.790 348 348 I statsd : Statsd starts to listen to socket.
04-16 19:01:23.991 0 0 I init : ... started service 'vendor.light-default' has pid 383
04-16 19:01:23.992 0 0 I init : starting service 'vendor.power-default'...
04-16 19:01:24.087 352 352 I HidlServiceManagement: Registered android.hardware.audio@7.1::IDevicesFactory/default
04-16 19:01:24.083 369 369 I android.hardware.thermal@2.0-service-mock: Thermal HAL Service Mock 2.0 starting...
04-16 19:01:24.254 352 352 I HidlServiceManagement: Removing namespace from process name android.hardware.audio.service to audio.service.
04-16 19:01:24.374 368 368 I android.hardware.sensors@2.1-impl.ranchu: MultihalSensors:74: host sensors mask=207ff, available sensors mask=207ff
04-16 19:01:24.430 369 369 I HidlServiceManagement: Registered android.hardware.thermal@2.0::IThermal/default
04-16 19:01:24.446 369 369 I HidlServiceManagement: Removing namespace from process name android.hardware.thermal@2.0-service.mock to thermal@2.0-service.mock.
04-16 19:01:24.453 369 369 I android.hardware.thermal@2.0-service-mock: Thermal Service started successfully.
04-16 19:01:24.457 352 352 I LegacySupport: Registration complete for android.hardware.audio@7.1::IDevicesFactory/default.
04-16 19:01:24.494 371 371 I android.hardware.wifi-service: Wifi Hal is booting up...
04-16 19:01:24.499 372 372 I aidl.android.hardware.bluetooth.service.default: Bluetooth HAL starting
04-16 19:01:24.614 368 368 E SensorsMultiHal: Failed to load subHal config file: /odm/etc/sensors/hals.conf
04-16 19:01:24.550 0 0 I init : ... started service 'vendor.power-default' has pid 386
04-16 19:01:24.552 0 0 I init : starting service 'vendor.power.stats-default'...
04-16 19:01:24.640 0 0 I servicemanager: Found android.hardware.wifi.IWifi/default in device VINTF manifest.
04-16 19:01:24.773 371 371 I android.hardware.wifi-service: Joining RPC thread pool
04-16 19:01:24.794 367 367 I Manager : DeviceManager::DeviceManager
04-16 19:01:24.804 367 367 I Manager : findAvailableDevices
04-16 19:01:24.805 367 367 I Manager : Enabled devices: .*
04-16 19:01:24.842 0 0 I servicemanager: Found android.hardware.bluetooth.IBluetoothHci/default in device VINTF manifest.
04-16 19:01:24.872 0 0 I servicemanager: Found android.hardware.sensors.ISensors/default in device VINTF manifest.
04-16 19:01:24.925 0 0 I init : ... started service 'vendor.power.stats-default' has pid 388
04-16 19:01:24.926 0 0 I init : starting service 'vendor.rebootescrow-default'...
04-16 19:01:25.080 0 0 I servicemanager: Found android.hardware.neuralnetworks.IDevice/nnapi-sample_all in device VINTF manifest.
04-16 19:01:25.124 0 0 I init : ... started service 'vendor.rebootescrow-default' has pid 391
04-16 19:01:25.206 0 0 I init : starting service 'vendor.vibrator-default'...
04-16 19:01:25.215 352 352 I HidlServiceManagement: Registered android.hardware.audio.effect@7.0::IEffectsFactory/default
04-16 19:01:25.232 0 0 I servicemanager: Found android.hardware.neuralnetworks.IDevice/nnapi-sample_quant in device VINTF manifest.
04-16 19:01:25.237 352 352 I LegacySupport: Registration complete for android.hardware.audio.effect@7.0::IEffectsFactory/default.
04-16 19:01:25.238 153 153 I hwservicemanager: getTransport: Cannot find entry android.hardware.soundtrigger@2.3::ISoundTriggerHw/default in either framework or device VINTF manifest.
04-16 19:01:25.257 0 0 I servicemanager: Found android.hardware.cas.IMediaCasService/default in device VINTF manifest.
04-16 19:01:25.313 352 352 E LegacySupport: Could not get passthrough implementation for android.hardware.soundtrigger@2.3::ISoundTriggerHw/default.
04-16 19:01:25.315 153 153 I hwservicemanager: getTransport: Cannot find entry android.hardware.soundtrigger@2.2::ISoundTriggerHw/default in either framework or device VINTF manifest.
04-16 19:01:25.336 352 352 E LegacySupport: Could not get passthrough implementation for android.hardware.soundtrigger@2.2::ISoundTriggerHw/default.
04-16 19:01:25.382 0 0 I init : ... started service 'vendor.vibrator-default' has pid 392
04-16 19:01:25.382 0 0 I init : Command 'class_start hal' action=boot (/system/etc/init/hw/init.rc:1210) took 7182ms and succeeded
04-16 19:01:25.382 0 0 I init : service 'ueventd' requested start, but it is already running (flags: 2084)
04-16 19:01:25.382 0 0 I init : service 'console' requested start, but it is already running (flags: 2196)
04-16 19:01:25.383 0 0 I init : service 'apexd' requested start, but it is already running (flags: 134)
04-16 19:01:25.384 0 0 I init : starting service 'audioserver'...
04-16 19:01:25.394 367 367 I Manager : Found interface nnapi-sample_sl (version = JUST_AN_EXAMPLE)
04-16 19:01:25.404 153 153 I hwservicemanager: getTransport: Cannot find entry android.hardware.soundtrigger@2.1::ISoundTriggerHw/default in either framework or device VINTF manifest.
04-16 19:01:25.406 352 352 E LegacySupport: Could not get passthrough implementation for android.hardware.soundtrigger@2.1::ISoundTriggerHw/default.
04-16 19:01:25.407 153 153 I hwservicemanager: getTransport: Cannot find entry android.hardware.soundtrigger@2.0::ISoundTriggerHw/default in either framework or device VINTF manifest.
04-16 19:01:25.484 352 352 E LegacySupport: Could not get passthrough implementation for android.hardware.soundtrigger@2.0::ISoundTriggerHw/default.
04-16 19:01:25.484 352 352 W audiohalservice: Could not register Soundtrigger API
04-16 19:01:25.508 153 153 I hwservicemanager: getTransport: Cannot find entry android.hardware.bluetooth.audio@2.2::IBluetoothAudioProvidersFactory/default in either framework or device VINTF manifest.
04-16 19:01:25.514 352 352 E LegacySupport: Could not get passthrough implementation for android.hardware.bluetooth.audio@2.2::IBluetoothAudioProvidersFactory/default.
04-16 19:01:25.520 153 153 I hwservicemanager: getTransport: Cannot find entry android.hardware.bluetooth.audio@2.1::IBluetoothAudioProvidersFactory/default in either framework or device VINTF manifest.
04-16 19:01:25.522 352 352 E LegacySupport: Could not get passthrough implementation for android.hardware.bluetooth.audio@2.1::IBluetoothAudioProvidersFactory/default.
04-16 19:01:25.523 153 153 I hwservicemanager: getTransport: Cannot find entry android.hardware.bluetooth.audio@2.0::IBluetoothAudioProvidersFactory/default in either framework or device VINTF manifest.
04-16 19:01:25.535 0 0 I servicemanager: Found android.hardware.contexthub.IContextHub/default in device VINTF manifest.
04-16 19:01:25.573 352 352 E LegacySupport: Could not get passthrough implementation for android.hardware.bluetooth.audio@2.0::IBluetoothAudioProvidersFactory/default.
04-16 19:01:25.573 352 352 W audiohalservice: Could not register Bluetooth Audio API
04-16 19:01:25.574 153 153 I hwservicemanager: getTransport: Cannot find entry android.hardware.bluetooth.a2dp@1.0::IBluetoothAudioOffload/default in either framework or device VINTF manifest.
04-16 19:01:25.586 0 0 I init : ... started service 'audioserver' has pid 393
04-16 19:01:25.588 0 0 I init : starting service 'credstore'...
04-16 19:01:25.591 367 367 I ShimDeviceManager: Attempting service registration for android.hardware.neuralnetworks.IDevice/nnapi-sample_sl_shim
04-16 19:01:25.601 352 352 E LegacySupport: Could not get passthrough implementation for android.hardware.bluetooth.a2dp@1.0::IBluetoothAudioOffload/default.
04-16 19:01:25.618 352 352 W audiohalservice: Could not register Bluetooth Audio Offload API
04-16 19:01:25.720 0 0 I servicemanager: Found android.hardware.neuralnetworks.IDevice/nnapi-sample_sl_shim in device VINTF manifest.
04-16 19:01:25.736 367 367 I ShimDeviceManager: 1 NNAPI Devices/services registered, blocking
04-16 19:01:25.818 0 0 I servicemanager: Found android.hardware.light.ILights/default in device VINTF manifest.
04-16 19:01:26.031 0 0 I init : ... started service 'credstore' has pid 394
04-16 19:01:26.039 0 0 I init : starting service 'gpu'...
04-16 19:01:26.107 349 349 I netd : Creating child chains: 3986330us
04-16 19:01:26.108 349 349 I netd : Setting up OEM hooks: 801us
04-16 19:01:26.156 349 349 I netd : Setting up FirewallController hooks: 48398us
04-16 19:01:26.343 349 349 I netd : Setting up TetherController hooks: 186737us
04-16 19:01:26.468 0 0 I init : ... started service 'gpu' has pid 395
04-16 19:01:26.473 0 0 I init : service 'lmkd' requested start, but it is already running (flags: 36)
04-16 19:01:26.473 0 0 I init : service 'servicemanager' requested start, but it is already running (flags: 2084)
04-16 19:01:26.475 0 0 I init : starting service 'surfaceflinger'...
04-16 19:01:26.489 0 0 I init : Could not create socket 'pdx/system/vr/display/client': Failed to bind socket 'pdx/system/vr/display/client': No such file or directory
04-16 19:01:26.491 0 0 I init : Could not create socket 'pdx/system/vr/display/manager': Failed to bind socket 'pdx/system/vr/display/manager': No such file or directory
04-16 19:01:26.492 0 0 I init : Could not create socket 'pdx/system/vr/display/vsync': Failed to bind socket 'pdx/system/vr/display/vsync': No such file or directory
04-16 19:01:26.540 349 349 I netd : Setting up BandwidthController hooks: 197364us
04-16 19:01:26.541 349 349 I netd : Setting up IdletimerController hooks: 636us
04-16 19:01:26.858 0 0 I servicemanager: Found android.hardware.power.IPower/default in device VINTF manifest.
04-16 19:01:26.933 378 378 I android.hardware.biometrics.face-service.example: Face HAL started
04-16 19:01:26.866 0 0 I servicemanager: Found android.hardware.rebootescrow.IRebootEscrow/default in device VINTF manifest.
04-16 19:01:26.969 0 0 I init : ... started service 'surfaceflinger' has pid 396
04-16 19:01:26.969 0 0 I init : service 'vold' requested start, but it is already running (flags: 2052)
04-16 19:01:26.970 0 0 I init : Command 'class_start core' action=boot (/system/etc/init/hw/init.rc:1212) took 1587ms and succeeded
04-16 19:01:26.970 0 0 I init : processing action (persist.sys.usb.config=* && boot) from (/system/etc/init/hw/init.usb.rc:108)
04-16 19:01:26.986 0 0 I init : processing action (boot) from (/vendor/etc/init/hw/init.ranchu.rc:74)
04-16 19:01:27.074 0 0 I init : Command 'mkdir /config/usb_gadget/g1 0770 root root' action=boot (/vendor/etc/init/hw/init.ranchu.rc:79) took 56ms and succeeded
04-16 19:01:27.075 0 0 I init : processing action (boot) from (/system/etc/init/dumpstate.rc:1)
04-16 19:01:27.075 0 0 I init : processing action (boot) from (/system/etc/init/gsid.rc:25)
04-16 19:01:27.090 0 0 I init : starting service 'exec 15 (/system/bin/gsid run-startup-tasks)'...
04-16 19:01:27.100 0 0 I servicemanager: Found android.hardware.biometrics.face.IFace/default in device VINTF manifest.
04-16 19:01:27.187 349 349 I netd : Setting up StrictController hooks: 646617us
04-16 19:01:27.258 0 0 I init : ... started service 'exec 15 (/system/bin/gsid run-startup-tasks)' has pid 397
04-16 19:01:27.258 0 0 I init : Command 'exec_background - root root -- /system/bin/gsid run-startup-tasks' action=boot (/system/etc/init/gsid.rc:26) took 182ms and succeeded
04-16 19:01:27.264 0 0 I init : processing action (persist.device_config.profcollect_native_boot.enabled= && boot) from (/system/etc/init/profcollectd.rc:19)
04-16 19:01:27.298 0 0 I init : starting service 'exec 16 (/system/bin/profcollectctl reset)'...
04-16 19:01:27.326 0 0 I servicemanager: Found android.hardware.bluetooth.audio.IBluetoothAudioProviderFactory/default in device VINTF manifest.
04-16 19:01:27.353 352 352 I audiohalservice: createIBluetoothAudioProviderFactory() from android.hardware.bluetooth.audio-impl success
04-16 19:01:27.354 352 352 E audiohalservice: Failed to dlopen android.hardware.audio.sounddose-vendor-impl.so: dlopen failed: library "android.hardware.audio.sounddose-vendor-impl.so" not found
04-16 19:01:27.355 352 352 W audiohalservice: createISoundDoseFactory() from android.hardware.audio.sounddose-vendor-impl failed
04-16 19:01:27.371 358 358 I android.hardware.pixel.camera.provider@2.7-service: Google camera provider service is starting.
04-16 19:01:27.397 358 358 E ProcessState: vndservicemanager is not started on this device, you can save resources/threads by not initializing ProcessState with /dev/vndbinder.
04-16 19:01:27.453 349 349 I netd : Enabling bandwidth control: 241108us
04-16 19:01:27.535 358 358 I android.hardware.pixel.camera.provider@2.7-service: Not using ApexUpdateListener since not running in an apex.
04-16 19:01:27.534 0 0 I servicemanager: Found android.hardware.power.stats.IPowerStats/default in device VINTF manifest.
04-16 19:01:27.550 0 0 I init : ... started service 'exec 16 (/system/bin/profcollectctl reset)' has pid 398
04-16 19:01:27.550 0 0 I init : Command 'exec_background - root shell -- /system/bin/profcollectctl reset' action=persist.device_config.profcollect_native_boot.enabled= && boot (/system/etc/init/profcollectd.rc:20) took 286ms and succeeded
04-16 19:01:27.551 0 0 I init : processing action (enable_property_trigger) from (:0)
04-16 19:01:27.552 0 0 I init : processing action (apexd.status=ready && ro.product.cpu.abilist64=*) from (/system/etc/init/hw/init.rc:490)
04-16 19:01:27.570 0 0 I init : starting service 'boringssl_self_test_apex64'...
04-16 19:01:27.659 358 358 I GCH_CameraProvider: CreateHwl:Loading libgooglecamerahwl_impl.so library
04-16 19:01:27.771 0 0 I servicemanager: Found android.hardware.identity.IIdentityCredentialStore/default in device VINTF manifest.
04-16 19:01:27.845 349 349 I netd : Initializing RouteController: 391475us
04-16 19:01:27.857 349 349 D XfrmController: XfrmController::ipSecAddXfrmInterface, line=1497
04-16 19:01:27.880 360 360 I HidlServiceManagement: Registered android.hardware.graphics.allocator@3.0::IAllocator/default
04-16 19:01:27.895 360 360 I HidlServiceManagement: Removing namespace from process name android.hardware.graphics.allocator@3.0-service.ranchu to allocator@3.0-service.ranchu.
04-16 19:01:27.957 360 360 I android.hardware.graphics.allocator@3.0-service.ranchu: graphics IAllocator@3.0 service is initialized
04-16 19:01:27.995 0 0 I init : ... started service 'boringssl_self_test_apex64' has pid 401
04-16 19:01:27.995 0 0 I init : SVC_EXEC service 'boringssl_self_test_apex64' pid 401 (uid 9999 gid 0+0 context default) started; waiting...
04-16 19:01:27.996 0 0 I init : Command 'exec_start boringssl_self_test_apex64' action=apexd.status=ready && ro.product.cpu.abilist64=* (/system/etc/init/hw/init.rc:491) took 443ms and succeeded
04-16 19:01:28.067 349 349 D XfrmController: XfrmController::ipSecRemoveTunnelInterface, line=1710
04-16 19:01:28.067 349 349 D XfrmController: deviceName=ipsec_test
04-16 19:01:28.178 0 0 I servicemanager: Found android.hardware.vibrator.IVibrator/default in device VINTF manifest.
04-16 19:01:28.280 0 0 I servicemanager: Found android.hardware.camera.provider.ICameraProvider/internal/1 in device VINTF manifest.
04-16 19:01:28.282 349 349 D XfrmController: Sending Netlink XFRM Message: XFRM_MSG_FLUSHSA
04-16 19:01:28.283 349 349 D XfrmController: Sending Netlink XFRM Message: XFRM_MSG_FLUSHPOLICY
04-16 19:01:28.302 0 0 I servicemanager: Found android.hardware.vibrator.IVibratorManager/default in device VINTF manifest.
04-16 19:01:28.326 349 349 I netd : Initializing XfrmController: 481573us
04-16 19:01:28.343 362 362 D android.hardware.media.c2@1.0-service-goldfish: Goldfish C2 Service starting...
04-16 19:01:28.429 362 362 W android.hardware.media.c2@1.0-service-goldfish: Could not read additional policy file '/vendor/etc/seccomp_policy/codec2.vendor.ext.policy'
04-16 19:01:28.489 362 362 W android.hardware.media.c2@1.0-service-goldfish: libminijail[362]: failed to get path of fd 5: No such file or directory
04-16 19:01:28.489 362 362 W android.hardware.media.c2@1.0-service-goldfish: libminijail[362]: allowing syscall: socket
04-16 19:01:28.490 362 362 W android.hardware.media.c2@1.0-service-goldfish: libminijail[362]: allowing syscall: connect
04-16 19:01:28.490 362 362 W android.hardware.media.c2@1.0-service-goldfish: libminijail[362]: allowing syscall: fcntl
04-16 19:01:28.491 362 362 W android.hardware.media.c2@1.0-service-goldfish: libminijail[362]: allowing syscall: writev
04-16 19:01:28.491 362 362 W android.hardware.media.c2@1.0-service-goldfish: libminijail[362]: compile_file: (20): nonexistent syscall 'getuid32'
04-16 19:01:28.504 362 362 W android.hardware.media.c2@1.0-service-goldfish: libminijail[362]: compile_file: (26): nonexistent syscall 'mmap2'
04-16 19:01:28.504 362 362 W android.hardware.media.c2@1.0-service-goldfish: libminijail[362]: compile_file: (28): nonexistent syscall 'fstat64'
04-16 19:01:28.505 362 362 W android.hardware.media.c2@1.0-service-goldfish: libminijail[362]: compile_file: (30): nonexistent syscall 'stat64'
04-16 19:01:28.505 362 362 W android.hardware.media.c2@1.0-service-goldfish: libminijail[362]: compile_file: (31): nonexistent syscall 'statfs64'
04-16 19:01:28.505 362 362 W android.hardware.media.c2@1.0-service-goldfish: libminijail[362]: compile_file: (33): nonexistent syscall 'fstatat64'
04-16 19:01:28.505 362 362 W android.hardware.media.c2@1.0-service-goldfish: libminijail[362]: compile_file: (38): nonexistent syscall '_llseek'
04-16 19:01:28.506 362 362 W android.hardware.media.c2@1.0-service-goldfish: libminijail[362]: compile_file: (47): nonexistent syscall 'ugetrlimit'
04-16 19:01:28.506 362 362 W android.hardware.media.c2@1.0-service-goldfish: libminijail[362]: compile_file: (50): nonexistent syscall '_llseek'
04-16 19:01:28.506 362 362 W android.hardware.media.c2@1.0-service-goldfish: libminijail[362]: compile_file: (51): nonexistent syscall 'fstatfs64'
04-16 19:01:28.506 362 362 W android.hardware.media.c2@1.0-service-goldfish: libminijail[362]: compile_file: (63): nonexistent syscall 'ftruncate64'
04-16 19:01:28.507 362 362 W android.hardware.media.c2@1.0-service-goldfish: libminijail[362]: compile_file: (69): syscall gettid redefined here
04-16 19:01:28.507 362 362 W android.hardware.media.c2@1.0-service-goldfish: libminijail[362]: compile_file: (66): previous definition here
04-16 19:01:28.571 362 362 W android.hardware.media.c2@1.0-service-goldfish: libminijail[362]: compile_file: /system/etc/seccomp_policy/crash_dump.x86.policy(1): syscall read redefined here
04-16 19:01:28.571 362 362 W android.hardware.media.c2@1.0-service-goldfish: libminijail[362]: compile_file: (15): previous definition here
04-16 19:01:28.571 362 362 W android.hardware.media.c2@1.0-service-goldfish: libminijail[362]: compile_file: /system/etc/seccomp_policy/crash_dump.x86.policy(2): syscall write redefined here
04-16 19:01:28.571 362 362 W android.hardware.media.c2@1.0-service-goldfish: libminijail[362]: compile_file: (57): previous definition here
04-16 19:01:28.577 362 362 W android.hardware.media.c2@1.0-service-goldfish: libminijail[362]: compile_file: /system/etc/seccomp_policy/crash_dump.x86.policy(3): syscall exit redefined here
04-16 19:01:28.577 362 362 W android.hardware.media.c2@1.0-service-goldfish: libminijail[362]: compile_file: (44): previous definition here
04-16 19:01:28.578 362 362 W android.hardware.media.c2@1.0-service-goldfish: libminijail[362]: compile_file: /system/etc/seccomp_policy/crash_dump.x86.policy(4): syscall rt_sigreturn redefined here
04-16 19:01:28.578 362 362 W android.hardware.media.c2@1.0-service-goldfish: libminijail[362]: compile_file: (46): previous definition here
04-16 19:01:28.579 362 362 W android.hardware.media.c2@1.0-service-goldfish: libminijail[362]: compile_file: /system/etc/seccomp_policy/crash_dump.x86.policy(5): nonexistent syscall 'sigreturn'
04-16 19:01:28.579 362 362 W android.hardware.media.c2@1.0-service-goldfish: libminijail[362]: compile_file: /system/etc/seccomp_policy/crash_dump.x86.policy(6): syscall exit_group redefined here
04-16 19:01:28.588 362 362 W android.hardware.media.c2@1.0-service-goldfish: libminijail[362]: compile_file: (45): previous definition here
04-16 19:01:28.589 362 362 W android.hardware.media.c2@1.0-service-goldfish: libminijail[362]: compile_file: /system/etc/seccomp_policy/crash_dump.x86.policy(9): syscall futex redefined here
04-16 19:01:28.589 362 362 W android.hardware.media.c2@1.0-service-goldfish: libminijail[362]: compile_file: (35): previous definition here
04-16 19:01:28.590 362 362 W android.hardware.media.c2@1.0-service-goldfish: libminijail[362]: compile_file: /system/etc/seccomp_policy/crash_dump.x86.policy(11): syscall getpid redefined here
04-16 19:01:28.612 362 362 W android.hardware.media.c2@1.0-service-goldfish: libminijail[362]: compile_file: (68): previous definition here
04-16 19:01:28.613 362 362 W android.hardware.media.c2@1.0-service-goldfish: libminijail[362]: compile_file: /system/etc/seccomp_policy/crash_dump.x86.policy(12): syscall gettid redefined here
04-16 19:01:28.614 362 362 W android.hardware.media.c2@1.0-service-goldfish: libminijail[362]: compile_file: (66): previous definition here
04-16 19:01:28.614 362 362 W android.hardware.media.c2@1.0-service-goldfish: libminijail[362]: compile_file: /system/etc/seccomp_policy/crash_dump.x86.policy(15): syscall openat redefined here
04-16 19:01:28.614 362 362 W android.hardware.media.c2@1.0-service-goldfish: libminijail[362]: compile_file: (18): previous definition here
04-16 19:01:28.615 362 362 W android.hardware.media.c2@1.0-service-goldfish: libminijail[362]: compile_file: /system/etc/seccomp_policy/crash_dump.x86.policy(16): syscall dup redefined here
04-16 19:01:28.615 362 362 W android.hardware.media.c2@1.0-service-goldfish: libminijail[362]: compile_file: (55): previous definition here
04-16 19:01:28.615 362 362 W android.hardware.media.c2@1.0-service-goldfish: libminijail[362]: compile_file: /system/etc/seccomp_policy/crash_dump.x86.policy(17): syscall close redefined here
04-16 19:01:28.673 362 362 W android.hardware.media.c2@1.0-service-goldfish: libminijail[362]: compile_file: (25): previous definition here
04-16 19:01:28.673 362 362 W android.hardware.media.c2@1.0-service-goldfish: libminijail[362]: compile_file: /system/etc/seccomp_policy/crash_dump.x86.policy(18): syscall lseek redefined here
04-16 19:01:28.674 362 362 W android.hardware.media.c2@1.0-service-goldfish: libminijail[362]: compile_file: (39): previous definition here
04-16 19:01:28.674 362 362 W android.hardware.media.c2@1.0-service-goldfish: libminijail[362]: compile_file: /system/etc/seccomp_policy/crash_dump.x86.policy(20): syscall faccessat redefined here
04-16 19:01:28.675 362 362 W android.hardware.media.c2@1.0-service-goldfish: libminijail[362]: compile_file: (37): previous definition here
04-16 19:01:28.675 362 362 W android.hardware.media.c2@1.0-service-goldfish: libminijail[362]: compile_file: /system/etc/seccomp_policy/crash_dump.x86.policy(29): syscall prctl redefined here
04-16 19:01:28.675 362 362 W android.hardware.media.c2@1.0-service-goldfish: libminijail[362]: compile_file: (17): previous definition here
04-16 19:01:28.678 349 349 I resolv : resolv_init: Initializing resolver
04-16 19:01:28.685 362 362 W android.hardware.media.c2@1.0-service-goldfish: libminijail[362]: compile_file: /system/etc/seccomp_policy/crash_dump.x86.policy(30): syscall madvise redefined here
04-16 19:01:28.686 362 362 W android.hardware.media.c2@1.0-service-goldfish: libminijail[362]: compile_file: (32): previous definition here
