04-16 19:01:28.686 362 362 W android.hardware.media.c2@1.0-service-goldfish: libminijail[362]: compile_file: /system/etc/seccomp_policy/crash_dump.x86.policy(31): syscall mprotect redefined here
04-16 19:01:28.687 362 362 W android.hardware.media.c2@1.0-service-goldfish: libminijail[362]: compile_file: (16): previous definition here
04-16 19:01:28.687 362 362 W android.hardware.media.c2@1.0-service-goldfish: libminijail[362]: compile_file: /system/etc/seccomp_policy/crash_dump.x86.policy(32): syscall munmap redefined here
04-16 19:01:28.697 362 362 W android.hardware.media.c2@1.0-service-goldfish: libminijail[362]: compile_file: (36): previous definition here
04-16 19:01:28.698 362 362 W android.hardware.media.c2@1.0-service-goldfish: libminijail[362]: compile_file: /system/etc/seccomp_policy/crash_dump.x86.policy(33): nonexistent syscall 'getuid32'
04-16 19:01:28.698 362 362 W android.hardware.media.c2@1.0-service-goldfish: libminijail[362]: compile_file: /system/etc/seccomp_policy/crash_dump.x86.policy(34): nonexistent syscall 'fstat64'
04-16 19:01:28.699 362 362 W android.hardware.media.c2@1.0-service-goldfish: libminijail[362]: compile_file: /system/etc/seccomp_policy/crash_dump.x86.policy(35): nonexistent syscall 'mmap2'
04-16 19:01:28.699 362 362 W android.hardware.media.c2@1.0-service-goldfish: libminijail[362]: compile_file: /system/etc/seccomp_policy/crash_dump.x86.policy(36): nonexistent syscall 'geteuid32'
04-16 19:01:28.699 362 362 W android.hardware.media.c2@1.0-service-goldfish: libminijail[362]: compile_file: /system/etc/seccomp_policy/crash_dump.x86.policy(37): nonexistent syscall 'getgid32'
04-16 19:01:28.709 362 362 W android.hardware.media.c2@1.0-service-goldfish: libminijail[362]: compile_file: /system/etc/seccomp_policy/crash_dump.x86.policy(38): nonexistent syscall 'getegid32'
04-16 19:01:28.710 362 362 W android.hardware.media.c2@1.0-service-goldfish: libminijail[362]: compile_file: /system/etc/seccomp_policy/crash_dump.x86.policy(39): nonexistent syscall 'getgroups32'
04-16 19:01:28.711 362 362 W android.hardware.media.c2@1.0-service-goldfish: libminijail[362]: logging seccomp filter failures
04-16 19:01:28.722 362 362 D android.hardware.media.c2@1.0-service-goldfish: Instantiating Codec2's Goldfish IComponentStore service...
04-16 19:01:28.723 362 362 I GoldfishComponentStore: Create()
04-16 19:01:28.728 362 362 W GoldfishComponentStore: created goldfish store 0x776c5338a2d0 reflector of param 0x776b63391d48
04-16 19:01:28.729 362 362 D GoldfishComponentStore: useAndroidGoldfishComponentInstance 253 found prop ro.boot.qemu.hwcodec.vpxdec val 2
04-16 19:01:28.729 362 362 D GoldfishComponentStore: useAndroidGoldfishComponentInstance 253 found prop ro.boot.qemu.hwcodec.avcdec val 2
04-16 19:01:28.730 362 362 D GoldfishComponentStore: useAndroidGoldfishComponentInstance 253 found prop ro.boot.qemu.hwcodec.hevcdec val 2
04-16 19:01:28.918 362 362 I HidlServiceManagement: Registered android.hardware.media.c2@1.0::IComponentStore/default
04-16 19:01:28.967 362 362 I HidlServiceManagement: Removing namespace from process name android.hardware.media.c2@1.0-service-goldfish to c2@1.0-service-goldfish.
04-16 19:01:29.075 362 362 I android.hardware.media.c2@1.0-service-goldfish: Codec2's IComponentStore service created.
04-16 19:01:29.362 349 349 I netd : Registering NetdNativeService: 83768us
04-16 19:01:29.351 379 379 I RanchuHwc: RanchuHWC (HWComposer3/HWC3) starting up...
04-16 19:01:29.495 0 0 I servicemanager: Found android.hardware.graphics.composer3.IComposer/default in device VINTF manifest.
04-16 19:01:29.522 349 349 I netd : Registering MDnsService: 159612us
04-16 19:01:29.609 349 349 I HidlServiceManagement: Registered android.system.net.netd@1.1::INetd/default
04-16 19:01:29.610 349 349 I netd : Registering NetdHwService: 88477us
04-16 19:01:29.610 349 349 I netd : Netd started in 8831134us
04-16 19:01:29.654 0 0 I servicemanager: Found android.system.net.netd.INetd/default in framework VINTF manifest.
04-16 19:01:29.816 397 397 I gsid : no DSU: No such file or directory
04-16 19:01:29.909 0 0 I init : Service 'exec 15 (/system/bin/gsid run-startup-tasks)' (pid 397) exited with status 0 oneshot service took 2.779000 seconds in background
04-16 19:01:29.909 0 0 I init : Sending signal 9 to service 'exec 15 (/system/bin/gsid run-startup-tasks)' (pid 397) process group...
04-16 19:01:29.910 0 0 I libprocessgroup: Successfully killed process cgroup uid 0 pid 397 in 0ms
04-16 19:01:29.952 358 358 I EmulatedCameraProviderHwlImpl: Create: Created EmulatedCameraProviderHwlImpl
04-16 19:01:29.956 358 358 E GCH_CameraProvider: Initialize: HWL doesn't support vendor buffer allocation Function not implemented(-38)
04-16 19:01:29.980 0 0 I servicemanager: Found android.hardware.camera.provider.ICameraProvider/internal/0 in device VINTF manifest.
04-16 19:01:30.106 394 394 I credstore: Registered binder service
04-16 19:01:30.120 0 0 I init : Service 'boringssl_self_test_apex64' (pid 401) exited with status 0 waiting took 2.462000 seconds
04-16 19:01:30.162 0 0 I init : Sending signal 9 to service 'boringssl_self_test_apex64' (pid 401) process group...
04-16 19:01:30.163 0 0 I libprocessgroup: Successfully killed process cgroup uid 9999 pid 401 in 0ms
04-16 19:01:30.172 0 0 I init : processing action (bootreceiver.enable=1 && ro.product.cpu.abilist64=*) from (/system/etc/init/hw/init.rc:668)
04-16 19:01:30.999 0 0 I init : Command 'mkdir /sys/kernel/tracing/instances/bootreceiver 0700 system system' action=bootreceiver.enable=1 && ro.product.cpu.abilist64=* (/system/etc/init/hw/init.rc:672) took 826ms and succeeded
04-16 19:01:31.233 0 0 I init : Command 'write /sys/kernel/tracing/instances/bootreceiver/events/error_report/error_report_end/enable 1' action=bootreceiver.enable=1 && ro.product.cpu.abilist64=* (/system/etc/init/hw/init.rc:676) took 163ms and succeeded
04-16 19:01:31.233 0 0 I init : processing action (net.tcp_def_init_rwnd=*) from (/system/etc/init/hw/init.rc:1242)
04-16 19:01:31.234 0 0 I init : processing action (security.perf_harden=1) from (/system/etc/init/hw/init.rc:1267)
04-16 19:01:31.236 0 0 I init : processing action (ro.debuggable=1) from (/system/etc/init/hw/init.rc:1304)
04-16 19:01:31.256 0 0 I init : processing action (sys.usb.config=adb && sys.usb.configfs=0) from (/system/etc/init/hw/init.usb.rc:40)
04-16 19:01:31.264 0 0 I init : Command 'write /sys/class/android_usb/android0/enable 0' action=sys.usb.config=adb && sys.usb.configfs=0 (/system/etc/init/hw/init.usb.rc:41) took 0ms and failed: Unable to write to file '/sys/class/android_usb/android0/enable': open() failed: Permission denied
04-16 19:01:31.273 0 0 I init : Command 'write /sys/class/android_usb/android0/idVendor 18d1' action=sys.usb.config=adb && sys.usb.configfs=0 (/system/etc/init/hw/init.usb.rc:42) took 8ms and failed: Unable to write to file '/sys/class/android_usb/android0/idVendor': open() failed: Permission denied
04-16 19:01:31.274 0 0 I init : Command 'write /sys/class/android_usb/android0/idProduct 4EE7' action=sys.usb.config=adb && sys.usb.configfs=0 (/system/etc/init/hw/init.usb.rc:43) took 0ms and failed: Unable to write to file '/sys/class/android_usb/android0/idProduct': open() failed: Permission denied
04-16 19:01:31.275 0 0 I init : Command 'write /sys/class/android_usb/android0/functions ${sys.usb.config}' action=sys.usb.config=adb && sys.usb.configfs=0 (/system/etc/init/hw/init.usb.rc:44) took 0ms and failed: Unable to write to file '/sys/class/android_usb/android0/functions': open() failed: Permission denied
04-16 19:01:31.275 0 0 I init : Command 'write /sys/class/android_usb/android0/enable 1' action=sys.usb.config=adb && sys.usb.configfs=0 (/system/etc/init/hw/init.usb.rc:45) took 0ms and failed: Unable to write to file '/sys/class/android_usb/android0/enable': open() failed: Permission denied
04-16 19:01:31.301 0 0 I init : starting service 'adbd'...
04-16 19:01:31.303 0 0 I init : Created socket '/dev/socket/adbd', mode 660, user 1000, group 1000
04-16 19:01:31.466 0 0 I init : ... started service 'adbd' has pid 428
04-16 19:01:31.466 0 0 I init : Command 'start adbd' action=sys.usb.config=adb && sys.usb.configfs=0 (/system/etc/init/hw/init.usb.rc:46) took 190ms and succeeded
04-16 19:01:31.468 0 0 I init : processing action (vendor.qemu.timezone=*) from (/vendor/etc/init/hw/init.ranchu.rc:104)
04-16 19:01:31.618 0 0 I init : Command 'setprop persist.sys.timezone ${vendor.qemu.timezone}' action=vendor.qemu.timezone=* (/vendor/etc/init/hw/init.ranchu.rc:105) took 149ms and succeeded
04-16 19:01:31.618 0 0 I init : processing action (vendor.qemu.vport.bluetooth=*) from (/vendor/etc/init/hw/init.ranchu.rc:180)
04-16 19:01:31.651 0 0 I init : processing action (init.svc.audioserver=running) from (/system/etc/init/audioserver.rc:35)
04-16 19:01:31.651 0 0 I init : service 'vendor.audio-hal' requested start, but it is already running (flags: 4)
04-16 19:01:31.651 0 0 I init : Command 'start vendor.audio-hal-aidl' action=init.svc.audioserver=running (/system/etc/init/audioserver.rc:37) took 0ms and failed: service vendor.audio-hal-aidl not found
04-16 19:01:31.652 0 0 I init : Command 'start vendor.audio-effect-hal-aidl' action=init.svc.audioserver=running (/system/etc/init/audioserver.rc:38) took 0ms and failed: service vendor.audio-effect-hal-aidl not found
04-16 19:01:31.652 0 0 I init : Command 'start vendor.audio-hal-4-0-msd' action=init.svc.audioserver=running (/system/etc/init/audioserver.rc:39) took 0ms and failed: service vendor.audio-hal-4-0-msd not found
04-16 19:01:31.652 0 0 I init : Command 'start audio_proxy_service' action=init.svc.audioserver=running (/system/etc/init/audioserver.rc:40) took 0ms and failed: service audio_proxy_service not found
04-16 19:01:31.652 0 0 I init : processing action (ro.persistent_properties.ready=true) from (/system/etc/init/bootstat.rc:57)
04-16 19:01:31.663 0 0 I init : processing action (ro.persistent_properties.ready=true) from (/system/etc/init/bootstat.rc:61)
04-16 19:01:31.664 0 0 I init : starting service 'exec 17 (/system/bin/bootstat --set_system_boot_reason)'...
04-16 19:01:31.840 0 0 I init : ... started service 'exec 17 (/system/bin/bootstat --set_system_boot_reason)' has pid 429
04-16 19:01:31.840 0 0 I init : Command 'exec_background - system log -- /system/bin/bootstat --set_system_boot_reason' action=ro.persistent_properties.ready=true (/system/etc/init/bootstat.rc:64) took 176ms and succeeded
04-16 19:01:31.884 0 0 I init : processing action (bootreceiver.enable=1 && ro.product.cpu.abilist64=*) from (/system/etc/init/dmesgd.rc:7)
04-16 19:01:31.908 0 0 I init : Command 'rm /data/misc/dmesgd/sent_reports.txt' action=bootreceiver.enable=1 && ro.product.cpu.abilist64=* (/system/etc/init/dmesgd.rc:9) took 0ms and failed: unlink() failed: No such file or directory
04-16 19:01:31.908 0 0 I init : processing action (persist.heapprofd.enable= && traced.lazy.heapprofd=) from (/system/etc/init/heapprofd.rc:49)
04-16 19:01:31.971 0 0 I init : Command 'stop heapprofd' action=persist.heapprofd.enable= && traced.lazy.heapprofd= (/system/etc/init/heapprofd.rc:50) took 62ms and succeeded
04-16 19:01:31.971 0 0 I init : processing action (ro.debuggable=1) from (/system/etc/init/llkd-debuggable.rc:1)
04-16 19:01:31.987 0 0 I init : processing action (ro.debuggable=*) from (/system/etc/init/llkd.rc:2)
04-16 19:01:32.001 0 0 I init : processing action (debug.atrace.user_initiated= && persist.traced.enable=1) from (/system/etc/init/perfetto.rc:47)
04-16 19:01:32.003 0 0 I init : starting service 'traced_probes'...
04-16 19:01:32.224 0 0 I init : ... started service 'traced_probes' has pid 430
04-16 19:01:32.261 393 393 I FastMixerState: sMaxFastTracks = 8
04-16 19:01:32.261 0 0 I init : Command 'start traced_probes' action=debug.atrace.user_initiated= && persist.traced.enable=1 (/system/etc/init/perfetto.rc:48) took 259ms and succeeded
04-16 19:01:32.261 0 0 I init : processing action (persist.traced.enable=1) from (/system/etc/init/perfetto.rc:50)
04-16 19:01:32.324 0 0 I init : Command 'mkdir /data/misc/perfetto-traces/bugreport 0773 root shell' action=persist.traced.enable=1 (/system/etc/init/perfetto.rc:58) took 59ms and succeeded
04-16 19:01:32.383 0 0 I init : Command 'mkdir /data/misc/perfetto-configs 0775 root shell' action=persist.traced.enable=1 (/system/etc/init/perfetto.rc:63) took 59ms and succeeded
04-16 19:01:32.393 0 0 I init : starting service 'traced'...
04-16 19:01:32.395 0 0 I init : Created socket '/dev/socket/traced_consumer', mode 666, user 0, group 0
04-16 19:01:32.396 0 0 I init : Created socket '/dev/socket/traced_producer', mode 666, user 0, group 0
04-16 19:01:32.480 153 153 I hwservicemanager: getTransport: Cannot find entry android.hardware.configstore@1.0::ISurfaceFlingerConfigs/default in either framework or device VINTF manifest.
04-16 19:01:32.562 429 429 I bootstat: Service started: /system/bin/bootstat --set_system_boot_reason
04-16 19:01:32.588 429 429 I bootstat: Canonical boot reason: reboot
04-16 19:01:32.601 429 429 I bootstat: Canonical boot reason: reboot
04-16 19:01:32.641 0 0 I init : ... started service 'traced' has pid 431
04-16 19:01:32.641 0 0 I init : Command 'start traced' action=persist.traced.enable=1 (/system/etc/init/perfetto.rc:65) took 257ms and succeeded
04-16 19:01:32.641 0 0 I init : service 'traced_probes' requested start, but it is already running (flags: 132)
04-16 19:01:32.642 0 0 I init : processing action (ro.persistent_properties.ready=true) from (/system/etc/init/perfetto.rc:116)
04-16 19:01:32.642 0 0 I init : processing action (persist.traced_perf.enable= && sys.init.perf_lsm_hooks=1 && traced.lazy.traced_perf=) from (/system/etc/init/traced_perf.rc:43)
04-16 19:01:32.681 0 0 I init : processing action (init.svc.qemu-adb-keys=stopped) from (/system_ext/etc/init/init.system_ext.rc:1)
04-16 19:01:32.682 0 0 I init : starting service 'qemu-adb-setup'...
04-16 19:01:32.825 428 428 I adbd : persist.adb.watchdog set to ''
04-16 19:01:32.843 428 428 I adbd : persist.sys.test_harness set to ''
04-16 19:01:32.854 428 428 I adbd : adb watchdog timeout set to 600 seconds
04-16 19:01:32.867 428 428 I adbd : Setup mdns on port= 5555
04-16 19:01:32.884 393 393 D audioserver: main: starting
04-16 19:01:32.885 393 393 V MediaUtils: physMem: 2069602304
04-16 19:01:32.885 393 393 V MediaUtils: requested limit: 413920460
04-16 19:01:32.886 393 393 I libc : malloc_limit: Allocation limit enabled, max size 413920460 bytes
04-16 19:01:32.888 428 436 I adbd : Waiting for persist.adb.tls_server.enable=1
04-16 19:01:32.911 396 396 I SurfaceFlinger: Using HWComposer service: default
04-16 19:01:32.921 396 396 I SurfaceFlinger: SurfaceFlinger is starting
04-16 19:01:32.923 396 396 I SurfaceFlinger: Enabling backpressure for GPU composition
04-16 19:01:32.945 429 429 E bootstat: Failed to read /metadata/bootstat/persist.sys.boot.reason: No such file or directory
04-16 19:01:32.945 429 429 I bootstat: Value of persist.sys.boot.reason :
04-16 19:01:32.945 429 429 I bootstat: Normalized last reboot reason : reboot
04-16 19:01:32.959 393 393 W BatteryNotifier: batterystats service unavailable!
04-16 19:01:32.985 153 153 I hwservicemanager: getTransport: Cannot find entry android.hardware.audio.effect@7.1::IEffectsFactory/default in either framework or device VINTF manifest.
04-16 19:01:33.054 428 428 I adbd : adbd listening on tcp:5555
04-16 19:01:33.055 428 428 I adbd : adbd listening on vsock:5555
04-16 19:01:33.104 428 428 I adbd : adbd started
04-16 19:01:33.213 429 429 E bootstat: Failed to unlink /metadata/bootstat/persist.sys.boot.reason: No such file or directory
04-16 19:01:33.227 0 0 I init : ... started service 'qemu-adb-setup' has pid 434
04-16 19:01:33.227 0 0 I init : Command 'start qemu-adb-setup' action=init.svc.qemu-adb-keys=stopped (/system_ext/etc/init/init.system_ext.rc:2) took 546ms and succeeded
04-16 19:01:33.249 0 0 I init : starting service 'mdnsd'...
04-16 19:01:33.251 0 0 I init : Created socket '/dev/socket/mdnsd', mode 660, user 1020, group 3003
04-16 19:01:33.342 430 430 I perfetto: probes.cc:104 Starting /system/bin/traced_probes service
04-16 19:01:33.383 430 448 I perfetto: _activity_trigger.cc:71 mm_events ftrace instance not found. Triggering of traces on memory pressure will not be available on this device.
04-16 19:01:33.389 0 0 W qemu-adb-setup: /data/misc/adb/adb_keys exists. Skipping qemu adb setup
04-16 19:01:33.408 430 430 I perfetto: probes_producer.cc:382 Disconnected from tracing service
04-16 19:01:33.435 396 396 I SurfaceFlinger: SurfaceFlinger's main thread ready to run. Initializing graphics H/W...
04-16 19:01:33.444 396 396 E SurfaceFlinger: Unrecognized RenderEngineType ; ignoring!
04-16 19:01:33.444 396 396 D RenderEngine: Threaded RenderEngine with SkiaGL Backend
04-16 19:01:33.482 0 0 I init : ... started service 'mdnsd' has pid 446
04-16 19:01:33.483 0 0 I init : Control message: Processed ctl.start for 'mdnsd' from pid: 428 (/apex/com.android.adbd/bin/adbd --root_seclabel=u:r:su:s0)
04-16 19:01:33.484 0 0 I init : processing action (nonencrypted) from (/system/etc/init/hw/init.rc:1214)
04-16 19:01:33.489 0 0 I init : starting service 'goldfish-logcat'...
04-16 19:01:33.624 428 452 I adbd : host-14: read thread spawning
04-16 19:01:33.625 428 453 I adbd : host-14: write thread spawning
04-16 19:01:33.626 428 454 I adbd : host-19: read thread spawning
04-16 19:01:33.634 428 455 I adbd : host-19: write thread spawning
04-16 19:01:33.641 428 428 I adbd : host-19: already offline
04-16 19:01:33.642 428 428 I adbd : authentication not required
04-16 19:01:33.657 431 431 W perfetto: service.cc:248 Started traced, listening on /dev/socket/traced_producer /dev/socket/traced_consumer
04-16 19:01:33.708 0 0 I init : ... started service 'goldfish-logcat' has pid 451
04-16 19:01:33.718 0 0 I init : starting service 'bt_vhci_forwarder'...
04-16 19:01:33.748 0 0 I init : ... started service 'bt_vhci_forwarder' has pid 456
04-16 19:01:33.748 0 0 I init : service 'zygote' requested start, but it is already running (flags: 4)
04-16 19:01:33.749 0 0 I init : starting service 'cameraserver'...
04-16 19:01:33.798 0 0 I init : ... started service 'cameraserver' has pid 457
04-16 19:01:33.800 0 0 I init : starting service 'idmap2d'...
04-16 19:01:33.865 396 450 D libEGL : loaded /vendor/lib64/egl/libEGL_emulation.so
04-16 19:01:33.905 396 450 D libEGL : loaded /vendor/lib64/egl/libGLESv1_CM_emulation.so
04-16 19:01:34.011 396 450 D libEGL : loaded /vendor/lib64/egl/libGLESv2_emulation.so
04-16 19:01:34.017 430 430 I perfetto: probes_producer.cc:341 Connected to the service
04-16 19:01:34.094 0 0 I init : ... started service 'idmap2d' has pid 460
04-16 19:01:34.095 0 0 I init : starting service 'incidentd'...
04-16 19:01:34.308 0 0 I init : ... started service 'incidentd' has pid 463
04-16 19:01:34.330 0 0 I init : starting service 'installd'...
04-16 19:01:34.514 396 450 I RenderEngine: EGL information:
04-16 19:01:34.514 396 450 I RenderEngine: vendor : Android
04-16 19:01:34.514 396 450 I RenderEngine: version : 1.4 Android META-EGL
04-16 19:01:34.514 396 450 I RenderEngine: extensions: EGL_ANDROID_front_buffer_auto_refresh EGL_ANDROID_get_native_client_buffer EGL_ANDROID_presentation_time EGL_EXT_surface_CTA861_3_metadata EGL_EXT_surface_SMPTE2086_metadata EGL_KHR_get_all_proc_addresses EGL_KHR_swap_buffers_with_damage EGL_ANDROID_get_frame_timestamps EGL_ANDROID_image_native_buffer EGL_ANDROID_native_fence_sync EGL_ANDROID_recordable EGL_KHR_create_context EGL_KHR_fence_sync EGL_KHR_gl_texture_2D_image EGL_KHR_image EGL_KHR_image_base
04-16 19:01:34.514 396 450 I RenderEngine: Client API: OpenGL_ES
04-16 19:01:34.514 396 450 I RenderEngine: EGLSurface: 8-8-8-8, config=0x5
04-16 19:01:34.571 396 450 D RenderEngine: Background Blurs Enabled
04-16 19:01:34.588 153 153 I hwservicemanager: getTransport: Cannot find entry android.hardware.audio.effect@7.1::IEffectsFactory/default in either framework or device VINTF manifest.
04-16 19:01:34.601 0 0 I init : ... started service 'installd' has pid 466
04-16 19:01:34.601 0 0 I init : service 'mdnsd' requested start, but it is already running (flags: 134)
04-16 19:01:34.603 0 0 I init : starting service 'mediaextractor'...
04-16 19:01:34.790 0 0 I init : ... started service 'mediaextractor' has pid 467
04-16 19:01:34.791 0 0 I init : starting service 'mediametrics'...
04-16 19:01:34.882 456 456 E bt_vhci_forwarder: setTerminalRaw failed /dev/bluetooth0: Inappropriate ioctl for device
04-16 19:01:35.118 0 0 I init : ... started service 'mediametrics' has pid 468
04-16 19:01:35.119 0 0 I init : starting service 'media'...
04-16 19:01:35.177 396 450 I RenderEngine: OpenGL ES informations:
04-16 19:01:35.178 396 450 I RenderEngine: vendor : Google (Google Inc.)
04-16 19:01:35.178 396 450 I RenderEngine: renderer : Android Emulator OpenGL ES Translator (Google SwiftShader)
04-16 19:01:35.178 396 450 I RenderEngine: version : OpenGL ES 3.0 (OpenGL ES 3.0 SwiftShader 4.0.0.1)
04-16 19:01:35.178 396 450 I RenderEngine: extensions: GL_EXT_debug_marker GL_EXT_robustness GL_OES_EGL_sync GL_OES_EGL_image GL_OES_EGL_image_external GL_OES_depth24 GL_OES_depth32 GL_OES_element_index_uint GL_OES_texture_float GL_OES_texture_float_linear GL_OES_compressed_paletted_texture GL_OES_compressed_ETC1_RGB8_texture GL_OES_depth_texture GL_OES_texture_half_float GL_OES_texture_half_float_linear GL_OES_packed_depth_stencil GL_OES_vertex_half_float GL_OES_standard_derivatives GL_OES_texture_npot GL_OES_rgb8_rgba8 GL_EXT_color_buffer_float GL_EXT_color_buffer_half_float GL_EXT_texture_format_BGRA8888 GL_APPLE_texture_format_BGRA8888 ANDROID_EMU_CHECKSUM_HELPER_v1 ANDROID_EMU_native_sync_v2 ANDROID_EMU_dma_v1 ANDROID_EMU_direct_mem ANDROID_EMU_host_composition_v1 ANDROID_EMU_host_composition_v2 ANDROID_EMU_vulkan ANDROID_EMU_deferred_vulkan_commands ANDROID_EMU_vulkan_null_optional_strings ANDROID_EMU_vulkan_create_resources_with_requirements ANDROID_EMU_YUV_Cache ANDROID_EMU_vulkan_ignored_handles ANDROID_EMU_has_shared_slots_host_memory_alloc
04-16 19:01:35.178 396 450 I RenderEngine: GL_MAX_TEXTURE_SIZE = 8192
04-16 19:01:35.178 396 450 I RenderEngine: GL_MAX_VIEWPORT_DIMS = 8192
04-16 19:01:35.302 350 350 D AndroidRuntime: >>>>>> START com.android.internal.os.ZygoteInit uid 0 <<<<<<
04-16 19:01:35.435 0 0 I servicemanager: Found android.hardware.graphics.composer3.IComposer/default in device VINTF manifest.
04-16 19:01:35.484 0 0 I init : ... started service 'media' has pid 470
04-16 19:01:35.484 0 0 I init : service 'netd' requested start, but it is already running (flags: 4)
04-16 19:01:35.494 0 0 I init : starting service 'storaged'...
04-16 19:01:35.495 0 0 I init : Could not open file '/d/mmc0/mmc0:0001/ext_csd': Failed to open file '/d/mmc0/mmc0:0001/ext_csd': No such file or directory
04-16 19:01:35.610 153 153 I hwservicemanager: getTransport: Cannot find entry android.hardware.graphics.mapper@4.0::IMapper/default in either framework or device VINTF manifest.
04-16 19:01:35.636 379 419 I ComposerResources: failed to get mapper 4.0 service, falling back to mapper 3.0
04-16 19:01:35.728 0 0 I init : ... started service 'storaged' has pid 471
04-16 19:01:35.785 460 460 I idmap2d : Starting
04-16 19:01:35.824 393 393 I ServiceManagerCppClient: Waiting for service 'media.metrics' on '/dev/binder'...
04-16 19:01:35.961 0 0 I init : starting service 'wificond'...
04-16 19:01:35.984 456 456 I bt_vhci_forwarder: ignore 0xff packet
04-16 19:01:36.516 428 442 E adbd : Could not register mDNS service _adb._tcp, error (-65563).
04-16 19:01:36.533 428 442 I adbd : adbd mDNS service _adb._tcp registered: 1
04-16 19:01:36.682 379 419 E RanchuHwc: loadPersistentKeyValues: persistent key-value store path not available.
04-16 19:01:36.686 379 419 E RanchuHwc: getPersistentKeyValue: failed to load pmem json
04-16 19:01:36.686 379 419 E RanchuHwc: getBootConfigId: display:0 failed to get persistent boot config
04-16 19:01:36.687 379 419 D RanchuHwc: init display:0 with config: id: 0 w:1080 h:2400 dpi-x:420 dpi-y:420 vsync:60.000002 config-group:0
04-16 19:01:36.697 379 419 E RanchuHwc: start: failed to set Vsync thread name: Math result not representable
04-16 19:01:36.698 379 419 E RanchuHwc: start: failed to set Vsync thread priority: Invalid argument
04-16 19:01:36.726 0 0 I logd : logdr: UID=1036 GID=0 PID=451 b tail=0 logMask=99 pid=0 start=0ns deadline=0ns
04-16 19:01:36.783 0 0 I servicemanager: Could not find android.hardware.graphics.allocator.IAllocator/default in the VINTF manifest.
04-16 19:01:36.840 379 477 I RanchuHwc: Vsync thread for display:0 starting
04-16 19:01:36.853 350 350 I AndroidRuntime: Using default boot image
04-16 19:01:36.854 350 350 I AndroidRuntime: Leaving lock profiling enabled
04-16 19:01:36.859 153 153 I hwservicemanager: getTransport: Cannot find entry android.hardware.graphics.mapper@4.0::IMapper/default in either framework or device VINTF manifest.
04-16 19:01:36.900 379 419 I Gralloc4: mapper 4.x is not supported
04-16 19:01:36.927 350 350 I zygote64: option[0]=-Xzygote
04-16 19:01:36.927 350 350 I zygote64: option[1]=exit
04-16 19:01:36.927 350 350 I zygote64: option[2]=vfprintf
04-16 19:01:36.927 350 350 I zygote64: option[3]=sensitiveThread
04-16 19:01:36.928 350 350 I zygote64: option[4]=-verbose:gc
04-16 19:01:36.940 350 350 I zygote64: option[5]=-XX:PerfettoHprof=true
04-16 19:01:36.940 350 350 I zygote64: option[6]=-XX:PerfettoJavaHeapStackProf=true
04-16 19:01:36.940 350 350 I zygote64: option[7]=-Xprimaryzygote
04-16 19:01:36.940 350 350 I zygote64: option[8]=-Xms8m
04-16 19:01:36.940 350 350 I zygote64: option[9]=-Xmx512m
04-16 19:01:36.941 350 350 I zygote64: option[10]=-XX:HeapGrowthLimit=192m
04-16 19:01:36.941 350 350 I zygote64: option[11]=-XX:HeapMinFree=512k
04-16 19:01:36.941 350 350 I zygote64: option[12]=-XX:HeapMaxFree=8m
04-16 19:01:36.941 350 350 I zygote64: option[13]=-XX:HeapTargetUtilization=0.75
04-16 19:01:36.941 350 350 I zygote64: option[14]=-Xusejit:true
04-16 19:01:36.941 350 350 I zygote64: option[15]=-Xjitsaveprofilinginfo
04-16 19:01:36.941 350 350 I zygote64: option[16]=-XMadviseWillNeedVdexFileSize:104857600
04-16 19:01:36.941 350 350 I zygote64: option[17]=-XMadviseWillNeedOdexFileSize:104857600
04-16 19:01:36.942 350 350 I zygote64: option[18]=-XMadviseWillNeedArtFileSize:4294967295
04-16 19:01:36.942 350 350 I zygote64: option[19]=-XjdwpOptions:suspend=n,server=y
04-16 19:01:36.942 350 350 I zygote64: option[20]=-XjdwpProvider:default
04-16 19:01:36.942 350 350 I zygote64: option[21]=-Xopaque-jni-ids:swapable
04-16 19:01:36.942 350 350 I zygote64: option[22]=-Xlockprofthreshold:500
04-16 19:01:36.942 350 350 I zygote64: option[23]=-Xcompiler-option
04-16 19:01:36.942 350 350 I zygote64: option[24]=--instruction-set-variant=x86_64
04-16 19:01:36.942 350 350 I zygote64: option[25]=-Xcompiler-option
04-16 19:01:36.942 350 350 I zygote64: option[26]=--instruction-set-features=default
04-16 19:01:36.942 350 350 I zygote64: option[27]=-Xcompiler-option
04-16 19:01:36.943 350 350 I zygote64: option[28]=--generate-mini-debug-info
04-16 19:01:36.943 350 350 I zygote64: option[29]=-Ximage-compiler-option
04-16 19:01:36.943 350 350 I zygote64: option[30]=--runtime-arg
04-16 19:01:36.943 350 350 I zygote64: option[31]=-Ximage-compiler-option
04-16 19:01:36.943 350 350 I zygote64: option[32]=-Xms64m
04-16 19:01:36.943 350 350 I zygote64: option[33]=-Ximage-compiler-option
04-16 19:01:36.943 350 350 I zygote64: option[34]=--runtime-arg
04-16 19:01:36.943 350 350 I zygote64: option[35]=-Ximage-compiler-option
04-16 19:01:36.943 350 350 I zygote64: option[36]=-Xmx64m
04-16 19:01:36.943 350 350 I zygote64: option[37]=-Ximage-compiler-option
04-16 19:01:36.962 350 350 I zygote64: option[38]=--dirty-image-objects=/system/etc/dirty-image-objects
04-16 19:01:36.962 350 350 I zygote64: option[39]=-Ximage-compiler-option
04-16 19:01:36.962 350 350 I zygote64: option[40]=--instruction-set-variant=x86_64
04-16 19:01:36.962 350 350 I zygote64: option[41]=-Ximage-compiler-option
04-16 19:01:36.963 350 350 I zygote64: option[42]=--instruction-set-features=default
04-16 19:01:36.963 350 350 I zygote64: option[43]=-Ximage-compiler-option
04-16 19:01:36.963 350 350 I zygote64: option[44]=--generate-mini-debug-info
04-16 19:01:36.963 350 350 I zygote64: option[45]=-Duser.locale=en-US
04-16 19:01:36.963 350 350 I zygote64: option[46]=--cpu-abilist=x86_64
04-16 19:01:36.963 350 350 I zygote64: option[47]=-Xcore-platform-api-policy:just-warn
04-16 19:01:36.963 350 350 I zygote64: option[48]=-Xfingerprint:Android/sdk_phone64_x86_64/emu64x:14/UE1A.230829.036.A1/11228894:userdebug/test-keys
04-16 19:01:37.170 350 350 I zygote64: Core platform API reporting enabled, enforcing=false
04-16 19:01:37.194 350 350 I zygote64: Using CollectorTypeCC GC.
04-16 19:01:37.436 379 419 E android.hardware.graphics.composer3-service.ranchu: freeBuffer:127 failed with 'Error3::BAD_BUFFER'
04-16 19:01:37.436 379 419 E Gralloc3: freeBuffer(0x0) failed with 2
04-16 19:01:37.458 379 419 E android.hardware.graphics.composer3-service.ranchu: freeBuffer:127 failed with 'Error3::BAD_BUFFER'
04-16 19:01:37.458 379 419 E Gralloc3: freeBuffer(0x0) failed with 2
04-16 19:01:37.458 379 419 E android.hardware.graphics.composer3-service.ranchu: freeBuffer:127 failed with 'Error3::BAD_BUFFER'
04-16 19:01:37.458 379 419 E Gralloc3: freeBuffer(0x0) failed with 2
04-16 19:01:37.459 379 419 E android.hardware.graphics.composer3-service.ranchu: freeBuffer:127 failed with 'Error3::BAD_BUFFER'
04-16 19:01:37.459 379 419 E Gralloc3: freeBuffer(0x0) failed with 2
04-16 19:01:37.464 379 419 E android.hardware.graphics.composer3-service.ranchu: freeBuffer:127 failed with 'Error3::BAD_BUFFER'
04-16 19:01:37.465 379 419 E Gralloc3: freeBuffer(0x0) failed with 2
04-16 19:01:37.465 379 419 E android.hardware.graphics.composer3-service.ranchu: freeBuffer:127 failed with 'Error3::BAD_BUFFER'
04-16 19:01:37.465 379 419 E Gralloc3: freeBuffer(0x0) failed with 2
04-16 19:01:37.511 396 396 I HwcComposer: Loaded AIDL composer3 HAL service
04-16 19:01:37.527 396 396 W surfaceflinger: Binder 0x7ac5c9c5e778 destroyed after setMinSchedulerPolicy before being parceled.
04-16 19:01:37.527 396 396 W surfaceflinger: Binder 0x7ac5c9c5e778 destroyed after setMinSchedulerPolicy before being parceled.
04-16 19:01:37.555 396 396 I HWComposer: Switching to generalized multi-display mode
04-16 19:01:37.220 0 0 I init : ... started service 'wificond' has pid 472
04-16 19:01:37.276 0 0 I init : starting service 'vendor.ril-daemon'...
04-16 19:01:37.565 0 0 I init : ... started service 'vendor.ril-daemon' has pid 479
04-16 19:01:37.583 0 0 I init : starting service 'media.swcodec'...
04-16 19:01:37.666 396 396 I SurfaceFlinger: Connecting display 4619827259835644672 (HAL ID 0)
04-16 19:01:37.691 466 466 I installd: installd firing up
04-16 19:01:37.761 466 466 E cutils : Failed to read /data/misc/installd/layout_version: No such file or directory
04-16 19:01:37.762 466 466 D installd: Assuming that device has multi-user storage layout; upgrade no longer supported
04-16 19:01:37.851 466 466 D installd: Upgrading to /data/misc/user directories
04-16 19:01:37.856 396 396 E HwcComposer: getPerFrameMetadataKeys failed Status(-8, EX_SERVICE_SPECIFIC): '8: '
04-16 19:01:37.945 0 0 I init : ... started service 'media.swcodec' has pid 480
04-16 19:01:37.946 0 0 I init : service 'statsd' requested start, but it is already running (flags: 4)
04-16 19:01:37.946 0 0 I init : Command 'class_start main' action=nonencrypted (/system/etc/init/hw/init.rc:1215) took 4462ms and succeeded
04-16 19:01:37.948 0 0 I init : Service 'exec 17 (/system/bin/bootstat --set_system_boot_reason)' (pid 429) exited with status 0 oneshot service took 6.236000 seconds in background
04-16 19:01:37.948 0 0 I init : Sending signal 9 to service 'exec 17 (/system/bin/bootstat --set_system_boot_reason)' (pid 429) process group...
04-16 19:01:37.952 0 0 I libprocessgroup: Successfully killed process cgroup uid 1000 pid 429 in 3ms
04-16 19:01:37.982 0 0 I init : Service 'qemu-adb-setup' (pid 434) exited with status 0 oneshot service took 5.115000 seconds in background
04-16 19:01:37.983 0 0 I init : Sending signal 9 to service 'qemu-adb-setup' (pid 434) process group...
04-16 19:01:37.983 0 0 I libprocessgroup: Successfully killed process cgroup uid 0 pid 434 in 0ms
04-16 19:01:37.993 0 0 I init : starting service 'gatekeeperd'...
04-16 19:01:38.151 0 0 I init : ... started service 'gatekeeperd' has pid 482
04-16 19:01:38.152 0 0 I init : service 'traced' requested start, but it is already running (flags: 132)
04-16 19:01:38.152 0 0 I init : service 'traced_probes' requested start, but it is already running (flags: 132)
04-16 19:01:38.182 0 0 I init : starting service 'usbd'...
04-16 19:01:38.263 0 0 I init : ... started service 'usbd' has pid 483
04-16 19:01:38.264 0 0 I init : Command 'class_start late_start' action=nonencrypted (/system/etc/init/hw/init.rc:1216) took 275ms and succeeded
04-16 19:01:38.264 0 0 I init : processing action (load_persist_props_action) from (/system/etc/init/flags_health_check.rc:1)
04-16 19:01:38.316 0 0 I init : Encryption policy of /data/server_configurable_flags set to c42cf842d5ab2e9dd16187a7259ee697 v2 modes 1/4 flags 0x2
04-16 19:01:38.316 0 0 I init : Command 'mkdir /data/server_configurable_flags 0775 system system encryption=Require' action=load_persist_props_action (/system/etc/init/flags_health_check.rc:4) took 51ms and succeeded
04-16 19:01:38.328 0 0 I init : starting service 'exec 18 (/system/bin/flags_health_check BOOT_FAILURE)'...
04-16 19:01:38.377 0 0 I servicemanager: Could not find android.hardware.graphics.allocator.IAllocator/default in the VINTF manifest.
04-16 19:01:38.371 153 153 I hwservicemanager: getTransport: Cannot find entry android.hardware.graphics.mapper@4.0::IMapper/default in either framework or device VINTF manifest.
04-16 19:01:38.378 396 396 I Gralloc4: mapper 4.x is not supported
04-16 19:01:38.511 0 0 I init : ... started service 'exec 18 (/system/bin/flags_health_check BOOT_FAILURE)' has pid 485
04-16 19:01:38.518 0 0 I init : SVC_EXEC service 'exec 18 (/system/bin/flags_health_check BOOT_FAILURE)' pid 485 (uid 1000 gid 1000+0 context default) started; waiting...
04-16 19:01:38.519 0 0 I init : Command 'exec - system system -- /system/bin/flags_health_check BOOT_FAILURE' action=load_persist_props_action (/system/etc/init/flags_health_check.rc:5) took 202ms and succeeded
04-16 19:01:38.519 0 0 I init : Service 'exec 16 (/system/bin/profcollectctl reset)' (pid 398) exited with status 0 oneshot service took 11.093000 seconds in background
04-16 19:01:38.519 0 0 I init : Sending signal 9 to service 'exec 16 (/system/bin/profcollectctl reset)' (pid 398) process group...
04-16 19:01:38.520 0 0 I libprocessgroup: Successfully killed process cgroup uid 0 pid 398 in 0ms
04-16 19:01:39.166 485 485 I flags_health_check: ServerConfigurableFlagsReset reset_mode value: 0
04-16 19:01:39.176 485 485 I flags_health_check: ServerConfigurableFlagsReset attempted boot count is under threshold, skipping reset.
04-16 19:01:39.387 483 483 I usbd : persistent prop is adb
04-16 19:01:39.430 0 0 I init : service 'adbd' requested start, but it is already running (flags: 132)
04-16 19:01:39.430 0 0 I init : Control message: Processed ctl.start for 'adbd' from pid: 483 (/system/bin/usbd)
04-16 19:01:39.443 0 0 I init : Service 'exec 18 (/system/bin/flags_health_check BOOT_FAILURE)' (pid 485) exited with status 0 waiting took 1.091000 seconds
04-16 19:01:39.476 0 0 I servicemanager: Could not find android.hardware.usb.gadget.IUsbGadget/default in the VINTF manifest.
04-16 19:01:39.489 0 0 I init : Sending signal 9 to service 'exec 18 (/system/bin/flags_health_check BOOT_FAILURE)' (pid 485) process group...
04-16 19:01:39.490 0 0 I libprocessgroup: Successfully killed process cgroup uid 1000 pid 485 in 0ms
04-16 19:01:39.491 0 0 I init : processing action (load_persist_props_action) from (/system/etc/init/logcatd.rc:29)
04-16 19:01:39.503 0 0 I init : processing action (llk.enable=0) from (/system/etc/init/llkd.rc:12)
04-16 19:01:39.517 0 0 I init : processing action (khungtask.enable=1) from (/system/etc/init/llkd.rc:18)
04-16 19:01:39.530 0 0 I init : processing action (llk.enable=0) from (/system/etc/init/llkd.rc:12)
04-16 19:01:39.539 153 153 I hwservicemanager: getTransport: Cannot find entry android.hardware.usb.gadget@1.0::IUsbGadget/default in either framework or device VINTF manifest.
04-16 19:01:39.546 0 0 I init : processing action (khungtask.enable=0) from (/system/etc/init/llkd.rc:21)
04-16 19:01:39.587 0 0 I init : processing action (init.svc.media=*) from (/system/etc/init/mediaserver.rc:1)
04-16 19:01:39.603 0 0 I init : processing action (khungtask.enable=true) from (/system/etc/init/llkd.rc:25)
04-16 19:01:39.684 396 396 I Scheduler: Display 4619827259835644672 is the pacesetter
04-16 19:01:39.691 483 483 I usbd : Usb HAL not found
04-16 19:01:39.706 0 0 I init : processing action (khungtask.enable=false) from (/system/etc/init/llkd.rc:31)
04-16 19:01:39.712 396 491 W EventThread: Ignoring VSYNC request while display is disconnected
04-16 19:01:39.772 0 0 I init : Service 'usbd' (pid 483) exited with status 0 oneshot service took 1.577000 seconds in background
04-16 19:01:39.772 0 0 I init : Sending signal 9 to service 'usbd' (pid 483) process group...
04-16 19:01:39.772 0 0 I libprocessgroup: Successfully killed process cgroup uid 0 pid 483 in 0ms
04-16 19:01:39.776 396 492 W EventThread: Ignoring VSYNC request while display is disconnected
04-16 19:01:39.780 396 491 W EventThread: Ignoring VSYNC request while display is disconnected
04-16 19:01:39.809 396 396 I Scheduler: Display 4619827259835644672 is the pacesetter
04-16 19:01:39.830 396 495 W SurfaceFlinger: Failed to set thread name on dispatch thread
04-16 19:01:40.099 0 0 I init : starting service 'bootanim'...
04-16 19:01:40.278 0 0 I init : ... started service 'bootanim' has pid 497
04-16 19:01:40.278 0 0 I init : Control message: Processed ctl.start for 'bootanim' from pid: 396 (/system/bin/surfaceflinger)
04-16 19:01:40.582 153 153 I hwservicemanager: getTransport: Cannot find entry android.frameworks.displayservice@1.0::IDisplayService/default in either framework or device VINTF manifest.
04-16 19:01:40.584 396 396 E HidlServiceManagement: Service android.frameworks.displayservice@1.0::IDisplayService/default must be in VINTF manifest in order to register/get.
04-16 19:01:40.584 396 396 E SurfaceFlinger: Did not register (deprecated) IDisplayService service.
04-16 19:01:40.586 396 396 D SurfaceFlinger: Setting power mode 2 on display 4619827259835644672
04-16 19:01:40.600 396 396 D SurfaceFlinger: Finished setting power mode 2 on display 4619827259835644672
04-16 19:01:40.609 472 472 I wificond: wificond is starting up...
04-16 19:01:40.773 0 0 I servicemanager: Could not find android.hardware.net.nlinterceptor.IInterceptor/default in the VINTF manifest.
04-16 19:01:40.869 482 482 I gatekeeperd: Starting gatekeeperd...
04-16 19:01:40.886 393 393 W ServiceManagerCppClient: Service media.metrics didn't start. Returning NULL
04-16 19:01:41.041 393 393 I AudioFlinger: Using default 3000 mSec as standby time.
04-16 19:01:41.092 393 393 D audioserver: main: AudioFlinger created
04-16 19:01:41.402 482 482 I ServiceManagerCppClient: Waiting for service 'android.hardware.gatekeeper.IGatekeeper/default' on '/dev/binder'...
04-16 19:01:41.466 472 472 I HidlServiceManagement: Registered android.system.wifi.keystore@1.0::IKeystore/default
04-16 19:01:41.845 468 468 V MediaUtils: physMem: 2069602304
04-16 19:01:41.872 468 468 V MediaUtils: requested limit: 134217728
04-16 19:01:41.873 468 468 I libc : malloc_limit: Allocation limit enabled, max size 134217728 bytes
04-16 19:01:42.240 0 0 I servicemanager: Found android.hardware.health.IHealth/default in device VINTF manifest.
04-16 19:01:42.286 468 468 D AudioPowerUsage: AudioPowerUsage
04-16 19:01:42.299 480 480 I mediaswcodec: media swcodec service starting
04-16 19:01:42.311 468 468 D AudioAnalytics: AudioAnalytics
04-16 19:01:42.341 480 480 W mediaswcodec: Could not read additional policy file '/vendor/etc/seccomp_policy/mediaswcodec.policy'
04-16 19:01:42.349 480 480 W mediaswcodec: libminijail[480]: failed to get path of fd 5: No such file or directory
04-16 19:01:42.350 480 480 W mediaswcodec: libminijail[480]: allowing syscall: socket
04-16 19:01:42.351 480 480 W mediaswcodec: libminijail[480]: allowing syscall: connect
04-16 19:01:42.360 480 480 W mediaswcodec: libminijail[480]: allowing syscall: fcntl
04-16 19:01:42.361 480 480 W mediaswcodec: libminijail[480]: allowing syscall: writev
04-16 19:01:42.362 480 480 W mediaswcodec: libminijail[480]: compile_file: (20): nonexistent syscall 'getuid32'
04-16 19:01:42.363 480 480 W mediaswcodec: libminijail[480]: compile_file: (26): nonexistent syscall 'mmap2'
04-16 19:01:42.363 480 480 W mediaswcodec: libminijail[480]: compile_file: (28): nonexistent syscall 'fstat64'
04-16 19:01:42.373 480 480 W mediaswcodec: libminijail[480]: compile_file: (31): nonexistent syscall 'stat64'
04-16 19:01:42.373 480 480 W mediaswcodec: libminijail[480]: compile_file: (32): nonexistent syscall 'statfs64'
04-16 19:01:42.374 480 480 W mediaswcodec: libminijail[480]: compile_file: (34): nonexistent syscall 'fstatat64'
04-16 19:01:42.374 480 480 W mediaswcodec: libminijail[480]: compile_file: (39): nonexistent syscall '_llseek'
04-16 19:01:42.375 480 480 W mediaswcodec: libminijail[480]: compile_file: (48): nonexistent syscall 'ugetrlimit'
04-16 19:01:42.385 480 480 W mediaswcodec: libminijail[480]: compile_file: (51): nonexistent syscall '_llseek'
04-16 19:01:42.385 480 480 W mediaswcodec: libminijail[480]: compile_file: (52): nonexistent syscall 'fstatfs64'
04-16 19:01:42.386 480 480 W mediaswcodec: libminijail[480]: compile_file: (64): nonexistent syscall 'ftruncate64'
04-16 19:01:42.387 480 480 W mediaswcodec: libminijail[480]: compile_file: (70): syscall gettid redefined here
04-16 19:01:42.387 480 480 W mediaswcodec: libminijail[480]: compile_file: (67): previous definition here
04-16 19:01:42.397 480 480 W mediaswcodec: libminijail[480]: compile_file: /apex/com.android.media.swcodec/etc/seccomp_policy/crash_dump.x86_64.policy(1): syscall read redefined here
04-16 19:01:42.397 480 480 W mediaswcodec: libminijail[480]: compile_file: (15): previous definition here
04-16 19:01:42.398 480 480 W mediaswcodec: libminijail[480]: compile_file: /apex/com.android.media.swcodec/etc/seccomp_policy/crash_dump.x86_64.policy(2): syscall write redefined here
04-16 19:01:42.398 480 480 W mediaswcodec: libminijail[480]: compile_file: (58): previous definition here
04-16 19:01:42.398 480 480 W mediaswcodec: libminijail[480]: compile_file: /apex/com.android.media.swcodec/etc/seccomp_policy/crash_dump.x86_64.policy(3): syscall exit redefined here
04-16 19:01:42.399 480 480 W mediaswcodec: libminijail[480]: compile_file: (45): previous definition here
04-16 19:01:42.399 480 480 W mediaswcodec: libminijail[480]: compile_file: /apex/com.android.media.swcodec/etc/seccomp_policy/crash_dump.x86_64.policy(4): syscall rt_sigreturn redefined here
04-16 19:01:42.399 480 480 W mediaswcodec: libminijail[480]: compile_file: (47): previous definition here
04-16 19:01:42.404 480 480 W mediaswcodec: libminijail[480]: compile_file: /apex/com.android.media.swcodec/etc/seccomp_policy/crash_dump.x86_64.policy(5): syscall exit_group redefined here
04-16 19:01:42.404 480 480 W mediaswcodec: libminijail[480]: compile_file: (46): previous definition here
04-16 19:01:42.405 480 480 W mediaswcodec: libminijail[480]: compile_file: /apex/com.android.media.swcodec/etc/seccomp_policy/crash_dump.x86_64.policy(8): syscall futex redefined here
04-16 19:01:42.405 480 480 W mediaswcodec: libminijail[480]: compile_file: (36): previous definition here
04-16 19:01:42.405 480 480 W mediaswcodec: libminijail[480]: compile_file: /apex/com.android.media.swcodec/etc/seccomp_policy/crash_dump.x86_64.policy(10): syscall getpid redefined here
04-16 19:01:42.406 480 480 W mediaswcodec: libminijail[480]: compile_file: (69): previous definition here
04-16 19:01:42.406 480 480 W mediaswcodec: libminijail[480]: compile_file: /apex/com.android.media.swcodec/etc/seccomp_policy/crash_dump.x86_64.policy(11): syscall gettid redefined here
04-16 19:01:42.406 480 480 W mediaswcodec: libminijail[480]: compile_file: (67): previous definition here
04-16 19:01:42.407 480 480 W mediaswcodec: libminijail[480]: compile_file: /apex/com.android.media.swcodec/etc/seccomp_policy/crash_dump.x86_64.policy(14): syscall openat redefined here
04-16 19:01:42.407 480 480 W mediaswcodec: libminijail[480]: compile_file: (18): previous definition here
04-16 19:01:42.407 480 480 W mediaswcodec: libminijail[480]: compile_file: /apex/com.android.media.swcodec/etc/seccomp_policy/crash_dump.x86_64.policy(15): syscall dup redefined here
04-16 19:01:42.420 480 480 W mediaswcodec: libminijail[480]: compile_file: (56): previous definition here
04-16 19:01:42.420 480 480 W mediaswcodec: libminijail[480]: compile_file: /apex/com.android.media.swcodec/etc/seccomp_policy/crash_dump.x86_64.policy(16): syscall close redefined here
04-16 19:01:42.421 480 480 W mediaswcodec: libminijail[480]: compile_file: (25): previous definition here
04-16 19:01:42.421 480 480 W mediaswcodec: libminijail[480]: compile_file: /apex/com.android.media.swcodec/etc/seccomp_policy/crash_dump.x86_64.policy(17): syscall lseek redefined here
04-16 19:01:42.421 480 480 W mediaswcodec: libminijail[480]: compile_file: (40): previous definition here
04-16 19:01:42.422 480 480 W mediaswcodec: libminijail[480]: compile_file: /apex/com.android.media.swcodec/etc/seccomp_policy/crash_dump.x86_64.policy(19): syscall faccessat redefined here
04-16 19:01:42.422 480 480 W mediaswcodec: libminijail[480]: compile_file: (38): previous definition here
04-16 19:01:42.423 480 480 W mediaswcodec: libminijail[480]: compile_file: /apex/com.android.media.swcodec/etc/seccomp_policy/crash_dump.x86_64.policy(28): syscall prctl redefined here
04-16 19:01:42.423 480 480 W mediaswcodec: libminijail[480]: compile_file: (17): previous definition here
04-16 19:01:42.429 480 480 W mediaswcodec: libminijail[480]: compile_file: /apex/com.android.media.swcodec/etc/seccomp_policy/crash_dump.x86_64.policy(29): syscall madvise redefined here
04-16 19:01:42.445 480 480 W mediaswcodec: libminijail[480]: compile_file: (33): previous definition here
04-16 19:01:42.445 480 480 W mediaswcodec: libminijail[480]: compile_file: /apex/com.android.media.swcodec/etc/seccomp_policy/crash_dump.x86_64.policy(30): syscall mprotect redefined here
04-16 19:01:42.445 480 480 W mediaswcodec: libminijail[480]: compile_file: (16): previous definition here
04-16 19:01:42.446 480 480 W mediaswcodec: libminijail[480]: compile_file: /apex/com.android.media.swcodec/etc/seccomp_policy/crash_dump.x86_64.policy(31): syscall munmap redefined here
04-16 19:01:42.446 480 480 W mediaswcodec: libminijail[480]: compile_file: (37): previous definition here
04-16 19:01:42.446 480 480 W mediaswcodec: libminijail[480]: compile_file: /apex/com.android.media.swcodec/etc/seccomp_policy/crash_dump.x86_64.policy(32): syscall getuid redefined here
04-16 19:01:42.447 480 480 W mediaswcodec: libminijail[480]: compile_file: (21): previous definition here
04-16 19:01:42.447 480 480 W mediaswcodec: libminijail[480]: compile_file: /apex/com.android.media.swcodec/etc/seccomp_policy/crash_dump.x86_64.policy(33): syscall fstat redefined here
04-16 19:01:42.447 480 480 W mediaswcodec: libminijail[480]: compile_file: (29): previous definition here
04-16 19:01:42.447 480 480 W mediaswcodec: libminijail[480]: compile_file: /apex/com.android.media.swcodec/etc/seccomp_policy/crash_dump.x86_64.policy(34): syscall mmap redefined here
04-16 19:01:42.447 480 480 W mediaswcodec: libminijail[480]: compile_file: (27): previous definition here
04-16 19:01:42.448 468 468 D MediaMetricsService: MediaMetricsService
04-16 19:01:42.561 480 480 W mediaswcodec: libminijail[480]: logging seccomp filter failures
04-16 19:01:42.586 480 480 I CodecServiceRegistrant: Creating software Codec2 service...
04-16 19:01:42.645 480 480 D C2Store : Default ION heapmask = -1
04-16 19:01:42.645 480 480 D C2Store : Default ION flags = 0
04-16 19:01:42.646 480 480 D C2Store : Default ION align = 0
04-16 19:01:42.708 480 480 I HidlServiceManagement: Registered android.hardware.media.c2@1.2::IComponentStore/software
04-16 19:01:42.738 480 480 I CodecServiceRegistrant: Preferred Codec2 store is set to "default".
04-16 19:01:42.738 480 480 I CodecServiceRegistrant: Software Codec2 service created and registered.
04-16 19:01:42.918 393 393 D APM_EngineLoader: Loaded engine from libaudiopolicyenginedefault.so
04-16 19:01:42.919 393 393 D APM::AudioPolicyEngine/Base: loadAudioPolicyEngineConfig: No configuration found, using default matching phone experience.
04-16 19:01:42.935 467 467 I main_extractorservice: enable media.extractor memory limits
04-16 19:01:42.949 467 467 V MediaUtils: physMem: 2069602304
04-16 19:01:42.949 467 467 V MediaUtils: requested limit: 413920460
04-16 19:01:42.950 467 467 I libc : malloc_limit: Allocation limit enabled, max size 413920460 bytes
04-16 19:01:42.985 471 471 I ServiceManagerCppClient: Waiting for service 'package_native' on '/dev/binder'...
04-16 19:01:43.078 467 467 W mediaextractor: Could not read additional policy file '/vendor/etc/seccomp_policy/mediaextractor.policy'
04-16 19:01:43.085 467 467 W mediaextractor: libminijail[467]: failed to get path of fd 5: No such file or directory
04-16 19:01:43.086 467 467 W mediaextractor: libminijail[467]: allowing syscall: socket
04-16 19:01:43.086 467 467 W mediaextractor: libminijail[467]: allowing syscall: connect
