04-16 19:03:21.236 765 765 I dex2oat64: dex2oat took 2.832s (3.908s cpu) (threads: 4) arena alloc=0B (0B) java alloc=882KB (904128B) native alloc=1562KB (1600256B) free=892KB (914288B)
04-16 19:03:21.285 698 704 I artd : dex2oat returned code 0
04-16 19:03:21.301 562 696 I ArtService: Dexopt result: [packageName = com.android.wifi.dialog] DexContainerFileDexoptResult{dexContainerFile=/apex/com.android.wifi/app/WifiDialog@UE1A.230829.036.A1/WifiDialog.apk, primaryAbi=true, abi=x86_64, actualCompilerFilter=verify, status=PERFORMED, dex2oatWallTimeMillis=3591, dex2oatCpuTimeMillis=4580, sizeBytes=39140, sizeBeforeBytes=0}
04-16 19:03:21.306 0 0 W healthd : battery l=100 v=5000 t=25.0 h=2 st=2 c=900000 fc=3000000 cc=10 chg=a
04-16 19:03:21.329 698 704 W ziparchive: Unable to open '/apex/com.android.rkpd/priv-app/rkpdapp@UE1A.230829.036.A1/rkpdapp.dm': No such file or directory
04-16 19:03:21.330 698 704 W ziparchive: Unable to open '/apex/com.android.rkpd/priv-app/rkpdapp@UE1A.230829.036.A1/rkpdapp.dm': No such file or directory
04-16 19:03:21.372 698 704 I artd : Running dex2oat: /apex/com.android.art/bin/art_exec --drop-capabilities --keep-fds=7:8:9:10 -- /apex/com.android.art/bin/dex2oat64 --zip-fd=7 --zip-location=/apex/com.android.rkpd/priv-app/rkpdapp@UE1A.230829.036.A1/rkpdapp.apk --oat-fd=8 --oat-location=/data/dalvik-cache/x86_64/apex@com.android.rkpd@priv-app@rkpdapp@UE1A.230829.036.A1@rkpdapp.apk@classes.dex --output-vdex-fd=9 --swap-fd=10 --class-loader-context=PCL[] --classpath-dir=/apex/com.android.rkpd/priv-app/rkpdapp@UE1A.230829.036.A1 --instruction-set=x86_64 --instruction-set-features=default --instruction-set-variant=x86_64 --compiler-filter=verify --compilation-reason=first-boot --compact-dex-level=none --max-image-block-size=524288 --resolve-startup-const-strings=true --generate-mini-debug-info --runtime-arg -Xtarget-sdk-version:34 --runtime-arg -Xms64m --runtime-arg -Xmx512m --comments=app-version-name:14,app-version-code:34,art-version:342090000
04-16 19:03:21.372 698 704 I artd : Opened FDs: 7:/apex/com.android.rkpd/priv-app/rkpdapp@UE1A.230829.036.A1/rkpdapp.apk 8:/data/dalvik-cache/x86_64/apex@com.android.rkpd@priv-app@rkpdapp@UE1A.230829.036.A1@rkpdapp.apk@classes.dex.6sxv1q.tmp 9:/data/dalvik-cache/x86_64/apex@com.android.rkpd@priv-app@rkpdapp@UE1A.230829.036.A1@rkpdapp.apk@classes.vdex.r0ZKhC.tmp 10:/data/dalvik-cache/x86_64/apex@com.android.rkpd@priv-app@rkpdapp@UE1A.230829.036.A1@rkpdapp.apk@classes.dex.swap.BdiqQo.tmp
04-16 19:03:22.375 773 773 W dex2oat64: Unexpected CPU variant for x86: x86_64.
04-16 19:03:22.375 773 773 W dex2oat64: Known variants: atom, sandybridge, silvermont, goldmont, goldmont-plus, tremont, kabylake, default
04-16 19:03:22.499 773 773 W dex2oat64: Mismatch between dex2oat instruction set features to use (ISA: X86_64 Feature string: -ssse3,-sse4.1,-sse4.2,-avx,-avx2,-popcnt) and those from CPP defines (ISA: X86_64 Feature string: ssse3,sse4.1,sse4.2,-avx,-avx2,popcnt) for the command line:
04-16 19:03:22.499 773 773 W dex2oat64: /apex/com.android.art/bin/dex2oat64 --zip-fd=7 --zip-location=/apex/com.android.rkpd/priv-app/rkpdapp@UE1A.230829.036.A1/rkpdapp.apk --oat-fd=8 --oat-location=/data/dalvik-cache/x86_64/apex@com.android.rkpd@priv-app@rkpdapp@UE1A.230829.036.A1@rkpdapp.apk@classes.dex --output-vdex-fd=9 --swap-fd=10 --class-loader-context=PCL[] --classpath-dir=/apex/com.android.rkpd/priv-app/rkpdapp@UE1A.230829.036.A1 --instruction-set=x86_64 --instruction-set-features=default --instruction-set-variant=x86_64 --compiler-filter=verify --compilation-reason=first-boot --compact-dex-level=none --max-image-block-size=524288 --resolve-startup-const-strings=true --generate-mini-debug-info --runtime-arg -Xtarget-sdk-version:34 --runtime-arg -Xms64m --runtime-arg -Xmx512m --comments=app-version-name:14,app-version-code:34,art-version:342090000
04-16 19:03:22.519 773 773 I dex2oat64: /apex/com.android.art/bin/dex2oat64 --output-vdex-fd=9 --class-loader-context=PCL[] --classpath-dir=/apex/com.android.rkpd/priv-app/rkpdapp@UE1A.230829.036.A1 --compiler-filter=verify --compilation-reason=first-boot --compact-dex-level=none --max-image-block-size=524288 --resolve-startup-const-strings=true --generate-mini-debug-info --comments=app-version-name:14,app-version-code:34,art-version:342090000
04-16 19:03:22.718 773 773 I dex2oat64: Using CollectorTypeCC GC.
04-16 19:03:26.021 773 773 I dex2oat64: dex2oat took 3.690s (4.617s cpu) (threads: 4) arena alloc=0B (0B) java alloc=528KB (541008B) native alloc=1470KB (1505648B) free=816KB (835584B)
04-16 19:03:26.083 698 704 I artd : dex2oat returned code 0
04-16 19:03:26.107 562 696 I ArtService: Dexopt result: [packageName = com.android.rkpdapp] DexContainerFileDexoptResult{dexContainerFile=/apex/com.android.rkpd/priv-app/rkpdapp@UE1A.230829.036.A1/rkpdapp.apk, primaryAbi=true, abi=x86_64, actualCompilerFilter=verify, status=PERFORMED, dex2oatWallTimeMillis=4715, dex2oatCpuTimeMillis=5490, sizeBytes=42040, sizeBeforeBytes=0}
04-16 19:03:26.126 698 704 W ziparchive: Unable to open '/apex/com.android.cellbroadcast/priv-app/CellBroadcastServiceModule@UE1A.230829.036.A1/CellBroadcastServiceModule.dm': No such file or directory
04-16 19:03:26.127 698 704 W ziparchive: Unable to open '/apex/com.android.cellbroadcast/priv-app/CellBroadcastServiceModule@UE1A.230829.036.A1/CellBroadcastServiceModule.dm': No such file or directory
04-16 19:03:26.177 698 704 I artd : Running dex2oat: /apex/com.android.art/bin/art_exec --drop-capabilities --keep-fds=7:8:9:10 -- /apex/com.android.art/bin/dex2oat64 --zip-fd=7 --zip-location=/apex/com.android.cellbroadcast/priv-app/CellBroadcastServiceModule@UE1A.230829.036.A1/CellBroadcastServiceModule.apk --oat-fd=8 --oat-location=/data/dalvik-cache/x86_64/apex@com.android.cellbroadcast@priv-app@CellBroadcastServiceModule@UE1A.230829.036.A1@CellBroadcastServiceModule.apk@classes.dex --output-vdex-fd=9 --swap-fd=10 --class-loader-context=PCL[] --classpath-dir=/apex/com.android.cellbroadcast/priv-app/CellBroadcastServiceModule@UE1A.230829.036.A1 --instruction-set=x86_64 --instruction-set-features=default --instruction-set-variant=x86_64 --compiler-filter=verify --compilation-reason=first-boot --compact-dex-level=none --max-image-block-size=524288 --resolve-startup-const-strings=true --generate-mini-debug-info --runtime-arg -Xtarget-sdk-version:34 --runtime-arg -Xms64m --runtime-arg -Xmx512m --comments=app-version-name:R-initial,app-version-code:300000000,art-version:342090000
04-16 19:03:26.177 698 704 I artd : Opened FDs: 7:/apex/com.android.cellbroadcast/priv-app/CellBroadcastServiceModule@UE1A.230829.036.A1/CellBroadcastServiceModule.apk 8:/data/dalvik-cache/x86_64/apex@com.android.cellbroadcast@priv-app@CellBroadcastServiceModule@UE1A.230829.036.A1@CellBroadcastServiceModule.apk@classes.dex.R7lhZd.tmp 9:/data/dalvik-cache/x86_64/apex@com.android.cellbroadcast@priv-app@CellBroadcastServiceModule@UE1A.230829.036.A1@CellBroadcastServiceModule.apk@classes.vdex.EX059D.tmp 10:/data/dalvik-cache/x86_64/apex@com.android.cellbroadcast@priv-app@CellBroadcastServiceModule@UE1A.230829.036.A1@CellBroadcastServiceModule.apk@classes.dex.swap.vCjtug.tmp
04-16 19:03:27.041 783 783 W dex2oat64: Unexpected CPU variant for x86: x86_64.
04-16 19:03:27.041 783 783 W dex2oat64: Known variants: atom, sandybridge, silvermont, goldmont, goldmont-plus, tremont, kabylake, default
04-16 19:03:27.086 783 783 W dex2oat64: Mismatch between dex2oat instruction set features to use (ISA: X86_64 Feature string: -ssse3,-sse4.1,-sse4.2,-avx,-avx2,-popcnt) and those from CPP defines (ISA: X86_64 Feature string: ssse3,sse4.1,sse4.2,-avx,-avx2,popcnt) for the command line:
04-16 19:03:27.086 783 783 W dex2oat64: /apex/com.android.art/bin/dex2oat64 --zip-fd=7 --zip-location=/apex/com.android.cellbroadcast/priv-app/CellBroadcastServiceModule@UE1A.230829.036.A1/CellBroadcastServiceModule.apk --oat-fd=8 --oat-location=/data/dalvik-cache/x86_64/apex@com.android.cellbroadcast@priv-app@CellBroadcastServiceModule@UE1A.230829.036.A1@CellBroadcastServiceModule.apk@classes.dex --output-vdex-fd=9 --swap-fd=10 --class-loader-context=PCL[] --classpath-dir=/apex/com.android.cellbroadcast/priv-app/CellBroadcastServiceModule@UE1A.230829.036.A1 --instruction-set=x86_64 --instruction-set-features=default --instruction-set-variant=x86_64 --compiler-filter=verify --compilation-reason=first-boot --compact-dex-level=none --max-image-block-size=524288 --resolve-startup-const-strings=true --generate-mini-debug-info --runtime-arg -Xtarget-sdk-version:34 --runtime-arg -Xms64m --runtime-arg -Xmx512m --comments=app-version-name:R-initial,app-version-code:300000000,art-version:342090000
04-16 19:03:27.094 783 783 I dex2oat64: /apex/com.android.art/bin/dex2oat64 --output-vdex-fd=9 --class-loader-context=PCL[] --classpath-dir=/apex/com.android.cellbroadcast/priv-app/CellBroadcastServiceModule@UE1A.230829.036.A1 --compiler-filter=verify --compilation-reason=first-boot --compact-dex-level=none --max-image-block-size=524288 --resolve-startup-const-strings=true --generate-mini-debug-info --comments=app-version-name:R-initial,app-version-code:300000000,art-version:342090000
04-16 19:03:27.227 783 783 I dex2oat64: Using CollectorTypeCC GC.
04-16 19:03:29.267 783 783 I dex2oat64: dex2oat took 2.289s (2.195s cpu) (threads: 4) arena alloc=0B (0B) java alloc=80KB (82416B) native alloc=1375KB (1408272B) free=817KB (837088B)
04-16 19:03:29.326 698 704 I artd : dex2oat returned code 0
04-16 19:03:29.334 562 696 I ArtService: Dexopt result: [packageName = com.android.cellbroadcastservice] DexContainerFileDexoptResult{dexContainerFile=/apex/com.android.cellbroadcast/priv-app/CellBroadcastServiceModule@UE1A.230829.036.A1/CellBroadcastServiceModule.apk, primaryAbi=true, abi=x86_64, actualCompilerFilter=verify, status=PERFORMED, dex2oatWallTimeMillis=3147, dex2oatCpuTimeMillis=2990, sizeBytes=23252, sizeBeforeBytes=0}
04-16 19:03:29.363 698 704 W ziparchive: Unable to open '/apex/com.android.extservices/priv-app/ExtServices@UE1A.230829.036.A1/ExtServices.dm': No such file or directory
04-16 19:03:29.363 698 704 W ziparchive: Unable to open '/apex/com.android.extservices/priv-app/ExtServices@UE1A.230829.036.A1/ExtServices.dm': No such file or directory
04-16 19:03:29.421 698 698 I artd : Running dex2oat: /apex/com.android.art/bin/art_exec --drop-capabilities --keep-fds=7:8:9:10 -- /apex/com.android.art/bin/dex2oat64 --zip-fd=7 --zip-location=/apex/com.android.extservices/priv-app/ExtServices@UE1A.230829.036.A1/ExtServices.apk --oat-fd=8 --oat-location=/data/dalvik-cache/x86_64/apex@com.android.extservices@priv-app@ExtServices@UE1A.230829.036.A1@ExtServices.apk@classes.dex --output-vdex-fd=9 --swap-fd=10 --class-loader-context=PCL[] --classpath-dir=/apex/com.android.extservices/priv-app/ExtServices@UE1A.230829.036.A1 --instruction-set=x86_64 --instruction-set-features=default --instruction-set-variant=x86_64 --compiler-filter=verify --compilation-reason=first-boot --compact-dex-level=none --max-image-block-size=524288 --resolve-startup-const-strings=true --generate-mini-debug-info --runtime-arg -Xtarget-sdk-version:34 --runtime-arg -Xms64m --runtime-arg -Xmx512m --comments=app-version-name:2019-09,app-version-code:309999900,art-version:342090000
04-16 19:03:29.421 698 698 I artd : Opened FDs: 7:/apex/com.android.extservices/priv-app/ExtServices@UE1A.230829.036.A1/ExtServices.apk 8:/data/dalvik-cache/x86_64/apex@com.android.extservices@priv-app@ExtServices@UE1A.230829.036.A1@ExtServices.apk@classes.dex.1atd36.tmp 9:/data/dalvik-cache/x86_64/apex@com.android.extservices@priv-app@ExtServices@UE1A.230829.036.A1@ExtServices.apk@classes.vdex.aJxxfM.tmp 10:/data/dalvik-cache/x86_64/apex@com.android.extservices@priv-app@ExtServices@UE1A.230829.036.A1@ExtServices.apk@classes.dex.swap.h4JCya.tmp
04-16 19:03:30.418 791 791 W dex2oat64: Unexpected CPU variant for x86: x86_64.
04-16 19:03:30.418 791 791 W dex2oat64: Known variants: atom, sandybridge, silvermont, goldmont, goldmont-plus, tremont, kabylake, default
04-16 19:03:30.521 791 791 W dex2oat64: Mismatch between dex2oat instruction set features to use (ISA: X86_64 Feature string: -ssse3,-sse4.1,-sse4.2,-avx,-avx2,-popcnt) and those from CPP defines (ISA: X86_64 Feature string: ssse3,sse4.1,sse4.2,-avx,-avx2,popcnt) for the command line:
04-16 19:03:30.521 791 791 W dex2oat64: /apex/com.android.art/bin/dex2oat64 --zip-fd=7 --zip-location=/apex/com.android.extservices/priv-app/ExtServices@UE1A.230829.036.A1/ExtServices.apk --oat-fd=8 --oat-location=/data/dalvik-cache/x86_64/apex@com.android.extservices@priv-app@ExtServices@UE1A.230829.036.A1@ExtServices.apk@classes.dex --output-vdex-fd=9 --swap-fd=10 --class-loader-context=PCL[] --classpath-dir=/apex/com.android.extservices/priv-app/ExtServices@UE1A.230829.036.A1 --instruction-set=x86_64 --instruction-set-features=default --instruction-set-variant=x86_64 --compiler-filter=verify --compilation-reason=first-boot --compact-dex-level=none --max-image-block-size=524288 --resolve-startup-const-strings=true --generate-mini-debug-info --runtime-arg -Xtarget-sdk-version:34 --runtime-arg -Xms64m --runtime-arg -Xmx512m --comments=app-version-name:2019-09,app-version-code:309999900,art-version:342090000
04-16 19:03:30.535 791 791 I dex2oat64: /apex/com.android.art/bin/dex2oat64 --output-vdex-fd=9 --class-loader-context=PCL[] --classpath-dir=/apex/com.android.extservices/priv-app/ExtServices@UE1A.230829.036.A1 --compiler-filter=verify --compilation-reason=first-boot --compact-dex-level=none --max-image-block-size=524288 --resolve-startup-const-strings=true --generate-mini-debug-info --comments=app-version-name:2019-09,app-version-code:309999900,art-version:342090000
04-16 19:03:30.817 791 791 I dex2oat64: Using CollectorTypeCC GC.
04-16 19:03:33.766 791 791 I dex2oat64: dex2oat took 3.417s (4.428s cpu) (threads: 4) arena alloc=0B (0B) java alloc=598KB (612592B) native alloc=1481KB (1516864B) free=812KB (831856B)
04-16 19:03:33.848 698 698 I artd : dex2oat returned code 0
04-16 19:03:33.869 562 696 I ArtService: Dexopt result: [packageName = android.ext.services] DexContainerFileDexoptResult{dexContainerFile=/apex/com.android.extservices/priv-app/ExtServices@UE1A.230829.036.A1/ExtServices.apk, primaryAbi=true, abi=x86_64, actualCompilerFilter=verify, status=PERFORMED, dex2oatWallTimeMillis=4428, dex2oatCpuTimeMillis=5350, sizeBytes=51272, sizeBeforeBytes=0}
04-16 19:03:33.886 698 698 W ziparchive: Unable to open '/apex/com.android.tethering/app/HalfSheetUX@UE1A.230829.036.A1/HalfSheetUX.dm': No such file or directory
04-16 19:03:33.892 698 698 W ziparchive: Unable to open '/apex/com.android.tethering/app/HalfSheetUX@UE1A.230829.036.A1/HalfSheetUX.dm': No such file or directory
04-16 19:03:33.940 698 792 I artd : Running dex2oat: /apex/com.android.art/bin/art_exec --drop-capabilities --keep-fds=7:8:9:10 -- /apex/com.android.art/bin/dex2oat64 --zip-fd=7 --zip-location=/apex/com.android.tethering/app/HalfSheetUX@UE1A.230829.036.A1/HalfSheetUX.apk --oat-fd=8 --oat-location=/data/dalvik-cache/x86_64/apex@com.android.tethering@app@HalfSheetUX@UE1A.230829.036.A1@HalfSheetUX.apk@classes.dex --output-vdex-fd=9 --swap-fd=10 --class-loader-context=PCL[] --classpath-dir=/apex/com.android.tethering/app/HalfSheetUX@UE1A.230829.036.A1 --instruction-set=x86_64 --instruction-set-features=default --instruction-set-variant=x86_64 --compiler-filter=verify --compilation-reason=first-boot --compact-dex-level=none --max-image-block-size=524288 --resolve-startup-const-strings=true --generate-mini-debug-info --runtime-arg -Xtarget-sdk-version:34 --runtime-arg -Xms64m --runtime-arg -Xmx512m --comments=app-version-name:14,app-version-code:34,art-version:342090000
04-16 19:03:33.940 698 792 I artd : Opened FDs: 7:/apex/com.android.tethering/app/HalfSheetUX@UE1A.230829.036.A1/HalfSheetUX.apk 8:/data/dalvik-cache/x86_64/apex@com.android.tethering@app@HalfSheetUX@UE1A.230829.036.A1@HalfSheetUX.apk@classes.dex.SFz5Ht.tmp 9:/data/dalvik-cache/x86_64/apex@com.android.tethering@app@HalfSheetUX@UE1A.230829.036.A1@HalfSheetUX.apk@classes.vdex.gLvPt1.tmp 10:/data/dalvik-cache/x86_64/apex@com.android.tethering@app@HalfSheetUX@UE1A.230829.036.A1@HalfSheetUX.apk@classes.dex.swap.hjMfuV.tmp
04-16 19:03:34.935 802 802 W dex2oat64: Unexpected CPU variant for x86: x86_64.
04-16 19:03:34.935 802 802 W dex2oat64: Known variants: atom, sandybridge, silvermont, goldmont, goldmont-plus, tremont, kabylake, default
04-16 19:03:34.995 802 802 W dex2oat64: Mismatch between dex2oat instruction set features to use (ISA: X86_64 Feature string: -ssse3,-sse4.1,-sse4.2,-avx,-avx2,-popcnt) and those from CPP defines (ISA: X86_64 Feature string: ssse3,sse4.1,sse4.2,-avx,-avx2,popcnt) for the command line:
04-16 19:03:34.995 802 802 W dex2oat64: /apex/com.android.art/bin/dex2oat64 --zip-fd=7 --zip-location=/apex/com.android.tethering/app/HalfSheetUX@UE1A.230829.036.A1/HalfSheetUX.apk --oat-fd=8 --oat-location=/data/dalvik-cache/x86_64/apex@com.android.tethering@app@HalfSheetUX@UE1A.230829.036.A1@HalfSheetUX.apk@classes.dex --output-vdex-fd=9 --swap-fd=10 --class-loader-context=PCL[] --classpath-dir=/apex/com.android.tethering/app/HalfSheetUX@UE1A.230829.036.A1 --instruction-set=x86_64 --instruction-set-features=default --instruction-set-variant=x86_64 --compiler-filter=verify --compilation-reason=first-boot --compact-dex-level=none --max-image-block-size=524288 --resolve-startup-const-strings=true --generate-mini-debug-info --runtime-arg -Xtarget-sdk-version:34 --runtime-arg -Xms64m --runtime-arg -Xmx512m --comments=app-version-name:14,app-version-code:34,art-version:342090000
04-16 19:03:35.006 802 802 I dex2oat64: /apex/com.android.art/bin/dex2oat64 --output-vdex-fd=9 --class-loader-context=PCL[] --classpath-dir=/apex/com.android.tethering/app/HalfSheetUX@UE1A.230829.036.A1 --compiler-filter=verify --compilation-reason=first-boot --compact-dex-level=none --max-image-block-size=524288 --resolve-startup-const-strings=true --generate-mini-debug-info --comments=app-version-name:14,app-version-code:34,art-version:342090000
04-16 19:03:35.169 802 802 I dex2oat64: Using CollectorTypeCC GC.
04-16 19:03:35.893 562 604 E BluetoothAdapter: Bluetooth service is null
04-16 19:03:39.619 802 802 W dex2oat64: Verification of com.google.android.material.bottomappbar.BottomAppBar$Behavior com.google.android.material.bottomappbar.BottomAppBar.getBehavior() took 134.021ms (104.46 bytecodes/s) (1680B approximate peak alloc)
04-16 19:03:40.045 802 802 I dex2oat64: dex2oat took 5.183s (8.673s cpu) (threads: 4) arena alloc=0B (0B) java alloc=2433KB (2491648B) native alloc=1740KB (1782592B) free=1119KB (1146416B)
04-16 19:03:40.109 698 792 I artd : dex2oat returned code 0
04-16 19:03:40.123 562 696 I ArtService: Dexopt result: [packageName = com.android.nearby.halfsheet] DexContainerFileDexoptResult{dexContainerFile=/apex/com.android.tethering/app/HalfSheetUX@UE1A.230829.036.A1/HalfSheetUX.apk, primaryAbi=true, abi=x86_64, actualCompilerFilter=verify, status=PERFORMED, dex2oatWallTimeMillis=6155, dex2oatCpuTimeMillis=9550, sizeBytes=68272, sizeBeforeBytes=0}
04-16 19:03:40.154 698 792 W ziparchive: Unable to open '/apex/com.android.tethering/priv-app/TetheringNext@UE1A.230829.036.A1/TetheringNext.dm': No such file or directory
04-16 19:03:40.155 698 792 W ziparchive: Unable to open '/apex/com.android.tethering/priv-app/TetheringNext@UE1A.230829.036.A1/TetheringNext.dm': No such file or directory
04-16 19:03:40.199 698 792 I artd : Running dex2oat: /apex/com.android.art/bin/art_exec --drop-capabilities --keep-fds=7:8:9:10 -- /apex/com.android.art/bin/dex2oat64 --zip-fd=7 --zip-location=/apex/com.android.tethering/priv-app/TetheringNext@UE1A.230829.036.A1/TetheringNext.apk --oat-fd=8 --oat-location=/data/dalvik-cache/x86_64/apex@com.android.tethering@priv-app@TetheringNext@UE1A.230829.036.A1@TetheringNext.apk@classes.dex --output-vdex-fd=9 --swap-fd=10 --class-loader-context=PCL[] --classpath-dir=/apex/com.android.tethering/priv-app/TetheringNext@UE1A.230829.036.A1 --instruction-set=x86_64 --instruction-set-features=default --instruction-set-variant=x86_64 --compiler-filter=verify --compilation-reason=first-boot --compact-dex-level=none --max-image-block-size=524288 --resolve-startup-const-strings=true --generate-mini-debug-info --runtime-arg -Xtarget-sdk-version:34 --runtime-arg -Xms64m --runtime-arg -Xmx512m --comments=app-version-name:14,app-version-code:34,art-version:342090000
04-16 19:03:40.199 698 792 I artd : Opened FDs: 7:/apex/com.android.tethering/priv-app/TetheringNext@UE1A.230829.036.A1/TetheringNext.apk 8:/data/dalvik-cache/x86_64/apex@com.android.tethering@priv-app@TetheringNext@UE1A.230829.036.A1@TetheringNext.apk@classes.dex.u93Fm4.tmp 9:/data/dalvik-cache/x86_64/apex@com.android.tethering@priv-app@TetheringNext@UE1A.230829.036.A1@TetheringNext.apk@classes.vdex.pMNtSU.tmp 10:/data/dalvik-cache/x86_64/apex@com.android.tethering@priv-app@TetheringNext@UE1A.230829.036.A1@TetheringNext.apk@classes.dex.swap.a0FQSz.tmp
04-16 19:03:40.743 562 573 I system_server: Background concurrent copying GC freed 44795(1990KB) AllocSpace objects, 150(3000KB) LOS objects, 49% free, 8051KB/15MB, paused 684us,393us total 754.344ms
04-16 19:03:41.190 812 812 W dex2oat64: Unexpected CPU variant for x86: x86_64.
04-16 19:03:41.190 812 812 W dex2oat64: Known variants: atom, sandybridge, silvermont, goldmont, goldmont-plus, tremont, kabylake, default
04-16 19:03:41.244 812 812 W dex2oat64: Mismatch between dex2oat instruction set features to use (ISA: X86_64 Feature string: -ssse3,-sse4.1,-sse4.2,-avx,-avx2,-popcnt) and those from CPP defines (ISA: X86_64 Feature string: ssse3,sse4.1,sse4.2,-avx,-avx2,popcnt) for the command line:
04-16 19:03:41.244 812 812 W dex2oat64: /apex/com.android.art/bin/dex2oat64 --zip-fd=7 --zip-location=/apex/com.android.tethering/priv-app/TetheringNext@UE1A.230829.036.A1/TetheringNext.apk --oat-fd=8 --oat-location=/data/dalvik-cache/x86_64/apex@com.android.tethering@priv-app@TetheringNext@UE1A.230829.036.A1@TetheringNext.apk@classes.dex --output-vdex-fd=9 --swap-fd=10 --class-loader-context=PCL[] --classpath-dir=/apex/com.android.tethering/priv-app/TetheringNext@UE1A.230829.036.A1 --instruction-set=x86_64 --instruction-set-features=default --instruction-set-variant=x86_64 --compiler-filter=verify --compilation-reason=first-boot --compact-dex-level=none --max-image-block-size=524288 --resolve-startup-const-strings=true --generate-mini-debug-info --runtime-arg -Xtarget-sdk-version:34 --runtime-arg -Xms64m --runtime-arg -Xmx512m --comments=app-version-name:14,app-version-code:34,art-version:342090000
04-16 19:03:41.252 812 812 I dex2oat64: /apex/com.android.art/bin/dex2oat64 --output-vdex-fd=9 --class-loader-context=PCL[] --classpath-dir=/apex/com.android.tethering/priv-app/TetheringNext@UE1A.230829.036.A1 --compiler-filter=verify --compilation-reason=first-boot --compact-dex-level=none --max-image-block-size=524288 --resolve-startup-const-strings=true --generate-mini-debug-info --comments=app-version-name:14,app-version-code:34,art-version:342090000
04-16 19:03:41.470 812 812 I dex2oat64: Using CollectorTypeCC GC.
04-16 19:03:43.611 812 816 W dex2oat64: Verification of void com.android.networkstack.tethering.protobufUnsafeUtil.() took 101.936ms (1775.62 bytecodes/s) (3832B approximate peak alloc)
04-16 19:03:44.099 812 812 I dex2oat64: dex2oat took 2.971s (3.989s cpu) (threads: 4) arena alloc=0B (0B) java alloc=341KB (349920B) native alloc=1301KB (1332704B) free=832KB (852560B)
04-16 19:03:44.143 698 792 I artd : dex2oat returned code 0
04-16 19:03:44.153 562 696 I ArtService: Dexopt result: [packageName = com.android.networkstack.tethering] DexContainerFileDexoptResult{dexContainerFile=/apex/com.android.tethering/priv-app/TetheringNext@UE1A.230829.036.A1/TetheringNext.apk, primaryAbi=true, abi=x86_64, actualCompilerFilter=verify, status=PERFORMED, dex2oatWallTimeMillis=3924, dex2oatCpuTimeMillis=4850, sizeBytes=35208, sizeBeforeBytes=0}
04-16 19:03:44.170 698 792 W ziparchive: Unable to open '/apex/com.android.cellbroadcast/priv-app/CellBroadcastApp@UE1A.230829.036.A1/CellBroadcastApp.dm': No such file or directory
04-16 19:03:44.170 698 792 W ziparchive: Unable to open '/apex/com.android.cellbroadcast/priv-app/CellBroadcastApp@UE1A.230829.036.A1/CellBroadcastApp.dm': No such file or directory
04-16 19:03:44.213 698 737 I artd : Running dex2oat: /apex/com.android.art/bin/art_exec --drop-capabilities --keep-fds=7:8:9:10 -- /apex/com.android.art/bin/dex2oat64 --zip-fd=7 --zip-location=/apex/com.android.cellbroadcast/priv-app/CellBroadcastApp@UE1A.230829.036.A1/CellBroadcastApp.apk --oat-fd=8 --oat-location=/data/dalvik-cache/x86_64/apex@com.android.cellbroadcast@priv-app@CellBroadcastApp@UE1A.230829.036.A1@CellBroadcastApp.apk@classes.dex --output-vdex-fd=9 --swap-fd=10 --class-loader-context=PCL[] --classpath-dir=/apex/com.android.cellbroadcast/priv-app/CellBroadcastApp@UE1A.230829.036.A1 --instruction-set=x86_64 --instruction-set-features=default --instruction-set-variant=x86_64 --compiler-filter=verify --compilation-reason=first-boot --compact-dex-level=none --max-image-block-size=524288 --resolve-startup-const-strings=true --generate-mini-debug-info --runtime-arg -Xtarget-sdk-version:34 --runtime-arg -Xms64m --runtime-arg -Xmx512m --comments=app-version-name:R-initial,app-version-code:300000000,art-version:342090000
04-16 19:03:44.213 698 737 I artd : Opened FDs: 7:/apex/com.android.cellbroadcast/priv-app/CellBroadcastApp@UE1A.230829.036.A1/CellBroadcastApp.apk 8:/data/dalvik-cache/x86_64/apex@com.android.cellbroadcast@priv-app@CellBroadcastApp@UE1A.230829.036.A1@CellBroadcastApp.apk@classes.dex.xrTqMk.tmp 9:/data/dalvik-cache/x86_64/apex@com.android.cellbroadcast@priv-app@CellBroadcastApp@UE1A.230829.036.A1@CellBroadcastApp.apk@classes.vdex.pQPMrd.tmp 10:/data/dalvik-cache/x86_64/apex@com.android.cellbroadcast@priv-app@CellBroadcastApp@UE1A.230829.036.A1@CellBroadcastApp.apk@classes.dex.swap.tlP1n1.tmp
04-16 19:03:45.264 820 820 W dex2oat64: Unexpected CPU variant for x86: x86_64.
04-16 19:03:45.264 820 820 W dex2oat64: Known variants: atom, sandybridge, silvermont, goldmont, goldmont-plus, tremont, kabylake, default
04-16 19:03:45.336 820 820 W dex2oat64: Mismatch between dex2oat instruction set features to use (ISA: X86_64 Feature string: -ssse3,-sse4.1,-sse4.2,-avx,-avx2,-popcnt) and those from CPP defines (ISA: X86_64 Feature string: ssse3,sse4.1,sse4.2,-avx,-avx2,popcnt) for the command line:
04-16 19:03:45.336 820 820 W dex2oat64: /apex/com.android.art/bin/dex2oat64 --zip-fd=7 --zip-location=/apex/com.android.cellbroadcast/priv-app/CellBroadcastApp@UE1A.230829.036.A1/CellBroadcastApp.apk --oat-fd=8 --oat-location=/data/dalvik-cache/x86_64/apex@com.android.cellbroadcast@priv-app@CellBroadcastApp@UE1A.230829.036.A1@CellBroadcastApp.apk@classes.dex --output-vdex-fd=9 --swap-fd=10 --class-loader-context=PCL[] --classpath-dir=/apex/com.android.cellbroadcast/priv-app/CellBroadcastApp@UE1A.230829.036.A1 --instruction-set=x86_64 --instruction-set-features=default --instruction-set-variant=x86_64 --compiler-filter=verify --compilation-reason=first-boot --compact-dex-level=none --max-image-block-size=524288 --resolve-startup-const-strings=true --generate-mini-debug-info --runtime-arg -Xtarget-sdk-version:34 --runtime-arg -Xms64m --runtime-arg -Xmx512m --comments=app-version-name:R-initial,app-version-code:300000000,art-version:342090000
04-16 19:03:45.347 820 820 I dex2oat64: /apex/com.android.art/bin/dex2oat64 --output-vdex-fd=9 --class-loader-context=PCL[] --classpath-dir=/apex/com.android.cellbroadcast/priv-app/CellBroadcastApp@UE1A.230829.036.A1 --compiler-filter=verify --compilation-reason=first-boot --compact-dex-level=none --max-image-block-size=524288 --resolve-startup-const-strings=true --generate-mini-debug-info --comments=app-version-name:R-initial,app-version-code:300000000,art-version:342090000
04-16 19:03:45.535 820 820 I dex2oat64: Using CollectorTypeCC GC.
04-16 19:03:46.028 562 686 E ReportEncoder: No watchlist hash
04-16 19:03:46.048 562 686 I WatchlistLoggingHandler: Milliseconds spent on tryAggregateRecords(): 63478
04-16 19:03:46.109 562 587 I DropBoxManagerService: add tag=system_server_strictmode isTagEnabled=true flags=0x2
04-16 19:03:46.169 562 587 I DropBoxManagerService: add tag=system_server_strictmode isTagEnabled=true flags=0x2
04-16 19:03:46.177 562 587 I DropBoxManagerService: add tag=system_server_strictmode isTagEnabled=true flags=0x2
04-16 19:03:46.184 562 587 I DropBoxManagerService: add tag=system_server_strictmode isTagEnabled=true flags=0x2
04-16 19:03:46.195 562 587 I DropBoxManagerService: add tag=system_server_strictmode isTagEnabled=true flags=0x2
04-16 19:03:46.205 562 587 I DropBoxManagerService: add tag=system_server_strictmode isTagEnabled=true flags=0x2
04-16 19:03:46.207 562 587 I DropBoxManagerService: add tag=system_server_strictmode isTagEnabled=true flags=0x2
04-16 19:03:46.214 562 587 I DropBoxManagerService: add tag=system_server_strictmode isTagEnabled=true flags=0x2
04-16 19:03:46.221 562 587 I DropBoxManagerService: add tag=system_server_strictmode isTagEnabled=true flags=0x2
04-16 19:03:46.223 562 587 I DropBoxManagerService: add tag=system_server_strictmode isTagEnabled=true flags=0x2
04-16 19:03:49.782 820 820 I dex2oat64: dex2oat took 4.567s (11.377s cpu) (threads: 4) arena alloc=0B (0B) java alloc=4714KB (4827264B) native alloc=1918KB (1964048B) free=1000KB (1024544B)
04-16 19:03:49.817 698 737 I artd : dex2oat returned code 0
04-16 19:03:49.833 562 696 I ArtService: Dexopt result: [packageName = com.android.cellbroadcastreceiver.module] DexContainerFileDexoptResult{dexContainerFile=/apex/com.android.cellbroadcast/priv-app/CellBroadcastApp@UE1A.230829.036.A1/CellBroadcastApp.apk, primaryAbi=true, abi=x86_64, actualCompilerFilter=verify, status=PERFORMED, dex2oatWallTimeMillis=5595, dex2oatCpuTimeMillis=12330, sizeBytes=104816, sizeBeforeBytes=0}
04-16 19:03:49.863 698 737 W ziparchive: Unable to open '/apex/com.android.adservices/app/SdkSandbox@UE1A.230829.036.A1/SdkSandbox.dm': No such file or directory
04-16 19:03:49.863 698 737 W ziparchive: Unable to open '/apex/com.android.adservices/app/SdkSandbox@UE1A.230829.036.A1/SdkSandbox.dm': No such file or directory
04-16 19:03:49.893 698 737 I artd : Running dex2oat: /apex/com.android.art/bin/art_exec --drop-capabilities --keep-fds=7:8:9:10 -- /apex/com.android.art/bin/dex2oat64 --zip-fd=7 --zip-location=/apex/com.android.adservices/app/SdkSandbox@UE1A.230829.036.A1/SdkSandbox.apk --oat-fd=8 --oat-location=/data/dalvik-cache/x86_64/apex@com.android.adservices@app@SdkSandbox@UE1A.230829.036.A1@SdkSandbox.apk@classes.dex --output-vdex-fd=9 --swap-fd=10 --class-loader-context=PCL[] --classpath-dir=/apex/com.android.adservices/app/SdkSandbox@UE1A.230829.036.A1 --instruction-set=x86_64 --instruction-set-features=default --instruction-set-variant=x86_64 --compiler-filter=verify --compilation-reason=first-boot --compact-dex-level=none --max-image-block-size=524288 --resolve-startup-const-strings=true --generate-mini-debug-info --runtime-arg -Xtarget-sdk-version:34 --runtime-arg -Xhidden-api-policy:enabled --runtime-arg -Xms64m --runtime-arg -Xmx512m --comments=app-version-name:T-initial,app-version-code:1,art-version:342090000
04-16 19:03:49.893 698 737 I artd : Opened FDs: 7:/apex/com.android.adservices/app/SdkSandbox@UE1A.230829.036.A1/SdkSandbox.apk 8:/data/dalvik-cache/x86_64/apex@com.android.adservices@app@SdkSandbox@UE1A.230829.036.A1@SdkSandbox.apk@classes.dex.HIB8yR.tmp 9:/data/dalvik-cache/x86_64/apex@com.android.adservices@app@SdkSandbox@UE1A.230829.036.A1@SdkSandbox.apk@classes.vdex.Hb0yKj.tmp 10:/data/dalvik-cache/x86_64/apex@com.android.adservices@app@SdkSandbox@UE1A.230829.036.A1@SdkSandbox.apk@classes.dex.swap.82rMs4.tmp
04-16 19:03:50.358 830 830 W dex2oat64: Unexpected CPU variant for x86: x86_64.
04-16 19:03:50.358 830 830 W dex2oat64: Known variants: atom, sandybridge, silvermont, goldmont, goldmont-plus, tremont, kabylake, default
04-16 19:03:50.415 830 830 W dex2oat64: Mismatch between dex2oat instruction set features to use (ISA: X86_64 Feature string: -ssse3,-sse4.1,-sse4.2,-avx,-avx2,-popcnt) and those from CPP defines (ISA: X86_64 Feature string: ssse3,sse4.1,sse4.2,-avx,-avx2,popcnt) for the command line:
04-16 19:03:50.415 830 830 W dex2oat64: /apex/com.android.art/bin/dex2oat64 --zip-fd=7 --zip-location=/apex/com.android.adservices/app/SdkSandbox@UE1A.230829.036.A1/SdkSandbox.apk --oat-fd=8 --oat-location=/data/dalvik-cache/x86_64/apex@com.android.adservices@app@SdkSandbox@UE1A.230829.036.A1@SdkSandbox.apk@classes.dex --output-vdex-fd=9 --swap-fd=10 --class-loader-context=PCL[] --classpath-dir=/apex/com.android.adservices/app/SdkSandbox@UE1A.230829.036.A1 --instruction-set=x86_64 --instruction-set-features=default --instruction-set-variant=x86_64 --compiler-filter=verify --compilation-reason=first-boot --compact-dex-level=none --max-image-block-size=524288 --resolve-startup-const-strings=true --generate-mini-debug-info --runtime-arg -Xtarget-sdk-version:34 --runtime-arg -Xhidden-api-policy:enabled --runtime-arg -Xms64m --runtime-arg -Xmx512m --comments=app-version-name:T-initial,app-version-code:1,art-version:342090000
04-16 19:03:50.423 830 830 I dex2oat64: /apex/com.android.art/bin/dex2oat64 --output-vdex-fd=9 --class-loader-context=PCL[] --classpath-dir=/apex/com.android.adservices/app/SdkSandbox@UE1A.230829.036.A1 --compiler-filter=verify --compilation-reason=first-boot --compact-dex-level=none --max-image-block-size=524288 --resolve-startup-const-strings=true --generate-mini-debug-info --comments=app-version-name:T-initial,app-version-code:1,art-version:342090000
04-16 19:03:50.537 830 830 I dex2oat64: Using CollectorTypeCC GC.
04-16 19:03:51.288 830 830 I dex2oat64: dex2oat took 984.949ms (1.074s cpu) (threads: 4) arena alloc=0B (0B) java alloc=64KB (65536B) native alloc=1370KB (1403728B) free=818KB (838304B)
04-16 19:03:51.311 698 737 I artd : dex2oat returned code 0
04-16 19:03:51.318 562 696 I ArtService: Dexopt result: [packageName = com.android.sdksandbox] DexContainerFileDexoptResult{dexContainerFile=/apex/com.android.adservices/app/SdkSandbox@UE1A.230829.036.A1/SdkSandbox.apk, primaryAbi=true, abi=x86_64, actualCompilerFilter=verify, status=PERFORMED, dex2oatWallTimeMillis=1422, dex2oatCpuTimeMillis=1470, sizeBytes=18236, sizeBeforeBytes=0}
04-16 19:03:51.326 698 737 W ziparchive: Unable to open '/apex/com.android.mediaprovider/priv-app/MediaProvider@UE1A.230829.036.A1/MediaProvider.dm': No such file or directory
04-16 19:03:51.326 698 737 W ziparchive: Unable to open '/apex/com.android.mediaprovider/priv-app/MediaProvider@UE1A.230829.036.A1/MediaProvider.dm': No such file or directory
04-16 19:03:51.342 698 737 I artd : Running dex2oat: /apex/com.android.art/bin/art_exec --drop-capabilities --keep-fds=7:8:9:10 -- /apex/com.android.art/bin/dex2oat64 --zip-fd=7 --zip-location=/apex/com.android.mediaprovider/priv-app/MediaProvider@UE1A.230829.036.A1/MediaProvider.apk --oat-fd=8 --oat-location=/data/dalvik-cache/x86_64/apex@com.android.mediaprovider@priv-app@MediaProvider@UE1A.230829.036.A1@MediaProvider.apk@classes.dex --output-vdex-fd=9 --swap-fd=10 --class-loader-context=PCL[] --classpath-dir=/apex/com.android.mediaprovider/priv-app/MediaProvider@UE1A.230829.036.A1 --instruction-set=x86_64 --instruction-set-features=default --instruction-set-variant=x86_64 --compiler-filter=verify --compilation-reason=first-boot --compact-dex-level=none --max-image-block-size=524288 --resolve-startup-const-strings=true --generate-mini-debug-info --runtime-arg -Xtarget-sdk-version:34 --runtime-arg -Xms64m --runtime-arg -Xmx512m --comments=app-version-name:14,app-version-code:34,art-version:342090000
04-16 19:03:51.342 698 737 I artd : Opened FDs: 7:/apex/com.android.mediaprovider/priv-app/MediaProvider@UE1A.230829.036.A1/MediaProvider.apk 8:/data/dalvik-cache/x86_64/apex@com.android.mediaprovider@priv-app@MediaProvider@UE1A.230829.036.A1@MediaProvider.apk@classes.dex.Hj2m8H.tmp 9:/data/dalvik-cache/x86_64/apex@com.android.mediaprovider@priv-app@MediaProvider@UE1A.230829.036.A1@MediaProvider.apk@classes.vdex.oRMsZv.tmp 10:/data/dalvik-cache/x86_64/apex@com.android.mediaprovider@priv-app@MediaProvider@UE1A.230829.036.A1@MediaProvider.apk@classes.dex.swap.JpQWnT.tmp
04-16 19:03:51.658 838 838 W dex2oat64: Unexpected CPU variant for x86: x86_64.
04-16 19:03:51.658 838 838 W dex2oat64: Known variants: atom, sandybridge, silvermont, goldmont, goldmont-plus, tremont, kabylake, default
04-16 19:03:51.683 838 838 W dex2oat64: Mismatch between dex2oat instruction set features to use (ISA: X86_64 Feature string: -ssse3,-sse4.1,-sse4.2,-avx,-avx2,-popcnt) and those from CPP defines (ISA: X86_64 Feature string: ssse3,sse4.1,sse4.2,-avx,-avx2,popcnt) for the command line:
04-16 19:03:51.683 838 838 W dex2oat64: /apex/com.android.art/bin/dex2oat64 --zip-fd=7 --zip-location=/apex/com.android.mediaprovider/priv-app/MediaProvider@UE1A.230829.036.A1/MediaProvider.apk --oat-fd=8 --oat-location=/data/dalvik-cache/x86_64/apex@com.android.mediaprovider@priv-app@MediaProvider@UE1A.230829.036.A1@MediaProvider.apk@classes.dex --output-vdex-fd=9 --swap-fd=10 --class-loader-context=PCL[] --classpath-dir=/apex/com.android.mediaprovider/priv-app/MediaProvider@UE1A.230829.036.A1 --instruction-set=x86_64 --instruction-set-features=default --instruction-set-variant=x86_64 --compiler-filter=verify --compilation-reason=first-boot --compact-dex-level=none --max-image-block-size=524288 --resolve-startup-const-strings=true --generate-mini-debug-info --runtime-arg -Xtarget-sdk-version:34 --runtime-arg -Xms64m --runtime-arg -Xmx512m --comments=app-version-name:14,app-version-code:34,art-version:342090000
04-16 19:03:51.687 838 838 I dex2oat64: /apex/com.android.art/bin/dex2oat64 --output-vdex-fd=9 --class-loader-context=PCL[] --classpath-dir=/apex/com.android.mediaprovider/priv-app/MediaProvider@UE1A.230829.036.A1 --compiler-filter=verify --compilation-reason=first-boot --compact-dex-level=none --max-image-block-size=524288 --resolve-startup-const-strings=true --generate-mini-debug-info --comments=app-version-name:14,app-version-code:34,art-version:342090000
04-16 19:03:51.803 838 838 I dex2oat64: Using CollectorTypeCC GC.
04-16 19:03:56.607 838 838 I dex2oat64: dex2oat took 4.972s (13.414s cpu) (threads: 4) arena alloc=0B (0B) java alloc=4426KB (4532528B) native alloc=2117KB (2168288B) free=1208KB (1237648B)
04-16 19:03:56.638 698 737 I artd : dex2oat returned code 0
04-16 19:03:56.644 562 696 I ArtService: Dexopt result: [packageName = com.android.providers.media.module] DexContainerFileDexoptResult{dexContainerFile=/apex/com.android.mediaprovider/priv-app/MediaProvider@UE1A.230829.036.A1/MediaProvider.apk, primaryAbi=true, abi=x86_64, actualCompilerFilter=verify, status=PERFORMED, dex2oatWallTimeMillis=5299, dex2oatCpuTimeMillis=13700, sizeBytes=157700, sizeBeforeBytes=0}
04-16 19:03:56.653 698 737 W ziparchive: Unable to open '/apex/com.android.wifi/app/OsuLogin@UE1A.230829.036.A1/OsuLogin.dm': No such file or directory
04-16 19:03:56.653 698 737 W ziparchive: Unable to open '/apex/com.android.wifi/app/OsuLogin@UE1A.230829.036.A1/OsuLogin.dm': No such file or directory
04-16 19:03:56.669 698 737 I artd : Running dex2oat: /apex/com.android.art/bin/art_exec --drop-capabilities --keep-fds=7:8:9:10 -- /apex/com.android.art/bin/dex2oat64 --zip-fd=7 --zip-location=/apex/com.android.wifi/app/OsuLogin@UE1A.230829.036.A1/OsuLogin.apk --oat-fd=8 --oat-location=/data/dalvik-cache/x86_64/apex@com.android.wifi@app@OsuLogin@UE1A.230829.036.A1@OsuLogin.apk@classes.dex --output-vdex-fd=9 --swap-fd=10 --class-loader-context=PCL[] --classpath-dir=/apex/com.android.wifi/app/OsuLogin@UE1A.230829.036.A1 --instruction-set=x86_64 --instruction-set-features=default --instruction-set-variant=x86_64 --compiler-filter=verify --compilation-reason=first-boot --compact-dex-level=none --max-image-block-size=524288 --resolve-startup-const-strings=true --generate-mini-debug-info --runtime-arg -Xtarget-sdk-version:34 --runtime-arg -Xhidden-api-policy:enabled --runtime-arg -Xms64m --runtime-arg -Xmx512m --comments=app-version-name:14,app-version-code:34,art-version:342090000
04-16 19:03:56.669 698 737 I artd : Opened FDs: 7:/apex/com.android.wifi/app/OsuLogin@UE1A.230829.036.A1/OsuLogin.apk 8:/data/dalvik-cache/x86_64/apex@com.android.wifi@app@OsuLogin@UE1A.230829.036.A1@OsuLogin.apk@classes.dex.Xr4Fki.tmp 9:/data/dalvik-cache/x86_64/apex@com.android.wifi@app@OsuLogin@UE1A.230829.036.A1@OsuLogin.apk@classes.vdex.tHgAT4.tmp 10:/data/dalvik-cache/x86_64/apex@com.android.wifi@app@OsuLogin@UE1A.230829.036.A1@OsuLogin.apk@classes.dex.swap.GxRBw4.tmp
04-16 19:03:56.994 848 848 W dex2oat64: Unexpected CPU variant for x86: x86_64.
04-16 19:03:56.994 848 848 W dex2oat64: Known variants: atom, sandybridge, silvermont, goldmont, goldmont-plus, tremont, kabylake, default
04-16 19:03:57.021 848 848 W dex2oat64: Mismatch between dex2oat instruction set features to use (ISA: X86_64 Feature string: -ssse3,-sse4.1,-sse4.2,-avx,-avx2,-popcnt) and those from CPP defines (ISA: X86_64 Feature string: ssse3,sse4.1,sse4.2,-avx,-avx2,popcnt) for the command line:
04-16 19:03:57.021 848 848 W dex2oat64: /apex/com.android.art/bin/dex2oat64 --zip-fd=7 --zip-location=/apex/com.android.wifi/app/OsuLogin@UE1A.230829.036.A1/OsuLogin.apk --oat-fd=8 --oat-location=/data/dalvik-cache/x86_64/apex@com.android.wifi@app@OsuLogin@UE1A.230829.036.A1@OsuLogin.apk@classes.dex --output-vdex-fd=9 --swap-fd=10 --class-loader-context=PCL[] --classpath-dir=/apex/com.android.wifi/app/OsuLogin@UE1A.230829.036.A1 --instruction-set=x86_64 --instruction-set-features=default --instruction-set-variant=x86_64 --compiler-filter=verify --compilation-reason=first-boot --compact-dex-level=none --max-image-block-size=524288 --resolve-startup-const-strings=true --generate-mini-debug-info --runtime-arg -Xtarget-sdk-version:34 --runtime-arg -Xhidden-api-policy:enabled --runtime-arg -Xms64m --runtime-arg -Xmx512m --comments=app-version-name:14,app-version-code:34,art-version:342090000
04-16 19:03:57.026 848 848 I dex2oat64: /apex/com.android.art/bin/dex2oat64 --output-vdex-fd=9 --class-loader-context=PCL[] --classpath-dir=/apex/com.android.wifi/app/OsuLogin@UE1A.230829.036.A1 --compiler-filter=verify --compilation-reason=first-boot --compact-dex-level=none --max-image-block-size=524288 --resolve-startup-const-strings=true --generate-mini-debug-info --comments=app-version-name:14,app-version-code:34,art-version:342090000
04-16 19:03:57.082 848 848 I dex2oat64: Using CollectorTypeCC GC.
04-16 19:03:57.866 848 848 I dex2oat64: dex2oat took 895.042ms (1.214s cpu) (threads: 4) arena alloc=0B (0B) java alloc=209KB (214304B) native alloc=1386KB (1419728B) free=840KB (860768B)
04-16 19:03:57.888 698 737 I artd : dex2oat returned code 0
04-16 19:03:57.894 562 696 I ArtService: Dexopt result: [packageName = com.android.hotspot2.osulogin] DexContainerFileDexoptResult{dexContainerFile=/apex/com.android.wifi/app/OsuLogin@UE1A.230829.036.A1/OsuLogin.apk, primaryAbi=true, abi=x86_64, actualCompilerFilter=verify, status=PERFORMED, dex2oatWallTimeMillis=1219, dex2oatCpuTimeMillis=1510, sizeBytes=25360, sizeBeforeBytes=0}
04-16 19:03:57.906 698 737 W ziparchive: Unable to open '/apex/com.android.permission/priv-app/PermissionController@UE1A.230829.036.A1/PermissionController.dm': No such file or directory
04-16 19:03:57.906 698 737 W ziparchive: Unable to open '/apex/com.android.permission/priv-app/PermissionController@UE1A.230829.036.A1/PermissionController.dm': No such file or directory
04-16 19:03:57.923 698 737 I artd : Running dex2oat: /apex/com.android.art/bin/art_exec --drop-capabilities --keep-fds=7:8:9:10:11:12:13 -- /apex/com.android.art/bin/dex2oat64 --zip-fd=7 --zip-location=/apex/com.android.permission/priv-app/PermissionController@UE1A.230829.036.A1/PermissionController.apk --oat-fd=8 --oat-location=/data/dalvik-cache/x86_64/apex@com.android.permission@priv-app@PermissionController@UE1A.230829.036.A1@PermissionController.apk@classes.dex --output-vdex-fd=9 --swap-fd=10 --class-loader-context-fds=11:12:13 --class-loader-context=PCL[]{PCL[/system_ext/framework/androidx.window.extensions.jar]#PCL[/system_ext/framework/androidx.window.sidecar.jar]#PCL[/system/framework/org.apache.http.legacy.jar]} --classpath-dir=/apex/com.android.permission/priv-app/PermissionController@UE1A.230829.036.A1 --instruction-set=x86_64 --instruction-set-features=default --instruction-set-variant=x86_64 --compiler-filter=verify --compilation-reason=first-boot --compact-dex-level=none --max-image-block-size=524288 --resolve-startup-const-strings=true --generate-mini-debug-info --runtime-arg -Xtarget-sdk-version:34 --runtime-arg -Xms64m --runtime-arg -Xmx512m --comments=app-version-name:33 system image,app-version-code:330000000,art-version:342090000
04-16 19:03:57.923 698 737 I artd : Opened FDs: 7:/apex/com.android.permission/priv-app/PermissionController@UE1A.230829.036.A1/PermissionController.apk 8:/data/dalvik-cache/x86_64/apex@com.android.permission@priv-app@PermissionController@UE1A.230829.036.A1@PermissionController.apk@classes.dex.L4JkUZ.tmp 9:/data/dalvik-cache/x86_64/apex@com.android.permission@priv-app@PermissionController@UE1A.230829.036.A1@PermissionController.apk@classes.vdex.gDwhIR.tmp 10:/data/dalvik-cache/x86_64/apex@com.android.permission@priv-app@PermissionController@UE1A.230829.036.A1@PermissionController.apk@classes.dex.swap.0ZZCwg.tmp 11:/system/framework/org.apache.http.legacy.jar 12:/system_ext/framework/androidx.window.sidecar.jar 13:/system_ext/framework/androidx.window.extensions.jar
04-16 19:03:58.223 854 854 W dex2oat64: Unexpected CPU variant for x86: x86_64.
04-16 19:03:58.223 854 854 W dex2oat64: Known variants: atom, sandybridge, silvermont, goldmont, goldmont-plus, tremont, kabylake, default
04-16 19:03:58.249 854 854 W dex2oat64: Mismatch between dex2oat instruction set features to use (ISA: X86_64 Feature string: -ssse3,-sse4.1,-sse4.2,-avx,-avx2,-popcnt) and those from CPP defines (ISA: X86_64 Feature string: ssse3,sse4.1,sse4.2,-avx,-avx2,popcnt) for the command line:
04-16 19:03:58.249 854 854 W dex2oat64: /apex/com.android.art/bin/dex2oat64 --zip-fd=7 --zip-location=/apex/com.android.permission/priv-app/PermissionController@UE1A.230829.036.A1/PermissionController.apk --oat-fd=8 --oat-location=/data/dalvik-cache/x86_64/apex@com.android.permission@priv-app@PermissionController@UE1A.230829.036.A1@PermissionController.apk@classes.dex --output-vdex-fd=9 --swap-fd=10 --class-loader-context-fds=11:12:13 --class-loader-context=PCL[]{PCL[/system_ext/framework/androidx.window.extensions.jar]#PCL[/system_ext/framework/androidx.window.sidecar.jar]#PCL[/system/framework/org.apache.http.legacy.jar]} --classpath-dir=/apex/com.android.permission/priv-app/PermissionController@UE1A.230829.036.A1 --instruction-set=x86_64 --instruction-set-features=default --instruction-set-variant=x86_64 --compiler-filter=verify --compilation-reason=first-boot --compact-dex-level=none --max-image-block-size=524288 --resolve-startup-const-strings=true --generate-mini-debug-info --runtime-arg -Xtarget-sdk-version:34 --runtime-arg -Xms64m --runtime-arg -Xmx512m --comments=app-version-name:33 system image,app-version-code:330000000,art-version:342090000
04-16 19:03:58.254 854 854 I dex2oat64: /apex/com.android.art/bin/dex2oat64 --output-vdex-fd=9 --class-loader-context-fds=11:12:13 --class-loader-context=PCL[]{PCL[/system_ext/framework/androidx.window.extensions.jar]#PCL[/system_ext/framework/androidx.window.sidecar.jar]#PCL[/system/framework/org.apache.http.legacy.jar]} --classpath-dir=/apex/com.android.permission/priv-app/PermissionController@UE1A.230829.036.A1 --compiler-filter=verify --compilation-reason=first-boot --compact-dex-level=none --max-image-block-size=524288 --resolve-startup-const-strings=true --generate-mini-debug-info --comments=app-version-name:33 system image,app-version-code:330000000,art-version:342090000
04-16 19:03:58.391 854 854 I dex2oat64: Using CollectorTypeCC GC.
04-16 19:04:03.013 854 858 W dex2oat64: Verification of void androidx.recyclerview.widget.RecyclerView$5.detachViewFromParent(int) took 114.639ms (1142.71 bytecodes/s) (3688B approximate peak alloc)
04-16 19:04:05.442 854 854 I dex2oat64: dex2oat took 7.241s (20.707s cpu) (threads: 4) arena alloc=0B (0B) java alloc=6972KB (7140032B) native alloc=2239KB (2293248B) free=1275KB (1305776B)
04-16 19:04:05.474 698 737 I artd : dex2oat returned code 0
04-16 19:04:05.481 562 696 I ArtService: Dexopt result: [packageName = com.android.permissioncontroller] DexContainerFileDexoptResult{dexContainerFile=/apex/com.android.permission/priv-app/PermissionController@UE1A.230829.036.A1/PermissionController.apk, primaryAbi=true, abi=x86_64, actualCompilerFilter=verify, status=PERFORMED, dex2oatWallTimeMillis=7556, dex2oatCpuTimeMillis=20990, sizeBytes=183324, sizeBeforeBytes=0}
04-16 19:04:05.489 698 737 W ziparchive: Unable to open '/apex/com.android.ondevicepersonalization/app/OnDevicePersonalization@UE1A.230829.036.A1/OnDevicePersonalization.dm': No such file or directory
04-16 19:04:05.490 698 737 W ziparchive: Unable to open '/apex/com.android.ondevicepersonalization/app/OnDevicePersonalization@UE1A.230829.036.A1/OnDevicePersonalization.dm': No such file or directory
