04-16 19:05:14.590 372 372 I android.hardware.bluetooth.service.default: waiting for hci interface 0
04-16 19:05:14.591 372 372 I android.hardware.bluetooth.service.default: hci interface 0 found
04-16 19:05:14.598 1249 1249 D CarrierIdProvider: update database from pb. inserted rows = 2655
04-16 19:05:14.601 372 372 I android.hardware.bluetooth.service.default: hci interface 0 ready
04-16 19:05:14.624 1249 1249 D CarrierIdProvider: update version number: 700001a relative version: 26
04-16 19:05:14.673 372 372 I android.hardware.bluetooth.service.default: HCI Reset successful
04-16 19:05:14.675 372 372 I android.hardware.bluetooth.service.default: initialization complete
04-16 19:05:14.687 1217 1371 I BtGdModule: packages/modules/Bluetooth/system/gd/module.cc:99 Start: Started HciHalHidl
04-16 19:05:14.698 1217 1371 I BtGdModule: packages/modules/Bluetooth/system/gd/module.cc:85 Start: Constructing next module
04-16 19:05:14.698 1217 1371 I BtGdModule: packages/modules/Bluetooth/system/gd/module.cc:89 Start: Starting dependencies of Hci Layer
04-16 19:05:14.699 1217 1371 I BtGdModule: packages/modules/Bluetooth/system/gd/module.cc:85 Start: Constructing next module
04-16 19:05:14.699 1217 1371 I BtGdModule: packages/modules/Bluetooth/system/gd/module.cc:89 Start: Starting dependencies of Storage Module
04-16 19:05:14.699 1217 1371 I BtGdModule: packages/modules/Bluetooth/system/gd/module.cc:93 Start: Finished starting dependencies and calling Start() of Storage Module
04-16 19:05:14.723 1217 1371 E bluetooth: packages/modules/Bluetooth/system/gd/storage/legacy_config_file.cc:39 Read: unable to open file '/data/misc/bluedroid/bt_config.conf', error: No such file or directory
04-16 19:05:14.729 1217 1371 W bluetooth: packages/modules/Bluetooth/system/gd/storage/storage_module.cc:168 Start: cannot load config at /data/misc/bluedroid/bt_config.conf, using backup at /data/misc/bluedroid/bt_config.bak.
04-16 19:05:14.730 1217 1371 E bluetooth: packages/modules/Bluetooth/system/gd/storage/legacy_config_file.cc:39 Read: unable to open file '/data/misc/bluedroid/bt_config.bak', error: No such file or directory
04-16 19:05:14.730 1217 1371 W bluetooth: packages/modules/Bluetooth/system/gd/storage/storage_module.cc:175 Start: cannot load backup config at /data/misc/bluedroid/bt_config.bak; creating new empty ones
04-16 19:05:14.745 1217 1371 I droid.bluetooth: [0416/190514.744852:INFO:btif_keystore.cc(61)] ConvertEncryptOrDecryptKeyIfNeeded callback isn't ready.
04-16 19:05:14.746 1217 1371 I BtGdModule: packages/modules/Bluetooth/system/gd/module.cc:99 Start: Started Storage Module
04-16 19:05:14.746 1217 1371 I BtGdModule: packages/modules/Bluetooth/system/gd/module.cc:93 Start: Finished starting dependencies and calling Start() of Hci Layer
04-16 19:05:14.751 562 562 W Looper : Slow dispatch took 232ms main h=com.android.server.pm.UserManagerService$MainHandler c=null m=1
04-16 19:05:14.771 1217 1371 I BtGdModule: packages/modules/Bluetooth/system/gd/module.cc:99 Start: Started Hci Layer
04-16 19:05:14.771 1217 1371 I BtGdModule: packages/modules/Bluetooth/system/gd/module.cc:85 Start: Constructing next module
04-16 19:05:14.771 1217 1371 I BtGdModule: packages/modules/Bluetooth/system/gd/module.cc:89 Start: Starting dependencies of shim::Dumpsys
04-16 19:05:14.771 1217 1371 I BtGdModule: packages/modules/Bluetooth/system/gd/module.cc:93 Start: Finished starting dependencies and calling Start() of shim::Dumpsys
04-16 19:05:14.782 1217 1371 I BtGdModule: packages/modules/Bluetooth/system/gd/module.cc:99 Start: Started shim::Dumpsys
04-16 19:05:14.782 1217 1371 I BtGdModule: packages/modules/Bluetooth/system/gd/module.cc:85 Start: Constructing next module
04-16 19:05:14.783 1217 1371 I BtGdModule: packages/modules/Bluetooth/system/gd/module.cc:89 Start: Starting dependencies of Vendor Specific Event Manager
04-16 19:05:14.783 1217 1371 I BtGdModule: packages/modules/Bluetooth/system/gd/module.cc:85 Start: Constructing next module
04-16 19:05:14.795 1217 1371 I BtGdModule: packages/modules/Bluetooth/system/gd/module.cc:89 Start: Starting dependencies of Controller
04-16 19:05:14.805 1217 1371 I BtGdModule: packages/modules/Bluetooth/system/gd/module.cc:85 Start: Constructing next module
04-16 19:05:14.813 1217 1371 I BtGdModule: packages/modules/Bluetooth/system/gd/module.cc:89 Start: Starting dependencies of Sysprops Module
04-16 19:05:14.813 1217 1371 I BtGdModule: packages/modules/Bluetooth/system/gd/module.cc:93 Start: Finished starting dependencies and calling Start() of Sysprops Module
04-16 19:05:14.813 1217 1371 I BtGdModule: packages/modules/Bluetooth/system/gd/module.cc:99 Start: Started Sysprops Module
04-16 19:05:14.813 1217 1371 I BtGdModule: packages/modules/Bluetooth/system/gd/module.cc:93 Start: Finished starting dependencies and calling Start() of Controller
04-16 19:05:15.231 1249 1249 D SatelliteProvider: onCreate
04-16 19:05:15.292 1249 1249 D TelephonyProvider: onCreate: build id changed from to UE1A.230829.036.A1
04-16 19:05:15.294 1249 1249 D TelephonyProvider: Load APNs from /system/etc/apns-conf.xml instead of /oem/telephony/apns-conf.xml
04-16 19:05:15.295 1249 1249 D TelephonyProvider: Load APNs from /product/etc/apns-conf.xml instead of /system/etc/apns-conf.xml
04-16 19:05:15.315 1249 1249 D TelephonyProvider: Load APNs from /data/misc/apns/apns-conf.xml instead of /product/etc/apns-conf.xml
04-16 19:05:15.342 1249 1249 D TelephonyProvider: Checksum for /data/misc/apns/apns-conf.xml is 2001431324
04-16 19:05:15.349 1249 1249 D TelephonyProvider: Checksum after adding resource is 61296002
04-16 19:05:15.371 1249 1249 D TelephonyProvider: newChecksum: 2062727326
04-16 19:05:15.382 1249 1249 D TelephonyProvider: oldChecksum: -1
04-16 19:05:15.748 1217 1371 I BtGdModule: packages/modules/Bluetooth/system/gd/module.cc:99 Start: Started Controller
04-16 19:05:15.748 1217 1371 I BtGdModule: packages/modules/Bluetooth/system/gd/module.cc:93 Start: Finished starting dependencies and calling Start() of Vendor Specific Event Manager
04-16 19:05:15.748 1217 1371 I BtGdModule: packages/modules/Bluetooth/system/gd/module.cc:99 Start: Started Vendor Specific Event Manager
04-16 19:05:15.748 1217 1371 I BtGdModule: packages/modules/Bluetooth/system/gd/module.cc:85 Start: Constructing next module
04-16 19:05:15.749 1217 1371 I BtGdModule: packages/modules/Bluetooth/system/gd/module.cc:89 Start: Starting dependencies of AclSchedulerModule
04-16 19:05:15.749 1217 1371 I BtGdModule: packages/modules/Bluetooth/system/gd/module.cc:93 Start: Finished starting dependencies and calling Start() of AclSchedulerModule
04-16 19:05:15.749 1217 1371 I BtGdModule: packages/modules/Bluetooth/system/gd/module.cc:99 Start: Started AclSchedulerModule
04-16 19:05:15.749 1217 1371 I BtGdModule: packages/modules/Bluetooth/system/gd/module.cc:85 Start: Constructing next module
04-16 19:05:15.749 1217 1371 I BtGdModule: packages/modules/Bluetooth/system/gd/module.cc:89 Start: Starting dependencies of Acl Manager
04-16 19:05:15.749 1217 1371 I BtGdModule: packages/modules/Bluetooth/system/gd/module.cc:93 Start: Finished starting dependencies and calling Start() of Acl Manager
04-16 19:05:15.750 1217 1371 I BtGdModule: packages/modules/Bluetooth/system/gd/module.cc:99 Start: Started Acl Manager
04-16 19:05:15.750 1217 1371 I BtGdModule: packages/modules/Bluetooth/system/gd/module.cc:85 Start: Constructing next module
04-16 19:05:15.786 1217 1371 I BtGdModule: packages/modules/Bluetooth/system/gd/module.cc:89 Start: Starting dependencies of Le Advertising Manager
04-16 19:05:15.786 1217 1371 I BtGdModule: packages/modules/Bluetooth/system/gd/module.cc:93 Start: Finished starting dependencies and calling Start() of Le Advertising Manager
04-16 19:05:15.787 1217 1371 I bluetooth: packages/modules/Bluetooth/system/gd/hci/le_advertising_manager.cc:177 get_tx_path_loss_compensation: Tx path loss compensation: 0
04-16 19:05:15.796 1217 1371 I BtGdModule: packages/modules/Bluetooth/system/gd/module.cc:99 Start: Started Le Advertising Manager
04-16 19:05:15.797 1217 1371 I BtGdModule: packages/modules/Bluetooth/system/gd/module.cc:85 Start: Constructing next module
04-16 19:05:15.797 1217 1371 I bluetooth: packages/modules/Bluetooth/system/gd/hci/msft.cc:305 MsftExtensionManager: MsftExtensionManager()
04-16 19:05:15.797 1217 1371 I BtGdModule: packages/modules/Bluetooth/system/gd/module.cc:89 Start: Starting dependencies of Microsoft Extension Manager
04-16 19:05:15.798 1217 1371 I BtGdModule: packages/modules/Bluetooth/system/gd/module.cc:93 Start: Finished starting dependencies and calling Start() of Microsoft Extension Manager
04-16 19:05:15.798 1217 1371 I bluetooth: packages/modules/Bluetooth/system/gd/hci/msft.cc:51 start: MsftExtensionManager start()
04-16 19:05:15.798 1217 1371 I bluetooth: packages/modules/Bluetooth/system/gd/hci/msft.cc:63 start: MSFT extension is not supported.
04-16 19:05:15.799 1217 1371 I BtGdModule: packages/modules/Bluetooth/system/gd/module.cc:99 Start: Started Microsoft Extension Manager
04-16 19:05:15.799 1217 1371 I BtGdModule: packages/modules/Bluetooth/system/gd/module.cc:85 Start: Constructing next module
04-16 19:05:15.799 1217 1371 I BtGdModule: packages/modules/Bluetooth/system/gd/module.cc:89 Start: Starting dependencies of Le Scanning Manager
04-16 19:05:15.810 1217 1371 I BtGdModule: packages/modules/Bluetooth/system/gd/module.cc:93 Start: Finished starting dependencies and calling Start() of Le Scanning Manager
04-16 19:05:15.815 1217 1371 I bluetooth: packages/modules/Bluetooth/system/gd/hci/le_scanning_manager.cc:304 get_rx_path_loss_compensation: Rx path loss compensation: 0
04-16 19:05:15.817 1217 1371 I BtGdModule: packages/modules/Bluetooth/system/gd/module.cc:99 Start: Started Le Scanning Manager
04-16 19:05:15.831 1217 1371 I BtGdModule: packages/modules/Bluetooth/system/gd/module.cc:85 Start: Constructing next module
04-16 19:05:15.842 1217 1371 I BtGdModule: packages/modules/Bluetooth/system/gd/module.cc:89 Start: Starting dependencies of Distance Measurement Manager
04-16 19:05:15.842 1217 1371 I BtGdModule: packages/modules/Bluetooth/system/gd/module.cc:93 Start: Finished starting dependencies and calling Start() of Distance Measurement Manager
04-16 19:05:15.842 1217 1371 I BtGdModule: packages/modules/Bluetooth/system/gd/module.cc:99 Start: Started Distance Measurement Manager
04-16 19:05:15.856 1217 1362 I bluetooth: packages/modules/Bluetooth/system/gd/stack_manager.cc:52 StartUp: init_status == 0
04-16 19:05:15.857 1217 1362 I bluetooth: packages/modules/Bluetooth/system/gd/stack_manager.cc:59 StartUp: init complete
04-16 19:05:15.857 1217 1362 I bt_gd_shim: packages/modules/Bluetooth/system/main/shim/stack.cc:168 Start: Start Successfully toggled Gd stack
04-16 19:05:15.865 1217 1370 I bluetooth: packages/modules/Bluetooth/system/gd/hci/le_scanning_manager.cc:1485 on_apcf_read_extended_features_complete: set is_ad_type_filter_supported_ to 1 & is_transport_discovery_data_filter_supported_ to 0
04-16 19:05:15.870 1249 1249 D TelephonyProvider: dbh.onCreate:+ db=SQLiteDatabase: /data/user_de/0/com.android.providers.telephony/databases/telephony.db
04-16 19:05:15.871 1249 1249 D TelephonyProvider: dbh.createSimInfoTable:+ siminfo
04-16 19:05:15.878 1217 1362 I bt_shim_scanner: packages/modules/Bluetooth/system/main/shim/le_scanning_manager.cc:144 Init: init BleScannerInterfaceImpl
04-16 19:05:15.879 1217 1362 I bt_core_module: packages/modules/Bluetooth/system/btcore/src/module.cc:91 module_start_up: module_start_up Started module "gd_shim_module"
04-16 19:05:15.887 988 988 D NavigationModeController: getCurrentInteractionMode: mode=0 contextUser=0
04-16 19:05:15.889 1217 1362 W droid.bluetooth: [0416/190515.888776:WARNING:btif_config.cc(102)] read_or_set_metrics_salt: Failed to read metrics salt from config
04-16 19:05:15.905 1217 1362 I droid.bluetooth: [0416/190515.905655:INFO:btif_config.cc(113)] read_or_set_metrics_salt: Metrics salt is invalid, creating new one
04-16 19:05:15.919 1249 1249 D TelephonyProvider: dbh.createSimInfoTable:-
04-16 19:05:15.922 1217 1362 I bt_btif_core: packages/modules/Bluetooth/system/btif/src/btif_core.cc:228 btif_init_bluetooth: btif_init_bluetooth entered
04-16 19:05:15.924 1249 1249 D TelephonyProvider: dbh.createCarriersTable: carriers
04-16 19:05:15.926 988 988 I vol.Events: writeEvent collection_started
04-16 19:05:15.932 1217 1378 I droid.bluetooth: [0416/190515.932718:INFO:message_loop_thread.cc(184)] Run: message loop starting for thread bt_jni_thread
04-16 19:05:15.939 1249 1249 D TelephonyProvider: dbh.createCarriersTable:-
04-16 19:05:15.943 1217 1362 I bt_btif_core: packages/modules/Bluetooth/system/btif/src/btif_core.cc:232 btif_init_bluetooth: btif_init_bluetooth finished
04-16 19:05:15.949 1249 1249 D TelephonyProvider: dbh.onCreate: Apply apns from xml.
04-16 19:05:15.950 1249 1249 D TelephonyProvider: Load APNs from /system/etc/apns-conf.xml instead of /oem/telephony/apns-conf.xml
04-16 19:05:15.951 1249 1249 D TelephonyProvider: Load APNs from /product/etc/apns-conf.xml instead of /system/etc/apns-conf.xml
04-16 19:05:15.951 1249 1249 D TelephonyProvider: Load APNs from /data/misc/apns/apns-conf.xml instead of /product/etc/apns-conf.xml
04-16 19:05:15.951 1249 1249 D TelephonyProvider: confFile = /data/misc/apns/apns-conf.xml
04-16 19:05:15.994 988 988 D vol.VolumeDialogImpl: initDialog: called!
04-16 19:05:16.116 1217 1362 W bt_device_interop: packages/modules/Bluetooth/system/device/src/interop.cc:1676 interop_database_save_allowlisted_media_players_list: found feature - INTEROP_BROWSE_PLAYER_ALLOW_LIST
04-16 19:05:16.117 1217 1362 I bt_stack_config: packages/modules/Bluetooth/system/main/stack_config.cc:72 init: init attempt to load stack conf from /apex/com.android.btservices/etc/bluetooth/bt_stack.conf
04-16 19:05:16.123 1217 1362 I bt_stack_manager: packages/modules/Bluetooth/system/btif/src/stack_manager.cc:285 event_init_stack: finished
04-16 19:05:16.143 1217 1217 I bt_osi_wakelock: packages/modules/Bluetooth/system/osi/src/wakelock.cc:99 wakelock_set_os_callouts: wakelock_set_os_callouts set to non-native
04-16 19:05:16.143 1217 1217 I bt_btif : packages/modules/Bluetooth/system/btif/src/bluetooth.cc:829 get_profile_interface: get_profile_interface: id = socket
04-16 19:05:16.159 1217 1217 D BluetoothKeystoreService: initJni()
04-16 19:05:16.169 1217 1217 I bt_btif : packages/modules/Bluetooth/system/btif/src/bluetooth.cc:829 get_profile_interface: get_profile_interface: id = bluetooth_keystore
04-16 19:05:16.170 1217 1217 I droid.bluetooth: [0416/190516.170369:INFO:com_android_bluetooth_BluetoothQualityReport.cpp(88)] classInitNative: succeeds
04-16 19:05:16.170 1217 1217 I bt_btif : packages/modules/Bluetooth/system/btif/src/bluetooth.cc:829 get_profile_interface: get_profile_interface: id = bqr
04-16 19:05:16.171 1217 1217 I bluetooth: packages/modules/Bluetooth/system/btif/src/btif_bqr.cc:739 init: BluetoothQualityReportInterfaceImpl
04-16 19:05:16.171 1217 1217 I bt_btif : packages/modules/Bluetooth/system/btif/src/bluetooth.cc:829 get_profile_interface: get_profile_interface: id = sdp
04-16 19:05:16.184 1217 1364 E bt_btif_storage: packages/modules/Bluetooth/system/btif/src/btif_storage.cc:622 btif_storage_get_adapter_property: btif_storage_get_adapter_property: Controller not ready! Unable to return Bluetooth Address
04-16 19:05:16.187 1249 1249 D TelephonyProvider: Checksum for /data/misc/apns/apns-conf.xml is 2001431324
04-16 19:05:16.193 1217 1378 I bluetooth: packages/modules/Bluetooth/system/gd/storage/config_cache.cc:289 ConvertEncryptOrDecryptKeyIfNeeded: ConvertEncryptOrDecryptKeyIfNeeded
04-16 19:05:16.193 1217 1378 E BluetoothServiceJni: adapter_properties_callback: Status 1 is incorrect
04-16 19:05:16.196 1249 1249 D TelephonyProvider: Checksum after adding resource is 61296002
04-16 19:05:16.197 1249 1249 D TelephonyProvider: dbh.onCreate:- db=SQLiteDatabase: /data/user_de/0/com.android.providers.telephony/databases/telephony.db
04-16 19:05:16.198 1217 1217 I BluetoothAdapterService: loadLeAudioAllowDevices
04-16 19:05:16.198 1217 1217 I BluetoothAdapterService: LE Audio allow list is disabled.
04-16 19:05:16.239 1217 1378 D AdapterProperties: Name is: Android SDK built for x86_64
04-16 19:05:16.261 1217 1217 D BluetoothDatabase: start()
04-16 19:05:16.293 1217 1217 D BluetoothDatabase: Load Database
04-16 19:05:16.300 1217 1217 I BluetoothAdapterService: Phone policy enabled
04-16 19:05:16.317 1217 1217 D ActiveDeviceManager: start()
04-16 19:05:16.363 1249 1249 D TelephonyProvider: dbh.onOpen: ok, queried table=siminfo
04-16 19:05:16.369 1249 1249 D TelephonyProvider: dbh.onOpen: ok, queried table=carriers
04-16 19:05:16.530 1217 1384 D ActiveDeviceManager: onAudioDevicesAdded
04-16 19:05:16.534 1217 1384 D ActiveDeviceManager: Audio device added: Android SDK built for x86_64 type: 2
04-16 19:05:16.534 1217 1384 D ActiveDeviceManager: Audio device added: Android SDK built for x86_64 type: 18
04-16 19:05:16.534 1217 1384 D ActiveDeviceManager: Audio device added: Android SDK built for x86_64 type: 15
04-16 19:05:16.534 1217 1384 D ActiveDeviceManager: Audio device added: Android SDK built for x86_64 type: 18
04-16 19:05:16.534 1217 1384 D ActiveDeviceManager: Audio device added: Android SDK built for x86_64 type: 25
04-16 19:05:16.534 1217 1384 D ActiveDeviceManager: Audio device added: Android SDK built for x86_64 type: 16
04-16 19:05:16.557 1217 1217 I droid.bluetooth: [0416/190516.557308:INFO:com_android_bluetooth_btservice_ActivityAttribution.cpp(96)] classInitNative: succeeds
04-16 19:05:16.558 1217 1217 D BluetoothAdapterService: setAdapterService() - trying to set service to com.android.bluetooth.btservice.AdapterService@20d6721
04-16 19:05:16.602 1249 1249 D TelephonyProvider: Load APNs from /system/etc/apns-conf.xml instead of /oem/telephony/apns-conf.xml
04-16 19:05:16.603 1249 1249 D TelephonyProvider: Load APNs from /product/etc/apns-conf.xml instead of /system/etc/apns-conf.xml
04-16 19:05:16.612 1249 1249 D TelephonyProvider: Load APNs from /data/misc/apns/apns-conf.xml instead of /product/etc/apns-conf.xml
04-16 19:05:16.613 1249 1249 D TelephonyProvider: confFile = /data/misc/apns/apns-conf.xml
04-16 19:05:16.883 1249 1249 D TelephonyProvider: Checksum for /data/misc/apns/apns-conf.xml is 2001431324
04-16 19:05:16.931 1249 1249 D TelephonyProvider: Checksum after adding resource is 61296002
04-16 19:05:16.957 1249 1249 D TelephonyProvider: addAllApnSharedPrefToLocalLog
04-16 19:05:17.016 1249 1249 D TelephonyProvider: onCreate: updating build id to UE1A.230829.036.A1
04-16 19:05:17.050 1249 1249 D DeferredSmsMmsRestoreService: startIfFilesExist: no files to restore
04-16 19:05:17.051 1249 1249 D DeferredSmsMmsRestoreService: addAllSharedPrefToLocalLog
04-16 19:05:17.075 988 1379 I vol.Events: writeEvent level_changed STREAM_VOICE_CALL 3
04-16 19:05:17.128 988 1379 I vol.Events: writeEvent level_changed STREAM_SYSTEM 5
04-16 19:05:17.167 988 1379 I vol.Events: writeEvent level_changed STREAM_RING 5
04-16 19:05:17.290 1217 1383 D BluetoothDatabase: compactLastConnectionTime: Compacting metadata after load
04-16 19:05:17.301 1217 1383 I BluetoothDatabase: cacheMetadata
04-16 19:05:17.349 988 1379 I vol.Events: writeEvent level_changed STREAM_MUSIC 5
04-16 19:05:17.376 988 1379 I vol.Events: writeEvent level_changed STREAM_ALARM 6
04-16 19:05:17.412 562 586 W WindowManager: Keyguard drawn timeout. Setting mKeyguardDrawComplete
04-16 19:05:17.590 562 587 I DropBoxManagerService: add tag=system_app_strictmode isTagEnabled=true flags=0x2
04-16 19:05:17.594 562 562 D WifiP2pService: Wifi enabled=true, P2P disallowed by admin=false
04-16 19:05:17.598 988 1379 I vol.Events: writeEvent level_changed STREAM_BLUETOOTH_SCO 7
04-16 19:05:17.633 1217 1217 D BluetoothAdapterService: onBind()
04-16 19:05:17.784 988 988 I TetheringManager: registerTetheringEventCallback:com.android.systemui
04-16 19:05:17.785 988 988 I TetheringManager: registerTetheringEventCallback caller:com.android.systemui
04-16 19:05:17.917 988 1379 I vol.Events: writeEvent external_ringer_mode_changed unknown
04-16 19:05:18.039 988 1379 I vol.Events: writeEvent zen_mode_config_changed [disallowAlarms=false disallowMedia=false disallowSystem=true disallowRinger=false]
04-16 19:05:18.143 562 562 D nativeloader: Configuring clns-shared-15 for other apk /system/priv-app/Telecom/Telecom.apk. target_sdk_version=34, uses_libraries=, library_path=/system/priv-app/Telecom/lib/x86_64:/system/priv-app/Telecom/Telecom.apk!/lib/x86_64:/system/lib64:/system_ext/lib64, permitted_path=/data:/mnt/expand:/data/user_de/0/com.android.server.telecom:/system/priv-app/Telecom:/system/lib64:/system_ext/lib64
04-16 19:05:18.186 1159 1166 I webview_zygote: Background concurrent copying GC freed 699(88KB) AllocSpace objects, 0(0B) LOS objects, 49% free, 1943KB/3887KB, paused 5.297ms,104us total 56.319ms
04-16 19:05:18.337 562 562 W Looper : Slow dispatch took 264ms main h=android.app.ActivityThread$H c=null m=114
04-16 19:05:18.571 988 988 V SystemUIBootTiming: StartServices com.android.systemui.accessibility.SystemActions took to complete: 11855ms
04-16 19:05:18.583 988 988 W SystemUIService: Initialization of com.android.systemui.accessibility.SystemActions took 11867 ms
04-16 19:05:18.590 988 988 V SystemUIBootTiming: StartServices com.android.systemui.accessibility.WindowMagnification took to complete: 2ms
04-16 19:05:18.595 562 562 I MR2ServiceImpl: addProviderRoutes | provider: com.android.server.media/.SystemMediaRoute2Provider, routes: [DEVICE_ROUTE | Phone]
04-16 19:05:18.616 562 562 D WallpaperManagerService: WPMS.onServiceConnected-ComponentInfo{com.android.systemui/com.android.systemui.wallpapers.ImageWallpaper}
04-16 19:05:18.617 562 562 D WallpaperManagerService: WPMS.attachServiceLocked
04-16 19:05:18.617 562 562 V WallpaperManagerService: WPMS.attachServiceLocked took to complete: 0ms
04-16 19:05:18.618 562 562 V WallpaperManagerService: WPMS.onServiceConnected-ComponentInfo{com.android.systemui/com.android.systemui.wallpapers.ImageWallpaper} took to complete: 1ms
04-16 19:05:18.656 562 562 I PackageWatchdog: Syncing health check requests for packages: {}
04-16 19:05:18.658 562 562 I ExplicitHealthCheckController: Service not ready to get health check supported packages. Binding...
04-16 19:05:18.661 988 1294 D CompatibilityChangeReporter: Compat change id reported: 150939131; UID 10117; state: ENABLED
04-16 19:05:18.686 562 562 I ExplicitHealthCheckController: Explicit health check service is bound
04-16 19:05:18.688 988 988 V SystemUIBootTiming: StartServices com.android.systemui.biometrics.AuthController took to complete: 99ms
04-16 19:05:18.691 988 988 V SystemUIBootTiming: StartServices com.android.systemui.biometrics.AuthRippleController took to complete: 0ms
04-16 19:05:18.717 562 562 I HealthFirstGrantTimeMan: State for user: 0 has not been restored and validated.
04-16 19:05:18.725 988 988 V SystemUIBootTiming: StartServices com.android.systemui.biometrics.BiometricNotificationService took to complete: 22ms
04-16 19:05:18.726 988 988 V SystemUIBootTiming: StartServices com.android.systemui.broadcast.BroadcastDispatcherStartable took to complete: 0ms
04-16 19:05:18.731 562 562 W GrantTimeSerializer: /data/system_ce/0/healthconnect/health-permissions-first-grant-times.xml not found
04-16 19:05:18.743 988 988 V SystemUIBootTiming: StartServices com.android.systemui.clipboardoverlay.ClipboardListener took to complete: 17ms
04-16 19:05:18.750 988 988 V SystemUIBootTiming: StartServices com.android.systemui.controls.start.ControlsStartable took to complete: 1ms
04-16 19:05:18.761 988 988 V SystemUIBootTiming: StartServices com.android.systemui.dreams.AssistantAttentionMonitor took to complete: 11ms
04-16 19:05:18.802 988 988 V SystemUIBootTiming: StartServices com.android.systemui.dreams.DreamMonitor took to complete: 40ms
04-16 19:05:18.849 988 988 V SystemUIBootTiming: StartServices com.android.systemui.flags.FeatureFlagsDebugStartable took to complete: 46ms
04-16 19:05:18.857 562 562 W HealthConnectPackageInfoUtils: Can't extract requested permissions from the package info.
04-16 19:05:18.858 562 562 W HealthConnectPackageInfoUtils: Can't extract requested permissions from the package info.
04-16 19:05:18.858 562 562 W HealthConnectPackageInfoUtils: Can't extract requested permissions from the package info.
04-16 19:05:18.858 562 562 W HealthConnectPackageInfoUtils: Can't extract requested permissions from the package info.
04-16 19:05:18.859 562 562 W HealthConnectPackageInfoUtils: Can't extract requested permissions from the package info.
04-16 19:05:18.859 562 562 W HealthConnectPackageInfoUtils: Can't extract requested permissions from the package info.
04-16 19:05:18.859 562 562 W HealthConnectPackageInfoUtils: Can't extract requested permissions from the package info.
04-16 19:05:18.859 562 562 W HealthConnectPackageInfoUtils: Can't extract requested permissions from the package info.
04-16 19:05:18.860 562 562 W HealthConnectPackageInfoUtils: Can't extract requested permissions from the package info.
04-16 19:05:18.867 562 562 W HealthConnectPackageInfoUtils: Can't extract requested permissions from the package info.
04-16 19:05:18.867 562 562 W HealthConnectPackageInfoUtils: Can't extract requested permissions from the package info.
04-16 19:05:18.867 562 562 W HealthConnectPackageInfoUtils: Can't extract requested permissions from the package info.
04-16 19:05:18.867 562 562 W HealthConnectPackageInfoUtils: Can't extract requested permissions from the package info.
04-16 19:05:18.877 562 562 W HealthConnectPackageInfoUtils: Can't extract requested permissions from the package info.
04-16 19:05:18.877 562 562 W HealthConnectPackageInfoUtils: Can't extract requested permissions from the package info.
04-16 19:05:18.877 562 562 W HealthConnectPackageInfoUtils: Can't extract requested permissions from the package info.
04-16 19:05:18.877 562 562 W HealthConnectPackageInfoUtils: Can't extract requested permissions from the package info.
04-16 19:05:18.878 562 562 W HealthConnectPackageInfoUtils: Can't extract requested permissions from the package info.
04-16 19:05:18.878 562 562 W HealthConnectPackageInfoUtils: Can't extract requested permissions from the package info.
04-16 19:05:18.878 562 562 W HealthConnectPackageInfoUtils: Can't extract requested permissions from the package info.
04-16 19:05:18.878 562 562 W HealthConnectPackageInfoUtils: Can't extract requested permissions from the package info.
04-16 19:05:18.878 562 562 W HealthConnectPackageInfoUtils: Can't extract requested permissions from the package info.
04-16 19:05:18.879 562 562 W HealthConnectPackageInfoUtils: Can't extract requested permissions from the package info.
04-16 19:05:18.879 562 562 W HealthConnectPackageInfoUtils: Can't extract requested permissions from the package info.
04-16 19:05:18.879 562 562 W HealthConnectPackageInfoUtils: Can't extract requested permissions from the package info.
04-16 19:05:18.879 562 562 W HealthConnectPackageInfoUtils: Can't extract requested permissions from the package info.
04-16 19:05:18.892 562 562 W HealthConnectPackageInfoUtils: Can't extract requested permissions from the package info.
04-16 19:05:18.892 562 562 W HealthConnectPackageInfoUtils: Can't extract requested permissions from the package info.
04-16 19:05:18.893 562 562 W HealthConnectPackageInfoUtils: Can't extract requested permissions from the package info.
04-16 19:05:18.893 562 562 W HealthConnectPackageInfoUtils: Can't extract requested permissions from the package info.
04-16 19:05:18.893 562 562 W HealthConnectPackageInfoUtils: Can't extract requested permissions from the package info.
04-16 19:05:18.893 562 562 W HealthConnectPackageInfoUtils: Can't extract requested permissions from the package info.
04-16 19:05:18.894 562 562 W HealthConnectPackageInfoUtils: Can't extract requested permissions from the package info.
04-16 19:05:18.894 562 562 W HealthConnectPackageInfoUtils: Can't extract requested permissions from the package info.
04-16 19:05:18.894 562 562 W HealthConnectPackageInfoUtils: Can't extract requested permissions from the package info.
04-16 19:05:18.894 562 562 W HealthConnectPackageInfoUtils: Can't extract requested permissions from the package info.
04-16 19:05:18.895 562 562 W HealthConnectPackageInfoUtils: Can't extract requested permissions from the package info.
04-16 19:05:18.895 562 562 W HealthConnectPackageInfoUtils: Can't extract requested permissions from the package info.
04-16 19:05:18.895 562 562 W HealthConnectPackageInfoUtils: Can't extract requested permissions from the package info.
04-16 19:05:18.895 562 562 W HealthConnectPackageInfoUtils: Can't extract requested permissions from the package info.
04-16 19:05:18.895 562 562 W HealthConnectPackageInfoUtils: Can't extract requested permissions from the package info.
04-16 19:05:18.900 562 562 W HealthConnectPackageInfoUtils: Can't extract requested permissions from the package info.
04-16 19:05:18.900 562 562 W HealthConnectPackageInfoUtils: Can't extract requested permissions from the package info.
04-16 19:05:18.901 562 562 W HealthConnectPackageInfoUtils: Can't extract requested permissions from the package info.
04-16 19:05:18.901 562 562 W HealthConnectPackageInfoUtils: Can't extract requested permissions from the package info.
04-16 19:05:18.901 562 562 W HealthConnectPackageInfoUtils: Can't extract requested permissions from the package info.
04-16 19:05:18.901 562 562 W HealthConnectPackageInfoUtils: Can't extract requested permissions from the package info.
04-16 19:05:18.902 562 562 W HealthConnectPackageInfoUtils: Can't extract requested permissions from the package info.
04-16 19:05:18.902 562 562 W HealthConnectPackageInfoUtils: Can't extract requested permissions from the package info.
04-16 19:05:18.902 562 562 W HealthConnectPackageInfoUtils: Can't extract requested permissions from the package info.
04-16 19:05:18.902 562 562 W HealthConnectPackageInfoUtils: Can't extract requested permissions from the package info.
04-16 19:05:18.902 562 562 W HealthConnectPackageInfoUtils: Can't extract requested permissions from the package info.
04-16 19:05:18.903 562 562 W HealthConnectPackageInfoUtils: Can't extract requested permissions from the package info.
04-16 19:05:18.903 562 562 W HealthConnectPackageInfoUtils: Can't extract requested permissions from the package info.
04-16 19:05:18.903 562 562 W HealthConnectPackageInfoUtils: Can't extract requested permissions from the package info.
04-16 19:05:18.903 562 562 W HealthConnectPackageInfoUtils: Can't extract requested permissions from the package info.
04-16 19:05:18.904 562 562 W HealthConnectPackageInfoUtils: Can't extract requested permissions from the package info.
04-16 19:05:18.914 562 562 W HealthConnectPackageInfoUtils: Can't extract requested permissions from the package info.
04-16 19:05:18.914 562 562 W HealthConnectPackageInfoUtils: Can't extract requested permissions from the package info.
04-16 19:05:18.914 562 562 W HealthConnectPackageInfoUtils: Can't extract requested permissions from the package info.
04-16 19:05:18.915 562 562 W HealthConnectPackageInfoUtils: Can't extract requested permissions from the package info.
04-16 19:05:18.915 562 562 W HealthConnectPackageInfoUtils: Can't extract requested permissions from the package info.
04-16 19:05:18.915 562 562 W HealthConnectPackageInfoUtils: Can't extract requested permissions from the package info.
04-16 19:05:18.915 562 562 W HealthConnectPackageInfoUtils: Can't extract requested permissions from the package info.
04-16 19:05:18.915 562 562 W HealthConnectPackageInfoUtils: Can't extract requested permissions from the package info.
04-16 19:05:18.929 562 562 W HealthConnectPackageInfoUtils: Can't extract requested permissions from the package info.
04-16 19:05:18.930 562 562 W HealthConnectPackageInfoUtils: Can't extract requested permissions from the package info.
04-16 19:05:18.930 562 562 W HealthConnectPackageInfoUtils: Can't extract requested permissions from the package info.
04-16 19:05:18.932 1249 1249 D DeferredSmsMmsRestoreService: startIfFilesExist: no files to restore
04-16 19:05:18.933 1249 1249 D DeferredSmsMmsRestoreService: addAllSharedPrefToLocalLog
04-16 19:05:18.936 562 562 W HealthConnectPackageInfoUtils: Can't extract requested permissions from the package info.
04-16 19:05:18.936 562 562 W HealthConnectPackageInfoUtils: Can't extract requested permissions from the package info.
04-16 19:05:18.937 562 562 W HealthConnectPackageInfoUtils: Can't extract requested permissions from the package info.
04-16 19:05:18.937 562 562 W HealthConnectPackageInfoUtils: Can't extract requested permissions from the package info.
04-16 19:05:18.939 562 562 W Looper : Slow dispatch took 222ms main h=android.os.Handler c=null m=1
04-16 19:05:18.941 988 988 V SystemUIBootTiming: StartServices com.android.systemui.globalactions.GlobalActionsComponent took to complete: 92ms
04-16 19:05:18.977 988 988 V SystemUIBootTiming: StartServices com.android.systemui.keyboard.KeyboardUI took to complete: 35ms
04-16 19:05:19.015 1249 1249 I DomainSelectionResolver: DomainSelectionResolver created: device-config=false
04-16 19:05:19.026 988 998 I ndroid.systemui: Background young concurrent copying GC freed 13260(1686KB) AllocSpace objects, 8(416KB) LOS objects, 26% free, 5713KB/7727KB, paused 176us,116us total 270.047ms
04-16 19:05:19.054 988 988 V SystemUIBootTiming: StartServices com.android.systemui.keyboard.PhysicalKeyboardCoreStartable took to complete: 76ms
04-16 19:05:19.231 988 988 V SystemUIBootTiming: StartServices com.android.systemui.keyguard.KeyguardViewMediator took to complete: 176ms
04-16 19:05:19.301 988 988 D ResourceTrimmer: Resource trimmer registered.
04-16 19:05:19.607 0 0 I servicemanager: Found android.hardware.radio.data.IRadioData/slot1 in device VINTF manifest.
04-16 19:05:19.682 988 1405 D MediaCodecList: codecHandlesFormat: no format, so no extra checks
04-16 19:05:19.714 988 1406 D MediaCodecList: codecHandlesFormat: no format, so no extra checks
04-16 19:05:19.763 988 988 V SystemUIBootTiming: StartServices com.android.systemui.keyguard.ResourceTrimmer took to complete: 462ms
04-16 19:05:19.793 0 0 I servicemanager: Found android.hardware.radio.data.IRadioData/slot1 in device VINTF manifest.
04-16 19:05:19.806 0 0 I servicemanager: Found android.hardware.radio.messaging.IRadioMessaging/slot1 in device VINTF manifest.
04-16 19:05:19.821 0 0 I servicemanager: Found android.hardware.radio.modem.IRadioModem/slot1 in device VINTF manifest.
04-16 19:05:19.834 988 988 D BouncerMessageAuditLogger: biometricMessage: null
04-16 19:05:19.851 988 988 D BouncerMessageAuditLogger: primaryAuthMessage: null
04-16 19:05:19.858 988 988 D BouncerMessageAuditLogger: customMessage: null
04-16 19:05:19.859 988 988 D BouncerMessageAuditLogger: faceAcquisitionMessage: null
04-16 19:05:19.861 0 0 I servicemanager: Found android.hardware.radio.network.IRadioNetwork/slot1 in device VINTF manifest.
04-16 19:05:19.867 988 988 D BouncerMessageAuditLogger: fingerprintAcquisitionMessage: null
04-16 19:05:19.871 0 0 I servicemanager: Found android.hardware.radio.sim.IRadioSim/slot1 in device VINTF manifest.
04-16 19:05:19.878 0 0 I servicemanager: Found android.hardware.radio.voice.IRadioVoice/slot1 in device VINTF manifest.
04-16 19:05:19.886 0 0 I servicemanager: Found android.hardware.radio.ims.IRadioIms/slot1 in device VINTF manifest.
04-16 19:05:19.897 988 988 D BouncerMessageAuditLogger: authFlagsMessage: null
04-16 19:05:19.926 988 988 D BiometricsRepositoryImpl: currentUser authFlags changed, new value: AuthenticationFlags(userId=0, flag=1)
04-16 19:05:19.993 988 1411 D CCodec : allocate(c2.android.vorbis.decoder)
04-16 19:05:20.033 988 1410 D CCodec : allocate(c2.android.vorbis.decoder)
04-16 19:05:20.058 988 1411 I Codec2Client: Available Codec2 services: "default" "software"
04-16 19:05:20.117 988 988 D BouncerMessageAuditLogger: interactor.bouncerMessage: BouncerMessageModel(message=Message(message=, messageResId=null, colorState=null, formatterArgs=null, animate=true), secondaryMessage=Message(message=, messageResId=null, colorState=null, formatterArgs=null, animate=true))
04-16 19:05:20.126 988 988 V SystemUIBootTiming: StartServices com.android.systemui.keyguard.bouncer.domain.interactor.BouncerMessageAuditLogger took to complete: 364ms
04-16 19:05:20.161 988 1411 I CCodec : setting up 'default' as default (vendor) store
04-16 19:05:20.169 988 1410 I CCodec : setting up 'default' as default (vendor) store
04-16 19:05:20.259 988 1047 I CameraManagerGlobal: Connecting to camera service
04-16 19:05:20.277 562 562 D nativeloader: Configuring clns-shared-16 for other apk /system/framework/com.android.location.provider.jar. target_sdk_version=34, uses_libraries=ALL, library_path=/system/priv-app/FusedLocation/lib/x86_64:/system/priv-app/FusedLocation/FusedLocation.apk!/lib/x86_64:/system/lib64:/system_ext/lib64, permitted_path=/data:/mnt/expand:/data/user_de/0/com.android.location.fused:/system/priv-app/FusedLocation:/system/lib64:/system_ext/lib64
04-16 19:05:20.271 0 0 I servicemanager: Found android.hardware.radio.modem.IRadioModem/slot1 in device VINTF manifest.
04-16 19:05:20.301 562 573 I system_server: Background young concurrent copying GC freed 244582(12MB) AllocSpace objects, 21(416KB) LOS objects, 48% free, 13MB/25MB, paused 207us,216us total 991.748ms
04-16 19:05:20.353 562 574 W JavaBinder: BinderProxy is being destroyed but the application did not call unlinkToDeath to unlink all of its death recipients beforehand. Releasing leaked death recipient: com.android.server.am.ActivityManagerService$14
04-16 19:05:20.365 562 574 I BpBinder: onLastStrongRef automatically unlinking death recipients:
04-16 19:05:20.366 562 574 W JavaBinder: BinderProxy is being destroyed but the application did not call unlinkToDeath to unlink all of its death recipients beforehand. Releasing leaked death recipient: com.android.server.am.ActivityManagerService$14
04-16 19:05:20.404 562 574 I BpBinder: onLastStrongRef automatically unlinking death recipients:
04-16 19:05:20.429 988 1411 I CCodec : Created component [c2.android.vorbis.decoder]
04-16 19:05:20.437 988 1410 I CCodec : Created component [c2.android.vorbis.decoder]
04-16 19:05:20.446 988 1410 D CCodecConfig: read media type: audio/vorbis
04-16 19:05:20.457 988 1411 D CCodecConfig: read media type: audio/vorbis
04-16 19:05:20.513 479 510 W libgoldfish-rild: Callback is not set
04-16 19:05:20.523 562 587 I DropBoxManagerService: add tag=system_server_strictmode isTagEnabled=true flags=0x2
04-16 19:05:20.556 0 0 I servicemanager: Found android.hardware.radio.data.IRadioData/slot1 in device VINTF manifest.
04-16 19:05:20.610 0 0 I servicemanager: Found android.hardware.radio.messaging.IRadioMessaging/slot1 in device VINTF manifest.
04-16 19:05:20.629 988 1411 D ReflectedParamUpdater: extent() != 1 for single value type: algo.buffers.max-count.values
04-16 19:05:20.635 988 1411 D ReflectedParamUpdater: extent() != 1 for single value type: output.subscribed-indices.values
04-16 19:05:20.643 988 1411 D ReflectedParamUpdater: extent() != 1 for single value type: input.buffers.allocator-ids.values
04-16 19:05:20.645 562 562 D nativeloader: Configuring clns-shared-17 for other apk /system/priv-app/FusedLocation/FusedLocation.apk. target_sdk_version=34, uses_libraries=, library_path=/system/priv-app/FusedLocation/lib/x86_64:/system/priv-app/FusedLocation/FusedLocation.apk!/lib/x86_64:/system/lib64:/system_ext/lib64, permitted_path=/data:/mnt/expand:/data/user_de/0/com.android.location.fused:/system/priv-app/FusedLocation:/system/lib64:/system_ext/lib64
04-16 19:05:20.650 988 1411 D ReflectedParamUpdater: extent() != 1 for single value type: output.buffers.allocator-ids.values
04-16 19:05:20.650 988 1411 D ReflectedParamUpdater: extent() != 1 for single value type: algo.buffers.allocator-ids.values
04-16 19:05:20.651 988 1411 D ReflectedParamUpdater: extent() != 1 for single value type: output.buffers.pool-ids.values
04-16 19:05:20.656 0 0 I servicemanager: Found android.hardware.radio.network.IRadioNetwork/slot1 in device VINTF manifest.
04-16 19:05:20.659 988 1411 D ReflectedParamUpdater: extent() != 1 for single value type: algo.buffers.pool-ids.values
04-16 19:05:20.704 0 0 I servicemanager: Found android.hardware.radio.sim.IRadioSim/slot1 in device VINTF manifest.
04-16 19:05:20.703 988 1410 D ReflectedParamUpdater: extent() != 1 for single value type: algo.buffers.max-count.values
04-16 19:05:20.710 988 1411 I CCodecConfig: query failed after returning 7 values (BAD_INDEX)
04-16 19:05:20.721 988 1411 D CCodecConfig: c2 config diff is Dict {
04-16 19:05:20.721 988 1411 D CCodecConfig: c2::u32 coded.bitrate.value = 64000
04-16 19:05:20.721 988 1411 D CCodecConfig: c2::u32 input.buffers.max-size.value = 32768
04-16 19:05:20.721 988 1411 D CCodecConfig: c2::u32 input.delay.value = 0
04-16 19:05:20.721 988 1411 D CCodecConfig: string input.media-type.value = "audio/vorbis"
04-16 19:05:20.721 988 1411 D CCodecConfig: string output.media-type.value = "audio/raw"
04-16 19:05:20.721 988 1411 D CCodecConfig: c2::u32 raw.channel-count.value = 1
04-16 19:05:20.721 988 1411 D CCodecConfig: c2::u32 raw.sample-rate.value = 48000
04-16 19:05:20.721 988 1411 D CCodecConfig: }
04-16 19:05:20.734 0 0 I servicemanager: Found android.hardware.radio.voice.IRadioVoice/slot1 in device VINTF manifest.
04-16 19:05:20.740 988 1410 D ReflectedParamUpdater: extent() != 1 for single value type: output.subscribed-indices.values
04-16 19:05:20.752 988 1410 D ReflectedParamUpdater: extent() != 1 for single value type: input.buffers.allocator-ids.values
04-16 19:05:20.760 988 1410 D ReflectedParamUpdater: extent() != 1 for single value type: output.buffers.allocator-ids.values
04-16 19:05:20.763 988 1411 D MediaCodec: flushMediametrics
04-16 19:05:20.764 988 1410 D ReflectedParamUpdater: extent() != 1 for single value type: algo.buffers.allocator-ids.values
04-16 19:05:20.769 988 1411 D CCodec : [c2.android.vorbis.decoder] buffers are bound to CCodec for this session
04-16 19:05:20.770 988 1411 D CCodecConfig: no c2 equivalents for durationUs
04-16 19:05:20.770 988 1411 D CCodecConfig: no c2 equivalents for track-id
04-16 19:05:20.770 988 1411 D CCodecConfig: no c2 equivalents for csd-1
04-16 19:05:20.770 988 1411 D CCodecConfig: no c2 equivalents for flags
04-16 19:05:20.788 988 1410 D ReflectedParamUpdater: extent() != 1 for single value type: output.buffers.pool-ids.values
04-16 19:05:20.796 988 1411 D CCodecConfig: c2 config diff is c2::u32 coded.bitrate.value = 160000
04-16 19:05:20.796 988 1411 D CCodecConfig: c2::u32 raw.channel-count.value = 2
04-16 19:05:20.796 988 1411 D CCodecConfig: c2::u32 raw.sample-rate.value = 44100
04-16 19:05:20.798 988 1410 D ReflectedParamUpdater: extent() != 1 for single value type: algo.buffers.pool-ids.values
04-16 19:05:20.801 0 0 I servicemanager: Found android.hardware.radio.ims.IRadioIms/slot1 in device VINTF manifest.
04-16 19:05:20.803 0 0 I servicemanager: Found android.hardware.radio.ims.IRadioIms/slot1 in device VINTF manifest.
04-16 19:05:20.807 562 562 W Looper : Slow dispatch took 933ms main h=android.app.ActivityThread$H c=null m=114
04-16 19:05:20.812 988 1411 W Codec2Client: query -- param skipped: index = 1107298332.
04-16 19:05:20.812 988 1411 D CCodec : encoding statistics level = 0
04-16 19:05:20.813 988 1411 D CCodec : setup formats input: AMessage(what = 0x00000000) = {
04-16 19:05:20.813 988 1411 D CCodec : int32_t bitrate = 160000
04-16 19:05:20.813 988 1411 D CCodec : int32_t channel-count = 2
04-16 19:05:20.813 988 1411 D CCodec : int32_t max-input-size = 32768
04-16 19:05:20.813 988 1411 D CCodec : string mime = "audio/vorbis"
04-16 19:05:20.813 988 1411 D CCodec : int32_t sample-rate = 44100
04-16 19:05:20.813 988 1411 D CCodec : }
04-16 19:05:20.813 988 1411 D CCodec : setup formats output: AMessage(what = 0x00000000) = {
04-16 19:05:20.813 988 1411 D CCodec : int32_t channel-count = 2
04-16 19:05:20.813 988 1411 D CCodec : string mime = "audio/raw"
04-16 19:05:20.813 988 1411 D CCodec : int32_t sample-rate = 44100
04-16 19:05:20.813 988 1411 D CCodec : int32_t channel-mask = 3
04-16 19:05:20.813 988 1411 D CCodec : int32_t android._config-pcm-encoding = 2
04-16 19:05:20.813 988 1411 D CCodec : }
04-16 19:05:20.828 988 1411 I CCodecConfig: query failed after returning 7 values (BAD_INDEX)
04-16 19:05:20.840 562 585 I ServiceWatcher: [fused] connected to {com.android.location.fused/com.android.location.fused.FusedLocationService}
04-16 19:05:20.856 988 1411 W Codec2Client: query -- param skipped: index = 1342179345.
04-16 19:05:20.856 988 1411 W Codec2Client: query -- param skipped: index = 2415921170.
04-16 19:05:20.863 988 1410 I CCodecConfig: query failed after returning 7 values (BAD_INDEX)
04-16 19:05:20.874 988 1410 D CCodecConfig: c2 config diff is Dict {
04-16 19:05:20.874 988 1410 D CCodecConfig: c2::u32 coded.bitrate.value = 64000
04-16 19:05:20.874 988 1410 D CCodecConfig: c2::u32 input.buffers.max-size.value = 32768
04-16 19:05:20.874 988 1410 D CCodecConfig: c2::u32 input.delay.value = 0
04-16 19:05:20.874 988 1410 D CCodecConfig: string input.media-type.value = "audio/vorbis"
04-16 19:05:20.874 988 1410 D CCodecConfig: string output.media-type.value = "audio/raw"
04-16 19:05:20.874 988 1410 D CCodecConfig: c2::u32 raw.channel-count.value = 1
04-16 19:05:20.874 988 1410 D CCodecConfig: c2::u32 raw.sample-rate.value = 48000
04-16 19:05:20.874 988 1410 D CCodecConfig: }
04-16 19:05:20.880 988 1411 D C2Store : Using DMABUF Heaps
04-16 19:05:20.919 988 1411 D CCodecBufferChannel: [c2.android.vorbis.decoder#827] Created input block pool with allocatorID 16 => poolID 17 - OK (0)
04-16 19:05:20.936 988 1410 D MediaCodec: flushMediametrics
04-16 19:05:20.937 988 1410 D CCodec : [c2.android.vorbis.decoder] buffers are bound to CCodec for this session
04-16 19:05:20.938 988 1410 D CCodecConfig: no c2 equivalents for durationUs
04-16 19:05:20.939 988 1410 D CCodecConfig: no c2 equivalents for track-id
04-16 19:05:20.939 988 1410 D CCodecConfig: no c2 equivalents for csd-1
04-16 19:05:20.945 988 1410 D CCodecConfig: no c2 equivalents for flags
04-16 19:05:20.957 988 1410 D CCodecConfig: c2 config diff is c2::u32 coded.bitrate.value = 160000
04-16 19:05:20.957 988 1410 D CCodecConfig: c2::u32 raw.channel-count.value = 2
04-16 19:05:20.957 988 1410 D CCodecConfig: c2::u32 raw.sample-rate.value = 44100
04-16 19:05:20.959 988 1410 W Codec2Client: query -- param skipped: index = 1107298332.
04-16 19:05:20.969 562 683 D BufferPoolAccessor2.0: bufferpool2 0x770ea635eb78 : 0(0 size) total buffers - 0(0 size) used buffers - 2/7 (recycle/alloc) - 5/24 (fetch/transfer)
04-16 19:05:20.970 562 683 D BufferPoolAccessor2.0: Destruction - bufferpool2 0x770ea635eb78 cached: 0/0M, 0/0% in use; allocs: 7, 29% recycled; transfers: 24, 79% unfetched
04-16 19:05:20.971 562 683 D BufferPoolAccessor2.0: bufferpool2 0x770ea635edc8 : 0(0 size) total buffers - 0(0 size) used buffers - 1/7 (recycle/alloc) - 6/18 (fetch/transfer)
04-16 19:05:20.971 562 683 D BufferPoolAccessor2.0: Destruction - bufferpool2 0x770ea635edc8 cached: 0/0M, 0/0% in use; allocs: 7, 14% recycled; transfers: 18, 67% unfetched
04-16 19:05:20.981 988 1410 D CCodec : encoding statistics level = 0
04-16 19:05:20.984 988 1410 D CCodec : setup formats input: AMessage(what = 0x00000000) = {
04-16 19:05:20.984 988 1410 D CCodec : int32_t bitrate = 160000
04-16 19:05:20.984 988 1410 D CCodec : int32_t channel-count = 2
04-16 19:05:20.984 988 1410 D CCodec : int32_t max-input-size = 32768
04-16 19:05:20.984 988 1410 D CCodec : string mime = "audio/vorbis"
04-16 19:05:20.984 988 1410 D CCodec : int32_t sample-rate = 44100
04-16 19:05:20.984 988 1410 D CCodec : }
04-16 19:05:20.985 988 1410 D CCodec : setup formats output: AMessage(what = 0x00000000) = {
04-16 19:05:20.985 988 1410 D CCodec : int32_t channel-count = 2
04-16 19:05:20.985 988 1410 D CCodec : string mime = "audio/raw"
04-16 19:05:20.985 988 1410 D CCodec : int32_t sample-rate = 44100
04-16 19:05:20.985 988 1410 D CCodec : int32_t channel-mask = 3
04-16 19:05:20.985 988 1410 D CCodec : int32_t android._config-pcm-encoding = 2
04-16 19:05:20.985 988 1410 D CCodec : }
04-16 19:05:20.986 988 1410 I CCodecConfig: query failed after returning 7 values (BAD_INDEX)
04-16 19:05:20.993 562 683 D BufferPoolAccessor2.0: bufferpool2 0x770ea63612c8 : 0(0 size) total buffers - 0(0 size) used buffers - 2/7 (recycle/alloc) - 8/24 (fetch/transfer)
04-16 19:05:20.993 562 683 D BufferPoolAccessor2.0: Destruction - bufferpool2 0x770ea63612c8 cached: 0/0M, 0/0% in use; allocs: 7, 29% recycled; transfers: 24, 67% unfetched
04-16 19:05:20.996 988 1410 W Codec2Client: query -- param skipped: index = 1342179345.
04-16 19:05:20.997 988 1410 W Codec2Client: query -- param skipped: index = 2415921170.
04-16 19:05:20.998 988 1411 I CCodecBufferChannel: [c2.android.vorbis.decoder#827] Created output block pool with allocatorID 16 => poolID 23 - OK
04-16 19:05:20.999 988 1411 D CCodecBufferChannel: [c2.android.vorbis.decoder#827] Configured output block pool ids 23 => OK
04-16 19:05:21.005 988 1411 I DMABUFHEAPS: Using DMA-BUF heap named: system
04-16 19:05:21.015 988 1410 D CCodecBufferChannel: [c2.android.vorbis.decoder#186] Created input block pool with allocatorID 16 => poolID 18 - OK (0)
04-16 19:05:21.050 562 1083 D BufferPoolAccessor2.0: bufferpool2 0x770ea6360738 : 0(0 size) total buffers - 0(0 size) used buffers - 2/7 (recycle/alloc) - 5/26 (fetch/transfer)
04-16 19:05:21.051 562 1083 D BufferPoolAccessor2.0: Destruction - bufferpool2 0x770ea6360738 cached: 0/0M, 0/0% in use; allocs: 7, 29% recycled; transfers: 26, 81% unfetched
