04-16 19:01:43.087 467 467 W mediaextractor: libminijail[467]: allowing syscall: fcntl
04-16 19:01:43.087 467 467 W mediaextractor: libminijail[467]: allowing syscall: writev
04-16 19:01:43.113 467 467 W mediaextractor: libminijail[467]: compile_file: (48): syscall readlinkat redefined here
04-16 19:01:43.113 467 467 W mediaextractor: libminijail[467]: compile_file: (43): previous definition here
04-16 19:01:43.114 467 467 W mediaextractor: libminijail[467]: compile_file: (54): syscall gettid redefined here
04-16 19:01:43.114 467 467 W mediaextractor: libminijail[467]: compile_file: (51): previous definition here
04-16 19:01:43.128 467 467 W mediaextractor: libminijail[467]: compile_file: /apex/com.android.media/etc/seccomp_policy/crash_dump.x86_64.policy(1): syscall read redefined here
04-16 19:01:43.129 467 467 W mediaextractor: libminijail[467]: compile_file: (19): previous definition here
04-16 19:01:43.129 467 467 W mediaextractor: libminijail[467]: compile_file: /apex/com.android.media/etc/seccomp_policy/crash_dump.x86_64.policy(2): syscall write redefined here
04-16 19:01:43.129 467 467 W mediaextractor: libminijail[467]: compile_file: (6): previous definition here
04-16 19:01:43.130 467 467 W mediaextractor: libminijail[467]: compile_file: /apex/com.android.media/etc/seccomp_policy/crash_dump.x86_64.policy(3): syscall exit redefined here
04-16 19:01:43.130 467 467 W mediaextractor: libminijail[467]: compile_file: (29): previous definition here
04-16 19:01:43.130 467 467 W mediaextractor: libminijail[467]: compile_file: /apex/com.android.media/etc/seccomp_policy/crash_dump.x86_64.policy(4): syscall rt_sigreturn redefined here
04-16 19:01:43.131 467 467 W mediaextractor: libminijail[467]: compile_file: (31): previous definition here
04-16 19:01:43.131 467 467 W mediaextractor: libminijail[467]: compile_file: /apex/com.android.media/etc/seccomp_policy/crash_dump.x86_64.policy(5): syscall exit_group redefined here
04-16 19:01:43.131 467 467 W mediaextractor: libminijail[467]: compile_file: (30): previous definition here
04-16 19:01:43.140 467 467 W mediaextractor: libminijail[467]: compile_file: /apex/com.android.media/etc/seccomp_policy/crash_dump.x86_64.policy(6): syscall clock_gettime redefined here
04-16 19:01:43.141 467 467 W mediaextractor: libminijail[467]: compile_file: (15): previous definition here
04-16 19:01:43.141 467 467 W mediaextractor: libminijail[467]: compile_file: /apex/com.android.media/etc/seccomp_policy/crash_dump.x86_64.policy(8): syscall futex redefined here
04-16 19:01:43.141 467 467 W mediaextractor: libminijail[467]: compile_file: (4): previous definition here
04-16 19:01:43.141 467 467 W mediaextractor: libminijail[467]: compile_file: /apex/com.android.media/etc/seccomp_policy/crash_dump.x86_64.policy(9): syscall getrandom redefined here
04-16 19:01:43.142 467 467 W mediaextractor: libminijail[467]: compile_file: (36): previous definition here
04-16 19:01:43.142 467 467 W mediaextractor: libminijail[467]: compile_file: /apex/com.android.media/etc/seccomp_policy/crash_dump.x86_64.policy(10): syscall getpid redefined here
04-16 19:01:43.142 467 467 W mediaextractor: libminijail[467]: compile_file: (53): previous definition here
04-16 19:01:43.142 467 467 W mediaextractor: libminijail[467]: compile_file: /apex/com.android.media/etc/seccomp_policy/crash_dump.x86_64.policy(11): syscall gettid redefined here
04-16 19:01:43.142 467 467 W mediaextractor: libminijail[467]: compile_file: (51): previous definition here
04-16 19:01:43.143 467 467 W mediaextractor: libminijail[467]: compile_file: /apex/com.android.media/etc/seccomp_policy/crash_dump.x86_64.policy(14): syscall openat redefined here
04-16 19:01:43.143 467 467 W mediaextractor: libminijail[467]: compile_file: (13): previous definition here
04-16 19:01:43.143 467 467 W mediaextractor: libminijail[467]: compile_file: /apex/com.android.media/etc/seccomp_policy/crash_dump.x86_64.policy(15): syscall dup redefined here
04-16 19:01:43.143 467 467 W mediaextractor: libminijail[467]: compile_file: (9): previous definition here
04-16 19:01:43.143 467 467 W mediaextractor: libminijail[467]: compile_file: /apex/com.android.media/etc/seccomp_policy/crash_dump.x86_64.policy(16): syscall close redefined here
04-16 19:01:43.144 467 467 W mediaextractor: libminijail[467]: compile_file: (8): previous definition here
04-16 19:01:43.168 467 467 W mediaextractor: libminijail[467]: compile_file: /apex/com.android.media/etc/seccomp_policy/crash_dump.x86_64.policy(17): syscall lseek redefined here
04-16 19:01:43.169 467 467 W mediaextractor: libminijail[467]: compile_file: (20): previous definition here
04-16 19:01:43.169 467 467 W mediaextractor: libminijail[467]: compile_file: /apex/com.android.media/etc/seccomp_policy/crash_dump.x86_64.policy(18): syscall getdents64 redefined here
04-16 19:01:43.169 467 467 W mediaextractor: libminijail[467]: compile_file: (42): previous definition here
04-16 19:01:43.169 467 467 W mediaextractor: libminijail[467]: compile_file: /apex/com.android.media/etc/seccomp_policy/crash_dump.x86_64.policy(19): syscall faccessat redefined here
04-16 19:01:43.169 467 467 W mediaextractor: libminijail[467]: compile_file: (32): previous definition here
04-16 19:01:43.170 467 467 W mediaextractor: libminijail[467]: compile_file: /apex/com.android.media/etc/seccomp_policy/crash_dump.x86_64.policy(28): syscall prctl redefined here
04-16 19:01:43.170 467 467 W mediaextractor: libminijail[467]: compile_file: (5): previous definition here
04-16 19:01:43.171 467 467 W mediaextractor: libminijail[467]: compile_file: /apex/com.android.media/etc/seccomp_policy/crash_dump.x86_64.policy(29): syscall madvise redefined here
04-16 19:01:43.171 467 467 W mediaextractor: libminijail[467]: compile_file: (12): previous definition here
04-16 19:01:43.171 467 467 W mediaextractor: libminijail[467]: compile_file: /apex/com.android.media/etc/seccomp_policy/crash_dump.x86_64.policy(30): syscall mprotect redefined here
04-16 19:01:43.171 467 467 W mediaextractor: libminijail[467]: compile_file: (18): previous definition here
04-16 19:01:43.193 467 467 W mediaextractor: libminijail[467]: compile_file: /apex/com.android.media/etc/seccomp_policy/crash_dump.x86_64.policy(31): syscall munmap redefined here
04-16 19:01:43.194 467 467 W mediaextractor: libminijail[467]: compile_file: (10): previous definition here
04-16 19:01:43.194 467 467 W mediaextractor: libminijail[467]: compile_file: /apex/com.android.media/etc/seccomp_policy/crash_dump.x86_64.policy(32): syscall getuid redefined here
04-16 19:01:43.194 467 467 W mediaextractor: libminijail[467]: compile_file: (22): previous definition here
04-16 19:01:43.194 467 467 W mediaextractor: libminijail[467]: compile_file: /apex/com.android.media/etc/seccomp_policy/crash_dump.x86_64.policy(33): syscall fstat redefined here
04-16 19:01:43.194 467 467 W mediaextractor: libminijail[467]: compile_file: (25): previous definition here
04-16 19:01:43.195 467 467 W mediaextractor: libminijail[467]: compile_file: /apex/com.android.media/etc/seccomp_policy/crash_dump.x86_64.policy(34): syscall mmap redefined here
04-16 19:01:43.195 467 467 W mediaextractor: libminijail[467]: compile_file: (11): previous definition here
04-16 19:01:43.243 467 467 W mediaextractor: libminijail[467]: logging seccomp filter failures
04-16 19:01:43.314 0 0 I servicemanager: Found android.hardware.radio.data.IRadioData/slot1 in device VINTF manifest.
04-16 19:01:43.316 0 0 I servicemanager: Found android.hardware.radio.messaging.IRadioMessaging/slot1 in device VINTF manifest.
04-16 19:01:43.323 0 0 I servicemanager: Found android.hardware.radio.modem.IRadioModem/slot1 in device VINTF manifest.
04-16 19:01:43.336 0 0 I servicemanager: Found android.hardware.radio.network.IRadioNetwork/slot1 in device VINTF manifest.
04-16 19:01:43.355 0 0 I servicemanager: Found android.hardware.radio.sim.IRadioSim/slot1 in device VINTF manifest.
04-16 19:01:43.398 0 0 I servicemanager: Found android.hardware.radio.voice.IRadioVoice/slot1 in device VINTF manifest.
04-16 19:01:43.400 0 0 I servicemanager: Found android.hardware.radio.ims.IRadioIms/slot1 in device VINTF manifest.
04-16 19:01:43.422 0 0 I servicemanager: Found android.hardware.radio.ims.media.IImsMedia/default in device VINTF manifest.
04-16 19:01:43.438 0 0 I servicemanager: Found android.hardware.radio.modem.IRadioModem/slot1 in device VINTF manifest.
04-16 19:01:43.438 0 0 I servicemanager: Service 'android.hardware.radio.modem.IRadioModem/slot1' originally registered from PID 479 but it is being registered again from PID 479. Bad state? Late death notification? Multiple instances installed?
04-16 19:01:43.444 0 0 I BpBinder: onLastStrongRef automatically unlinking death recipients:
04-16 19:01:43.520 0 0 I servicemanager: Found android.hardware.radio.sim.IRadioSim/slot1 in device VINTF manifest.
04-16 19:01:43.520 0 0 I servicemanager: Service 'android.hardware.radio.sim.IRadioSim/slot1' originally registered from PID 479 but it is being registered again from PID 479. Bad state? Late death notification? Multiple instances installed?
04-16 19:01:43.520 0 0 I BpBinder: onLastStrongRef automatically unlinking death recipients:
04-16 19:01:43.535 0 0 I servicemanager: Found android.hardware.radio.config.IRadioConfig/default in device VINTF manifest.
04-16 19:01:43.625 0 0 I servicemanager: Could not find android.hardware.radio.sap.ISap/slot1 in the VINTF manifest.
04-16 19:01:43.653 393 393 W APM::AudioPolicyEngine/Base: loadAudioPolicyEngineConfig: No configuration of AUDIO_STREAM_CALL_ASSISTANT found, using default volume configuration
04-16 19:01:44.129 393 393 D AudioFlinger::MelReporter: activateHalSoundDoseComputation: Forcing use of internal MEL computation.
04-16 19:01:44.129 393 393 W AudioFlinger: loadHwModule() sound dose reporting is not available
04-16 19:01:44.273 393 393 I AudioFlinger: loadHwModule() Loaded primary audio interface, handle 10
04-16 19:01:44.554 467 467 I MediaExtractorFactory: plugin directory not present (/system/lib64/extractors)
04-16 19:01:44.556 467 467 I MediaExtractorFactory: plugin directory not present (/system_ext/lib64/extractors)
04-16 19:01:44.766 393 393 I AudioFlinger: openOutput() this 0x7894285eb130, module 10 Device AUDIO_DEVICE_OUT_SPEAKER, @:, SamplingRate 48000, Format 0x000001, Channels 0x3, flags 0x2
04-16 19:01:44.911 468 504 I ServiceManagerCppClient: Waiting for service 'package_native' on '/dev/binder'...
04-16 19:01:44.919 393 393 I AudioFlinger: HAL output buffer size 1088 frames, normal sink buffer size 1088 frames
04-16 19:01:44.955 153 153 I hwservicemanager: getTransport: Cannot find entry android.hardware.audio.effect@7.1::IEffectsFactory/default in either framework or device VINTF manifest.
04-16 19:01:45.448 393 393 I BufferProvider: found effect "Multichannel Downmix To Stereo" from The Android Open Source Project
04-16 19:01:45.491 393 393 D AudioFlinger: Failed to add event callback
04-16 19:01:45.548 393 517 I AudioFlinger: AudioFlinger's thread 0x78968a866930 tid=517 ready to run
04-16 19:01:45.608 393 393 E APM_AudioPolicyManager: invalid volume index range
04-16 19:01:45.609 393 393 E APM_AudioPolicyManager: invalid volume index range
04-16 19:01:45.610 393 393 E APM_AudioPolicyManager: invalid volume index range
04-16 19:01:45.611 393 393 V APM_AudioPolicyManager: checkAndSetVolume cannot set volume group 4 volume when is not requested for comm
04-16 19:01:45.689 393 517 W AudioFlinger: no wake lock to update, system not ready yet
04-16 19:01:45.690 393 517 D AudioFlinger: ro.audio.silent is ignored since no output device is set
04-16 19:01:45.699 352 352 E android.hardware.audio@7.1-impl.ranchu: getPresentationPosition:510 failure: Result::INVALID_STATE
04-16 19:01:45.616 393 393 E APM_AudioPolicyManager: invalid volume index range
04-16 19:01:45.737 393 393 E APM_AudioPolicyManager: invalid volume index range
04-16 19:01:45.737 393 393 E APM_AudioPolicyManager: invalid volume index range
04-16 19:01:45.737 393 393 E APM_AudioPolicyManager: invalid volume index range
04-16 19:01:45.765 393 517 W AudioFlinger: no wake lock to update, system not ready yet
04-16 19:01:45.766 393 517 D AudioFlinger: ro.audio.silent is ignored since no output device is set
04-16 19:01:45.789 393 393 E APM_AudioPolicyManager: invalid volume index range
04-16 19:01:45.790 393 393 E APM_AudioPolicyManager: invalid volume index range
04-16 19:01:45.790 393 393 E APM_AudioPolicyManager: invalid volume index range
04-16 19:01:45.790 393 393 E APM_AudioPolicyManager: invalid volume index range
04-16 19:01:45.924 393 393 W AudioFlinger: moveEffects() bad srcOutput 0
04-16 19:01:45.926 393 393 V APM_AudioPolicyManager: selectOutputForMusicEffects selected output 13
04-16 19:01:45.927 393 393 V APM_AudioPolicyManager: setOutputDevices device {AUDIO_DEVICE_OUT_SPEAKER, @:} delayMs 0
04-16 19:01:45.937 393 393 V APM_AudioPolicyManager: setOutputDevices() prevDevice {AUDIO_DEVICE_OUT_SPEAKER, @:}
04-16 19:01:45.970 393 393 I APM::AudioPolicyEngine: getDevicesForStrategyInt no device found for strategy 9
04-16 19:01:45.971 393 393 V APM_AudioPolicyManager: setOutputDevices changing device to {AUDIO_DEVICE_OUT_SPEAKER, @:}
04-16 19:01:46.017 470 470 I mediaserver: ServiceManager: 0x7d2d7b24ae80
04-16 19:01:46.071 470 470 W BatteryNotifier: batterystats service unavailable!
04-16 19:01:46.087 393 517 D AudioFlinger: updateHalSupportedLatencyModes_l: thread(13) status -38 supported latency modes: { }
04-16 19:01:46.100 470 470 W BatteryNotifier: batterystats service unavailable!
04-16 19:01:46.129 393 393 V APM_AudioPolicyManager: setOutputDevices() AF::createAudioPatch returned 0 patchHandle 12 num_sources 1 num_sinks 1
04-16 19:01:46.184 393 393 E APM_AudioPolicyManager: invalid volume index range
04-16 19:01:46.185 393 393 E APM_AudioPolicyManager: invalid volume index range
04-16 19:01:46.186 393 393 E APM_AudioPolicyManager: invalid volume index range
04-16 19:01:46.187 393 393 V APM_AudioPolicyManager: checkAndSetVolume cannot set volume group 4 volume when is not requested for comm
04-16 19:01:46.187 393 393 E APM_AudioPolicyManager: invalid volume index range
04-16 19:01:46.196 393 393 E APM_AudioPolicyManager: invalid volume index range
04-16 19:01:46.197 393 393 E APM_AudioPolicyManager: invalid volume index range
04-16 19:01:46.198 393 393 E APM_AudioPolicyManager: invalid volume index range
04-16 19:01:46.225 393 393 E APM_AudioPolicyManager: invalid volume index range
04-16 19:01:46.226 393 393 E APM_AudioPolicyManager: invalid volume index range
04-16 19:01:46.226 393 393 E APM_AudioPolicyManager: invalid volume index range
04-16 19:01:46.227 393 393 E APM_AudioPolicyManager: invalid volume index range
04-16 19:01:46.264 393 393 I AudioFlinger: openOutput() this 0x7894285eb130, module 10 Device AUDIO_DEVICE_OUT_TELEPHONY_TX, @:, SamplingRate 48000, Format 0x000001, Channels 0x3, flags 0
04-16 19:01:46.369 482 482 W ServiceManagerCppClient: Service android.hardware.gatekeeper.IGatekeeper/default didn't start. Returning NULL
04-16 19:01:46.385 393 393 I AudioFlinger: HAL output buffer size 1088 frames, normal sink buffer size 1088 frames
04-16 19:01:46.460 393 393 D AudioFlinger: Failed to add event callback
04-16 19:01:46.474 393 393 E APM_AudioPolicyManager: invalid volume index range
04-16 19:01:46.475 393 393 E APM_AudioPolicyManager: invalid volume index range
04-16 19:01:46.475 393 393 E APM_AudioPolicyManager: invalid volume index range
04-16 19:01:46.476 393 521 I AudioFlinger: AudioFlinger's thread 0x789687b8e930 tid=521 ready to run
04-16 19:01:46.477 393 521 W AudioFlinger: no wake lock to update, system not ready yet
04-16 19:01:46.477 393 521 D AudioFlinger: ro.audio.silent is ignored since no output device is set
04-16 19:01:46.478 352 352 E android.hardware.audio@7.1-impl.ranchu: getPresentationPosition:510 failure: Result::INVALID_STATE
04-16 19:01:46.489 393 393 V APM_AudioPolicyManager: checkAndSetVolume cannot set volume group 4 volume when is not requested for comm
04-16 19:01:46.491 393 393 E APM_AudioPolicyManager: invalid volume index range
04-16 19:01:46.491 393 393 E APM_AudioPolicyManager: invalid volume index range
04-16 19:01:46.502 393 393 E APM_AudioPolicyManager: invalid volume index range
04-16 19:01:46.503 393 393 E APM_AudioPolicyManager: invalid volume index range
04-16 19:01:46.532 393 521 W AudioFlinger: no wake lock to update, system not ready yet
04-16 19:01:46.533 393 521 D AudioFlinger: ro.audio.silent is ignored since no output device is set
04-16 19:01:46.561 393 393 E APM_AudioPolicyManager: invalid volume index range
04-16 19:01:46.562 393 393 E APM_AudioPolicyManager: invalid volume index range
04-16 19:01:46.563 393 393 E APM_AudioPolicyManager: invalid volume index range
04-16 19:01:46.563 393 393 E APM_AudioPolicyManager: invalid volume index range
04-16 19:01:46.621 393 393 V APM_AudioPolicyManager: selectOutputForMusicEffects selected output 13
04-16 19:01:46.629 393 393 V APM_AudioPolicyManager: setOutputDevices device {AUDIO_DEVICE_OUT_TELEPHONY_TX, @:} delayMs 0
04-16 19:01:46.638 393 393 V APM_AudioPolicyManager: setOutputDevices() prevDevice {AUDIO_DEVICE_OUT_TELEPHONY_TX, @:}
04-16 19:01:46.644 393 393 V APM_AudioPolicyManager: setOutputDevices changing device to {AUDIO_DEVICE_OUT_TELEPHONY_TX, @:}
04-16 19:01:46.679 393 521 D AudioFlinger: updateHalSupportedLatencyModes_l: thread(21) status -38 supported latency modes: { }
04-16 19:01:46.701 393 393 V APM_AudioPolicyManager: setOutputDevices() AF::createAudioPatch returned 0 patchHandle 20 num_sources 1 num_sinks 1
04-16 19:01:46.715 393 393 E APM_AudioPolicyManager: invalid volume index range
04-16 19:01:46.715 393 393 E APM_AudioPolicyManager: invalid volume index range
04-16 19:01:46.715 393 393 E APM_AudioPolicyManager: invalid volume index range
04-16 19:01:46.715 393 393 E APM_AudioPolicyManager: invalid volume index range
04-16 19:01:46.715 393 393 E APM_AudioPolicyManager: invalid volume index range
04-16 19:01:46.715 393 393 E APM_AudioPolicyManager: invalid volume index range
04-16 19:01:46.715 393 393 E APM_AudioPolicyManager: invalid volume index range
04-16 19:01:46.729 393 393 E APM_AudioPolicyManager: invalid volume index range
04-16 19:01:46.729 393 393 E APM_AudioPolicyManager: invalid volume index range
04-16 19:01:46.729 393 393 E APM_AudioPolicyManager: invalid volume index range
04-16 19:01:46.729 393 393 E APM_AudioPolicyManager: invalid volume index range
04-16 19:01:46.730 393 393 E APM_AudioPolicyManager: invalid volume index range
04-16 19:01:46.952 393 522 I AudioFlinger: AudioFlinger's thread 0x78968a7e9bb0 tid=522 ready to run
04-16 19:01:47.040 393 522 W AudioFlinger: no wake lock to update, system not ready yet
04-16 19:01:47.069 393 522 W AudioFlinger: no wake lock to update, system not ready yet
04-16 19:01:47.320 393 527 I AudioFlinger: AudioFlinger's thread 0x78968a7e9bb0 tid=527 ready to run
04-16 19:01:47.448 393 529 I AudioFlinger: AudioFlinger's thread 0x78968a7e9bb0 tid=529 ready to run
04-16 19:01:47.505 393 529 W AudioFlinger: no wake lock to update, system not ready yet
04-16 19:01:47.609 352 352 I r_submix: adev_open(name=audio_hw_if)
04-16 19:01:47.611 393 393 D AudioFlinger::MelReporter: activateHalSoundDoseComputation: Forcing use of internal MEL computation.
04-16 19:01:47.611 393 393 W AudioFlinger: loadHwModule() sound dose reporting is not available
04-16 19:01:47.624 352 524 I r_submix: adev_init_check()
04-16 19:01:47.640 393 393 I AudioFlinger: loadHwModule() Loaded r_submix audio interface, handle 18
04-16 19:01:47.649 352 524 D r_submix: adev_open_input_stream(addr=0)
04-16 19:01:47.649 352 524 I r_submix: adev_open_input_stream(): about to create pipe at index 9, rate 48000, pipe size 4096
04-16 19:01:47.650 352 524 D r_submix: submix_audio_device_create_pipe_l(addr=0, idx=9)
04-16 19:01:47.650 352 524 D r_submix: now using address 0 for route 9
04-16 19:01:47.824 393 531 I AudioFlinger: AudioFlinger's thread 0x78968a7e9bb0 tid=531 ready to run
04-16 19:01:47.829 352 524 I r_submix: in_standby()
04-16 19:01:47.984 471 471 W ServiceManagerCppClient: Service package_native didn't start. Returning NULL
04-16 19:01:47.985 471 471 E storaged: getService package_native failed
04-16 19:01:48.011 393 531 W AudioFlinger: no wake lock to update, system not ready yet
04-16 19:01:48.039 352 524 I r_submix: in_standby()
04-16 19:01:48.057 393 531 W AudioFlinger: no wake lock to update, system not ready yet
04-16 19:01:48.059 352 524 D r_submix: adev_close_input_stream()
04-16 19:01:48.072 352 524 D r_submix: submix_audio_device_release_pipe_l(idx=9) addr=0
04-16 19:01:48.072 352 524 D r_submix: submix_audio_device_destroy_pipe_l(): pipe destroyed
04-16 19:01:48.079 471 471 W BpBinder: Linking to death on android.hardware.health.IHealth but there are no threads (yet?) listening to incoming transactions. See ProcessState::startThreadPool and ProcessState::setThreadPoolMaxThreadCount. Generally you should setup the binder threadpool before other initialization steps.
04-16 19:01:48.132 471 533 I storaged: storaged: Start
04-16 19:01:48.214 350 350 D nativeloader: InitDefaultPublicLibraries for_preload=1: libandroid.so:libaaudio.so:libamidi.so:libbinder_ndk.so:libc.so:libcamera2ndk.so:libdl.so:libEGL.so:libGLESv1_CM.so:libGLESv2.so:libGLESv3.so:libicu.so:libicui18n.so:libicuuc.so:libjnigraphics.so:liblog.so:libmediandk.so:libm.so:libnativehelper.so:libnativewindow.so:libOpenMAXAL.so:libOpenSLES.so:libRS.so:libstdc++.so:libsync.so:libvulkan.so:libwebviewchromium_plat_support.so:libz.so
04-16 19:01:48.246 393 393 D AudioFlinger::MelReporter: activateHalSoundDoseComputation: Forcing use of internal MEL computation.
04-16 19:01:48.246 393 393 W AudioFlinger: loadHwModule() sound dose reporting is not available
04-16 19:01:48.253 471 533 I ServiceManagerCppClient: Waiting for service 'package_native' on '/dev/binder'...
04-16 19:01:48.257 393 393 I AudioFlinger: loadHwModule() Loaded bluetooth audio interface, handle 26
04-16 19:01:48.297 153 153 I hwservicemanager: getTransport: Cannot find entry android.hardware.audio.effect@7.1::IEffectsFactory/default in either framework or device VINTF manifest.
04-16 19:01:48.340 393 393 I audioserver: Waiting for activity service
04-16 19:01:49.836 350 350 D zygote64: Time zone APEX ICU file found: /apex/com.android.tzdata/etc/icu/icu_tzdata.dat
04-16 19:01:49.904 350 350 D zygote64: I18n APEX ICU file found: /apex/com.android.i18n/etc/icu/icudt72l.dat
04-16 19:01:49.955 468 504 W ServiceManagerCppClient: Service package_native didn't start. Returning NULL
04-16 19:01:49.955 468 504 E ServiceUtilities: getInfo: Cannot find package_native
04-16 19:01:50.577 457 457 I cameraserver: ServiceManager: 0x73404c6c1e10
04-16 19:01:50.598 497 497 I BootAnimation: boot animation disabled
04-16 19:01:50.653 457 457 I CameraService: CameraService started (pid=457)
04-16 19:01:50.655 457 457 I CameraService: CameraService process starting
04-16 19:01:50.742 457 457 W BatteryNotifier: batterystats service unavailable!
04-16 19:01:50.743 457 457 W BatteryNotifier: batterystats service unavailable!
04-16 19:01:50.939 457 457 I cameraserver: Connecting to new camera provider: internal/0, isRemote? 1
04-16 19:01:51.001 457 457 W BpBinder: Linking to death on android.hardware.camera.provider.ICameraProvider but there are no threads (yet?) listening to incoming transactions. See ProcessState::startThreadPool and ProcessState::setThreadPoolMaxThreadCount. Generally you should setup the binder threadpool before other initialization steps.
04-16 19:01:51.047 457 457 I CameraProviderManager: Camera provider internal/0 ready with 0 camera devices
04-16 19:01:51.084 457 457 I cameraserver: Connecting to new camera provider: internal/1, isRemote? 1
04-16 19:01:51.106 457 457 W BpBinder: Linking to death on android.hardware.camera.provider.ICameraProvider but there are no threads (yet?) listening to incoming transactions. See ProcessState::startThreadPool and ProcessState::setThreadPoolMaxThreadCount. Generally you should setup the binder threadpool before other initialization steps.
04-16 19:01:51.122 457 457 I CameraProviderManager: Camera provider internal/1 ready with 0 camera devices
04-16 19:01:51.189 457 457 I HidlServiceManagement: Registered android.frameworks.cameraservice.service@2.2::ICameraService/default
04-16 19:01:51.254 0 0 I servicemanager: Found android.frameworks.cameraservice.service.ICameraService/default in framework VINTF manifest.
04-16 19:01:51.261 0 0 I servicemanager: Found android.frameworks.cameraservice.service.ICameraService/default in framework VINTF manifest.
04-16 19:01:51.247 350 350 I zygote64: Using memfd for future sealing
04-16 19:01:51.268 457 457 I CameraService: CameraService pinged cameraservice proxy
04-16 19:01:51.280 457 457 I cameraserver: ServiceManager: 0x73404c6c1e10 done instantiate
04-16 19:01:51.282 457 457 W CameraProviderManager: addAidlProviderLocked: Camera provider HAL with name 'android.hardware.camera.provider.ICameraProvider/internal/0' already registered
04-16 19:01:51.283 457 457 W CameraProviderManager: addAidlProviderLocked: Camera provider HAL with name 'android.hardware.camera.provider.ICameraProvider/internal/1' already registered
04-16 19:01:51.302 0 0 I init : Service 'bootanim' (pid 497) exited with status 0 oneshot service took 11.186000 seconds in background
04-16 19:01:51.303 0 0 I init : Sending signal 9 to service 'bootanim' (pid 497) process group...
04-16 19:01:51.303 0 0 I libprocessgroup: Successfully killed process cgroup uid 1003 pid 497 in 0ms
04-16 19:01:51.319 0 0 W hrtimer : interrupt took 14782566 ns
04-16 19:01:51.386 350 350 W zygote64: Unexpected CPU variant for x86: x86_64.
04-16 19:01:51.386 350 350 W zygote64: Known variants: atom, sandybridge, silvermont, goldmont, goldmont-plus, tremont, kabylake, default
04-16 19:01:53.302 471 533 W ServiceManagerCppClient: Service package_native didn't start. Returning NULL
04-16 19:01:53.303 471 533 E storaged: getService package_native failed
04-16 19:01:53.928 396 450 D RenderEngine: Shader cache generated 92 shaders in 14102.957031 ms
04-16 19:01:54.047 350 546 I zygote64: Background verification of 154 classes from boot classpath took 1.090s
04-16 19:01:54.087 350 350 D Zygote : begin preload
04-16 19:01:54.089 350 350 I Zygote : Calling ZygoteHooks.beginPreload()
04-16 19:01:54.678 350 350 V Zygote64Timing: BeginPreload took to complete: 589ms
04-16 19:01:54.679 350 350 I Zygote : Preloading classes...
04-16 19:01:55.106 350 350 W Zygote : Class not found for preloading: android.content.res.AssetFileDescriptor$AutoCloseInputStream$OffsetCorrectFileChannel
04-16 19:01:55.136 350 350 I Typeface: Preloading /system/fonts/Roboto-Regular.ttf
04-16 19:01:55.138 350 350 I Typeface: Preloading /system/fonts/RobotoStatic-Regular.ttf
04-16 19:01:55.155 350 350 W System : No Compatibility callbacks set! Querying change 247079863
04-16 19:01:55.165 350 350 W System : No Compatibility callbacks set! Querying change 247079863
04-16 19:01:55.166 350 350 W System : No Compatibility callbacks set! Querying change 247079863
04-16 19:01:55.166 350 350 W System : No Compatibility callbacks set! Querying change 247079863
04-16 19:01:55.167 350 350 W System : No Compatibility callbacks set! Querying change 247079863
04-16 19:01:55.167 350 350 W System : No Compatibility callbacks set! Querying change 247079863
04-16 19:01:55.170 350 350 W System : No Compatibility callbacks set! Querying change 247079863
04-16 19:01:55.170 350 350 W System : No Compatibility callbacks set! Querying change 247079863
04-16 19:01:55.171 350 350 W System : No Compatibility callbacks set! Querying change 247079863
04-16 19:01:55.174 350 350 W System : No Compatibility callbacks set! Querying change 247079863
04-16 19:01:55.174 350 350 W System : No Compatibility callbacks set! Querying change 247079863
04-16 19:01:55.175 350 350 W System : No Compatibility callbacks set! Querying change 247079863
04-16 19:01:55.175 350 350 W System : No Compatibility callbacks set! Querying change 247079863
04-16 19:01:55.177 350 350 W System : No Compatibility callbacks set! Querying change 247079863
04-16 19:01:55.177 350 350 W System : No Compatibility callbacks set! Querying change 247079863
04-16 19:01:55.178 350 350 W System : No Compatibility callbacks set! Querying change 247079863
04-16 19:01:55.179 350 350 W System : No Compatibility callbacks set! Querying change 247079863
04-16 19:01:55.179 350 350 W System : No Compatibility callbacks set! Querying change 247079863
04-16 19:01:55.186 350 350 W System : No Compatibility callbacks set! Querying change 247079863
04-16 19:01:55.186 350 350 W System : No Compatibility callbacks set! Querying change 247079863
04-16 19:01:55.187 350 350 W System : No Compatibility callbacks set! Querying change 247079863
04-16 19:01:55.190 350 350 W System : No Compatibility callbacks set! Querying change 247079863
04-16 19:01:55.191 350 350 W System : No Compatibility callbacks set! Querying change 247079863
04-16 19:01:55.193 350 350 W System : No Compatibility callbacks set! Querying change 247079863
04-16 19:01:55.194 350 350 W System : No Compatibility callbacks set! Querying change 247079863
04-16 19:01:55.194 350 350 W System : No Compatibility callbacks set! Querying change 247079863
04-16 19:01:55.195 350 350 W System : No Compatibility callbacks set! Querying change 247079863
04-16 19:01:55.195 350 350 W System : No Compatibility callbacks set! Querying change 247079863
04-16 19:01:55.199 350 350 W System : No Compatibility callbacks set! Querying change 247079863
04-16 19:01:55.201 350 350 W System : No Compatibility callbacks set! Querying change 247079863
04-16 19:01:55.205 350 350 W System : No Compatibility callbacks set! Querying change 247079863
04-16 19:01:55.205 350 350 W System : No Compatibility callbacks set! Querying change 247079863
04-16 19:01:55.207 350 350 W System : No Compatibility callbacks set! Querying change 247079863
04-16 19:01:55.209 350 350 W System : No Compatibility callbacks set! Querying change 247079863
04-16 19:01:55.210 350 350 W System : No Compatibility callbacks set! Querying change 247079863
04-16 19:01:55.210 350 350 W System : No Compatibility callbacks set! Querying change 247079863
04-16 19:01:55.216 350 350 W System : No Compatibility callbacks set! Querying change 247079863
04-16 19:01:55.217 350 350 W System : No Compatibility callbacks set! Querying change 247079863
04-16 19:01:55.219 350 350 W System : No Compatibility callbacks set! Querying change 247079863
04-16 19:01:55.219 350 350 W System : No Compatibility callbacks set! Querying change 247079863
04-16 19:01:55.222 350 350 W System : No Compatibility callbacks set! Querying change 247079863
04-16 19:01:55.222 350 350 W System : No Compatibility callbacks set! Querying change 247079863
04-16 19:01:55.223 350 350 W System : No Compatibility callbacks set! Querying change 247079863
04-16 19:01:55.223 350 350 W System : No Compatibility callbacks set! Querying change 247079863
04-16 19:01:55.225 350 350 W System : No Compatibility callbacks set! Querying change 247079863
04-16 19:01:55.225 350 350 W System : No Compatibility callbacks set! Querying change 247079863
04-16 19:01:55.226 350 350 W System : No Compatibility callbacks set! Querying change 247079863
04-16 19:01:55.226 350 350 W System : No Compatibility callbacks set! Querying change 247079863
04-16 19:01:55.226 350 350 W System : No Compatibility callbacks set! Querying change 247079863
04-16 19:01:55.226 350 350 W System : No Compatibility callbacks set! Querying change 247079863
04-16 19:01:55.227 350 350 W System : No Compatibility callbacks set! Querying change 247079863
04-16 19:01:55.227 350 350 W System : No Compatibility callbacks set! Querying change 247079863
04-16 19:01:55.230 350 350 W System : No Compatibility callbacks set! Querying change 247079863
04-16 19:01:55.230 350 350 W System : No Compatibility callbacks set! Querying change 247079863
04-16 19:01:55.231 350 350 W System : No Compatibility callbacks set! Querying change 247079863
04-16 19:01:55.231 350 350 W System : No Compatibility callbacks set! Querying change 247079863
04-16 19:01:55.235 350 350 W System : No Compatibility callbacks set! Querying change 247079863
04-16 19:01:55.241 350 350 W System : No Compatibility callbacks set! Querying change 247079863
04-16 19:01:55.241 350 350 W System : No Compatibility callbacks set! Querying change 247079863
04-16 19:01:55.242 350 350 W System : No Compatibility callbacks set! Querying change 247079863
04-16 19:01:55.242 350 350 W System : No Compatibility callbacks set! Querying change 247079863
04-16 19:01:55.243 350 350 W System : No Compatibility callbacks set! Querying change 247079863
04-16 19:01:55.243 350 350 W System : No Compatibility callbacks set! Querying change 247079863
04-16 19:01:55.246 350 350 W System : No Compatibility callbacks set! Querying change 247079863
04-16 19:01:55.246 350 350 W System : No Compatibility callbacks set! Querying change 247079863
04-16 19:01:55.246 350 350 W System : No Compatibility callbacks set! Querying change 247079863
04-16 19:01:55.246 350 350 W System : No Compatibility callbacks set! Querying change 247079863
04-16 19:01:55.247 350 350 W System : No Compatibility callbacks set! Querying change 247079863
04-16 19:01:55.247 350 350 W System : No Compatibility callbacks set! Querying change 247079863
04-16 19:01:55.247 350 350 W System : No Compatibility callbacks set! Querying change 247079863
04-16 19:01:55.251 350 350 W System : No Compatibility callbacks set! Querying change 247079863
04-16 19:01:55.251 350 350 W System : No Compatibility callbacks set! Querying change 247079863
04-16 19:01:55.253 350 350 W System : No Compatibility callbacks set! Querying change 247079863
04-16 19:01:55.254 350 350 W System : No Compatibility callbacks set! Querying change 247079863
04-16 19:01:55.254 350 350 W System : No Compatibility callbacks set! Querying change 247079863
04-16 19:01:55.255 350 350 W System : No Compatibility callbacks set! Querying change 247079863
04-16 19:01:55.255 350 350 W System : No Compatibility callbacks set! Querying change 247079863
04-16 19:01:55.255 350 350 W System : No Compatibility callbacks set! Querying change 247079863
04-16 19:01:55.255 350 350 W System : No Compatibility callbacks set! Querying change 247079863
04-16 19:01:55.259 350 350 W System : No Compatibility callbacks set! Querying change 247079863
04-16 19:01:55.259 350 350 W System : No Compatibility callbacks set! Querying change 247079863
04-16 19:01:55.259 350 350 W System : No Compatibility callbacks set! Querying change 247079863
04-16 19:01:55.262 350 350 W System : No Compatibility callbacks set! Querying change 247079863
04-16 19:01:55.262 350 350 W System : No Compatibility callbacks set! Querying change 247079863
04-16 19:01:55.263 350 350 W System : No Compatibility callbacks set! Querying change 247079863
04-16 19:01:55.263 350 350 W System : No Compatibility callbacks set! Querying change 247079863
04-16 19:01:55.264 350 350 W System : No Compatibility callbacks set! Querying change 247079863
04-16 19:01:55.266 350 350 W System : No Compatibility callbacks set! Querying change 247079863
04-16 19:01:55.266 350 350 W System : No Compatibility callbacks set! Querying change 247079863
04-16 19:01:55.267 350 350 W System : No Compatibility callbacks set! Querying change 247079863
04-16 19:01:55.267 350 350 W System : No Compatibility callbacks set! Querying change 247079863
04-16 19:01:55.267 350 350 W System : No Compatibility callbacks set! Querying change 247079863
04-16 19:01:55.267 350 350 W System : No Compatibility callbacks set! Querying change 247079863
04-16 19:01:55.269 350 350 W System : No Compatibility callbacks set! Querying change 247079863
04-16 19:01:55.270 350 350 W System : No Compatibility callbacks set! Querying change 247079863
04-16 19:01:55.270 350 350 W System : No Compatibility callbacks set! Querying change 247079863
04-16 19:01:55.271 350 350 W System : No Compatibility callbacks set! Querying change 247079863
04-16 19:01:55.271 350 350 W System : No Compatibility callbacks set! Querying change 247079863
04-16 19:01:55.271 350 350 W System : No Compatibility callbacks set! Querying change 247079863
04-16 19:01:55.277 350 350 W System : No Compatibility callbacks set! Querying change 247079863
04-16 19:01:55.277 350 350 W System : No Compatibility callbacks set! Querying change 247079863
04-16 19:01:55.278 350 350 W System : No Compatibility callbacks set! Querying change 247079863
04-16 19:01:55.278 350 350 W System : No Compatibility callbacks set! Querying change 247079863
04-16 19:01:55.278 350 350 W System : No Compatibility callbacks set! Querying change 247079863
04-16 19:01:55.278 350 350 W System : No Compatibility callbacks set! Querying change 247079863
04-16 19:01:55.279 350 350 W System : No Compatibility callbacks set! Querying change 247079863
04-16 19:01:55.279 350 350 W System : No Compatibility callbacks set! Querying change 247079863
04-16 19:01:55.282 350 350 W System : No Compatibility callbacks set! Querying change 247079863
04-16 19:01:55.282 350 350 W System : No Compatibility callbacks set! Querying change 247079863
04-16 19:01:55.283 350 350 W System : No Compatibility callbacks set! Querying change 247079863
04-16 19:01:55.283 350 350 W System : No Compatibility callbacks set! Querying change 247079863
04-16 19:01:55.286 350 350 W System : No Compatibility callbacks set! Querying change 247079863
04-16 19:01:55.287 350 350 W System : No Compatibility callbacks set! Querying change 247079863
04-16 19:01:55.288 350 350 W System : No Compatibility callbacks set! Querying change 247079863
04-16 19:01:55.290 350 350 W System : No Compatibility callbacks set! Querying change 247079863
04-16 19:01:55.291 350 350 W System : No Compatibility callbacks set! Querying change 247079863
04-16 19:01:55.291 350 350 W System : No Compatibility callbacks set! Querying change 247079863
04-16 19:01:55.291 350 350 W System : No Compatibility callbacks set! Querying change 247079863
04-16 19:01:55.292 350 350 W System : No Compatibility callbacks set! Querying change 247079863
04-16 19:01:55.294 350 350 W System : No Compatibility callbacks set! Querying change 247079863
04-16 19:01:55.294 350 350 W System : No Compatibility callbacks set! Querying change 247079863
04-16 19:01:55.295 350 350 W System : No Compatibility callbacks set! Querying change 247079863
04-16 19:01:55.295 350 350 W System : No Compatibility callbacks set! Querying change 247079863
04-16 19:01:55.299 350 350 W System : No Compatibility callbacks set! Querying change 247079863
04-16 19:01:55.300 350 350 W System : No Compatibility callbacks set! Querying change 247079863
04-16 19:01:55.301 350 350 W System : No Compatibility callbacks set! Querying change 247079863
04-16 19:01:55.302 350 350 W System : No Compatibility callbacks set! Querying change 247079863
04-16 19:01:55.303 350 350 W System : No Compatibility callbacks set! Querying change 247079863
04-16 19:01:55.305 350 350 W System : No Compatibility callbacks set! Querying change 247079863
04-16 19:01:55.306 350 350 W System : No Compatibility callbacks set! Querying change 247079863
04-16 19:01:55.306 350 350 W System : No Compatibility callbacks set! Querying change 247079863
04-16 19:01:55.307 350 350 W System : No Compatibility callbacks set! Querying change 247079863
04-16 19:01:55.307 350 350 W System : No Compatibility callbacks set! Querying change 247079863
04-16 19:01:55.307 350 350 W System : No Compatibility callbacks set! Querying change 247079863
04-16 19:01:55.307 350 350 W System : No Compatibility callbacks set! Querying change 247079863
04-16 19:01:55.310 350 350 W System : No Compatibility callbacks set! Querying change 247079863
04-16 19:01:55.310 350 350 W System : No Compatibility callbacks set! Querying change 247079863
04-16 19:01:55.310 350 350 W System : No Compatibility callbacks set! Querying change 247079863
04-16 19:01:55.311 350 350 W System : No Compatibility callbacks set! Querying change 247079863
04-16 19:01:55.311 350 350 W System : No Compatibility callbacks set! Querying change 247079863
04-16 19:01:55.311 350 350 W System : No Compatibility callbacks set! Querying change 247079863
04-16 19:01:55.312 350 350 W System : No Compatibility callbacks set! Querying change 247079863
04-16 19:01:55.314 350 350 W System : No Compatibility callbacks set! Querying change 247079863
04-16 19:01:55.317 350 350 W System : No Compatibility callbacks set! Querying change 247079863
04-16 19:01:55.317 350 350 W System : No Compatibility callbacks set! Querying change 247079863
04-16 19:01:55.318 350 350 W System : No Compatibility callbacks set! Querying change 247079863
04-16 19:01:55.318 350 350 W System : No Compatibility callbacks set! Querying change 247079863
04-16 19:01:55.319 350 350 W System : No Compatibility callbacks set! Querying change 247079863
04-16 19:01:55.319 350 350 W System : No Compatibility callbacks set! Querying change 247079863
04-16 19:01:55.319 350 350 W System : No Compatibility callbacks set! Querying change 247079863
04-16 19:01:55.319 350 350 W System : No Compatibility callbacks set! Querying change 247079863
04-16 19:01:55.323 350 350 W System : No Compatibility callbacks set! Querying change 247079863
04-16 19:01:55.323 350 350 W System : No Compatibility callbacks set! Querying change 247079863
04-16 19:01:55.323 350 350 W System : No Compatibility callbacks set! Querying change 247079863
04-16 19:01:55.325 350 350 W System : No Compatibility callbacks set! Querying change 247079863
04-16 19:01:55.326 350 350 W System : No Compatibility callbacks set! Querying change 247079863
04-16 19:01:55.326 350 350 W System : No Compatibility callbacks set! Querying change 247079863
04-16 19:01:55.326 350 350 W System : No Compatibility callbacks set! Querying change 247079863
04-16 19:01:55.326 350 350 W System : No Compatibility callbacks set! Querying change 247079863
04-16 19:01:55.327 350 350 W System : No Compatibility callbacks set! Querying change 247079863
04-16 19:01:55.327 350 350 W System : No Compatibility callbacks set! Querying change 247079863
04-16 19:01:55.327 350 350 W System : No Compatibility callbacks set! Querying change 247079863
04-16 19:01:55.330 350 350 W System : No Compatibility callbacks set! Querying change 247079863
04-16 19:01:55.331 350 350 W System : No Compatibility callbacks set! Querying change 247079863
04-16 19:01:55.331 350 350 W System : No Compatibility callbacks set! Querying change 247079863
04-16 19:01:55.335 350 350 W System : No Compatibility callbacks set! Querying change 247079863
04-16 19:01:55.335 350 350 W System : No Compatibility callbacks set! Querying change 247079863
04-16 19:01:55.337 350 350 W System : No Compatibility callbacks set! Querying change 247079863
04-16 19:01:55.337 350 350 W System : No Compatibility callbacks set! Querying change 247079863
04-16 19:01:55.338 350 350 W System : No Compatibility callbacks set! Querying change 247079863
04-16 19:01:55.338 350 350 W System : No Compatibility callbacks set! Querying change 247079863
04-16 19:01:55.338 350 350 W System : No Compatibility callbacks set! Querying change 247079863
04-16 19:01:55.338 350 350 W System : No Compatibility callbacks set! Querying change 247079863
04-16 19:01:55.339 350 350 W System : No Compatibility callbacks set! Querying change 247079863
04-16 19:01:55.339 350 350 W System : No Compatibility callbacks set! Querying change 247079863
04-16 19:01:55.343 350 350 W System : No Compatibility callbacks set! Querying change 247079863
04-16 19:01:55.343 350 350 W System : No Compatibility callbacks set! Querying change 247079863
04-16 19:01:55.344 350 350 W System : No Compatibility callbacks set! Querying change 247079863
04-16 19:01:55.346 350 350 W System : No Compatibility callbacks set! Querying change 247079863
04-16 19:01:55.347 350 350 W System : No Compatibility callbacks set! Querying change 247079863
04-16 19:01:55.347 350 350 W System : No Compatibility callbacks set! Querying change 247079863
04-16 19:01:55.347 350 350 W System : No Compatibility callbacks set! Querying change 247079863
04-16 19:01:55.349 350 350 W System : No Compatibility callbacks set! Querying change 247079863
04-16 19:01:55.350 350 350 W System : No Compatibility callbacks set! Querying change 247079863
04-16 19:01:55.350 350 350 W System : No Compatibility callbacks set! Querying change 247079863
04-16 19:01:55.351 350 350 W System : No Compatibility callbacks set! Querying change 247079863
04-16 19:01:55.351 350 350 W System : No Compatibility callbacks set! Querying change 247079863
04-16 19:01:55.354 350 350 W System : No Compatibility callbacks set! Querying change 247079863
04-16 19:01:55.354 350 350 W System : No Compatibility callbacks set! Querying change 247079863
04-16 19:01:55.355 350 350 W System : No Compatibility callbacks set! Querying change 247079863
04-16 19:01:55.355 350 350 W System : No Compatibility callbacks set! Querying change 247079863
04-16 19:01:55.355 350 350 W System : No Compatibility callbacks set! Querying change 247079863
04-16 19:01:55.355 350 350 W System : No Compatibility callbacks set! Querying change 247079863
04-16 19:01:55.359 350 350 W System : No Compatibility callbacks set! Querying change 247079863
04-16 19:01:55.361 350 350 W System : No Compatibility callbacks set! Querying change 247079863
04-16 19:01:55.362 350 350 W System : No Compatibility callbacks set! Querying change 247079863
04-16 19:01:55.362 350 350 W System : No Compatibility callbacks set! Querying change 247079863
04-16 19:01:55.363 350 350 W System : No Compatibility callbacks set! Querying change 247079863
04-16 19:01:55.363 350 350 W System : No Compatibility callbacks set! Querying change 247079863
04-16 19:01:55.365 350 350 W System : No Compatibility callbacks set! Querying change 247079863
04-16 19:01:55.365 350 350 W System : No Compatibility callbacks set! Querying change 247079863
04-16 19:01:55.365 350 350 W System : No Compatibility callbacks set! Querying change 247079863
04-16 19:01:55.366 350 350 W System : No Compatibility callbacks set! Querying change 247079863
04-16 19:01:55.366 350 350 W System : No Compatibility callbacks set! Querying change 247079863
04-16 19:01:55.367 350 350 W System : No Compatibility callbacks set! Querying change 247079863
04-16 19:01:55.367 350 350 W System : No Compatibility callbacks set! Querying change 247079863
04-16 19:01:55.370 350 350 W System : No Compatibility callbacks set! Querying change 247079863
04-16 19:01:55.371 350 350 W System : No Compatibility callbacks set! Querying change 247079863
04-16 19:01:55.371 350 350 W System : No Compatibility callbacks set! Querying change 247079863
04-16 19:01:55.371 350 350 W System : No Compatibility callbacks set! Querying change 247079863
04-16 19:01:55.371 350 350 W System : No Compatibility callbacks set! Querying change 247079863
04-16 19:01:55.374 350 350 W System : No Compatibility callbacks set! Querying change 247079863
04-16 19:01:55.374 350 350 W System : No Compatibility callbacks set! Querying change 247079863
04-16 19:01:55.375 350 350 W System : No Compatibility callbacks set! Querying change 247079863
04-16 19:01:55.375 350 350 W System : No Compatibility callbacks set! Querying change 247079863
04-16 19:01:55.375 350 350 W System : No Compatibility callbacks set! Querying change 247079863
04-16 19:01:55.378 350 350 W System : No Compatibility callbacks set! Querying change 247079863
04-16 19:01:55.379 350 350 W System : No Compatibility callbacks set! Querying change 247079863
04-16 19:01:55.379 350 350 W System : No Compatibility callbacks set! Querying change 247079863
04-16 19:01:55.379 350 350 W System : No Compatibility callbacks set! Querying change 247079863
04-16 19:01:55.379 350 350 W System : No Compatibility callbacks set! Querying change 247079863
04-16 19:01:55.382 350 350 W System : No Compatibility callbacks set! Querying change 247079863
04-16 19:01:55.382 350 350 W System : No Compatibility callbacks set! Querying change 247079863
04-16 19:01:55.383 350 350 W System : No Compatibility callbacks set! Querying change 247079863
04-16 19:01:55.383 350 350 W System : No Compatibility callbacks set! Querying change 247079863
04-16 19:01:55.386 350 350 W System : No Compatibility callbacks set! Querying change 247079863
04-16 19:01:55.386 350 350 W System : No Compatibility callbacks set! Querying change 247079863
04-16 19:01:55.387 350 350 W System : No Compatibility callbacks set! Querying change 247079863
04-16 19:01:55.387 350 350 W System : No Compatibility callbacks set! Querying change 247079863
04-16 19:01:55.389 350 350 W System : No Compatibility callbacks set! Querying change 247079863
04-16 19:01:55.392 350 350 W System : No Compatibility callbacks set! Querying change 247079863
04-16 19:01:55.392 350 350 W System : No Compatibility callbacks set! Querying change 247079863
04-16 19:01:55.393 350 350 W System : No Compatibility callbacks set! Querying change 247079863
04-16 19:01:55.393 350 350 W System : No Compatibility callbacks set! Querying change 247079863
04-16 19:01:55.394 350 350 W System : No Compatibility callbacks set! Querying change 247079863
04-16 19:01:55.394 350 350 W System : No Compatibility callbacks set! Querying change 247079863
04-16 19:01:55.395 350 350 W System : No Compatibility callbacks set! Querying change 247079863
04-16 19:01:55.395 350 350 W System : No Compatibility callbacks set! Querying change 247079863
04-16 19:01:55.398 350 350 W System : No Compatibility callbacks set! Querying change 247079863
04-16 19:01:55.398 350 350 W System : No Compatibility callbacks set! Querying change 247079863
