04-16 19:00:38.255 0 0 I init : [libfs_mgr] __mount(source=/dev/block/vdc,target=/data,type=ext4)=0: Success
04-16 19:00:38.259 0 0 I EXT4-fs (vdc): unmounting filesystem.
04-16 19:00:38.271 0 0 I dlkm_loader: Loaded kernel module /system/lib/modules/mac80211.ko
04-16 19:00:38.272 0 0 I dlkm_loader: Loading module /vendor/lib/modules/mac80211_hwsim.ko with args 'radios=0
04-16 19:00:38.272 0 0 I dlkm_loader: '
04-16 19:00:38.276 0 0 I mac80211_hwsim: initializing netlink
04-16 19:00:38.290 0 0 I dlkm_loader: Loaded kernel module /vendor/lib/modules/mac80211_hwsim.ko
04-16 19:00:38.291 0 0 I dlkm_loader: Loading module /vendor/lib/modules/mt76.ko with args ''
04-16 19:00:38.310 0 0 I init : [libfs_mgr] umount_retry(): unmount(/data) succeeded
04-16 19:00:38.311 0 0 I init : Calling: /system/bin/vdc cryptfs encryptFstab /dev/block/vdc /data false ext4
04-16 19:00:38.389 0 0 I dlkm_loader: Loaded kernel module /vendor/lib/modules/mt76.ko
04-16 19:00:38.390 0 0 I dlkm_loader: Loading module /vendor/lib/modules/mt76-usb.ko with args ''
04-16 19:00:38.448 0 0 D vdc : Waited 0ms for vold
04-16 19:00:38.444 166 166 D vold : fscrypt_mount_metadata_encrypted: /data encrypt: 1 format: 0 with ext4 block device: /dev/block/vdc and zoned device:
04-16 19:00:38.445 166 166 D vold : metadata_key_dir/key: /metadata/vold/metadata_encryption/key
04-16 19:00:38.451 166 166 D vold : Created directory /metadata/vold/metadata_encryption
04-16 19:00:38.453 166 166 D vold : Metadata key does not exist but ro.crypto.metadata_init_delete_all_keys.enabled is false
04-16 19:00:38.453 166 166 I vold : Creating new key in /metadata/vold/metadata_encryption/key
04-16 19:00:38.453 166 166 D vold : Generating standard storage key
04-16 19:00:38.472 0 0 I dlkm_loader: Loaded kernel module /vendor/lib/modules/mt76-usb.ko
04-16 19:00:38.474 0 0 I dlkm_loader: Loading module /vendor/lib/modules/mt76x02-lib.ko with args ''
04-16 19:00:38.486 166 166 D vold : Generating "key storage" key
04-16 19:00:38.501 0 0 I dlkm_loader: Loaded kernel module /vendor/lib/modules/mt76x02-lib.ko
04-16 19:00:38.501 0 0 I dlkm_loader: Loading module /vendor/lib/modules/mt76x0-common.ko with args ''
04-16 19:00:38.500 176 176 I SELinux : SELinux: Loaded keystore2 context from:
04-16 19:00:38.501 176 176 I SELinux : /system/etc/selinux/plat_keystore2_key_contexts
04-16 19:00:38.519 176 176 E keystore2: system/security/keystore2/src/error.rs:180 - system/security/keystore2/src/security_level.rs:622
04-16 19:00:38.519 176 176 E keystore2:
04-16 19:00:38.519 176 176 E keystore2: Caused by:
04-16 19:00:38.519 176 176 E keystore2: 0: system/security/keystore2/src/security_level.rs:620: While generating Key without explicit attestation key.
04-16 19:00:38.519 176 176 E keystore2: 1: Error::Km(r#ROLLBACK_RESISTANCE_UNAVAILABLE)
04-16 19:00:38.523 0 0 I dlkm_loader: Loaded kernel module /vendor/lib/modules/mt76x0-common.ko
04-16 19:00:38.524 0 0 I dlkm_loader: Loading module /vendor/lib/modules/mt76x02-usb.ko with args ''
04-16 19:00:38.523 166 166 E vold : keystore2 Keystore generateKey returned service specific error: -67
04-16 19:00:38.532 0 0 E vold : keystore2 Keystore generateKey returned service specific error: -67
04-16 19:00:38.533 0 0 W vold : Failed to generate rollback-resistant key. This is expected if keystore doesn't support rollback resistance. Falling back to non-rollback-resistant key.
04-16 19:00:38.523 166 166 W vold : Failed to generate rollback-resistant key. This is expected if keystore doesn't support rollback resistance. Falling back to non-rollback-resistant key.
04-16 19:00:38.543 0 0 I dlkm_loader: Loaded kernel module /vendor/lib/modules/mt76x02-usb.ko
04-16 19:00:38.544 0 0 I dlkm_loader: Loading module /vendor/lib/modules/mt76x0u.ko with args ''
04-16 19:00:38.552 0 0 I usbcore : registered new interface driver mt76x0u
04-16 19:00:38.560 0 0 I dlkm_loader: Loaded kernel module /vendor/lib/modules/mt76x0u.ko
04-16 19:00:38.561 0 0 I dlkm_loader: Loading module /vendor/lib/modules/mt76x2-common.ko with args ''
04-16 19:00:38.575 0 0 I dlkm_loader: Loaded kernel module /vendor/lib/modules/mt76x2-common.ko
04-16 19:00:38.576 0 0 I dlkm_loader: Loading module /vendor/lib/modules/mt76x2u.ko with args ''
04-16 19:00:38.591 0 0 I usbcore : registered new interface driver mt76x2u
04-16 19:00:38.594 0 0 I dlkm_loader: Loaded kernel module /vendor/lib/modules/mt76x2u.ko
04-16 19:00:38.594 0 0 I dlkm_loader: Loading module /vendor/lib/modules/nd_virtio.ko with args ''
04-16 19:00:38.611 0 0 I dlkm_loader: Loaded kernel module /vendor/lib/modules/nd_virtio.ko
04-16 19:00:38.612 0 0 I dlkm_loader: Loading module /vendor/lib/modules/net_failover.ko with args ''
04-16 19:00:38.609 166 166 D vold : Stored key /metadata/vold/metadata_encryption/key
04-16 19:00:38.626 0 0 I dlkm_loader: Loaded kernel module /vendor/lib/modules/net_failover.ko
04-16 19:00:38.627 0 0 I dlkm_loader: Loading module /vendor/lib/modules/pulse8-cec.ko with args ''
04-16 19:00:38.633 0 0 I dlkm_loader: Loaded kernel module /vendor/lib/modules/pulse8-cec.ko
04-16 19:00:38.634 0 0 I dlkm_loader: Loading module /vendor/lib/modules/rtc-test.ko with args ''
04-16 19:00:38.639 0 0 I rtc-test.0: registered as rtc1
04-16 19:00:38.640 0 0 I rtc-test.1: registered as rtc2
04-16 19:00:38.640 0 0 I rtc-test.2: registered as rtc3
04-16 19:00:38.642 0 0 I dlkm_loader: Loaded kernel module /vendor/lib/modules/rtc-test.ko
04-16 19:00:38.643 0 0 I dlkm_loader: Loading module /vendor/lib/modules/system_heap.ko with args ''
04-16 19:00:38.643 166 166 D vold : encrypt_inplace(/dev/block/dm-38, /dev/block/vdc, 12582912)
04-16 19:00:38.656 166 166 D vold : ext4 filesystem has 48 block groups
04-16 19:00:38.657 166 166 I vold : Encrypting ext4 filesystem on /dev/block/vdc in-place via /dev/block/dm-38
04-16 19:00:38.657 166 166 I vold : 52372 blocks (214 MB) of 1572864 blocks are in-use
04-16 19:00:38.662 0 0 I dlkm_loader: Loaded kernel module /vendor/lib/modules/system_heap.ko
04-16 19:00:38.663 0 0 I dlkm_loader: Loading module /vendor/lib/modules/test_meminit.ko with args ''
04-16 19:00:38.730 0 0 I test_meminit: all 10 tests in test_pages passed
04-16 19:00:38.755 0 0 I test_meminit: all 40 tests in test_kvmalloc passed
04-16 19:00:39.090 0 0 I test_meminit: all 70 tests in test_kmemcache passed
04-16 19:00:39.092 0 0 I test_meminit: all 10 tests in test_rcu_persistent passed
04-16 19:00:39.092 0 0 I test_meminit: all 130 tests passed!
04-16 19:00:39.094 0 0 I dlkm_loader: Loaded kernel module /vendor/lib/modules/test_meminit.ko
04-16 19:00:39.095 0 0 I dlkm_loader: Loading module /vendor/lib/modules/usbip-core.ko with args ''
04-16 19:00:39.111 0 0 I dlkm_loader: Loaded kernel module /vendor/lib/modules/usbip-core.ko
04-16 19:00:39.112 0 0 I dlkm_loader: Loading module /vendor/lib/modules/vhci-hcd.ko with args ''
04-16 19:00:39.122 0 0 I vhci_hcd.0: USB/IP Virtual Host Controller
04-16 19:00:39.122 0 0 I vhci_hcd.0: new USB bus registered, assigned bus number 2
04-16 19:00:39.122 0 0 I vhci_hcd: created sysfs vhci_hcd.0
04-16 19:00:39.122 0 0 I usb2 : New USB device found, idVendor=1d6b, idProduct=0002, bcdDevice= 6.01
04-16 19:00:39.122 0 0 I usb2 : New USB device strings: Mfr=3, Product=2, SerialNumber=1
04-16 19:00:39.122 0 0 I usb2 : Product: USB/IP Virtual Host Controller
04-16 19:00:39.122 0 0 I usb2 : Manufacturer: Linux 6.1.23-android14-4-00257-g7e35917775b8-ab9964412 vhci_hcd
04-16 19:00:39.123 0 0 I usb2 : SerialNumber: vhci_hcd.0
04-16 19:00:39.123 0 0 I hub 2-0 : 1.0: USB hub found
04-16 19:00:39.123 0 0 I hub 2-0 : 1.0: 8 ports detected
04-16 19:00:39.130 0 0 I vhci_hcd.0: USB/IP Virtual Host Controller
04-16 19:00:39.130 0 0 I vhci_hcd.0: new USB bus registered, assigned bus number 3
04-16 19:00:39.130 0 0 I usb3 : We don't know the algorithms for LPM for this host, disabling LPM.
04-16 19:00:39.130 0 0 I usb3 : New USB device found, idVendor=1d6b, idProduct=0003, bcdDevice= 6.01
04-16 19:00:39.130 0 0 I usb3 : New USB device strings: Mfr=3, Product=2, SerialNumber=1
04-16 19:00:39.130 0 0 I usb3 : Product: USB/IP Virtual Host Controller
04-16 19:00:39.130 0 0 I usb3 : Manufacturer: Linux 6.1.23-android14-4-00257-g7e35917775b8-ab9964412 vhci_hcd
04-16 19:00:39.131 0 0 I usb3 : SerialNumber: vhci_hcd.0
04-16 19:00:39.131 0 0 I hub 3-0 : 1.0: USB hub found
04-16 19:00:39.131 0 0 I hub 3-0 : 1.0: 8 ports detected
04-16 19:00:39.141 0 0 I dlkm_loader: Loaded kernel module /vendor/lib/modules/vhci-hcd.ko
04-16 19:00:39.142 0 0 I dlkm_loader: Loading module /vendor/lib/modules/virt_wifi.ko with args ''
04-16 19:00:39.190 0 0 I dlkm_loader: Loaded kernel module /vendor/lib/modules/virt_wifi.ko
04-16 19:00:39.191 0 0 I dlkm_loader: Loading module /vendor/lib/modules/virtio-gpu.ko with args ''
04-16 19:00:39.221 0 0 I dlkm_loader: Loaded kernel module /vendor/lib/modules/virtio-gpu.ko
04-16 19:00:39.222 0 0 I dlkm_loader: Loading module /vendor/lib/modules/virtio_balloon.ko with args ''
04-16 19:00:39.238 0 0 I dlkm_loader: Loaded kernel module /vendor/lib/modules/virtio_balloon.ko
04-16 19:00:39.239 0 0 I dlkm_loader: Loading module /vendor/lib/modules/virtio_input.ko with args ''
04-16 19:00:39.251 0 0 I input : virtio_input_multi_touch_1 as /devices/pci0000:00/0000:00:0d.0/virtio10/input/input3
04-16 19:00:39.257 0 0 I input : virtio_input_multi_touch_2 as /devices/pci0000:00/0000:00:0e.0/virtio11/input/input4
04-16 19:00:39.258 0 0 I input : virtio_input_multi_touch_3 as /devices/pci0000:00/0000:00:0f.0/virtio12/input/input5
04-16 19:00:39.259 0 0 I input : virtio_input_multi_touch_4 as /devices/pci0000:00/0000:00:10.0/virtio13/input/input6
04-16 19:00:39.260 0 0 I input : virtio_input_multi_touch_5 as /devices/pci0000:00/0000:00:11.0/virtio14/input/input7
04-16 19:00:39.260 0 0 I input : virtio_input_multi_touch_6 as /devices/pci0000:00/0000:00:12.0/virtio15/input/input8
04-16 19:00:39.266 0 0 I input : virtio_input_multi_touch_7 as /devices/pci0000:00/0000:00:13.0/virtio16/input/input9
04-16 19:00:39.266 0 0 I input : virtio_input_multi_touch_8 as /devices/pci0000:00/0000:00:14.0/virtio17/input/input10
04-16 19:00:39.267 0 0 I input : virtio_input_multi_touch_9 as /devices/pci0000:00/0000:00:15.0/virtio18/input/input11
04-16 19:00:39.268 0 0 I input : virtio_input_multi_touch_10 as /devices/pci0000:00/0000:00:16.0/virtio19/input/input12
04-16 19:00:39.268 0 0 I input : virtio_input_multi_touch_11 as /devices/pci0000:00/0000:00:17.0/virtio20/input/input13
04-16 19:00:39.277 0 0 I dlkm_loader: Loaded kernel module /vendor/lib/modules/virtio_input.ko
04-16 19:00:39.278 0 0 I dlkm_loader: Loading module /vendor/lib/modules/virtio_net.ko with args ''
04-16 19:00:39.349 0 0 I dlkm_loader: Loaded kernel module /vendor/lib/modules/virtio_net.ko
04-16 19:00:39.350 0 0 I dlkm_loader: Loading module /vendor/lib/modules/virtio_pmem.ko with args ''
04-16 19:00:39.405 0 0 I dlkm_loader: Loaded kernel module /vendor/lib/modules/virtio_pmem.ko
04-16 19:00:39.406 0 0 I dlkm_loader: Loading module /vendor/lib/modules/virtio_snd.ko with args ''
04-16 19:00:39.453 0 0 I dlkm_loader: Loaded kernel module /vendor/lib/modules/virtio_snd.ko
04-16 19:00:39.453 0 0 I dlkm_loader: module vkms is blocklisted
04-16 19:00:39.453 0 0 E dlkm_loader: LoadWithAliases was unable to load vkms
04-16 19:00:39.454 0 0 I dlkm_loader: module load count is 43
04-16 19:00:39.473 0 0 I : dlkm_loader (138) used greatest stack depth: 10904 bytes left
04-16 19:00:39.596 166 166 D vold : Encrypted 10000 of 52372 blocks
04-16 19:00:40.095 166 166 D vold : Encrypted 20000 of 52372 blocks
04-16 19:00:40.581 166 166 D vold : Encrypted 30000 of 52372 blocks
04-16 19:00:41.065 166 166 D vold : Encrypted 40000 of 52372 blocks
04-16 19:00:41.861 166 166 D vold : Encrypted 50000 of 52372 blocks
04-16 19:00:45.640 166 166 D vold : Encrypted 52372 of 52372 blocks
04-16 19:00:45.641 166 166 I vold : Successfully encrypted ext4 filesystem on /dev/block/vdc
04-16 19:00:45.775 166 166 D vold : Mounting metadata-encrypted filesystem:/data
04-16 19:00:45.781 166 166 I vold : [libfs_mgr] superblock s_max_mnt_count:65535,/dev/block/dm-38
04-16 19:00:45.790 0 0 W EXT4-fs : Ignoring removed nomblk_io_submit option
04-16 19:00:45.792 0 0 I EXT4-fs (dm-38): Using encoding defined by superblock: utf8-12.1.0 with flags 0x0
04-16 19:00:45.793 166 166 I vold : [libfs_mgr] check_fs(): mount(/dev/block/dm-38,/data,ext4)=0: Success
04-16 19:00:45.801 0 0 I EXT4-fs (dm-38): mounted filesystem with ordered data mode. Quota mode: journalled.
04-16 19:00:45.804 0 0 I EXT4-fs (dm-38): unmounting filesystem.
04-16 19:00:45.811 166 166 I vold : [libfs_mgr] umount_retry(): unmount(/data) succeeded
04-16 19:00:45.813 166 166 I vold : [libfs_mgr] Running /system/bin/e2fsck on /dev/block/dm-38
04-16 19:00:45.935 0 0 I e2fsck : e2fsck 1.46.6 (1-Feb-2023)
04-16 19:00:45.976 0 0 I e2fsck : /dev/block/dm-38: clean, 39/393216 files, 52372/1572864 blocks
04-16 19:00:45.985 166 166 W libc : Unable to set property "ro.boottime.init.fsck.data" to "197": error code: 0xb
04-16 19:00:45.992 0 0 E init : Unable to set property 'ro.boottime.init.fsck.data' from uid:0 gid:0 pid:166: Read-only property was already set
04-16 19:00:45.999 0 0 W vold : [libfs_mgr] Reserved blocks 32768 is too large; capping to 31457
04-16 19:00:45.989 166 166 I vold : [libfs_mgr] superblock s_max_mnt_count:65535,/dev/block/dm-38
04-16 19:00:45.990 166 166 W vold : [libfs_mgr] Reserved blocks 32768 is too large; capping to 31457
04-16 19:00:46.000 0 0 W EXT4-fs : Ignoring removed nomblk_io_submit option
04-16 19:00:46.004 0 0 I EXT4-fs (dm-38): Using encoding defined by superblock: utf8-12.1.0 with flags 0x0
04-16 19:00:46.007 166 166 I vold : [libfs_mgr] __mount(source=/dev/block/dm-38,target=/data,type=ext4)=0: Success
04-16 19:00:46.015 0 0 I EXT4-fs (dm-38): mounted filesystem with ordered data mode. Quota mode: journalled.
04-16 19:00:46.020 0 0 E init : Unable to set property 'ro.boottime.init.mount.data' from uid:0 gid:0 pid:166: Read-only property was already set
04-16 19:00:46.013 166 166 W libc : Unable to set property "ro.boottime.init.mount.data" to "15": error code: 0xb
04-16 19:00:46.015 166 166 D vold : Mounted /data
04-16 19:00:46.095 0 0 I init : Userdata mounted using /vendor/etc/fstab.ranchu result : 6
04-16 19:00:46.096 0 0 I init : Keyring created with id 1012238460 in process 1
04-16 19:00:46.102 0 0 I init : Command 'mount_all /vendor/etc/fstab.ranchu --late' action=late-fs (/vendor/etc/init/hw/init.ranchu.rc:9) took 9624ms and succeeded
04-16 19:00:46.102 0 0 I init : Service 'vendor.dlkm_loader' (pid 138) exited with status 0 oneshot service took 15.376000 seconds in background
04-16 19:00:46.103 0 0 I init : Sending signal 9 to service 'vendor.dlkm_loader' (pid 138) process group...
04-16 19:00:46.104 0 0 I libprocessgroup: Successfully killed process cgroup uid 0 pid 138 in 0ms
04-16 19:00:46.489 0 0 I init : processing action (post-fs-data) from (/system/etc/init/hw/init.rc:678)
04-16 19:00:46.492 0 0 I init : starting service 'exec 5 (/system/bin/vdc checkpoint prepareCheckpoint)'...
04-16 19:00:46.527 0 0 I init : ... started service 'exec 5 (/system/bin/vdc checkpoint prepareCheckpoint)' has pid 211
04-16 19:00:46.528 0 0 I init : SVC_EXEC service 'exec 5 (/system/bin/vdc checkpoint prepareCheckpoint)' pid 211 (uid 1000 gid 1000+0 context default) started; waiting...
04-16 19:00:46.707 166 166 I Checkpoint: cp_prepareCheckpoint called
04-16 19:00:46.723 0 0 I init : Service 'exec 5 (/system/bin/vdc checkpoint prepareCheckpoint)' (pid 211) exited with status 0 waiting took 0.224000 seconds
04-16 19:00:46.723 0 0 I init : Sending signal 9 to service 'exec 5 (/system/bin/vdc checkpoint prepareCheckpoint)' (pid 211) process group...
04-16 19:00:46.724 0 0 I libprocessgroup: Successfully killed process cgroup uid 1000 pid 211 in 0ms
04-16 19:00:46.742 0 0 I init : starting service 'exec 6 (/system/bin/vdc --wait cryptfs enablefilecrypto)'...
04-16 19:00:46.775 0 0 I init : ... started service 'exec 6 (/system/bin/vdc --wait cryptfs enablefilecrypto)' has pid 212
04-16 19:00:46.776 0 0 I init : SVC_EXEC service 'exec 6 (/system/bin/vdc --wait cryptfs enablefilecrypto)' pid 212 (uid 0 gid 0+0 context default) started; waiting...
04-16 19:00:46.966 166 166 I vold : fscrypt_initialize_systemwide_keys
04-16 19:00:46.967 166 166 I vold : Creating new key in /data/unencrypted/key
04-16 19:00:46.967 166 166 D vold : Generating standard storage key
04-16 19:00:46.973 0 0 D vdc : Waited 0ms for vold
04-16 19:00:46.992 166 166 D vold : Generating "key storage" key
04-16 19:00:46.995 176 189 E keystore2: system/security/keystore2/src/error.rs:180 - system/security/keystore2/src/security_level.rs:622
04-16 19:00:46.995 176 189 E keystore2:
04-16 19:00:46.995 176 189 E keystore2: Caused by:
04-16 19:00:46.995 176 189 E keystore2: 0: system/security/keystore2/src/security_level.rs:620: While generating Key without explicit attestation key.
04-16 19:00:46.995 176 189 E keystore2: 1: Error::Km(r#ROLLBACK_RESISTANCE_UNAVAILABLE)
04-16 19:00:46.996 166 166 E vold : keystore2 Keystore generateKey returned service specific error: -67
04-16 19:00:46.999 166 166 W vold : Failed to generate rollback-resistant key. This is expected if keystore doesn't support rollback resistance. Falling back to non-rollback-resistant key.
04-16 19:00:47.008 0 0 E vold : keystore2 Keystore generateKey returned service specific error: -67
04-16 19:00:47.008 0 0 W vold : Failed to generate rollback-resistant key. This is expected if keystore doesn't support rollback resistance. Falling back to non-rollback-resistant key.
04-16 19:00:47.030 166 166 D vold : Stored key /data/unencrypted/key
04-16 19:00:47.035 166 166 D vold : Installed fscrypt key with ref c42cf842d5ab2e9dd16187a7259ee697 to /data
04-16 19:00:47.037 166 166 D vold : Added fscrypt-provisioning key for c42cf842d5ab2e9dd16187a7259ee697 to session keyring
04-16 19:00:47.047 166 166 I vold : Wrote system DE key reference to:/data/unencrypted/ref
04-16 19:00:47.048 166 166 D vold : Generating standard storage key
04-16 19:00:47.050 166 166 D vold : Installed fscrypt key with ref 24d40ca13314b01280a686cf76ba5374 to /data
04-16 19:00:47.050 166 166 D vold : Added fscrypt-provisioning key for 24d40ca13314b01280a686cf76ba5374 to session keyring
04-16 19:00:47.056 166 166 I vold : Wrote per boot key reference to:/data/unencrypted/per_boot_ref
04-16 19:00:47.073 0 0 I init : Service 'exec 6 (/system/bin/vdc --wait cryptfs enablefilecrypto)' (pid 212) exited with status 0 waiting took 0.326000 seconds
04-16 19:00:47.074 0 0 I init : Sending signal 9 to service 'exec 6 (/system/bin/vdc --wait cryptfs enablefilecrypto)' (pid 212) process group...
04-16 19:00:47.074 0 0 I libprocessgroup: Successfully killed process cgroup uid 0 pid 212 in 0ms
04-16 19:00:47.083 0 0 I init : Encryption policy of /data/bootchart set to c42cf842d5ab2e9dd16187a7259ee697 v2 modes 1/4 flags 0x2
04-16 19:00:47.086 0 0 I fscrypt : AES-256-CTS-CBC using implementation "cts-cbc-aes-aesni"
04-16 19:00:47.088 0 0 I init : Command 'copy /data/system/entropy.dat /dev/urandom' action=post-fs-data (/system/etc/init/hw/init.rc:700) took 0ms and failed: Could not read input file '/data/system/entropy.dat': open() failed: No such file or directory
04-16 19:00:47.095 0 0 I init : Encryption policy of /data/vendor set to c42cf842d5ab2e9dd16187a7259ee697 v2 modes 1/4 flags 0x2
04-16 19:00:47.103 0 0 I init : Encryption policy of /data/anr set to c42cf842d5ab2e9dd16187a7259ee697 v2 modes 1/4 flags 0x2
04-16 19:00:47.107 0 0 I init : Encryption policy of /data/tombstones set to c42cf842d5ab2e9dd16187a7259ee697 v2 modes 1/4 flags 0x2
04-16 19:00:47.114 0 0 I init : starting service 'tombstoned'...
04-16 19:00:47.115 0 0 I init : Created socket '/dev/socket/tombstoned_crash', mode 666, user 1000, group 1000
04-16 19:00:47.117 0 0 I init : Created socket '/dev/socket/tombstoned_intercept', mode 666, user 1000, group 1000
04-16 19:00:47.119 0 0 I init : Created socket '/dev/socket/tombstoned_java_trace', mode 666, user 1000, group 1000
04-16 19:00:47.163 0 0 I init : ... started service 'tombstoned' has pid 215
04-16 19:00:47.163 0 0 I init : Command 'start tombstoned' action=post-fs-data (/system/etc/init/hw/init.rc:710) took 51ms and succeeded
04-16 19:00:47.165 0 0 I init : Switched to default mount namespace
04-16 19:00:47.167 0 0 E init : Failed to set encryption policy of /data/misc to c42cf842d5ab2e9dd16187a7259ee697 v2 modes 1/4 flags 0x2: Directory not empty
04-16 19:00:47.219 0 0 E logwrapper: executing ls failed: Permission denied
04-16 19:00:47.219 0 0 E logwrapper:
04-16 19:00:47.226 0 0 I ls : executing ls failed: Permission denied
04-16 19:00:47.234 0 0 I ls : ls terminated by exit(255)
04-16 19:00:47.234 0 0 I ls :
04-16 19:00:47.235 0 0 E init : ls -laZ /data/misc returned failure: 255
04-16 19:00:47.236 0 0 E init : Setting c42cf842d5ab2e9dd16187a7259ee697 policy on /data/misc failed!
04-16 19:00:47.236 0 0 E init : Rebooting into recovery
04-16 19:00:47.196 216 216 W init : type=1400 audit(0.0:4): avc: denied { execute_no_trans } for path="/vendor/bin/toybox_vendor" dev="dm-4" ino=222 scontext=u:r:init:s0 tcontext=u:object_r:vendor_toolbox_exec:s0 tclass=file permissive=0 bug=b/183668221
04-16 19:00:47.274 0 0 I init : Command 'mkdir /data/misc 01771 system misc encryption=Require' action=post-fs-data (/system/etc/init/hw/init.rc:717) took 108ms and failed: Failed to set bootloader message: failed to find /misc partition
04-16 19:00:47.307 0 0 I init : starting service 'exec 7 (/system/bin/vdc keymaster earlyBootEnded)'...
04-16 19:00:47.419 0 0 I init : ... started service 'exec 7 (/system/bin/vdc keymaster earlyBootEnded)' has pid 217
04-16 19:00:47.420 0 0 I init : SVC_EXEC service 'exec 7 (/system/bin/vdc keymaster earlyBootEnded)' pid 217 (uid 1000 gid 1000+0 context default) started; waiting...
04-16 19:00:47.420 0 0 I init : Command 'exec - system system -- /system/bin/vdc keymaster earlyBootEnded' action=post-fs-data (/system/etc/init/hw/init.rc:732) took 119ms and succeeded
04-16 19:00:47.445 215 215 I tombstoned: tombstoned successfully initialized
04-16 19:00:47.557 166 166 I incfs : Initial API level of the device: 34
04-16 19:00:47.558 166 166 I incfs : ro.incremental.enable: yes
04-16 19:00:47.559 166 166 I incfs : isFsAvailable: true
04-16 19:00:47.559 166 166 I incfs : isFsAvailable: true
04-16 19:00:47.560 166 166 I incfs : IncFs_Features: v2
04-16 19:00:47.574 176 176 I keystore2: system/security/keystore2/src/maintenance.rs:206 - In early_boot_ended.
04-16 19:00:47.730 176 176 E keystore2: system/security/keystore2/src/keystore2_main.rs:69 - [SQLITE3] 17: statement aborts at 28: [CREATE TABLE IF NOT EXISTS persistent.version (
04-16 19:00:47.730 176 176 E keystore2: id INTEGER PRIMARY KEY,
04-16 19:00:47.730 176 176 E keystore2: version INTEGER);] database schema has changed
04-16 19:00:47.734 176 176 I keystore2: system/security/keystore2/src/globals.rs:66 - Touching Keystore 2.0 database for this first time since boot.
04-16 19:00:47.735 176 176 I keystore2: system/security/keystore2/src/globals.rs:68 - Calling cleanup leftovers.
04-16 19:00:47.738 176 176 I keystore2: system/security/keystore2/src/boot_level_keys.rs:57 - ro.keystore.boot_level_key.strategy not set, inferring from installed KM instances
04-16 19:00:47.738 176 176 I keystore2: system/security/keystore2/src/boot_level_keys.rs:115 - In get_level_zero_key: security_level=r#SOFTWARE, deny_later_strategy=EarlyBootOnly
04-16 19:00:47.831 176 176 I keystore2: system/security/keystore2/src/super_key.rs:293 - Starting boot level watcher.
04-16 19:00:47.836 176 176 I keystore2: system/security/keystore2/src/maintenance.rs:187 - Call to earlyBootEnded succeeded for security level TRUSTED_ENVIRONMENT.
04-16 19:00:47.843 176 219 I keystore2: system/security/keystore2/src/super_key.rs:325 - Read keystore.boot_level value 30
04-16 19:00:47.864 153 153 I hwservicemanager: getTransport: Cannot find entry android.hardware.keymaster@4.0::IKeymasterDevice/default in either framework or device VINTF manifest.
04-16 19:00:47.870 176 219 I keystore2: system/security/keystore2/src/super_key.rs:325 - Read keystore.boot_level value 30
04-16 19:00:47.871 153 153 I hwservicemanager: getTransport: Cannot find entry android.hardware.keymaster@3.0::IKeymasterDevice/default in either framework or device VINTF manifest.
04-16 19:00:47.874 176 176 E keystore2: system/security/keystore2/src/maintenance.rs:192 - Call to earlyBootEnded failed for security level STRONGBOX: system/security/keystore2/src/maintenance.rs:167: getting keymint device.
04-16 19:00:47.874 176 176 E keystore2: system/security/keystore2/src/error.rs:180 - system/security/keystore2/src/maintenance.rs:167: getting keymint device
04-16 19:00:47.874 176 176 E keystore2:
04-16 19:00:47.874 176 176 E keystore2: Caused by:
04-16 19:00:47.874 176 176 E keystore2: 0: system/security/keystore2/src/globals.rs:335: Cannot connect to Keymint
04-16 19:00:47.874 176 176 E keystore2: 1: system/security/keystore2/src/globals.rs:246: Trying to get Legacy wrapper.
04-16 19:00:47.874 176 176 E keystore2: 2: Error::Km(r#HARDWARE_TYPE_UNAVAILABLE)
04-16 19:00:47.875 166 166 E vold : keystore2 Keystore earlyBootEnded returned service specific error: -68
04-16 19:00:47.886 0 0 E vold : keystore2 Keystore earlyBootEnded returned service specific error: -68
04-16 19:00:47.896 0 0 I init : Service 'exec 7 (/system/bin/vdc keymaster earlyBootEnded)' (pid 217) exited with status 0 waiting took 0.567000 seconds
04-16 19:00:47.896 0 0 I init : Sending signal 9 to service 'exec 7 (/system/bin/vdc keymaster earlyBootEnded)' (pid 217) process group...
04-16 19:00:47.898 0 0 I libprocessgroup: Successfully killed process cgroup uid 1000 pid 217 in 1ms
04-16 19:00:47.904 0 0 I init : Encryption policy of /data/property set to c42cf842d5ab2e9dd16187a7259ee697 v2 modes 1/4 flags 0x2
04-16 19:00:47.909 0 0 E init : Could not set 'ro.logd.size' to '2M' in /data/local.prop: Read-only property was already set
04-16 19:00:47.911 0 0 E init : Could not load single persistent property file, trying legacy directory: Unable to read persistent property file: open() failed: No such file or directory
04-16 19:00:47.913 0 0 I fscrypt : AES-256-XTS using implementation "xts-aes-aesni"
04-16 19:00:47.926 0 0 I init : Wait for property 'ro.persistent_properties.ready=true' took 21ms
04-16 19:00:47.927 0 0 I init : service 'logd' requested start, but it is already running (flags: 4)
04-16 19:00:47.930 0 0 I init : starting service 'logd-reinit'...
04-16 19:00:47.990 0 0 I init : ... started service 'logd-reinit' has pid 220
04-16 19:00:47.990 0 0 I init : Command 'start logd-reinit' action=post-fs-data (/system/etc/init/hw/init.rc:742) took 62ms and succeeded
04-16 19:00:47.991 0 0 I init : Not setting encryption policy on: /data/apex
04-16 19:00:48.026 0 0 I init : Encryption policy of /data/apex/decompressed set to c42cf842d5ab2e9dd16187a7259ee697 v2 modes 1/4 flags 0x2
04-16 19:00:48.059 0 0 I init : Encryption policy of /data/app-staging set to c42cf842d5ab2e9dd16187a7259ee697 v2 modes 1/4 flags 0x2
04-16 19:00:48.074 0 0 I init : Encryption policy of /data/apex/ota_reserved set to c42cf842d5ab2e9dd16187a7259ee697 v2 modes 1/4 flags 0x2
04-16 19:00:48.084 0 0 I init : starting service 'apexd'...
04-16 19:00:48.159 0 0 I init : ... started service 'apexd' has pid 221
04-16 19:00:48.159 0 0 I init : Command 'restart apexd' action=post-fs-data (/system/etc/init/hw/init.rc:770) took 76ms and succeeded
04-16 19:00:48.172 0 0 I init : Command 'copy /data/misc/recovery/ro.build.fingerprint /data/misc/recovery/ro.build.fingerprint.1' action=post-fs-data (/system/etc/init/hw/init.rc:774) took 0ms and failed: Could not read input file '/data/misc/recovery/ro.build.fingerprint': open() failed: No such file or directory
04-16 19:00:48.194 0 0 I init : Command 'copy /data/misc/recovery/proc/version /data/misc/recovery/proc/version.1' action=post-fs-data (/system/etc/init/hw/init.rc:781) took 0ms and failed: Could not read input file '/data/misc/recovery/proc/version': open() failed: No such file or directory
04-16 19:00:48.347 0 0 I logd : logd reinit
04-16 19:00:48.347 0 0 E logd : Cannot read /data/misc/logd/event-log-tags
04-16 19:00:48.357 0 0 E logd : FrameworkListener: read() failed (Connection reset by peer)
04-16 19:00:48.362 0 0 I init : Encryption policy of /data/local set to c42cf842d5ab2e9dd16187a7259ee697 v2 modes 1/4 flags 0x2
04-16 19:00:48.362 0 0 I init : Service 'logd-reinit' (pid 220) exited with status 0 oneshot service took 0.427000 seconds in background
04-16 19:00:48.362 0 0 I init : Sending signal 9 to service 'logd-reinit' (pid 220) process group...
04-16 19:00:48.363 0 0 I libprocessgroup: Successfully killed process cgroup uid 1036 pid 220 in 0ms
04-16 19:00:48.480 0 0 I init : starting service 'exec 8 (/bin/rm -rf /data/misc/virtualizationservice)'...
04-16 19:00:48.529 0 0 I apexd : Scanning /system/apex for pre-installed ApexFiles
04-16 19:00:48.531 0 0 I apexd : Found pre-installed APEX /system/apex/com.android.permission.capex
04-16 19:00:48.538 0 0 I apexd : Found pre-installed APEX /system/apex/com.android.appsearch.capex
04-16 19:00:48.540 0 0 I apexd : Found pre-installed APEX /system/apex/com.android.sdkext.apex
04-16 19:00:48.542 0 0 I init : ... started service 'exec 8 (/bin/rm -rf /data/misc/virtualizationservice)' has pid 222
04-16 19:00:48.542 0 0 I init : SVC_EXEC service 'exec 8 (/bin/rm -rf /data/misc/virtualizationservice)' pid 222 (uid 1081 gid 1000+0 context default) started; waiting...
04-16 19:00:48.543 0 0 I init : Command 'exec - virtualizationservice system -- /bin/rm -rf /data/misc/virtualizationservice' action=post-fs-data (/system/etc/init/hw/init.rc:854) took 64ms and succeeded
04-16 19:00:48.553 0 0 I apexd : Found pre-installed APEX /system/apex/com.android.vndk.current.apex
04-16 19:00:48.555 0 0 I apexd : Found pre-installed APEX /system/apex/com.android.neuralnetworks.capex
04-16 19:00:48.565 0 0 I apexd : Found pre-installed APEX /system/apex/com.android.healthfitness.apex
04-16 19:00:48.567 0 0 I apexd : Found pre-installed APEX /system/apex/com.android.wifi.capex
04-16 19:00:48.574 0 0 I apexd : Found pre-installed APEX /system/apex/com.android.os.statsd.apex
04-16 19:00:48.576 0 0 I apexd : Found pre-installed APEX /system/apex/com.android.tethering.capex
04-16 19:00:48.586 0 0 I apexd : Found pre-installed APEX /system/apex/com.android.i18n.apex
04-16 19:00:48.594 0 0 I apexd : Found pre-installed APEX /system/apex/com.android.media.capex
04-16 19:00:48.595 0 0 I apexd : Found pre-installed APEX /system/apex/com.android.rkpd.apex
04-16 19:00:48.602 0 0 I apexd : Found pre-installed APEX /system/apex/com.android.adservices.capex
04-16 19:00:48.604 0 0 I apexd : Found pre-installed APEX /system/apex/com.android.mediaprovider.capex
04-16 19:00:48.611 0 0 I apexd : Found pre-installed APEX /system/apex/com.android.apex.cts.shim.apex
04-16 19:00:48.612 0 0 I apexd : Found pre-installed APEX /system/apex/com.android.media.swcodec.capex
04-16 19:00:48.619 0 0 I apexd : Found pre-installed APEX /system/apex/com.android.virt.apex
04-16 19:00:48.626 0 0 I apexd : Found pre-installed APEX /system/apex/com.android.cellbroadcast.capex
04-16 19:00:48.628 0 0 I apexd : Found pre-installed APEX /system/apex/com.android.conscrypt.capex
04-16 19:00:48.634 0 0 I apexd : Found pre-installed APEX /system/apex/com.android.adbd.capex
04-16 19:00:48.636 0 0 I apexd : Found pre-installed APEX /system/apex/com.android.scheduling.capex
04-16 19:00:48.642 0 0 I apexd : Found pre-installed APEX /system/apex/com.android.resolv.capex
04-16 19:00:48.644 0 0 I apexd : Found pre-installed APEX /system/apex/com.android.art.capex
04-16 19:00:48.651 0 0 I apexd : Found pre-installed APEX /system/apex/com.android.configinfrastructure.capex
04-16 19:00:48.658 0 0 I apexd : Found pre-installed APEX /system/apex/com.android.tzdata.apex
04-16 19:00:48.659 0 0 I apexd : Found pre-installed APEX /system/apex/com.android.extservices.capex
04-16 19:00:48.669 0 0 I apexd : Found pre-installed APEX /system/apex/com.android.btservices.apex
04-16 19:00:48.671 0 0 I apexd : Found pre-installed APEX /system/apex/com.android.runtime.apex
04-16 19:00:48.687 0 0 I apexd : Found pre-installed APEX /system/apex/com.android.devicelock.apex
04-16 19:00:48.698 0 0 I apexd : Found pre-installed APEX /system/apex/com.android.uwb.capex
04-16 19:00:48.700 0 0 I apexd : Found pre-installed APEX /system/apex/com.android.ipsec.capex
04-16 19:00:48.706 0 0 I apexd : Found pre-installed APEX /system/apex/com.android.ondevicepersonalization.capex
04-16 19:00:48.707 0 0 I apexd : Scanning /system_ext/apex for pre-installed ApexFiles
04-16 19:00:48.708 0 0 W apexd : /system_ext/apex does not exist. Skipping
04-16 19:00:48.708 0 0 I apexd : Scanning /product/apex for pre-installed ApexFiles
04-16 19:00:48.708 0 0 W apexd : /product/apex does not exist. Skipping
04-16 19:00:48.708 0 0 I apexd : Scanning /vendor/apex for pre-installed ApexFiles
04-16 19:00:48.708 0 0 W apexd : /vendor/apex does not exist. Skipping
04-16 19:00:48.717 0 0 I apexd : No block apex metadata partition found, not adding block apexes
04-16 19:00:48.717 0 0 I apexd : Populating APEX database from mounts...
04-16 19:00:48.720 0 0 I apexd : 0 packages restored.
04-16 19:00:48.726 0 0 I apexd : Marking APEXd as starting
04-16 19:00:48.735 0 0 I apexd : Scanning /metadata/apex/sessions looking for sessions to be activated.
04-16 19:00:48.736 0 0 I apexd : Scanning /data/apex/active for data ApexFiles
04-16 19:00:48.741 0 0 I apexd : Selecting APEX for activation
04-16 19:00:48.742 0 0 I apexd : Processing compressed APEX
04-16 19:00:48.742 0 0 I apexd : Processing compressed APEX /system/apex/com.android.permission.capex
04-16 19:00:48.750 0 0 I apexd : Decompressing/system/apex/com.android.permission.capex to /data/apex/decompressed/com.android.permission@342090000.decompressed.apex
04-16 19:00:48.847 0 0 I init : Service 'exec 8 (/bin/rm -rf /data/misc/virtualizationservice)' (pid 222) exited with status 0 waiting took 0.358000 seconds
04-16 19:00:48.847 0 0 I init : Sending signal 9 to service 'exec 8 (/bin/rm -rf /data/misc/virtualizationservice)' (pid 222) process group...
04-16 19:00:48.848 0 0 I libprocessgroup: Successfully killed process cgroup uid 1081 pid 222 in 0ms
04-16 19:00:48.864 0 0 I init : Not setting encryption policy on: /data/preloads
04-16 19:00:48.888 0 0 I init : Encryption policy of /data/app-private set to c42cf842d5ab2e9dd16187a7259ee697 v2 modes 1/4 flags 0x2
04-16 19:00:48.900 0 0 I init : Encryption policy of /data/app-ephemeral set to c42cf842d5ab2e9dd16187a7259ee697 v2 modes 1/4 flags 0x2
04-16 19:00:48.916 0 0 I init : Encryption policy of /data/app-asec set to c42cf842d5ab2e9dd16187a7259ee697 v2 modes 1/4 flags 0x2
04-16 19:00:48.924 0 0 I init : Encryption policy of /data/app-lib set to c42cf842d5ab2e9dd16187a7259ee697 v2 modes 1/4 flags 0x2
04-16 19:00:48.928 0 0 I init : Encryption policy of /data/app set to c42cf842d5ab2e9dd16187a7259ee697 v2 modes 1/4 flags 0x2
04-16 19:00:48.940 0 0 I init : Encryption policy of /data/fonts set to c42cf842d5ab2e9dd16187a7259ee697 v2 modes 1/4 flags 0x2
04-16 19:00:48.992 0 0 I init : Encryption policy of /data/dalvik-cache set to c42cf842d5ab2e9dd16187a7259ee697 v2 modes 1/4 flags 0x2
04-16 19:00:49.007 0 0 I init : Encryption policy of /data/ota set to c42cf842d5ab2e9dd16187a7259ee697 v2 modes 1/4 flags 0x2
04-16 19:00:49.019 0 0 I init : Encryption policy of /data/ota_package set to c42cf842d5ab2e9dd16187a7259ee697 v2 modes 1/4 flags 0x2
04-16 19:00:49.027 0 0 I init : Encryption policy of /data/resource-cache set to c42cf842d5ab2e9dd16187a7259ee697 v2 modes 1/4 flags 0x2
04-16 19:00:49.028 0 0 I init : Not setting encryption policy on: /data/lost+found
04-16 19:00:49.043 0 0 I init : Encryption policy of /data/drm set to c42cf842d5ab2e9dd16187a7259ee697 v2 modes 1/4 flags 0x2
04-16 19:00:49.057 0 0 I init : Encryption policy of /data/mediadrm set to c42cf842d5ab2e9dd16187a7259ee697 v2 modes 1/4 flags 0x2
04-16 19:00:49.065 0 0 I init : Encryption policy of /data/nfc set to c42cf842d5ab2e9dd16187a7259ee697 v2 modes 1/4 flags 0x2
04-16 19:00:49.078 0 0 I init : Encryption policy of /data/backup set to c42cf842d5ab2e9dd16187a7259ee697 v2 modes 1/4 flags 0x2
04-16 19:00:49.093 0 0 I init : Encryption policy of /data/ss set to c42cf842d5ab2e9dd16187a7259ee697 v2 modes 1/4 flags 0x2
04-16 19:00:49.103 0 0 I init : Encryption policy of /data/system set to c42cf842d5ab2e9dd16187a7259ee697 v2 modes 1/4 flags 0x2
04-16 19:00:49.170 0 0 I init : Not setting encryption policy on: /data/media
04-16 19:00:49.172 0 0 I init : Not setting encryption policy on: /data/misc_ce
04-16 19:00:49.175 0 0 I init : Not setting encryption policy on: /data/misc_de
04-16 19:00:49.182 0 0 I init : Not setting encryption policy on: /data/system_ce
04-16 19:00:49.184 0 0 I init : Not setting encryption policy on: /data/system_de
04-16 19:00:49.191 0 0 I init : Not setting encryption policy on: /data/user
04-16 19:00:49.201 0 0 I init : Not setting encryption policy on: /data/user_de
04-16 19:00:49.203 0 0 I init : Not setting encryption policy on: /data/vendor_ce
04-16 19:00:49.239 0 0 I init : Not setting encryption policy on: /data/vendor_de
04-16 19:00:49.266 0 0 I init : starting service 'exec 9 (/system/bin/chattr +F /data/media)'...
04-16 19:00:49.402 0 0 I init : ... started service 'exec 9 (/system/bin/chattr +F /data/media)' has pid 223
04-16 19:00:49.403 0 0 I init : SVC_EXEC service 'exec 9 (/system/bin/chattr +F /data/media)' pid 223 (uid 1023 gid 1023+0 context default) started; waiting...
04-16 19:00:49.403 0 0 I init : Command 'exec - media_rw media_rw -- /system/bin/chattr +F /data/media' action=post-fs-data (/system/etc/init/hw/init.rc:955) took 151ms and succeeded
04-16 19:00:49.693 0 0 I init : Service 'exec 9 (/system/bin/chattr +F /data/media)' (pid 223) exited with status 0 waiting took 0.398000 seconds
04-16 19:00:49.693 0 0 I init : Sending signal 9 to service 'exec 9 (/system/bin/chattr +F /data/media)' (pid 223) process group...
04-16 19:00:49.694 0 0 I libprocessgroup: Successfully killed process cgroup uid 1023 pid 223 in 0ms
04-16 19:00:49.820 0 0 I init : Encryption policy of /data/cache set to c42cf842d5ab2e9dd16187a7259ee697 v2 modes 1/4 flags 0x2
04-16 19:00:49.831 0 0 I apexd : Processing compressed APEX /system/apex/com.android.art.capex
04-16 19:00:49.832 0 0 I apexd : Decompressing/system/apex/com.android.art.capex to /data/apex/decompressed/com.android.art@342090000.decompressed.apex
04-16 19:00:49.844 0 0 I init : Encryption policy of /data/rollback set to c42cf842d5ab2e9dd16187a7259ee697 v2 modes 1/4 flags 0x2
04-16 19:00:49.860 0 0 I init : Encryption policy of /data/rollback-observer set to c42cf842d5ab2e9dd16187a7259ee697 v2 modes 1/4 flags 0x2
04-16 19:00:49.872 0 0 I init : Encryption policy of /data/rollback-history set to c42cf842d5ab2e9dd16187a7259ee697 v2 modes 1/4 flags 0x2
04-16 19:00:49.880 0 0 I init : Encryption policy of /data/incremental set to c42cf842d5ab2e9dd16187a7259ee697 v2 modes 1/4 flags 0x2
04-16 19:00:51.160 0 0 I apexd : Processing compressed APEX /system/apex/com.android.wifi.capex
04-16 19:00:51.161 0 0 I apexd : Decompressing/system/apex/com.android.wifi.capex to /data/apex/decompressed/com.android.wifi@342090000.decompressed.apex
04-16 19:00:51.698 0 0 I apexd : Processing compressed APEX /system/apex/com.android.appsearch.capex
04-16 19:00:51.699 0 0 I apexd : Decompressing/system/apex/com.android.appsearch.capex to /data/apex/decompressed/com.android.appsearch@342090000.decompressed.apex
04-16 19:00:51.842 0 0 I apexd : Processing compressed APEX /system/apex/com.android.media.capex
04-16 19:00:51.842 0 0 I apexd : Decompressing/system/apex/com.android.media.capex to /data/apex/decompressed/com.android.media@342090000.decompressed.apex
04-16 19:00:52.155 0 0 I apexd : Processing compressed APEX /system/apex/com.android.adservices.capex
04-16 19:00:52.156 0 0 I apexd : Decompressing/system/apex/com.android.adservices.capex to /data/apex/decompressed/com.android.adservices@342090000.decompressed.apex
04-16 19:00:53.674 0 0 I apexd : Processing compressed APEX /system/apex/com.android.cellbroadcast.capex
04-16 19:00:53.676 0 0 I apexd : Decompressing/system/apex/com.android.cellbroadcast.capex to /data/apex/decompressed/com.android.cellbroadcast@342090000.decompressed.apex
04-16 19:00:54.358 0 0 I apexd : Processing compressed APEX /system/apex/com.android.neuralnetworks.capex
04-16 19:00:54.359 0 0 I apexd : Decompressing/system/apex/com.android.neuralnetworks.capex to /data/apex/decompressed/com.android.neuralnetworks@342090000.decompressed.apex
04-16 19:00:54.605 0 0 I apexd : Processing compressed APEX /system/apex/com.android.adbd.capex
04-16 19:00:54.606 0 0 I apexd : Decompressing/system/apex/com.android.adbd.capex to /data/apex/decompressed/com.android.adbd@342090000.decompressed.apex
04-16 19:00:54.898 0 0 I apexd : Processing compressed APEX /system/apex/com.android.media.swcodec.capex
04-16 19:00:54.899 0 0 I apexd : Decompressing/system/apex/com.android.media.swcodec.capex to /data/apex/decompressed/com.android.media.swcodec@342090000.decompressed.apex
04-16 19:00:56.015 0 0 I apexd : Processing compressed APEX /system/apex/com.android.tethering.capex
04-16 19:00:56.016 0 0 I apexd : Decompressing/system/apex/com.android.tethering.capex to /data/apex/decompressed/com.android.tethering@342090000.decompressed.apex
04-16 19:00:57.014 0 0 I apexd : Processing compressed APEX /system/apex/com.android.uwb.capex
04-16 19:00:57.015 0 0 I apexd : Decompressing/system/apex/com.android.uwb.capex to /data/apex/decompressed/com.android.uwb@342090000.decompressed.apex
04-16 19:00:57.231 0 0 I apexd : Processing compressed APEX /system/apex/com.android.extservices.capex
04-16 19:00:57.232 0 0 I apexd : Decompressing/system/apex/com.android.extservices.capex to /data/apex/decompressed/com.android.extservices@342090000.decompressed.apex
04-16 19:00:57.648 0 0 I apexd : Processing compressed APEX /system/apex/com.android.conscrypt.capex
04-16 19:00:57.649 0 0 I apexd : Decompressing/system/apex/com.android.conscrypt.capex to /data/apex/decompressed/com.android.conscrypt@342090000.decompressed.apex
04-16 19:00:58.010 0 0 I apexd : Processing compressed APEX /system/apex/com.android.scheduling.capex
04-16 19:00:58.011 0 0 I apexd : Decompressing/system/apex/com.android.scheduling.capex to /data/apex/decompressed/com.android.scheduling@342090000.decompressed.apex
04-16 19:00:58.084 176 190 I keystore2: system/security/keystore2/src/watchdog.rs:319 - Watchdog thread idle -> terminating. Have a great day.
04-16 19:00:58.126 0 0 I apexd : Processing compressed APEX /system/apex/com.android.mediaprovider.capex
04-16 19:00:58.128 0 0 I apexd : Decompressing/system/apex/com.android.mediaprovider.capex to /data/apex/decompressed/com.android.mediaprovider@342090000.decompressed.apex
04-16 19:00:58.695 0 0 I apexd : Processing compressed APEX /system/apex/com.android.ondevicepersonalization.capex
04-16 19:00:58.697 0 0 I apexd : Decompressing/system/apex/com.android.ondevicepersonalization.capex to /data/apex/decompressed/com.android.ondevicepersonalization@342090000.decompressed.apex
04-16 19:00:58.811 0 0 I apexd : Processing compressed APEX /system/apex/com.android.ipsec.capex
04-16 19:00:58.812 0 0 I apexd : Decompressing/system/apex/com.android.ipsec.capex to /data/apex/decompressed/com.android.ipsec@342090000.decompressed.apex
04-16 19:00:58.926 0 0 I apexd : Processing compressed APEX /system/apex/com.android.resolv.capex
04-16 19:00:58.927 0 0 I apexd : Decompressing/system/apex/com.android.resolv.capex to /data/apex/decompressed/com.android.resolv@342090000.decompressed.apex
04-16 19:00:59.309 0 0 I apexd : Processing compressed APEX /system/apex/com.android.configinfrastructure.capex
04-16 19:00:59.311 0 0 I apexd : Decompressing/system/apex/com.android.configinfrastructure.capex to /data/apex/decompressed/com.android.configinfrastructure@342090000.decompressed.apex
04-16 19:00:59.476 0 0 I loop4 : detected capacity change from 0 to 1544
04-16 19:00:59.524 0 0 I loop5 : detected capacity change from 0 to 71872
04-16 19:00:59.554 0 0 I loop6 : detected capacity change from 0 to 52360
04-16 19:00:59.606 0 0 I loop7 : detected capacity change from 0 to 50960
04-16 19:00:59.658 0 0 I loop8 : detected capacity change from 0 to 21688
04-16 19:00:59.690 0 0 I loop9 : detected capacity change from 0 to 6288
04-16 19:00:59.729 0 0 I EXT4-fs (loop5): mounted filesystem without journal. Quota mode: none.
04-16 19:00:59.742 0 0 I apexd : Successfully mounted package /system/apex/com.android.i18n.apex on /apex/com.android.i18n@1 duration=243
04-16 19:00:59.831 0 0 I EXT4-fs (loop6): mounted filesystem without journal. Quota mode: none.
04-16 19:00:59.832 0 0 I apexd : Successfully mounted package /system/apex/com.android.vndk.current.apex on /apex/com.android.vndk.v34@1 duration=343
04-16 19:00:59.998 0 0 I EXT4-fs (loop4): mounted filesystem without journal. Quota mode: none.
04-16 19:00:59.999 0 0 I apexd : Successfully mounted package /system/apex/com.android.sdkext.apex on /apex/com.android.sdkext@342090000 duration=559
04-16 19:01:00.018 0 0 I EXT4-fs (loop9): mounted filesystem without journal. Quota mode: none.
04-16 19:01:00.018 0 0 I apexd : Successfully mounted package /system/apex/com.android.os.statsd.apex on /apex/com.android.os.statsd@342090000 duration=420
04-16 19:01:00.023 0 0 I EXT4-fs (loop7): mounted filesystem without journal. Quota mode: none.
04-16 19:01:00.024 0 0 I apexd : Successfully mounted package /system/apex/com.android.btservices.apex on /apex/com.android.btservices@342090000 duration=524
04-16 19:01:00.078 0 0 I EXT4-fs (loop8): mounted filesystem without journal. Quota mode: none.
04-16 19:01:00.079 0 0 I apexd : Successfully mounted package /system/apex/com.android.healthfitness.apex on /apex/com.android.healthfitness@342090000 duration=580
04-16 19:01:00.153 0 0 I loop10 : detected capacity change from 0 to 36680
04-16 19:01:00.167 0 0 I loop11 : detected capacity change from 0 to 11672
04-16 19:01:00.177 0 0 I loop12 : detected capacity change from 0 to 536
04-16 19:01:00.238 0 0 I loop13 : detected capacity change from 0 to 1616
04-16 19:01:00.298 0 0 I loop14 : detected capacity change from 0 to 648
04-16 19:01:00.311 0 0 I device-mapper: verity: sha256 using implementation "sha256-ssse3"
04-16 19:01:00.341 0 0 I loop15 : detected capacity change from 0 to 8944
04-16 19:01:00.358 0 0 I EXT4-fs (loop11): mounted filesystem without journal. Quota mode: none.
04-16 19:01:00.358 0 0 I apexd : Successfully mounted package /system/apex/com.android.devicelock.apex on /apex/com.android.devicelock@1 duration=720
04-16 19:01:00.422 0 0 I EXT4-fs (loop13): mounted filesystem without journal. Quota mode: none.
04-16 19:01:00.422 0 0 I apexd : Successfully mounted package /system/apex/com.android.tzdata.apex on /apex/com.android.tzdata@342090000 duration=756
04-16 19:01:00.450 0 0 I EXT4-fs (loop15): mounted filesystem without journal. Quota mode: none.
04-16 19:01:00.450 0 0 I apexd : Successfully mounted package /system/apex/com.android.runtime.apex on /apex/com.android.runtime@1 duration=778
04-16 19:01:00.490 0 0 I EXT4-fs (loop14): mounted filesystem without journal. Quota mode: none.
04-16 19:01:00.491 0 0 I apexd : Successfully mounted package /system/apex/com.android.virt.apex on /apex/com.android.virt@2 duration=820
04-16 19:01:00.517 0 0 I EXT4-fs (loop12): mounted filesystem without journal. Quota mode: none.
04-16 19:01:00.518 0 0 I apexd : Successfully mounted package /system/apex/com.android.apex.cts.shim.apex on /apex/com.android.apex.cts.shim@1 duration=868
04-16 19:01:00.550 0 0 I EXT4-fs (dm-37): mounted filesystem without journal. Quota mode: none.
04-16 19:01:00.550 0 0 I apexd : Successfully mounted package /data/apex/decompressed/com.android.permission@342090000.decompressed.apex on /apex/com.android.permission@342090000 duration=848
04-16 19:01:00.797 0 0 I loop16 : detected capacity change from 0 to 17152
04-16 19:01:00.813 0 0 I loop17 : detected capacity change from 0 to 64992
04-16 19:01:00.822 0 0 I loop18 : detected capacity change from 0 to 2192
04-16 19:01:00.878 0 0 I device-mapper: verity: sha256 using implementation "sha256-ssse3"
04-16 19:01:00.881 0 0 I device-mapper: verity: sha256 using implementation "sha256-ssse3"
04-16 19:01:00.938 0 0 I EXT4-fs (loop18): mounted filesystem without journal. Quota mode: none.
04-16 19:01:00.938 0 0 I apexd : Successfully mounted package /system/apex/com.android.rkpd.apex on /apex/com.android.rkpd@1 duration=1308
04-16 19:01:00.979 0 0 I EXT4-fs (dm-36): mounted filesystem without journal. Quota mode: none.
04-16 19:01:00.980 0 0 I apexd : Successfully mounted package /data/apex/decompressed/com.android.art@342090000.decompressed.apex on /apex/com.android.art@342090000 duration=1275
04-16 19:01:01.014 0 0 I EXT4-fs (dm-34): mounted filesystem without journal. Quota mode: none.
04-16 19:01:01.015 0 0 I apexd : Successfully mounted package /data/apex/decompressed/com.android.wifi@342090000.decompressed.apex on /apex/com.android.wifi@342090000 duration=1309
04-16 19:01:01.033 0 0 I loop19 : detected capacity change from 0 to 7424
04-16 19:01:01.064 0 0 I device-mapper: verity: sha256 using implementation "sha256-ssse3"
04-16 19:01:01.127 0 0 I EXT4-fs (dm-30): mounted filesystem without journal. Quota mode: none.
04-16 19:01:01.127 0 0 I apexd : Successfully mounted package /data/apex/decompressed/com.android.appsearch@342090000.decompressed.apex on /apex/com.android.appsearch@342090000 duration=1352
04-16 19:01:01.469 0 0 I loop20 : detected capacity change from 0 to 45144
