04-16 19:04:43.625 562 1093 D CCodec : string mime = "audio/vorbis"
04-16 19:04:43.625 562 1093 D CCodec : int32_t sample-rate = 48000
04-16 19:04:43.625 562 1093 D CCodec : }
04-16 19:04:43.626 562 1093 D CCodec : setup formats output: AMessage(what = 0x00000000) = {
04-16 19:04:43.626 562 1093 D CCodec : int32_t channel-count = 1
04-16 19:04:43.626 562 1093 D CCodec : string mime = "audio/raw"
04-16 19:04:43.626 562 1093 D CCodec : int32_t sample-rate = 48000
04-16 19:04:43.626 562 1093 D CCodec : int32_t channel-mask = 1
04-16 19:04:43.626 562 1093 D CCodec : int32_t android._config-pcm-encoding = 2
04-16 19:04:43.626 562 1093 D CCodec : }
04-16 19:04:43.627 562 1093 I CCodecConfig: query failed after returning 7 values (BAD_INDEX)
04-16 19:04:43.647 562 1093 W Codec2Client: query -- param skipped: index = 1342179345.
04-16 19:04:43.647 562 1093 W Codec2Client: query -- param skipped: index = 2415921170.
04-16 19:04:43.695 562 1093 D CCodecBufferChannel: [c2.android.vorbis.decoder#648] Created input block pool with allocatorID 16 => poolID 19 - OK (0)
04-16 19:04:43.697 562 1095 D ReflectedParamUpdater: extent() != 1 for single value type: algo.buffers.max-count.values
04-16 19:04:43.712 562 1095 D ReflectedParamUpdater: extent() != 1 for single value type: output.subscribed-indices.values
04-16 19:04:43.737 562 1095 D ReflectedParamUpdater: extent() != 1 for single value type: input.buffers.allocator-ids.values
04-16 19:04:43.739 562 1093 I CCodecBufferChannel: [c2.android.vorbis.decoder#648] Created output block pool with allocatorID 16 => poolID 19 - OK
04-16 19:04:43.748 562 1093 D CCodecBufferChannel: [c2.android.vorbis.decoder#648] Configured output block pool ids 19 => OK
04-16 19:04:43.772 562 1095 D ReflectedParamUpdater: extent() != 1 for single value type: output.buffers.allocator-ids.values
04-16 19:04:43.773 562 1095 D ReflectedParamUpdater: extent() != 1 for single value type: algo.buffers.allocator-ids.values
04-16 19:04:43.774 562 1095 D ReflectedParamUpdater: extent() != 1 for single value type: output.buffers.pool-ids.values
04-16 19:04:43.775 562 1095 D ReflectedParamUpdater: extent() != 1 for single value type: algo.buffers.pool-ids.values
04-16 19:04:43.810 562 1095 I CCodecConfig: query failed after returning 7 values (BAD_INDEX)
04-16 19:04:43.811 562 1095 D CCodecConfig: c2 config diff is Dict {
04-16 19:04:43.811 562 1095 D CCodecConfig: c2::u32 coded.bitrate.value = 64000
04-16 19:04:43.811 562 1095 D CCodecConfig: c2::u32 input.buffers.max-size.value = 32768
04-16 19:04:43.811 562 1095 D CCodecConfig: c2::u32 input.delay.value = 0
04-16 19:04:43.811 562 1095 D CCodecConfig: string input.media-type.value = "audio/vorbis"
04-16 19:04:43.811 562 1095 D CCodecConfig: string output.media-type.value = "audio/raw"
04-16 19:04:43.811 562 1095 D CCodecConfig: c2::u32 raw.channel-count.value = 1
04-16 19:04:43.811 562 1095 D CCodecConfig: c2::u32 raw.sample-rate.value = 48000
04-16 19:04:43.811 562 1095 D CCodecConfig: }
04-16 19:04:43.819 480 1096 D SimpleC2Component: Using output block pool with poolID 19 => got 19 - 0
04-16 19:04:43.866 562 1095 D MediaCodec: flushMediametrics
04-16 19:04:43.867 562 1095 D CCodec : [c2.android.vorbis.decoder] buffers are bound to CCodec for this session
04-16 19:04:43.867 562 1095 D CCodecConfig: no c2 equivalents for durationUs
04-16 19:04:43.867 562 1095 D CCodecConfig: no c2 equivalents for track-id
04-16 19:04:43.867 562 1095 D CCodecConfig: no c2 equivalents for csd-1
04-16 19:04:43.867 562 1095 D CCodecConfig: no c2 equivalents for flags
04-16 19:04:43.926 562 1095 D CCodecConfig: c2 config diff is c2::u32 coded.bitrate.value = 140000
04-16 19:04:43.956 562 1095 W Codec2Client: query -- param skipped: index = 1107298332.
04-16 19:04:43.965 562 1095 D CCodec : encoding statistics level = 0
04-16 19:04:43.966 562 1095 D CCodec : setup formats input: AMessage(what = 0x00000000) = {
04-16 19:04:43.966 562 1095 D CCodec : int32_t bitrate = 140000
04-16 19:04:43.966 562 1095 D CCodec : int32_t channel-count = 1
04-16 19:04:43.966 562 1095 D CCodec : int32_t max-input-size = 32768
04-16 19:04:43.966 562 1095 D CCodec : string mime = "audio/vorbis"
04-16 19:04:43.966 562 1095 D CCodec : int32_t sample-rate = 48000
04-16 19:04:43.966 562 1095 D CCodec : }
04-16 19:04:43.967 562 1095 D CCodec : setup formats output: AMessage(what = 0x00000000) = {
04-16 19:04:43.967 562 1095 D CCodec : int32_t channel-count = 1
04-16 19:04:43.967 562 1095 D CCodec : string mime = "audio/raw"
04-16 19:04:43.967 562 1095 D CCodec : int32_t sample-rate = 48000
04-16 19:04:43.967 562 1095 D CCodec : int32_t channel-mask = 1
04-16 19:04:43.967 562 1095 D CCodec : int32_t android._config-pcm-encoding = 2
04-16 19:04:43.967 562 1095 D CCodec : }
04-16 19:04:43.986 562 1095 I CCodecConfig: query failed after returning 7 values (BAD_INDEX)
04-16 19:04:43.994 562 1095 W Codec2Client: query -- param skipped: index = 1342179345.
04-16 19:04:43.995 562 1095 W Codec2Client: query -- param skipped: index = 2415921170.
04-16 19:04:44.013 562 1095 D CCodecBufferChannel: [c2.android.vorbis.decoder#472] Created input block pool with allocatorID 16 => poolID 20 - OK (0)
04-16 19:04:44.038 562 1095 I CCodecBufferChannel: [c2.android.vorbis.decoder#472] Created output block pool with allocatorID 16 => poolID 20 - OK
04-16 19:04:44.039 562 1095 D CCodecBufferChannel: [c2.android.vorbis.decoder#472] Configured output block pool ids 20 => OK
04-16 19:04:44.041 562 971 W system_server: Long monitor contention with owner binder:562_3 (644) at int com.android.server.pm.permission.PermissionManagerServiceImpl.checkPermissionInternal(com.android.server.pm.pkg.AndroidPackage, boolean, java.lang.String, int)(PermissionManagerServiceImpl.java:981) waiters=4 in int com.android.server.pm.permission.PermissionManagerServiceImpl.checkPermissionInternal(com.android.server.pm.pkg.AndroidPackage, boolean, java.lang.String, int) for 166ms
04-16 19:04:44.058 480 1097 D SimpleC2Component: Using output block pool with poolID 20 => got 20 - 0
04-16 19:04:44.301 562 573 I system_server: Background young concurrent copying GC freed 276782(10099KB) AllocSpace objects, 30(784KB) LOS objects, 47% free, 11MB/22MB, paused 13.011ms,253us total 2.129s
04-16 19:04:44.363 562 575 W System : A resource failed to call release.
04-16 19:04:44.370 562 575 W System : A resource failed to call release.
04-16 19:04:44.371 562 575 W System : A resource failed to call release.
04-16 19:04:44.399 1002 1014 I ssioncontroller: Background concurrent copying GC freed 149785(7229KB) AllocSpace objects, 21(3408KB) LOS objects, 49% free, 4976KB/9952KB, paused 49.014ms,94us total 1.104s
04-16 19:04:44.479 988 988 I FalsingManager: xdpi, ydpi: 420.0, 420.0
04-16 19:04:44.493 988 988 I FalsingManager: width, height: 1080, 2400
04-16 19:04:44.805 562 1095 D CCodecBufferChannel: [c2.android.vorbis.decoder#472] MediaCodec discarded an unknown buffer
04-16 19:04:44.812 562 1095 D CCodecBufferChannel: [c2.android.vorbis.decoder#472] MediaCodec discarded an unknown buffer
04-16 19:04:44.837 562 1095 I hw-BpHwBinder: onLastStrongRef automatically unlinking death recipients
04-16 19:04:44.838 480 505 I hw-BpHwBinder: onLastStrongRef automatically unlinking death recipients
04-16 19:04:44.857 562 1093 D CCodecBufferChannel: [c2.android.vorbis.decoder#648] MediaCodec discarded an unknown buffer
04-16 19:04:44.874 988 988 W Settings: Setting secure_frp_mode has moved from android.provider.Settings.Secure to android.provider.Settings.Global, returning global URI.
04-16 19:04:44.876 562 1093 D CCodecBufferChannel: [c2.android.vorbis.decoder#648] MediaCodec discarded an unknown buffer
04-16 19:04:44.882 562 1093 D CCodecBufferChannel: [c2.android.vorbis.decoder#648] MediaCodec discarded an unknown buffer
04-16 19:04:44.908 562 995 D MediaCodec: flushMediametrics
04-16 19:04:45.002 562 1093 I hw-BpHwBinder: onLastStrongRef automatically unlinking death recipients
04-16 19:04:45.003 480 1098 I hw-BpHwBinder: onLastStrongRef automatically unlinking death recipients
04-16 19:04:45.008 480 1098 I hw-BpHwBinder: onLastStrongRef automatically unlinking death recipients
04-16 19:04:45.029 562 996 D MediaCodec: flushMediametrics
04-16 19:04:45.047 988 988 D NavigationModeController: getCurrentUserContext: contextUser=0 currentUser=0
04-16 19:04:45.053 988 988 D NavigationModeController: getCurrentInteractionMode: mode=0 contextUser=0
04-16 19:04:45.063 988 988 D NavigationModeController: updateCurrentInteractionMode: mode=0
04-16 19:04:45.076 988 988 D NavigationModeController: contextUser=0
04-16 19:04:45.077 988 988 D NavigationModeController: assetPaths=
04-16 19:04:45.079 988 988 D NavigationModeController: and /system/framework/framework-res.apk
04-16 19:04:45.079 988 988 D NavigationModeController: /vendor/overlay/framework-res__auto_generated_rro_vendor.apk
04-16 19:04:45.084 988 988 D NavigationModeController: and /system_ext/priv-app/SystemUI/SystemUI.apk
04-16 19:04:45.145 562 995 D MediaCodecList: codecHandlesFormat: no format, so no extra checks
04-16 19:04:45.167 562 1109 D CCodec : allocate(c2.android.vorbis.decoder)
04-16 19:04:45.199 988 1065 V MediaRouter: Selecting route: RouteInfo{ name=Phone, description=null, status=null, category=RouteCategory{ name=System types=ROUTE_TYPE_LIVE_AUDIO ROUTE_TYPE_LIVE_VIDEO groupable=false }, supportedTypes=ROUTE_TYPE_LIVE_AUDIO ROUTE_TYPE_LIVE_VIDEO , presentationDisplay=null }
04-16 19:04:45.202 562 1109 I CCodec : setting up 'default' as default (vendor) store
04-16 19:04:45.235 562 1109 I CCodec : Created component [c2.android.vorbis.decoder]
04-16 19:04:45.249 562 1109 D CCodecConfig: read media type: audio/vorbis
04-16 19:04:45.263 562 996 D MediaCodecList: codecHandlesFormat: no format, so no extra checks
04-16 19:04:45.265 988 988 D NavigationModeController: getCurrentInteractionMode: mode=0 contextUser=0
04-16 19:04:45.283 988 1065 I MediaRouter: Skip setBluetoothA2dpOn(): types=8388615, isPlaybackActive()=false, BT route=null
04-16 19:04:45.289 562 1109 D ReflectedParamUpdater: extent() != 1 for single value type: algo.buffers.max-count.values
04-16 19:04:45.291 562 1109 D ReflectedParamUpdater: extent() != 1 for single value type: output.subscribed-indices.values
04-16 19:04:45.291 562 1109 D ReflectedParamUpdater: extent() != 1 for single value type: input.buffers.allocator-ids.values
04-16 19:04:45.300 562 1111 D CCodec : allocate(c2.android.vorbis.decoder)
04-16 19:04:45.304 562 1109 D ReflectedParamUpdater: extent() != 1 for single value type: output.buffers.allocator-ids.values
04-16 19:04:45.305 562 1109 D ReflectedParamUpdater: extent() != 1 for single value type: algo.buffers.allocator-ids.values
04-16 19:04:45.306 562 1109 D ReflectedParamUpdater: extent() != 1 for single value type: output.buffers.pool-ids.values
04-16 19:04:45.306 562 1109 D ReflectedParamUpdater: extent() != 1 for single value type: algo.buffers.pool-ids.values
04-16 19:04:45.314 562 1111 I CCodec : setting up 'default' as default (vendor) store
04-16 19:04:45.348 562 1109 I CCodecConfig: query failed after returning 7 values (BAD_INDEX)
04-16 19:04:45.349 562 1109 D CCodecConfig: c2 config diff is Dict {
04-16 19:04:45.349 562 1109 D CCodecConfig: c2::u32 coded.bitrate.value = 64000
04-16 19:04:45.349 562 1109 D CCodecConfig: c2::u32 input.buffers.max-size.value = 32768
04-16 19:04:45.349 562 1109 D CCodecConfig: c2::u32 input.delay.value = 0
04-16 19:04:45.349 562 1109 D CCodecConfig: string input.media-type.value = "audio/vorbis"
04-16 19:04:45.349 562 1109 D CCodecConfig: string output.media-type.value = "audio/raw"
04-16 19:04:45.349 562 1109 D CCodecConfig: c2::u32 raw.channel-count.value = 1
04-16 19:04:45.349 562 1109 D CCodecConfig: c2::u32 raw.sample-rate.value = 48000
04-16 19:04:45.349 562 1109 D CCodecConfig: }
04-16 19:04:45.370 562 1109 D MediaCodec: flushMediametrics
04-16 19:04:45.370 562 1109 D CCodec : [c2.android.vorbis.decoder] buffers are bound to CCodec for this session
04-16 19:04:45.370 562 1109 D CCodecConfig: no c2 equivalents for durationUs
04-16 19:04:45.371 562 1109 D CCodecConfig: no c2 equivalents for track-id
04-16 19:04:45.371 562 1109 D CCodecConfig: no c2 equivalents for csd-1
04-16 19:04:45.371 562 1109 D CCodecConfig: no c2 equivalents for flags
04-16 19:04:45.375 988 988 D CompatibilityChangeReporter: Compat change id reported: 247079863; UID 10117; state: ENABLED
04-16 19:04:45.377 562 1111 I CCodec : Created component [c2.android.vorbis.decoder]
04-16 19:04:45.379 562 1111 D CCodecConfig: read media type: audio/vorbis
04-16 19:04:45.383 562 1109 D CCodecConfig: c2 config diff is c2::u32 coded.bitrate.value = 140000
04-16 19:04:45.403 562 1109 W Codec2Client: query -- param skipped: index = 1107298332.
04-16 19:04:45.403 562 1109 D CCodec : encoding statistics level = 0
04-16 19:04:45.403 562 1109 D CCodec : setup formats input: AMessage(what = 0x00000000) = {
04-16 19:04:45.403 562 1109 D CCodec : int32_t bitrate = 140000
04-16 19:04:45.403 562 1109 D CCodec : int32_t channel-count = 1
04-16 19:04:45.403 562 1109 D CCodec : int32_t max-input-size = 32768
04-16 19:04:45.403 562 1109 D CCodec : string mime = "audio/vorbis"
04-16 19:04:45.403 562 1109 D CCodec : int32_t sample-rate = 48000
04-16 19:04:45.403 562 1109 D CCodec : }
04-16 19:04:45.403 562 1109 D CCodec : setup formats output: AMessage(what = 0x00000000) = {
04-16 19:04:45.403 562 1109 D CCodec : int32_t channel-count = 1
04-16 19:04:45.403 562 1109 D CCodec : string mime = "audio/raw"
04-16 19:04:45.403 562 1109 D CCodec : int32_t sample-rate = 48000
04-16 19:04:45.403 562 1109 D CCodec : int32_t channel-mask = 1
04-16 19:04:45.403 562 1109 D CCodec : int32_t android._config-pcm-encoding = 2
04-16 19:04:45.403 562 1109 D CCodec : }
04-16 19:04:45.407 562 1109 I CCodecConfig: query failed after returning 7 values (BAD_INDEX)
04-16 19:04:45.411 562 1111 D ReflectedParamUpdater: extent() != 1 for single value type: algo.buffers.max-count.values
04-16 19:04:45.421 562 1111 D ReflectedParamUpdater: extent() != 1 for single value type: output.subscribed-indices.values
04-16 19:04:45.428 562 1111 D ReflectedParamUpdater: extent() != 1 for single value type: input.buffers.allocator-ids.values
04-16 19:04:45.432 562 1111 D ReflectedParamUpdater: extent() != 1 for single value type: output.buffers.allocator-ids.values
04-16 19:04:45.433 562 1111 D ReflectedParamUpdater: extent() != 1 for single value type: algo.buffers.allocator-ids.values
04-16 19:04:45.435 562 1109 W Codec2Client: query -- param skipped: index = 1342179345.
04-16 19:04:45.435 562 1109 W Codec2Client: query -- param skipped: index = 2415921170.
04-16 19:04:45.440 562 1111 D ReflectedParamUpdater: extent() != 1 for single value type: output.buffers.pool-ids.values
04-16 19:04:45.441 562 1111 D ReflectedParamUpdater: extent() != 1 for single value type: algo.buffers.pool-ids.values
04-16 19:04:45.466 562 1111 I CCodecConfig: query failed after returning 7 values (BAD_INDEX)
04-16 19:04:45.466 562 1111 D CCodecConfig: c2 config diff is Dict {
04-16 19:04:45.466 562 1111 D CCodecConfig: c2::u32 coded.bitrate.value = 64000
04-16 19:04:45.466 562 1111 D CCodecConfig: c2::u32 input.buffers.max-size.value = 32768
04-16 19:04:45.466 562 1111 D CCodecConfig: c2::u32 input.delay.value = 0
04-16 19:04:45.466 562 1111 D CCodecConfig: string input.media-type.value = "audio/vorbis"
04-16 19:04:45.466 562 1111 D CCodecConfig: string output.media-type.value = "audio/raw"
04-16 19:04:45.466 562 1111 D CCodecConfig: c2::u32 raw.channel-count.value = 1
04-16 19:04:45.466 562 1111 D CCodecConfig: c2::u32 raw.sample-rate.value = 48000
04-16 19:04:45.466 562 1111 D CCodecConfig: }
04-16 19:04:45.485 562 1109 D CCodecBufferChannel: [c2.android.vorbis.decoder#238] Created input block pool with allocatorID 16 => poolID 21 - OK (0)
04-16 19:04:45.517 562 1109 I CCodecBufferChannel: [c2.android.vorbis.decoder#238] Created output block pool with allocatorID 16 => poolID 21 - OK
04-16 19:04:45.518 562 1109 D CCodecBufferChannel: [c2.android.vorbis.decoder#238] Configured output block pool ids 21 => OK
04-16 19:04:45.533 562 1111 D MediaCodec: flushMediametrics
04-16 19:04:45.541 562 1111 D CCodec : [c2.android.vorbis.decoder] buffers are bound to CCodec for this session
04-16 19:04:45.542 562 1111 D CCodecConfig: no c2 equivalents for durationUs
04-16 19:04:45.543 562 1111 D CCodecConfig: no c2 equivalents for track-id
04-16 19:04:45.543 562 1111 D CCodecConfig: no c2 equivalents for csd-1
04-16 19:04:45.548 562 1111 D CCodecConfig: no c2 equivalents for flags
04-16 19:04:45.573 480 1110 D SimpleC2Component: Using output block pool with poolID 21 => got 21 - 0
04-16 19:04:45.584 562 1111 D CCodecConfig: c2 config diff is c2::u32 coded.bitrate.value = 239920
04-16 19:04:45.584 562 1111 D CCodecConfig: c2::u32 raw.sample-rate.value = 44100
04-16 19:04:45.592 562 1111 W Codec2Client: query -- param skipped: index = 1107298332.
04-16 19:04:45.593 562 1111 D CCodec : encoding statistics level = 0
04-16 19:04:45.594 562 1111 D CCodec : setup formats input: AMessage(what = 0x00000000) = {
04-16 19:04:45.594 562 1111 D CCodec : int32_t bitrate = 239920
04-16 19:04:45.594 562 1111 D CCodec : int32_t channel-count = 1
04-16 19:04:45.594 562 1111 D CCodec : int32_t max-input-size = 32768
04-16 19:04:45.594 562 1111 D CCodec : string mime = "audio/vorbis"
04-16 19:04:45.594 562 1111 D CCodec : int32_t sample-rate = 44100
04-16 19:04:45.594 562 1111 D CCodec : }
04-16 19:04:45.595 562 1111 D CCodec : setup formats output: AMessage(what = 0x00000000) = {
04-16 19:04:45.595 562 1111 D CCodec : int32_t channel-count = 1
04-16 19:04:45.595 562 1111 D CCodec : string mime = "audio/raw"
04-16 19:04:45.595 562 1111 D CCodec : int32_t sample-rate = 44100
04-16 19:04:45.595 562 1111 D CCodec : int32_t channel-mask = 1
04-16 19:04:45.595 562 1111 D CCodec : int32_t android._config-pcm-encoding = 2
04-16 19:04:45.595 562 1111 D CCodec : }
04-16 19:04:45.616 562 1111 I CCodecConfig: query failed after returning 7 values (BAD_INDEX)
04-16 19:04:45.641 562 1111 W Codec2Client: query -- param skipped: index = 1342179345.
04-16 19:04:45.652 562 1111 W Codec2Client: query -- param skipped: index = 2415921170.
04-16 19:04:45.737 562 1111 D CCodecBufferChannel: [c2.android.vorbis.decoder#963] Created input block pool with allocatorID 16 => poolID 22 - OK (0)
04-16 19:04:45.761 562 1111 I CCodecBufferChannel: [c2.android.vorbis.decoder#963] Created output block pool with allocatorID 16 => poolID 22 - OK
04-16 19:04:45.762 562 1111 D CCodecBufferChannel: [c2.android.vorbis.decoder#963] Configured output block pool ids 22 => OK
04-16 19:04:45.803 480 1112 D SimpleC2Component: Using output block pool with poolID 22 => got 22 - 0
04-16 19:04:46.664 562 1111 D CCodecBufferChannel: [c2.android.vorbis.decoder#963] MediaCodec discarded an unknown buffer
04-16 19:04:46.694 562 1111 D CCodecBufferChannel: [c2.android.vorbis.decoder#963] MediaCodec discarded an unknown buffer
04-16 19:04:46.700 562 1111 D CCodecBufferChannel: [c2.android.vorbis.decoder#963] MediaCodec discarded an unknown buffer
04-16 19:04:46.795 562 1121 I hw-BpHwBinder: onLastStrongRef automatically unlinking death recipients
04-16 19:04:46.805 480 1079 I hw-BpHwBinder: onLastStrongRef automatically unlinking death recipients
04-16 19:04:46.811 562 1109 D CCodecBufferChannel: [c2.android.vorbis.decoder#238] MediaCodec discarded an unknown buffer
04-16 19:04:46.834 988 988 D MediaResumeListener: loaded resume components for 0: []
04-16 19:04:46.840 562 1109 D CCodecBufferChannel: [c2.android.vorbis.decoder#238] MediaCodec discarded an unknown buffer
04-16 19:04:46.846 988 988 D CompatibilityChangeReporter: Compat change id reported: 263076149; UID 10117; state: ENABLED
04-16 19:04:46.863 562 1109 D CCodecBufferChannel: [c2.android.vorbis.decoder#238] MediaCodec discarded an unknown buffer
04-16 19:04:46.901 562 996 D MediaCodec: flushMediametrics
04-16 19:04:46.945 988 988 D LocalBluetoothProfileManager: LocalBluetoothProfileManager construction complete
04-16 19:04:46.953 988 988 D LocalBluetoothProfileManager: Adding local Hearing Aid profile
04-16 19:04:46.958 480 1079 I hw-BpHwBinder: onLastStrongRef automatically unlinking death recipients
04-16 19:04:46.962 988 988 D BluetoothHearingAid: Binding service...
04-16 19:04:46.967 480 1079 I hw-BpHwBinder: onLastStrongRef automatically unlinking death recipients
04-16 19:04:46.972 562 645 D BluetoothManagerService: Trying to bind to profile: 21, while Bluetooth was disabled
04-16 19:04:46.987 562 1123 I hw-BpHwBinder: onLastStrongRef automatically unlinking death recipients
04-16 19:04:47.006 562 578 I MR2ServiceImpl: registerManager | uid: 10117, pid: 988, package: com.android.systemui, user: 0
04-16 19:04:47.008 562 995 D MediaCodec: flushMediametrics
04-16 19:04:47.314 988 988 D KeyguardBouncerRepositoryImpl: Keyguard Bouncer is hiding.
04-16 19:04:47.373 480 987 D BufferPoolAccessor2.0: bufferpool2 0x786757487e18 : 0(0 size) total buffers - 0(0 size) used buffers - 6/10 (recycle/alloc) - 4/9 (fetch/transfer)
04-16 19:04:47.373 480 987 D BufferPoolAccessor2.0: evictor expired: 1, evicted: 1
04-16 19:04:47.733 988 988 D BiometricsRepositoryImpl: Registering StrongAuthTracker
04-16 19:04:47.818 988 988 D BiometricsRepositoryImpl: currentUser authFlags changed, new value: AuthenticationFlags(userId=0, flag=1)
04-16 19:04:47.842 988 988 D BiometricsRepositoryImpl: isNonStrongBiometricAllowed changed for current user
04-16 19:04:48.061 988 988 W AlarmManager: Unrecognized alarm listener com.android.systemui.keyguard.KeyguardSliceProvider$$ExternalSyntheticLambda0@a8b79be
04-16 19:04:48.174 0 0 I servicemanager: Notifying apexservice they don't (previously: do) have clients when we now have no record of a client
04-16 19:04:48.181 0 0 I AidlLazyServiceRegistrar: Process has 0 (of 1 available) client(s) in use after notification apexservice has clients: 0
04-16 19:04:48.181 0 0 I AidlLazyServiceRegistrar: Shutdown prevented by forcePersist override flag.
04-16 19:04:48.303 562 1076 D BufferPoolAccessor2.0: bufferpool2 0x770ea635edc8 : 0(0 size) total buffers - 0(0 size) used buffers - 1/7 (recycle/alloc) - 6/18 (fetch/transfer)
04-16 19:04:48.303 562 1076 D BufferPoolAccessor2.0: bufferpool2 0x770ea635eb78 : 0(0 size) total buffers - 0(0 size) used buffers - 2/7 (recycle/alloc) - 5/24 (fetch/transfer)
04-16 19:04:48.303 562 1076 D BufferPoolAccessor2.0: evictor expired: 2, evicted: 2
04-16 19:04:48.307 988 988 V SystemUIBootTiming: DependencyInjection took to complete: 0ms
04-16 19:04:48.326 988 1064 E AppWidgetManager: Nofity service of inheritance info
04-16 19:04:48.326 988 1064 E AppWidgetManager: java.lang.IllegalStateException: User 0 must be unlocked for widgets to be available
04-16 19:04:48.326 988 1064 E AppWidgetManager: at android.os.Parcel.createExceptionOrNull(Parcel.java:3065)
04-16 19:04:48.326 988 1064 E AppWidgetManager: at android.os.Parcel.createException(Parcel.java:3041)
04-16 19:04:48.326 988 1064 E AppWidgetManager: at android.os.Parcel.readException(Parcel.java:3024)
04-16 19:04:48.326 988 1064 E AppWidgetManager: at android.os.Parcel.readException(Parcel.java:2966)
04-16 19:04:48.326 988 1064 E AppWidgetManager: at com.android.internal.appwidget.IAppWidgetService$Stub$Proxy.getInstalledProvidersForProfile(IAppWidgetService.java:990)
04-16 19:04:48.326 988 1064 E AppWidgetManager: at android.appwidget.AppWidgetManager.getInstalledProvidersForProfile(AppWidgetManager.java:923)
04-16 19:04:48.326 988 1064 E AppWidgetManager: at android.appwidget.AppWidgetManager.getInstalledProvidersForPackage(AppWidgetManager.java:857)
04-16 19:04:48.326 988 1064 E AppWidgetManager: at android.appwidget.AppWidgetManager.lambda$new$3(AppWidgetManager.java:536)
04-16 19:04:48.326 988 1064 E AppWidgetManager: at android.appwidget.AppWidgetManager.$r8$lambda$MnZCUjy90wcD58stsygv3SVPbu4(Unknown Source:0)
04-16 19:04:48.326 988 1064 E AppWidgetManager: at android.appwidget.AppWidgetManager$$ExternalSyntheticLambda4.run(Unknown Source:2)
04-16 19:04:48.326 988 1064 E AppWidgetManager: at android.os.Handler.handleCallback(Handler.java:958)
04-16 19:04:48.326 988 1064 E AppWidgetManager: at android.os.Handler.dispatchMessage(Handler.java:99)
04-16 19:04:48.326 988 1064 E AppWidgetManager: at android.os.Looper.loopOnce(Looper.java:205)
04-16 19:04:48.326 988 1064 E AppWidgetManager: at android.os.Looper.loop(Looper.java:294)
04-16 19:04:48.326 988 1064 E AppWidgetManager: at android.os.HandlerThread.run(HandlerThread.java:67)
04-16 19:04:48.326 988 1064 E AppWidgetManager: Caused by: android.os.RemoteException: Remote stack trace:
04-16 19:04:48.326 988 1064 E AppWidgetManager: at com.android.server.appwidget.AppWidgetServiceImpl.ensureGroupStateLoadedLocked(AppWidgetServiceImpl.java:650)
04-16 19:04:48.326 988 1064 E AppWidgetManager: at com.android.server.appwidget.AppWidgetServiceImpl.ensureGroupStateLoadedLocked(AppWidgetServiceImpl.java:644)
04-16 19:04:48.326 988 1064 E AppWidgetManager: at com.android.server.appwidget.AppWidgetServiceImpl.getInstalledProvidersForProfile(AppWidgetServiceImpl.java:1708)
04-16 19:04:48.326 988 1064 E AppWidgetManager: at com.android.internal.appwidget.IAppWidgetService$Stub.onTransact(IAppWidgetService.java:510)
04-16 19:04:48.326 988 1064 E AppWidgetManager: at android.os.Binder.execTransactInternal(Binder.java:1344)
04-16 19:04:48.326 988 1064 E AppWidgetManager:
04-16 19:04:48.342 396 450 E EGL_emulation: eglQueryContext 3100 EGL_BAD_ATTRIBUTE
04-16 19:04:48.342 396 450 E EGL_emulation: tid 450: eglQueryContext(2146): error 0x3004 (EGL_BAD_ATTRIBUTE)
04-16 19:04:48.349 988 988 I SystemUIService: Found SurfaceFlinger's GPU Priority: 0
04-16 19:04:48.376 480 987 D BufferPoolAccessor2.0: bufferpool2 0x78675748b7e8 : 0(0 size) total buffers - 0(0 size) used buffers - 3/7 (recycle/alloc) - 4/6 (fetch/transfer)
04-16 19:04:48.376 480 987 D BufferPoolAccessor2.0: evictor expired: 1, evicted: 1
04-16 19:04:48.382 562 578 I ActivityManager: Flag disabled. Ignoring finishAttachApplication from uid: 10117. pid: 988
04-16 19:04:48.453 988 1084 W KeyguardUpdateMonitorLog: invalid subId in handleServiceStateChange()
04-16 19:04:48.466 988 1084 W KeyguardUpdateMonitorLog: invalid subId in handleSimStateChange()
04-16 19:04:48.946 562 1099 D WallpaperManagerService: WPMS.saveSettingsLocked-0
04-16 19:04:49.035 562 1099 V WallpaperManagerService: WPMS.saveSettingsLocked-0 took to complete: 89ms
04-16 19:04:49.055 988 988 D Tonal : Tonal Palette - index: 4. Main color: ff343e65
04-16 19:04:49.055 988 988 D Tonal : Colors: ff0b0c16, ff141627, ff1d2138, ff272d4c, ff343e65, ff41477e, ff4e5597, ff8184a4, ff898cc3, ff9e9ecd, ffb7b6d9, ffd9d7eb, ffefeef7
04-16 19:04:49.060 988 988 D Tonal : Gradients:
04-16 19:04:49.060 988 988 D Tonal : Normal GradientColors(ff343e65, ff343e65)
04-16 19:04:49.060 988 988 D Tonal : Dark GradientColors(ff272d4c, ff272d4c)
04-16 19:04:49.060 988 988 D Tonal : Extra dark: GradientColors(ff1d2138, ff1d2138)
04-16 19:04:49.061 988 988 D Tonal : Tonal Palette - index: 4. Main color: ff343e65
04-16 19:04:49.061 988 988 D Tonal : Colors: ff0b0c16, ff141627, ff1d2138, ff272d4c, ff343e65, ff41477e, ff4e5597, ff8184a4, ff898cc3, ff9e9ecd, ffb7b6d9, ffd9d7eb, ffefeef7
04-16 19:04:49.061 988 988 D Tonal : Gradients:
04-16 19:04:49.061 988 988 D Tonal : Normal GradientColors(ff343e65, ff343e65)
04-16 19:04:49.061 988 988 D Tonal : Dark GradientColors(ff272d4c, ff272d4c)
04-16 19:04:49.061 988 988 D Tonal : Extra dark: GradientColors(ff1d2138, ff1d2138)
04-16 19:04:49.308 562 1076 D BufferPoolAccessor2.0: bufferpool2 0x770ea6360738 : 0(0 size) total buffers - 0(0 size) used buffers - 2/7 (recycle/alloc) - 5/26 (fetch/transfer)
04-16 19:04:49.309 562 1076 D BufferPoolAccessor2.0: evictor expired: 1, evicted: 1
04-16 19:04:49.377 480 987 D BufferPoolAccessor2.0: bufferpool2 0x786757487bc8 : 0(0 size) total buffers - 0(0 size) used buffers - 7/11 (recycle/alloc) - 4/10 (fetch/transfer)
04-16 19:04:49.377 480 987 D BufferPoolAccessor2.0: evictor expired: 1, evicted: 1
04-16 19:04:49.665 1002 1052 I RuntimePermissionsUpgradeController: Grandfathering SMS and CallLog permissions
04-16 19:04:49.673 1002 1052 I RuntimePermissionsUpgradeController: Grandfathering location background permissions
04-16 19:04:49.678 1002 1052 I RuntimePermissionsUpgradeController: Grandfathering Storage permissions
04-16 19:04:49.683 1002 1052 I RuntimePermissionsUpgradeController: Not expanding location permissions as this is not an upgrade from Android P
04-16 19:04:49.683 1002 1052 I RuntimePermissionsUpgradeController: Not expanding read storage to access media location as this is a new user
04-16 19:04:49.683 1002 1052 I RuntimePermissionsUpgradeController: Not migrating STORAGE permissions to READ_MEDIA permissions as this is a new user
04-16 19:04:50.313 562 1076 D BufferPoolAccessor2.0: bufferpool2 0x770ea63612c8 : 0(0 size) total buffers - 0(0 size) used buffers - 2/7 (recycle/alloc) - 8/24 (fetch/transfer)
04-16 19:04:50.313 562 1076 D BufferPoolAccessor2.0: evictor expired: 1, evicted: 1
04-16 19:04:50.377 480 987 D BufferPoolAccessor2.0: bufferpool2 0x78675748ba38 : 0(0 size) total buffers - 0(0 size) used buffers - 8/10 (recycle/alloc) - 2/9 (fetch/transfer)
04-16 19:04:50.378 480 987 D BufferPoolAccessor2.0: evictor expired: 1, evicted: 1
04-16 19:04:50.461 562 645 W PermissionManager: Package com.android.providers.media.module is an APK in APEX, but has permission allowlist on the system image. Please bundle the allowlist in the com.android.mediaprovider APEX instead.
04-16 19:04:50.461 562 645 W PermissionManager: Package com.android.providers.media.module is an APK in APEX, but has permission allowlist on the system image. Please bundle the allowlist in the com.android.mediaprovider APEX instead.
04-16 19:04:50.462 562 645 W PermissionManager: Package com.android.providers.media.module is an APK in APEX, but has permission allowlist on the system image. Please bundle the allowlist in the com.android.mediaprovider APEX instead.
04-16 19:04:50.462 562 645 W PermissionManager: Package com.android.providers.media.module is an APK in APEX, but has permission allowlist on the system image. Please bundle the allowlist in the com.android.mediaprovider APEX instead.
04-16 19:04:50.462 562 645 W PermissionManager: Package com.android.providers.media.module is an APK in APEX, but has permission allowlist on the system image. Please bundle the allowlist in the com.android.mediaprovider APEX instead.
04-16 19:04:50.462 562 645 W PermissionManager: Package com.android.providers.media.module is an APK in APEX, but has permission allowlist on the system image. Please bundle the allowlist in the com.android.mediaprovider APEX instead.
04-16 19:04:50.463 562 645 W PermissionManager: Package com.android.providers.media.module is an APK in APEX, but has permission allowlist on the system image. Please bundle the allowlist in the com.android.mediaprovider APEX instead.
04-16 19:04:50.463 562 645 W PermissionManager: Package com.android.providers.media.module is an APK in APEX, but has permission allowlist on the system image. Please bundle the allowlist in the com.android.mediaprovider APEX instead.
04-16 19:04:50.463 562 645 W PermissionManager: Package com.android.providers.media.module is an APK in APEX, but has permission allowlist on the system image. Please bundle the allowlist in the com.android.mediaprovider APEX instead.
04-16 19:04:50.463 562 645 W PermissionManager: Package com.android.providers.media.module is an APK in APEX, but has permission allowlist on the system image. Please bundle the allowlist in the com.android.mediaprovider APEX instead.
04-16 19:04:50.463 562 645 W PermissionManager: Package com.android.providers.media.module is an APK in APEX, but has permission allowlist on the system image. Please bundle the allowlist in the com.android.mediaprovider APEX instead.
04-16 19:04:50.465 562 645 W PermissionManager: Package com.android.providers.media.module is an APK in APEX, but has permission allowlist on the system image. Please bundle the allowlist in the com.android.mediaprovider APEX instead.
04-16 19:04:50.466 562 645 W PermissionManager: Package com.android.providers.media.module is an APK in APEX, but has permission allowlist on the system image. Please bundle the allowlist in the com.android.mediaprovider APEX instead.
04-16 19:04:50.476 562 645 W PermissionManager: Package com.android.providers.media.module is an APK in APEX, but has permission allowlist on the system image. Please bundle the allowlist in the com.android.mediaprovider APEX instead.
04-16 19:04:50.477 562 645 W PermissionManager: Package com.android.providers.media.module is an APK in APEX, but has permission allowlist on the system image. Please bundle the allowlist in the com.android.mediaprovider APEX instead.
04-16 19:04:50.477 562 645 W PermissionManager: Package com.android.providers.media.module is an APK in APEX, but has permission allowlist on the system image. Please bundle the allowlist in the com.android.mediaprovider APEX instead.
04-16 19:04:50.477 562 645 W PermissionManager: Package com.android.providers.media.module is an APK in APEX, but has permission allowlist on the system image. Please bundle the allowlist in the com.android.mediaprovider APEX instead.
04-16 19:04:50.478 562 645 W PermissionManager: Package com.android.providers.media.module is an APK in APEX, but has permission allowlist on the system image. Please bundle the allowlist in the com.android.mediaprovider APEX instead.
04-16 19:04:50.478 562 645 W PermissionManager: Package com.android.providers.media.module is an APK in APEX, but has permission allowlist on the system image. Please bundle the allowlist in the com.android.mediaprovider APEX instead.
04-16 19:04:50.478 562 645 W PermissionManager: Package com.android.providers.media.module is an APK in APEX, but has permission allowlist on the system image. Please bundle the allowlist in the com.android.mediaprovider APEX instead.
04-16 19:04:50.478 562 645 W PermissionManager: Package com.android.providers.media.module is an APK in APEX, but has permission allowlist on the system image. Please bundle the allowlist in the com.android.mediaprovider APEX instead.
04-16 19:04:50.479 562 645 W PermissionManager: Package com.android.providers.media.module is an APK in APEX, but has permission allowlist on the system image. Please bundle the allowlist in the com.android.mediaprovider APEX instead.
04-16 19:04:50.479 562 645 W PermissionManager: Package com.android.providers.media.module is an APK in APEX, but has permission allowlist on the system image. Please bundle the allowlist in the com.android.mediaprovider APEX instead.
04-16 19:04:50.479 562 645 W PermissionManager: Package com.android.providers.media.module is an APK in APEX, but has permission allowlist on the system image. Please bundle the allowlist in the com.android.mediaprovider APEX instead.
04-16 19:04:50.479 562 645 W PermissionManager: Package com.android.providers.media.module is an APK in APEX, but has permission allowlist on the system image. Please bundle the allowlist in the com.android.mediaprovider APEX instead.
04-16 19:04:50.479 562 645 W PermissionManager: Package com.android.providers.media.module is an APK in APEX, but has permission allowlist on the system image. Please bundle the allowlist in the com.android.mediaprovider APEX instead.
04-16 19:04:50.578 562 562 V SystemServerTiming: Permission_callback_waiting-0 took to complete: 17683ms
04-16 19:04:50.583 562 562 V SystemServerTiming: Permission_grant_default_permissions-0 took to complete: 17708ms
04-16 19:04:50.587 562 562 D SystemServerTiming: Permission_synchronize_permissions-0
04-16 19:04:50.589 1002 1020 I PermissionControllerServiceImpl: Updating user sensitive for user 0
04-16 19:04:50.597 562 562 D SystemServerTiming: Permission_synchronize_addPackages-0
04-16 19:04:50.851 562 562 V SystemServerTiming: Permission_synchronize_addPackages-0 took to complete: 254ms
04-16 19:04:50.851 562 562 D SystemServerTiming: Permission_syncPackages-0
04-16 19:04:50.867 562 562 V StorageManagerService: Package null has legacy storage
04-16 19:04:50.892 562 562 V StorageManagerService: Package null has legacy storage
04-16 19:04:50.939 562 562 V StorageManagerService: Package null does not have legacy storage
04-16 19:04:50.945 562 562 V StorageManagerService: Package null does not have legacy storage
04-16 19:04:50.946 562 562 V StorageManagerService: Package null does not have legacy storage
04-16 19:04:50.947 562 562 V StorageManagerService: Package null does not have legacy storage
04-16 19:04:50.947 562 562 V StorageManagerService: Package null does not have legacy storage
04-16 19:04:50.953 562 562 V StorageManagerService: Package null does not have legacy storage
04-16 19:04:50.960 562 562 V StorageManagerService: Package null does not have legacy storage
04-16 19:04:50.961 562 562 V StorageManagerService: Package null does not have legacy storage
04-16 19:04:50.963 562 562 V StorageManagerService: Package null does not have legacy storage
04-16 19:04:50.969 562 562 V StorageManagerService: Package null does not have legacy storage
04-16 19:04:50.977 562 562 V StorageManagerService: Package null does not have legacy storage
04-16 19:04:50.995 562 562 V StorageManagerService: Package null does not have legacy storage
04-16 19:04:51.003 562 562 V StorageManagerService: Package null does not have legacy storage
04-16 19:04:51.011 562 562 V StorageManagerService: Package null does not have legacy storage
04-16 19:04:51.017 562 562 V StorageManagerService: Package null does not have legacy storage
04-16 19:04:51.019 562 562 V StorageManagerService: Package null does not have legacy storage
04-16 19:04:51.022 562 562 V StorageManagerService: Package null does not have legacy storage
04-16 19:04:51.023 562 562 V StorageManagerService: Package null does not have legacy storage
04-16 19:04:51.023 562 562 V StorageManagerService: Package null does not have legacy storage
04-16 19:04:51.027 562 562 V StorageManagerService: Package null does not have legacy storage
04-16 19:04:51.030 562 562 V StorageManagerService: Package null does not have legacy storage
04-16 19:04:51.034 562 562 V StorageManagerService: Package null does not have legacy storage
04-16 19:04:51.037 562 562 V SystemServerTiming: Permission_syncPackages-0 took to complete: 185ms
04-16 19:04:51.038 562 562 V SystemServerTiming: Permission_synchronize_permissions-0 took to complete: 451ms
04-16 19:04:51.038 562 562 D SystemServerTiming: Permission_onInitialized-0
04-16 19:04:51.039 562 562 I PermissionManager: Permission ownership changed. Updating all permissions.
04-16 19:04:51.043 562 562 W PermissionManager: Package com.android.adservices.api is an APK in APEX, but has permission allowlist on the system image. Please bundle the allowlist in the com.android.adservices APEX instead.
04-16 19:04:51.430 562 562 W PermissionManager: Package com.android.providers.media.module is an APK in APEX, but has permission allowlist on the system image. Please bundle the allowlist in the com.android.mediaprovider APEX instead.
04-16 19:04:51.431 562 562 W PermissionManager: Package com.android.providers.media.module is an APK in APEX, but has permission allowlist on the system image. Please bundle the allowlist in the com.android.mediaprovider APEX instead.
04-16 19:04:51.431 562 562 W PermissionManager: Package com.android.providers.media.module is an APK in APEX, but has permission allowlist on the system image. Please bundle the allowlist in the com.android.mediaprovider APEX instead.
04-16 19:04:51.448 562 562 W PermissionManager: Package com.android.providers.media.module is an APK in APEX, but has permission allowlist on the system image. Please bundle the allowlist in the com.android.mediaprovider APEX instead.
04-16 19:04:51.449 562 562 W PermissionManager: Package com.android.providers.media.module is an APK in APEX, but has permission allowlist on the system image. Please bundle the allowlist in the com.android.mediaprovider APEX instead.
04-16 19:04:51.449 562 562 W PermissionManager: Package com.android.providers.media.module is an APK in APEX, but has permission allowlist on the system image. Please bundle the allowlist in the com.android.mediaprovider APEX instead.
04-16 19:04:51.449 562 562 W PermissionManager: Package com.android.providers.media.module is an APK in APEX, but has permission allowlist on the system image. Please bundle the allowlist in the com.android.mediaprovider APEX instead.
04-16 19:04:51.450 562 562 W PermissionManager: Package com.android.providers.media.module is an APK in APEX, but has permission allowlist on the system image. Please bundle the allowlist in the com.android.mediaprovider APEX instead.
04-16 19:04:51.450 562 562 W PermissionManager: Package com.android.providers.media.module is an APK in APEX, but has permission allowlist on the system image. Please bundle the allowlist in the com.android.mediaprovider APEX instead.
04-16 19:04:51.451 562 562 W PermissionManager: Package com.android.providers.media.module is an APK in APEX, but has permission allowlist on the system image. Please bundle the allowlist in the com.android.mediaprovider APEX instead.
04-16 19:04:51.451 562 562 W PermissionManager: Package com.android.providers.media.module is an APK in APEX, but has permission allowlist on the system image. Please bundle the allowlist in the com.android.mediaprovider APEX instead.
04-16 19:04:51.451 562 562 W PermissionManager: Package com.android.providers.media.module is an APK in APEX, but has permission allowlist on the system image. Please bundle the allowlist in the com.android.mediaprovider APEX instead.
04-16 19:04:51.460 562 562 W PermissionManager: Package com.android.providers.media.module is an APK in APEX, but has permission allowlist on the system image. Please bundle the allowlist in the com.android.mediaprovider APEX instead.
04-16 19:04:51.466 562 585 W Looper : Slow delivery took 230ms android.fg h=android.os.Handler c= m=0
04-16 19:04:51.593 562 562 V SystemServerTiming: Permission_onInitialized-0 took to complete: 555ms
04-16 19:04:51.594 562 562 W SystemServiceManager: Service com.android.server.policy.PermissionPolicyService took 18719 ms in onBootPhase
04-16 19:04:51.595 562 562 V SystemServerTiming: OnBootPhase_550_com.android.server.policy.PermissionPolicyService took to complete: 18720ms
04-16 19:04:51.595 562 562 D SystemServerTiming: OnBootPhase_550_com.android.server.pm.StagingManager$Lifecycle
04-16 19:04:51.595 562 562 V SystemServerTiming: OnBootPhase_550_com.android.server.pm.StagingManager$Lifecycle took to complete: 0ms
04-16 19:04:51.595 562 562 D SystemServerTiming: OnBootPhase_550_com.android.server.app.GameManagerService$Lifecycle
04-16 19:04:51.608 562 562 V SystemServerTiming: OnBootPhase_550_com.android.server.app.GameManagerService$Lifecycle took to complete: 0ms
04-16 19:04:51.608 562 562 D SystemServerTiming: OnBootPhase_550_com.android.safetycenter.SafetyCenterService
04-16 19:04:51.608 562 562 V SystemServerTiming: OnBootPhase_550_com.android.safetycenter.SafetyCenterService took to complete: 0ms
04-16 19:04:51.608 562 562 D SystemServerTiming: OnBootPhase_550_com.android.server.appsearch.AppSearchModule$Lifecycle
04-16 19:04:51.609 562 562 V SystemServerTiming: OnBootPhase_550_com.android.server.appsearch.AppSearchModule$Lifecycle took to complete: 0ms
04-16 19:04:51.609 562 562 D SystemServerTiming: OnBootPhase_550_com.android.server.media.MediaCommunicationService
04-16 19:04:51.609 562 562 V SystemServerTiming: OnBootPhase_550_com.android.server.media.MediaCommunicationService took to complete: 0ms
04-16 19:04:51.609 562 562 D SystemServerTiming: OnBootPhase_550_com.android.server.compat.overrides.AppCompatOverridesService$Lifecycle
04-16 19:04:51.609 562 562 V SystemServerTiming: OnBootPhase_550_com.android.server.compat.overrides.AppCompatOverridesService$Lifecycle took to complete: 0ms
04-16 19:04:51.609 562 562 D SystemServerTiming: OnBootPhase_550_com.android.server.healthconnect.HealthConnectManagerService
04-16 19:04:51.609 562 562 V SystemServerTiming: OnBootPhase_550_com.android.server.healthconnect.HealthConnectManagerService took to complete: 0ms
04-16 19:04:51.609 562 562 V SystemServerTiming: OnBootPhase_550 took to complete: 20399ms
04-16 19:04:51.609 562 562 V SystemServerTiming: StartActivityManagerReadyPhase took to complete: 20400ms
04-16 19:04:51.615 562 562 D SystemServerTiming: StartObservingNativeCrashes
04-16 19:04:51.625 562 562 V SystemServerTiming: StartObservingNativeCrashes took to complete: 10ms
04-16 19:04:51.626 562 562 D SystemServerTiming: RegisterAppOpsPolicy
04-16 19:04:51.651 562 562 V SystemServerTiming: RegisterAppOpsPolicy took to complete: 25ms
04-16 19:04:51.665 562 562 D SystemServerTiming: MakeNetworkManagementServiceReady
04-16 19:04:51.665 562 562 W NetworkManagement: setDataSaverMode(): already false
04-16 19:04:51.666 562 592 D SystemServerTimingAsync: InitThreadPoolExec:WebViewFactoryPreparation
04-16 19:04:51.667 562 592 D SystemServerInitThreadPool: Started executing WebViewFactoryPreparation
04-16 19:04:51.667 562 592 I SystemServer: WebViewFactoryPreparation
04-16 19:04:51.667 562 592 D SystemServerTimingAsync: WebViewFactoryPreparation
04-16 19:04:51.672 349 420 I netd : firewallSetFirewallType(1) <0.08ms>
04-16 19:04:51.699 562 604 W BatteryExternalStatsWorker: error reading modem stats:ERROR_PHONE_NOT_AVAILABLE
04-16 19:04:51.705 562 562 V SystemServerTiming: MakeNetworkManagementServiceReady took to complete: 40ms
04-16 19:04:51.715 562 562 D SystemServerTiming: MakeConnectivityServiceReady
04-16 19:04:51.722 562 907 D PermissionMonitor: Monitoring
04-16 19:04:51.928 562 585 W Looper : Slow dispatch took 244ms android.fg h=android.os.Handler c= m=0
04-16 19:04:51.947 349 420 I netd : registerUnsolicitedEventListener() <59.33ms>
04-16 19:04:52.046 562 592 W ActivityManager: Slow operation: 234ms so far, now at startProcess: done creating new process record
04-16 19:04:52.046 562 592 W ActivityManager: Slow operation: 234ms so far, now at startProcess: stepping in to startProcess
04-16 19:04:52.067 562 592 E AppOps : Bad call made by uid 1000. Package "android" does not belong to uid 1037.
04-16 19:04:52.080 562 585 W Looper : Slow dispatch took 130ms android.fg h=android.os.Handler c= m=0
04-16 19:04:52.137 562 898 W NetworkPolicy: setRestrictBackgroundUL: already false
04-16 19:04:52.158 562 592 E AppOps : Cannot checkOperation
04-16 19:04:52.158 562 592 E AppOps : java.lang.SecurityException: Specified package "android" under uid 1037 but it is not
04-16 19:04:52.158 562 592 E AppOps : at com.android.server.appop.AppOpsService.verifyAndGetBypass(AppOpsService.java:3886)
04-16 19:04:52.158 562 592 E AppOps : at com.android.server.appop.AppOpsService.verifyAndGetBypass(AppOpsService.java:3746)
04-16 19:04:52.158 562 592 E AppOps : at com.android.server.appop.AppOpsService.verifyAndGetBypass(AppOpsService.java:3738)
04-16 19:04:52.158 562 592 E AppOps : at com.android.server.appop.AppOpsService.checkOperationUnchecked(AppOpsService.java:2417)
04-16 19:04:52.158 562 592 E AppOps : at com.android.server.appop.AppOpsService.checkOperationImpl(AppOpsService.java:2400)
04-16 19:04:52.158 562 592 E AppOps : at com.android.server.appop.AppOpsService.-$$Nest$mcheckOperationImpl(AppOpsService.java:0)
04-16 19:04:52.158 562 592 E AppOps : at com.android.server.appop.AppOpsService$CheckOpsDelegateDispatcher.$r8$lambda$fx57Sum-uA3sXo7NCFwrI3iq4WM(AppOpsService.java:0)
04-16 19:04:52.158 562 592 E AppOps : at com.android.server.appop.AppOpsService$CheckOpsDelegateDispatcher$$ExternalSyntheticLambda9.apply(R8$$SyntheticClass:0)
04-16 19:04:52.158 562 592 E AppOps : at com.android.server.policy.AppOpsPolicy.checkOperation(AppOpsPolicy.java:221)
04-16 19:04:52.158 562 592 E AppOps : at com.android.server.appop.AppOpsService$CheckOpsDelegateDispatcher.checkOperation(AppOpsService.java:6389)
04-16 19:04:52.158 562 592 E AppOps : at com.android.server.appop.AppOpsService.checkOperation(AppOpsService.java:2385)
04-16 19:04:52.158 562 592 E AppOps : at com.android.server.StorageManagerService$StorageManagerInternalImpl.hasExternalStorageAccess(StorageManagerService.java:4717)
04-16 19:04:52.158 562 592 E AppOps : at com.android.server.am.ProcessList.startProcessLocked(ProcessList.java:1778)
04-16 19:04:52.158 562 592 E AppOps : at com.android.server.am.ProcessList.startProcessLocked(ProcessList.java:2483)
04-16 19:04:52.158 562 592 E AppOps : at com.android.server.am.ProcessList.startProcessLocked(ProcessList.java:2628)
04-16 19:04:52.158 562 592 E AppOps : at com.android.server.am.ActivityManagerService.startIsolatedProcess(ActivityManagerService.java:2894)
04-16 19:04:52.158 562 592 E AppOps : at com.android.server.am.ActivityManagerService$LocalService.startIsolatedProcess(ActivityManagerService.java:17372)
04-16 19:04:52.158 562 592 E AppOps : at android.webkit.WebViewLibraryLoader.createRelroFile(WebViewLibraryLoader.java:126)
04-16 19:04:52.158 562 592 E AppOps : at android.webkit.WebViewLibraryLoader.createRelros(WebViewLibraryLoader.java:170)
04-16 19:04:52.158 562 592 E AppOps : at android.webkit.WebViewLibraryLoader.prepareNativeLibraries(WebViewLibraryLoader.java:152)
04-16 19:04:52.158 562 592 E AppOps : at android.webkit.WebViewFactory.onWebViewProviderChanged(WebViewFactory.java:555)
04-16 19:04:52.158 562 592 E AppOps : at com.android.server.webkit.SystemImpl.onWebViewProviderChanged(SystemImpl.java:174)
04-16 19:04:52.158 562 592 E AppOps : at com.android.server.webkit.WebViewUpdateServiceImpl.onWebViewProviderChanged(WebViewUpdateServiceImpl.java:351)
