04-16 19:04:05.506 698 792 I artd : Running dex2oat: /apex/com.android.art/bin/art_exec --drop-capabilities --keep-fds=7:8:9:10 -- /apex/com.android.art/bin/dex2oat64 --zip-fd=7 --zip-location=/apex/com.android.ondevicepersonalization/app/OnDevicePersonalization@UE1A.230829.036.A1/OnDevicePersonalization.apk --oat-fd=8 --oat-location=/data/dalvik-cache/x86_64/apex@com.android.ondevicepersonalization@app@OnDevicePersonalization@UE1A.230829.036.A1@OnDevicePersonalization.apk@classes.dex --output-vdex-fd=9 --swap-fd=10 --class-loader-context=PCL[] --classpath-dir=/apex/com.android.ondevicepersonalization/app/OnDevicePersonalization@UE1A.230829.036.A1 --instruction-set=x86_64 --instruction-set-features=default --instruction-set-variant=x86_64 --compiler-filter=verify --compilation-reason=first-boot --compact-dex-level=none --max-image-block-size=524288 --resolve-startup-const-strings=true --generate-mini-debug-info --runtime-arg -Xtarget-sdk-version:34 --runtime-arg -Xms64m --runtime-arg -Xmx512m --comments=app-version-name:T-initial,app-version-code:1,art-version:342090000
04-16 19:04:05.506 698 792 I artd : Opened FDs: 7:/apex/com.android.ondevicepersonalization/app/OnDevicePersonalization@UE1A.230829.036.A1/OnDevicePersonalization.apk 8:/data/dalvik-cache/x86_64/apex@com.android.ondevicepersonalization@app@OnDevicePersonalization@UE1A.230829.036.A1@OnDevicePersonalization.apk@classes.dex.IpqgQe.tmp 9:/data/dalvik-cache/x86_64/apex@com.android.ondevicepersonalization@app@OnDevicePersonalization@UE1A.230829.036.A1@OnDevicePersonalization.apk@classes.vdex.ICJpd3.tmp 10:/data/dalvik-cache/x86_64/apex@com.android.ondevicepersonalization@app@OnDevicePersonalization@UE1A.230829.036.A1@OnDevicePersonalization.apk@classes.dex.swap.fUSlXf.tmp
04-16 19:04:05.861 866 866 W dex2oat64: Unexpected CPU variant for x86: x86_64.
04-16 19:04:05.861 866 866 W dex2oat64: Known variants: atom, sandybridge, silvermont, goldmont, goldmont-plus, tremont, kabylake, default
04-16 19:04:05.890 866 866 W dex2oat64: Mismatch between dex2oat instruction set features to use (ISA: X86_64 Feature string: -ssse3,-sse4.1,-sse4.2,-avx,-avx2,-popcnt) and those from CPP defines (ISA: X86_64 Feature string: ssse3,sse4.1,sse4.2,-avx,-avx2,popcnt) for the command line:
04-16 19:04:05.890 866 866 W dex2oat64: /apex/com.android.art/bin/dex2oat64 --zip-fd=7 --zip-location=/apex/com.android.ondevicepersonalization/app/OnDevicePersonalization@UE1A.230829.036.A1/OnDevicePersonalization.apk --oat-fd=8 --oat-location=/data/dalvik-cache/x86_64/apex@com.android.ondevicepersonalization@app@OnDevicePersonalization@UE1A.230829.036.A1@OnDevicePersonalization.apk@classes.dex --output-vdex-fd=9 --swap-fd=10 --class-loader-context=PCL[] --classpath-dir=/apex/com.android.ondevicepersonalization/app/OnDevicePersonalization@UE1A.230829.036.A1 --instruction-set=x86_64 --instruction-set-features=default --instruction-set-variant=x86_64 --compiler-filter=verify --compilation-reason=first-boot --compact-dex-level=none --max-image-block-size=524288 --resolve-startup-const-strings=true --generate-mini-debug-info --runtime-arg -Xtarget-sdk-version:34 --runtime-arg -Xms64m --runtime-arg -Xmx512m --comments=app-version-name:T-initial,app-version-code:1,art-version:342090000
04-16 19:04:05.895 866 866 I dex2oat64: /apex/com.android.art/bin/dex2oat64 --output-vdex-fd=9 --class-loader-context=PCL[] --classpath-dir=/apex/com.android.ondevicepersonalization/app/OnDevicePersonalization@UE1A.230829.036.A1 --compiler-filter=verify --compilation-reason=first-boot --compact-dex-level=none --max-image-block-size=524288 --resolve-startup-const-strings=true --generate-mini-debug-info --comments=app-version-name:T-initial,app-version-code:1,art-version:342090000
04-16 19:04:05.979 866 866 I dex2oat64: Using CollectorTypeCC GC.
04-16 19:04:08.144 866 866 I dex2oat64: dex2oat took 2.314s (5.245s cpu) (threads: 4) arena alloc=0B (0B) java alloc=1149KB (1176960B) native alloc=1591KB (1629184B) free=1325KB (1357488B)
04-16 19:04:08.169 698 792 I artd : dex2oat returned code 0
04-16 19:04:08.173 562 696 I ArtService: Dexopt result: [packageName = com.android.ondevicepersonalization.services] DexContainerFileDexoptResult{dexContainerFile=/apex/com.android.ondevicepersonalization/app/OnDevicePersonalization@UE1A.230829.036.A1/OnDevicePersonalization.apk, primaryAbi=true, abi=x86_64, actualCompilerFilter=verify, status=PERFORMED, dex2oatWallTimeMillis=2660, dex2oatCpuTimeMillis=5560, sizeBytes=83664, sizeBeforeBytes=0}
04-16 19:04:08.181 698 792 W ziparchive: Unable to open '/apex/com.android.btservices/app/Bluetooth@UE1A.230829.036.A1/Bluetooth.dm': No such file or directory
04-16 19:04:08.181 698 792 W ziparchive: Unable to open '/apex/com.android.btservices/app/Bluetooth@UE1A.230829.036.A1/Bluetooth.dm': No such file or directory
04-16 19:04:08.195 698 792 I artd : Running dex2oat: /apex/com.android.art/bin/art_exec --drop-capabilities --keep-fds=7:8:9:10 -- /apex/com.android.art/bin/dex2oat64 --zip-fd=7 --zip-location=/apex/com.android.btservices/app/Bluetooth@UE1A.230829.036.A1/Bluetooth.apk --oat-fd=8 --oat-location=/data/dalvik-cache/x86_64/apex@com.android.btservices@app@Bluetooth@UE1A.230829.036.A1@Bluetooth.apk@classes.dex --output-vdex-fd=9 --swap-fd=10 --class-loader-context=PCL[] --classpath-dir=/apex/com.android.btservices/app/Bluetooth@UE1A.230829.036.A1 --instruction-set=x86_64 --instruction-set-features=default --instruction-set-variant=x86_64 --compiler-filter=verify --compilation-reason=first-boot --compact-dex-level=none --max-image-block-size=524288 --resolve-startup-const-strings=true --generate-mini-debug-info --runtime-arg -Xtarget-sdk-version:34 --runtime-arg -Xms64m --runtime-arg -Xmx512m --comments=app-version-name:14,app-version-code:34,art-version:342090000
04-16 19:04:08.195 698 792 I artd : Opened FDs: 7:/apex/com.android.btservices/app/Bluetooth@UE1A.230829.036.A1/Bluetooth.apk 8:/data/dalvik-cache/x86_64/apex@com.android.btservices@app@Bluetooth@UE1A.230829.036.A1@Bluetooth.apk@classes.dex.faPvJi.tmp 9:/data/dalvik-cache/x86_64/apex@com.android.btservices@app@Bluetooth@UE1A.230829.036.A1@Bluetooth.apk@classes.vdex.P1jONa.tmp 10:/data/dalvik-cache/x86_64/apex@com.android.btservices@app@Bluetooth@UE1A.230829.036.A1@Bluetooth.apk@classes.dex.swap.kWu4Ff.tmp
04-16 19:04:08.534 874 874 W dex2oat64: Unexpected CPU variant for x86: x86_64.
04-16 19:04:08.534 874 874 W dex2oat64: Known variants: atom, sandybridge, silvermont, goldmont, goldmont-plus, tremont, kabylake, default
04-16 19:04:08.561 874 874 W dex2oat64: Mismatch between dex2oat instruction set features to use (ISA: X86_64 Feature string: -ssse3,-sse4.1,-sse4.2,-avx,-avx2,-popcnt) and those from CPP defines (ISA: X86_64 Feature string: ssse3,sse4.1,sse4.2,-avx,-avx2,popcnt) for the command line:
04-16 19:04:08.561 874 874 W dex2oat64: /apex/com.android.art/bin/dex2oat64 --zip-fd=7 --zip-location=/apex/com.android.btservices/app/Bluetooth@UE1A.230829.036.A1/Bluetooth.apk --oat-fd=8 --oat-location=/data/dalvik-cache/x86_64/apex@com.android.btservices@app@Bluetooth@UE1A.230829.036.A1@Bluetooth.apk@classes.dex --output-vdex-fd=9 --swap-fd=10 --class-loader-context=PCL[] --classpath-dir=/apex/com.android.btservices/app/Bluetooth@UE1A.230829.036.A1 --instruction-set=x86_64 --instruction-set-features=default --instruction-set-variant=x86_64 --compiler-filter=verify --compilation-reason=first-boot --compact-dex-level=none --max-image-block-size=524288 --resolve-startup-const-strings=true --generate-mini-debug-info --runtime-arg -Xtarget-sdk-version:34 --runtime-arg -Xms64m --runtime-arg -Xmx512m --comments=app-version-name:14,app-version-code:34,art-version:342090000
04-16 19:04:08.566 874 874 I dex2oat64: /apex/com.android.art/bin/dex2oat64 --output-vdex-fd=9 --class-loader-context=PCL[] --classpath-dir=/apex/com.android.btservices/app/Bluetooth@UE1A.230829.036.A1 --compiler-filter=verify --compilation-reason=first-boot --compact-dex-level=none --max-image-block-size=524288 --resolve-startup-const-strings=true --generate-mini-debug-info --comments=app-version-name:14,app-version-code:34,art-version:342090000
04-16 19:04:08.673 874 874 I dex2oat64: Using CollectorTypeCC GC.
04-16 19:04:11.948 874 874 I dex2oat64: dex2oat took 3.438s (8.856s cpu) (threads: 4) arena alloc=0B (0B) java alloc=1524KB (1560832B) native alloc=1746KB (1788464B) free=1113KB (1139712B)
04-16 19:04:11.991 698 792 I artd : dex2oat returned code 0
04-16 19:04:11.998 562 696 I ArtService: Dexopt result: [packageName = com.android.bluetooth] DexContainerFileDexoptResult{dexContainerFile=/apex/com.android.btservices/app/Bluetooth@UE1A.230829.036.A1/Bluetooth.apk, primaryAbi=true, abi=x86_64, actualCompilerFilter=verify, status=PERFORMED, dex2oatWallTimeMillis=3792, dex2oatCpuTimeMillis=9180, sizeBytes=68800, sizeBeforeBytes=0}
04-16 19:04:12.013 698 792 W ziparchive: Unable to open '/apex/com.android.devicelock/priv-app/DeviceLockController@UE1A.230829.036.A1/DeviceLockController.dm': No such file or directory
04-16 19:04:12.013 698 792 W ziparchive: Unable to open '/apex/com.android.devicelock/priv-app/DeviceLockController@UE1A.230829.036.A1/DeviceLockController.dm': No such file or directory
04-16 19:04:12.033 698 792 I artd : Running dex2oat: /apex/com.android.art/bin/art_exec --drop-capabilities --keep-fds=7:8:9:10:11 -- /apex/com.android.art/bin/dex2oat64 --zip-fd=7 --zip-location=/apex/com.android.devicelock/priv-app/DeviceLockController@UE1A.230829.036.A1/DeviceLockController.apk --oat-fd=8 --oat-location=/data/dalvik-cache/x86_64/apex@com.android.devicelock@priv-app@DeviceLockController@UE1A.230829.036.A1@DeviceLockController.apk@classes.dex --output-vdex-fd=9 --swap-fd=10 --class-loader-context-fds=11 --class-loader-context=PCL[]{PCL[/system/framework/org.apache.http.legacy.jar]} --classpath-dir=/apex/com.android.devicelock/priv-app/DeviceLockController@UE1A.230829.036.A1 --instruction-set=x86_64 --instruction-set-features=default --instruction-set-variant=x86_64 --compiler-filter=verify --compilation-reason=first-boot --compact-dex-level=none --max-image-block-size=524288 --resolve-startup-const-strings=true --generate-mini-debug-info --runtime-arg -Xtarget-sdk-version:34 --runtime-arg -Xms64m --runtime-arg -Xmx512m --comments=app-version-name:14,app-version-code:34,art-version:342090000
04-16 19:04:12.033 698 792 I artd : Opened FDs: 7:/apex/com.android.devicelock/priv-app/DeviceLockController@UE1A.230829.036.A1/DeviceLockController.apk 8:/data/dalvik-cache/x86_64/apex@com.android.devicelock@priv-app@DeviceLockController@UE1A.230829.036.A1@DeviceLockController.apk@classes.dex.ccaAh9.tmp 9:/data/dalvik-cache/x86_64/apex@com.android.devicelock@priv-app@DeviceLockController@UE1A.230829.036.A1@DeviceLockController.apk@classes.vdex.EmCS89.tmp 10:/data/dalvik-cache/x86_64/apex@com.android.devicelock@priv-app@DeviceLockController@UE1A.230829.036.A1@DeviceLockController.apk@classes.dex.swap.y1bTVf.tmp 11:/system/framework/org.apache.http.legacy.jar
04-16 19:04:12.485 882 882 W dex2oat64: Unexpected CPU variant for x86: x86_64.
04-16 19:04:12.485 882 882 W dex2oat64: Known variants: atom, sandybridge, silvermont, goldmont, goldmont-plus, tremont, kabylake, default
04-16 19:04:12.538 882 882 W dex2oat64: Mismatch between dex2oat instruction set features to use (ISA: X86_64 Feature string: -ssse3,-sse4.1,-sse4.2,-avx,-avx2,-popcnt) and those from CPP defines (ISA: X86_64 Feature string: ssse3,sse4.1,sse4.2,-avx,-avx2,popcnt) for the command line:
04-16 19:04:12.538 882 882 W dex2oat64: /apex/com.android.art/bin/dex2oat64 --zip-fd=7 --zip-location=/apex/com.android.devicelock/priv-app/DeviceLockController@UE1A.230829.036.A1/DeviceLockController.apk --oat-fd=8 --oat-location=/data/dalvik-cache/x86_64/apex@com.android.devicelock@priv-app@DeviceLockController@UE1A.230829.036.A1@DeviceLockController.apk@classes.dex --output-vdex-fd=9 --swap-fd=10 --class-loader-context-fds=11 --class-loader-context=PCL[]{PCL[/system/framework/org.apache.http.legacy.jar]} --classpath-dir=/apex/com.android.devicelock/priv-app/DeviceLockController@UE1A.230829.036.A1 --instruction-set=x86_64 --instruction-set-features=default --instruction-set-variant=x86_64 --compiler-filter=verify --compilation-reason=first-boot --compact-dex-level=none --max-image-block-size=524288 --resolve-startup-const-strings=true --generate-mini-debug-info --runtime-arg -Xtarget-sdk-version:34 --runtime-arg -Xms64m --runtime-arg -Xmx512m --comments=app-version-name:14,app-version-code:34,art-version:342090000
04-16 19:04:12.550 882 882 I dex2oat64: /apex/com.android.art/bin/dex2oat64 --output-vdex-fd=9 --class-loader-context-fds=11 --class-loader-context=PCL[]{PCL[/system/framework/org.apache.http.legacy.jar]} --classpath-dir=/apex/com.android.devicelock/priv-app/DeviceLockController@UE1A.230829.036.A1 --compiler-filter=verify --compilation-reason=first-boot --compact-dex-level=none --max-image-block-size=524288 --resolve-startup-const-strings=true --generate-mini-debug-info --comments=app-version-name:14,app-version-code:34,art-version:342090000
04-16 19:04:12.925 882 882 I dex2oat64: Using CollectorTypeCC GC.
04-16 19:04:18.095 882 882 I dex2oat64: dex2oat took 5.650s (14.163s cpu) (threads: 4) arena alloc=0B (0B) java alloc=3893KB (3987408B) native alloc=2097KB (2147920B) free=1007KB (1031200B)
04-16 19:04:18.129 698 792 I artd : dex2oat returned code 0
04-16 19:04:18.134 562 696 I ArtService: Dexopt result: [packageName = com.android.devicelockcontroller] DexContainerFileDexoptResult{dexContainerFile=/apex/com.android.devicelock/priv-app/DeviceLockController@UE1A.230829.036.A1/DeviceLockController.apk, primaryAbi=true, abi=x86_64, actualCompilerFilter=verify, status=PERFORMED, dex2oatWallTimeMillis=6100, dex2oatCpuTimeMillis=14570, sizeBytes=118524, sizeBeforeBytes=0}
04-16 19:04:18.159 562 562 I Watchdog: Resuming HandlerChecker: main thread for reason: dexopt. Pause count: 0
04-16 19:04:18.163 562 562 V SystemServerTiming: UpdatePackagesIfNeeded took to complete: 93938ms
04-16 19:04:18.163 562 562 D SystemServerTiming: PerformFstrimIfNeeded
04-16 19:04:18.175 562 562 W PackageManager: No disk maintenance in 1776366258175; running immediately
04-16 19:04:18.177 562 562 V SystemServerTiming: PerformFstrimIfNeeded took to complete: 14ms
04-16 19:04:18.177 562 562 D SystemServerTiming: StartLockSettingsService
04-16 19:04:18.179 562 562 I SystemServiceManager: Starting com.android.server.locksettings.LockSettingsService$Lifecycle
04-16 19:04:18.181 562 691 I StorageManagerService: Running fstrim idle maintenance
04-16 19:04:18.211 0 0 I servicemanager: Could not find android.hardware.boot.IBootControl/default in the VINTF manifest.
04-16 19:04:18.213 166 166 I vold : AIDL IBootControl not available, falling back to HIDL.
04-16 19:04:18.241 153 153 I hwservicemanager: getTransport: Cannot find entry android.hardware.boot@1.0::IBootControl/default in either framework or device VINTF manifest.
04-16 19:04:18.243 166 166 E vold : Error getting bootctrl v1.0 module.
04-16 19:04:18.297 166 892 D vold : Starting trim of /data
04-16 19:04:18.303 166 892 W vold : Trim failed on /data: Operation not supported on transport endpoint
04-16 19:04:18.306 166 892 D vold : Starting trim of /metadata
04-16 19:04:18.307 166 892 W vold : Trim failed on /metadata: Operation not supported on transport endpoint
04-16 19:04:18.504 562 562 W SystemServiceManager: Service com.android.server.locksettings.LockSettingsService$Lifecycle took 325 ms in onStart
04-16 19:04:18.508 562 562 V SystemServerTiming: StartLockSettingsService took to complete: 330ms
04-16 19:04:18.509 562 562 D SystemServerTiming: StartTestHarnessMode
04-16 19:04:18.510 562 562 I SystemServiceManager: Starting com.android.server.testharness.TestHarnessModeService
04-16 19:04:18.516 562 562 V SystemServerTiming: StartTestHarnessMode took to complete: 7ms
04-16 19:04:18.522 153 153 I hwservicemanager: getTransport: Cannot find entry android.hardware.oemlock@1.0::IOemLock/default in either framework or device VINTF manifest.
04-16 19:04:18.525 562 562 I OemLock : OemLock Hidl HAL not present on device
04-16 19:04:18.533 562 562 D SystemServerTiming: StartDeviceIdleController
04-16 19:04:18.535 562 562 I SystemServiceManager: Starting com.android.server.DeviceIdleController
04-16 19:04:18.539 0 0 I servicemanager: Could not find android.hardware.oemlock.IOemLock/default in the VINTF manifest.
04-16 19:04:18.631 562 562 W SystemServiceManager: Service com.android.server.DeviceIdleController took 79 ms in onStart
04-16 19:04:18.633 562 562 V SystemServerTiming: StartDeviceIdleController took to complete: 100ms
04-16 19:04:18.640 562 562 D SystemServerTiming: StartDevicePolicyManager
04-16 19:04:18.641 562 562 I SystemServiceManager: Starting com.android.server.devicepolicy.DevicePolicyManagerService$Lifecycle
04-16 19:04:18.773 562 562 E DevicePolicyManager: Error reading version
04-16 19:04:18.773 562 562 E DevicePolicyManager: java.nio.file.NoSuchFileException: /data/system/device_policies_version
04-16 19:04:18.773 562 562 E DevicePolicyManager: at sun.nio.fs.UnixFileSystemProvider.newByteChannel(UnixFileSystemProvider.java:220)
04-16 19:04:18.773 562 562 E DevicePolicyManager: at java.nio.file.Files.newByteChannel(Files.java:361)
04-16 19:04:18.773 562 562 E DevicePolicyManager: at java.nio.file.Files.newByteChannel(Files.java:407)
04-16 19:04:18.773 562 562 E DevicePolicyManager: at java.nio.file.spi.FileSystemProvider.newInputStream(FileSystemProvider.java:384)
04-16 19:04:18.773 562 562 E DevicePolicyManager: at java.nio.file.Files.newInputStream(Files.java:152)
04-16 19:04:18.773 562 562 E DevicePolicyManager: at java.nio.file.Files.newBufferedReader(Files.java:2784)
04-16 19:04:18.773 562 562 E DevicePolicyManager: at java.nio.file.Files.readAllLines(Files.java:3202)
04-16 19:04:18.773 562 562 E DevicePolicyManager: at com.android.server.devicepolicy.PolicyVersionUpgrader.readVersion(PolicyVersionUpgrader.java:307)
04-16 19:04:18.773 562 562 E DevicePolicyManager: at com.android.server.devicepolicy.PolicyVersionUpgrader.upgradePolicy(PolicyVersionUpgrader.java:71)
04-16 19:04:18.773 562 562 E DevicePolicyManager: at com.android.server.devicepolicy.DevicePolicyManagerService.performPolicyVersionUpgrade(DevicePolicyManagerService.java:3519)
04-16 19:04:18.773 562 562 E DevicePolicyManager: at com.android.server.devicepolicy.DevicePolicyManagerService.(DevicePolicyManagerService.java:2091)
04-16 19:04:18.773 562 562 E DevicePolicyManager: at com.android.server.devicepolicy.DevicePolicyManagerService.(DevicePolicyManagerService.java:2032)
04-16 19:04:18.773 562 562 E DevicePolicyManager: at com.android.server.devicepolicy.DevicePolicyManagerService$Lifecycle.(DevicePolicyManagerService.java:1068)
04-16 19:04:18.773 562 562 E DevicePolicyManager: at java.lang.reflect.Constructor.newInstance0(Native Method)
04-16 19:04:18.773 562 562 E DevicePolicyManager: at java.lang.reflect.Constructor.newInstance(Constructor.java:343)
04-16 19:04:18.773 562 562 E DevicePolicyManager: at com.android.server.SystemServiceManager.startService(SystemServiceManager.java:218)
04-16 19:04:18.773 562 562 E DevicePolicyManager: at com.android.server.SystemServer.startOtherServices(SystemServer.java:1872)
04-16 19:04:18.773 562 562 E DevicePolicyManager: at com.android.server.SystemServer.run(SystemServer.java:942)
04-16 19:04:18.773 562 562 E DevicePolicyManager: at com.android.server.SystemServer.main(SystemServer.java:664)
04-16 19:04:18.773 562 562 E DevicePolicyManager: at java.lang.reflect.Method.invoke(Native Method)
04-16 19:04:18.773 562 562 E DevicePolicyManager: at com.android.internal.os.RuntimeInit$MethodAndArgsCaller.run(RuntimeInit.java:552)
04-16 19:04:18.773 562 562 E DevicePolicyManager: at com.android.internal.os.ZygoteInit.main(ZygoteInit.java:949)
04-16 19:04:18.789 562 562 I DevicePolicyManager: Upgrading from version 0
04-16 19:04:18.789 562 562 I DevicePolicyManager: Upgrading from version 1
04-16 19:04:18.789 562 562 I DevicePolicyManager: Upgrading from version 2
04-16 19:04:18.790 562 562 I DevicePolicyManager: Upgrading from version 3
04-16 19:04:18.790 562 562 I DevicePolicyManager: Upgrading from version 4
04-16 19:04:18.790 562 562 I DevicePolicyManager: Keep profile running effective state set to false
04-16 19:04:18.890 562 562 D DevicePolicyManagerService: /data/system/updated_resources.xml doesn't exist
04-16 19:04:18.891 562 562 D DevicePolicyEngine: Reading device policies from file.
04-16 19:04:18.897 562 562 D DevicePolicyEngine: /data/system/device_policy_state.xml doesn't exist
04-16 19:04:18.908 562 562 V SystemServerTiming: StartDevicePolicyManager took to complete: 267ms
04-16 19:04:18.909 562 562 D SystemServerTiming: StartStatusBarManagerService
04-16 19:04:18.936 562 562 V SystemServerTiming: StartStatusBarManagerService took to complete: 27ms
04-16 19:04:18.937 562 562 D SystemServer: MusicRecognitionManagerService not defined by OEM or disabled by flag
04-16 19:04:18.939 562 562 D SystemServer: ContentCaptureService disabled because resource is not overlaid
04-16 19:04:18.945 562 562 D SystemServer: AttentionService is not configured on this device
04-16 19:04:18.947 562 562 D SystemServer: RotationResolverService is not configured on this device
04-16 19:04:18.947 562 562 D SystemServer: SystemCaptionsManagerService disabled because resource is not overlaid
04-16 19:04:18.947 562 562 D SystemServerTiming: StartTextToSpeechManagerService
04-16 19:04:18.953 562 562 I SystemServiceManager: Starting com.android.server.texttospeech.TextToSpeechManagerService
04-16 19:04:18.969 562 562 V SystemServerTiming: StartTextToSpeechManagerService took to complete: 21ms
04-16 19:04:18.969 562 562 D SystemServerTiming: StartAmbientContextService
04-16 19:04:18.970 562 562 I SystemServiceManager: Starting com.android.server.ambientcontext.AmbientContextManagerService
04-16 19:04:18.993 562 562 V SystemServerTiming: StartAmbientContextService took to complete: 24ms
04-16 19:04:18.993 562 562 D SystemServerTiming: startWearableSensingService
04-16 19:04:18.994 562 562 I SystemServiceManager: Starting com.android.server.wearable.WearableSensingManagerService
04-16 19:04:19.016 562 562 V SystemServerTiming: startWearableSensingService took to complete: 23ms
04-16 19:04:19.017 562 562 D SystemServerTiming: StartSpeechRecognitionManagerService
04-16 19:04:19.018 562 562 I SystemServiceManager: Starting com.android.server.speech.SpeechRecognitionManagerService
04-16 19:04:19.028 562 562 V SystemServerTiming: StartSpeechRecognitionManagerService took to complete: 11ms
04-16 19:04:19.029 562 562 D SystemServer: AppPredictionService not defined by OEM
04-16 19:04:19.029 562 562 D SystemServer: ContentSuggestionsService not defined by OEM
04-16 19:04:19.029 562 562 D SystemServerTiming: StartSearchUiService
04-16 19:04:19.030 562 562 I SystemServiceManager: Starting com.android.server.searchui.SearchUiManagerService
04-16 19:04:19.038 562 562 V SystemServerTiming: StartSearchUiService took to complete: 9ms
04-16 19:04:19.038 562 562 D SystemServerTiming: StartSmartspaceService
04-16 19:04:19.041 562 562 I SystemServiceManager: Starting com.android.server.smartspace.SmartspaceManagerService
04-16 19:04:19.051 562 562 V SystemServerTiming: StartSmartspaceService took to complete: 12ms
04-16 19:04:19.051 562 562 D SystemServerTiming: InitConnectivityModuleConnector
04-16 19:04:19.053 562 562 D ConnectivityModuleConnector: Network stack init
04-16 19:04:19.053 562 562 V SystemServerTiming: InitConnectivityModuleConnector took to complete: 1ms
04-16 19:04:19.053 562 562 D SystemServerTiming: InitNetworkStackClient
04-16 19:04:19.054 562 562 D NetworkStackClient: Network stack init
04-16 19:04:19.054 562 562 V SystemServerTiming: InitNetworkStackClient took to complete: 1ms
04-16 19:04:19.054 562 562 D SystemServerTiming: StartNetworkManagementService
04-16 19:04:19.078 349 420 I netd : registerUnsolicitedEventListener(interface:0x74fd2ba4ff00) <0.97ms>
04-16 19:04:19.090 562 562 V SystemServerTiming: StartNetworkManagementService took to complete: 35ms
04-16 19:04:19.090 562 562 D SystemServerTiming: StartFontManagerService
04-16 19:04:19.114 562 562 D CompatibilityChangeReporter: Compat change id reported: 247079863; UID 1000; state: ENABLED
04-16 19:04:19.835 562 562 V SystemServerTiming: StartFontManagerService took to complete: 744ms
04-16 19:04:19.837 562 562 D SystemServerTiming: StartTextServicesManager
04-16 19:04:19.837 562 562 I SystemServiceManager: Starting com.android.server.textservices.TextServicesManagerService$Lifecycle
04-16 19:04:19.848 562 562 V SystemServerTiming: StartTextServicesManager took to complete: 11ms
04-16 19:04:19.849 562 562 D SystemServerTiming: StartTextClassificationManagerService
04-16 19:04:19.849 562 562 I SystemServiceManager: Starting com.android.server.textclassifier.TextClassificationManagerService$Lifecycle
04-16 19:04:19.862 562 562 V SystemServerTiming: StartTextClassificationManagerService took to complete: 13ms
04-16 19:04:19.863 562 562 D SystemServerTiming: StartNetworkScoreService
04-16 19:04:19.863 562 562 I SystemServiceManager: Starting com.android.server.NetworkScoreService$Lifecycle
04-16 19:04:19.871 562 562 I NetworkScoreService: Registering network_score
04-16 19:04:19.875 562 562 V SystemServerTiming: StartNetworkScoreService took to complete: 12ms
04-16 19:04:19.875 562 562 D SystemServerTiming: StartNetworkStatsService
04-16 19:04:19.885 562 562 I SystemServiceManager: Starting com.android.server.NetworkStatsServiceInitializer
04-16 19:04:19.978 562 562 D BpfNetMaps: BpfNetMaps is initialized with sEnableJavaBpfMap=true
04-16 19:04:20.013 562 562 I TrafficController: initMaps successfully
04-16 19:04:20.034 349 420 I netd : registerUnsolicitedEventListener(interface:0x74fd2ba4e590) <0.21ms>
04-16 19:04:20.038 349 420 I netd : interfaceGetList() -> {[ifb1, hwsim0, ip6gre0, gretap0, erspan0, eth0, gre0, dummy0, ip6_vti0, ifb0, tunl0, wlan0, ip6tnl0, ip_vti0, sit0, lo]} <0.92ms>
04-16 19:04:20.077 562 562 I NetworkStatsServiceInitializer: Registering netstats
04-16 19:04:20.093 562 562 I NetworkStatsServiceInitializer: Initializing network tracing hooks
04-16 19:04:20.118 562 562 D NetworkTrace: Registering Perfetto data source
04-16 19:04:20.128 562 562 V SystemServerTiming: StartNetworkStatsService took to complete: 244ms
04-16 19:04:20.129 562 562 D SystemServerTiming: StartNetworkPolicyManagerService
04-16 19:04:20.170 562 896 D CompatibilityChangeReporter: Compat change id reported: 170188668; UID 1000; state: ENABLED
04-16 19:04:20.211 562 562 V SystemServerTiming: StartNetworkPolicyManagerService took to complete: 81ms
04-16 19:04:20.220 562 562 D SystemServerTiming: StartWifi
04-16 19:04:20.252 562 562 I SystemServiceManager: Starting com.android.server.wifi.WifiService
04-16 19:04:20.375 562 562 D ScanMetrics: Settings package: com.android.settings
04-16 19:04:20.381 562 562 E ScanMetrics: Can't get GMS uid
04-16 19:04:20.398 562 562 I WifiContext: Got resolveInfos for com.android.server.wifi.intent.action.SERVICE_WIFI_RESOURCES_APK: [ResolveInfo{d280159 com.android.wifi.resources/android.app.Activity m=0x108000 userHandle=UserHandle{0}}]
04-16 19:04:20.408 562 562 I WifiContext: Found Wifi Resources APK at: com.android.wifi.resources
04-16 19:04:20.477 562 562 I android_os_HwBinder: HwBinder: Starting thread pool for getting: android.hidl.manager@1.2::IServiceManager/default
04-16 19:04:20.486 153 153 I hwservicemanager: getTransport: Cannot find entry android.hardware.wifi@1.0::IWifi/default in either framework or device VINTF manifest.
04-16 19:04:20.503 0 0 I servicemanager: Found android.hardware.wifi.IWifi/default in device VINTF manifest.
04-16 19:04:20.497 562 562 I WifiHalAidlImpl: Creating the Wifi HAL using the AIDL implementation
04-16 19:04:20.523 0 0 I servicemanager: Found android.hardware.wifi.supplicant.ISupplicant/default in device VINTF manifest.
04-16 19:04:20.515 562 562 I SupplicantStaIfaceHal: Initializing SupplicantStaIfaceHal using AIDL implementation.
04-16 19:04:20.535 0 0 I servicemanager: Found android.hardware.wifi.supplicant.ISupplicant/default in device VINTF manifest.
04-16 19:04:20.529 562 562 I SupplicantP2pIfaceHal: Initializing SupplicantP2pIfaceHal using AIDL implementation.
04-16 19:04:20.533 562 562 I WifiCoexManager: Default coex algorithm is disabled.
04-16 19:04:20.635 562 562 D WifiOpenNetworkNotifier: Settings toggle enabled=true
04-16 19:04:20.647 562 562 D WifiNl80211Manager: registerCountryCodeEventListener called
04-16 19:04:20.652 562 562 D WifiCountryCode: Default country code from system property ro.boot.wificountrycode is null
04-16 19:04:20.661 472 472 I wificond: New wificond event callback registered
04-16 19:04:20.697 562 562 D WakeupController: WifiWake enabled
04-16 19:04:20.705 562 562 V HistoricalRegistry: Interaction before persistence initialized
04-16 19:04:20.709 562 562 V HistoricalRegistry: Interaction before persistence initialized
04-16 19:04:20.726 562 562 I WifiService: Registering wifi
04-16 19:04:20.731 562 562 V SystemServerTiming: StartWifi took to complete: 510ms
04-16 19:04:20.733 562 562 D SystemServerTiming: StartWifiScanning
04-16 19:04:20.734 562 562 I SystemServiceManager: Starting com.android.server.wifi.scanner.WifiScanningService
04-16 19:04:20.735 562 562 I WifiScanningService: Creating wifiscanner
04-16 19:04:20.752 562 562 I WifiScanningService: Publishing wifiscanner
04-16 19:04:20.756 562 562 V SystemServerTiming: StartWifiScanning took to complete: 23ms
04-16 19:04:20.757 562 562 D SystemServerTiming: StartWifiP2P
04-16 19:04:20.758 562 562 I SystemServiceManager: Starting com.android.server.wifi.p2p.WifiP2pService
04-16 19:04:20.780 562 562 D CompatibilityChangeReporter: Compat change id reported: 183155436; UID 1000; state: ENABLED
04-16 19:04:20.785 562 562 I WifiP2pService: Registering wifip2p
04-16 19:04:20.788 562 562 V SystemServerTiming: StartWifiP2P took to complete: 31ms
04-16 19:04:20.788 562 562 D SystemServerTiming: StartPacProxyService
04-16 19:04:20.801 562 562 V SystemServerTiming: StartPacProxyService took to complete: 12ms
04-16 19:04:20.802 562 562 D SystemServerTiming: StartConnectivityService
04-16 19:04:20.803 562 562 I SystemServiceManager: Starting com.android.server.ConnectivityServiceInitializer
04-16 19:04:20.830 562 562 D ConnectivityService: ConnectivityService starting up
04-16 19:04:20.897 349 420 I netd : registerUnsolicitedEventListener(interface:0x74fd2ba4f770) <0.22ms>
04-16 19:04:20.957 562 562 D CompatibilityChangeReporter: Compat change id reported: 182478738; UID 1000; state: ENABLED
04-16 19:04:21.000 562 562 D ConnectivityNativeService: Attached BPF_CGROUP_INET4_BIND and BPF_CGROUP_INET6_BIND programs
04-16 19:04:21.013 562 910 W BroadcastLoopers: Found previously unknown looper Thread[NsdService,5,main]
04-16 19:04:21.114 562 562 W system_server: Core platform API violation: Llibcore/io/Memory;->pokeByte(JB)V from Landroid/net/connectivity/com/google/protobuf/UnsafeUtil; using reflection
04-16 19:04:21.116 562 562 W system_server: Core platform API violation: Llibcore/io/Memory;->peekByte(J)B from Landroid/net/connectivity/com/google/protobuf/UnsafeUtil; using reflection
04-16 19:04:21.138 562 562 V NearbyService: DiscoveryProviderManagerLegacy:
04-16 19:04:21.139 562 562 I ConnectivityServiceInitializer: Registering connectivity
04-16 19:04:21.143 562 562 I ConnectivityServiceInitializer: Registering ipsec
04-16 19:04:21.152 562 562 I ConnectivityServiceInitializer: Registering connectivity_native
04-16 19:04:21.156 562 562 I ConnectivityServiceInitializer: Registering servicediscovery
04-16 19:04:21.160 562 562 I ConnectivityServiceInitializer: Registering nearby
04-16 19:04:21.169 562 562 V SystemServerTiming: StartConnectivityService took to complete: 367ms
04-16 19:04:21.169 562 562 D SystemServerTiming: StartVpnManagerService
04-16 19:04:21.206 562 562 D VpnManagerService: VpnManagerService starting up
04-16 19:04:21.215 562 562 V SystemServerTiming: StartVpnManagerService took to complete: 47ms
04-16 19:04:21.220 562 562 D SystemServerTiming: StartVcnManagementService
04-16 19:04:21.269 562 562 V SystemServerTiming: StartVcnManagementService took to complete: 48ms
04-16 19:04:21.273 562 562 D SystemServerTiming: StartSystemUpdateManagerService
04-16 19:04:21.283 562 562 I SystemUpdateManagerService: No existing info file /data/system/system-update-info.xml
04-16 19:04:21.314 0 0 W healthd : battery l=100 v=5000 t=25.0 h=2 st=2 c=900000 fc=3000000 cc=10 chg=a
04-16 19:04:21.399 562 562 V SystemServerTiming: StartSystemUpdateManagerService took to complete: 125ms
04-16 19:04:21.433 562 562 D SystemServerTiming: StartUpdateLockService
04-16 19:04:21.478 562 562 W BroadcastLoopers: Found previously unknown looper Thread[main,5,main]
04-16 19:04:21.511 562 562 V SystemServerTiming: StartUpdateLockService took to complete: 77ms
04-16 19:04:21.517 562 562 D SystemServerTiming: StartNotificationManager
04-16 19:04:21.525 562 562 I SystemServiceManager: Starting com.android.server.notification.NotificationManagerService
04-16 19:04:21.685 562 562 D ConditionProviders.SCP: new ScheduleConditionProvider()
04-16 19:04:21.714 562 562 I ConditionProviders: Allowing condition provider com.android.camera2 (userSet: true)
04-16 19:04:21.726 562 562 I ConditionProviders: Allowing condition provider android.ext.services/android.ext.services.notification.Assistant (userSet: true)
04-16 19:04:21.727 562 562 I NotificationAssistants: Allowing notification assistant android.ext.services/android.ext.services.notification.Assistant (userSet: false)
04-16 19:04:21.729 562 562 V NotificationAssistants: enabling notification assistant for 0: ComponentInfo{android.ext.services/android.ext.services.notification.Assistant}
04-16 19:04:21.733 562 562 V NotificationAssistants: binding: Intent { act=android.service.notification.NotificationAssistantService cmp=android.ext.services/.notification.Assistant (has extras) }
04-16 19:04:21.766 562 562 D CompatibilityChangeReporter: Compat change id reported: 147600208; UID 1000; state: ENABLED
04-16 19:04:21.773 562 562 D CompatibilityChangeReporter: Compat change id reported: 157233955; UID 1000; state: ENABLED
04-16 19:04:21.788 562 562 W SystemServiceManager: Service com.android.server.notification.NotificationManagerService took 229 ms in onStart
04-16 19:04:21.850 562 562 V SystemServerTiming: StartNotificationManager took to complete: 333ms
04-16 19:04:21.850 562 562 D SystemServerTiming: StartDeviceMonitor
04-16 19:04:21.851 562 562 I SystemServiceManager: Starting com.android.server.storage.DeviceStorageMonitorService
04-16 19:04:21.862 562 562 V SystemServerTiming: StartDeviceMonitor took to complete: 12ms
04-16 19:04:21.862 562 562 D SystemServerTiming: StartTimeDetectorService
04-16 19:04:21.863 562 562 I SystemServiceManager: Starting com.android.server.timedetector.TimeDetectorService$Lifecycle
04-16 19:04:21.895 562 562 V SystemServerTiming: StartTimeDetectorService took to complete: 33ms
04-16 19:04:21.895 562 562 D SystemServerTiming: StartLocationManagerService
04-16 19:04:21.897 562 562 I SystemServiceManager: Starting com.android.server.location.LocationManagerService$Lifecycle
04-16 19:04:21.937 562 562 V SystemServerTiming: StartLocationManagerService took to complete: 42ms
04-16 19:04:21.938 562 562 D SystemServerTiming: StartCountryDetectorService
04-16 19:04:21.943 562 562 V SystemServerTiming: StartCountryDetectorService took to complete: 5ms
04-16 19:04:21.943 562 562 D SystemServerTiming: StartTimeZoneDetectorService
04-16 19:04:21.945 562 562 I SystemServiceManager: Starting com.android.server.timezonedetector.TimeZoneDetectorService$Lifecycle
04-16 19:04:21.992 562 562 V SystemServerTiming: StartTimeZoneDetectorService took to complete: 48ms
04-16 19:04:21.992 562 562 D SystemServerTiming: StartAltitudeService
04-16 19:04:21.993 562 562 I SystemServiceManager: Starting com.android.server.location.altitude.AltitudeService$Lifecycle
04-16 19:04:22.012 562 562 V SystemServerTiming: StartAltitudeService took to complete: 20ms
04-16 19:04:22.012 562 562 D SystemServerTiming: StartLocationTimeZoneManagerService
04-16 19:04:22.013 562 562 I SystemServiceManager: Starting com.android.server.timezonedetector.location.LocationTimeZoneManagerService$Lifecycle
04-16 19:04:22.015 0 0 I servicemanager: Found android.frameworks.location.altitude.IAltitudeService/default in framework VINTF manifest.
04-16 19:04:22.020 562 562 V SystemServerTiming: StartLocationTimeZoneManagerService took to complete: 8ms
04-16 19:04:22.024 562 562 D SystemServerTiming: StartSearchManagerService
04-16 19:04:22.025 562 562 I SystemServiceManager: Starting com.android.server.search.SearchManagerService$Lifecycle
04-16 19:04:22.048 562 562 V SystemServerTiming: StartSearchManagerService took to complete: 24ms
04-16 19:04:22.048 562 562 D SystemServerTiming: StartWallpaperManagerService
04-16 19:04:22.049 562 562 I SystemServiceManager: Starting com.android.server.wallpaper.WallpaperManagerService$Lifecycle
04-16 19:04:22.061 562 562 V SystemServerTiming: StartWallpaperManagerService took to complete: 12ms
04-16 19:04:22.061 562 562 D SystemServerTiming: StartWallpaperEffectsGenerationService
04-16 19:04:22.062 562 562 I SystemServiceManager: Starting com.android.server.wallpapereffectsgeneration.WallpaperEffectsGenerationManagerService
04-16 19:04:22.072 562 562 V SystemServerTiming: StartWallpaperEffectsGenerationService took to complete: 10ms
04-16 19:04:22.073 562 562 D SystemServerTiming: StartAudioService
04-16 19:04:22.073 562 562 I SystemServiceManager: Starting com.android.server.audio.AudioService$Lifecycle
04-16 19:04:22.157 562 562 I AS.AudioService: Stream 5: using max vol of 7
04-16 19:04:22.157 562 562 I AS.AudioService: Stream 5: using default vol of 5
04-16 19:04:22.157 562 562 I AS.AudioService: Stream 2: using max vol of 7
04-16 19:04:22.158 562 562 I AS.AudioService: Stream 2: using default vol of 5
04-16 19:04:22.173 393 517 W AudioFlinger: no wake lock to update, system not ready yet
04-16 19:04:22.176 393 521 W AudioFlinger: no wake lock to update, system not ready yet
04-16 19:04:22.221 562 562 I android_os_HwBinder: HwBinder: Starting thread pool for getting: android.hidl.manager@1.0::IServiceManager/default
04-16 19:04:22.258 393 393 D PermissionCache: checking android.permission.MODIFY_AUDIO_SETTINGS for uid=1000 => granted (4004 us)
04-16 19:04:22.357 393 393 D PermissionCache: checking android.permission.MODIFY_AUDIO_ROUTING for uid=1000 => granted (601 us)
04-16 19:04:22.375 393 438 D PermissionCache: checking android.permission.MODIFY_AUDIO_ROUTING for uid=1000 => granted (18476 us)
04-16 19:04:22.434 393 393 D AudioFlinger: isLowRamDevice:false totalMemory:2069602304 mClientSharedHeapSize:4194304
04-16 19:04:22.444 562 562 V SystemServerTiming: StartAudioService took to complete: 371ms
04-16 19:04:22.444 562 562 D SystemServerTiming: StartSoundTriggerMiddlewareService
04-16 19:04:22.445 562 562 I SystemServiceManager: Starting com.android.server.soundtrigger_middleware.SoundTriggerMiddlewareService$Lifecycle
04-16 19:04:22.450 393 393 I CaptureStateNotifier: Registering a listener
04-16 19:04:22.478 0 0 I servicemanager: Could not find android.hardware.soundtrigger3.ISoundTriggerHw/default in the VINTF manifest.
04-16 19:04:22.472 562 562 I SoundTriggerMiddlewareDefaultHalFactory: Connecting to default soundtrigger-V2.x.ISoundTriggerHw
04-16 19:04:22.481 153 153 I hwservicemanager: getTransport: Cannot find entry android.hardware.soundtrigger@2.0::ISoundTriggerHw/default in either framework or device VINTF manifest.
04-16 19:04:22.490 562 562 E SoundTriggerMiddlewareImpl: Failed to add a SoundTriggerModule instance
04-16 19:04:22.490 562 562 E SoundTriggerMiddlewareImpl: java.util.NoSuchElementException
04-16 19:04:22.490 562 562 E SoundTriggerMiddlewareImpl: at android.os.HwBinder.getService(Native Method)
04-16 19:04:22.490 562 562 E SoundTriggerMiddlewareImpl: at android.hardware.soundtrigger.V2_0.ISoundTriggerHw.getService(ISoundTriggerHw.java:57)
04-16 19:04:22.490 562 562 E SoundTriggerMiddlewareImpl: at android.hardware.soundtrigger.V2_0.ISoundTriggerHw.getService(ISoundTriggerHw.java:64)
04-16 19:04:22.490 562 562 E SoundTriggerMiddlewareImpl: at com.android.server.soundtrigger_middleware.DefaultHalFactory.create(DefaultHalFactory.java:76)
04-16 19:04:22.490 562 562 E SoundTriggerMiddlewareImpl: at com.android.server.soundtrigger_middleware.SoundTriggerModule.attachToHal(SoundTriggerModule.java:176)
04-16 19:04:22.490 562 562 E SoundTriggerMiddlewareImpl: at com.android.server.soundtrigger_middleware.SoundTriggerModule.(SoundTriggerModule.java:105)
04-16 19:04:22.490 562 562 E SoundTriggerMiddlewareImpl: at com.android.server.soundtrigger_middleware.SoundTriggerMiddlewareImpl.(SoundTriggerMiddlewareImpl.java:86)
04-16 19:04:22.490 562 562 E SoundTriggerMiddlewareImpl: at com.android.server.soundtrigger_middleware.SoundTriggerMiddlewareService$Lifecycle.onStart(SoundTriggerMiddlewareService.java:248)
04-16 19:04:22.490 562 562 E SoundTriggerMiddlewareImpl: at com.android.server.SystemServiceManager.startService(SystemServiceManager.java:255)
04-16 19:04:22.490 562 562 E SoundTriggerMiddlewareImpl: at com.android.server.SystemServiceManager.startService(SystemServiceManager.java:233)
04-16 19:04:22.490 562 562 E SoundTriggerMiddlewareImpl: at com.android.server.SystemServer.startOtherServices(SystemServer.java:2208)
04-16 19:04:22.490 562 562 E SoundTriggerMiddlewareImpl: at com.android.server.SystemServer.run(SystemServer.java:942)
04-16 19:04:22.490 562 562 E SoundTriggerMiddlewareImpl: at com.android.server.SystemServer.main(SystemServer.java:664)
04-16 19:04:22.490 562 562 E SoundTriggerMiddlewareImpl: at java.lang.reflect.Method.invoke(Native Method)
04-16 19:04:22.490 562 562 E SoundTriggerMiddlewareImpl: at com.android.internal.os.RuntimeInit$MethodAndArgsCaller.run(RuntimeInit.java:552)
04-16 19:04:22.490 562 562 E SoundTriggerMiddlewareImpl: at com.android.internal.os.ZygoteInit.main(ZygoteInit.java:949)
04-16 19:04:22.523 562 562 W SystemServiceManager: Service com.android.server.soundtrigger_middleware.SoundTriggerMiddlewareService$Lifecycle took 78 ms in onStart
04-16 19:04:22.523 562 562 V SystemServerTiming: StartSoundTriggerMiddlewareService took to complete: 78ms
04-16 19:04:22.529 562 562 D SystemServerTiming: StartDockObserver
04-16 19:04:22.529 562 562 I SystemServiceManager: Starting com.android.server.DockObserver
04-16 19:04:22.530 562 562 I DockObserver: No extcon dock device found in this kernel.
04-16 19:04:22.547 562 562 V SystemServerTiming: StartDockObserver took to complete: 18ms
04-16 19:04:22.547 562 562 D SystemServerTiming: StartWiredAccessoryManager
04-16 19:04:22.555 562 562 W WiredAccessoryManager: This kernel does not have usb audio support
04-16 19:04:22.556 562 562 W WiredAccessoryManager: This kernel does not have HDMI audio support
04-16 19:04:22.572 562 562 V SystemServerTiming: StartWiredAccessoryManager took to complete: 26ms
04-16 19:04:22.573 562 562 D SystemServerTiming: StartMidiManager
04-16 19:04:22.573 562 562 I SystemServiceManager: Starting com.android.server.midi.MidiService$Lifecycle
04-16 19:04:22.599 562 562 V SystemServerTiming: StartMidiManager took to complete: 26ms
04-16 19:04:22.613 562 562 D SystemServerTiming: StartAdbService
04-16 19:04:22.615 562 562 I SystemServiceManager: Starting com.android.server.adb.AdbService$Lifecycle
04-16 19:04:22.652 562 562 V SystemServerTiming: StartAdbService took to complete: 38ms
04-16 19:04:22.653 562 562 D SystemServerTiming: StartUsbService
04-16 19:04:22.653 562 562 I SystemServiceManager: Starting com.android.server.usb.UsbService$Lifecycle
04-16 19:04:22.655 562 642 D SystemServerTimingAsync: InitThreadPoolExec:UsbService$Lifecycle#onStart
04-16 19:04:22.655 562 642 D SystemServerInitThreadPool: Started executing UsbService$Lifecycle#onStart
04-16 19:04:22.662 562 562 V SystemServerTiming: StartUsbService took to complete: 10ms
04-16 19:04:22.663 562 562 D SystemServerTiming: StartSerialService
04-16 19:04:22.684 562 562 V SystemServerTiming: StartSerialService took to complete: 21ms
04-16 19:04:22.684 562 562 D SystemServerTiming: StartHardwarePropertiesManagerService
04-16 19:04:22.698 0 0 I servicemanager: Could not find android.hardware.thermal.IThermal/default in the VINTF manifest.
04-16 19:04:22.694 562 562 I HardwarePropertiesManagerService-JNI: Thermal AIDL service is not declared, trying HIDL
04-16 19:04:22.713 562 642 I UsbDeviceManager: failed to write to /sys/class/android_usb/android0/f_rndis/ethaddr
04-16 19:04:22.725 562 642 D UsbPortManager: Querying USB Gadget HAL version
04-16 19:04:22.728 562 562 D HardwarePropertiesManagerService-JNI: Link to death notification successful
04-16 19:04:22.736 0 0 I servicemanager: Could not find android.hardware.usb.gadget.IUsbGadget/default in the VINTF manifest.
04-16 19:04:22.737 153 153 I hwservicemanager: getTransport: Cannot find entry android.hardware.usb.gadget@1.0::IUsbGadget/default in either framework or device VINTF manifest.
04-16 19:04:22.741 562 562 V SystemServerTiming: StartHardwarePropertiesManagerService took to complete: 57ms
04-16 19:04:22.741 562 562 D SystemServerTiming: StartTwilightService
04-16 19:04:22.742 562 562 I SystemServiceManager: Starting com.android.server.twilight.TwilightService
04-16 19:04:22.743 562 562 V SystemServerTiming: StartTwilightService took to complete: 1ms
04-16 19:04:22.743 562 562 D SystemServerTiming: StartColorDisplay
04-16 19:04:22.746 562 562 I SystemServiceManager: Starting com.android.server.display.color.ColorDisplayService
04-16 19:04:22.781 562 562 V SystemServerTiming: StartColorDisplay took to complete: 38ms
04-16 19:04:22.789 562 562 D SystemServerTiming: StartJobScheduler
04-16 19:04:22.799 562 642 E UsbDeviceManager: connectToProxy: usb gadget hidl hal service not found.
04-16 19:04:22.799 562 642 E UsbDeviceManager: java.util.NoSuchElementException
04-16 19:04:22.799 562 642 E UsbDeviceManager: at android.os.HwBinder.getService(Native Method)
04-16 19:04:22.799 562 642 E UsbDeviceManager: at android.hardware.usb.gadget.V1_0.IUsbGadget.getService(IUsbGadget.java:57)
04-16 19:04:22.799 562 642 E UsbDeviceManager: at android.hardware.usb.gadget.V1_0.IUsbGadget.getService(IUsbGadget.java:64)
04-16 19:04:22.799 562 642 E UsbDeviceManager: at com.android.server.usb.hal.gadget.UsbGadgetHidl.isServicePresent(UsbGadgetHidl.java:132)
04-16 19:04:22.799 562 642 E UsbDeviceManager: at com.android.server.usb.hal.gadget.UsbGadgetHalInstance.getInstance(UsbGadgetHalInstance.java:39)
04-16 19:04:22.799 562 642 E UsbDeviceManager: at com.android.server.usb.UsbDeviceManager.(UsbDeviceManager.java:312)
04-16 19:04:22.799 562 642 E UsbDeviceManager: at com.android.server.usb.UsbService.(UsbService.java:187)
04-16 19:04:22.799 562 642 E UsbDeviceManager: at com.android.server.usb.UsbService$Lifecycle.lambda$onStart$0(UsbService.java:101)
04-16 19:04:22.799 562 642 E UsbDeviceManager: at com.android.server.usb.UsbService$Lifecycle.$r8$lambda$RuGFfXZPzv9JlSTzhIl-GWrBFrQ(UsbService.java:0)
04-16 19:04:22.799 562 642 E UsbDeviceManager: at com.android.server.usb.UsbService$Lifecycle$$ExternalSyntheticLambda2.run(R8$$SyntheticClass:0)
04-16 19:04:22.799 562 642 E UsbDeviceManager: at com.android.server.SystemServerInitThreadPool.lambda$submitTask$0(SystemServerInitThreadPool.java:107)
04-16 19:04:22.799 562 642 E UsbDeviceManager: at com.android.server.SystemServerInitThreadPool.$r8$lambda$iar571g8isa6ZrPZMHj1USmyX48(SystemServerInitThreadPool.java:0)
04-16 19:04:22.799 562 642 E UsbDeviceManager: at com.android.server.SystemServerInitThreadPool$$ExternalSyntheticLambda1.run(R8$$SyntheticClass:0)
04-16 19:04:22.799 562 642 E UsbDeviceManager: at java.util.concurrent.Executors$RunnableAdapter.call(Executors.java:487)
04-16 19:04:22.799 562 642 E UsbDeviceManager: at java.util.concurrent.FutureTask.run(FutureTask.java:264)
04-16 19:04:22.799 562 642 E UsbDeviceManager: at java.util.concurrent.ThreadPoolExecutor.runWorker(ThreadPoolExecutor.java:1145)
04-16 19:04:22.799 562 642 E UsbDeviceManager: at java.util.concurrent.ThreadPoolExecutor$Worker.run(ThreadPoolExecutor.java:644)
04-16 19:04:22.799 562 642 E UsbDeviceManager: at com.android.internal.util.ConcurrentUtils$1$1.run(ConcurrentUtils.java:65)
04-16 19:04:22.799 562 642 E UsbPortManager: USB Gadget HAL AIDL/HIDL not present
04-16 19:04:22.799 562 642 D UsbDeviceManager: getInstance done
04-16 19:04:22.815 562 642 E UsbDeviceManagerJNI: could not open control for mtp No such file or directory
04-16 19:04:22.815 562 642 E UsbDeviceManager: Failed to open control for mtp
04-16 19:04:22.823 562 642 E UsbDeviceManagerJNI: could not open control for ptp No such file or directory
04-16 19:04:22.823 562 642 E UsbDeviceManager: Failed to open control for ptp
04-16 19:04:22.824 562 562 I SystemServiceManager: Starting com.android.server.job.JobSchedulerService
04-16 19:04:22.878 562 642 W StorageManagerService: No primary storage defined yet; hacking together a stub
04-16 19:04:22.914 562 587 I JobStore: Read 0 jobs
04-16 19:04:22.939 562 642 E UsbDeviceManagerJNI: could not open /dev/usb_accessory
04-16 19:04:22.960 562 642 D UsbPortManager: Querying USB HAL version
04-16 19:04:22.972 0 0 I servicemanager: Found android.hardware.usb.IUsb/default in device VINTF manifest.
04-16 19:04:22.977 562 642 I UsbPortManager: USB HAL AIDL present
04-16 19:04:22.986 562 907 D ConnectivityService: NetReassign [no changes] [c 1] [a 0] [i 0]
04-16 19:04:23.001 562 642 D UsbPortManager: getInstance done
04-16 19:04:23.032 562 562 V HistoricalRegistry: Interaction before persistence initialized
04-16 19:04:23.031 370 370 I android.hardware.usb.aidl-service: registering callback
