04-16 19:01:01.503 0 0 I device-mapper: verity: sha256 using implementation "sha256-ssse3"
04-16 19:01:01.558 0 0 I EXT4-fs (dm-23): mounted filesystem without journal. Quota mode: none.
04-16 19:01:01.559 0 0 I apexd : Successfully mounted package /data/apex/decompressed/com.android.adservices@342090000.decompressed.apex on /apex/com.android.adservices@342090000 duration=1757
04-16 19:01:01.681 0 0 I loop21 : detected capacity change from 0 to 31552
04-16 19:01:01.710 0 0 I device-mapper: verity: sha256 using implementation "sha256-ssse3"
04-16 19:01:01.771 0 0 I EXT4-fs (dm-21): mounted filesystem without journal. Quota mode: none.
04-16 19:01:01.772 0 0 I apexd : Successfully mounted package /data/apex/decompressed/com.android.cellbroadcast@342090000.decompressed.apex on /apex/com.android.cellbroadcast@342090000 duration=1962
04-16 19:01:01.809 0 0 I loop22 : detected capacity change from 0 to 10520
04-16 19:01:01.833 0 0 I loop23 : detected capacity change from 0 to 11344
04-16 19:01:01.852 0 0 I device-mapper: verity: sha256 using implementation "sha256-ssse3"
04-16 19:01:01.886 0 0 I device-mapper: verity: sha256 using implementation "sha256-ssse3"
04-16 19:01:01.943 0 0 I EXT4-fs (dm-20): mounted filesystem without journal. Quota mode: none.
04-16 19:01:01.943 0 0 I apexd : Successfully mounted package /data/apex/decompressed/com.android.neuralnetworks@342090000.decompressed.apex on /apex/com.android.neuralnetworks@342090000 duration=2125
04-16 19:01:01.958 0 0 I EXT4-fs (dm-27): mounted filesystem without journal. Quota mode: none.
04-16 19:01:01.958 0 0 I apexd : Successfully mounted package /data/apex/decompressed/com.android.media@342090000.decompressed.apex on /apex/com.android.media@342090000 duration=2182
04-16 19:01:02.033 0 0 I loop24 : detected capacity change from 0 to 12792
04-16 19:01:02.092 0 0 I device-mapper: verity: sha256 using implementation "sha256-ssse3"
04-16 19:01:02.176 0 0 I EXT4-fs (dm-17): mounted filesystem without journal. Quota mode: none.
04-16 19:01:02.176 0 0 I apexd : Successfully mounted package /data/apex/decompressed/com.android.adbd@342090000.decompressed.apex on /apex/com.android.adbd@342090000 duration=2346
04-16 19:01:02.597 0 0 I loop25 : detected capacity change from 0 to 36000
04-16 19:01:02.639 0 0 I device-mapper: verity: sha256 using implementation "sha256-ssse3"
04-16 19:01:02.737 0 0 I EXT4-fs (dm-28): mounted filesystem without journal. Quota mode: none.
04-16 19:01:02.738 0 0 I apexd : Successfully mounted package /data/apex/decompressed/com.android.tethering@342090000.decompressed.apex on /apex/com.android.tethering@342090000 duration=2853
04-16 19:01:02.777 0 0 I loop26 : detected capacity change from 0 to 8872
04-16 19:01:02.815 0 0 I device-mapper: verity: sha256 using implementation "sha256-ssse3"
04-16 19:01:02.825 0 0 I loop27 : detected capacity change from 0 to 536
04-16 19:01:02.833 0 0 I loop28 : detected capacity change from 0 to 19224
04-16 19:01:02.859 0 0 I EXT4-fs (dm-15): mounted filesystem without journal. Quota mode: none.
04-16 19:01:02.860 0 0 I apexd : Successfully mounted package /data/apex/decompressed/com.android.conscrypt@342090000.decompressed.apex on /apex/com.android.conscrypt@342090000 duration=2953
04-16 19:01:02.898 0 0 I device-mapper: verity: sha256 using implementation "sha256-ssse3"
04-16 19:01:02.927 0 0 I device-mapper: verity: sha256 using implementation "sha256-ssse3"
04-16 19:01:02.987 0 0 I EXT4-fs (dm-13): mounted filesystem without journal. Quota mode: none.
04-16 19:01:02.988 0 0 I apexd : Successfully mounted package /data/apex/decompressed/com.android.scheduling@342090000.decompressed.apex on /apex/com.android.scheduling@342090000 duration=3080
04-16 19:01:03.019 0 0 I EXT4-fs (dm-10): mounted filesystem without journal. Quota mode: none.
04-16 19:01:03.019 0 0 I apexd : Successfully mounted package /data/apex/decompressed/com.android.extservices@342090000.decompressed.apex on /apex/com.android.extservices@342090000 duration=3082
04-16 19:01:03.092 0 0 I loop29 : detected capacity change from 0 to 19784
04-16 19:01:03.138 0 0 I device-mapper: verity: sha256 using implementation "sha256-ssse3"
04-16 19:01:03.170 0 0 I loop30 : detected capacity change from 0 to 1624
04-16 19:01:03.205 0 0 I device-mapper: verity: sha256 using implementation "sha256-ssse3"
04-16 19:01:03.208 0 0 I EXT4-fs (dm-24): mounted filesystem without journal. Quota mode: none.
04-16 19:01:03.208 0 0 I apexd : Successfully mounted package /data/apex/decompressed/com.android.mediaprovider@342090000.decompressed.apex on /apex/com.android.mediaprovider@342090000 duration=3254
04-16 19:01:03.250 0 0 I EXT4-fs (dm-7): mounted filesystem without journal. Quota mode: none.
04-16 19:01:03.251 0 0 I apexd : Successfully mounted package /data/apex/decompressed/com.android.ipsec@342090000.decompressed.apex on /apex/com.android.ipsec@342090000 duration=3288
04-16 19:01:03.291 0 0 I loop31 : detected capacity change from 0 to 9104
04-16 19:01:03.324 0 0 I device-mapper: verity: sha256 using implementation "sha256-ssse3"
04-16 19:01:03.350 0 0 I loop32 : detected capacity change from 0 to 4600
04-16 19:01:03.369 0 0 I loop33 : detected capacity change from 0 to 55672
04-16 19:01:03.384 0 0 I EXT4-fs (dm-12): mounted filesystem without journal. Quota mode: none.
04-16 19:01:03.391 0 0 I apexd : Successfully mounted package /data/apex/decompressed/com.android.resolv@342090000.decompressed.apex on /apex/com.android.resolv@342090000 duration=3419
04-16 19:01:03.406 0 0 I loop34 : detected capacity change from 0 to 7696
04-16 19:01:03.407 0 0 I device-mapper: verity: sha256 using implementation "sha256-ssse3"
04-16 19:01:03.423 0 0 I device-mapper: verity: sha256 using implementation "sha256-ssse3"
04-16 19:01:03.463 0 0 I device-mapper: verity: sha256 using implementation "sha256-ssse3"
04-16 19:01:03.493 0 0 I loop35 : detected capacity change from 0 to 536
04-16 19:01:03.520 0 0 I device-mapper: verity: sha256 using implementation "sha256-ssse3"
04-16 19:01:03.538 0 0 I EXT4-fs (dm-6): mounted filesystem without journal. Quota mode: none.
04-16 19:01:03.539 0 0 I apexd : Successfully mounted package /data/apex/decompressed/com.android.ondevicepersonalization@342090000.decompressed.apex on /apex/com.android.ondevicepersonalization@342090000 duration=3568
04-16 19:01:03.548 0 0 I EXT4-fs (dm-18): mounted filesystem without journal. Quota mode: none.
04-16 19:01:03.548 0 0 I apexd : Successfully mounted package /data/apex/decompressed/com.android.media.swcodec@342090000.decompressed.apex on /apex/com.android.media.swcodec@342090000 duration=3595
04-16 19:01:03.599 0 0 I EXT4-fs (dm-9): mounted filesystem without journal. Quota mode: none.
04-16 19:01:03.599 0 0 I apexd : Successfully mounted package /data/apex/decompressed/com.android.uwb@342090000.decompressed.apex on /apex/com.android.uwb@342090000 duration=3606
04-16 19:01:03.615 0 0 I EXT4-fs (dm-11): mounted filesystem without journal. Quota mode: none.
04-16 19:01:03.616 0 0 I apexd : Successfully mounted package /data/apex/decompressed/com.android.configinfrastructure@342090000.decompressed.apex on /apex/com.android.configinfrastructure@342090000 duration=3588
04-16 19:01:03.624 0 0 I apexd : Activated 32 packages.
04-16 19:01:03.625 0 0 I apexd : OnStart done, duration=14899
04-16 19:01:03.627 0 0 I AidlLazyServiceRegistrar: Registering service apexservice
04-16 19:01:03.844 0 0 I apexd : Marking APEXd as activated
04-16 19:01:03.847 0 0 I init : Wait for property 'apexd.status=activated' took 13910ms
04-16 19:01:04.031 0 0 I init : Parsing file /apex/com.android.adbd/etc/init.rc...
04-16 19:01:04.035 0 0 I init : Parsing file /apex/com.android.art/etc/init.rc...
04-16 19:01:04.037 0 0 I init : Parsing file /apex/com.android.media.swcodec/etc/mediaswcodec.32rc...
04-16 19:01:04.039 0 0 I init : Parsing file /apex/com.android.media/etc/mediatranscoding.32rc...
04-16 19:01:04.041 0 0 I init : Parsing file /apex/com.android.os.statsd/etc/init.rc...
04-16 19:01:04.043 0 0 I init : Parsing file /apex/com.android.sdkext/etc/derive_classpath.rc...
04-16 19:01:04.047 0 0 I init : Parsing file /apex/com.android.sdkext/etc/derive_sdk.rc...
04-16 19:01:04.651 0 0 I init : linkerconfig generated /linkerconfig with mounted APEX modules info
04-16 19:01:04.652 0 0 I init : Command 'perform_apex_config' action=post-fs-data (/system/etc/init/hw/init.rc:1010) took 802ms and succeeded
04-16 19:01:04.656 0 0 I init : Encryption policy of /data/bootanim set to c42cf842d5ab2e9dd16187a7259ee697 v2 modes 1/4 flags 0x2
04-16 19:01:04.661 0 0 I init : starting service 'derive_sdk'...
04-16 19:01:04.717 0 0 I init : ... started service 'derive_sdk' has pid 313
04-16 19:01:04.717 0 0 I init : SVC_EXEC service 'derive_sdk' pid 313 (uid 9999 gid 9999+0 context default) started; waiting...
04-16 19:01:04.718 0 0 I init : Command 'exec_start derive_sdk' action=post-fs-data (/system/etc/init/hw/init.rc:1015) took 59ms and succeeded
04-16 19:01:04.875 313 313 I derive_sdk: Read version 7 from 15
04-16 19:01:04.881 313 313 I derive_sdk: Read version 7 from 13
04-16 19:01:04.884 313 313 I derive_sdk: Read version 7 from 1
04-16 19:01:04.886 313 313 I derive_sdk: Read version 7 from 3
04-16 19:01:04.889 313 313 I derive_sdk: Read version 7 from 14
04-16 19:01:04.891 313 313 I derive_sdk: Read version 7 from 9
04-16 19:01:04.894 313 313 I derive_sdk: Read version 7 from 10
04-16 19:01:04.896 313 313 I derive_sdk: Read version 7 from 7
04-16 19:01:04.898 313 313 I derive_sdk: Read version 7 from 2
04-16 19:01:04.900 313 313 I derive_sdk: Read version 7 from 11
04-16 19:01:04.902 313 313 I derive_sdk: Read version 7 from 12
04-16 19:01:04.904 313 313 I derive_sdk: Read version 7 from 8
04-16 19:01:04.906 313 313 I derive_sdk: Read version 7 from 4
04-16 19:01:04.907 313 313 W derive_sdk: Found sdkinfo in unexpected apex com.android.devicelock
04-16 19:01:04.910 313 313 I derive_sdk: Read version 7 from 16
04-16 19:01:04.913 313 313 I derive_sdk: Read version 7 from 6
04-16 19:01:04.916 313 313 I derive_sdk: Read version 7 from 5
04-16 19:01:04.918 313 313 I derive_sdk: extension r version is 7
04-16 19:01:04.922 313 313 I derive_sdk: extension s version is 7
04-16 19:01:04.924 313 313 I derive_sdk: extension t version is 7
04-16 19:01:04.927 313 313 I derive_sdk: extension u version is 7
04-16 19:01:04.931 313 313 I derive_sdk: extension ad_services version is 7
04-16 19:01:04.947 0 0 I init : Service 'derive_sdk' (pid 313) exited with status 0 waiting took 0.279000 seconds
04-16 19:01:04.947 0 0 I init : Sending signal 9 to service 'derive_sdk' (pid 313) process group...
04-16 19:01:04.948 0 0 I libprocessgroup: Successfully killed process cgroup uid 9999 pid 313 in 0ms
04-16 19:01:04.954 0 0 I init : starting service 'exec 10 (/system/bin/vdc --wait cryptfs init_user0)'...
04-16 19:01:04.987 0 0 I init : ... started service 'exec 10 (/system/bin/vdc --wait cryptfs init_user0)' has pid 314
04-16 19:01:04.987 0 0 I init : SVC_EXEC service 'exec 10 (/system/bin/vdc --wait cryptfs init_user0)' pid 314 (uid 0 gid 0+0 context default) started; waiting...
04-16 19:01:05.212 166 166 D vold : fscrypt_init_user0
04-16 19:01:05.213 166 166 D vold : Preparing: /data/misc/vold/user_keys
04-16 19:01:05.220 0 0 D vdc : Waited 0ms for vold
04-16 19:01:05.230 166 166 D vold : Preparing: /data/misc/vold/user_keys/ce
04-16 19:01:05.231 166 166 D vold : Preparing: /data/misc/vold/user_keys/de
04-16 19:01:05.234 166 166 D vold : Generating standard storage key
04-16 19:01:05.276 166 166 D vold : Generating "key storage" key
04-16 19:01:05.279 176 176 E keystore2: system/security/keystore2/src/error.rs:180 - system/security/keystore2/src/security_level.rs:622
04-16 19:01:05.279 176 176 E keystore2:
04-16 19:01:05.279 176 176 E keystore2: Caused by:
04-16 19:01:05.279 176 176 E keystore2: 0: system/security/keystore2/src/security_level.rs:620: While generating Key without explicit attestation key.
04-16 19:01:05.279 176 176 E keystore2: 1: Error::Km(r#ROLLBACK_RESISTANCE_UNAVAILABLE)
04-16 19:01:05.280 166 166 E vold : keystore2 Keystore generateKey returned service specific error: -67
04-16 19:01:05.281 166 166 W vold : Failed to generate rollback-resistant key. This is expected if keystore doesn't support rollback resistance. Falling back to non-rollback-resistant key.
04-16 19:01:05.289 0 0 E vold : keystore2 Keystore generateKey returned service specific error: -67
04-16 19:01:05.290 0 0 W vold : Failed to generate rollback-resistant key. This is expected if keystore doesn't support rollback resistance. Falling back to non-rollback-resistant key.
04-16 19:01:05.311 166 166 D vold : Stored key /data/misc/vold/user_keys/de/0
04-16 19:01:05.312 166 166 D vold : Installed fscrypt key with ref a8532ee368158ef9e1f33f3afc3480a8 to /data
04-16 19:01:05.313 166 166 D vold : Added fscrypt-provisioning key for a8532ee368158ef9e1f33f3afc3480a8 to session keyring
04-16 19:01:05.313 166 166 I vold : Created DE key for user 0
04-16 19:01:05.314 166 166 D vold : Generating standard storage key
04-16 19:01:05.314 166 166 D vold : Preparing: /data/misc/vold/user_keys/ce/0
04-16 19:01:05.318 166 166 D vold : Installed fscrypt key with ref 4beb0e1c1c24b4ea736030020b98df1d to /data
04-16 19:01:05.319 166 166 D vold : Added fscrypt-provisioning key for 4beb0e1c1c24b4ea736030020b98df1d to session keyring
04-16 19:01:05.319 166 166 I vold : Created CE key for user 0
04-16 19:01:05.341 166 166 D vold : Installed fscrypt key with ref a8532ee368158ef9e1f33f3afc3480a8 to /data
04-16 19:01:05.341 166 166 D vold : Added fscrypt-provisioning key for a8532ee368158ef9e1f33f3afc3480a8 to session keyring
04-16 19:01:05.342 166 166 D vold : Installed de key for user 0
04-16 19:01:05.342 166 166 D vold : Preparing: /data/data
04-16 19:01:05.349 166 166 I vold : Encryption policy of /data/data set to 4beb0e1c1c24b4ea736030020b98df1d v2 modes 1/4 flags 0x2
04-16 19:01:05.349 166 166 D vold : Preparing: /data/user/0
04-16 19:01:05.353 166 166 D vold : Preparing: /data/media/obb
04-16 19:01:05.361 166 166 I vold : Encryption policy of /data/media/obb set to c42cf842d5ab2e9dd16187a7259ee697 v2 modes 1/4 flags 0x2
04-16 19:01:05.362 166 166 D vold : fscrypt_prepare_user_storage for volume null, user 0, serial 0, flags 1
04-16 19:01:05.362 166 166 D vold : Preparing: /data/system/users/0
04-16 19:01:05.369 166 166 D vold : Preparing: /data/misc/profiles/cur/0
04-16 19:01:05.376 166 166 D vold : Preparing: /data/system_de/0
04-16 19:01:05.379 166 166 I vold : Encryption policy of /data/system_de/0 set to a8532ee368158ef9e1f33f3afc3480a8 v2 modes 1/4 flags 0x2
04-16 19:01:05.379 166 166 D vold : Preparing: /data/vendor_de/0
04-16 19:01:05.386 166 166 I vold : Encryption policy of /data/vendor_de/0 set to a8532ee368158ef9e1f33f3afc3480a8 v2 modes 1/4 flags 0x2
04-16 19:01:05.387 166 166 D vold : Preparing: /data/misc_de/0
04-16 19:01:05.394 166 166 I vold : Encryption policy of /data/misc_de/0 set to a8532ee368158ef9e1f33f3afc3480a8 v2 modes 1/4 flags 0x2
04-16 19:01:05.394 166 166 D vold : Preparing: /data/user_de/0
04-16 19:01:05.398 166 166 I vold : Encryption policy of /data/user_de/0 set to a8532ee368158ef9e1f33f3afc3480a8 v2 modes 1/4 flags 0x2
04-16 19:01:05.398 166 166 D vold : /system/bin/vold_prepare_subdirs
04-16 19:01:05.399 166 166 D vold : prepare
04-16 19:01:05.399 166 166 D vold :
04-16 19:01:05.399 166 166 D vold : 0
04-16 19:01:05.399 166 166 D vold : 1
04-16 19:01:05.615 316 316 D vold_prepare_subdirs: Setting up mode 771 uid 1000 gid 1000 context u:object_r:system_data_file:s0:c512,c768 on path: /data/user_de/0
04-16 19:01:05.617 316 316 I vold_prepare_subdirs: Relabelling from u:object_r:system_data_file:s0 to u:object_r:system_data_file:s0:c512,c768: /data/user_de/0
04-16 19:01:05.619 316 316 D vold_prepare_subdirs: Setting up mode 771 uid 1000 gid 1000 context u:object_r:sdk_sandbox_system_data_file:s0:c512,c768 on path: /data/misc_de/0/sdksandbox
04-16 19:01:05.626 316 316 D vold_prepare_subdirs: Setting up mode 700 uid 0 gid 0 context u:object_r:vold_data_file:s0 on path: /data/misc_de/0/vold
04-16 19:01:05.629 316 316 D vold_prepare_subdirs: Setting up mode 700 uid 0 gid 0 context u:object_r:storaged_data_file:s0 on path: /data/misc_de/0/storaged
04-16 19:01:05.633 316 316 D vold_prepare_subdirs: Setting up mode 700 uid 0 gid 0 context u:object_r:rollback_data_file:s0 on path: /data/misc_de/0/rollback
04-16 19:01:05.637 316 316 D vold_prepare_subdirs: Setting up mode 700 uid 0 gid 0 context u:object_r:apex_rollback_data_file:s0 on path: /data/misc_de/0/apexrollback
04-16 19:01:05.641 316 316 D vold_prepare_subdirs: Setting up mode 711 uid 0 gid 0 context u:object_r:apex_module_data_file:s0 on path: /data/misc_de/0/apexdata
04-16 19:01:05.646 316 316 D vold_prepare_subdirs: Setting up mode 771 uid 0 gid 1000 context u:object_r:apex_module_data_file:s0 on path: /data/misc_de/0/apexdata/com.android.configinfrastructure
04-16 19:01:05.649 316 316 D vold_prepare_subdirs: Setting up mode 771 uid 0 gid 1000 context u:object_r:apex_system_server_data_file:s0 on path: /data/misc_de/0/apexdata/com.android.uwb
04-16 19:01:05.653 316 316 D vold_prepare_subdirs: Setting up mode 771 uid 0 gid 1000 context u:object_r:apex_module_data_file:s0 on path: /data/misc_de/0/apexdata/com.android.media.swcodec
04-16 19:01:05.655 316 316 D vold_prepare_subdirs: Setting up mode 771 uid 0 gid 1000 context u:object_r:apex_module_data_file:s0 on path: /data/misc_de/0/apexdata/com.android.ondevicepersonalization
04-16 19:01:05.658 316 316 D vold_prepare_subdirs: Setting up mode 771 uid 0 gid 1000 context u:object_r:apex_module_data_file:s0 on path: /data/misc_de/0/apexdata/com.android.resolv
04-16 19:01:05.662 316 316 D vold_prepare_subdirs: Setting up mode 771 uid 0 gid 1000 context u:object_r:apex_module_data_file:s0 on path: /data/misc_de/0/apexdata/com.android.ipsec
04-16 19:01:05.665 316 316 D vold_prepare_subdirs: Setting up mode 771 uid 0 gid 1000 context u:object_r:apex_module_data_file:s0 on path: /data/misc_de/0/apexdata/com.android.mediaprovider
04-16 19:01:05.668 316 316 D vold_prepare_subdirs: Setting up mode 771 uid 0 gid 1000 context u:object_r:apex_module_data_file:s0 on path: /data/misc_de/0/apexdata/com.android.extservices
04-16 19:01:05.670 316 316 D vold_prepare_subdirs: Setting up mode 771 uid 0 gid 1000 context u:object_r:apex_module_data_file:s0 on path: /data/misc_de/0/apexdata/com.android.scheduling
04-16 19:01:05.673 316 316 D vold_prepare_subdirs: Setting up mode 771 uid 0 gid 1000 context u:object_r:apex_module_data_file:s0 on path: /data/misc_de/0/apexdata/com.android.conscrypt
04-16 19:01:05.675 316 316 D vold_prepare_subdirs: Setting up mode 771 uid 0 gid 1000 context u:object_r:apex_module_data_file:s0 on path: /data/misc_de/0/apexdata/com.android.tethering
04-16 19:01:05.678 316 316 D vold_prepare_subdirs: Setting up mode 771 uid 0 gid 1000 context u:object_r:apex_module_data_file:s0 on path: /data/misc_de/0/apexdata/com.android.adbd
04-16 19:01:05.682 316 316 D vold_prepare_subdirs: Setting up mode 771 uid 0 gid 1000 context u:object_r:apex_module_data_file:s0 on path: /data/misc_de/0/apexdata/com.android.media
04-16 19:01:05.685 316 316 D vold_prepare_subdirs: Setting up mode 771 uid 0 gid 1000 context u:object_r:apex_module_data_file:s0 on path: /data/misc_de/0/apexdata/com.android.neuralnetworks
04-16 19:01:05.689 316 316 D vold_prepare_subdirs: Setting up mode 771 uid 0 gid 1000 context u:object_r:apex_module_data_file:s0 on path: /data/misc_de/0/apexdata/com.android.cellbroadcast
04-16 19:01:05.691 316 316 D vold_prepare_subdirs: Setting up mode 771 uid 0 gid 1000 context u:object_r:apex_module_data_file:s0 on path: /data/misc_de/0/apexdata/com.android.adservices
04-16 19:01:05.695 316 316 D vold_prepare_subdirs: Setting up mode 771 uid 0 gid 1000 context u:object_r:apex_module_data_file:s0 on path: /data/misc_de/0/apexdata/com.android.appsearch
04-16 19:01:05.698 316 316 D vold_prepare_subdirs: Setting up mode 771 uid 0 gid 1000 context u:object_r:apex_system_server_data_file:s0 on path: /data/misc_de/0/apexdata/com.android.wifi
04-16 19:01:05.702 316 316 D vold_prepare_subdirs: Setting up mode 771 uid 0 gid 1000 context u:object_r:apex_module_data_file:s0 on path: /data/misc_de/0/apexdata/com.android.art
04-16 19:01:05.705 316 316 D vold_prepare_subdirs: Setting up mode 771 uid 0 gid 1000 context u:object_r:apex_module_data_file:s0 on path: /data/misc_de/0/apexdata/com.android.rkpd
04-16 19:01:05.709 316 316 D vold_prepare_subdirs: Setting up mode 771 uid 0 gid 1000 context u:object_r:apex_module_data_file:s0 on path: /data/misc_de/0/apexdata/com.android.apex.cts.shim
04-16 19:01:05.711 316 316 D vold_prepare_subdirs: Setting up mode 771 uid 0 gid 1000 context u:object_r:apex_system_server_data_file:s0 on path: /data/misc_de/0/apexdata/com.android.permission
04-16 19:01:05.714 316 316 D vold_prepare_subdirs: Setting up mode 771 uid 0 gid 1000 context u:object_r:apex_module_data_file:s0 on path: /data/misc_de/0/apexdata/com.android.virt
04-16 19:01:05.717 316 316 D vold_prepare_subdirs: Setting up mode 771 uid 0 gid 1000 context u:object_r:apex_module_data_file:s0 on path: /data/misc_de/0/apexdata/com.android.devicelock
04-16 19:01:05.719 316 316 D vold_prepare_subdirs: Setting up mode 771 uid 0 gid 1000 context u:object_r:apex_module_data_file:s0 on path: /data/misc_de/0/apexdata/com.android.healthfitness
04-16 19:01:05.722 316 316 D vold_prepare_subdirs: Setting up mode 771 uid 0 gid 1000 context u:object_r:apex_module_data_file:s0 on path: /data/misc_de/0/apexdata/com.android.btservices
04-16 19:01:05.725 316 316 D vold_prepare_subdirs: Setting up mode 771 uid 0 gid 1000 context u:object_r:apex_module_data_file:s0 on path: /data/misc_de/0/apexdata/com.android.os.statsd
04-16 19:01:05.727 316 316 D vold_prepare_subdirs: Setting up mode 771 uid 0 gid 1000 context u:object_r:apex_module_data_file:s0 on path: /data/misc_de/0/apexdata/com.android.sdkext
04-16 19:01:05.731 316 316 D vold_prepare_subdirs: Setting up mode 771 uid 0 gid 1000 context u:object_r:apex_module_data_file:s0 on path: /data/misc_de/0/apexdata/com.android.i18n
04-16 19:01:05.734 316 316 D vold_prepare_subdirs: Setting up mode 771 uid 0 gid 1000 context u:object_r:apex_module_data_file:s0 on path: /data/misc_de/0/apexdata/com.android.vndk.v34
04-16 19:01:05.738 316 316 D vold_prepare_subdirs: Setting up mode 771 uid 0 gid 1000 context u:object_r:apex_module_data_file:s0 on path: /data/misc_de/0/apexdata/com.android.tzdata
04-16 19:01:05.741 316 316 D vold_prepare_subdirs: Setting up mode 771 uid 0 gid 1000 context u:object_r:apex_module_data_file:s0 on path: /data/misc_de/0/apexdata/com.android.runtime
04-16 19:01:05.749 316 316 D vold_prepare_subdirs: Setting up mode 771 uid 0 gid 1000 context u:object_r:apex_module_data_file:s0 on path: /data/misc_de/0/apexdata/sharedlibs
04-16 19:01:05.751 316 316 D vold_prepare_subdirs: Setting up mode 771 uid 1000 gid 1000 context u:object_r:user_profile_root_file:s0:c512,c768 on path: /data/misc/profiles/cur/0
04-16 19:01:05.756 316 316 I vold_prepare_subdirs: Relabelling from u:object_r:user_profile_root_file:s0 to u:object_r:user_profile_root_file:s0:c512,c768: /data/misc/profiles/cur/0
04-16 19:01:05.758 316 316 D vold_prepare_subdirs: Setting up mode 700 uid 1000 gid 1000 context u:object_r:fingerprint_vendor_data_file:s0 on path: /data/vendor_de/0/fpdata
04-16 19:01:05.769 316 316 D vold_prepare_subdirs: Setting up mode 700 uid 1000 gid 1000 context u:object_r:face_vendor_data_file:s0 on path: /data/vendor_de/0/facedata
04-16 19:01:05.782 166 166 D vold : Detected support for FS_IOC_ADD_ENCRYPTION_KEY
04-16 19:01:05.786 166 166 D vold : Installing fscrypt-provisioning key for 4beb0e1c1c24b4ea736030020b98df1d back into /data fs-keyring
04-16 19:01:05.805 0 0 I init : Service 'exec 10 (/system/bin/vdc --wait cryptfs init_user0)' (pid 314) exited with status 0 waiting took 0.845000 seconds
04-16 19:01:05.806 0 0 I init : Sending signal 9 to service 'exec 10 (/system/bin/vdc --wait cryptfs init_user0)' (pid 314) process group...
04-16 19:01:05.806 0 0 I libprocessgroup: Successfully killed process cgroup uid 0 pid 314 in 0ms
04-16 19:01:06.159 0 0 I selinux : SELinux: Skipping restorecon on directory(/data/system/shutdown-checkpoints)
04-16 19:01:06.354 0 0 I init : Command 'restorecon --recursive --skip-ce /data' action=post-fs-data (/system/etc/init/hw/init.rc:1020) took 546ms and succeeded
04-16 19:01:06.355 0 0 I init : starting service 'derive_classpath'...
04-16 19:01:06.419 0 0 I init : ... started service 'derive_classpath' has pid 317
04-16 19:01:06.419 0 0 I init : SVC_EXEC service 'derive_classpath' pid 317 (uid 1000 gid 1000+1 context default) started; waiting...
04-16 19:01:06.419 0 0 I init : Command 'exec_start derive_classpath' action=post-fs-data (/system/etc/init/hw/init.rc:1024) took 65ms and succeeded
04-16 19:01:06.542 317 317 I derive_classpath: ParseFragments for bootclasspath
04-16 19:01:06.606 317 317 I derive_classpath: ReadClasspathFragment /apex/com.android.art/etc/classpaths/bootclasspath.pb
04-16 19:01:06.613 317 317 I derive_classpath: ReadClasspathFragment /system/etc/classpaths/bootclasspath.pb
04-16 19:01:06.617 317 317 I derive_classpath: ReadClasspathFragment /apex/com.android.adservices/etc/classpaths/bootclasspath.pb
04-16 19:01:06.622 317 317 I derive_classpath: ReadClasspathFragment /apex/com.android.appsearch/etc/classpaths/bootclasspath.pb
04-16 19:01:06.625 317 317 I derive_classpath: ReadClasspathFragment /apex/com.android.btservices/etc/classpaths/bootclasspath.pb
04-16 19:01:06.629 317 317 I derive_classpath: ReadClasspathFragment /apex/com.android.configinfrastructure/etc/classpaths/bootclasspath.pb
04-16 19:01:06.633 317 317 I derive_classpath: ReadClasspathFragment /apex/com.android.conscrypt/etc/classpaths/bootclasspath.pb
04-16 19:01:06.635 317 317 I derive_classpath: ReadClasspathFragment /apex/com.android.devicelock/etc/classpaths/bootclasspath.pb
04-16 19:01:06.641 317 317 I derive_classpath: ReadClasspathFragment /apex/com.android.healthfitness/etc/classpaths/bootclasspath.pb
04-16 19:01:06.645 317 317 I derive_classpath: ReadClasspathFragment /apex/com.android.ipsec/etc/classpaths/bootclasspath.pb
04-16 19:01:06.648 317 317 I derive_classpath: ReadClasspathFragment /apex/com.android.media/etc/classpaths/bootclasspath.pb
04-16 19:01:06.651 317 317 I derive_classpath: ReadClasspathFragment /apex/com.android.mediaprovider/etc/classpaths/bootclasspath.pb
04-16 19:01:06.655 317 317 I derive_classpath: ReadClasspathFragment /apex/com.android.ondevicepersonalization/etc/classpaths/bootclasspath.pb
04-16 19:01:06.657 317 317 I derive_classpath: ReadClasspathFragment /apex/com.android.os.statsd/etc/classpaths/bootclasspath.pb
04-16 19:01:06.661 317 317 I derive_classpath: ReadClasspathFragment /apex/com.android.permission/etc/classpaths/bootclasspath.pb
04-16 19:01:06.663 317 317 I derive_classpath: ReadClasspathFragment /apex/com.android.scheduling/etc/classpaths/bootclasspath.pb
04-16 19:01:06.666 317 317 I derive_classpath: ReadClasspathFragment /apex/com.android.sdkext/etc/classpaths/bootclasspath.pb
04-16 19:01:06.670 317 317 I derive_classpath: ReadClasspathFragment /apex/com.android.tethering/etc/classpaths/bootclasspath.pb
04-16 19:01:06.672 317 317 I derive_classpath: ReadClasspathFragment /apex/com.android.uwb/etc/classpaths/bootclasspath.pb
04-16 19:01:06.675 317 317 I derive_classpath: ReadClasspathFragment /apex/com.android.virt/etc/classpaths/bootclasspath.pb
04-16 19:01:06.677 317 317 I derive_classpath: ReadClasspathFragment /apex/com.android.wifi/etc/classpaths/bootclasspath.pb
04-16 19:01:06.679 317 317 I derive_classpath: ParseFragments for systemserverclasspath
04-16 19:01:06.696 317 317 I derive_classpath: ReadClasspathFragment /system/etc/classpaths/systemserverclasspath.pb
04-16 19:01:06.700 317 317 I derive_classpath: ReadClasspathFragment /apex/com.android.adservices/etc/classpaths/systemserverclasspath.pb
04-16 19:01:06.703 317 317 I derive_classpath: ReadClasspathFragment /apex/com.android.appsearch/etc/classpaths/systemserverclasspath.pb
04-16 19:01:06.707 317 317 I derive_classpath: ReadClasspathFragment /apex/com.android.art/etc/classpaths/systemserverclasspath.pb
04-16 19:01:06.713 317 317 I derive_classpath: ReadClasspathFragment /apex/com.android.btservices/etc/classpaths/systemserverclasspath.pb
04-16 19:01:06.719 317 317 I derive_classpath: ReadClasspathFragment /apex/com.android.configinfrastructure/etc/classpaths/systemserverclasspath.pb
04-16 19:01:06.721 317 317 I derive_classpath: ReadClasspathFragment /apex/com.android.devicelock/etc/classpaths/systemserverclasspath.pb
04-16 19:01:06.724 317 317 I derive_classpath: ReadClasspathFragment /apex/com.android.healthfitness/etc/classpaths/systemserverclasspath.pb
04-16 19:01:06.727 317 317 I derive_classpath: ReadClasspathFragment /apex/com.android.media/etc/classpaths/systemserverclasspath.pb
04-16 19:01:06.729 317 317 I derive_classpath: ReadClasspathFragment /apex/com.android.ondevicepersonalization/etc/classpaths/systemserverclasspath.pb
04-16 19:01:06.731 317 317 I derive_classpath: ReadClasspathFragment /apex/com.android.os.statsd/etc/classpaths/systemserverclasspath.pb
04-16 19:01:06.734 317 317 I derive_classpath: ReadClasspathFragment /apex/com.android.permission/etc/classpaths/systemserverclasspath.pb
04-16 19:01:06.736 317 317 I derive_classpath: ReadClasspathFragment /apex/com.android.rkpd/etc/classpaths/systemserverclasspath.pb
04-16 19:01:06.739 317 317 I derive_classpath: ReadClasspathFragment /apex/com.android.scheduling/etc/classpaths/systemserverclasspath.pb
04-16 19:01:06.743 317 317 I derive_classpath: ReadClasspathFragment /apex/com.android.tethering/etc/classpaths/systemserverclasspath.pb
04-16 19:01:06.746 317 317 I derive_classpath: ReadClasspathFragment /apex/com.android.uwb/etc/classpaths/systemserverclasspath.pb
04-16 19:01:06.749 317 317 I derive_classpath: ReadClasspathFragment /apex/com.android.wifi/etc/classpaths/systemserverclasspath.pb
04-16 19:01:06.753 317 317 I derive_classpath: WriteClasspathExports /data/system/environ/classpath
04-16 19:01:06.755 317 317 I derive_classpath: WriteClasspathExports content
04-16 19:01:06.755 317 317 I derive_classpath: export BOOTCLASSPATH /apex/com.android.art/javalib/core-oj.jar:/apex/com.android.art/javalib/core-libart.jar:/apex/com.android.art/javalib/okhttp.jar:/apex/com.android.art/javalib/bouncycastle.jar:/apex/com.android.art/javalib/apache-xml.jar:/system/framework/framework.jar:/system/framework/framework-graphics.jar:/system/framework/ext.jar:/system/framework/telephony-common.jar:/system/framework/voip-common.jar:/system/framework/ims-common.jar:/apex/com.android.i18n/javalib/core-icu4j.jar:/apex/com.android.adservices/javalib/framework-adservices.jar:/apex/com.android.adservices/javalib/framework-sdksandbox.jar:/apex/com.android.appsearch/javalib/framework-appsearch.jar:/apex/com.android.btservices/javalib/framework-bluetooth.jar:/apex/com.android.configinfrastructure/javalib/framework-configinfrastructure.jar:/apex/com.android.conscrypt/javalib/conscrypt.jar:/apex/com.android.devicelock/javalib/framework-devicelock.jar:/apex/com.android.healthfitness/javalib/framework-healthfitness.jar:/apex/com.android.ipsec/javalib/android.net.ipsec.ike.jar:/apex/com.android.media/javalib/updatable-media.jar:/apex/com.android.mediaprovider/javalib/framework-mediaprovider.jar:/apex/com.android.ondevicepersonalization/javalib/framework-ondevicepersonalization.jar:/apex/com.android.os.statsd/javalib/framework-statsd.jar:/apex/com.android.permission/javalib/framework-permission.jar:/apex/com.android.permission/javalib/framework-permission-s.jar:/apex/com.android.scheduling/javalib/framework-scheduling.jar:/apex/com.android.sdkext/javalib/framework-sdkextensions.jar:/apex/com.android.tethering/javalib/framework-connectivity.jar:/apex/com.android.tethering/javalib/framework-connectivity-t.jar:/apex/com.android.tethering/javalib/framework-tethering.jar:/apex/com.android.uwb/javalib/framework-uwb.jar:/apex/com.android.virt/javalib/framework-virtualization.jar:/apex/com.android.wifi/javalib/framework-wifi.jar
04-16 19:01:06.755 317 317 I derive_classpath: export DEX2OATBOOTCLASSPATH /apex/com.android.art/javalib/core-oj.jar:/apex/com.android.art/javalib/core-libart.jar:/apex/com.android.art/javalib/okhttp.jar:/apex/com.android.art/javalib/bouncycastle.jar:/apex/com.android.art/javalib/apache-xml.jar:/system/framework/framework.jar:/system/framework/framework-graphics.jar:/system/framework/ext.jar:/system/framework/telephony-common.jar:/system/framework/voip-common.jar:/system/framework/ims-common.jar:/apex/com.android.i18n/javalib/core-icu4j.jar
04-16 19:01:06.755 317 317 I derive_classpath: export SYSTEMSERVERCLASSPATH /system/framework/com.android.location.provider.jar:/system/framework/services.jar:/apex/com.android.adservices/javalib/service-adservices.jar:/apex/com.android.adservices/javalib/service-sdksandbox.jar:/apex/com.android.appsearch/javalib/service-appsearch.jar:/apex/com.android.art/javalib/service-art.jar:/apex/com.android.configinfrastructure/javalib/service-configinfrastructure.jar:/apex/com.android.healthfitness/javalib/service-healthfitness.jar:/apex/com.android.media/javalib/service-media-s.jar:/apex/com.android.ondevicepersonalization/javalib/service-ondevicepersonalization.jar:/apex/com.android.permission/javalib/service-permission.jar:/apex/com.android.rkpd/javalib/service-rkp.jar
04-16 19:01:06.755 317 317 I derive_classpath: export STANDALONE_SYSTEMSERVER_JARS /apex/com.android.btservices/javalib/service-bluetooth.jar:/apex/com.android.devicelock/javalib/service-devicelock.jar:/apex/com.android.os.statsd/javalib/service-statsd.jar:/apex/com.android.scheduling/javalib/service-scheduling.jar:/apex/com.android.tethering/javalib/service-connectivity.jar:/apex/com.android.uwb/javalib/service-uwb.jar:/apex/com.android.wifi/javalib/service-wifi.jar
04-16 19:01:06.774 0 0 I init : Service 'derive_classpath' (pid 317) exited with status 0 waiting took 0.414000 seconds
04-16 19:01:06.775 0 0 I init : Sending signal 9 to service 'derive_classpath' (pid 317) process group...
04-16 19:01:06.776 0 0 I libprocessgroup: Successfully killed process cgroup uid 1000 pid 317 in 0ms
04-16 19:01:06.794 0 0 I init : starting service 'art_boot'...
04-16 19:01:06.894 0 0 I init : ... started service 'art_boot' has pid 318
04-16 19:01:06.894 0 0 I init : SVC_EXEC service 'art_boot' pid 318 (uid 0 gid 0+0 context default) started; waiting...
04-16 19:01:06.895 0 0 I init : Command 'exec_start art_boot' action=post-fs-data (/system/etc/init/hw/init.rc:1030) took 106ms and succeeded
04-16 19:01:07.158 318 318 I art_boot: Property persist.device_config.runtime_native_boot.useartservice not set
04-16 19:01:07.176 0 0 I init : Service 'art_boot' (pid 318) exited with status 0 waiting took 0.372000 seconds
04-16 19:01:07.177 0 0 I init : Sending signal 9 to service 'art_boot' (pid 318) process group...
04-16 19:01:07.179 0 0 I libprocessgroup: Successfully killed process cgroup uid 0 pid 318 in 0ms
04-16 19:01:07.191 0 0 I init : starting service 'odsign'...
04-16 19:01:07.278 0 0 I init : ... started service 'odsign' has pid 319
04-16 19:01:07.279 0 0 I init : Command 'start odsign' action=post-fs-data (/system/etc/init/hw/init.rc:1035) took 91ms and succeeded
04-16 19:01:07.595 319 319 I odsign : Trying to retrieve existing HMAC key...
04-16 19:01:07.621 319 319 I odsign : Existing HMAC key not found or invalid, creating new key
04-16 19:01:07.707 319 319 I odsign : Trying to retrieve existing keystore key...
04-16 19:01:07.713 319 319 I odsign : Failed to find keystore key...
04-16 19:01:07.713 319 319 I odsign : Existing keystore key not found or invalid, creating new key
04-16 19:01:09.513 319 319 I odsign : Initialized Keystore key.
04-16 19:01:09.515 319 319 W odsign : Key certificate not found: /data/misc/odsign/key.cert: No such file or directory
04-16 19:01:10.767 320 320 I odrefresh: ART APEX version 342090000
04-16 19:01:10.779 320 320 I odrefresh: No prior cache-info file: '/data/misc/apexdata/com.android.art/dalvik-cache/cache-info.xml'
04-16 19:01:10.791 320 320 I odrefresh: Boot images on /system OK (x86_64)
04-16 19:01:10.811 320 320 I odrefresh: system_server artifacts on /system OK
04-16 19:01:10.827 319 319 I odrefresh: odrefresh terminated by exit(79)
04-16 19:01:10.829 319 319 I odsign : /data/misc/odsign/odsign.info not found.
04-16 19:01:11.138 321 321 I odrefresh: ART APEX version 342090000
04-16 19:01:11.143 321 321 I odrefresh: No prior cache-info file: '/data/misc/apexdata/com.android.art/dalvik-cache/cache-info.xml'
04-16 19:01:11.146 321 321 I odrefresh: Boot images on /system OK (x86_64)
04-16 19:01:11.150 321 321 I odrefresh: system_server artifacts on /system OK
04-16 19:01:11.885 319 319 I odrefresh: odrefresh terminated by exit(80)
04-16 19:01:11.886 319 319 I odsign : odrefresh compiled all artifacts, returned 80
04-16 19:01:11.893 319 319 I odsign : Adding "/data/misc/apexdata/com.android.art/dalvik-cache/cache-info.xml" to fs-verity...
04-16 19:01:11.903 0 0 I fs-verity: sha256 using implementation "sha256-ssse3"
04-16 19:01:11.948 319 319 I odsign : On-device signing done.
04-16 19:01:11.962 0 0 I init : Wait for property 'odsign.key.done=1' took 4683ms
04-16 19:01:11.968 0 0 I init : starting service 'exec 11 (/system/bin/fsverity_init --lock)'...
04-16 19:01:12.007 0 0 I init : ... started service 'exec 11 (/system/bin/fsverity_init --lock)' has pid 322
04-16 19:01:12.007 0 0 I init : SVC_EXEC service 'exec 11 (/system/bin/fsverity_init --lock)' pid 322 (uid 0 gid 0+0 context default) started; waiting...
04-16 19:01:12.011 0 0 I init : Sending signal 9 to service 'odsign' (pid 319) process group...
04-16 19:01:12.027 0 0 I libprocessgroup: Successfully killed process cgroup uid 0 pid 319 in 16ms
04-16 19:01:12.037 0 0 I init : Control message: Processed ctl.stop for 'odsign' from pid: 319 (/system/bin/odsign)
04-16 19:01:12.038 0 0 I init : Service 'odsign' (pid 319) received signal 9
04-16 19:01:12.143 0 0 I init : Service 'exec 11 (/system/bin/fsverity_init --lock)' (pid 322) exited with status 0 waiting took 0.167000 seconds
04-16 19:01:12.143 0 0 I init : Sending signal 9 to service 'exec 11 (/system/bin/fsverity_init --lock)' (pid 322) process group...
04-16 19:01:12.144 0 0 I libprocessgroup: Successfully killed process cgroup uid 0 pid 322 in 0ms
04-16 19:01:12.139 176 219 I keystore2: system/security/keystore2/src/super_key.rs:330 - keystore.boot_level 1000000000 hits maximum 1000000000, finishing.
04-16 19:01:12.150 0 0 I init : starting service 'apexd-snapshotde'...
04-16 19:01:12.191 0 0 I init : ... started service 'apexd-snapshotde' has pid 323
04-16 19:01:12.191 0 0 I init : SVC_EXEC service 'apexd-snapshotde' pid 323 (uid 0 gid 1000+0 context default) started; waiting...
04-16 19:01:12.380 0 0 I apexd : Snapshot DE subcommand detected
04-16 19:01:12.395 0 0 I apexd-snapshotde: Marking APEXd as ready
04-16 19:01:12.413 0 0 I init : Service 'apexd-snapshotde' (pid 323) exited with status 0 waiting took 0.257000 seconds
04-16 19:01:12.413 0 0 I init : Sending signal 9 to service 'apexd-snapshotde' (pid 323) process group...
04-16 19:01:12.414 0 0 I libprocessgroup: Successfully killed process cgroup uid 0 pid 323 in 0ms
04-16 19:01:12.467 0 0 I init : processing action (post-fs-data) from (/system/etc/init/hw/init.usb.rc:6)
04-16 19:01:12.476 0 0 I init : Encryption policy of /data/adb set to c42cf842d5ab2e9dd16187a7259ee697 v2 modes 1/4 flags 0x2
04-16 19:01:12.479 0 0 I init : processing action (post-fs-data) from (/vendor/etc/init/hw/init.ranchu.rc:58)
04-16 19:01:12.516 0 0 I init : starting service 'qemu-adb-keys'...
04-16 19:01:12.563 0 0 I init : ... started service 'qemu-adb-keys' has pid 324
04-16 19:01:12.571 0 0 I init : starting service 'qemu-device-state'...
04-16 19:01:12.638 0 0 I init : ... started service 'qemu-device-state' has pid 325
04-16 19:01:12.638 0 0 I init : Command 'start qemu-device-state' action=post-fs-data (/vendor/etc/init/hw/init.ranchu.rc:66) took 74ms and succeeded
04-16 19:01:12.639 0 0 I init : processing action (ro.boot.qemu.virtiowifi=1 && post-fs-data) from (/vendor/etc/init/hw/init.ranchu.rc:112)
04-16 19:01:12.647 0 0 I init : starting service 'ranchu-net'...
04-16 19:01:12.765 0 0 I init : ... started service 'ranchu-net' has pid 326
04-16 19:01:12.766 0 0 I init : Command 'start ranchu-net' action=ro.boot.qemu.virtiowifi=1 && post-fs-data (/vendor/etc/init/hw/init.ranchu.rc:113) took 126ms and succeeded
04-16 19:01:12.766 0 0 I init : processing action (post-fs-data) from (/system/etc/init/bootstat.rc:9)
04-16 19:01:12.779 0 0 I init : processing action (ro.debuggable=1 && post-fs-data) from (/system/etc/init/clean_scratch_files.rc:1)
04-16 19:01:12.790 0 0 I init : starting service 'exec 12 (/system/bin/clean_scratch_files)'...
04-16 19:01:12.828 0 0 I init : ... started service 'exec 12 (/system/bin/clean_scratch_files)' has pid 327
04-16 19:01:12.832 0 0 I init : processing action (post-fs-data) from (/system/etc/init/gsid.rc:17)
04-16 19:01:12.848 0 0 I init : Not setting encryption policy on: /data/gsi
04-16 19:01:12.947 0 0 I init : processing action (post-fs-data) from (/system/etc/init/incidentd.rc:21)
04-16 19:01:13.037 0 0 I init : Command 'mkdir /data/misc/incidents 0770 incidentd incidentd' action=post-fs-data (/system/etc/init/incidentd.rc:23) took 77ms and succeeded
04-16 19:01:13.037 0 0 I init : processing action (post-fs-data) from (/system/etc/init/logtagd.rc:4)
04-16 19:01:13.069 0 0 I init : processing action (post-fs-data) from (/system/etc/init/otapreopt.rc:3)
04-16 19:01:13.071 0 0 I init : starting service 'exec 13 (/system/bin/otapreopt_slot)'...
04-16 19:01:13.197 0 0 I init : ... started service 'exec 13 (/system/bin/otapreopt_slot)' has pid 328
04-16 19:01:13.198 0 0 I init : SVC_EXEC service 'exec 13 (/system/bin/otapreopt_slot)' pid 328 (uid 0 gid 0+0 context default) started; waiting...
04-16 19:01:13.198 0 0 I init : Command 'exec - root -- /system/bin/otapreopt_slot' action=post-fs-data (/system/etc/init/otapreopt.rc:4) took 128ms and succeeded
04-16 19:01:13.355 0 0 I init : Service 'qemu-device-state' (pid 325) exited with status 0 oneshot service took 0.769000 seconds in background
04-16 19:01:13.356 0 0 I init : Sending signal 9 to service 'qemu-device-state' (pid 325) process group...
04-16 19:01:13.370 0 0 I libprocessgroup: Successfully killed process cgroup uid 0 pid 325 in 0ms
04-16 19:01:13.406 0 0 I init : Service 'qemu-adb-keys' (pid 324) exited with status 0 oneshot service took 0.884000 seconds in background
04-16 19:01:13.407 0 0 I init : Sending signal 9 to service 'qemu-adb-keys' (pid 324) process group...
04-16 19:01:13.408 0 0 I libprocessgroup: Successfully killed process cgroup uid 0 pid 324 in 0ms
04-16 19:01:13.925 0 0 I init : Service 'exec 12 (/system/bin/clean_scratch_files)' (pid 327) exited with status 0 oneshot service took 1.126000 seconds in background
04-16 19:01:13.925 0 0 I init : Sending signal 9 to service 'exec 12 (/system/bin/clean_scratch_files)' (pid 327) process group...
04-16 19:01:13.926 0 0 I libprocessgroup: Successfully killed process cgroup uid 0 pid 327 in 0ms
04-16 19:01:14.371 0 0 D ieee80211 phy1: Selected rate control algorithm 'minstrel_ht'
04-16 19:01:14.414 333 333 W otapreopt_slot: Slot property empty.
04-16 19:01:14.453 0 0 I init : Service 'exec 13 (/system/bin/otapreopt_slot)' (pid 328) exited with status 1 waiting took 1.366000 seconds
04-16 19:01:14.454 0 0 I init : Sending signal 9 to service 'exec 13 (/system/bin/otapreopt_slot)' (pid 328) process group...
04-16 19:01:14.455 0 0 I libprocessgroup: Successfully killed process cgroup uid 0 pid 328 in 0ms
04-16 19:01:14.462 0 0 E selinux : SELinux: Could not stat /data/dalvik-cache/arm: No such file or directory.
04-16 19:01:14.463 0 0 E selinux : SELinux: Could not stat /data/dalvik-cache/arm64: No such file or directory.
04-16 19:01:14.464 0 0 E selinux : SELinux: Could not stat /data/dalvik-cache/riscv64: No such file or directory.
04-16 19:01:14.464 0 0 E selinux : SELinux: Could not stat /data/dalvik-cache/x86: No such file or directory.
04-16 19:01:14.470 0 0 E selinux : SELinux: Could not stat /data/dalvik-cache/x86_64: No such file or directory.
04-16 19:01:14.470 0 0 I init : processing action (post-fs-data) from (/system/etc/init/perfetto.rc:73)
04-16 19:01:14.471 0 0 I init : Command 'rm /data/misc/perfetto-traces/.guardraildata' action=post-fs-data (/system/etc/init/perfetto.rc:74) took 0ms and failed: unlink() failed: No such file or directory
04-16 19:01:14.471 0 0 I init : processing action (post-fs-data) from (/system/etc/init/profcollectd.rc:9)
04-16 19:01:14.493 0 0 I init : processing action (post-fs-data) from (/system/etc/init/recovery-persist.rc:1)
04-16 19:01:14.495 0 0 I init : starting service 'exec 14 (/system/bin/recovery-persist)'...
04-16 19:01:14.614 0 0 I init : ... started service 'exec 14 (/system/bin/recovery-persist)' has pid 335
04-16 19:01:14.638 0 0 I init : Command 'exec_background - system log -- /system/bin/recovery-persist' action=post-fs-data (/system/etc/init/recovery-persist.rc:3) took 122ms and succeeded
04-16 19:01:14.639 0 0 I init : processing action (post-fs-data) from (/system/etc/init/wifi.rc:18)
04-16 19:01:14.656 0 0 I selinux : SELinux: Skipping restorecon on directory(/data/misc/apexdata/com.android.wifi)
04-16 19:01:14.656 0 0 I init : processing action (post-fs-data) from (/vendor/etc/init/hostapd.android.rc:9)
04-16 19:01:14.737 0 0 I init : Command 'mkdir /data/vendor/wifi 0770 wifi wifi' action=post-fs-data (/vendor/etc/init/hostapd.android.rc:10) took 72ms and succeeded
04-16 19:01:14.769 0 0 I init : processing action (sys.init.perf_lsm_hooks=1 && load_bpf_programs) from (/system/etc/init/hw/init.rc:1253)
04-16 19:01:14.771 0 0 I init : processing action (load_bpf_programs) from (/system/etc/init/bpfloader.rc:17)
04-16 19:01:14.783 0 0 I init : starting service 'bpfloader'...
04-16 19:01:14.887 0 0 I init : ... started service 'bpfloader' has pid 336
04-16 19:01:14.887 0 0 I init : SVC_EXEC service 'bpfloader' pid 336 (uid 0 gid 0+7 context default) started; waiting...
04-16 19:01:14.887 0 0 I init : Command 'exec_start bpfloader' action=load_bpf_programs (/system/etc/init/bpfloader.rc:18) took 115ms and succeeded
04-16 19:01:14.898 0 0 I init : starting service 'dhcpclient_wifi'...
04-16 19:01:14.982 0 0 I init : ... started service 'dhcpclient_wifi' has pid 337
04-16 19:01:14.982 0 0 I init : Control message: Processed ctl.start for 'dhcpclient_wifi' from pid: 334 (setprop ctl.start dhcpclient_wifi)
04-16 19:01:14.983 0 0 I init : Service 'exec 14 (/system/bin/recovery-persist)' (pid 335) exited with status 0 oneshot service took 0.479000 seconds in background
04-16 19:01:14.984 0 0 I init : Sending signal 9 to service 'exec 14 (/system/bin/recovery-persist)' (pid 335) process group...
04-16 19:01:14.995 0 0 I libprocessgroup: Successfully killed process cgroup uid 1000 pid 335 in 10ms
04-16 19:01:15.308 0 0 D LibBpfLoader: Loading optional ELF object /apex/com.android.tethering/etc/bpf/test.o with license Apache 2.0
04-16 19:01:15.315 0 0 I LibBpfLoader: Section bpfloader_min_ver value is 2 [0x2]
04-16 19:01:15.316 0 0 I LibBpfLoader: Section bpfloader_max_ver value is 25 [0x19]
04-16 19:01:15.326 0 0 D LibBpfLoader: Couldn't find section bpfloader_min_required_ver (defaulting to 0 [0x0]).
04-16 19:01:15.326 0 0 I LibBpfLoader: Section size_of_bpf_map_def value is 120 [0x78]
04-16 19:01:15.327 0 0 I LibBpfLoader: Section size_of_bpf_prog_def value is 92 [0x5c]
04-16 19:01:15.327 0 0 I LibBpfLoader: BpfLoader version 0x00026 ignoring ELF object /apex/com.android.tethering/etc/bpf/test.o with max ver 0x00019
04-16 19:01:15.327 0 0 I bpfloader: Loaded object: /apex/com.android.tethering/etc/bpf/test.o
04-16 19:01:15.353 0 0 D LibBpfLoader: Loading critical for Connectivity (Tethering) ELF object /apex/com.android.tethering/etc/bpf/offload.o with license Apache 2.0
04-16 19:01:15.354 0 0 I LibBpfLoader: Section bpfloader_min_ver value is 2 [0x2]
04-16 19:01:15.354 0 0 I LibBpfLoader: Section bpfloader_max_ver value is 25 [0x19]
04-16 19:01:15.355 0 0 D LibBpfLoader: Couldn't find section bpfloader_min_required_ver (defaulting to 0 [0x0]).
04-16 19:01:15.355 0 0 I LibBpfLoader: Section size_of_bpf_map_def value is 120 [0x78]
04-16 19:01:15.356 0 0 I LibBpfLoader: Section size_of_bpf_prog_def value is 92 [0x5c]
04-16 19:01:15.356 0 0 I LibBpfLoader: BpfLoader version 0x00026 ignoring ELF object /apex/com.android.tethering/etc/bpf/offload.o with max ver 0x00019
04-16 19:01:15.356 0 0 I bpfloader: Loaded object: /apex/com.android.tethering/etc/bpf/offload.o
04-16 19:01:15.362 0 0 D LibBpfLoader: Loading optional ELF object /apex/com.android.tethering/etc/bpf/test@btf.o with license Apache 2.0
04-16 19:01:15.363 0 0 I LibBpfLoader: Section bpfloader_min_ver value is 25 [0x19]
04-16 19:01:15.363 0 0 I LibBpfLoader: Section bpfloader_max_ver value is 65536 [0x10000]
04-16 19:01:15.364 0 0 D LibBpfLoader: Couldn't find section bpfloader_min_required_ver (defaulting to 0 [0x0]).
04-16 19:01:15.364 0 0 I LibBpfLoader: Section size_of_bpf_map_def value is 120 [0x78]
04-16 19:01:15.364 0 0 I LibBpfLoader: Section size_of_bpf_prog_def value is 92 [0x5c]
04-16 19:01:15.365 0 0 I init : Service 'ranchu-net' (pid 326) exited with status 0 oneshot service took 2.698000 seconds in background
04-16 19:01:15.365 0 0 I init : Sending signal 9 to service 'ranchu-net' (pid 326) process group...
04-16 19:01:15.367 0 0 I LibBpfLoader: BpfLoader version 0x00026 processing ELF object /apex/com.android.tethering/etc/bpf/test@btf.o with ver [0x00019,0x10000)
