04-16 19:05:32.467 562 588 W SystemServiceManager: Service com.android.server.companion.CompanionDeviceManagerService took 82 ms in onBootPhase
04-16 19:05:32.467 562 588 V ActivityManagerTiming: OnBootPhase_1000_com.android.server.companion.CompanionDeviceManagerService took to complete: 82ms
04-16 19:05:32.467 562 588 D ActivityManagerTiming: OnBootPhase_1000_com.android.server.companion.virtual.VirtualDeviceManagerService
04-16 19:05:32.467 562 588 V ActivityManagerTiming: OnBootPhase_1000_com.android.server.companion.virtual.VirtualDeviceManagerService took to complete: 0ms
04-16 19:05:32.467 562 588 D ActivityManagerTiming: OnBootPhase_1000_com.android.server.restrictions.RestrictionsManagerService
04-16 19:05:32.467 562 588 V ActivityManagerTiming: OnBootPhase_1000_com.android.server.restrictions.RestrictionsManagerService took to complete: 0ms
04-16 19:05:32.467 562 588 D ActivityManagerTiming: OnBootPhase_1000_com.android.server.media.MediaSessionService
04-16 19:05:32.477 562 685 W BroadcastLoopers: Found previously unknown looper Thread[BluetoothManagerService,5,main]
04-16 19:05:32.494 562 900 D WifiNetworkFactory: got request NetworkRequest [ REQUEST id=7, [ Capabilities: INTERNET&NOT_RESTRICTED&TRUSTED&NOT_VCN_MANAGED Uid: 1000 RequestorUid: 1000 RequestorPkg: android UnderlyingNetworks: Null] ]
04-16 19:05:32.495 562 900 D WifiNetworkFactory: got request NetworkRequest [ REQUEST id=22, [ Capabilities: INTERNET&NOT_RESTRICTED&TRUSTED&NOT_VCN_MANAGED Uid: 10117 RequestorUid: 10117 RequestorPkg: com.android.systemui UnderlyingNetworks: Null] ]
04-16 19:05:32.510 562 588 V ActivityManagerTiming: OnBootPhase_1000_com.android.server.media.MediaSessionService took to complete: 42ms
04-16 19:05:32.510 562 588 D ActivityManagerTiming: OnBootPhase_1000_com.android.server.media.MediaResourceMonitorService
04-16 19:05:32.510 562 588 V ActivityManagerTiming: OnBootPhase_1000_com.android.server.media.MediaResourceMonitorService took to complete: 0ms
04-16 19:05:32.510 562 588 D ActivityManagerTiming: OnBootPhase_1000_com.android.server.biometrics.sensors.face.FaceService
04-16 19:05:32.510 562 588 V ActivityManagerTiming: OnBootPhase_1000_com.android.server.biometrics.sensors.face.FaceService took to complete: 0ms
04-16 19:05:32.510 562 588 D ActivityManagerTiming: OnBootPhase_1000_com.android.server.biometrics.sensors.fingerprint.FingerprintService
04-16 19:05:32.510 562 588 V ActivityManagerTiming: OnBootPhase_1000_com.android.server.biometrics.sensors.fingerprint.FingerprintService took to complete: 0ms
04-16 19:05:32.510 562 588 D ActivityManagerTiming: OnBootPhase_1000_com.android.server.biometrics.BiometricService
04-16 19:05:32.511 562 588 V ActivityManagerTiming: OnBootPhase_1000_com.android.server.biometrics.BiometricService took to complete: 0ms
04-16 19:05:32.511 562 588 D ActivityManagerTiming: OnBootPhase_1000_com.android.server.biometrics.AuthService
04-16 19:05:32.511 562 588 V ActivityManagerTiming: OnBootPhase_1000_com.android.server.biometrics.AuthService took to complete: 0ms
04-16 19:05:32.511 562 588 D ActivityManagerTiming: OnBootPhase_1000_com.android.server.pm.ShortcutService$Lifecycle
04-16 19:05:32.511 562 588 V ActivityManagerTiming: OnBootPhase_1000_com.android.server.pm.ShortcutService$Lifecycle took to complete: 0ms
04-16 19:05:32.511 562 588 D ActivityManagerTiming: OnBootPhase_1000_com.android.server.pm.LauncherAppsService
04-16 19:05:32.511 562 588 V ActivityManagerTiming: OnBootPhase_1000_com.android.server.pm.LauncherAppsService took to complete: 0ms
04-16 19:05:32.511 562 588 D ActivityManagerTiming: OnBootPhase_1000_com.android.server.pm.CrossProfileAppsService
04-16 19:05:32.511 562 588 V ActivityManagerTiming: OnBootPhase_1000_com.android.server.pm.CrossProfileAppsService took to complete: 0ms
04-16 19:05:32.512 562 588 D ActivityManagerTiming: OnBootPhase_1000_com.android.server.people.PeopleService
04-16 19:05:32.530 562 588 V ActivityManagerTiming: OnBootPhase_1000_com.android.server.people.PeopleService took to complete: 0ms
04-16 19:05:32.530 562 588 D ActivityManagerTiming: OnBootPhase_1000_com.android.server.media.metrics.MediaMetricsManagerService
04-16 19:05:32.530 562 588 V ActivityManagerTiming: OnBootPhase_1000_com.android.server.media.metrics.MediaMetricsManagerService took to complete: 0ms
04-16 19:05:32.530 562 588 D ActivityManagerTiming: OnBootPhase_1000_com.android.server.pm.BackgroundInstallControlService
04-16 19:05:32.530 562 588 V ActivityManagerTiming: OnBootPhase_1000_com.android.server.pm.BackgroundInstallControlService took to complete: 0ms
04-16 19:05:32.530 562 588 D ActivityManagerTiming: OnBootPhase_1000_com.android.server.media.projection.MediaProjectionManagerService
04-16 19:05:32.530 562 588 V ActivityManagerTiming: OnBootPhase_1000_com.android.server.media.projection.MediaProjectionManagerService took to complete: 0ms
04-16 19:05:32.530 562 588 D ActivityManagerTiming: OnBootPhase_1000_com.android.server.slice.SliceManagerService$Lifecycle
04-16 19:05:32.531 562 588 V ActivityManagerTiming: OnBootPhase_1000_com.android.server.slice.SliceManagerService$Lifecycle took to complete: 0ms
04-16 19:05:32.531 562 588 D ActivityManagerTiming: OnBootPhase_1000_com.android.server.stats.StatsCompanion$Lifecycle
04-16 19:05:32.538 562 588 V ActivityManagerTiming: OnBootPhase_1000_com.android.server.stats.StatsCompanion$Lifecycle took to complete: 7ms
04-16 19:05:32.539 562 588 D ActivityManagerTiming: OnBootPhase_1000_com.android.server.scheduling.RebootReadinessManagerService$Lifecycle
04-16 19:05:32.539 562 588 V ActivityManagerTiming: OnBootPhase_1000_com.android.server.scheduling.RebootReadinessManagerService$Lifecycle took to complete: 0ms
04-16 19:05:32.539 562 588 D ActivityManagerTiming: OnBootPhase_1000_com.android.server.stats.pull.StatsPullAtomService
04-16 19:05:32.539 562 588 V ActivityManagerTiming: OnBootPhase_1000_com.android.server.stats.pull.StatsPullAtomService took to complete: 0ms
04-16 19:05:32.539 562 588 D ActivityManagerTiming: OnBootPhase_1000_com.android.server.stats.bootstrap.StatsBootstrapAtomService$Lifecycle
04-16 19:05:32.539 562 588 V ActivityManagerTiming: OnBootPhase_1000_com.android.server.stats.bootstrap.StatsBootstrapAtomService$Lifecycle took to complete: 0ms
04-16 19:05:32.539 562 588 D ActivityManagerTiming: OnBootPhase_1000_com.android.server.incident.IncidentCompanionService
04-16 19:05:32.539 562 588 V ActivityManagerTiming: OnBootPhase_1000_com.android.server.incident.IncidentCompanionService took to complete: 0ms
04-16 19:05:32.540 562 588 D ActivityManagerTiming: OnBootPhase_1000_com.android.server.sdksandbox.SdkSandboxManagerService$Lifecycle
04-16 19:05:32.540 562 588 V ActivityManagerTiming: OnBootPhase_1000_com.android.server.sdksandbox.SdkSandboxManagerService$Lifecycle took to complete: 0ms
04-16 19:05:32.541 562 588 D ActivityManagerTiming: OnBootPhase_1000_com.android.server.adservices.AdServicesManagerService$Lifecycle
04-16 19:05:32.541 562 588 V ActivityManagerTiming: OnBootPhase_1000_com.android.server.adservices.AdServicesManagerService$Lifecycle took to complete: 0ms
04-16 19:05:32.541 562 588 D ActivityManagerTiming: OnBootPhase_1000_com.android.server.ondevicepersonalization.OnDevicePersonalizationSystemService$Lifecycle
04-16 19:05:32.541 562 588 V ActivityManagerTiming: OnBootPhase_1000_com.android.server.ondevicepersonalization.OnDevicePersonalizationSystemService$Lifecycle took to complete: 0ms
04-16 19:05:32.541 562 588 D ActivityManagerTiming: OnBootPhase_1000_com.android.server.MmsServiceBroker
04-16 19:05:32.541 562 588 V ActivityManagerTiming: OnBootPhase_1000_com.android.server.MmsServiceBroker took to complete: 0ms
04-16 19:05:32.541 562 588 D ActivityManagerTiming: OnBootPhase_1000_com.android.server.autofill.AutofillManagerService
04-16 19:05:32.541 562 588 V ActivityManagerTiming: OnBootPhase_1000_com.android.server.autofill.AutofillManagerService took to complete: 0ms
04-16 19:05:32.541 562 588 D ActivityManagerTiming: OnBootPhase_1000_com.android.server.credentials.CredentialManagerService
04-16 19:05:32.541 562 588 V ActivityManagerTiming: OnBootPhase_1000_com.android.server.credentials.CredentialManagerService took to complete: 0ms
04-16 19:05:32.541 562 588 D ActivityManagerTiming: OnBootPhase_1000_com.android.server.selectiontoolbar.SelectionToolbarManagerService
04-16 19:05:32.542 562 588 V ActivityManagerTiming: OnBootPhase_1000_com.android.server.selectiontoolbar.SelectionToolbarManagerService took to complete: 0ms
04-16 19:05:32.542 562 588 D ActivityManagerTiming: OnBootPhase_1000_com.android.server.clipboard.ClipboardService
04-16 19:05:32.542 562 588 V ActivityManagerTiming: OnBootPhase_1000_com.android.server.clipboard.ClipboardService took to complete: 0ms
04-16 19:05:32.542 562 588 D ActivityManagerTiming: OnBootPhase_1000_com.android.server.appbinding.AppBindingService$Lifecycle
04-16 19:05:32.542 562 588 V ActivityManagerTiming: OnBootPhase_1000_com.android.server.appbinding.AppBindingService$Lifecycle took to complete: 0ms
04-16 19:05:32.542 562 588 D ActivityManagerTiming: OnBootPhase_1000_com.android.server.tracing.TracingServiceProxy
04-16 19:05:32.542 562 588 V ActivityManagerTiming: OnBootPhase_1000_com.android.server.tracing.TracingServiceProxy took to complete: 0ms
04-16 19:05:32.542 562 588 D ActivityManagerTiming: OnBootPhase_1000_com.android.server.policy.PermissionPolicyService
04-16 19:05:32.542 562 588 V ActivityManagerTiming: OnBootPhase_1000_com.android.server.policy.PermissionPolicyService took to complete: 0ms
04-16 19:05:32.543 562 588 D ActivityManagerTiming: OnBootPhase_1000_com.android.server.pm.StagingManager$Lifecycle
04-16 19:05:32.561 0 0 I servicemanager: Notifying apexservice they do (previously: don't) have clients when service is guaranteed to be in use
04-16 19:05:32.566 0 0 I AidlLazyServiceRegistrar: Process has 1 (of 1 available) client(s) in use after notification apexservice has clients: 1
04-16 19:05:32.566 0 0 I AidlLazyServiceRegistrar: Shutdown prevented by forcePersist override flag.
04-16 19:05:32.566 562 645 D OomAdjuster: Not killing cached processes
04-16 19:05:32.579 0 0 I apexd : markBootCompleted() received by ApexService
04-16 19:05:32.571 562 588 V ActivityManagerTiming: OnBootPhase_1000_com.android.server.pm.StagingManager$Lifecycle took to complete: 28ms
04-16 19:05:32.571 562 588 D ActivityManagerTiming: OnBootPhase_1000_com.android.server.app.GameManagerService$Lifecycle
04-16 19:05:32.571 562 588 D GameManagerService: onBootCompleted
04-16 19:05:32.595 562 907 D ConnectivityService: register offer from providerId 5 : NetworkOffer [ Provider Id (5) Score(Policies : EVER_EVALUATED&IS_INVINCIBLE&IS_UNMETERED&EVER_VALIDATED&IS_VALIDATED ; KeepConnected : 0) Caps [ Transports: WIFI Capabilities: NOT_METERED&INTERNET&TRUSTED&NOT_VPN&NOT_ROAMING&NOT_CONGESTED&NOT_SUSPENDED&NOT_VCN_MANAGED LinkUpBandwidth>=1048576Kbps LinkDnBandwidth>=1048576Kbps Specifier: UnderlyingNetworks: Null] Needed by []]
04-16 19:05:32.595 562 907 D ConnectivityService: register offer from providerId 6 : NetworkOffer [ Provider Id (6) Score(Policies : EVER_EVALUATED&IS_INVINCIBLE&IS_UNMETERED&EVER_VALIDATED&IS_VALIDATED ; KeepConnected : 0) Caps [ Transports: WIFI Capabilities: NOT_METERED&INTERNET&NOT_RESTRICTED&TRUSTED&NOT_VPN&NOT_ROAMING&NOT_CONGESTED&NOT_SUSPENDED&OEM_PAID&OEM_PRIVATE&NOT_VCN_MANAGED LinkUpBandwidth>=1048576Kbps LinkDnBandwidth>=1048576Kbps Specifier: UnderlyingNetworks: Null] Needed by []]
04-16 19:05:32.610 562 900 D WifiNetworkFactory: got request NetworkRequest [ REQUEST id=1, [ Capabilities: INTERNET&NOT_RESTRICTED&TRUSTED&NOT_VPN&NOT_VCN_MANAGED RequestorUid: 1000 RequestorPkg: android UnderlyingNetworks: Null] ]
04-16 19:05:32.613 1217 1358 D AdapterState: Start Timeout Delay: 4000
04-16 19:05:32.613 1217 1358 D BluetoothAdapterService: bleOnProcessStart()
04-16 19:05:32.614 1217 1358 I AdapterProperties: init(), maxConnectedAudioDevices, default=5, propertyOverlayed=5, finalValue=5
04-16 19:05:32.625 562 562 D BluetoothHeadset: Binding service...
04-16 19:05:32.626 562 562 D BluetoothManagerService: Trying to bind to profile: 1, while Bluetooth was disabled
04-16 19:05:32.626 562 562 D BluetoothHearingAid: Binding service...
04-16 19:05:32.627 562 562 D BluetoothManagerService: Trying to bind to profile: 21, while Bluetooth was disabled
04-16 19:05:32.627 562 562 D BluetoothLeAudio: Binding service...
04-16 19:05:32.627 562 562 D BluetoothManagerService: Trying to bind to profile: 22, while Bluetooth was disabled
04-16 19:05:32.640 562 900 D UntrustedWifiNetworkFactory: got request NetworkRequest [ REQUEST id=17, [ Capabilities: INTERNET&NOT_RESTRICTED&TRUSTED&NOT_VCN_MANAGED Uid: 1073 RequestorUid: 1073 RequestorPkg: com.android.networkstack UnderlyingNetworks: Null] ]
04-16 19:05:32.640 562 900 D UntrustedWifiNetworkFactory: got request NetworkRequest [ REQUEST id=15, [ Capabilities: INTERNET&NOT_RESTRICTED&TRUSTED&NOT_VCN_MANAGED Uid: 1000 RequestorUid: 1000 RequestorPkg: android UnderlyingNetworks: Null] ]
04-16 19:05:32.641 562 900 D UntrustedWifiNetworkFactory: got request NetworkRequest [ REQUEST id=24, [ Capabilities: INTERNET&NOT_RESTRICTED&TRUSTED&NOT_VCN_MANAGED Uid: 10117 RequestorUid: 10117 RequestorPkg: com.android.systemui UnderlyingNetworks: Null] ]
04-16 19:05:32.641 562 900 D UntrustedWifiNetworkFactory: got request NetworkRequest [ REQUEST id=7, [ Capabilities: INTERNET&NOT_RESTRICTED&TRUSTED&NOT_VCN_MANAGED Uid: 1000 RequestorUid: 1000 RequestorPkg: android UnderlyingNetworks: Null] ]
04-16 19:05:32.641 562 900 D UntrustedWifiNetworkFactory: got request NetworkRequest [ REQUEST id=22, [ Capabilities: INTERNET&NOT_RESTRICTED&TRUSTED&NOT_VCN_MANAGED Uid: 10117 RequestorUid: 10117 RequestorPkg: com.android.systemui UnderlyingNetworks: Null] ]
04-16 19:05:32.642 562 900 D UntrustedWifiNetworkFactory: got request NetworkRequest [ REQUEST id=1, [ Capabilities: INTERNET&NOT_RESTRICTED&TRUSTED&NOT_VPN&NOT_VCN_MANAGED RequestorUid: 1000 RequestorPkg: android UnderlyingNetworks: Null] ]
04-16 19:05:32.642 562 900 D OemPaidWifiNetworkFactory: got request NetworkRequest [ REQUEST id=17, [ Capabilities: INTERNET&NOT_RESTRICTED&TRUSTED&NOT_VCN_MANAGED Uid: 1073 RequestorUid: 1073 RequestorPkg: com.android.networkstack UnderlyingNetworks: Null] ]
04-16 19:05:32.642 562 900 D OemPaidWifiNetworkFactory: got request NetworkRequest [ REQUEST id=15, [ Capabilities: INTERNET&NOT_RESTRICTED&TRUSTED&NOT_VCN_MANAGED Uid: 1000 RequestorUid: 1000 RequestorPkg: android UnderlyingNetworks: Null] ]
04-16 19:05:32.643 562 900 D OemPaidWifiNetworkFactory: got request NetworkRequest [ REQUEST id=24, [ Capabilities: INTERNET&NOT_RESTRICTED&TRUSTED&NOT_VCN_MANAGED Uid: 10117 RequestorUid: 10117 RequestorPkg: com.android.systemui UnderlyingNetworks: Null] ]
04-16 19:05:32.643 562 900 D OemPaidWifiNetworkFactory: got request NetworkRequest [ REQUEST id=7, [ Capabilities: INTERNET&NOT_RESTRICTED&TRUSTED&NOT_VCN_MANAGED Uid: 1000 RequestorUid: 1000 RequestorPkg: android UnderlyingNetworks: Null] ]
04-16 19:05:32.649 1484 1484 D WindowTokenClient: Only apply configuration update to Resources because shouldReportConfigChange is false.
04-16 19:05:32.649 1484 1484 D WindowTokenClient: android.window.WindowTokenClient.attachToDisplayArea:119 android.window.WindowContextController.attachToDisplayArea:107 android.window.WindowProviderService.attachBaseContext:208 android.app.Service.attach:982 android.app.ActivityThread.handleCreateService:4642
04-16 19:05:32.661 562 1533 D CompatibilityChangeReporter: Compat change id reported: 135634846; UID 10064; state: DISABLED
04-16 19:05:32.674 562 1533 D CompatibilityChangeReporter: Compat change id reported: 177438394; UID 10064; state: DISABLED
04-16 19:05:32.742 562 1533 D CompatibilityChangeReporter: Compat change id reported: 135772972; UID 10064; state: DISABLED
04-16 19:05:32.753 1463 1537 E CellBroadcastConfigService: fails to setCellBroadcastRanges
04-16 19:05:32.769 176 1146 I keystore2: system/security/keystore2/src/watchdog.rs:319 - Watchdog thread idle -> terminating. Have a great day.
04-16 19:05:32.774 562 1533 D CompatibilityChangeReporter: Compat change id reported: 135754954; UID 10064; state: ENABLED
04-16 19:05:32.805 562 907 D ConnectivityService: register offer from providerId 7 : NetworkOffer [ Provider Id (7) Score(Policies : EVER_EVALUATED&IS_INVINCIBLE&IS_UNMETERED&EVER_VALIDATED&IS_VALIDATED ; KeepConnected : 0) Caps [ Transports: WIFI Capabilities: NOT_METERED&INTERNET&NOT_RESTRICTED&TRUSTED&NOT_VPN&NOT_ROAMING&NOT_CONGESTED&NOT_SUSPENDED&NOT_VCN_MANAGED LinkUpBandwidth>=1048576Kbps LinkDnBandwidth>=1048576Kbps Specifier: UnderlyingNetworks: Null] Needed by []]
04-16 19:05:32.806 562 1533 W ActivityManager: Slow operation: 220ms so far, now at startProcess: done starting proc!
04-16 19:05:32.806 562 1533 W ContentProviderHelper: Slow operation: 239ms so far, now at getContentProviderImpl: after start process
04-16 19:05:32.816 562 900 D OemPaidWifiNetworkFactory: got request NetworkRequest [ REQUEST id=22, [ Capabilities: INTERNET&NOT_RESTRICTED&TRUSTED&NOT_VCN_MANAGED Uid: 10117 RequestorUid: 10117 RequestorPkg: com.android.systemui UnderlyingNetworks: Null] ]
04-16 19:05:32.817 562 1533 W ContentProviderHelper: Slow operation: 250ms so far, now at getContentProviderImpl: updating data structures
04-16 19:05:32.817 562 1533 W ContentProviderHelper: Slow operation: 250ms so far, now at getContentProviderImpl: done!
04-16 19:05:32.840 562 598 W ActivityManager: Slow operation: 238ms so far, now at startProcess: asking zygote to start proc
04-16 19:05:32.842 562 598 D CompatibilityChangeReporter: Compat change id reported: 143937733; UID 10064; state: ENABLED
04-16 19:05:32.843 562 900 D OemPaidWifiNetworkFactory: got request NetworkRequest [ REQUEST id=1, [ Capabilities: INTERNET&NOT_RESTRICTED&TRUSTED&NOT_VPN&NOT_VCN_MANAGED RequestorUid: 1000 RequestorPkg: android UnderlyingNetworks: Null] ]
04-16 19:05:32.843 562 900 D MultiInternetWifiNetworkFactory: got request NetworkRequest [ REQUEST id=17, [ Capabilities: INTERNET&NOT_RESTRICTED&TRUSTED&NOT_VCN_MANAGED Uid: 1073 RequestorUid: 1073 RequestorPkg: com.android.networkstack UnderlyingNetworks: Null] ]
04-16 19:05:32.846 1463 1537 W receiver.module: Core platform API violation: Llibcore/io/Memory;->pokeByte(JB)V from Lcom/google/protobuf/UnsafeUtil; using reflection
04-16 19:05:32.846 1463 1537 W receiver.module: Core platform API violation: Llibcore/io/Memory;->peekByte(J)B from Lcom/google/protobuf/UnsafeUtil; using reflection
04-16 19:05:32.852 562 586 W Looper : Slow dispatch took 326ms android.ui h=com.android.server.am.ActivityManagerService$UiHandler c=null m=68
04-16 19:05:32.863 562 588 W SystemServiceManager: Service com.android.server.app.GameManagerService$Lifecycle took 292 ms in onBootPhase
04-16 19:05:32.863 562 588 V ActivityManagerTiming: OnBootPhase_1000_com.android.server.app.GameManagerService$Lifecycle took to complete: 292ms
04-16 19:05:32.863 562 588 D ActivityManagerTiming: OnBootPhase_1000_com.android.safetycenter.SafetyCenterService
04-16 19:05:32.921 562 670 W SafetyCenterService: SafetyCenter is enabled.
04-16 19:05:32.922 562 598 W ActivityManager: com.android.cellbroadcastreceiver inode == 0 (b/152760674)
04-16 19:05:32.924 562 900 D MultiInternetWifiNetworkFactory: got request NetworkRequest [ REQUEST id=15, [ Capabilities: INTERNET&NOT_RESTRICTED&TRUSTED&NOT_VCN_MANAGED Uid: 1000 RequestorUid: 1000 RequestorPkg: android UnderlyingNetworks: Null] ]
04-16 19:05:32.925 562 900 D MultiInternetWifiNetworkFactory: got request NetworkRequest [ REQUEST id=24, [ Capabilities: INTERNET&NOT_RESTRICTED&TRUSTED&NOT_VCN_MANAGED Uid: 10117 RequestorUid: 10117 RequestorPkg: com.android.systemui UnderlyingNetworks: Null] ]
04-16 19:05:32.925 562 900 D MultiInternetWifiNetworkFactory: got request NetworkRequest [ REQUEST id=7, [ Capabilities: INTERNET&NOT_RESTRICTED&TRUSTED&NOT_VCN_MANAGED Uid: 1000 RequestorUid: 1000 RequestorPkg: android UnderlyingNetworks: Null] ]
04-16 19:05:32.925 562 900 D MultiInternetWifiNetworkFactory: got request NetworkRequest [ REQUEST id=22, [ Capabilities: INTERNET&NOT_RESTRICTED&TRUSTED&NOT_VCN_MANAGED Uid: 10117 RequestorUid: 10117 RequestorPkg: com.android.systemui UnderlyingNetworks: Null] ]
04-16 19:05:32.926 562 900 D MultiInternetWifiNetworkFactory: got request NetworkRequest [ REQUEST id=1, [ Capabilities: INTERNET&NOT_RESTRICTED&TRUSTED&NOT_VPN&NOT_VCN_MANAGED RequestorUid: 1000 RequestorPkg: android UnderlyingNetworks: Null] ]
04-16 19:05:33.021 350 350 D Zygote : Forked child process 1542
04-16 19:05:33.022 562 598 W ActivityManager: Slow operation: 419ms so far, now at startProcess: returned from zygote!
04-16 19:05:33.038 562 588 W SystemServiceManager: Service com.android.safetycenter.SafetyCenterService took 176 ms in onBootPhase
04-16 19:05:33.039 562 588 V ActivityManagerTiming: OnBootPhase_1000_com.android.safetycenter.SafetyCenterService took to complete: 175ms
04-16 19:05:33.039 562 588 D ActivityManagerTiming: OnBootPhase_1000_com.android.server.appsearch.AppSearchModule$Lifecycle
04-16 19:05:33.062 562 588 V ActivityManagerTiming: OnBootPhase_1000_com.android.server.appsearch.AppSearchModule$Lifecycle took to complete: 19ms
04-16 19:05:33.063 562 588 D ActivityManagerTiming: OnBootPhase_1000_com.android.server.media.MediaCommunicationService
04-16 19:05:33.063 562 588 V ActivityManagerTiming: OnBootPhase_1000_com.android.server.media.MediaCommunicationService took to complete: 0ms
04-16 19:05:33.063 562 588 D ActivityManagerTiming: OnBootPhase_1000_com.android.server.compat.overrides.AppCompatOverridesService$Lifecycle
04-16 19:05:33.063 562 588 V ActivityManagerTiming: OnBootPhase_1000_com.android.server.compat.overrides.AppCompatOverridesService$Lifecycle took to complete: 0ms
04-16 19:05:33.063 562 588 D ActivityManagerTiming: OnBootPhase_1000_com.android.server.healthconnect.HealthConnectManagerService
04-16 19:05:33.063 562 588 V ActivityManagerTiming: OnBootPhase_1000_com.android.server.healthconnect.HealthConnectManagerService took to complete: 0ms
04-16 19:05:33.063 562 588 D ActivityManagerTiming: OnBootPhase_1000_com.android.server.devicelock.DeviceLockService
04-16 19:05:33.064 562 588 D DeviceLockService: onBootPhase: 1000
04-16 19:05:33.070 562 588 V ActivityManagerTiming: OnBootPhase_1000_com.android.server.devicelock.DeviceLockService took to complete: 6ms
04-16 19:05:33.070 562 588 V ActivityManagerTiming: OnBootPhase_1000 took to complete: 7647ms
04-16 19:05:33.070 562 588 V ActivityManagerTiming: TotalBootTime took to complete: 205047ms
04-16 19:05:33.070 562 588 D SystemServerInitThreadPool: Shutdown requested
04-16 19:05:33.070 562 588 D SystemServerTiming: WaitInitThreadPoolShutdown
04-16 19:05:33.089 562 588 D SystemServerInitThreadPool: Shutdown successful
04-16 19:05:33.106 1217 1358 D BluetoothAdapterService: bleOnProcessStart() - Make Bond State Machine
04-16 19:05:33.107 1217 1358 D BluetoothBondStateMachine: make
04-16 19:05:33.108 562 588 V SystemServerTiming: WaitInitThreadPoolShutdown took to complete: 37ms
04-16 19:05:33.139 1217 1543 I BluetoothBondStateMachine: StableState(): Entering Off State
04-16 19:05:33.144 1249 1249 D CellBroadcastServiceManager: CellBroadcastServiceManager created for phone 0
04-16 19:05:33.154 1249 1249 D CellBroadcastServiceManager: getCellBroadcastServicePackageName: com.android.cellbroadcastservice
04-16 19:05:33.163 562 1541 I Telecom : BluetoothRouteManager: getBluetoothAudioConnectedDevice: no service available.❗
04-16 19:05:33.201 562 598 W ActivityManager: Slow operation: 564ms so far, now at startProcess: done updating battery stats
04-16 19:05:33.203 562 598 W ActivityManager: Slow operation: 600ms so far, now at startProcess: building log message
04-16 19:05:33.203 562 598 I ActivityManager: Start proc 1542:com.android.cellbroadcastreceiver/u0a64 for content provider {com.android.cellbroadcastreceiver/com.android.cellbroadcastreceiver.LegacyCellBroadcastContentProvider}
04-16 19:05:33.216 562 598 W ActivityManager: Slow operation: 613ms so far, now at startProcess: starting to update pids map
04-16 19:05:33.231 562 598 W ActivityManager: Slow operation: 628ms so far, now at startProcess: done updating pids map
04-16 19:05:33.327 562 1533 D CompatibilityChangeReporter: Compat change id reported: 261072174; UID 1001; state: ENABLED
04-16 19:05:33.401 1249 1249 D CellBroadcastServiceManager: serviceWasBound=true
04-16 19:05:33.414 562 588 D CompatibilityChangeReporter: Compat change id reported: 135634846; UID 10135; state: DISABLED
04-16 19:05:33.470 1542 1542 I oadcastreceiver: Using CollectorTypeCC GC.
04-16 19:05:33.481 562 598 W ActivityManager: Slow operation: 90ms so far, now at startProcess: asking zygote to start proc
04-16 19:05:33.482 562 598 D CompatibilityChangeReporter: Compat change id reported: 143937733; UID 10135; state: ENABLED
04-16 19:05:33.482 562 598 W ActivityManager: android.ext.services inode == 0 (b/152760674)
04-16 19:05:33.499 0 0 I init : processing action (sys.boot_completed=1) from (/system/etc/init/hw/init.rc:1224)
04-16 19:05:33.516 0 0 I init : starting service 'exec 20 (/bin/rm -rf /data/per_boot)'...
04-16 19:05:33.519 1542 1542 W oadcastreceiver: Unexpected CPU variant for x86: x86_64.
04-16 19:05:33.519 1542 1542 W oadcastreceiver: Known variants: atom, sandybridge, silvermont, goldmont, goldmont-plus, tremont, kabylake, default
04-16 19:05:33.579 988 998 I ndroid.systemui: Background young concurrent copying GC freed 10304(1000KB) AllocSpace objects, 4(208KB) LOS objects, 17% free, 6412KB/7727KB, paused 259.389ms,131us total 1.124s
04-16 19:05:33.604 562 588 I ActivityManager: User 0 state changed from BOOTING to RUNNING_LOCKED
04-16 19:05:33.617 562 588 D SystemServerTiming: finishUserUnlocking-0
04-16 19:05:33.627 0 0 I init : ... started service 'exec 20 (/bin/rm -rf /data/per_boot)' has pid 1546
04-16 19:05:33.627 0 0 I init : SVC_EXEC service 'exec 20 (/bin/rm -rf /data/per_boot)' pid 1546 (uid 1000 gid 1000+0 context default) started; waiting...
04-16 19:05:33.628 0 0 I init : Command 'exec - system system -- /bin/rm -rf /data/per_boot' action=sys.boot_completed=1 (/system/etc/init/hw/init.rc:1227) took 128ms and succeeded
04-16 19:05:33.635 350 350 D Zygote : Forked child process 1553
04-16 19:05:33.644 562 588 D ActivityManager: Started unlocking user 0
04-16 19:05:33.645 562 588 D ActivityManager: Unlocking user 0 progress 0
04-16 19:05:33.645 562 588 D ActivityManager: Unlocking user 0 progress 5
04-16 19:05:33.646 562 588 V SystemServerTiming: finishUserUnlocking-0 took to complete: 28ms
04-16 19:05:33.730 562 585 D SystemServerTiming: UM.onBeforeUnlockUser-0
04-16 19:05:33.731 562 585 D SystemServerTiming: prepareUserData-0
04-16 19:05:33.739 1542 1542 E oadcastreceiver: Not starting debugger since process cannot load the jdwp agent.
04-16 19:05:33.907 1553 1553 I id.ext.services: Using CollectorTypeCC GC.
04-16 19:05:33.936 562 598 W ActivityManager: Slow operation: 280ms so far, now at startProcess: returned from zygote!
04-16 19:05:33.949 166 166 D vold : fscrypt_prepare_user_storage for volume null, user 0, serial 0, flags 2
04-16 19:05:33.950 166 166 D vold : Preparing: /data/system_ce/0
04-16 19:05:33.987 166 166 I vold : Encryption policy of /data/system_ce/0 set to 4beb0e1c1c24b4ea736030020b98df1d v2 modes 1/4 flags 0x2
04-16 19:05:33.989 1553 1553 W id.ext.services: Unexpected CPU variant for x86: x86_64.
04-16 19:05:33.989 1553 1553 W id.ext.services: Known variants: atom, sandybridge, silvermont, goldmont, goldmont-plus, tremont, kabylake, default
04-16 19:05:33.997 166 166 D vold : Preparing: /data/vendor_ce/0
04-16 19:05:34.039 0 0 I init : Service 'exec 20 (/bin/rm -rf /data/per_boot)' (pid 1546) exited with status 0 waiting took 0.509000 seconds
04-16 19:05:34.040 0 0 I init : Sending signal 9 to service 'exec 20 (/bin/rm -rf /data/per_boot)' (pid 1546) process group...
04-16 19:05:34.046 0 0 I libprocessgroup: Successfully killed process cgroup uid 1000 pid 1546 in 5ms
04-16 19:05:34.051 166 166 I vold : Encryption policy of /data/vendor_ce/0 set to 4beb0e1c1c24b4ea736030020b98df1d v2 modes 1/4 flags 0x2
04-16 19:05:34.054 166 166 D vold : Preparing: /data/media/0
04-16 19:05:34.098 0 0 I init : Encryption policy of /data/per_boot set to 24d40ca13314b01280a686cf76ba5374 v2 modes 1/4 flags 0x2
04-16 19:05:34.099 0 0 I init : Command 'mkdir /data/per_boot 0700 system system encryption=Require key=per_boot_ref' action=sys.boot_completed=1 (/system/etc/init/hw/init.rc:1228) took 51ms and succeeded
04-16 19:05:34.099 0 0 I init : processing action (sys.boot_completed=1) from (/vendor/etc/init/hw/init.ranchu.rc:195)
04-16 19:05:34.107 0 0 I init : processing action (sys.boot_completed=1 && sys.bootstat.first_boot_completed=0) from (/system/etc/init/bootstat.rc:67)
04-16 19:05:34.101 166 166 I vold : Encryption policy of /data/media/0 set to 4beb0e1c1c24b4ea736030020b98df1d v2 modes 1/4 flags 0x2
04-16 19:05:34.103 166 166 D vold : Preparing: /data/misc_ce/0
04-16 19:05:34.121 0 0 I apexd : Deleting unused dm device com.android.apex.cts.shim
04-16 19:05:34.123 0 0 I init : starting service 'exec 21 (/system/bin/bootstat --record_boot_complete --record_boot_reason --record_time_since_factory_reset -l)'...
04-16 19:05:34.151 0 0 E apexd : Didn't generate uevent for [com.android.apex.cts.shim] removal
04-16 19:05:34.151 0 0 W apexd : Failed to delete dm-device com.android.apex.cts.shim
04-16 19:05:34.151 0 0 I apexd : Deleting unused dm device com.android.btservices
04-16 19:05:34.165 0 0 E apexd : Didn't generate uevent for [com.android.btservices] removal
04-16 19:05:34.165 0 0 W apexd : Failed to delete dm-device com.android.btservices
04-16 19:05:34.165 0 0 I apexd : Deleting unused dm device com.android.devicelock
04-16 19:05:34.172 0 0 E apexd : Didn't generate uevent for [com.android.devicelock] removal
04-16 19:05:34.172 0 0 W apexd : Failed to delete dm-device com.android.devicelock
04-16 19:05:34.172 0 0 I apexd : Deleting unused dm device com.android.healthfitness
04-16 19:05:34.181 0 0 E apexd : Didn't generate uevent for [com.android.healthfitness] removal
04-16 19:05:34.181 0 0 W apexd : Failed to delete dm-device com.android.healthfitness
04-16 19:05:34.181 0 0 I apexd : Deleting unused dm device com.android.i18n
04-16 19:05:34.189 0 0 E apexd : Didn't generate uevent for [com.android.i18n] removal
04-16 19:05:34.189 0 0 W apexd : Failed to delete dm-device com.android.i18n
04-16 19:05:34.189 0 0 I apexd : Deleting unused dm device com.android.os.statsd
04-16 19:05:34.177 166 166 I vold : Encryption policy of /data/misc_ce/0 set to 4beb0e1c1c24b4ea736030020b98df1d v2 modes 1/4 flags 0x2
04-16 19:05:34.184 166 166 D vold : Preparing: /data/user/0
04-16 19:05:34.186 166 166 I vold : Verified that /data/user/0 has the encryption policy 4beb0e1c1c24b4ea736030020b98df1d v2 modes 1/4 flags 0x2
04-16 19:05:34.201 166 166 D vold : Starting restorecon of /data/system_ce/0
04-16 19:05:34.201 0 0 E apexd : Didn't generate uevent for [com.android.os.statsd] removal
04-16 19:05:34.201 0 0 W apexd : Failed to delete dm-device com.android.os.statsd
04-16 19:05:34.202 0 0 I apexd : Deleting unused dm device com.android.rkpd
04-16 19:05:34.218 0 0 E apexd : Didn't generate uevent for [com.android.rkpd] removal
04-16 19:05:34.218 0 0 W apexd : Failed to delete dm-device com.android.rkpd
04-16 19:05:34.218 0 0 I apexd : Deleting unused dm device com.android.runtime
04-16 19:05:34.231 0 0 E apexd : Didn't generate uevent for [com.android.runtime] removal
04-16 19:05:34.231 0 0 W apexd : Failed to delete dm-device com.android.runtime
04-16 19:05:34.231 0 0 I apexd : Deleting unused dm device com.android.sdkext
04-16 19:05:34.243 1553 1553 E id.ext.services: Not starting debugger since process cannot load the jdwp agent.
04-16 19:05:34.257 166 166 D vold : Finished restorecon of /data/system_ce/0
04-16 19:05:34.258 166 166 D vold : Starting restorecon of /data/vendor_ce/0
04-16 19:05:34.258 0 0 E apexd : Didn't generate uevent for [com.android.sdkext] removal
04-16 19:05:34.259 0 0 W apexd : Failed to delete dm-device com.android.sdkext
04-16 19:05:34.259 0 0 I apexd : Deleting unused dm device com.android.tzdata
04-16 19:05:34.260 0 0 E apexd : Didn't generate uevent for [com.android.tzdata] removal
04-16 19:05:34.260 0 0 W apexd : Failed to delete dm-device com.android.tzdata
04-16 19:05:34.260 0 0 I apexd : Deleting unused dm device com.android.virt
04-16 19:05:34.276 0 0 E apexd : Didn't generate uevent for [com.android.virt] removal
04-16 19:05:34.276 0 0 W apexd : Failed to delete dm-device com.android.virt
04-16 19:05:34.276 0 0 I apexd : Deleting unused dm device com.android.vndk.v34
04-16 19:05:34.291 0 0 E apexd : Didn't generate uevent for [com.android.vndk.v34] removal
04-16 19:05:34.291 0 0 W apexd : Failed to delete dm-device com.android.vndk.v34
04-16 19:05:34.301 166 166 D vold : Finished restorecon of /data/vendor_ce/0
04-16 19:05:34.301 166 166 D vold : Starting restorecon of /data/misc_ce/0
04-16 19:05:34.336 166 166 D vold : Finished restorecon of /data/misc_ce/0
04-16 19:05:34.336 166 166 D vold : /system/bin/vold_prepare_subdirs
04-16 19:05:34.337 166 166 D vold : prepare
04-16 19:05:34.337 166 166 D vold :
04-16 19:05:34.337 166 166 D vold : 0
04-16 19:05:34.337 166 166 D vold : 2
04-16 19:05:34.551 0 0 I init : ... started service 'exec 21 (/system/bin/bootstat --record_boot_complete --record_boot_reason --record_time_since_factory_reset -l)' has pid 1567
04-16 19:05:34.552 0 0 I init : Command 'exec_background - system log -- /system/bin/bootstat --record_boot_complete --record_boot_reason --record_time_since_factory_reset -l' action=sys.boot_completed=1 && sys.bootstat.first_boot_completed=0 (/system/etc/init/bootstat.rc:72) took 444ms and succeeded
04-16 19:05:34.583 0 0 I init : processing action (sys.boot_completed=1) from (/system/etc/init/dmesgd.rc:4)
04-16 19:05:34.597 0 0 I init : processing action (sys.boot_completed=1) from (/system/etc/init/flags_health_check.rc:7)
04-16 19:05:34.737 0 0 I init : Command 'setprop persist.device_config.attempted_boot_count 0' action=sys.boot_completed=1 (/system/etc/init/flags_health_check.rc:8) took 139ms and succeeded
04-16 19:05:34.737 0 0 I init : processing action (persist.dbg.keep_debugfs_mounted= && ro.product.debugfs_restrictions.enabled=true && sys.boot_completed=1) from (/system/etc/init/init-debug.rc:15)
04-16 19:05:34.815 0 0 I init : processing action (sys.boot_completed=1) from (/system/etc/init/logd.rc:34)
04-16 19:05:34.816 0 0 I init : starting service 'logd-auditctl'...
04-16 19:05:34.975 0 0 I init : ... started service 'logd-auditctl' has pid 1581
04-16 19:05:34.975 0 0 I init : Command 'start logd-auditctl' action=sys.boot_completed=1 (/system/etc/init/logd.rc:35) took 160ms and succeeded
04-16 19:05:34.975 0 0 I init : processing action (sys.boot_completed=1) from (/system/etc/init/perfetto.rc:130)
04-16 19:05:34.990 0 0 I init : starting service 'exec 22 (/system/bin/perfetto -c /data/misc/perfetto-configs/stopboottracetrigger.pbtxt --txt)'...
04-16 19:05:35.007 1571 1571 D vold_prepare_subdirs: Setting up mode 771 uid 1000 gid 1000 context u:object_r:system_data_file:s0:c512,c768 on path: /data/user/0
04-16 19:05:35.018 1571 1571 I vold_prepare_subdirs: Relabelling from u:object_r:system_data_file:s0 to u:object_r:system_data_file:s0:c512,c768: /data/user/0
04-16 19:05:35.024 1571 1571 D vold_prepare_subdirs: Setting up mode 771 uid 1000 gid 1000 context u:object_r:sdk_sandbox_system_data_file:s0:c512,c768 on path: /data/misc_ce/0/sdksandbox
04-16 19:05:35.027 1571 1571 D vold_prepare_subdirs: Setting up mode 700 uid 0 gid 0 context u:object_r:vold_data_file:s0 on path: /data/misc_ce/0/vold
04-16 19:05:35.059 0 0 I init : ... started service 'exec 22 (/system/bin/perfetto -c /data/misc/perfetto-configs/stopboottracetrigger.pbtxt --txt)' has pid 1583
04-16 19:05:35.060 0 0 I init : SVC_EXEC service 'exec 22 (/system/bin/perfetto -c /data/misc/perfetto-configs/stopboottracetrigger.pbtxt --txt)' pid 1583 (uid 0 gid 0+0 context default) started; waiting...
04-16 19:05:35.060 0 0 I init : Command 'exec -- /system/bin/perfetto -c /data/misc/perfetto-configs/stopboottracetrigger.pbtxt --txt' action=sys.boot_completed=1 (/system/etc/init/perfetto.rc:131) took 84ms and succeeded
04-16 19:05:35.056 1571 1571 D vold_prepare_subdirs: Setting up mode 700 uid 0 gid 0 context u:object_r:storaged_data_file:s0 on path: /data/misc_ce/0/storaged
04-16 19:05:35.086 1571 1571 D vold_prepare_subdirs: Setting up mode 700 uid 0 gid 0 context u:object_r:rollback_data_file:s0 on path: /data/misc_ce/0/rollback
04-16 19:05:35.098 1571 1571 D vold_prepare_subdirs: Setting up mode 700 uid 0 gid 0 context u:object_r:apex_rollback_data_file:s0 on path: /data/misc_ce/0/apexrollback
04-16 19:05:35.111 1571 1571 D vold_prepare_subdirs: Setting up mode 711 uid 0 gid 0 context u:object_r:apex_module_data_file:s0 on path: /data/misc_ce/0/apexdata
04-16 19:05:35.127 1571 1571 D vold_prepare_subdirs: Setting up mode 771 uid 0 gid 1000 context u:object_r:apex_module_data_file:s0 on path: /data/misc_ce/0/apexdata/com.android.configinfrastructure
04-16 19:05:35.134 1571 1571 D vold_prepare_subdirs: Setting up mode 771 uid 0 gid 1000 context u:object_r:apex_system_server_data_file:s0 on path: /data/misc_ce/0/apexdata/com.android.uwb
04-16 19:05:35.149 1571 1571 D vold_prepare_subdirs: Setting up mode 771 uid 0 gid 1000 context u:object_r:apex_module_data_file:s0 on path: /data/misc_ce/0/apexdata/com.android.media.swcodec
04-16 19:05:35.161 1571 1571 D vold_prepare_subdirs: Setting up mode 771 uid 0 gid 1000 context u:object_r:apex_module_data_file:s0 on path: /data/misc_ce/0/apexdata/com.android.ondevicepersonalization
04-16 19:05:35.163 1571 1571 D vold_prepare_subdirs: Setting up mode 771 uid 0 gid 1000 context u:object_r:apex_module_data_file:s0 on path: /data/misc_ce/0/apexdata/com.android.resolv
04-16 19:05:35.215 1571 1571 D vold_prepare_subdirs: Setting up mode 771 uid 0 gid 1000 context u:object_r:apex_module_data_file:s0 on path: /data/misc_ce/0/apexdata/com.android.ipsec
04-16 19:05:35.239 1571 1571 D vold_prepare_subdirs: Setting up mode 771 uid 0 gid 1000 context u:object_r:apex_module_data_file:s0 on path: /data/misc_ce/0/apexdata/com.android.mediaprovider
04-16 19:05:35.282 1571 1571 D vold_prepare_subdirs: Setting up mode 771 uid 0 gid 1000 context u:object_r:apex_module_data_file:s0 on path: /data/misc_ce/0/apexdata/com.android.extservices
04-16 19:05:35.298 1571 1571 D vold_prepare_subdirs: Setting up mode 771 uid 0 gid 1000 context u:object_r:apex_module_data_file:s0 on path: /data/misc_ce/0/apexdata/com.android.scheduling
04-16 19:05:35.310 1567 1567 I bootstat: Service started: /system/bin/bootstat --record_boot_complete --record_boot_reason --record_time_since_factory_reset -l
04-16 19:05:35.331 1571 1571 D vold_prepare_subdirs: Setting up mode 771 uid 0 gid 1000 context u:object_r:apex_module_data_file:s0 on path: /data/misc_ce/0/apexdata/com.android.conscrypt
04-16 19:05:35.349 1567 1567 E bootstat: Failed to read /data/misc/bootstat/last_boot_time_utc: No such file or directory
04-16 19:05:35.350 1567 1567 E bootstat: Failed to parse boot time record: /data/misc/bootstat/last_boot_time_utc
04-16 19:05:35.351 1567 1567 E bootstat: Failed to read /data/misc/bootstat/build_date: No such file or directory
04-16 19:05:35.364 1567 1567 E bootstat: Failed to parse boot time record: /data/misc/bootstat/build_date
04-16 19:05:35.365 1567 1567 I bootstat: Canonical boot reason: reboot,factory_reset
04-16 19:05:35.382 1571 1571 D vold_prepare_subdirs: Setting up mode 771 uid 0 gid 1000 context u:object_r:apex_module_data_file:s0 on path: /data/misc_ce/0/apexdata/com.android.tethering
04-16 19:05:35.425 1571 1571 D vold_prepare_subdirs: Setting up mode 771 uid 0 gid 1000 context u:object_r:apex_module_data_file:s0 on path: /data/misc_ce/0/apexdata/com.android.adbd
04-16 19:05:35.427 1571 1571 D vold_prepare_subdirs: Setting up mode 771 uid 0 gid 1000 context u:object_r:apex_module_data_file:s0 on path: /data/misc_ce/0/apexdata/com.android.media
04-16 19:05:35.435 1571 1571 D vold_prepare_subdirs: Setting up mode 771 uid 0 gid 1000 context u:object_r:apex_module_data_file:s0 on path: /data/misc_ce/0/apexdata/com.android.neuralnetworks
04-16 19:05:35.481 1571 1571 D vold_prepare_subdirs: Setting up mode 771 uid 0 gid 1000 context u:object_r:apex_module_data_file:s0 on path: /data/misc_ce/0/apexdata/com.android.cellbroadcast
04-16 19:05:35.483 1571 1571 D vold_prepare_subdirs: Setting up mode 771 uid 0 gid 1000 context u:object_r:apex_module_data_file:s0 on path: /data/misc_ce/0/apexdata/com.android.adservices
04-16 19:05:35.493 1571 1571 D vold_prepare_subdirs: Setting up mode 771 uid 0 gid 1000 context u:object_r:apex_system_server_data_file:s0 on path: /data/misc_ce/0/apexdata/com.android.appsearch
04-16 19:05:35.495 1571 1571 D vold_prepare_subdirs: Setting up mode 771 uid 0 gid 1000 context u:object_r:apex_system_server_data_file:s0 on path: /data/misc_ce/0/apexdata/com.android.wifi
04-16 19:05:35.507 1571 1571 D vold_prepare_subdirs: Setting up mode 771 uid 0 gid 1000 context u:object_r:apex_module_data_file:s0 on path: /data/misc_ce/0/apexdata/com.android.art
04-16 19:05:35.565 1571 1571 D vold_prepare_subdirs: Setting up mode 771 uid 0 gid 1000 context u:object_r:apex_module_data_file:s0 on path: /data/misc_ce/0/apexdata/com.android.rkpd
04-16 19:05:35.567 1571 1571 D vold_prepare_subdirs: Setting up mode 771 uid 0 gid 1000 context u:object_r:apex_module_data_file:s0 on path: /data/misc_ce/0/apexdata/com.android.apex.cts.shim
04-16 19:05:35.586 1571 1571 D vold_prepare_subdirs: Setting up mode 771 uid 0 gid 1000 context u:object_r:apex_system_server_data_file:s0 on path: /data/misc_ce/0/apexdata/com.android.permission
04-16 19:05:35.587 1571 1571 D vold_prepare_subdirs: Setting up mode 771 uid 0 gid 1000 context u:object_r:apex_module_data_file:s0 on path: /data/misc_ce/0/apexdata/com.android.virt
04-16 19:05:35.589 562 657 W system_server: Long monitor contention with owner bgres-controller (605) at android.os.Message android.os.MessageQueue.next()(MessageQueue.java:364) waiters=0 in boolean android.os.MessageQueue.enqueueMessage(android.os.Message, long) for 624ms
04-16 19:05:35.598 1571 1571 D vold_prepare_subdirs: Setting up mode 771 uid 0 gid 1000 context u:object_r:apex_module_data_file:s0 on path: /data/misc_ce/0/apexdata/com.android.devicelock
04-16 19:05:35.604 1571 1571 D vold_prepare_subdirs: Setting up mode 771 uid 0 gid 1000 context u:object_r:apex_module_data_file:s0 on path: /data/misc_ce/0/apexdata/com.android.healthfitness
04-16 19:05:35.606 1571 1571 D vold_prepare_subdirs: Setting up mode 771 uid 0 gid 1000 context u:object_r:apex_module_data_file:s0 on path: /data/misc_ce/0/apexdata/com.android.btservices
04-16 19:05:35.682 1571 1571 D vold_prepare_subdirs: Setting up mode 771 uid 0 gid 1000 context u:object_r:apex_module_data_file:s0 on path: /data/misc_ce/0/apexdata/com.android.os.statsd
04-16 19:05:35.699 1571 1571 D vold_prepare_subdirs: Setting up mode 771 uid 0 gid 1000 context u:object_r:apex_module_data_file:s0 on path: /data/misc_ce/0/apexdata/com.android.sdkext
04-16 19:05:35.706 1567 1567 E bootstat: Failed to read /data/misc/bootstat/factory_reset: No such file or directory
04-16 19:05:35.706 1567 1567 E bootstat: Failed to parse boot time record: /data/misc/bootstat/factory_reset
04-16 19:05:35.710 1571 1571 D vold_prepare_subdirs: Setting up mode 771 uid 0 gid 1000 context u:object_r:apex_module_data_file:s0 on path: /data/misc_ce/0/apexdata/com.android.i18n
04-16 19:05:35.711 1571 1571 D vold_prepare_subdirs: Setting up mode 771 uid 0 gid 1000 context u:object_r:apex_module_data_file:s0 on path: /data/misc_ce/0/apexdata/com.android.vndk.v34
04-16 19:05:35.723 562 1099 D ConnectivityService: requestNetwork for uid/pid:10117/988 activeRequest: null callbackRequest: 26 [NetworkRequest [ REQUEST id=27, [ Capabilities: INTERNET&NOT_RESTRICTED&TRUSTED&NOT_VCN_MANAGED Uid: 10117 RequestorUid: 10117 RequestorPkg: com.android.systemui UnderlyingNetworks: Null] ]] callback flags: 1 order: 2147483647
04-16 19:05:35.770 1567 1567 W bootstat: LogBootEvents, atomInfo not defined for events:last_boot_time_utc,build_date,ro.boottime.init.cold_boot_wait,boot_reason,system_boot_reason
04-16 19:05:35.774 1571 1571 D vold_prepare_subdirs: Setting up mode 771 uid 0 gid 1000 context u:object_r:apex_module_data_file:s0 on path: /data/misc_ce/0/apexdata/com.android.tzdata
04-16 19:05:35.780 1571 1571 D vold_prepare_subdirs: Setting up mode 771 uid 0 gid 1000 context u:object_r:apex_module_data_file:s0 on path: /data/misc_ce/0/apexdata/com.android.runtime
04-16 19:05:35.783 1571 1571 D vold_prepare_subdirs: Setting up mode 771 uid 0 gid 1000 context u:object_r:apex_module_data_file:s0 on path: /data/misc_ce/0/apexdata/sharedlibs
04-16 19:05:35.797 562 900 D WifiNetworkFactory: got request NetworkRequest [ REQUEST id=27, [ Capabilities: INTERNET&NOT_RESTRICTED&TRUSTED&NOT_VCN_MANAGED Uid: 10117 RequestorUid: 10117 RequestorPkg: com.android.systemui UnderlyingNetworks: Null] ]
04-16 19:05:35.799 562 900 D UntrustedWifiNetworkFactory: got request NetworkRequest [ REQUEST id=27, [ Capabilities: INTERNET&NOT_RESTRICTED&TRUSTED&NOT_VCN_MANAGED Uid: 10117 RequestorUid: 10117 RequestorPkg: com.android.systemui UnderlyingNetworks: Null] ]
04-16 19:05:35.809 562 900 D OemPaidWifiNetworkFactory: got request NetworkRequest [ REQUEST id=27, [ Capabilities: INTERNET&NOT_RESTRICTED&TRUSTED&NOT_VCN_MANAGED Uid: 10117 RequestorUid: 10117 RequestorPkg: com.android.systemui UnderlyingNetworks: Null] ]
04-16 19:05:35.811 562 900 D MultiInternetWifiNetworkFactory: got request NetworkRequest [ REQUEST id=27, [ Capabilities: INTERNET&NOT_RESTRICTED&TRUSTED&NOT_VCN_MANAGED Uid: 10117 RequestorUid: 10117 RequestorPkg: com.android.systemui UnderlyingNetworks: Null] ]
04-16 19:05:35.816 562 907 D ConnectivityService: NetReassign [no changes] [c 1] [a 0] [i 66]
04-16 19:05:35.857 1571 1571 D vold_prepare_subdirs: Setting up mode 770 uid 1000 gid 2001 context u:object_r:checkin_data_file:s0:c512,c768 on path: /data/misc_ce/0/checkin
04-16 19:05:35.859 1571 1571 D vold_prepare_subdirs: Setting up mode 700 uid 1000 gid 1000 context u:object_r:backup_data_file:s0 on path: /data/system_ce/0/backup
04-16 19:05:35.871 0 0 I init : Service 'exec 21 (/system/bin/bootstat --record_boot_complete --record_boot_reason --record_time_since_factory_reset -l)' (pid 1567) exited with status 0 oneshot service took 1.674000 seconds in background
04-16 19:05:35.871 0 0 I init : Sending signal 9 to service 'exec 21 (/system/bin/bootstat --record_boot_complete --record_boot_reason --record_time_since_factory_reset -l)' (pid 1567) process group...
04-16 19:05:35.872 0 0 I libprocessgroup: Successfully killed process cgroup uid 1000 pid 1567 in 0ms
04-16 19:05:35.882 1583 1583 E perfetto: perfetto_cmd.cc:385 Could not open /data/misc/perfetto-configs/stopboottracetrigger.pbtxt (errno: 2, No such file or directory)
04-16 19:05:35.913 1571 1571 D vold_prepare_subdirs: Setting up mode 700 uid 1000 gid 1000 context u:object_r:backup_data_file:s0 on path: /data/system_ce/0/backup_stage
04-16 19:05:35.929 1571 1571 D vold_prepare_subdirs: Setting up mode 700 uid 1000 gid 1000 context u:object_r:face_vendor_data_file:s0 on path: /data/vendor_ce/0/facedata
04-16 19:05:35.969 562 585 V UserDataPreparer: Found /data/user/0 with serial number 0
04-16 19:05:35.970 562 585 V UserDataPreparer: Found /data/system_ce/0 with serial number -1
04-16 19:05:35.970 562 585 D UserDataPreparer: Serial number missing on /data/system_ce/0; assuming current is valid
04-16 19:05:35.984 562 585 D UserDataPreparer: Setting property: sys.user.0.ce_available=true
04-16 19:05:35.983 0 0 I init : Service 'exec 22 (/system/bin/perfetto -c /data/misc/perfetto-configs/stopboottracetrigger.pbtxt --txt)' (pid 1583) exited with status 1 waiting took 0.960000 seconds
04-16 19:05:35.983 0 0 I init : Sending signal 9 to service 'exec 22 (/system/bin/perfetto -c /data/misc/perfetto-configs/stopboottracetrigger.pbtxt --txt)' (pid 1583) process group...
04-16 19:05:35.984 0 0 I libprocessgroup: Successfully killed process cgroup uid 0 pid 1583 in 0ms
04-16 19:05:36.000 0 0 I init : processing action (sys.boot_completed=1 && sys.wifitracing.started=0) from (/system/etc/init/wifi.rc:28)
04-16 19:05:36.046 0 0 E selinux : SELinux: Could not get canonical path for /sys/kernel/debug/tracing/instances/wifi restorecon: No such file or directory.
04-16 19:05:36.061 562 1533 W ActivityManager: Slow operation: 2671ms so far, now at startProcess: done updating battery stats
04-16 19:05:36.062 562 1533 W ActivityManager: Slow operation: 2671ms so far, now at startProcess: building log message
04-16 19:05:36.063 562 1533 I ActivityManager: Start proc 1553:android.ext.services/u0a135 for on-hold
04-16 19:05:36.074 562 585 V SystemServerTiming: prepareUserData-0 took to complete: 2342ms
04-16 19:05:36.075 562 585 D SystemServerTiming: reconcileAppsData-0
04-16 19:05:36.108 215 215 I tombstoned: intercept for pid 562 and type kDebuggerdJavaBacktrace terminated: due to timeout
04-16 19:05:36.110 562 1472 E system_server: libdebuggerd_client: failed to read status response from tombstoned: timeout reached?
04-16 19:05:36.212 562 585 V PackageManager: reconcileAppsData for null u0 0x2 migrateAppData=true
04-16 19:05:36.290 1249 1249 D CellBroadcastServiceManager: CellBroadcastServiceManager created for phone 0
04-16 19:05:36.292 562 1533 W ActivityManager: Slow operation: 2902ms so far, now at startProcess: starting to update pids map
04-16 19:05:36.293 562 1533 W ActivityManager: Slow operation: 2902ms so far, now at startProcess: done updating pids map
