04-16 19:02:49.267 562 696 I ArtService: Dexopt result: [packageName = com.android.gallery3d] DexContainerFileDexoptResult{dexContainerFile=/product/app/Gallery2/Gallery2.apk, primaryAbi=true, abi=x86_64, actualCompilerFilter=verify, status=SKIPPED, dex2oatWallTimeMillis=0, dex2oatCpuTimeMillis=0, sizeBytes=0, sizeBeforeBytes=0}
04-16 19:02:49.344 562 696 I ArtService: Dexopt result: [packageName = com.android.camera2] DexContainerFileDexoptResult{dexContainerFile=/product/app/Camera2/Camera2.apk, primaryAbi=true, abi=x86_64, actualCompilerFilter=verify, status=SKIPPED, dex2oatWallTimeMillis=0, dex2oatCpuTimeMillis=0, sizeBytes=0, sizeBeforeBytes=0}
04-16 19:02:49.415 562 696 I ArtService: Dexopt result: [packageName = com.android.calendar] DexContainerFileDexoptResult{dexContainerFile=/product/app/Calendar/Calendar.apk, primaryAbi=true, abi=x86_64, actualCompilerFilter=verify, status=SKIPPED, dex2oatWallTimeMillis=0, dex2oatCpuTimeMillis=0, sizeBytes=0, sizeBeforeBytes=0}
04-16 19:02:49.472 562 696 I ArtService: Dexopt result: [packageName = com.android.systemui.accessibility.accessibilitymenu] DexContainerFileDexoptResult{dexContainerFile=/system_ext/priv-app/AccessibilityMenu/AccessibilityMenu.apk, primaryAbi=true, abi=x86_64, actualCompilerFilter=verify, status=SKIPPED, dex2oatWallTimeMillis=0, dex2oatCpuTimeMillis=0, sizeBytes=0, sizeBeforeBytes=0}
04-16 19:02:49.540 562 696 I ArtService: Dexopt result: [packageName = com.android.sdksetup] DexContainerFileDexoptResult{dexContainerFile=/system_ext/priv-app/SdkSetup/SdkSetup.apk, primaryAbi=true, abi=x86_64, actualCompilerFilter=verify, status=SKIPPED, dex2oatWallTimeMillis=0, dex2oatCpuTimeMillis=0, sizeBytes=0, sizeBeforeBytes=0}
04-16 19:02:49.620 562 696 I ArtService: Dexopt result: [packageName = org.chromium.webview_shell] DexContainerFileDexoptResult{dexContainerFile=/product/app/Browser2/Browser2.apk, primaryAbi=true, abi=x86_64, actualCompilerFilter=verify, status=SKIPPED, dex2oatWallTimeMillis=0, dex2oatCpuTimeMillis=0, sizeBytes=0, sizeBeforeBytes=0}
04-16 19:02:49.668 562 696 I ArtService: Dexopt result: [packageName = com.android.emulator.multidisplay] DexContainerFileDexoptResult{dexContainerFile=/system_ext/priv-app/MultiDisplayProvider/MultiDisplayProvider.apk, primaryAbi=true, abi=x86_64, actualCompilerFilter=verify, status=SKIPPED, dex2oatWallTimeMillis=0, dex2oatCpuTimeMillis=0, sizeBytes=0, sizeBeforeBytes=0}
04-16 19:02:49.721 562 696 I ArtService: Dexopt result: [packageName = com.android.egg] DexContainerFileDexoptResult{dexContainerFile=/system/app/EasterEgg/EasterEgg.apk, primaryAbi=true, abi=x86_64, actualCompilerFilter=verify, status=SKIPPED, dex2oatWallTimeMillis=0, dex2oatCpuTimeMillis=0, sizeBytes=0, sizeBeforeBytes=0}
04-16 19:02:49.787 562 696 I ArtService: Dexopt result: [packageName = com.android.documentsui] DexContainerFileDexoptResult{dexContainerFile=/system/priv-app/DocumentsUI/DocumentsUI.apk, primaryAbi=true, abi=x86_64, actualCompilerFilter=verify, status=SKIPPED, dex2oatWallTimeMillis=0, dex2oatCpuTimeMillis=0, sizeBytes=0, sizeBeforeBytes=0}
04-16 19:02:49.889 562 696 I ArtService: Dexopt result: [packageName = com.android.phone] DexContainerFileDexoptResult{dexContainerFile=/system/priv-app/TeleService/TeleService.apk, primaryAbi=true, abi=x86_64, actualCompilerFilter=verify, status=SKIPPED, dex2oatWallTimeMillis=0, dex2oatCpuTimeMillis=0, sizeBytes=0, sizeBeforeBytes=0}
04-16 19:02:49.983 562 696 I ArtService: Dexopt result: [packageName = com.android.intentresolver] DexContainerFileDexoptResult{dexContainerFile=/system/priv-app/IntentResolver/IntentResolver.apk, primaryAbi=true, abi=x86_64, actualCompilerFilter=verify, status=SKIPPED, dex2oatWallTimeMillis=0, dex2oatCpuTimeMillis=0, sizeBytes=0, sizeBeforeBytes=0}
04-16 19:02:50.084 562 696 I ArtService: Dexopt result: [packageName = com.android.nfc] DexContainerFileDexoptResult{dexContainerFile=/system/app/NfcNci/NfcNci.apk, primaryAbi=true, abi=x86_64, actualCompilerFilter=verify, status=SKIPPED, dex2oatWallTimeMillis=0, dex2oatCpuTimeMillis=0, sizeBytes=0, sizeBeforeBytes=0}
04-16 19:02:50.146 562 696 I ArtService: Dexopt result: [packageName = com.android.stk] DexContainerFileDexoptResult{dexContainerFile=/system/app/Stk/Stk.apk, primaryAbi=true, abi=x86_64, actualCompilerFilter=verify, status=SKIPPED, dex2oatWallTimeMillis=0, dex2oatCpuTimeMillis=0, sizeBytes=0, sizeBeforeBytes=0}
04-16 19:02:50.277 562 696 I ArtService: Dexopt result: [packageName = com.android.wallpaper.livepicker] DexContainerFileDexoptResult{dexContainerFile=/system/priv-app/LiveWallpapersPicker/LiveWallpapersPicker.apk, primaryAbi=true, abi=x86_64, actualCompilerFilter=verify, status=SKIPPED, dex2oatWallTimeMillis=0, dex2oatCpuTimeMillis=0, sizeBytes=0, sizeBeforeBytes=0}
04-16 19:02:50.517 562 696 I ArtService: Dexopt result: [packageName = com.android.keychain] DexContainerFileDexoptResult{dexContainerFile=/system/app/KeyChain/KeyChain.apk, primaryAbi=true, abi=x86_64, actualCompilerFilter=verify, status=SKIPPED, dex2oatWallTimeMillis=0, dex2oatCpuTimeMillis=0, sizeBytes=0, sizeBeforeBytes=0}
04-16 19:02:50.656 562 696 I ArtService: Dexopt result: [packageName = com.android.statementservice] DexContainerFileDexoptResult{dexContainerFile=/system/priv-app/StatementService/StatementService.apk, primaryAbi=true, abi=x86_64, actualCompilerFilter=verify, status=SKIPPED, dex2oatWallTimeMillis=0, dex2oatCpuTimeMillis=0, sizeBytes=0, sizeBeforeBytes=0}
04-16 19:02:50.786 562 696 I ArtService: Dexopt result: [packageName = com.android.packageinstaller] DexContainerFileDexoptResult{dexContainerFile=/system/priv-app/PackageInstaller/PackageInstaller.apk, primaryAbi=true, abi=x86_64, actualCompilerFilter=verify, status=SKIPPED, dex2oatWallTimeMillis=0, dex2oatCpuTimeMillis=0, sizeBytes=0, sizeBeforeBytes=0}
04-16 19:02:50.897 562 696 I ArtService: Dexopt result: [packageName = com.android.companiondevicemanager] DexContainerFileDexoptResult{dexContainerFile=/system/app/CompanionDeviceManager/CompanionDeviceManager.apk, primaryAbi=true, abi=x86_64, actualCompilerFilter=verify, status=SKIPPED, dex2oatWallTimeMillis=0, dex2oatCpuTimeMillis=0, sizeBytes=0, sizeBeforeBytes=0}
04-16 19:02:50.988 562 696 I ArtService: Dexopt result: [packageName = com.android.mtp] DexContainerFileDexoptResult{dexContainerFile=/system/priv-app/MtpService/MtpService.apk, primaryAbi=true, abi=x86_64, actualCompilerFilter=verify, status=SKIPPED, dex2oatWallTimeMillis=0, dex2oatCpuTimeMillis=0, sizeBytes=0, sizeBeforeBytes=0}
04-16 19:02:51.093 562 696 I ArtService: Dexopt result: [packageName = com.android.soundpicker] DexContainerFileDexoptResult{dexContainerFile=/system/priv-app/SoundPicker/SoundPicker.apk, primaryAbi=true, abi=x86_64, actualCompilerFilter=verify, status=SKIPPED, dex2oatWallTimeMillis=0, dex2oatCpuTimeMillis=0, sizeBytes=0, sizeBeforeBytes=0}
04-16 19:02:51.136 562 696 I ArtService: Dexopt result: [packageName = com.android.shell] DexContainerFileDexoptResult{dexContainerFile=/system/priv-app/Shell/Shell.apk, primaryAbi=true, abi=x86_64, actualCompilerFilter=verify, status=SKIPPED, dex2oatWallTimeMillis=0, dex2oatCpuTimeMillis=0, sizeBytes=0, sizeBeforeBytes=0}
04-16 19:02:51.197 562 696 I ArtService: Dexopt result: [packageName = com.android.providers.media] DexContainerFileDexoptResult{dexContainerFile=/system/priv-app/MediaProviderLegacy/MediaProviderLegacy.apk, primaryAbi=true, abi=x86_64, actualCompilerFilter=verify, status=SKIPPED, dex2oatWallTimeMillis=0, dex2oatCpuTimeMillis=0, sizeBytes=0, sizeBeforeBytes=0}
04-16 19:02:51.223 562 696 I ArtService: Dexopt result: [packageName = com.android.providers.settings] DexContainerFileDexoptResult{dexContainerFile=/system/priv-app/SettingsProvider/SettingsProvider.apk, primaryAbi=true, abi=x86_64, actualCompilerFilter=verify, status=SKIPPED, dex2oatWallTimeMillis=0, dex2oatCpuTimeMillis=0, sizeBytes=0, sizeBeforeBytes=0}
04-16 19:02:51.279 562 696 I ArtService: Dexopt result: [packageName = com.android.cellbroadcastreceiver] DexContainerFileDexoptResult{dexContainerFile=/system/priv-app/CellBroadcastLegacyApp/CellBroadcastLegacyApp.apk, primaryAbi=true, abi=x86_64, actualCompilerFilter=verify, status=SKIPPED, dex2oatWallTimeMillis=0, dex2oatCpuTimeMillis=0, sizeBytes=0, sizeBeforeBytes=0}
04-16 19:02:51.353 562 696 I ArtService: Dexopt result: [packageName = com.android.simappdialog] DexContainerFileDexoptResult{dexContainerFile=/system/app/SimAppDialog/SimAppDialog.apk, primaryAbi=true, abi=x86_64, actualCompilerFilter=verify, status=SKIPPED, dex2oatWallTimeMillis=0, dex2oatCpuTimeMillis=0, sizeBytes=0, sizeBeforeBytes=0}
04-16 19:02:51.424 562 696 I ArtService: Dexopt result: [packageName = com.android.apps.tag] DexContainerFileDexoptResult{dexContainerFile=/system/priv-app/Tag/Tag.apk, primaryAbi=true, abi=x86_64, actualCompilerFilter=verify, status=SKIPPED, dex2oatWallTimeMillis=0, dex2oatCpuTimeMillis=0, sizeBytes=0, sizeBeforeBytes=0}
04-16 19:02:51.469 562 696 I ArtService: Dexopt result: [packageName = com.android.providers.telephony] DexContainerFileDexoptResult{dexContainerFile=/system/priv-app/TelephonyProvider/TelephonyProvider.apk, primaryAbi=true, abi=x86_64, actualCompilerFilter=verify, status=SKIPPED, dex2oatWallTimeMillis=0, dex2oatCpuTimeMillis=0, sizeBytes=0, sizeBeforeBytes=0}
04-16 19:02:51.519 562 696 I ArtService: Dexopt result: [packageName = com.android.carrierdefaultapp] DexContainerFileDexoptResult{dexContainerFile=/system/app/CarrierDefaultApp/CarrierDefaultApp.apk, primaryAbi=true, abi=x86_64, actualCompilerFilter=verify, status=SKIPPED, dex2oatWallTimeMillis=0, dex2oatCpuTimeMillis=0, sizeBytes=0, sizeBeforeBytes=0}
04-16 19:02:51.582 562 696 I ArtService: Dexopt result: [packageName = com.android.ons] DexContainerFileDexoptResult{dexContainerFile=/system/priv-app/ONS/ONS.apk, primaryAbi=true, abi=x86_64, actualCompilerFilter=verify, status=SKIPPED, dex2oatWallTimeMillis=0, dex2oatCpuTimeMillis=0, sizeBytes=0, sizeBeforeBytes=0}
04-16 19:02:51.631 562 696 I ArtService: Dexopt result: [packageName = com.android.printspooler] DexContainerFileDexoptResult{dexContainerFile=/system/app/PrintSpooler/PrintSpooler.apk, primaryAbi=true, abi=x86_64, actualCompilerFilter=verify, status=SKIPPED, dex2oatWallTimeMillis=0, dex2oatCpuTimeMillis=0, sizeBytes=0, sizeBeforeBytes=0}
04-16 19:02:51.683 698 711 W artd : ClassLoaderContext shared library size mismatch. Expected=1, found=0 (PCL[]{PCL[/system/framework/android.net.ipsec.ike.jar*3039086002]} | PCL[])
04-16 19:02:51.705 562 696 I ArtService: Dexopt result: [packageName = com.android.networkstack] DexContainerFileDexoptResult{dexContainerFile=/system/priv-app/NetworkStack/NetworkStack.apk, primaryAbi=true, abi=x86_64, actualCompilerFilter=verify, status=SKIPPED, dex2oatWallTimeMillis=0, dex2oatCpuTimeMillis=0, sizeBytes=0, sizeBeforeBytes=0}
04-16 19:02:51.777 562 696 I ArtService: Dexopt result: [packageName = com.android.captiveportallogin] DexContainerFileDexoptResult{dexContainerFile=/system/app/CaptivePortalLogin/CaptivePortalLogin.apk, primaryAbi=true, abi=x86_64, actualCompilerFilter=verify, status=SKIPPED, dex2oatWallTimeMillis=0, dex2oatCpuTimeMillis=0, sizeBytes=0, sizeBeforeBytes=0}
04-16 19:02:51.827 562 696 I ArtService: Dexopt result: [packageName = com.android.mms.service] DexContainerFileDexoptResult{dexContainerFile=/system/priv-app/MmsService/MmsService.apk, primaryAbi=true, abi=x86_64, actualCompilerFilter=verify, status=SKIPPED, dex2oatWallTimeMillis=0, dex2oatCpuTimeMillis=0, sizeBytes=0, sizeBeforeBytes=0}
04-16 19:02:51.899 562 696 I ArtService: Dexopt result: [packageName = com.android.bips] DexContainerFileDexoptResult{dexContainerFile=/system/priv-app/BuiltInPrintService/BuiltInPrintService.apk, primaryAbi=true, abi=x86_64, actualCompilerFilter=verify, status=SKIPPED, dex2oatWallTimeMillis=0, dex2oatCpuTimeMillis=0, sizeBytes=0, sizeBeforeBytes=0}
04-16 19:02:51.952 562 696 I ArtService: Dexopt result: [packageName = com.android.musicfx] DexContainerFileDexoptResult{dexContainerFile=/system/priv-app/MusicFX/MusicFX.apk, primaryAbi=true, abi=x86_64, actualCompilerFilter=verify, status=SKIPPED, dex2oatWallTimeMillis=0, dex2oatCpuTimeMillis=0, sizeBytes=0, sizeBeforeBytes=0}
04-16 19:02:52.004 562 696 I ArtService: Dexopt result: [packageName = com.android.providers.contacts] DexContainerFileDexoptResult{dexContainerFile=/system/priv-app/ContactsProvider/ContactsProvider.apk, primaryAbi=true, abi=x86_64, actualCompilerFilter=verify, status=SKIPPED, dex2oatWallTimeMillis=0, dex2oatCpuTimeMillis=0, sizeBytes=0, sizeBeforeBytes=0}
04-16 19:02:52.065 562 696 I ArtService: Dexopt result: [packageName = com.android.certinstaller] DexContainerFileDexoptResult{dexContainerFile=/system/app/CertInstaller/CertInstaller.apk, primaryAbi=true, abi=x86_64, actualCompilerFilter=verify, status=SKIPPED, dex2oatWallTimeMillis=0, dex2oatCpuTimeMillis=0, sizeBytes=0, sizeBeforeBytes=0}
04-16 19:02:52.108 562 696 I ArtService: Dexopt result: [packageName = com.android.printservice.recommendation] DexContainerFileDexoptResult{dexContainerFile=/system/app/PrintRecommendationService/PrintRecommendationService.apk, primaryAbi=true, abi=x86_64, actualCompilerFilter=verify, status=SKIPPED, dex2oatWallTimeMillis=0, dex2oatCpuTimeMillis=0, sizeBytes=0, sizeBeforeBytes=0}
04-16 19:02:52.179 562 696 I ArtService: Dexopt result: [packageName = com.android.providers.calendar] DexContainerFileDexoptResult{dexContainerFile=/system/priv-app/CalendarProvider/CalendarProvider.apk, primaryAbi=true, abi=x86_64, actualCompilerFilter=verify, status=SKIPPED, dex2oatWallTimeMillis=0, dex2oatCpuTimeMillis=0, sizeBytes=0, sizeBeforeBytes=0}
04-16 19:02:52.219 562 696 I ArtService: Dexopt result: [packageName = com.android.providers.downloads] DexContainerFileDexoptResult{dexContainerFile=/system/priv-app/DownloadProvider/DownloadProvider.apk, primaryAbi=true, abi=x86_64, actualCompilerFilter=verify, status=SKIPPED, dex2oatWallTimeMillis=0, dex2oatCpuTimeMillis=0, sizeBytes=0, sizeBeforeBytes=0}
04-16 19:02:52.301 562 696 I ArtService: Dexopt result: [packageName = com.android.wallpaperbackup] DexContainerFileDexoptResult{dexContainerFile=/system/app/WallpaperBackup/WallpaperBackup.apk, primaryAbi=true, abi=x86_64, actualCompilerFilter=verify, status=SKIPPED, dex2oatWallTimeMillis=0, dex2oatCpuTimeMillis=0, sizeBytes=0, sizeBeforeBytes=0}
04-16 19:02:52.338 698 711 W artd : ClassLoaderContext shared library size mismatch. Expected=1, found=0 (PCL[]{PCL[/vendor/framework/androidx.camera.extensions.impl.jar*2663675288]} | PCL[])
04-16 19:02:52.356 562 696 I ArtService: Dexopt result: [packageName = com.android.cameraextensions] DexContainerFileDexoptResult{dexContainerFile=/system/app/CameraExtensionsProxy/CameraExtensionsProxy.apk, primaryAbi=true, abi=x86_64, actualCompilerFilter=verify, status=SKIPPED, dex2oatWallTimeMillis=0, dex2oatCpuTimeMillis=0, sizeBytes=0, sizeBeforeBytes=0}
04-16 19:02:52.417 562 696 I ArtService: Dexopt result: [packageName = com.android.vpndialogs] DexContainerFileDexoptResult{dexContainerFile=/system/priv-app/VpnDialogs/VpnDialogs.apk, primaryAbi=true, abi=x86_64, actualCompilerFilter=verify, status=SKIPPED, dex2oatWallTimeMillis=0, dex2oatCpuTimeMillis=0, sizeBytes=0, sizeBeforeBytes=0}
04-16 19:02:52.460 562 696 I ArtService: Dexopt result: [packageName = com.android.proxyhandler] DexContainerFileDexoptResult{dexContainerFile=/system/priv-app/ProxyHandler/ProxyHandler.apk, primaryAbi=true, abi=x86_64, actualCompilerFilter=verify, status=SKIPPED, dex2oatWallTimeMillis=0, dex2oatCpuTimeMillis=0, sizeBytes=0, sizeBeforeBytes=0}
04-16 19:02:52.518 562 696 I ArtService: Dexopt result: [packageName = com.android.pacprocessor] DexContainerFileDexoptResult{dexContainerFile=/system/app/PacProcessor/PacProcessor.apk, primaryAbi=true, abi=x86_64, actualCompilerFilter=verify, status=SKIPPED, dex2oatWallTimeMillis=0, dex2oatCpuTimeMillis=0, sizeBytes=0, sizeBeforeBytes=0}
04-16 19:02:52.560 562 696 I ArtService: Dexopt result: [packageName = com.android.localtransport] DexContainerFileDexoptResult{dexContainerFile=/system/priv-app/LocalTransport/LocalTransport.apk, primaryAbi=true, abi=x86_64, actualCompilerFilter=verify, status=SKIPPED, dex2oatWallTimeMillis=0, dex2oatCpuTimeMillis=0, sizeBytes=0, sizeBeforeBytes=0}
04-16 19:02:52.602 562 696 I ArtService: Dexopt result: [packageName = com.android.location.fused] DexContainerFileDexoptResult{dexContainerFile=/system/priv-app/FusedLocation/FusedLocation.apk, primaryAbi=true, abi=x86_64, actualCompilerFilter=verify, status=SKIPPED, dex2oatWallTimeMillis=0, dex2oatCpuTimeMillis=0, sizeBytes=0, sizeBeforeBytes=0}
04-16 19:02:52.664 562 696 I ArtService: Dexopt result: [packageName = com.android.bluetoothmidiservice] DexContainerFileDexoptResult{dexContainerFile=/system/app/BluetoothMidiService/BluetoothMidiService.apk, primaryAbi=true, abi=x86_64, actualCompilerFilter=verify, status=SKIPPED, dex2oatWallTimeMillis=0, dex2oatCpuTimeMillis=0, sizeBytes=0, sizeBeforeBytes=0}
04-16 19:02:52.704 562 696 I ArtService: Dexopt result: [packageName = com.android.externalstorage] DexContainerFileDexoptResult{dexContainerFile=/system/priv-app/ExternalStorageProvider/ExternalStorageProvider.apk, primaryAbi=true, abi=x86_64, actualCompilerFilter=verify, status=SKIPPED, dex2oatWallTimeMillis=0, dex2oatCpuTimeMillis=0, sizeBytes=0, sizeBeforeBytes=0}
04-16 19:02:52.743 562 696 I ArtService: Dexopt result: [packageName = com.android.sharedstoragebackup] DexContainerFileDexoptResult{dexContainerFile=/system/priv-app/SharedStorageBackup/SharedStorageBackup.apk, primaryAbi=true, abi=x86_64, actualCompilerFilter=verify, status=SKIPPED, dex2oatWallTimeMillis=0, dex2oatCpuTimeMillis=0, sizeBytes=0, sizeBeforeBytes=0}
04-16 19:02:52.803 562 696 I ArtService: Dexopt result: [packageName = com.android.htmlviewer] DexContainerFileDexoptResult{dexContainerFile=/system/app/HTMLViewer/HTMLViewer.apk, primaryAbi=true, abi=x86_64, actualCompilerFilter=verify, status=SKIPPED, dex2oatWallTimeMillis=0, dex2oatCpuTimeMillis=0, sizeBytes=0, sizeBeforeBytes=0}
04-16 19:02:52.855 562 696 I ArtService: Dexopt result: [packageName = com.android.providers.blockednumber] DexContainerFileDexoptResult{dexContainerFile=/system/priv-app/BlockedNumberProvider/BlockedNumberProvider.apk, primaryAbi=true, abi=x86_64, actualCompilerFilter=verify, status=SKIPPED, dex2oatWallTimeMillis=0, dex2oatCpuTimeMillis=0, sizeBytes=0, sizeBeforeBytes=0}
04-16 19:02:52.904 562 696 I ArtService: Dexopt result: [packageName = com.android.providers.userdictionary] DexContainerFileDexoptResult{dexContainerFile=/system/priv-app/UserDictionaryProvider/UserDictionaryProvider.apk, primaryAbi=true, abi=x86_64, actualCompilerFilter=verify, status=SKIPPED, dex2oatWallTimeMillis=0, dex2oatCpuTimeMillis=0, sizeBytes=0, sizeBeforeBytes=0}
04-16 19:02:52.956 562 696 I ArtService: Dexopt result: [packageName = com.android.calllogbackup] DexContainerFileDexoptResult{dexContainerFile=/system/priv-app/CallLogBackup/CallLogBackup.apk, primaryAbi=true, abi=x86_64, actualCompilerFilter=verify, status=SKIPPED, dex2oatWallTimeMillis=0, dex2oatCpuTimeMillis=0, sizeBytes=0, sizeBeforeBytes=0}
04-16 19:02:52.996 562 696 I ArtService: Dexopt result: [packageName = com.android.dreams.basic] DexContainerFileDexoptResult{dexContainerFile=/system/app/BasicDreams/BasicDreams.apk, primaryAbi=true, abi=x86_64, actualCompilerFilter=verify, status=SKIPPED, dex2oatWallTimeMillis=0, dex2oatCpuTimeMillis=0, sizeBytes=0, sizeBeforeBytes=0}
04-16 19:02:53.052 562 696 I ArtService: Dexopt result: [packageName = com.android.providers.partnerbookmarks] DexContainerFileDexoptResult{dexContainerFile=/system/app/PartnerBookmarksProvider/PartnerBookmarksProvider.apk, primaryAbi=true, abi=x86_64, actualCompilerFilter=verify, status=SKIPPED, dex2oatWallTimeMillis=0, dex2oatCpuTimeMillis=0, sizeBytes=0, sizeBeforeBytes=0}
04-16 19:02:53.088 562 696 I ArtService: Dexopt result: [packageName = com.android.providers.downloads.ui] DexContainerFileDexoptResult{dexContainerFile=/system/priv-app/DownloadProviderUi/DownloadProviderUi.apk, primaryAbi=true, abi=x86_64, actualCompilerFilter=verify, status=SKIPPED, dex2oatWallTimeMillis=0, dex2oatCpuTimeMillis=0, sizeBytes=0, sizeBeforeBytes=0}
04-16 19:02:53.231 562 696 I ArtService: Dexopt result: [packageName = com.android.backupconfirm] DexContainerFileDexoptResult{dexContainerFile=/system/priv-app/BackupRestoreConfirmation/BackupRestoreConfirmation.apk, primaryAbi=true, abi=x86_64, actualCompilerFilter=verify, status=SKIPPED, dex2oatWallTimeMillis=0, dex2oatCpuTimeMillis=0, sizeBytes=0, sizeBeforeBytes=0}
04-16 19:02:53.311 562 696 I ArtService: Dexopt result: [packageName = com.android.bookmarkprovider] DexContainerFileDexoptResult{dexContainerFile=/system/app/BookmarkProvider/BookmarkProvider.apk, primaryAbi=true, abi=x86_64, actualCompilerFilter=verify, status=SKIPPED, dex2oatWallTimeMillis=0, dex2oatCpuTimeMillis=0, sizeBytes=0, sizeBeforeBytes=0}
04-16 19:02:53.428 562 696 I ArtService: Dexopt result: [packageName = com.android.inputdevices] DexContainerFileDexoptResult{dexContainerFile=/system/priv-app/InputDevices/InputDevices.apk, primaryAbi=true, abi=x86_64, actualCompilerFilter=verify, status=SKIPPED, dex2oatWallTimeMillis=0, dex2oatCpuTimeMillis=0, sizeBytes=0, sizeBeforeBytes=0}
04-16 19:02:53.539 562 696 I ArtService: Dexopt result: [packageName = android.ext.shared] DexContainerFileDexoptResult{dexContainerFile=/system/app/ExtShared/ExtShared.apk, primaryAbi=true, abi=x86_64, actualCompilerFilter=verify, status=SKIPPED, dex2oatWallTimeMillis=0, dex2oatCpuTimeMillis=0, sizeBytes=0, sizeBeforeBytes=0}
04-16 19:02:53.656 562 696 I ArtService: Dexopt result: [packageName = com.android.dynsystem] DexContainerFileDexoptResult{dexContainerFile=/system/priv-app/DynamicSystemInstallationService/DynamicSystemInstallationService.apk, primaryAbi=true, abi=x86_64, actualCompilerFilter=verify, status=SKIPPED, dex2oatWallTimeMillis=0, dex2oatCpuTimeMillis=0, sizeBytes=0, sizeBeforeBytes=0}
04-16 19:02:53.729 562 696 I ArtService: Dexopt result: [packageName = com.android.se] DexContainerFileDexoptResult{dexContainerFile=/system/app/SecureElement/SecureElement.apk, primaryAbi=true, abi=x86_64, actualCompilerFilter=verify, status=SKIPPED, dex2oatWallTimeMillis=0, dex2oatCpuTimeMillis=0, sizeBytes=0, sizeBeforeBytes=0}
04-16 19:02:53.757 698 711 W ziparchive: Unable to open '/vendor/overlay/SystemUI__auto_generated_rro_vendor.dm': No such file or directory
04-16 19:02:53.758 698 711 W ziparchive: Unable to open '/vendor/overlay/SystemUI__auto_generated_rro_vendor.dm': No such file or directory
04-16 19:02:53.768 562 696 I ArtService: Dexopt result: [packageName = com.android.systemui.auto_generated_rro_vendor__] DexContainerFileDexoptResult{dexContainerFile=/vendor/overlay/SystemUI__auto_generated_rro_vendor.apk, primaryAbi=true, abi=x86_64, actualCompilerFilter=verify, status=SKIPPED, dex2oatWallTimeMillis=0, dex2oatCpuTimeMillis=0, sizeBytes=0, sizeBeforeBytes=0}
04-16 19:02:53.797 698 711 W ziparchive: Unable to open '/vendor/overlay/TeleService__auto_generated_rro_vendor.dm': No such file or directory
04-16 19:02:53.798 698 711 W ziparchive: Unable to open '/vendor/overlay/TeleService__auto_generated_rro_vendor.dm': No such file or directory
04-16 19:02:53.815 562 696 I ArtService: Dexopt result: [packageName = com.android.phone.auto_generated_rro_vendor__] DexContainerFileDexoptResult{dexContainerFile=/vendor/overlay/TeleService__auto_generated_rro_vendor.apk, primaryAbi=true, abi=x86_64, actualCompilerFilter=verify, status=SKIPPED, dex2oatWallTimeMillis=0, dex2oatCpuTimeMillis=0, sizeBytes=0, sizeBeforeBytes=0}
04-16 19:02:53.845 698 711 W ziparchive: Unable to open '/vendor/overlay/framework-res__auto_generated_rro_vendor.dm': No such file or directory
04-16 19:02:53.846 698 711 W ziparchive: Unable to open '/vendor/overlay/framework-res__auto_generated_rro_vendor.dm': No such file or directory
04-16 19:02:53.856 562 696 I ArtService: Dexopt result: [packageName = android.auto_generated_rro_vendor__] DexContainerFileDexoptResult{dexContainerFile=/vendor/overlay/framework-res__auto_generated_rro_vendor.apk, primaryAbi=true, abi=x86_64, actualCompilerFilter=verify, status=SKIPPED, dex2oatWallTimeMillis=0, dex2oatCpuTimeMillis=0, sizeBytes=0, sizeBeforeBytes=0}
04-16 19:02:53.866 698 711 W ziparchive: Unable to open '/vendor/overlay/CarrierConfig__auto_generated_rro_vendor.dm': No such file or directory
04-16 19:02:53.867 698 711 W ziparchive: Unable to open '/vendor/overlay/CarrierConfig__auto_generated_rro_vendor.dm': No such file or directory
04-16 19:02:53.915 562 696 I ArtService: Dexopt result: [packageName = com.android.carrierconfig.auto_generated_rro_vendor__] DexContainerFileDexoptResult{dexContainerFile=/vendor/overlay/CarrierConfig__auto_generated_rro_vendor.apk, primaryAbi=true, abi=x86_64, actualCompilerFilter=verify, status=SKIPPED, dex2oatWallTimeMillis=0, dex2oatCpuTimeMillis=0, sizeBytes=0, sizeBeforeBytes=0}
04-16 19:02:53.935 698 711 W ziparchive: Unable to open '/vendor/overlay/SettingsProvider__auto_generated_rro_vendor.dm': No such file or directory
04-16 19:02:53.941 698 711 W ziparchive: Unable to open '/vendor/overlay/SettingsProvider__auto_generated_rro_vendor.dm': No such file or directory
04-16 19:02:53.943 562 696 I ArtService: Dexopt result: [packageName = com.android.providers.settings.auto_generated_rro_vendor__] DexContainerFileDexoptResult{dexContainerFile=/vendor/overlay/SettingsProvider__auto_generated_rro_vendor.apk, primaryAbi=true, abi=x86_64, actualCompilerFilter=verify, status=SKIPPED, dex2oatWallTimeMillis=0, dex2oatCpuTimeMillis=0, sizeBytes=0, sizeBeforeBytes=0}
04-16 19:02:53.969 698 711 W ziparchive: Unable to open '/apex/com.android.adservices/priv-app/AdServicesApk@UE1A.230829.036.A1/AdServicesApk.dm': No such file or directory
04-16 19:02:53.969 698 711 W ziparchive: Unable to open '/apex/com.android.adservices/priv-app/AdServicesApk@UE1A.230829.036.A1/AdServicesApk.dm': No such file or directory
04-16 19:02:54.022 698 711 I artd : Running dex2oat: /apex/com.android.art/bin/art_exec --drop-capabilities --keep-fds=7:8:9:10 -- /apex/com.android.art/bin/dex2oat64 --zip-fd=7 --zip-location=/apex/com.android.adservices/priv-app/AdServicesApk@UE1A.230829.036.A1/AdServicesApk.apk --oat-fd=8 --oat-location=/data/dalvik-cache/x86_64/apex@com.android.adservices@priv-app@AdServicesApk@UE1A.230829.036.A1@AdServicesApk.apk@classes.dex --output-vdex-fd=9 --swap-fd=10 --class-loader-context=PCL[] --classpath-dir=/apex/com.android.adservices/priv-app/AdServicesApk@UE1A.230829.036.A1 --instruction-set=x86_64 --instruction-set-features=default --instruction-set-variant=x86_64 --compiler-filter=verify --compilation-reason=first-boot --compact-dex-level=none --max-image-block-size=524288 --resolve-startup-const-strings=true --generate-mini-debug-info --runtime-arg -Xtarget-sdk-version:34 --runtime-arg -Xms64m --runtime-arg -Xmx512m --comments=app-version-name:14,app-version-code:34,art-version:342090000
04-16 19:02:54.022 698 711 I artd : Opened FDs: 7:/apex/com.android.adservices/priv-app/AdServicesApk@UE1A.230829.036.A1/AdServicesApk.apk 8:/data/dalvik-cache/x86_64/apex@com.android.adservices@priv-app@AdServicesApk@UE1A.230829.036.A1@AdServicesApk.apk@classes.dex.a5FQq2.tmp 9:/data/dalvik-cache/x86_64/apex@com.android.adservices@priv-app@AdServicesApk@UE1A.230829.036.A1@AdServicesApk.apk@classes.vdex.LlGZ8h.tmp 10:/data/dalvik-cache/x86_64/apex@com.android.adservices@priv-app@AdServicesApk@UE1A.230829.036.A1@AdServicesApk.apk@classes.dex.swap.hFYrPj.tmp
04-16 19:02:54.994 724 724 W dex2oat64: Unexpected CPU variant for x86: x86_64.
04-16 19:02:54.994 724 724 W dex2oat64: Known variants: atom, sandybridge, silvermont, goldmont, goldmont-plus, tremont, kabylake, default
04-16 19:02:55.070 724 724 W dex2oat64: Mismatch between dex2oat instruction set features to use (ISA: X86_64 Feature string: -ssse3,-sse4.1,-sse4.2,-avx,-avx2,-popcnt) and those from CPP defines (ISA: X86_64 Feature string: ssse3,sse4.1,sse4.2,-avx,-avx2,popcnt) for the command line:
04-16 19:02:55.070 724 724 W dex2oat64: /apex/com.android.art/bin/dex2oat64 --zip-fd=7 --zip-location=/apex/com.android.adservices/priv-app/AdServicesApk@UE1A.230829.036.A1/AdServicesApk.apk --oat-fd=8 --oat-location=/data/dalvik-cache/x86_64/apex@com.android.adservices@priv-app@AdServicesApk@UE1A.230829.036.A1@AdServicesApk.apk@classes.dex --output-vdex-fd=9 --swap-fd=10 --class-loader-context=PCL[] --classpath-dir=/apex/com.android.adservices/priv-app/AdServicesApk@UE1A.230829.036.A1 --instruction-set=x86_64 --instruction-set-features=default --instruction-set-variant=x86_64 --compiler-filter=verify --compilation-reason=first-boot --compact-dex-level=none --max-image-block-size=524288 --resolve-startup-const-strings=true --generate-mini-debug-info --runtime-arg -Xtarget-sdk-version:34 --runtime-arg -Xms64m --runtime-arg -Xmx512m --comments=app-version-name:14,app-version-code:34,art-version:342090000
04-16 19:02:55.080 724 724 I dex2oat64: /apex/com.android.art/bin/dex2oat64 --output-vdex-fd=9 --class-loader-context=PCL[] --classpath-dir=/apex/com.android.adservices/priv-app/AdServicesApk@UE1A.230829.036.A1 --compiler-filter=verify --compilation-reason=first-boot --compact-dex-level=none --max-image-block-size=524288 --resolve-startup-const-strings=true --generate-mini-debug-info --comments=app-version-name:14,app-version-code:34,art-version:342090000
04-16 19:02:55.338 724 724 I dex2oat64: Using CollectorTypeCC GC.
04-16 19:03:02.992 724 724 I dex2oat64: dex2oat took 8.052s (16.434s cpu) (threads: 4) arena alloc=0B (0B) java alloc=4652KB (4764112B) native alloc=2222KB (2275712B) free=968KB (991472B)
04-16 19:03:03.045 698 711 I artd : dex2oat returned code 0
04-16 19:03:03.055 562 696 I ArtService: Dexopt result: [packageName = com.android.adservices.api] DexContainerFileDexoptResult{dexContainerFile=/apex/com.android.adservices/priv-app/AdServicesApk@UE1A.230829.036.A1/AdServicesApk.apk, primaryAbi=true, abi=x86_64, actualCompilerFilter=verify, status=PERFORMED, dex2oatWallTimeMillis=9001, dex2oatCpuTimeMillis=17250, sizeBytes=179644, sizeBeforeBytes=0}
04-16 19:03:03.076 698 711 W ziparchive: Unable to open '/apex/com.android.healthfitness/priv-app/HealthConnectController@UE1A.230829.036.A1/HealthConnectController.dm': No such file or directory
04-16 19:03:03.081 698 711 W ziparchive: Unable to open '/apex/com.android.healthfitness/priv-app/HealthConnectController@UE1A.230829.036.A1/HealthConnectController.dm': No such file or directory
04-16 19:03:03.127 698 711 I artd : Running dex2oat: /apex/com.android.art/bin/art_exec --drop-capabilities --keep-fds=7:8:9:10:11:12:13 -- /apex/com.android.art/bin/dex2oat64 --zip-fd=7 --zip-location=/apex/com.android.healthfitness/priv-app/HealthConnectController@UE1A.230829.036.A1/HealthConnectController.apk --oat-fd=8 --oat-location=/data/dalvik-cache/x86_64/apex@com.android.healthfitness@priv-app@HealthConnectController@UE1A.230829.036.A1@HealthConnectController.apk@classes.dex --output-vdex-fd=9 --swap-fd=10 --class-loader-context-fds=11:12:13 --class-loader-context=PCL[]{PCL[/system_ext/framework/androidx.window.extensions.jar]#PCL[/system_ext/framework/androidx.window.sidecar.jar]#PCL[/system/framework/org.apache.http.legacy.jar]} --classpath-dir=/apex/com.android.healthfitness/priv-app/HealthConnectController@UE1A.230829.036.A1 --instruction-set=x86_64 --instruction-set-features=default --instruction-set-variant=x86_64 --compiler-filter=verify --compilation-reason=first-boot --compact-dex-level=none --max-image-block-size=524288 --resolve-startup-const-strings=true --generate-mini-debug-info --runtime-arg -Xtarget-sdk-version:34 --runtime-arg -Xms64m --runtime-arg -Xmx512m --comments=app-version-name:14,app-version-code:34,art-version:342090000
04-16 19:03:03.127 698 711 I artd : Opened FDs: 7:/apex/com.android.healthfitness/priv-app/HealthConnectController@UE1A.230829.036.A1/HealthConnectController.apk 8:/data/dalvik-cache/x86_64/apex@com.android.healthfitness@priv-app@HealthConnectController@UE1A.230829.036.A1@HealthConnectController.apk@classes.dex.BKuKex.tmp 9:/data/dalvik-cache/x86_64/apex@com.android.healthfitness@priv-app@HealthConnectController@UE1A.230829.036.A1@HealthConnectController.apk@classes.vdex.9jtOcZ.tmp 10:/data/dalvik-cache/x86_64/apex@com.android.healthfitness@priv-app@HealthConnectController@UE1A.230829.036.A1@HealthConnectController.apk@classes.dex.swap.XxZ9UC.tmp 11:/system/framework/org.apache.http.legacy.jar 12:/system_ext/framework/androidx.window.sidecar.jar 13:/system_ext/framework/androidx.window.extensions.jar
04-16 19:03:03.953 736 736 W dex2oat64: Unexpected CPU variant for x86: x86_64.
04-16 19:03:03.953 736 736 W dex2oat64: Known variants: atom, sandybridge, silvermont, goldmont, goldmont-plus, tremont, kabylake, default
04-16 19:03:04.003 736 736 W dex2oat64: Mismatch between dex2oat instruction set features to use (ISA: X86_64 Feature string: -ssse3,-sse4.1,-sse4.2,-avx,-avx2,-popcnt) and those from CPP defines (ISA: X86_64 Feature string: ssse3,sse4.1,sse4.2,-avx,-avx2,popcnt) for the command line:
04-16 19:03:04.003 736 736 W dex2oat64: /apex/com.android.art/bin/dex2oat64 --zip-fd=7 --zip-location=/apex/com.android.healthfitness/priv-app/HealthConnectController@UE1A.230829.036.A1/HealthConnectController.apk --oat-fd=8 --oat-location=/data/dalvik-cache/x86_64/apex@com.android.healthfitness@priv-app@HealthConnectController@UE1A.230829.036.A1@HealthConnectController.apk@classes.dex --output-vdex-fd=9 --swap-fd=10 --class-loader-context-fds=11:12:13 --class-loader-context=PCL[]{PCL[/system_ext/framework/androidx.window.extensions.jar]#PCL[/system_ext/framework/androidx.window.sidecar.jar]#PCL[/system/framework/org.apache.http.legacy.jar]} --classpath-dir=/apex/com.android.healthfitness/priv-app/HealthConnectController@UE1A.230829.036.A1 --instruction-set=x86_64 --instruction-set-features=default --instruction-set-variant=x86_64 --compiler-filter=verify --compilation-reason=first-boot --compact-dex-level=none --max-image-block-size=524288 --resolve-startup-const-strings=true --generate-mini-debug-info --runtime-arg -Xtarget-sdk-version:34 --runtime-arg -Xms64m --runtime-arg -Xmx512m --comments=app-version-name:14,app-version-code:34,art-version:342090000
04-16 19:03:04.023 736 736 I dex2oat64: /apex/com.android.art/bin/dex2oat64 --output-vdex-fd=9 --class-loader-context-fds=11:12:13 --class-loader-context=PCL[]{PCL[/system_ext/framework/androidx.window.extensions.jar]#PCL[/system_ext/framework/androidx.window.sidecar.jar]#PCL[/system/framework/org.apache.http.legacy.jar]} --classpath-dir=/apex/com.android.healthfitness/priv-app/HealthConnectController@UE1A.230829.036.A1 --compiler-filter=verify --compilation-reason=first-boot --compact-dex-level=none --max-image-block-size=524288 --resolve-startup-const-strings=true --generate-mini-debug-info --comments=app-version-name:14,app-version-code:34,art-version:342090000
04-16 19:03:04.386 736 736 I dex2oat64: Using CollectorTypeCC GC.
04-16 19:03:11.069 736 736 I dex2oat64: dex2oat took 7.169s (13.842s cpu) (threads: 4) arena alloc=0B (0B) java alloc=4291KB (4394496B) native alloc=2008KB (2056896B) free=999KB (1023664B)
04-16 19:03:11.153 698 711 I artd : dex2oat returned code 0
04-16 19:03:11.225 562 696 I ArtService: Dexopt result: [packageName = com.android.healthconnect.controller] DexContainerFileDexoptResult{dexContainerFile=/apex/com.android.healthfitness/priv-app/HealthConnectController@UE1A.230829.036.A1/HealthConnectController.apk, primaryAbi=true, abi=x86_64, actualCompilerFilter=verify, status=PERFORMED, dex2oatWallTimeMillis=8017, dex2oatCpuTimeMillis=14590, sizeBytes=120788, sizeBeforeBytes=0}
04-16 19:03:11.318 698 711 W ziparchive: Unable to open '/apex/com.android.healthfitness/app/HealthConnectBackupRestore@UE1A.230829.036.A1/HealthConnectBackupRestore.dm': No such file or directory
04-16 19:03:11.319 698 711 W ziparchive: Unable to open '/apex/com.android.healthfitness/app/HealthConnectBackupRestore@UE1A.230829.036.A1/HealthConnectBackupRestore.dm': No such file or directory
04-16 19:03:11.406 698 711 I artd : Running dex2oat: /apex/com.android.art/bin/art_exec --drop-capabilities --keep-fds=7:8:9:10 -- /apex/com.android.art/bin/dex2oat64 --zip-fd=7 --zip-location=/apex/com.android.healthfitness/app/HealthConnectBackupRestore@UE1A.230829.036.A1/HealthConnectBackupRestore.apk --oat-fd=8 --oat-location=/data/dalvik-cache/x86_64/apex@com.android.healthfitness@app@HealthConnectBackupRestore@UE1A.230829.036.A1@HealthConnectBackupRestore.apk@classes.dex --output-vdex-fd=9 --swap-fd=10 --class-loader-context=PCL[] --classpath-dir=/apex/com.android.healthfitness/app/HealthConnectBackupRestore@UE1A.230829.036.A1 --instruction-set=x86_64 --instruction-set-features=default --instruction-set-variant=x86_64 --compiler-filter=verify --compilation-reason=first-boot --compact-dex-level=none --max-image-block-size=524288 --resolve-startup-const-strings=true --generate-mini-debug-info --runtime-arg -Xtarget-sdk-version:34 --runtime-arg -Xms64m --runtime-arg -Xmx512m --comments=app-version-name:14,app-version-code:34,art-version:342090000
04-16 19:03:11.406 698 711 I artd : Opened FDs: 7:/apex/com.android.healthfitness/app/HealthConnectBackupRestore@UE1A.230829.036.A1/HealthConnectBackupRestore.apk 8:/data/dalvik-cache/x86_64/apex@com.android.healthfitness@app@HealthConnectBackupRestore@UE1A.230829.036.A1@HealthConnectBackupRestore.apk@classes.dex.byMZKM.tmp 9:/data/dalvik-cache/x86_64/apex@com.android.healthfitness@app@HealthConnectBackupRestore@UE1A.230829.036.A1@HealthConnectBackupRestore.apk@classes.vdex.xnhU3U.tmp 10:/data/dalvik-cache/x86_64/apex@com.android.healthfitness@app@HealthConnectBackupRestore@UE1A.230829.036.A1@HealthConnectBackupRestore.apk@classes.dex.swap.4eI22O.tmp
04-16 19:03:12.234 749 749 W dex2oat64: Unexpected CPU variant for x86: x86_64.
04-16 19:03:12.234 749 749 W dex2oat64: Known variants: atom, sandybridge, silvermont, goldmont, goldmont-plus, tremont, kabylake, default
04-16 19:03:12.299 749 749 W dex2oat64: Mismatch between dex2oat instruction set features to use (ISA: X86_64 Feature string: -ssse3,-sse4.1,-sse4.2,-avx,-avx2,-popcnt) and those from CPP defines (ISA: X86_64 Feature string: ssse3,sse4.1,sse4.2,-avx,-avx2,popcnt) for the command line:
04-16 19:03:12.299 749 749 W dex2oat64: /apex/com.android.art/bin/dex2oat64 --zip-fd=7 --zip-location=/apex/com.android.healthfitness/app/HealthConnectBackupRestore@UE1A.230829.036.A1/HealthConnectBackupRestore.apk --oat-fd=8 --oat-location=/data/dalvik-cache/x86_64/apex@com.android.healthfitness@app@HealthConnectBackupRestore@UE1A.230829.036.A1@HealthConnectBackupRestore.apk@classes.dex --output-vdex-fd=9 --swap-fd=10 --class-loader-context=PCL[] --classpath-dir=/apex/com.android.healthfitness/app/HealthConnectBackupRestore@UE1A.230829.036.A1 --instruction-set=x86_64 --instruction-set-features=default --instruction-set-variant=x86_64 --compiler-filter=verify --compilation-reason=first-boot --compact-dex-level=none --max-image-block-size=524288 --resolve-startup-const-strings=true --generate-mini-debug-info --runtime-arg -Xtarget-sdk-version:34 --runtime-arg -Xms64m --runtime-arg -Xmx512m --comments=app-version-name:14,app-version-code:34,art-version:342090000
04-16 19:03:12.306 749 749 I dex2oat64: /apex/com.android.art/bin/dex2oat64 --output-vdex-fd=9 --class-loader-context=PCL[] --classpath-dir=/apex/com.android.healthfitness/app/HealthConnectBackupRestore@UE1A.230829.036.A1 --compiler-filter=verify --compilation-reason=first-boot --compact-dex-level=none --max-image-block-size=524288 --resolve-startup-const-strings=true --generate-mini-debug-info --comments=app-version-name:14,app-version-code:34,art-version:342090000
04-16 19:03:12.443 749 749 I dex2oat64: Using CollectorTypeCC GC.
04-16 19:03:14.356 749 749 I dex2oat64: dex2oat took 2.178s (1.950s cpu) (threads: 4) arena alloc=0B (0B) java alloc=48KB (49152B) native alloc=1100KB (1126720B) free=915KB (937200B)
04-16 19:03:14.389 698 711 I artd : dex2oat returned code 0
04-16 19:03:14.397 562 696 I ArtService: Dexopt result: [packageName = com.android.health.connect.backuprestore] DexContainerFileDexoptResult{dexContainerFile=/apex/com.android.healthfitness/app/HealthConnectBackupRestore@UE1A.230829.036.A1/HealthConnectBackupRestore.apk, primaryAbi=true, abi=x86_64, actualCompilerFilter=verify, status=PERFORMED, dex2oatWallTimeMillis=2980, dex2oatCpuTimeMillis=2690, sizeBytes=17456, sizeBeforeBytes=0}
04-16 19:03:14.414 698 711 W ziparchive: Unable to open '/apex/com.android.ondevicepersonalization/app/FederatedCompute@UE1A.230829.036.A1/FederatedCompute.dm': No such file or directory
04-16 19:03:14.414 698 711 W ziparchive: Unable to open '/apex/com.android.ondevicepersonalization/app/FederatedCompute@UE1A.230829.036.A1/FederatedCompute.dm': No such file or directory
04-16 19:03:14.468 698 704 I artd : Running dex2oat: /apex/com.android.art/bin/art_exec --drop-capabilities --keep-fds=7:8:9:10 -- /apex/com.android.art/bin/dex2oat64 --zip-fd=7 --zip-location=/apex/com.android.ondevicepersonalization/app/FederatedCompute@UE1A.230829.036.A1/FederatedCompute.apk --oat-fd=8 --oat-location=/data/dalvik-cache/x86_64/apex@com.android.ondevicepersonalization@app@FederatedCompute@UE1A.230829.036.A1@FederatedCompute.apk@classes.dex --output-vdex-fd=9 --swap-fd=10 --class-loader-context=PCL[] --classpath-dir=/apex/com.android.ondevicepersonalization/app/FederatedCompute@UE1A.230829.036.A1 --instruction-set=x86_64 --instruction-set-features=default --instruction-set-variant=x86_64 --compiler-filter=verify --compilation-reason=first-boot --compact-dex-level=none --max-image-block-size=524288 --resolve-startup-const-strings=true --generate-mini-debug-info --runtime-arg -Xtarget-sdk-version:34 --runtime-arg -Xms64m --runtime-arg -Xmx512m --comments=app-version-name:T-initial,app-version-code:1,art-version:342090000
04-16 19:03:14.468 698 704 I artd : Opened FDs: 7:/apex/com.android.ondevicepersonalization/app/FederatedCompute@UE1A.230829.036.A1/FederatedCompute.apk 8:/data/dalvik-cache/x86_64/apex@com.android.ondevicepersonalization@app@FederatedCompute@UE1A.230829.036.A1@FederatedCompute.apk@classes.dex.YDv1N8.tmp 9:/data/dalvik-cache/x86_64/apex@com.android.ondevicepersonalization@app@FederatedCompute@UE1A.230829.036.A1@FederatedCompute.apk@classes.vdex.9NWzIP.tmp 10:/data/dalvik-cache/x86_64/apex@com.android.ondevicepersonalization@app@FederatedCompute@UE1A.230829.036.A1@FederatedCompute.apk@classes.dex.swap.KeQwyU.tmp
04-16 19:03:15.232 757 757 W dex2oat64: Unexpected CPU variant for x86: x86_64.
04-16 19:03:15.232 757 757 W dex2oat64: Known variants: atom, sandybridge, silvermont, goldmont, goldmont-plus, tremont, kabylake, default
04-16 19:03:15.306 757 757 W dex2oat64: Mismatch between dex2oat instruction set features to use (ISA: X86_64 Feature string: -ssse3,-sse4.1,-sse4.2,-avx,-avx2,-popcnt) and those from CPP defines (ISA: X86_64 Feature string: ssse3,sse4.1,sse4.2,-avx,-avx2,popcnt) for the command line:
04-16 19:03:15.306 757 757 W dex2oat64: /apex/com.android.art/bin/dex2oat64 --zip-fd=7 --zip-location=/apex/com.android.ondevicepersonalization/app/FederatedCompute@UE1A.230829.036.A1/FederatedCompute.apk --oat-fd=8 --oat-location=/data/dalvik-cache/x86_64/apex@com.android.ondevicepersonalization@app@FederatedCompute@UE1A.230829.036.A1@FederatedCompute.apk@classes.dex --output-vdex-fd=9 --swap-fd=10 --class-loader-context=PCL[] --classpath-dir=/apex/com.android.ondevicepersonalization/app/FederatedCompute@UE1A.230829.036.A1 --instruction-set=x86_64 --instruction-set-features=default --instruction-set-variant=x86_64 --compiler-filter=verify --compilation-reason=first-boot --compact-dex-level=none --max-image-block-size=524288 --resolve-startup-const-strings=true --generate-mini-debug-info --runtime-arg -Xtarget-sdk-version:34 --runtime-arg -Xms64m --runtime-arg -Xmx512m --comments=app-version-name:T-initial,app-version-code:1,art-version:342090000
04-16 19:03:15.311 757 757 I dex2oat64: /apex/com.android.art/bin/dex2oat64 --output-vdex-fd=9 --class-loader-context=PCL[] --classpath-dir=/apex/com.android.ondevicepersonalization/app/FederatedCompute@UE1A.230829.036.A1 --compiler-filter=verify --compilation-reason=first-boot --compact-dex-level=none --max-image-block-size=524288 --resolve-startup-const-strings=true --generate-mini-debug-info --comments=app-version-name:T-initial,app-version-code:1,art-version:342090000
04-16 19:03:15.459 757 757 I dex2oat64: Using CollectorTypeCC GC.
04-16 19:03:17.560 757 757 I dex2oat64: dex2oat took 2.369s (2.426s cpu) (threads: 4) arena alloc=0B (0B) java alloc=80KB (82208B) native alloc=1372KB (1404992B) free=828KB (848688B)
04-16 19:03:17.602 698 704 I artd : dex2oat returned code 0
04-16 19:03:17.615 562 696 I ArtService: Dexopt result: [packageName = com.android.federatedcompute.services] DexContainerFileDexoptResult{dexContainerFile=/apex/com.android.ondevicepersonalization/app/FederatedCompute@UE1A.230829.036.A1/FederatedCompute.apk, primaryAbi=true, abi=x86_64, actualCompilerFilter=verify, status=PERFORMED, dex2oatWallTimeMillis=3123, dex2oatCpuTimeMillis=3110, sizeBytes=23236, sizeBeforeBytes=0}
04-16 19:03:17.627 698 704 W ziparchive: Unable to open '/apex/com.android.permission/priv-app/SafetyCenterResources@UE1A.230829.036.A1/SafetyCenterResources.dm': No such file or directory
04-16 19:03:17.627 698 704 W ziparchive: Unable to open '/apex/com.android.permission/priv-app/SafetyCenterResources@UE1A.230829.036.A1/SafetyCenterResources.dm': No such file or directory
04-16 19:03:17.635 562 696 I ArtService: Dexopt result: [packageName = com.android.safetycenter.resources] DexContainerFileDexoptResult{dexContainerFile=/apex/com.android.permission/priv-app/SafetyCenterResources@UE1A.230829.036.A1/SafetyCenterResources.apk, primaryAbi=true, abi=x86_64, actualCompilerFilter=verify, status=SKIPPED, dex2oatWallTimeMillis=0, dex2oatCpuTimeMillis=0, sizeBytes=0, sizeBeforeBytes=0}
04-16 19:03:17.653 698 704 W ziparchive: Unable to open '/apex/com.android.wifi/app/WifiDialog@UE1A.230829.036.A1/WifiDialog.dm': No such file or directory
04-16 19:03:17.653 698 704 W ziparchive: Unable to open '/apex/com.android.wifi/app/WifiDialog@UE1A.230829.036.A1/WifiDialog.dm': No such file or directory
04-16 19:03:17.686 698 704 I artd : Running dex2oat: /apex/com.android.art/bin/art_exec --drop-capabilities --keep-fds=7:8:9:10 -- /apex/com.android.art/bin/dex2oat64 --zip-fd=7 --zip-location=/apex/com.android.wifi/app/WifiDialog@UE1A.230829.036.A1/WifiDialog.apk --oat-fd=8 --oat-location=/data/dalvik-cache/x86_64/apex@com.android.wifi@app@WifiDialog@UE1A.230829.036.A1@WifiDialog.apk@classes.dex --output-vdex-fd=9 --swap-fd=10 --class-loader-context=PCL[] --classpath-dir=/apex/com.android.wifi/app/WifiDialog@UE1A.230829.036.A1 --instruction-set=x86_64 --instruction-set-features=default --instruction-set-variant=x86_64 --compiler-filter=verify --compilation-reason=first-boot --compact-dex-level=none --max-image-block-size=524288 --resolve-startup-const-strings=true --generate-mini-debug-info --runtime-arg -Xtarget-sdk-version:34 --runtime-arg -Xms64m --runtime-arg -Xmx512m --comments=app-version-name:14,app-version-code:34,art-version:342090000
04-16 19:03:17.686 698 704 I artd : Opened FDs: 7:/apex/com.android.wifi/app/WifiDialog@UE1A.230829.036.A1/WifiDialog.apk 8:/data/dalvik-cache/x86_64/apex@com.android.wifi@app@WifiDialog@UE1A.230829.036.A1@WifiDialog.apk@classes.dex.3chyNc.tmp 9:/data/dalvik-cache/x86_64/apex@com.android.wifi@app@WifiDialog@UE1A.230829.036.A1@WifiDialog.apk@classes.vdex.iihHLL.tmp 10:/data/dalvik-cache/x86_64/apex@com.android.wifi@app@WifiDialog@UE1A.230829.036.A1@WifiDialog.apk@classes.dex.swap.xlKiDH.tmp
04-16 19:03:18.457 765 765 W dex2oat64: Unexpected CPU variant for x86: x86_64.
04-16 19:03:18.457 765 765 W dex2oat64: Known variants: atom, sandybridge, silvermont, goldmont, goldmont-plus, tremont, kabylake, default
04-16 19:03:18.510 765 765 W dex2oat64: Mismatch between dex2oat instruction set features to use (ISA: X86_64 Feature string: -ssse3,-sse4.1,-sse4.2,-avx,-avx2,-popcnt) and those from CPP defines (ISA: X86_64 Feature string: ssse3,sse4.1,sse4.2,-avx,-avx2,popcnt) for the command line:
04-16 19:03:18.510 765 765 W dex2oat64: /apex/com.android.art/bin/dex2oat64 --zip-fd=7 --zip-location=/apex/com.android.wifi/app/WifiDialog@UE1A.230829.036.A1/WifiDialog.apk --oat-fd=8 --oat-location=/data/dalvik-cache/x86_64/apex@com.android.wifi@app@WifiDialog@UE1A.230829.036.A1@WifiDialog.apk@classes.dex --output-vdex-fd=9 --swap-fd=10 --class-loader-context=PCL[] --classpath-dir=/apex/com.android.wifi/app/WifiDialog@UE1A.230829.036.A1 --instruction-set=x86_64 --instruction-set-features=default --instruction-set-variant=x86_64 --compiler-filter=verify --compilation-reason=first-boot --compact-dex-level=none --max-image-block-size=524288 --resolve-startup-const-strings=true --generate-mini-debug-info --runtime-arg -Xtarget-sdk-version:34 --runtime-arg -Xms64m --runtime-arg -Xmx512m --comments=app-version-name:14,app-version-code:34,art-version:342090000
04-16 19:03:18.518 765 765 I dex2oat64: /apex/com.android.art/bin/dex2oat64 --output-vdex-fd=9 --class-loader-context=PCL[] --classpath-dir=/apex/com.android.wifi/app/WifiDialog@UE1A.230829.036.A1 --compiler-filter=verify --compilation-reason=first-boot --compact-dex-level=none --max-image-block-size=524288 --resolve-startup-const-strings=true --generate-mini-debug-info --comments=app-version-name:14,app-version-code:34,art-version:342090000
04-16 19:03:18.664 765 765 I dex2oat64: Using CollectorTypeCC GC.
