04-16 19:02:14.440 562 592 I SystemConfig: Reading permissions from /apex/com.android.ipsec/etc/permissions/android.net.ipsec.ike.xml
04-16 19:02:14.448 562 592 I SystemConfig: Reading permissions from /apex/com.android.mediaprovider/etc/permissions/privapp_allowlist_com.android.providers.media.module.xml
04-16 19:02:14.456 562 592 I SystemConfig: Reading permissions from /apex/com.android.extservices/etc/permissions/privapp_allowlist_android.ext.services.xml
04-16 19:02:14.464 562 592 I SystemConfig: Reading permissions from /apex/com.android.tethering/etc/permissions/permissions.xml
04-16 19:02:14.475 562 592 I SystemConfig: Reading permissions from /apex/com.android.cellbroadcast/etc/permissions/privapp_allowlist_com.android.cellbroadcastreceiver.module.xml
04-16 19:02:14.480 562 592 I SystemConfig: Reading permissions from /apex/com.android.cellbroadcast/etc/permissions/privapp_allowlist_com.android.cellbroadcastservice.xml
04-16 19:02:14.488 562 592 I SystemConfig: Reading permissions from /apex/com.android.adservices/etc/permissions/privapp_allowlist_com.android.adservices.api.xml
04-16 19:02:14.496 562 592 I SystemConfig: Reading permissions from /apex/com.android.permission/etc/permissions/privapp_allowlist_com.android.permissioncontroller.xml
04-16 19:02:14.507 562 592 I SystemConfig: Reading permissions from /apex/com.android.devicelock/etc/permissions/privapp_allowlist_com.android.devicelockcontroller.xml
04-16 19:02:14.515 562 592 I SystemConfig: Reading permissions from /apex/com.android.healthfitness/etc/permissions/privapp_allowlist_com.android.healthconnect.controller.xml
04-16 19:02:14.523 562 592 I SystemConfig: Reading permissions from /apex/com.android.btservices/etc/permissions/privapp_allowlist_com.android.bluetooth.xml
04-16 19:02:14.543 562 592 W SystemConfig: Failed to read public libraries file /vendor/etc/public.libraries.txt
04-16 19:02:14.543 562 592 W SystemConfig: java.io.FileNotFoundException: /vendor/etc/public.libraries.txt: open failed: ENOENT (No such file or directory)
04-16 19:02:14.543 562 592 W SystemConfig: at libcore.io.IoBridge.open(IoBridge.java:574)
04-16 19:02:14.543 562 592 W SystemConfig: at java.io.FileInputStream.(FileInputStream.java:160)
04-16 19:02:14.543 562 592 W SystemConfig: at java.io.FileReader.(FileReader.java:75)
04-16 19:02:14.543 562 592 W SystemConfig: at com.android.server.SystemConfig.readPublicLibrariesListFile(SystemConfig.java:1818)
04-16 19:02:14.543 562 592 W SystemConfig: at com.android.server.SystemConfig.readPublicNativeLibrariesList(SystemConfig.java:1800)
04-16 19:02:14.543 562 592 W SystemConfig: at com.android.server.SystemConfig.(SystemConfig.java:565)
04-16 19:02:14.543 562 592 W SystemConfig: at com.android.server.SystemConfig.getInstance(SystemConfig.java:366)
04-16 19:02:14.543 562 592 W SystemConfig: at com.android.server.SystemServer$$ExternalSyntheticLambda2.run(R8$$SyntheticClass:0)
04-16 19:02:14.543 562 592 W SystemConfig: at com.android.server.SystemServerInitThreadPool.lambda$submitTask$0(SystemServerInitThreadPool.java:107)
04-16 19:02:14.543 562 592 W SystemConfig: at com.android.server.SystemServerInitThreadPool.$r8$lambda$iar571g8isa6ZrPZMHj1USmyX48(SystemServerInitThreadPool.java:0)
04-16 19:02:14.543 562 592 W SystemConfig: at com.android.server.SystemServerInitThreadPool$$ExternalSyntheticLambda1.run(R8$$SyntheticClass:0)
04-16 19:02:14.543 562 592 W SystemConfig: at java.util.concurrent.Executors$RunnableAdapter.call(Executors.java:487)
04-16 19:02:14.543 562 592 W SystemConfig: at java.util.concurrent.FutureTask.run(FutureTask.java:264)
04-16 19:02:14.543 562 592 W SystemConfig: at java.util.concurrent.ThreadPoolExecutor.runWorker(ThreadPoolExecutor.java:1145)
04-16 19:02:14.543 562 592 W SystemConfig: at java.util.concurrent.ThreadPoolExecutor$Worker.run(ThreadPoolExecutor.java:644)
04-16 19:02:14.543 562 592 W SystemConfig: at com.android.internal.util.ConcurrentUtils$1$1.run(ConcurrentUtils.java:65)
04-16 19:02:14.543 562 592 W SystemConfig: Caused by: android.system.ErrnoException: open failed: ENOENT (No such file or directory)
04-16 19:02:14.543 562 592 W SystemConfig: at libcore.io.Linux.open(Native Method)
04-16 19:02:14.543 562 592 W SystemConfig: at libcore.io.ForwardingOs.open(ForwardingOs.java:563)
04-16 19:02:14.543 562 592 W SystemConfig: at libcore.io.BlockGuardOs.open(BlockGuardOs.java:274)
04-16 19:02:14.543 562 592 W SystemConfig: at libcore.io.IoBridge.open(IoBridge.java:560)
04-16 19:02:14.543 562 592 W SystemConfig: ... 15 more
04-16 19:02:14.549 562 592 V SystemConfig: readAllPermissions took to complete: 1406ms
04-16 19:02:14.550 562 592 D SystemServerInitThreadPool: Finished executing ReadingSystemConfig
04-16 19:02:14.550 562 592 V SystemServerTimingAsync: InitThreadPoolExec:ReadingSystemConfig took to complete: 1408ms
04-16 19:02:14.641 562 562 D BatteryStatsImpl: Reading daily items from /data/system/batterystats-daily.xml
04-16 19:02:14.668 153 153 I hwservicemanager: getTransport: Cannot find entry android.hardware.power.stats@1.0::IPowerStats/default in either framework or device VINTF manifest.
04-16 19:02:14.671 562 604 E BatteryStatsService: Unable to load Power.Stats.HAL. Setting rail availability to false
04-16 19:02:14.675 562 604 D CompatibilityChangeReporter: Compat change id reported: 263076149; UID 1000; state: ENABLED
04-16 19:02:14.697 562 604 E BluetoothAdapter: Bluetooth service is null
04-16 19:02:14.710 562 604 I KernelCpuUidFreqTimeReader: mPerClusterTimesAvailable=false
04-16 19:02:15.123 562 562 I AppOps : No existing app ops /data/system/appops.xml; starting empty
04-16 19:02:15.130 562 562 I LegacyAppOpsServiceInterfaceImpl: No existing app ops /data/system/appops.xml; starting empty
04-16 19:02:15.174 562 562 I IntentFirewall: Read new rules (A:0 B:0 S:0)
04-16 19:02:15.202 562 604 W KernelMemoryBandwidthStats: No kernel memory bandwidth stats available
04-16 19:02:15.231 562 562 D OomAdjuster: Not killing cached processes
04-16 19:02:15.287 562 562 D AppOps : AppOpsService published
04-16 19:02:15.309 562 562 V SystemServerTiming: StartActivityManager took to complete: 1031ms
04-16 19:02:15.309 562 562 D SystemServerTiming: StartDataLoaderManagerService
04-16 19:02:15.309 562 562 I SystemServiceManager: Starting com.android.server.pm.DataLoaderManagerService
04-16 19:02:15.330 562 578 W android.permission.PermissionManager: Missing ActivityManager; assuming 1047 does not hold android.permission.MANAGE_APP_OPS_MODES
04-16 19:02:15.332 562 562 V SystemServerTiming: StartDataLoaderManagerService took to complete: 24ms
04-16 19:02:15.333 562 562 D SystemServerTiming: StartIncrementalService
04-16 19:02:15.340 562 608 I CriticalEventLog: No log found, returning empty log proto.
04-16 19:02:15.414 562 562 I incfs-mounts: [incfs] Loaded incremental-fs mount info: 0 instances, 0 mount points
04-16 19:02:15.426 562 562 V SystemServerTiming: StartIncrementalService took to complete: 93ms
04-16 19:02:15.427 562 562 D SystemServerTiming: StartPowerManager
04-16 19:02:15.429 562 562 I SystemServiceManager: Starting com.android.server.power.PowerManagerService
04-16 19:02:15.680 0 0 I servicemanager: Found android.hardware.power.IPower/default in device VINTF manifest.
04-16 19:02:15.722 386 386 I android.hardware.power-service.example: Power isModeSupported: 7
04-16 19:02:15.747 562 562 D PowerManagerService-JNI: Excessive delay in setting interactive mode to true while turning screen on
04-16 19:02:15.752 386 386 I android.hardware.power-service.example: Power isModeSupported: 0
04-16 19:02:15.795 562 562 V SystemServerTiming: StartPowerManager took to complete: 366ms
04-16 19:02:15.802 562 562 D SystemServerTiming: StartThermalManager
04-16 19:02:15.803 562 562 I SystemServiceManager: Starting com.android.server.power.ThermalManagerService
04-16 19:02:15.814 562 562 V SystemServerTiming: StartThermalManager took to complete: 12ms
04-16 19:02:15.814 562 562 D SystemServerTiming: StartHintManager
04-16 19:02:15.825 562 562 I SystemServiceManager: Starting com.android.server.power.hint.HintManagerService
04-16 19:02:15.852 562 562 V SystemServerTiming: StartHintManager took to complete: 38ms
04-16 19:02:15.852 562 562 D SystemServerTiming: InitPowerManagement
04-16 19:02:15.883 562 562 V SystemServerTiming: InitPowerManagement took to complete: 30ms
04-16 19:02:15.892 562 562 D SystemServerTiming: StartRecoverySystemService
04-16 19:02:15.892 562 562 I SystemServiceManager: Starting com.android.server.recoverysystem.RecoverySystemService$Lifecycle
04-16 19:02:15.924 562 562 V SystemServerTiming: StartRecoverySystemService took to complete: 32ms
04-16 19:02:15.926 562 562 I PackageWatchdog: Syncing state, reason: added new observer
04-16 19:02:15.927 562 562 I PackageWatchdog: Not pruning observers, elapsed time: 0ms
04-16 19:02:15.935 562 562 I PackageWatchdog: Cancelling state sync, nothing to sync
04-16 19:02:15.950 562 596 I PackageWatchdog: Saving observer state to file
04-16 19:02:15.968 562 562 D SystemServerTiming: StartLightsService
04-16 19:02:15.969 562 562 I SystemServiceManager: Starting com.android.server.lights.LightsService
04-16 19:02:15.980 0 0 I servicemanager: Found android.hardware.light.ILights/default in device VINTF manifest.
04-16 19:02:16.039 383 383 I android.hardware.lights-service.example: Lights reporting supported lights
04-16 19:02:16.076 562 562 V SystemServerTiming: StartLightsService took to complete: 107ms
04-16 19:02:16.077 562 562 D SystemServerTiming: StartDisplayOffloadService
04-16 19:02:16.078 562 562 V SystemServerTiming: StartDisplayOffloadService took to complete: 0ms
04-16 19:02:16.078 562 562 D SystemServerTiming: StartSidekickService
04-16 19:02:16.079 562 562 V SystemServerTiming: StartSidekickService took to complete: 0ms
04-16 19:02:16.079 562 562 D SystemServerTiming: StartDisplayManager
04-16 19:02:16.082 562 562 I SystemServiceManager: Starting com.android.server.display.DisplayManagerService
04-16 19:02:16.267 562 562 V SystemServerTiming: StartDisplayManager took to complete: 185ms
04-16 19:02:16.292 562 562 D SystemServerTiming: WaitForDisplay
04-16 19:02:16.293 562 562 I SystemServiceManager: Starting phase 100
04-16 19:02:16.293 562 562 D SystemServerTiming: OnBootPhase_100
04-16 19:02:16.293 562 562 D SystemServerTiming: OnBootPhase_100_com.android.server.security.FileIntegrityService
04-16 19:02:16.293 562 562 V SystemServerTiming: OnBootPhase_100_com.android.server.security.FileIntegrityService took to complete: 0ms
04-16 19:02:16.293 562 562 D SystemServerTiming: OnBootPhase_100_com.android.server.pm.Installer
04-16 19:02:16.293 562 562 V SystemServerTiming: OnBootPhase_100_com.android.server.pm.Installer took to complete: 0ms
04-16 19:02:16.294 562 562 D SystemServerTiming: OnBootPhase_100_com.android.server.os.DeviceIdentifiersPolicyService
04-16 19:02:16.294 562 562 V SystemServerTiming: OnBootPhase_100_com.android.server.os.DeviceIdentifiersPolicyService took to complete: 0ms
04-16 19:02:16.294 562 562 D SystemServerTiming: OnBootPhase_100_com.android.server.uri.UriGrantsManagerService$Lifecycle
04-16 19:02:16.294 562 562 V SystemServerTiming: OnBootPhase_100_com.android.server.uri.UriGrantsManagerService$Lifecycle took to complete: 0ms
04-16 19:02:16.294 562 562 D SystemServerTiming: OnBootPhase_100_com.android.server.powerstats.PowerStatsService
04-16 19:02:16.294 562 562 V SystemServerTiming: OnBootPhase_100_com.android.server.powerstats.PowerStatsService took to complete: 0ms
04-16 19:02:16.294 562 562 D SystemServerTiming: OnBootPhase_100_com.android.server.permission.access.AccessCheckingService
04-16 19:02:16.294 562 562 V SystemServerTiming: OnBootPhase_100_com.android.server.permission.access.AccessCheckingService took to complete: 0ms
04-16 19:02:16.294 562 562 D SystemServerTiming: OnBootPhase_100_com.android.server.wm.ActivityTaskManagerService$Lifecycle
04-16 19:02:16.295 562 562 V SystemServerTiming: OnBootPhase_100_com.android.server.wm.ActivityTaskManagerService$Lifecycle took to complete: 0ms
04-16 19:02:16.295 562 562 D SystemServerTiming: OnBootPhase_100_com.android.server.am.ActivityManagerService$Lifecycle
04-16 19:02:16.295 562 562 V SystemServerTiming: OnBootPhase_100_com.android.server.am.ActivityManagerService$Lifecycle took to complete: 0ms
04-16 19:02:16.295 562 562 D SystemServerTiming: OnBootPhase_100_com.android.server.pm.DataLoaderManagerService
04-16 19:02:16.295 562 562 V SystemServerTiming: OnBootPhase_100_com.android.server.pm.DataLoaderManagerService took to complete: 0ms
04-16 19:02:16.295 562 562 D SystemServerTiming: OnBootPhase_100_com.android.server.power.PowerManagerService
04-16 19:02:16.295 562 562 V SystemServerTiming: OnBootPhase_100_com.android.server.power.PowerManagerService took to complete: 0ms
04-16 19:02:16.295 562 562 D SystemServerTiming: OnBootPhase_100_com.android.server.power.ThermalManagerService
04-16 19:02:16.296 562 562 V SystemServerTiming: OnBootPhase_100_com.android.server.power.ThermalManagerService took to complete: 0ms
04-16 19:02:16.313 562 562 D SystemServerTiming: OnBootPhase_100_com.android.server.power.hint.HintManagerService
04-16 19:02:16.313 562 562 V SystemServerTiming: OnBootPhase_100_com.android.server.power.hint.HintManagerService took to complete: 0ms
04-16 19:02:16.313 562 562 D SystemServerTiming: OnBootPhase_100_com.android.server.recoverysystem.RecoverySystemService$Lifecycle
04-16 19:02:16.313 562 562 V SystemServerTiming: OnBootPhase_100_com.android.server.recoverysystem.RecoverySystemService$Lifecycle took to complete: 0ms
04-16 19:02:16.313 562 562 D SystemServerTiming: OnBootPhase_100_com.android.server.lights.LightsService
04-16 19:02:16.314 562 562 V SystemServerTiming: OnBootPhase_100_com.android.server.lights.LightsService took to complete: 0ms
04-16 19:02:16.314 562 562 D SystemServerTiming: OnBootPhase_100_com.android.server.display.DisplayManagerService
04-16 19:02:16.400 562 588 W LocalDisplayAdapter: DisplayModeSpecs base mode no longer available, using currently active mode.
04-16 19:02:16.547 562 588 I DisplayDeviceRepository: Display device added: DisplayDeviceInfo{"Built-in Screen": uniqueId="local:4619827259835644672", 1080 x 2400, modeId 1, renderFrameRate 60.000004, defaultModeId 1, supportedModes [{id=1, width=1080, height=2400, fps=60.000004, alternativeRefreshRates=[], supportedHdrTypes=[]}], colorMode 0, supportedColorModes [0], hdrCapabilities HdrCapabilities{mSupportedHdrTypes=[], mMaxLuminance=500.0, mMaxAverageLuminance=500.0, mMinLuminance=0.0}, allmSupported false, gameContentTypeSupported false, density 420, 420.0 x 420.0 dpi, appVsyncOff 1000000, presDeadline 16666666, touch INTERNAL, rotation 0, type INTERNAL, address {port=0, model=0x401cec6a7a2b7b}, deviceProductInfo DeviceProductInfo{name=EMU_display_0, manufacturerPnpId=GGL, productId=1, modelYear=null, manufactureDate=ManufactureDate{week=27, year=2006}, connectionToSinkType=0}, state UNKNOWN, committedState UNKNOWN, frameRateOverride , brightnessMinimum 0.0, brightnessMaximum 1.0, brightnessDefault 0.39763778, hdrSdrRatio NaN, FLAG_ALLOWED_TO_BE_DEFAULT_DISPLAY, FLAG_ROTATES_WITH_CONTENT, FLAG_SECURE, FLAG_SUPPORTS_PROTECTED_BUFFERS, FLAG_TRUSTED, installOrientation 0, displayShape DisplayShape{ spec=-1893857183 displayWidth=1080 displayHeight=2400 physicalPixelDisplaySizeRatio=1.0 rotation=0 offsetX=0 offsetY=0 scale=1.0}}
04-16 19:02:16.569 562 588 I LogicalDisplayMapper: Applying layout: [{dispId: 0(ON), displayGroupName: , addr: {port=0, model=0x401cec6a7a2b7b}, mThermalBrightnessThrottlingMapId: null, mRefreshRateZoneId: null, mLeadDisplayId: -1, mThermalRefreshRateThrottlingMapId: null}], Previous layout: null
04-16 19:02:16.601 562 588 I LogicalDisplayMapper: Setting new display group 0 for display 0, from previous group: null
04-16 19:02:16.611 562 588 I LogicalDisplayMapper: Adding new display: 0: DisplayInfo{"Built-in Screen", displayId 0, displayGroupId 0, FLAG_SECURE, FLAG_SUPPORTS_PROTECTED_BUFFERS, FLAG_TRUSTED, real 1080 x 2400, largest app 1080 x 2400, smallest app 1080 x 2400, appVsyncOff 1000000, presDeadline 16666666, mode 160.000004, defaultMode 1, modes [{id=1, width=1080, height=2400, fps=60.000004, alternativeRefreshRates=[], supportedHdrTypes=[]}], hdrCapabilities HdrCapabilities{mSupportedHdrTypes=[], mMaxLuminance=500.0, mMaxAverageLuminance=500.0, mMinLuminance=0.0}, userDisabledHdrTypes [], minimalPostProcessingSupported false, rotation 0, state UNKNOWN, committedState UNKNOWN, type INTERNAL, uniqueId "local:4619827259835644672", app 1080 x 2400, density 420 (420.0 x 420.0) dpi, layerStack 0, colorMode 0, supportedColorModes [0], address {port=0, model=0x401cec6a7a2b7b}, deviceProductInfo DeviceProductInfo{name=EMU_display_0, manufacturerPnpId=GGL, productId=1, modelYear=null, manufactureDate=ManufactureDate{week=27, year=2006}, connectionToSinkType=0}, removeMode 0, refreshRateOverride 0.0, brightnessMinimum 0.0, brightnessMaximum 1.0, brightnessDefault 0.39763778, installOrientation ROTATION_0, layoutLimitedRefreshRate null, hdrSdrRatio not_available, thermalRefreshRateThrottling {}, thermalBrightnessThrottlingDataId default}
04-16 19:02:16.629 562 588 W android.permission.PermissionManager: Missing ActivityManager; assuming 1000 holds android.permission.READ_DEVICE_CONFIG
04-16 19:02:16.737 562 562 W SystemServiceManager: Service com.android.server.display.DisplayManagerService took 423 ms in onBootPhase
04-16 19:02:16.737 562 562 V SystemServerTiming: OnBootPhase_100_com.android.server.display.DisplayManagerService took to complete: 423ms
04-16 19:02:16.737 562 562 V SystemServerTiming: OnBootPhase_100 took to complete: 444ms
04-16 19:02:16.737 562 562 V SystemServerTiming: WaitForDisplay took to complete: 445ms
04-16 19:02:16.738 562 562 D SystemServerTiming: StartDomainVerificationService
04-16 19:02:16.763 562 588 W StrictMode: No activity manager; failed to Dropbox violation.
04-16 19:02:16.764 562 562 V SystemServerTiming: StartDomainVerificationService took to complete: 26ms
04-16 19:02:16.765 562 562 D SystemServerTiming: StartPackageManagerService
04-16 19:02:16.765 562 562 I Watchdog: Pausing HandlerChecker: main thread for reason: packagemanagermain. Pause count: 1
04-16 19:02:16.773 562 588 W StrictMode: No activity manager; failed to Dropbox violation.
04-16 19:02:16.778 562 562 W system_server: 'extract' is an obsolete compiler filter name that will be removed in future releases, please use 'verify' instead.
04-16 19:02:16.778 562 562 W system_server: 'extract' is an obsolete compiler filter name that will be removed in future releases, please use 'verify' instead.
04-16 19:02:16.779 562 562 D PackageManagerTiming: create package manager
04-16 19:02:16.781 562 588 W StrictMode: No activity manager; failed to Dropbox violation.
04-16 19:02:16.783 562 588 W StrictMode: No activity manager; failed to Dropbox violation.
04-16 19:02:16.791 562 588 W StrictMode: No activity manager; failed to Dropbox violation.
04-16 19:02:16.800 562 588 W StrictMode: No activity manager; failed to Dropbox violation.
04-16 19:02:16.805 562 588 W StrictMode: No activity manager; failed to Dropbox violation.
04-16 19:02:16.812 562 562 D PackageManagerTiming: createSubComponents
04-16 19:02:16.843 562 562 E UserManagerService: No user list file
04-16 19:02:16.843 562 562 E UserManagerService: userlist.xml not found, fallback to single user
04-16 19:02:16.930 562 562 W FileUtils: Failed to chmod(/data/system/packages.list): android.system.ErrnoException: chmod failed: ENOENT (No such file or directory)
04-16 19:02:16.959 562 562 V PackageManagerTiming: createSubComponents took to complete: 146ms
04-16 19:02:16.960 562 562 D PackageManagerTiming: addSharedUsers
04-16 19:02:16.962 562 562 V PackageManagerTiming: addSharedUsers took to complete: 1ms
04-16 19:02:16.978 562 562 D PackageManagerTiming: get system config
04-16 19:02:16.978 562 562 V PackageManagerTiming: get system config took to complete: 0ms
04-16 19:02:16.999 562 562 D SELinuxMMAC: Using policy file /system/etc/selinux/plat_mac_permissions.xml
04-16 19:02:17.014 562 562 D SELinuxMMAC: Using policy file /vendor/etc/selinux/vendor_mac_permissions.xml
04-16 19:02:17.019 562 562 D PackageManagerTiming: loadFallbacks
04-16 19:02:17.034 562 562 D FallbackCategoryProvider: Found 1 fallback categories
04-16 19:02:17.034 562 562 V PackageManagerTiming: loadFallbacks took to complete: 14ms
04-16 19:02:17.034 562 562 D PackageManagerTiming: read user settings
04-16 19:02:17.039 562 562 I PackageManager: No package manager settings file
04-16 19:02:17.056 562 562 V PackageManagerTiming: read user settings took to complete: 21ms
04-16 19:02:17.056 562 562 D PackageManagerTiming: setFirstBoot:
04-16 19:02:17.068 562 562 V PackageManagerTiming: setFirstBoot: took to complete: 11ms
04-16 19:02:17.086 562 562 D PackageManager: Directories scanned as system partitions: [/system:0, /vendor:524288, /odm:4194304, /oem:262144, /product:1048576, /system_ext:2097152, /apex/com.android.tethering:58720256, /apex/com.android.adbd:58720256, /apex/com.android.art:58720256, /apex/com.android.runtime:41943040, /apex/com.android.neuralnetworks:58720256, /apex/com.android.wifi:58720256, /apex/com.android.tzdata:41943040, /apex/com.android.configinfrastructure:58720256, /apex/com.android.adservices:58720256, /apex/com.android.healthfitness:41943040, /apex/com.android.cellbroadcast:58720256, /apex/com.android.i18n:41943040, /apex/com.android.ondevicepersonalization:58720256, /apex/com.android.media.swcodec:58720256, /apex/com.android.vndk.v34:41943040, /apex/com.android.appsearch:58720256, /apex/com.android.os.statsd:41943040, /apex/com.android.mediaprovider:58720256, /apex/com.android.uwb:58720256, /apex/com.android.permission:58720256, /apex/com.android.extservices:58720256, /apex/com.android.rkpd:41943040, /apex/com.android.btservices:41943040, /apex/com.android.scheduling:58720256, /apex/com.android.ipsec:58720256, /apex/com.android.resolv:58720256, /apex/com.android.sdkext:41943040, /apex/com.android.media:58720256, /apex/com.android.conscrypt:58720256, /apex/com.android.virt:41943040, /apex/com.android.devicelock:41943040, /apex/com.android.apex.cts.shim:41943040]
04-16 19:02:17.119 0 0 I apexd : getAllPackages received by ApexService
04-16 19:02:17.414 562 624 I PackageParsing: Parse times for '/data/apex/decompressed/com.android.adbd@342090000.decompressed.apex': parse=101ms, update_cache=3 ms
04-16 19:02:17.531 562 625 I PackageParsing: Parse times for '/data/apex/decompressed/com.android.art@342090000.decompressed.apex': parse=122ms, update_cache=10 ms
04-16 19:02:17.653 562 625 I PackageParsing: Parse times for '/system/apex/com.android.i18n.apex': parse=103ms, update_cache=10 ms
04-16 19:02:17.878 562 562 I PackageManager: /data/apex/decompressed/com.android.appsearch@342090000.decompressed.apex changed; collecting certs
04-16 19:02:17.950 562 562 I PackageBackwardCompatibility: Loaded android.content.pm.AndroidTestBaseUpdater
04-16 19:02:17.978 562 562 D CompatibilityChangeReporter: Compat change id reported: 143539591; UID -1; state: DISABLED
04-16 19:02:17.979 562 562 D CompatibilityChangeReporter: Compat change id reported: 168782947; UID -1; state: ENABLED
04-16 19:02:17.997 562 562 W PackageManager: Odd, /data/apex/decompressed/com.android.appsearch@342090000.decompressed.apex doesn't look like an APK
04-16 19:02:18.006 562 562 W PackageManager: Unrecognized code path /data/apex/decompressed/com.android.appsearch@342090000.decompressed.apex - using /data
04-16 19:02:18.071 562 562 I PackageManager: /data/apex/decompressed/com.android.adservices@342090000.decompressed.apex changed; collecting certs
04-16 19:02:18.116 562 562 W PackageManager: Odd, /data/apex/decompressed/com.android.adservices@342090000.decompressed.apex doesn't look like an APK
04-16 19:02:18.117 562 562 W PackageManager: Unrecognized code path /data/apex/decompressed/com.android.adservices@342090000.decompressed.apex - using /data
04-16 19:02:18.133 562 562 I PackageManager: /system/apex/com.android.apex.cts.shim.apex changed; collecting certs
04-16 19:02:18.142 562 573 I system_server: Background concurrent copying GC freed 72455(5155KB) AllocSpace objects, 25(564KB) LOS objects, 49% free, 3450KB/6900KB, paused 1.779ms,1.268ms total 278.340ms
04-16 19:02:18.159 562 562 D CompatibilityChangeReporter: Compat change id reported: 168782947; UID -1; state: DISABLED
04-16 19:02:18.171 562 562 W PackageManager: Odd, /system/apex/com.android.apex.cts.shim.apex doesn't look like an APK
04-16 19:02:18.176 0 0 I servicemanager: Notifying apexservice they don't (previously: do) have clients when we now have no record of a client
04-16 19:02:18.185 0 0 I AidlLazyServiceRegistrar: Process has 0 (of 1 available) client(s) in use after notification apexservice has clients: 0
04-16 19:02:18.185 0 0 I AidlLazyServiceRegistrar: Shutdown prevented by forcePersist override flag.
04-16 19:02:18.194 562 562 I PackageManager: /data/apex/decompressed/com.android.adbd@342090000.decompressed.apex changed; collecting certs
04-16 19:02:18.221 562 562 W PackageManager: Odd, /data/apex/decompressed/com.android.adbd@342090000.decompressed.apex doesn't look like an APK
04-16 19:02:18.222 562 562 W PackageManager: Unrecognized code path /data/apex/decompressed/com.android.adbd@342090000.decompressed.apex - using /data
04-16 19:02:18.245 562 562 I PackageManager: /data/apex/decompressed/com.android.configinfrastructure@342090000.decompressed.apex changed; collecting certs
04-16 19:02:18.271 562 562 W PackageManager: Odd, /data/apex/decompressed/com.android.configinfrastructure@342090000.decompressed.apex doesn't look like an APK
04-16 19:02:18.272 562 562 W PackageManager: Unrecognized code path /data/apex/decompressed/com.android.configinfrastructure@342090000.decompressed.apex - using /data
04-16 19:02:18.298 562 562 I PackageManager: /data/apex/decompressed/com.android.cellbroadcast@342090000.decompressed.apex changed; collecting certs
04-16 19:02:18.325 562 562 W PackageManager: Odd, /data/apex/decompressed/com.android.cellbroadcast@342090000.decompressed.apex doesn't look like an APK
04-16 19:02:18.326 562 562 W PackageManager: Unrecognized code path /data/apex/decompressed/com.android.cellbroadcast@342090000.decompressed.apex - using /data
04-16 19:02:18.351 562 562 I PackageManager: /system/apex/com.android.btservices.apex changed; collecting certs
04-16 19:02:18.375 562 562 W PackageManager: Odd, /system/apex/com.android.btservices.apex doesn't look like an APK
04-16 19:02:18.390 562 562 I PackageManager: /data/apex/decompressed/com.android.conscrypt@342090000.decompressed.apex changed; collecting certs
04-16 19:02:18.407 562 562 W PackageManager: Odd, /data/apex/decompressed/com.android.conscrypt@342090000.decompressed.apex doesn't look like an APK
04-16 19:02:18.408 562 562 W PackageManager: Unrecognized code path /data/apex/decompressed/com.android.conscrypt@342090000.decompressed.apex - using /data
04-16 19:02:18.422 562 562 I PackageManager: /data/apex/decompressed/com.android.art@342090000.decompressed.apex changed; collecting certs
04-16 19:02:18.441 562 562 W PackageManager: Odd, /data/apex/decompressed/com.android.art@342090000.decompressed.apex doesn't look like an APK
04-16 19:02:18.442 562 562 W PackageManager: Unrecognized code path /data/apex/decompressed/com.android.art@342090000.decompressed.apex - using /data
04-16 19:02:18.456 562 562 I PackageManager: /system/apex/com.android.devicelock.apex changed; collecting certs
04-16 19:02:18.474 562 562 W PackageManager: Odd, /system/apex/com.android.devicelock.apex doesn't look like an APK
04-16 19:02:18.488 562 562 I PackageManager: /data/apex/decompressed/com.android.extservices@342090000.decompressed.apex changed; collecting certs
04-16 19:02:18.503 562 562 W PackageManager: Odd, /data/apex/decompressed/com.android.extservices@342090000.decompressed.apex doesn't look like an APK
04-16 19:02:18.506 562 562 W PackageManager: Unrecognized code path /data/apex/decompressed/com.android.extservices@342090000.decompressed.apex - using /data
04-16 19:02:18.521 562 562 I PackageManager: /system/apex/com.android.healthfitness.apex changed; collecting certs
04-16 19:02:18.539 562 562 W PackageManager: Odd, /system/apex/com.android.healthfitness.apex doesn't look like an APK
04-16 19:02:18.553 562 562 I PackageManager: /data/apex/decompressed/com.android.ipsec@342090000.decompressed.apex changed; collecting certs
04-16 19:02:18.572 562 562 W PackageManager: Odd, /data/apex/decompressed/com.android.ipsec@342090000.decompressed.apex doesn't look like an APK
04-16 19:02:18.573 562 562 W PackageManager: Unrecognized code path /data/apex/decompressed/com.android.ipsec@342090000.decompressed.apex - using /data
04-16 19:02:18.586 562 562 I PackageManager: /data/apex/decompressed/com.android.media@342090000.decompressed.apex changed; collecting certs
04-16 19:02:18.605 562 562 W PackageManager: Odd, /data/apex/decompressed/com.android.media@342090000.decompressed.apex doesn't look like an APK
04-16 19:02:18.606 562 562 W PackageManager: Unrecognized code path /data/apex/decompressed/com.android.media@342090000.decompressed.apex - using /data
04-16 19:02:18.619 562 562 I PackageManager: /data/apex/decompressed/com.android.mediaprovider@342090000.decompressed.apex changed; collecting certs
04-16 19:02:18.639 562 562 W PackageManager: Odd, /data/apex/decompressed/com.android.mediaprovider@342090000.decompressed.apex doesn't look like an APK
04-16 19:02:18.639 562 562 W PackageManager: Unrecognized code path /data/apex/decompressed/com.android.mediaprovider@342090000.decompressed.apex - using /data
04-16 19:02:18.653 562 562 I PackageManager: /data/apex/decompressed/com.android.media.swcodec@342090000.decompressed.apex changed; collecting certs
04-16 19:02:18.670 562 562 W PackageManager: Odd, /data/apex/decompressed/com.android.media.swcodec@342090000.decompressed.apex doesn't look like an APK
04-16 19:02:18.671 562 562 W PackageManager: Unrecognized code path /data/apex/decompressed/com.android.media.swcodec@342090000.decompressed.apex - using /data
04-16 19:02:18.683 562 562 I PackageManager: /data/apex/decompressed/com.android.neuralnetworks@342090000.decompressed.apex changed; collecting certs
04-16 19:02:18.700 562 562 W PackageManager: Odd, /data/apex/decompressed/com.android.neuralnetworks@342090000.decompressed.apex doesn't look like an APK
04-16 19:02:18.701 562 562 W PackageManager: Unrecognized code path /data/apex/decompressed/com.android.neuralnetworks@342090000.decompressed.apex - using /data
04-16 19:02:18.713 562 562 I PackageManager: /system/apex/com.android.i18n.apex changed; collecting certs
04-16 19:02:18.735 562 562 W PackageManager: Odd, /system/apex/com.android.i18n.apex doesn't look like an APK
04-16 19:02:18.755 562 562 I PackageManager: /system/apex/com.android.os.statsd.apex changed; collecting certs
04-16 19:02:18.869 562 562 W PackageManager: Odd, /system/apex/com.android.os.statsd.apex doesn't look like an APK
04-16 19:02:18.894 562 562 I PackageManager: /data/apex/decompressed/com.android.ondevicepersonalization@342090000.decompressed.apex changed; collecting certs
04-16 19:02:18.910 562 573 I system_server: Background young concurrent copying GC freed 9312(858KB) AllocSpace objects, 35(2380KB) LOS objects, 50% free, 3441KB/6900KB, paused 120us,104us total 125.386ms
04-16 19:02:18.938 562 562 W PackageManager: Odd, /data/apex/decompressed/com.android.ondevicepersonalization@342090000.decompressed.apex doesn't look like an APK
04-16 19:02:18.939 562 562 W PackageManager: Unrecognized code path /data/apex/decompressed/com.android.ondevicepersonalization@342090000.decompressed.apex - using /data
04-16 19:02:18.969 562 562 I PackageManager: /data/apex/decompressed/com.android.resolv@342090000.decompressed.apex changed; collecting certs
04-16 19:02:19.004 562 562 W PackageManager: Odd, /data/apex/decompressed/com.android.resolv@342090000.decompressed.apex doesn't look like an APK
04-16 19:02:19.005 562 562 W PackageManager: Unrecognized code path /data/apex/decompressed/com.android.resolv@342090000.decompressed.apex - using /data
04-16 19:02:19.033 562 562 I PackageManager: /data/apex/decompressed/com.android.permission@342090000.decompressed.apex changed; collecting certs
04-16 19:02:19.058 562 562 W PackageManager: Odd, /data/apex/decompressed/com.android.permission@342090000.decompressed.apex doesn't look like an APK
04-16 19:02:19.059 562 562 W PackageManager: Unrecognized code path /data/apex/decompressed/com.android.permission@342090000.decompressed.apex - using /data
04-16 19:02:19.093 562 562 I PackageManager: /system/apex/com.android.runtime.apex changed; collecting certs
04-16 19:02:19.141 562 562 W PackageManager: Odd, /system/apex/com.android.runtime.apex doesn't look like an APK
04-16 19:02:19.169 562 562 I PackageManager: /system/apex/com.android.rkpd.apex changed; collecting certs
04-16 19:02:19.199 562 562 W PackageManager: Odd, /system/apex/com.android.rkpd.apex doesn't look like an APK
04-16 19:02:19.225 562 562 I PackageManager: /data/apex/decompressed/com.android.scheduling@342090000.decompressed.apex changed; collecting certs
04-16 19:02:19.242 562 562 W PackageManager: Odd, /data/apex/decompressed/com.android.scheduling@342090000.decompressed.apex doesn't look like an APK
04-16 19:02:19.243 562 562 W PackageManager: Unrecognized code path /data/apex/decompressed/com.android.scheduling@342090000.decompressed.apex - using /data
04-16 19:02:19.257 562 562 I PackageManager: /system/apex/com.android.sdkext.apex changed; collecting certs
04-16 19:02:19.272 562 562 W PackageManager: Odd, /system/apex/com.android.sdkext.apex doesn't look like an APK
04-16 19:02:19.286 562 562 I PackageManager: /system/apex/com.android.tzdata.apex changed; collecting certs
04-16 19:02:19.301 562 562 W PackageManager: Odd, /system/apex/com.android.tzdata.apex doesn't look like an APK
04-16 19:02:19.315 562 562 I PackageManager: /data/apex/decompressed/com.android.tethering@342090000.decompressed.apex changed; collecting certs
04-16 19:02:19.330 562 562 W PackageManager: Odd, /data/apex/decompressed/com.android.tethering@342090000.decompressed.apex doesn't look like an APK
04-16 19:02:19.331 562 562 W PackageManager: Unrecognized code path /data/apex/decompressed/com.android.tethering@342090000.decompressed.apex - using /data
04-16 19:02:19.345 562 562 I PackageManager: /system/apex/com.android.virt.apex changed; collecting certs
04-16 19:02:19.360 562 562 W PackageManager: Odd, /system/apex/com.android.virt.apex doesn't look like an APK
04-16 19:02:19.374 562 562 I PackageManager: /system/apex/com.android.vndk.current.apex changed; collecting certs
04-16 19:02:19.389 562 562 W PackageManager: Odd, /system/apex/com.android.vndk.current.apex doesn't look like an APK
04-16 19:02:19.403 562 562 I PackageManager: /data/apex/decompressed/com.android.uwb@342090000.decompressed.apex changed; collecting certs
04-16 19:02:19.419 562 562 W PackageManager: Odd, /data/apex/decompressed/com.android.uwb@342090000.decompressed.apex doesn't look like an APK
04-16 19:02:19.420 562 562 W PackageManager: Unrecognized code path /data/apex/decompressed/com.android.uwb@342090000.decompressed.apex - using /data
04-16 19:02:19.437 562 562 I PackageManager: /data/apex/decompressed/com.android.wifi@342090000.decompressed.apex changed; collecting certs
04-16 19:02:19.452 562 562 W PackageManager: Odd, /data/apex/decompressed/com.android.wifi@342090000.decompressed.apex doesn't look like an APK
04-16 19:02:19.453 562 562 W PackageManager: Unrecognized code path /data/apex/decompressed/com.android.wifi@342090000.decompressed.apex - using /data
04-16 19:02:19.463 562 562 D PackageManager: No files in app dir /system_ext/overlay
04-16 19:02:19.510 562 562 I PackageManager: /product/overlay/EmulationPixel7 changed; collecting certs
04-16 19:02:19.596 562 625 I PackageParsing: Parse times for '/product/overlay/EmulationPixel4XL': parse=111ms, update_cache=8 ms
04-16 19:02:19.623 562 562 I PackageManager: /product/overlay/EmulationPixel8 changed; collecting certs
04-16 19:02:19.650 562 626 I PackageParsing: Parse times for '/product/overlay/NavigationBarModeGesturalNarrowBack': parse=112ms, update_cache=11 ms
04-16 19:02:19.671 562 624 I PackageParsing: Parse times for '/product/overlay/EmulationPixel3aXL': parse=103ms, update_cache=9 ms
04-16 19:02:19.705 562 627 I PackageParsing: Parse times for '/product/overlay/DisplayCutoutEmulationEmu01': parse=169ms, update_cache=20 ms
04-16 19:02:19.754 562 562 I PackageManager: /product/overlay/EmulationPixel4a changed; collecting certs
04-16 19:02:19.767 562 626 I PackageParsing: Parse times for '/product/overlay/SystemUIEmulationPixel6': parse=96ms, update_cache=6 ms
04-16 19:02:19.799 562 624 I PackageParsing: Parse times for '/product/overlay/EmulationPixel5': parse=93ms, update_cache=8 ms
04-16 19:02:19.822 562 625 I PackageParsing: Parse times for '/product/overlay/EmulationPixel3XL': parse=211ms, update_cache=5 ms
04-16 19:02:19.858 562 562 I PackageManager: /product/overlay/EmulationPixel4XL changed; collecting certs
04-16 19:02:19.894 562 626 I PackageParsing: Parse times for '/product/overlay/EmulationPixel3': parse=91ms, update_cache=19 ms
04-16 19:02:19.903 562 562 I PackageManager: /product/overlay/NavigationBarModeGesturalNarrowBack changed; collecting certs
04-16 19:02:19.917 562 624 I PackageParsing: Parse times for '/product/overlay/EmulationPixel6Pro': parse=99ms, update_cache=7 ms
04-16 19:02:19.968 562 562 I PackageManager: /product/overlay/EmulationPixel3aXL changed; collecting certs
04-16 19:02:20.027 562 626 I PackageParsing: Parse times for '/product/overlay/SystemUIEmulationPixelFold': parse=106ms, update_cache=25 ms
04-16 19:02:20.051 562 562 I PackageManager: /product/overlay/DisplayCutoutEmulationEmu01 changed; collecting certs
04-16 19:02:20.086 562 627 I PackageParsing: Parse times for '/product/overlay/SystemUIEmulationPixel7a': parse=189ms, update_cache=4 ms
04-16 19:02:20.088 562 624 I PackageParsing: Parse times for '/product/overlay/EmulationPixel6': parse=125ms, update_cache=13 ms
04-16 19:02:20.145 562 562 I PackageManager: /product/overlay/SystemUIEmulationPixel6 changed; collecting certs
04-16 19:02:20.199 562 627 I PackageParsing: Parse times for '/product/overlay/EmulationPixel4': parse=94ms, update_cache=8 ms
04-16 19:02:20.215 562 562 I PackageManager: /product/overlay/DisplayCutoutEmulationDouble changed; collecting certs
04-16 19:02:20.293 562 624 I PackageParsing: Parse times for '/product/overlay/NotesRoleEnabled': parse=125ms, update_cache=7 ms
04-16 19:02:20.359 562 562 I PackageManager: /product/overlay/EmulationPixel5 changed; collecting certs
04-16 19:02:20.402 562 562 I PackageManager: /product/overlay/EmulationPixel3XL changed; collecting certs
04-16 19:02:20.437 562 626 I PackageParsing: Parse times for '/product/overlay/FontNotoSerifSource': parse=120ms, update_cache=3 ms
04-16 19:02:20.461 562 624 I PackageParsing: Parse times for '/product/overlay/TransparentNavigationBar': parse=160ms, update_cache=6 ms
04-16 19:02:20.485 562 627 I PackageParsing: Parse times for '/product/overlay/EmulationPixelFold': parse=172ms, update_cache=14 ms
04-16 19:02:20.543 562 562 I PackageManager: /product/overlay/NavigationBarModeGesturalExtraWideBack changed; collecting certs
04-16 19:02:20.567 562 626 I PackageParsing: Parse times for '/product/overlay/NavigationBarMode3Button': parse=116ms, update_cache=8 ms
04-16 19:02:20.583 562 625 I PackageParsing: Parse times for '/product/overlay/SystemUIEmulationPixel7': parse=117ms, update_cache=36 ms
04-16 19:02:20.679 562 562 I PackageManager: /product/overlay/EmulationPixel3 changed; collecting certs
04-16 19:02:20.740 562 624 I PackageParsing: Parse times for '/product/overlay/EmulationPixel7Pro': parse=109ms, update_cache=34 ms
04-16 19:02:20.762 562 627 I PackageParsing: Parse times for '/product/overlay/SystemUIEmulationPixel8': parse=150ms, update_cache=25 ms
04-16 19:02:20.788 562 562 I PackageManager: /product/overlay/EmulationPixel6Pro changed; collecting certs
04-16 19:02:20.824 562 625 I PackageParsing: Parse times for '/product/overlay/NavigationBarModeGesturalWideBack': parse=142ms, update_cache=11 ms
04-16 19:02:20.861 562 626 I PackageParsing: Parse times for '/product/overlay/SystemUIEmulationPixel5': parse=125ms, update_cache=7 ms
04-16 19:02:20.873 562 562 I PackageManager: /product/overlay/NavigationBarModeGestural changed; collecting certs
04-16 19:02:20.899 562 624 I PackageParsing: Parse times for '/product/overlay/EmulationPixel3a': parse=93ms, update_cache=20 ms
04-16 19:02:20.929 562 562 I PackageManager: /product/overlay/SystemUIEmulationPixel3XL changed; collecting certs
04-16 19:02:20.956 562 573 I system_server: Background concurrent copying GC freed 30033(1822KB) AllocSpace objects, 28(1904KB) LOS objects, 49% free, 3614KB/7229KB, paused 3.876ms,146us total 629.139ms
04-16 19:02:20.967 562 562 I PackageManager: /product/overlay/SystemUIEmulationPixelFold changed; collecting certs
04-16 19:02:21.027 562 562 I PackageManager: /product/overlay/DisplayCutoutEmulationHole changed; collecting certs
04-16 19:02:21.053 562 562 I PackageManager: /product/overlay/SystemUIEmulationPixel7a changed; collecting certs
04-16 19:02:21.078 562 562 I PackageManager: /product/overlay/EmulationPixel6 changed; collecting certs
04-16 19:02:21.101 562 562 I PackageManager: /product/overlay/SystemUIEmulationPixel4a changed; collecting certs
04-16 19:02:21.121 562 562 I PackageManager: /product/overlay/SystemUIEmulationPixel7Pro changed; collecting certs
04-16 19:02:21.142 562 562 I PackageManager: /product/overlay/SystemUIEmulationPixel8Pro changed; collecting certs
04-16 19:02:21.158 562 562 I PackageManager: /product/overlay/SystemUIEmulationPixel3a changed; collecting certs
04-16 19:02:21.176 562 562 I PackageManager: /product/overlay/EmulationPixel7a changed; collecting certs
04-16 19:02:21.194 562 562 I PackageManager: /product/overlay/EmulationPixel4 changed; collecting certs
04-16 19:02:21.211 562 562 I PackageManager: /product/overlay/SystemUIEmulationPixel3aXL changed; collecting certs
04-16 19:02:21.241 562 562 I PackageManager: /product/overlay/SystemUIEmulationPixel6a changed; collecting certs
04-16 19:02:21.275 562 562 I PackageManager: /product/overlay/EmulationPixel8Pro changed; collecting certs
04-16 19:02:21.330 562 562 I PackageManager: /product/overlay/NotesRoleEnabled changed; collecting certs
04-16 19:02:21.327 0 0 W healthd : battery l=100 v=5000 t=25.0 h=2 st=2 c=900000 fc=3000000 cc=10 chg=a
04-16 19:02:21.367 562 562 I PackageManager: /product/overlay/NavigationBarMode2Button changed; collecting certs
04-16 19:02:21.403 562 562 I PackageManager: /product/overlay/EmulatorTetheringConfigOverlay.apk changed; collecting certs
04-16 19:02:21.444 562 562 I PackageManager: /product/overlay/DisplayCutoutEmulationCorner changed; collecting certs
04-16 19:02:21.486 562 562 I PackageManager: /product/overlay/FontNotoSerifSource changed; collecting certs
04-16 19:02:21.522 562 562 I PackageManager: /product/overlay/TransparentNavigationBar changed; collecting certs
04-16 19:02:21.553 562 562 I PackageManager: /product/overlay/EmulationPixelFold changed; collecting certs
04-16 19:02:21.589 562 562 I PackageManager: /product/overlay/DisplayCutoutEmulationTall changed; collecting certs
04-16 19:02:21.617 562 562 I PackageManager: /product/overlay/NavigationBarMode3Button changed; collecting certs
04-16 19:02:21.657 562 562 I PackageManager: /product/overlay/SystemUIEmulationPixel7 changed; collecting certs
04-16 19:02:21.702 562 562 I PackageManager: /product/overlay/SystemUIEmulationPixel4XL changed; collecting certs
04-16 19:02:21.726 562 562 I PackageManager: /product/overlay/EmulationPixel2XL changed; collecting certs
04-16 19:02:21.743 562 562 I PackageManager: /product/overlay/DisplayCutoutEmulationWaterfall changed; collecting certs
04-16 19:02:21.759 562 562 I PackageManager: /product/overlay/EmulationPixel6a changed; collecting certs
04-16 19:02:21.778 562 562 I PackageManager: /product/overlay/EmulationPixel7Pro changed; collecting certs
04-16 19:02:21.797 562 562 I PackageManager: /product/overlay/SystemUIEmulationPixel8 changed; collecting certs
04-16 19:02:21.815 562 562 I PackageManager: /product/overlay/NavigationBarModeGesturalWideBack changed; collecting certs
04-16 19:02:21.835 562 562 I PackageManager: /product/overlay/SystemUIEmulationPixel5 changed; collecting certs
04-16 19:02:21.857 562 562 I PackageManager: /product/overlay/EmulationPixel3a changed; collecting certs
04-16 19:02:21.875 562 562 I PackageManager: /product/overlay/SystemUIEmulationPixel3 changed; collecting certs
04-16 19:02:21.900 562 562 I PackageManager: /product/overlay/SystemUIEmulationPixel4 changed; collecting certs
04-16 19:02:21.919 562 562 I PackageManager: /product/overlay/SystemUIEmulationPixel6Pro changed; collecting certs
04-16 19:02:21.939 562 562 D PackageManager: No files in app dir /oem/overlay
04-16 19:02:21.941 562 562 D PackageManager: No files in app dir /odm/overlay
04-16 19:02:21.966 562 562 I PackageManager: /vendor/overlay/CarrierConfig__auto_generated_rro_vendor.apk changed; collecting certs
04-16 19:02:22.035 562 562 I PackageManager: /vendor/overlay/TeleService__auto_generated_rro_vendor.apk changed; collecting certs
04-16 19:02:22.053 562 624 I PackageParsing: Parse times for '/vendor/overlay/SettingsProvider__auto_generated_rro_vendor.apk': parse=94ms, update_cache=16 ms
04-16 19:02:22.070 562 627 I PackageParsing: Parse times for '/vendor/overlay/goldfish_overlay_connectivity_gsi.apk': parse=93ms, update_cache=8 ms
04-16 19:02:22.123 562 562 I PackageManager: /vendor/overlay/framework-res__auto_generated_rro_vendor.apk changed; collecting certs
04-16 19:02:22.153 562 562 I PackageManager: /vendor/overlay/SettingsProvider__auto_generated_rro_vendor.apk changed; collecting certs
04-16 19:02:22.176 562 562 I PackageManager: /vendor/overlay/goldfish_overlay_connectivity_gsi.apk changed; collecting certs
04-16 19:02:22.211 562 562 I PackageManager: /vendor/overlay/SystemUI__auto_generated_rro_vendor.apk changed; collecting certs
04-16 19:02:22.268 562 562 W PackageManager: Failed to parse /system/framework/x86_64: Missing base APK in /system/framework/x86_64
04-16 19:02:22.275 562 562 W PackageManager: Failed to parse /system/framework/oat: Missing base APK in /system/framework/oat/x86_64
04-16 19:02:22.422 562 627 W PackageParsing: android defines a knownSigner permission but the provided knownCerts resource is null
04-16 19:02:22.423 562 627 W PackageParsing: android defines a knownSigner permission but the provided knownCerts resource is null
04-16 19:02:22.423 562 627 W PackageParsing: android defines a knownSigner permission but the provided knownCerts resource is null
04-16 19:02:22.460 562 627 W PackageParsing: android defines a knownSigner permission but the provided knownCerts resource is null
04-16 19:02:22.479 562 627 W PackageParsing: android defines a knownSigner permission but the provided knownCerts resource is null
04-16 19:02:22.479 562 627 W PackageParsing: android defines a knownSigner permission but the provided knownCerts resource is null
04-16 19:02:22.539 562 627 I PackageParsing: Parse times for '/system/framework/framework-res.apk': parse=248ms, update_cache=29 ms
04-16 19:02:22.541 562 562 I PackageManager: /system/framework/framework-res.apk changed; collecting certs
04-16 19:02:22.566 562 562 W PackageManager: Adding duplicate shared id: 1000 name=android
04-16 19:02:22.753 562 624 I PackageParsing: Parse times for '/system/priv-app/MmsService': parse=103ms, update_cache=6 ms
04-16 19:02:22.754 562 562 I PackageManager: /system/priv-app/MmsService changed; collecting certs
04-16 19:02:22.826 562 562 W PackageManager: Adding duplicate shared id: 1001 name=com.android.mms.service
04-16 19:02:22.897 562 627 I PackageParsing: Parse times for '/system/priv-app/ContactsProvider': parse=239ms, update_cache=11 ms
04-16 19:02:22.899 562 562 I PackageManager: New shared user android.uid.shared: id=10057
04-16 19:02:22.905 562 562 I PackageManager: /system/priv-app/ContactsProvider changed; collecting certs
04-16 19:02:22.936 562 624 I PackageParsing: Parse times for '/system/priv-app/NetworkStack': parse=175ms, update_cache=3 ms
04-16 19:02:22.950 562 626 I PackageParsing: Parse times for '/system/priv-app/Telecom': parse=247ms, update_cache=50 ms
04-16 19:02:22.958 562 625 W PackageParsing: Ignoring duplicate uses-permissions/uses-permissions-sdk-m: android.permission.SATELLITE_COMMUNICATION in package: com.android.shell at: Binary XML file line #732
04-16 19:02:22.977 562 625 W PackageParsing: Ignoring duplicate uses-permissions/uses-permissions-sdk-m: android.permission.FOREGROUND_SERVICE in package: com.android.shell at: Binary XML file line #824
04-16 19:02:22.980 562 625 W PackageParsing: Ignoring duplicate uses-permissions/uses-permissions-sdk-m: android.permission.FOREGROUND_SERVICE_SYSTEM_EXEMPTED in package: com.android.shell at: Binary XML file line #825
04-16 19:02:22.998 562 562 W PackageManager: Adding duplicate app id: 10057 name=com.android.providers.contacts
04-16 19:02:23.015 562 562 I PackageManager: /system/priv-app/NetworkStack changed; collecting certs
04-16 19:02:23.066 562 625 I PackageParsing: Parse times for '/system/priv-app/Shell': parse=374ms, update_cache=43 ms
04-16 19:02:23.085 562 624 I PackageParsing: Parse times for '/system/priv-app/SettingsProvider': parse=123ms, update_cache=8 ms
04-16 19:02:23.111 562 626 I PackageParsing: Parse times for '/system/priv-app/SharedStorageBackup': parse=140ms, update_cache=2 ms
04-16 19:02:23.140 562 562 W PackageManager: Adding duplicate shared id: 1073 name=com.android.networkstack
