04-16 19:04:31.061 562 666 D SystemServerInitThreadPool: Started executing Update app-ops uidState in case package com.android.internal.systemui.navbar.gestural_wide_back changed
04-16 19:04:31.062 562 666 D SystemServerInitThreadPool: Finished executing Update app-ops uidState in case package com.android.internal.systemui.navbar.gestural_wide_back changed
04-16 19:04:31.062 562 666 V SystemServerTimingAsync: InitThreadPoolExec:Update app-ops uidState in case package com.android.internal.systemui.navbar.gestural_wide_back changed took to complete: 0ms
04-16 19:04:31.062 562 666 D SystemServerTimingAsync: InitThreadPoolExec:Update app-ops uidState in case package com.android.systemui.emulation.pixel_8 changed
04-16 19:04:31.062 562 666 D SystemServerInitThreadPool: Started executing Update app-ops uidState in case package com.android.systemui.emulation.pixel_8 changed
04-16 19:04:31.062 562 666 D SystemServerInitThreadPool: Finished executing Update app-ops uidState in case package com.android.systemui.emulation.pixel_8 changed
04-16 19:04:31.062 562 666 V SystemServerTimingAsync: InitThreadPoolExec:Update app-ops uidState in case package com.android.systemui.emulation.pixel_8 changed took to complete: 0ms
04-16 19:04:31.062 562 666 D SystemServerTimingAsync: InitThreadPoolExec:Update app-ops uidState in case package com.android.internal.emulation.pixel_7_pro changed
04-16 19:04:31.062 562 666 D SystemServerInitThreadPool: Started executing Update app-ops uidState in case package com.android.internal.emulation.pixel_7_pro changed
04-16 19:04:31.063 562 666 D SystemServerInitThreadPool: Finished executing Update app-ops uidState in case package com.android.internal.emulation.pixel_7_pro changed
04-16 19:04:31.063 562 666 V SystemServerTimingAsync: InitThreadPoolExec:Update app-ops uidState in case package com.android.internal.emulation.pixel_7_pro changed took to complete: 0ms
04-16 19:04:31.063 562 666 D SystemServerTimingAsync: InitThreadPoolExec:Update app-ops uidState in case package com.android.internal.emulation.pixel_6a changed
04-16 19:04:31.063 562 666 D SystemServerInitThreadPool: Started executing Update app-ops uidState in case package com.android.internal.emulation.pixel_6a changed
04-16 19:04:31.063 562 666 D SystemServerInitThreadPool: Finished executing Update app-ops uidState in case package com.android.internal.emulation.pixel_6a changed
04-16 19:04:31.063 562 666 V SystemServerTimingAsync: InitThreadPoolExec:Update app-ops uidState in case package com.android.internal.emulation.pixel_6a changed took to complete: 0ms
04-16 19:04:31.063 562 666 D SystemServerTimingAsync: InitThreadPoolExec:Update app-ops uidState in case package com.android.internal.display.cutout.emulation.waterfall changed
04-16 19:04:31.063 562 666 D SystemServerInitThreadPool: Started executing Update app-ops uidState in case package com.android.internal.display.cutout.emulation.waterfall changed
04-16 19:04:31.077 562 666 D SystemServerInitThreadPool: Finished executing Update app-ops uidState in case package com.android.internal.display.cutout.emulation.waterfall changed
04-16 19:04:31.077 562 666 V SystemServerTimingAsync: InitThreadPoolExec:Update app-ops uidState in case package com.android.internal.display.cutout.emulation.waterfall changed took to complete: 13ms
04-16 19:04:31.077 562 666 D SystemServerTimingAsync: InitThreadPoolExec:Update app-ops uidState in case package com.android.internal.emulation.pixel_2_xl changed
04-16 19:04:31.077 562 666 D SystemServerInitThreadPool: Started executing Update app-ops uidState in case package com.android.internal.emulation.pixel_2_xl changed
04-16 19:04:31.078 562 666 D SystemServerInitThreadPool: Finished executing Update app-ops uidState in case package com.android.internal.emulation.pixel_2_xl changed
04-16 19:04:31.078 562 666 V SystemServerTimingAsync: InitThreadPoolExec:Update app-ops uidState in case package com.android.internal.emulation.pixel_2_xl changed took to complete: 1ms
04-16 19:04:31.078 562 666 D SystemServerTimingAsync: InitThreadPoolExec:Update app-ops uidState in case package com.android.systemui.emulation.pixel_4_xl changed
04-16 19:04:31.078 562 666 D SystemServerInitThreadPool: Started executing Update app-ops uidState in case package com.android.systemui.emulation.pixel_4_xl changed
04-16 19:04:31.078 562 666 D SystemServerInitThreadPool: Finished executing Update app-ops uidState in case package com.android.systemui.emulation.pixel_4_xl changed
04-16 19:04:31.078 562 666 V SystemServerTimingAsync: InitThreadPoolExec:Update app-ops uidState in case package com.android.systemui.emulation.pixel_4_xl changed took to complete: 0ms
04-16 19:04:31.078 562 666 D SystemServerTimingAsync: InitThreadPoolExec:Update app-ops uidState in case package com.android.systemui.emulation.pixel_7 changed
04-16 19:04:31.078 562 666 D SystemServerInitThreadPool: Started executing Update app-ops uidState in case package com.android.systemui.emulation.pixel_7 changed
04-16 19:04:31.079 562 666 D SystemServerInitThreadPool: Finished executing Update app-ops uidState in case package com.android.systemui.emulation.pixel_7 changed
04-16 19:04:31.079 562 666 V SystemServerTimingAsync: InitThreadPoolExec:Update app-ops uidState in case package com.android.systemui.emulation.pixel_7 changed took to complete: 0ms
04-16 19:04:31.079 562 666 D SystemServerTimingAsync: InitThreadPoolExec:Update app-ops uidState in case package com.android.internal.systemui.navbar.threebutton changed
04-16 19:04:31.079 562 666 D SystemServerInitThreadPool: Started executing Update app-ops uidState in case package com.android.internal.systemui.navbar.threebutton changed
04-16 19:04:31.079 562 666 D SystemServerInitThreadPool: Finished executing Update app-ops uidState in case package com.android.internal.systemui.navbar.threebutton changed
04-16 19:04:31.079 562 666 V SystemServerTimingAsync: InitThreadPoolExec:Update app-ops uidState in case package com.android.internal.systemui.navbar.threebutton changed took to complete: 0ms
04-16 19:04:31.079 562 666 D SystemServerTimingAsync: InitThreadPoolExec:Update app-ops uidState in case package com.android.internal.display.cutout.emulation.tall changed
04-16 19:04:31.079 562 666 D SystemServerInitThreadPool: Started executing Update app-ops uidState in case package com.android.internal.display.cutout.emulation.tall changed
04-16 19:04:31.088 562 562 I ActivityTaskManager: Config changes=10000000 {1.0 ?mcc0mnc [en_US] ldltr sw411dp w411dp h914dp 420dpi nrml long port finger qwerty/v/v -nav/h winConfig={ mBounds=Rect(0, 0 - 1080, 2400) mAppBounds=Rect(0, 0 - 1080, 2400) mMaxBounds=Rect(0, 0 - 1080, 2400) mDisplayRotation=ROTATION_0 mWindowingMode=fullscreen mDisplayWindowingMode=fullscreen mActivityType=undefined mAlwaysOnTop=undefined mRotation=ROTATION_0} s.8 fontWeightAdjustment=0}
04-16 19:04:31.090 562 562 I WindowManager: Override config changes=10000000 {1.0 ?mcc0mnc [en_US] ldltr sw411dp w411dp h914dp 420dpi nrml long port finger qwerty/v/v -nav/h winConfig={ mBounds=Rect(0, 0 - 1080, 2400) mAppBounds=Rect(0, 0 - 1080, 2400) mMaxBounds=Rect(0, 0 - 1080, 2400) mDisplayRotation=ROTATION_0 mWindowingMode=fullscreen mDisplayWindowingMode=fullscreen mActivityType=undefined mAlwaysOnTop=undefined mRotation=ROTATION_0} s.8 fontWeightAdjustment=0} for displayId=0
04-16 19:04:31.092 562 666 D SystemServerInitThreadPool: Finished executing Update app-ops uidState in case package com.android.internal.display.cutout.emulation.tall changed
04-16 19:04:31.093 562 666 V SystemServerTimingAsync: InitThreadPoolExec:Update app-ops uidState in case package com.android.internal.display.cutout.emulation.tall changed took to complete: 13ms
04-16 19:04:31.093 562 666 D SystemServerTimingAsync: InitThreadPoolExec:Update app-ops uidState in case package com.android.internal.emulation.pixel_fold changed
04-16 19:04:31.093 562 666 D SystemServerInitThreadPool: Started executing Update app-ops uidState in case package com.android.internal.emulation.pixel_fold changed
04-16 19:04:31.093 562 666 D SystemServerInitThreadPool: Finished executing Update app-ops uidState in case package com.android.internal.emulation.pixel_fold changed
04-16 19:04:31.093 562 666 V SystemServerTimingAsync: InitThreadPoolExec:Update app-ops uidState in case package com.android.internal.emulation.pixel_fold changed took to complete: 0ms
04-16 19:04:31.093 562 666 D SystemServerTimingAsync: InitThreadPoolExec:Update app-ops uidState in case package com.android.internal.systemui.navbar.transparent changed
04-16 19:04:31.093 562 666 D SystemServerInitThreadPool: Started executing Update app-ops uidState in case package com.android.internal.systemui.navbar.transparent changed
04-16 19:04:31.094 562 666 D SystemServerInitThreadPool: Finished executing Update app-ops uidState in case package com.android.internal.systemui.navbar.transparent changed
04-16 19:04:31.094 562 666 V SystemServerTimingAsync: InitThreadPoolExec:Update app-ops uidState in case package com.android.internal.systemui.navbar.transparent changed took to complete: 0ms
04-16 19:04:31.094 562 666 D SystemServerTimingAsync: InitThreadPoolExec:Update app-ops uidState in case package com.android.theme.font.notoserifsource changed
04-16 19:04:31.094 562 666 D SystemServerInitThreadPool: Started executing Update app-ops uidState in case package com.android.theme.font.notoserifsource changed
04-16 19:04:31.094 562 666 D SystemServerInitThreadPool: Finished executing Update app-ops uidState in case package com.android.theme.font.notoserifsource changed
04-16 19:04:31.094 562 666 V SystemServerTimingAsync: InitThreadPoolExec:Update app-ops uidState in case package com.android.theme.font.notoserifsource changed took to complete: 0ms
04-16 19:04:31.094 562 666 D SystemServerTimingAsync: InitThreadPoolExec:Update app-ops uidState in case package com.android.internal.display.cutout.emulation.corner changed
04-16 19:04:31.094 562 666 D SystemServerInitThreadPool: Started executing Update app-ops uidState in case package com.android.internal.display.cutout.emulation.corner changed
04-16 19:04:31.095 562 666 D SystemServerInitThreadPool: Finished executing Update app-ops uidState in case package com.android.internal.display.cutout.emulation.corner changed
04-16 19:04:31.095 562 666 V SystemServerTimingAsync: InitThreadPoolExec:Update app-ops uidState in case package com.android.internal.display.cutout.emulation.corner changed took to complete: 0ms
04-16 19:04:31.095 562 666 D SystemServerTimingAsync: InitThreadPoolExec:Update app-ops uidState in case package com.android.networkstack.tethering.emulator changed
04-16 19:04:31.095 562 666 D SystemServerInitThreadPool: Started executing Update app-ops uidState in case package com.android.networkstack.tethering.emulator changed
04-16 19:04:31.095 562 666 D SystemServerInitThreadPool: Finished executing Update app-ops uidState in case package com.android.networkstack.tethering.emulator changed
04-16 19:04:31.095 562 666 V SystemServerTimingAsync: InitThreadPoolExec:Update app-ops uidState in case package com.android.networkstack.tethering.emulator changed took to complete: 0ms
04-16 19:04:31.095 562 666 D SystemServerTimingAsync: InitThreadPoolExec:Update app-ops uidState in case package com.android.internal.systemui.navbar.twobutton changed
04-16 19:04:31.095 562 666 D SystemServerInitThreadPool: Started executing Update app-ops uidState in case package com.android.internal.systemui.navbar.twobutton changed
04-16 19:04:31.095 562 666 D SystemServerInitThreadPool: Finished executing Update app-ops uidState in case package com.android.internal.systemui.navbar.twobutton changed
04-16 19:04:31.108 562 666 V SystemServerTimingAsync: InitThreadPoolExec:Update app-ops uidState in case package com.android.internal.systemui.navbar.twobutton changed took to complete: 12ms
04-16 19:04:31.109 562 666 D SystemServerTimingAsync: InitThreadPoolExec:Update app-ops uidState in case package com.android.role.notes.enabled changed
04-16 19:04:31.109 562 666 D SystemServerInitThreadPool: Started executing Update app-ops uidState in case package com.android.role.notes.enabled changed
04-16 19:04:31.109 562 666 D SystemServerInitThreadPool: Finished executing Update app-ops uidState in case package com.android.role.notes.enabled changed
04-16 19:04:31.109 562 666 V SystemServerTimingAsync: InitThreadPoolExec:Update app-ops uidState in case package com.android.role.notes.enabled changed took to complete: 0ms
04-16 19:04:31.109 562 666 D SystemServerTimingAsync: InitThreadPoolExec:Update app-ops uidState in case package com.android.internal.emulation.pixel_8_pro changed
04-16 19:04:31.109 562 666 D SystemServerInitThreadPool: Started executing Update app-ops uidState in case package com.android.internal.emulation.pixel_8_pro changed
04-16 19:04:31.110 562 666 D SystemServerInitThreadPool: Finished executing Update app-ops uidState in case package com.android.internal.emulation.pixel_8_pro changed
04-16 19:04:31.110 562 666 V SystemServerTimingAsync: InitThreadPoolExec:Update app-ops uidState in case package com.android.internal.emulation.pixel_8_pro changed took to complete: 0ms
04-16 19:04:31.110 562 666 D SystemServerTimingAsync: InitThreadPoolExec:Update app-ops uidState in case package com.android.systemui.emulation.pixel_6a changed
04-16 19:04:31.110 562 666 D SystemServerInitThreadPool: Started executing Update app-ops uidState in case package com.android.systemui.emulation.pixel_6a changed
04-16 19:04:31.110 562 666 D SystemServerInitThreadPool: Finished executing Update app-ops uidState in case package com.android.systemui.emulation.pixel_6a changed
04-16 19:04:31.110 562 666 V SystemServerTimingAsync: InitThreadPoolExec:Update app-ops uidState in case package com.android.systemui.emulation.pixel_6a changed took to complete: 0ms
04-16 19:04:31.110 562 666 D SystemServerTimingAsync: InitThreadPoolExec:Update app-ops uidState in case package com.android.systemui.emulation.pixel_3a_xl changed
04-16 19:04:31.110 562 666 D SystemServerInitThreadPool: Started executing Update app-ops uidState in case package com.android.systemui.emulation.pixel_3a_xl changed
04-16 19:04:31.111 562 666 D SystemServerInitThreadPool: Finished executing Update app-ops uidState in case package com.android.systemui.emulation.pixel_3a_xl changed
04-16 19:04:31.111 562 666 V SystemServerTimingAsync: InitThreadPoolExec:Update app-ops uidState in case package com.android.systemui.emulation.pixel_3a_xl changed took to complete: 0ms
04-16 19:04:31.111 562 666 D SystemServerTimingAsync: InitThreadPoolExec:Update app-ops uidState in case package com.android.internal.emulation.pixel_4 changed
04-16 19:04:31.111 562 666 D SystemServerInitThreadPool: Started executing Update app-ops uidState in case package com.android.internal.emulation.pixel_4 changed
04-16 19:04:31.111 562 666 D SystemServerInitThreadPool: Finished executing Update app-ops uidState in case package com.android.internal.emulation.pixel_4 changed
04-16 19:04:31.111 562 666 V SystemServerTimingAsync: InitThreadPoolExec:Update app-ops uidState in case package com.android.internal.emulation.pixel_4 changed took to complete: 0ms
04-16 19:04:31.111 562 666 D SystemServerTimingAsync: InitThreadPoolExec:Update app-ops uidState in case package com.android.internal.emulation.pixel_7a changed
04-16 19:04:31.111 562 666 D SystemServerInitThreadPool: Started executing Update app-ops uidState in case package com.android.internal.emulation.pixel_7a changed
04-16 19:04:31.112 562 666 D SystemServerInitThreadPool: Finished executing Update app-ops uidState in case package com.android.internal.emulation.pixel_7a changed
04-16 19:04:31.116 562 642 V SystemServerTimingAsync: InitThreadPoolExec:Update app-ops uidState in case package com.android.providers.partnerbookmarks changed took to complete: 32ms
04-16 19:04:31.117 562 642 D SystemServerTimingAsync: InitThreadPoolExec:Update app-ops uidState in case package com.android.systemui.emulation.pixel_3a changed
04-16 19:04:31.117 562 642 D SystemServerInitThreadPool: Started executing Update app-ops uidState in case package com.android.systemui.emulation.pixel_3a changed
04-16 19:04:31.117 562 642 D SystemServerInitThreadPool: Finished executing Update app-ops uidState in case package com.android.systemui.emulation.pixel_3a changed
04-16 19:04:31.117 562 642 V SystemServerTimingAsync: InitThreadPoolExec:Update app-ops uidState in case package com.android.systemui.emulation.pixel_3a changed took to complete: 0ms
04-16 19:04:31.117 562 642 D SystemServerTimingAsync: InitThreadPoolExec:Update app-ops uidState in case package com.android.systemui.emulation.pixel_8_pro changed
04-16 19:04:31.117 562 642 D SystemServerInitThreadPool: Started executing Update app-ops uidState in case package com.android.systemui.emulation.pixel_8_pro changed
04-16 19:04:31.118 562 642 D SystemServerInitThreadPool: Finished executing Update app-ops uidState in case package com.android.systemui.emulation.pixel_8_pro changed
04-16 19:04:31.118 562 642 V SystemServerTimingAsync: InitThreadPoolExec:Update app-ops uidState in case package com.android.systemui.emulation.pixel_8_pro changed took to complete: 0ms
04-16 19:04:31.118 562 642 D SystemServerTimingAsync: InitThreadPoolExec:Update app-ops uidState in case package com.android.systemui.emulation.pixel_7_pro changed
04-16 19:04:31.118 562 642 D SystemServerInitThreadPool: Started executing Update app-ops uidState in case package com.android.systemui.emulation.pixel_7_pro changed
04-16 19:04:31.118 562 642 D SystemServerInitThreadPool: Finished executing Update app-ops uidState in case package com.android.systemui.emulation.pixel_7_pro changed
04-16 19:04:31.118 562 642 V SystemServerTimingAsync: InitThreadPoolExec:Update app-ops uidState in case package com.android.systemui.emulation.pixel_7_pro changed took to complete: 0ms
04-16 19:04:31.118 562 642 D SystemServerTimingAsync: InitThreadPoolExec:Update app-ops uidState in case package com.android.systemui.emulation.pixel_4a changed
04-16 19:04:31.118 562 642 D SystemServerInitThreadPool: Started executing Update app-ops uidState in case package com.android.systemui.emulation.pixel_4a changed
04-16 19:04:31.119 562 642 D SystemServerInitThreadPool: Finished executing Update app-ops uidState in case package com.android.systemui.emulation.pixel_4a changed
04-16 19:04:31.119 562 642 V SystemServerTimingAsync: InitThreadPoolExec:Update app-ops uidState in case package com.android.systemui.emulation.pixel_4a changed took to complete: 0ms
04-16 19:04:31.119 562 642 D SystemServerTimingAsync: InitThreadPoolExec:Update app-ops uidState in case package com.android.internal.emulation.pixel_6 changed
04-16 19:04:31.119 562 642 D SystemServerInitThreadPool: Started executing Update app-ops uidState in case package com.android.internal.emulation.pixel_6 changed
04-16 19:04:31.119 562 642 D SystemServerInitThreadPool: Finished executing Update app-ops uidState in case package com.android.internal.emulation.pixel_6 changed
04-16 19:04:31.119 562 642 V SystemServerTimingAsync: InitThreadPoolExec:Update app-ops uidState in case package com.android.internal.emulation.pixel_6 changed took to complete: 0ms
04-16 19:04:31.119 562 642 D SystemServerTimingAsync: InitThreadPoolExec:Update app-ops uidState in case package com.android.systemui.emulation.pixel_7a changed
04-16 19:04:31.119 562 642 D SystemServerInitThreadPool: Started executing Update app-ops uidState in case package com.android.systemui.emulation.pixel_7a changed
04-16 19:04:31.120 562 642 D SystemServerInitThreadPool: Finished executing Update app-ops uidState in case package com.android.systemui.emulation.pixel_7a changed
04-16 19:04:31.123 562 592 D SystemServerTimingAsync: InitThreadPoolExec:Update app-ops uidState in case package android.auto_generated_rro_vendor__ changed
04-16 19:04:31.132 562 642 V SystemServerTimingAsync: InitThreadPoolExec:Update app-ops uidState in case package com.android.systemui.emulation.pixel_7a changed took to complete: 12ms
04-16 19:04:31.132 562 642 D SystemServerTimingAsync: InitThreadPoolExec:Update app-ops uidState in case package com.android.internal.display.cutout.emulation.hole changed
04-16 19:04:31.132 562 642 D SystemServerInitThreadPool: Started executing Update app-ops uidState in case package com.android.internal.display.cutout.emulation.hole changed
04-16 19:04:31.133 562 642 D SystemServerInitThreadPool: Finished executing Update app-ops uidState in case package com.android.internal.display.cutout.emulation.hole changed
04-16 19:04:31.133 562 642 V SystemServerTimingAsync: InitThreadPoolExec:Update app-ops uidState in case package com.android.internal.display.cutout.emulation.hole changed took to complete: 0ms
04-16 19:04:31.133 562 642 D SystemServerTimingAsync: InitThreadPoolExec:Update app-ops uidState in case package com.android.systemui.emulation.pixel_fold changed
04-16 19:04:31.133 562 642 D SystemServerInitThreadPool: Started executing Update app-ops uidState in case package com.android.systemui.emulation.pixel_fold changed
04-16 19:04:31.133 562 642 D SystemServerInitThreadPool: Finished executing Update app-ops uidState in case package com.android.systemui.emulation.pixel_fold changed
04-16 19:04:31.133 562 642 V SystemServerTimingAsync: InitThreadPoolExec:Update app-ops uidState in case package com.android.systemui.emulation.pixel_fold changed took to complete: 1ms
04-16 19:04:31.134 562 642 D SystemServerTimingAsync: InitThreadPoolExec:Update app-ops uidState in case package com.android.systemui.emulation.pixel_3_xl changed
04-16 19:04:31.134 562 642 D SystemServerInitThreadPool: Started executing Update app-ops uidState in case package com.android.systemui.emulation.pixel_3_xl changed
04-16 19:04:31.134 562 642 D SystemServerInitThreadPool: Finished executing Update app-ops uidState in case package com.android.systemui.emulation.pixel_3_xl changed
04-16 19:04:31.134 562 642 V SystemServerTimingAsync: InitThreadPoolExec:Update app-ops uidState in case package com.android.systemui.emulation.pixel_3_xl changed took to complete: 0ms
04-16 19:04:31.134 562 642 D SystemServerTimingAsync: InitThreadPoolExec:Update app-ops uidState in case package com.android.internal.systemui.navbar.gestural changed
04-16 19:04:31.134 562 642 D SystemServerInitThreadPool: Started executing Update app-ops uidState in case package com.android.internal.systemui.navbar.gestural changed
04-16 19:04:31.134 562 642 D SystemServerInitThreadPool: Finished executing Update app-ops uidState in case package com.android.internal.systemui.navbar.gestural changed
04-16 19:04:31.134 562 642 V SystemServerTimingAsync: InitThreadPoolExec:Update app-ops uidState in case package com.android.internal.systemui.navbar.gestural changed took to complete: 1ms
04-16 19:04:31.135 562 642 D SystemServerTimingAsync: InitThreadPoolExec:Update app-ops uidState in case package com.android.internal.emulation.pixel_6_pro changed
04-16 19:04:31.135 562 642 D SystemServerInitThreadPool: Started executing Update app-ops uidState in case package com.android.internal.emulation.pixel_6_pro changed
04-16 19:04:31.135 562 642 D SystemServerInitThreadPool: Finished executing Update app-ops uidState in case package com.android.internal.emulation.pixel_6_pro changed
04-16 19:04:31.135 562 642 V SystemServerTimingAsync: InitThreadPoolExec:Update app-ops uidState in case package com.android.internal.emulation.pixel_6_pro changed took to complete: 0ms
04-16 19:04:31.135 562 642 D SystemServerTimingAsync: InitThreadPoolExec:Update app-ops uidState in case package com.android.internal.emulation.pixel_3 changed
04-16 19:04:31.135 562 642 D SystemServerInitThreadPool: Started executing Update app-ops uidState in case package com.android.internal.emulation.pixel_3 changed
04-16 19:04:31.135 562 642 D SystemServerInitThreadPool: Finished executing Update app-ops uidState in case package com.android.internal.emulation.pixel_3 changed
04-16 19:04:31.135 562 642 V SystemServerTimingAsync: InitThreadPoolExec:Update app-ops uidState in case package com.android.internal.emulation.pixel_3 changed took to complete: 1ms
04-16 19:04:31.135 562 642 D SystemServerTimingAsync: InitThreadPoolExec:Update app-ops uidState in case package com.android.internal.systemui.navbar.gestural_extra_wide_back changed
04-16 19:04:31.139 562 562 V SystemServerTiming: retrieveSettings took to complete: 122ms
04-16 19:04:31.139 562 562 D SystemServerTiming: Ugm.onSystemReady
04-16 19:04:31.144 562 592 D SystemServerInitThreadPool: Started executing Update app-ops uidState in case package android.auto_generated_rro_vendor__ changed
04-16 19:04:31.145 562 592 D SystemServerInitThreadPool: Finished executing Update app-ops uidState in case package android.auto_generated_rro_vendor__ changed
04-16 19:04:31.145 562 592 V SystemServerTimingAsync: InitThreadPoolExec:Update app-ops uidState in case package android.auto_generated_rro_vendor__ changed took to complete: 21ms
04-16 19:04:31.145 562 592 D SystemServerTimingAsync: InitThreadPoolExec:Update app-ops uidState in case package com.android.internal.emulation.pixel_3_xl changed
04-16 19:04:31.145 562 592 D SystemServerInitThreadPool: Started executing Update app-ops uidState in case package com.android.internal.emulation.pixel_3_xl changed
04-16 19:04:31.145 562 592 D SystemServerInitThreadPool: Finished executing Update app-ops uidState in case package com.android.internal.emulation.pixel_3_xl changed
04-16 19:04:31.146 562 592 V SystemServerTimingAsync: InitThreadPoolExec:Update app-ops uidState in case package com.android.internal.emulation.pixel_3_xl changed took to complete: 1ms
04-16 19:04:31.146 562 592 D SystemServerTimingAsync: InitThreadPoolExec:Update app-ops uidState in case package com.android.internal.emulation.pixel_5 changed
04-16 19:04:31.146 562 592 D SystemServerInitThreadPool: Started executing Update app-ops uidState in case package com.android.internal.emulation.pixel_5 changed
04-16 19:04:31.146 562 592 D SystemServerInitThreadPool: Finished executing Update app-ops uidState in case package com.android.internal.emulation.pixel_5 changed
04-16 19:04:31.146 562 592 V SystemServerTimingAsync: InitThreadPoolExec:Update app-ops uidState in case package com.android.internal.emulation.pixel_5 changed took to complete: 0ms
04-16 19:04:31.146 562 592 D SystemServerTimingAsync: InitThreadPoolExec:Update app-ops uidState in case package com.android.internal.display.cutout.emulation.double changed
04-16 19:04:31.146 562 592 D SystemServerInitThreadPool: Started executing Update app-ops uidState in case package com.android.internal.display.cutout.emulation.double changed
04-16 19:04:31.146 562 592 D SystemServerInitThreadPool: Finished executing Update app-ops uidState in case package com.android.internal.display.cutout.emulation.double changed
04-16 19:04:31.147 562 592 V SystemServerTimingAsync: InitThreadPoolExec:Update app-ops uidState in case package com.android.internal.display.cutout.emulation.double changed took to complete: 1ms
04-16 19:04:31.147 562 592 D SystemServerTimingAsync: InitThreadPoolExec:Update app-ops uidState in case package com.android.systemui.emulation.pixel_6 changed
04-16 19:04:31.147 562 592 D SystemServerInitThreadPool: Started executing Update app-ops uidState in case package com.android.systemui.emulation.pixel_6 changed
04-16 19:04:31.147 562 592 D SystemServerInitThreadPool: Finished executing Update app-ops uidState in case package com.android.systemui.emulation.pixel_6 changed
04-16 19:04:31.147 562 592 V SystemServerTimingAsync: InitThreadPoolExec:Update app-ops uidState in case package com.android.systemui.emulation.pixel_6 changed took to complete: 0ms
04-16 19:04:31.147 562 592 D SystemServerTimingAsync: InitThreadPoolExec:Update app-ops uidState in case package com.android.internal.display.cutout.emulation.emu01 changed
04-16 19:04:31.147 562 592 D SystemServerInitThreadPool: Started executing Update app-ops uidState in case package com.android.internal.display.cutout.emulation.emu01 changed
04-16 19:04:31.147 562 592 D SystemServerInitThreadPool: Finished executing Update app-ops uidState in case package com.android.internal.display.cutout.emulation.emu01 changed
04-16 19:04:31.157 562 651 D SystemServerInitThreadPool: Finished executing Update app-ops uidState in case package com.android.vpndialogs changed
04-16 19:04:31.157 562 651 V SystemServerTimingAsync: InitThreadPoolExec:Update app-ops uidState in case package com.android.vpndialogs changed took to complete: 138ms
04-16 19:04:31.157 562 651 D SystemServerTimingAsync: InitThreadPoolExec:Update app-ops uidState in case package com.android.internal.emulation.pixel_3a_xl changed
04-16 19:04:31.157 562 651 D SystemServerInitThreadPool: Started executing Update app-ops uidState in case package com.android.internal.emulation.pixel_3a_xl changed
04-16 19:04:31.158 562 651 D SystemServerInitThreadPool: Finished executing Update app-ops uidState in case package com.android.internal.emulation.pixel_3a_xl changed
04-16 19:04:31.158 562 651 V SystemServerTimingAsync: InitThreadPoolExec:Update app-ops uidState in case package com.android.internal.emulation.pixel_3a_xl changed took to complete: 0ms
04-16 19:04:31.158 562 651 D SystemServerTimingAsync: InitThreadPoolExec:Update app-ops uidState in case package com.android.internal.systemui.navbar.gestural_narrow_back changed
04-16 19:04:31.158 562 651 D SystemServerInitThreadPool: Started executing Update app-ops uidState in case package com.android.internal.systemui.navbar.gestural_narrow_back changed
04-16 19:04:31.158 562 651 D SystemServerInitThreadPool: Finished executing Update app-ops uidState in case package com.android.internal.systemui.navbar.gestural_narrow_back changed
04-16 19:04:31.158 562 651 V SystemServerTimingAsync: InitThreadPoolExec:Update app-ops uidState in case package com.android.internal.systemui.navbar.gestural_narrow_back changed took to complete: 0ms
04-16 19:04:31.158 562 651 D SystemServerTimingAsync: InitThreadPoolExec:Update app-ops uidState in case package com.android.internal.emulation.pixel_4_xl changed
04-16 19:04:31.159 562 651 D SystemServerInitThreadPool: Started executing Update app-ops uidState in case package com.android.internal.emulation.pixel_4_xl changed
04-16 19:04:31.159 562 651 D SystemServerInitThreadPool: Finished executing Update app-ops uidState in case package com.android.internal.emulation.pixel_4_xl changed
04-16 19:04:31.159 562 651 V SystemServerTimingAsync: InitThreadPoolExec:Update app-ops uidState in case package com.android.internal.emulation.pixel_4_xl changed took to complete: 0ms
04-16 19:04:31.159 562 651 D SystemServerTimingAsync: InitThreadPoolExec:Update app-ops uidState in case package com.android.internal.emulation.pixel_4a changed
04-16 19:04:31.159 562 651 D SystemServerInitThreadPool: Started executing Update app-ops uidState in case package com.android.internal.emulation.pixel_4a changed
04-16 19:04:31.159 562 651 D SystemServerInitThreadPool: Finished executing Update app-ops uidState in case package com.android.internal.emulation.pixel_4a changed
04-16 19:04:31.159 562 651 V SystemServerTimingAsync: InitThreadPoolExec:Update app-ops uidState in case package com.android.internal.emulation.pixel_4a changed took to complete: 0ms
04-16 19:04:31.159 562 651 D SystemServerTimingAsync: InitThreadPoolExec:Update app-ops uidState in case package com.android.internal.emulation.pixel_8 changed
04-16 19:04:31.159 562 651 D SystemServerInitThreadPool: Started executing Update app-ops uidState in case package com.android.internal.emulation.pixel_8 changed
04-16 19:04:31.164 562 651 D SystemServerInitThreadPool: Finished executing Update app-ops uidState in case package com.android.internal.emulation.pixel_8 changed
04-16 19:04:31.165 562 651 V SystemServerTimingAsync: InitThreadPoolExec:Update app-ops uidState in case package com.android.internal.emulation.pixel_8 changed took to complete: 5ms
04-16 19:04:31.165 562 651 D SystemServerTimingAsync: InitThreadPoolExec:Update app-ops uidState in case package com.android.internal.emulation.pixel_7 changed
04-16 19:04:31.165 562 651 D SystemServerInitThreadPool: Started executing Update app-ops uidState in case package com.android.internal.emulation.pixel_7 changed
04-16 19:04:31.165 562 651 D SystemServerInitThreadPool: Finished executing Update app-ops uidState in case package com.android.internal.emulation.pixel_7 changed
04-16 19:04:31.165 562 651 V SystemServerTimingAsync: InitThreadPoolExec:Update app-ops uidState in case package com.android.internal.emulation.pixel_7 changed took to complete: 0ms
04-16 19:04:31.165 562 651 D SystemServerTimingAsync: InitThreadPoolExec:Update app-ops uidState in case package com.android.shell changed
04-16 19:04:31.167 562 666 V SystemServerTimingAsync: InitThreadPoolExec:Update app-ops uidState in case package com.android.internal.emulation.pixel_7a changed took to complete: 0ms
04-16 19:04:31.175 562 651 D SystemServerInitThreadPool: Started executing Update app-ops uidState in case package com.android.shell changed
04-16 19:04:31.175 562 651 D SystemServerInitThreadPool: Finished executing Update app-ops uidState in case package com.android.shell changed
04-16 19:04:31.175 562 651 V SystemServerTimingAsync: InitThreadPoolExec:Update app-ops uidState in case package com.android.shell changed took to complete: 9ms
04-16 19:04:31.175 562 651 D SystemServerTimingAsync: InitThreadPoolExec:Update app-ops uidState in case package com.android.networkstack changed
04-16 19:04:31.175 562 651 D SystemServerInitThreadPool: Started executing Update app-ops uidState in case package com.android.networkstack changed
04-16 19:04:31.178 562 562 V SystemServerTiming: Ugm.onSystemReady took to complete: 39ms
04-16 19:04:31.178 562 562 D SystemServerTiming: updateForceBackgroundCheck
04-16 19:04:31.180 562 666 D SystemServerTimingAsync: InitThreadPoolExec:Update app-ops uidState in case package com.android.cellbroadcastservice changed
04-16 19:04:31.180 562 666 D SystemServerInitThreadPool: Started executing Update app-ops uidState in case package com.android.cellbroadcastservice changed
04-16 19:04:31.180 562 666 D SystemServerInitThreadPool: Finished executing Update app-ops uidState in case package com.android.cellbroadcastservice changed
04-16 19:04:31.180 562 666 V SystemServerTimingAsync: InitThreadPoolExec:Update app-ops uidState in case package com.android.cellbroadcastservice changed took to complete: 1ms
04-16 19:04:31.181 562 666 D SystemServerTimingAsync: InitThreadPoolExec:Update app-ops uidState in case package com.android.networkstack.tethering changed
04-16 19:04:31.181 562 666 D SystemServerInitThreadPool: Started executing Update app-ops uidState in case package com.android.networkstack.tethering changed
04-16 19:04:31.181 562 666 D SystemServerInitThreadPool: Finished executing Update app-ops uidState in case package com.android.networkstack.tethering changed
04-16 19:04:31.181 562 666 V SystemServerTimingAsync: InitThreadPoolExec:Update app-ops uidState in case package com.android.networkstack.tethering changed took to complete: 0ms
04-16 19:04:31.181 562 666 D SystemServerTimingAsync: InitThreadPoolExec:Update app-ops uidState in case package com.android.se changed
04-16 19:04:31.181 562 666 D SystemServerInitThreadPool: Started executing Update app-ops uidState in case package com.android.se changed
04-16 19:04:31.181 562 666 D SystemServerInitThreadPool: Finished executing Update app-ops uidState in case package com.android.se changed
04-16 19:04:31.181 562 666 V SystemServerTimingAsync: InitThreadPoolExec:Update app-ops uidState in case package com.android.se changed took to complete: 1ms
04-16 19:04:31.182 562 666 D SystemServerTimingAsync: InitThreadPoolExec:Update app-ops uidState in case package com.android.nfc changed
04-16 19:04:31.182 562 666 D SystemServerInitThreadPool: Started executing Update app-ops uidState in case package com.android.nfc changed
04-16 19:04:31.182 562 666 D SystemServerInitThreadPool: Finished executing Update app-ops uidState in case package com.android.nfc changed
04-16 19:04:31.182 562 666 V SystemServerTimingAsync: InitThreadPoolExec:Update app-ops uidState in case package com.android.nfc changed took to complete: 0ms
04-16 19:04:31.182 562 666 D SystemServerTimingAsync: InitThreadPoolExec:Update app-ops uidState in case package com.android.bluetooth changed
04-16 19:04:31.182 562 666 D SystemServerInitThreadPool: Started executing Update app-ops uidState in case package com.android.bluetooth changed
04-16 19:04:31.182 562 666 D SystemServerInitThreadPool: Finished executing Update app-ops uidState in case package com.android.bluetooth changed
04-16 19:04:31.182 562 666 V SystemServerTimingAsync: InitThreadPoolExec:Update app-ops uidState in case package com.android.bluetooth changed took to complete: 1ms
04-16 19:04:31.183 562 666 D SystemServerTimingAsync: InitThreadPoolExec:Update app-ops uidState in case package com.android.providers.telephony changed
04-16 19:04:31.183 562 666 D SystemServerInitThreadPool: Started executing Update app-ops uidState in case package com.android.providers.telephony changed
04-16 19:04:31.183 562 666 D SystemServerInitThreadPool: Finished executing Update app-ops uidState in case package com.android.providers.telephony changed
04-16 19:04:31.183 562 666 V SystemServerTimingAsync: InitThreadPoolExec:Update app-ops uidState in case package com.android.providers.telephony changed took to complete: 0ms
04-16 19:04:31.183 562 666 D SystemServerTimingAsync: InitThreadPoolExec:Update app-ops uidState in case package com.android.mms.service changed
04-16 19:04:31.183 562 666 D SystemServerInitThreadPool: Started executing Update app-ops uidState in case package com.android.mms.service changed
04-16 19:04:31.183 562 666 D SystemServerInitThreadPool: Finished executing Update app-ops uidState in case package com.android.mms.service changed
04-16 19:04:31.183 562 666 V SystemServerTimingAsync: InitThreadPoolExec:Update app-ops uidState in case package com.android.mms.service changed took to complete: 1ms
04-16 19:04:31.183 562 666 D SystemServerTimingAsync: InitThreadPoolExec:Update app-ops uidState in case package com.android.ons changed
04-16 19:04:31.188 562 642 D SystemServerInitThreadPool: Started executing Update app-ops uidState in case package com.android.internal.systemui.navbar.gestural_extra_wide_back changed
04-16 19:04:31.189 562 642 D SystemServerInitThreadPool: Finished executing Update app-ops uidState in case package com.android.internal.systemui.navbar.gestural_extra_wide_back changed
04-16 19:04:31.189 562 642 V SystemServerTimingAsync: InitThreadPoolExec:Update app-ops uidState in case package com.android.internal.systemui.navbar.gestural_extra_wide_back changed took to complete: 53ms
04-16 19:04:31.189 562 642 D SystemServerTimingAsync: InitThreadPoolExec:Update app-ops uidState in case package com.android.stk changed
04-16 19:04:31.189 562 642 D SystemServerInitThreadPool: Started executing Update app-ops uidState in case package com.android.stk changed
04-16 19:04:31.190 562 642 D SystemServerInitThreadPool: Finished executing Update app-ops uidState in case package com.android.stk changed
04-16 19:04:31.190 562 642 V SystemServerTimingAsync: InitThreadPoolExec:Update app-ops uidState in case package com.android.stk changed took to complete: 0ms
04-16 19:04:31.190 562 642 D SystemServerTimingAsync: InitThreadPoolExec:Update app-ops uidState in case package com.android.phone changed
04-16 19:04:31.190 562 642 D SystemServerInitThreadPool: Started executing Update app-ops uidState in case package com.android.phone changed
04-16 19:04:31.190 562 642 D SystemServerInitThreadPool: Finished executing Update app-ops uidState in case package com.android.phone changed
04-16 19:04:31.190 562 642 V SystemServerTimingAsync: InitThreadPoolExec:Update app-ops uidState in case package com.android.phone changed took to complete: 0ms
04-16 19:04:31.190 562 642 D SystemServerTimingAsync: InitThreadPoolExec:Update app-ops uidState in case package com.android.dynsystem changed
04-16 19:04:31.190 562 642 D SystemServerInitThreadPool: Started executing Update app-ops uidState in case package com.android.dynsystem changed
04-16 19:04:31.191 562 642 D SystemServerInitThreadPool: Finished executing Update app-ops uidState in case package com.android.dynsystem changed
04-16 19:04:31.191 562 642 V SystemServerTimingAsync: InitThreadPoolExec:Update app-ops uidState in case package com.android.dynsystem changed took to complete: 0ms
04-16 19:04:31.191 562 642 D SystemServerTimingAsync: InitThreadPoolExec:Update app-ops uidState in case package android changed
04-16 19:04:31.191 562 642 D SystemServerInitThreadPool: Started executing Update app-ops uidState in case package android changed
04-16 19:04:31.191 562 642 D SystemServerInitThreadPool: Finished executing Update app-ops uidState in case package android changed
04-16 19:04:31.191 562 642 V SystemServerTimingAsync: InitThreadPoolExec:Update app-ops uidState in case package android changed took to complete: 1ms
04-16 19:04:31.197 562 592 V SystemServerTimingAsync: InitThreadPoolExec:Update app-ops uidState in case package com.android.internal.display.cutout.emulation.emu01 changed took to complete: 50ms
04-16 19:04:31.197 562 592 D SystemServerTimingAsync: InitThreadPoolExec:Update app-ops uidState in case package com.android.inputdevices changed
04-16 19:04:31.197 562 592 D SystemServerInitThreadPool: Started executing Update app-ops uidState in case package com.android.inputdevices changed
04-16 19:04:31.197 562 592 D SystemServerInitThreadPool: Finished executing Update app-ops uidState in case package com.android.inputdevices changed
04-16 19:04:31.198 562 592 V SystemServerTimingAsync: InitThreadPoolExec:Update app-ops uidState in case package com.android.inputdevices changed took to complete: 1ms
04-16 19:04:31.198 562 592 D SystemServerTimingAsync: InitThreadPoolExec:Update app-ops uidState in case package com.android.server.telecom changed
04-16 19:04:31.198 562 592 D SystemServerInitThreadPool: Started executing Update app-ops uidState in case package com.android.server.telecom changed
04-16 19:04:31.198 562 592 D SystemServerInitThreadPool: Finished executing Update app-ops uidState in case package com.android.server.telecom changed
04-16 19:04:31.198 562 592 V SystemServerTimingAsync: InitThreadPoolExec:Update app-ops uidState in case package com.android.server.telecom changed took to complete: 0ms
04-16 19:04:31.198 562 592 D SystemServerTimingAsync: InitThreadPoolExec:Update app-ops uidState in case package com.android.keychain changed
04-16 19:04:31.198 562 592 D SystemServerInitThreadPool: Started executing Update app-ops uidState in case package com.android.keychain changed
04-16 19:04:31.199 562 592 D SystemServerInitThreadPool: Finished executing Update app-ops uidState in case package com.android.keychain changed
04-16 19:04:31.199 562 592 V SystemServerTimingAsync: InitThreadPoolExec:Update app-ops uidState in case package com.android.keychain changed took to complete: 1ms
04-16 19:04:31.199 562 592 D SystemServerTimingAsync: InitThreadPoolExec:Update app-ops uidState in case package com.android.localtransport changed
04-16 19:04:31.199 562 592 D SystemServerInitThreadPool: Started executing Update app-ops uidState in case package com.android.localtransport changed
04-16 19:04:31.209 562 562 V SystemServerTiming: updateForceBackgroundCheck took to complete: 30ms
04-16 19:04:31.210 562 562 I SystemServer: Making services ready
04-16 19:04:31.210 562 562 D SystemServerTiming: StartActivityManagerReadyPhase
04-16 19:04:31.210 562 562 I SystemServiceManager: Starting phase 550
04-16 19:04:31.210 562 562 D SystemServerTiming: OnBootPhase_550
04-16 19:04:31.210 562 562 D SystemServerTiming: OnBootPhase_550_com.android.server.security.FileIntegrityService
04-16 19:04:31.210 562 562 V SystemServerTiming: OnBootPhase_550_com.android.server.security.FileIntegrityService took to complete: 0ms
04-16 19:04:31.210 562 562 D SystemServerTiming: OnBootPhase_550_com.android.server.pm.Installer
04-16 19:04:31.210 562 562 V SystemServerTiming: OnBootPhase_550_com.android.server.pm.Installer took to complete: 0ms
04-16 19:04:31.210 562 562 D SystemServerTiming: OnBootPhase_550_com.android.server.os.DeviceIdentifiersPolicyService
04-16 19:04:31.210 562 562 V SystemServerTiming: OnBootPhase_550_com.android.server.os.DeviceIdentifiersPolicyService took to complete: 0ms
04-16 19:04:31.211 562 562 D SystemServerTiming: OnBootPhase_550_com.android.server.uri.UriGrantsManagerService$Lifecycle
04-16 19:04:31.211 562 562 V SystemServerTiming: OnBootPhase_550_com.android.server.uri.UriGrantsManagerService$Lifecycle took to complete: 0ms
04-16 19:04:31.211 562 562 D SystemServerTiming: OnBootPhase_550_com.android.server.powerstats.PowerStatsService
04-16 19:04:31.211 562 562 V SystemServerTiming: OnBootPhase_550_com.android.server.powerstats.PowerStatsService took to complete: 0ms
04-16 19:04:31.211 562 562 D SystemServerTiming: OnBootPhase_550_com.android.server.permission.access.AccessCheckingService
04-16 19:04:31.211 562 562 V SystemServerTiming: OnBootPhase_550_com.android.server.permission.access.AccessCheckingService took to complete: 0ms
04-16 19:04:31.211 562 562 D SystemServerTiming: OnBootPhase_550_com.android.server.wm.ActivityTaskManagerService$Lifecycle
04-16 19:04:31.211 562 562 V SystemServerTiming: OnBootPhase_550_com.android.server.wm.ActivityTaskManagerService$Lifecycle took to complete: 0ms
04-16 19:04:31.211 562 562 D SystemServerTiming: OnBootPhase_550_com.android.server.am.ActivityManagerService$Lifecycle
04-16 19:04:31.216 562 642 D SystemServerTimingAsync: InitThreadPoolExec:Update app-ops uidState in case package com.android.providers.settings changed
04-16 19:04:31.216 562 642 D SystemServerInitThreadPool: Started executing Update app-ops uidState in case package com.android.providers.settings changed
04-16 19:04:31.216 562 642 D SystemServerInitThreadPool: Finished executing Update app-ops uidState in case package com.android.providers.settings changed
04-16 19:04:31.216 562 642 V SystemServerTimingAsync: InitThreadPoolExec:Update app-ops uidState in case package com.android.providers.settings changed took to complete: 1ms
04-16 19:04:31.217 562 642 D SystemServerTimingAsync: InitThreadPoolExec:Update app-ops uidState in case package com.android.emulator.multidisplay changed
04-16 19:04:31.217 562 642 D SystemServerInitThreadPool: Started executing Update app-ops uidState in case package com.android.emulator.multidisplay changed
04-16 19:04:31.217 562 642 D SystemServerInitThreadPool: Finished executing Update app-ops uidState in case package com.android.emulator.multidisplay changed
04-16 19:04:31.217 562 642 V SystemServerTimingAsync: InitThreadPoolExec:Update app-ops uidState in case package com.android.emulator.multidisplay changed took to complete: 0ms
04-16 19:04:31.217 562 642 D SystemServerTimingAsync: InitThreadPoolExec:Update app-ops uidState in case package com.android.settings changed
04-16 19:04:31.217 562 642 D SystemServerInitThreadPool: Started executing Update app-ops uidState in case package com.android.settings changed
04-16 19:04:31.217 562 642 D SystemServerInitThreadPool: Finished executing Update app-ops uidState in case package com.android.settings changed
04-16 19:04:31.218 562 642 V SystemServerTimingAsync: InitThreadPoolExec:Update app-ops uidState in case package com.android.settings changed took to complete: 1ms
04-16 19:04:31.218 562 642 D SystemServerTimingAsync: InitThreadPoolExec:Update app-ops uidState in case package com.android.wallpaperbackup changed
04-16 19:04:31.218 562 642 D SystemServerInitThreadPool: Started executing Update app-ops uidState in case package com.android.wallpaperbackup changed
04-16 19:04:31.218 562 642 D SystemServerInitThreadPool: Finished executing Update app-ops uidState in case package com.android.wallpaperbackup changed
04-16 19:04:31.218 562 642 V SystemServerTimingAsync: InitThreadPoolExec:Update app-ops uidState in case package com.android.wallpaperbackup changed took to complete: 0ms
04-16 19:04:31.218 562 642 D SystemServerTimingAsync: InitThreadPoolExec:Update app-ops uidState in case package com.android.location.fused changed
04-16 19:04:31.218 562 642 D SystemServerInitThreadPool: Started executing Update app-ops uidState in case package com.android.location.fused changed
04-16 19:04:31.218 562 642 D SystemServerInitThreadPool: Finished executing Update app-ops uidState in case package com.android.location.fused changed
04-16 19:04:31.219 562 642 V SystemServerTimingAsync: InitThreadPoolExec:Update app-ops uidState in case package com.android.location.fused changed took to complete: 1ms
04-16 19:04:31.219 562 651 D SystemServerInitThreadPool: Finished executing Update app-ops uidState in case package com.android.networkstack changed
04-16 19:04:31.219 562 651 V SystemServerTimingAsync: InitThreadPoolExec:Update app-ops uidState in case package com.android.networkstack changed took to complete: 43ms
04-16 19:04:31.219 562 592 D SystemServerInitThreadPool: Finished executing Update app-ops uidState in case package com.android.localtransport changed
04-16 19:04:31.219 562 592 V SystemServerTimingAsync: InitThreadPoolExec:Update app-ops uidState in case package com.android.localtransport changed took to complete: 20ms
04-16 19:04:31.221 562 666 D SystemServerInitThreadPool: Started executing Update app-ops uidState in case package com.android.ons changed
04-16 19:04:31.221 562 666 D SystemServerInitThreadPool: Finished executing Update app-ops uidState in case package com.android.ons changed
