04-15 16:16:42.862 534 534 I ScreenUndimDetector: readValuesFromDeviceConfig():
04-15 16:16:42.862 534 534 I ScreenUndimDetector: mKeepScreenOnForMillis=600000
04-15 16:16:42.862 534 534 I ScreenUndimDetector: mKeepScreenOnNotificationEnabled=true
04-15 16:16:42.862 534 534 I ScreenUndimDetector: mUndimsRequired=2
04-15 16:16:42.865 848 848 I AidlLazyServiceRegistrar: Process has 1 (of 1 available) client(s) in use after notification android.hardware.biometrics.fingerprint.IFingerprint/default has clients: 1
04-15 16:16:42.872 0 0 I servicemanager: Notifying android.hardware.biometrics.fingerprint.IFingerprint/default they do (previously: don't) have clients when we now have a record of a client
04-15 16:16:42.875 534 534 W SystemServiceManager: Service com.android.server.power.PowerManagerService took 104 ms in onBootPhase
04-15 16:16:42.883 534 584 W KeyguardServiceDelegate: onScreenTurningOn(): no keyguard service!
04-15 16:16:42.885 534 584 I DisplayBrightnessStrategySelector: Changing the DisplayBrightnessStrategy from InvalidBrightnessStrategy toOverrideBrightnessStrategy for display 0
04-15 16:16:42.886 534 534 V SystemServerTiming: OnBootPhase_500_com.android.server.power.PowerManagerService took to complete: 105ms
04-15 16:16:42.886 534 534 D SystemServerTiming: OnBootPhase_500_com.android.server.power.ThermalManagerService
04-15 16:16:42.886 534 534 V SystemServerTiming: OnBootPhase_500_com.android.server.power.ThermalManagerService took to complete: 0ms
04-15 16:16:42.886 534 534 D SystemServerTiming: OnBootPhase_500_com.android.server.power.hint.HintManagerService
04-15 16:16:42.887 534 534 V HintManagerService: Initializing HintManager service...
04-15 16:16:42.887 534 534 V HistoricalRegistry: Interaction before persistence initialized
04-15 16:16:42.887 534 534 V SystemServerTiming: OnBootPhase_500_com.android.server.power.hint.HintManagerService took to complete: 0ms
04-15 16:16:42.887 534 534 D SystemServerTiming: OnBootPhase_500_com.android.server.recoverysystem.RecoverySystemService$Lifecycle
04-15 16:16:42.894 534 584 V DisplayPowerController2[0]: Brightness [0.39763778] reason changing to: 'override', previous reason: '0'.
04-15 16:16:42.894 534 584 I DisplayPowerController2[0]: BrightnessEvent: disp=0, physDisp=local:4619827259835644672, brt=0.39763778, initBrt=NaN, rcmdBrt=NaN, preBrt=NaN, lux=0.0, preLux=0.0, hbmMax=1.0, hbmMode=off, rbcStrength=0, thrmMax=1.0, powerFactor=1.0, wasShortTermModelActive=false, flags=, reason=override, autoBrightness=false, strategy=OverrideBrightnessStrategy
04-15 16:16:42.898 534 534 V SystemServerTiming: OnBootPhase_500_com.android.server.recoverysystem.RecoverySystemService$Lifecycle took to complete: 0ms
04-15 16:16:42.898 534 534 D SystemServerTiming: OnBootPhase_500_com.android.server.lights.LightsService
04-15 16:16:42.898 534 534 V SystemServerTiming: OnBootPhase_500_com.android.server.lights.LightsService took to complete: 0ms
04-15 16:16:42.899 534 534 D SystemServerTiming: OnBootPhase_500_com.android.server.display.DisplayManagerService
04-15 16:16:42.899 534 534 V SystemServerTiming: OnBootPhase_500_com.android.server.display.DisplayManagerService took to complete: 0ms
04-15 16:16:42.899 534 534 D SystemServerTiming: OnBootPhase_500_com.android.server.pm.verify.domain.DomainVerificationService
04-15 16:16:42.899 534 534 V SystemServerTiming: OnBootPhase_500_com.android.server.pm.verify.domain.DomainVerificationService took to complete: 0ms
04-15 16:16:42.899 534 534 D SystemServerTiming: OnBootPhase_500_com.android.server.pm.PackageInstallerService$Lifecycle
04-15 16:16:42.899 534 534 V SystemServerTiming: OnBootPhase_500_com.android.server.pm.PackageInstallerService$Lifecycle took to complete: 0ms
04-15 16:16:42.899 534 534 D SystemServerTiming: OnBootPhase_500_com.android.server.pm.UserManagerService$LifeCycle
04-15 16:16:42.899 534 534 V SystemServerTiming: OnBootPhase_500_com.android.server.pm.UserManagerService$LifeCycle took to complete: 0ms
04-15 16:16:42.899 534 534 D SystemServerTiming: OnBootPhase_500_com.android.server.om.OverlayManagerService
04-15 16:16:42.899 534 534 V SystemServerTiming: OnBootPhase_500_com.android.server.om.OverlayManagerService took to complete: 0ms
04-15 16:16:42.899 534 534 D SystemServerTiming: OnBootPhase_500_com.android.server.resources.ResourcesManagerService
04-15 16:16:42.899 534 534 V SystemServerTiming: OnBootPhase_500_com.android.server.resources.ResourcesManagerService took to complete: 0ms
04-15 16:16:42.900 373 373 I android.hardware.power-service.example: Power isModeSupported: 9
04-15 16:16:42.903 534 534 D SystemServerTiming: OnBootPhase_500_com.android.server.sensorprivacy.SensorPrivacyService
04-15 16:16:42.905 534 558 I DisplayDeviceRepository: Display device changed state: "Built-in Screen", ON
04-15 16:16:42.913 534 558 I InputManager-JNI: Viewport [0] to add: local:4619827259835644672, isActive: true
04-15 16:16:42.928 394 394 D SurfaceFlinger: Setting power mode 2 on display 4619827259835644672
04-15 16:16:42.930 534 534 V SystemServerTiming: OnBootPhase_500_com.android.server.sensorprivacy.SensorPrivacyService took to complete: 28ms
04-15 16:16:42.931 534 534 D SystemServerTiming: OnBootPhase_500_com.android.server.sensors.SensorService
04-15 16:16:42.931 534 534 V SystemServerTiming: OnBootPhase_500_com.android.server.sensors.SensorService took to complete: 0ms
04-15 16:16:42.931 534 534 D SystemServerTiming: OnBootPhase_500_com.android.server.SystemConfigService
04-15 16:16:42.931 534 534 V SystemServerTiming: OnBootPhase_500_com.android.server.SystemConfigService took to complete: 0ms
04-15 16:16:42.931 534 534 D SystemServerTiming: OnBootPhase_500_com.android.server.BatteryService
04-15 16:16:42.931 534 534 V SystemServerTiming: OnBootPhase_500_com.android.server.BatteryService took to complete: 0ms
04-15 16:16:42.931 534 534 D SystemServerTiming: OnBootPhase_500_com.android.server.usage.UsageStatsService
04-15 16:16:42.934 534 534 D AppStandbyController: Setting app idle enabled state
04-15 16:16:42.959 534 640 I InputReader: Reconfiguring input devices, changes=DISPLAY_INFO
04-15 16:16:42.964 534 534 D AppStandbyController: Initializing defaults for system apps on user 0, appIdleEnabled=false
04-15 16:16:42.972 534 640 I InputReader: Touch device 'virtio_input_multi_touch_11' could not query the properties of its associated display. The device will be inoperable until the display size becomes available.
04-15 16:16:42.975 534 640 I InputReader: Touch device 'virtio_input_multi_touch_10' could not query the properties of its associated display. The device will be inoperable until the display size becomes available.
04-15 16:16:42.975 534 640 I InputReader: Touch device 'virtio_input_multi_touch_9' could not query the properties of its associated display. The device will be inoperable until the display size becomes available.
04-15 16:16:42.975 534 640 I InputReader: Touch device 'virtio_input_multi_touch_7' could not query the properties of its associated display. The device will be inoperable until the display size becomes available.
04-15 16:16:42.975 534 640 I InputReader: Touch device 'virtio_input_multi_touch_6' could not query the properties of its associated display. The device will be inoperable until the display size becomes available.
04-15 16:16:42.978 534 640 I InputReader: Touch device 'virtio_input_multi_touch_5' could not query the properties of its associated display. The device will be inoperable until the display size becomes available.
04-15 16:16:42.978 534 640 I InputReader: Touch device 'virtio_input_multi_touch_4' could not query the properties of its associated display. The device will be inoperable until the display size becomes available.
04-15 16:16:42.978 534 640 I InputReader: Touch device 'virtio_input_multi_touch_3' could not query the properties of its associated display. The device will be inoperable until the display size becomes available.
04-15 16:16:42.980 534 558 I DisplayDeviceRepository: Display device changed state: "Built-in Screen", ON
04-15 16:16:42.986 534 640 I InputReader: Device reconfigured: id=4, name='virtio_input_multi_touch_1', size 1080x2400, orientation 0, mode 1, display id 0
04-15 16:16:43.013 534 640 I InputReader: Touch device 'virtio_input_multi_touch_2' could not query the properties of its associated display. The device will be inoperable until the display size becomes available.
04-15 16:16:43.013 534 640 I InputReader: Touch device 'virtio_input_multi_touch_8' could not query the properties of its associated display. The device will be inoperable until the display size becomes available.
04-15 16:16:43.045 534 564 E AppWidgetManager: Nofity service of inheritance info
04-15 16:16:43.045 534 564 E AppWidgetManager: java.lang.IllegalStateException: User 0 must be unlocked for widgets to be available
04-15 16:16:43.045 534 564 E AppWidgetManager: at com.android.server.appwidget.AppWidgetServiceImpl.ensureGroupStateLoadedLocked(AppWidgetServiceImpl.java:650)
04-15 16:16:43.045 534 564 E AppWidgetManager: at com.android.server.appwidget.AppWidgetServiceImpl.ensureGroupStateLoadedLocked(AppWidgetServiceImpl.java:644)
04-15 16:16:43.045 534 564 E AppWidgetManager: at com.android.server.appwidget.AppWidgetServiceImpl.getInstalledProvidersForProfile(AppWidgetServiceImpl.java:1708)
04-15 16:16:43.045 534 564 E AppWidgetManager: at android.appwidget.AppWidgetManager.getInstalledProvidersForProfile(AppWidgetManager.java:923)
04-15 16:16:43.045 534 564 E AppWidgetManager: at android.appwidget.AppWidgetManager.getInstalledProvidersForPackage(AppWidgetManager.java:857)
04-15 16:16:43.045 534 564 E AppWidgetManager: at android.appwidget.AppWidgetManager.lambda$new$3(AppWidgetManager.java:536)
04-15 16:16:43.045 534 564 E AppWidgetManager: at android.appwidget.AppWidgetManager.$r8$lambda$MnZCUjy90wcD58stsygv3SVPbu4(Unknown Source:0)
04-15 16:16:43.045 534 564 E AppWidgetManager: at android.appwidget.AppWidgetManager$$ExternalSyntheticLambda4.run(Unknown Source:2)
04-15 16:16:43.045 534 564 E AppWidgetManager: at android.os.Handler.handleCallback(Handler.java:958)
04-15 16:16:43.045 534 564 E AppWidgetManager: at android.os.Handler.dispatchMessage(Handler.java:99)
04-15 16:16:43.045 534 564 E AppWidgetManager: at android.os.Looper.loopOnce(Looper.java:205)
04-15 16:16:43.045 534 564 E AppWidgetManager: at android.os.Looper.loop(Looper.java:294)
04-15 16:16:43.045 534 564 E AppWidgetManager: at android.os.HandlerThread.run(HandlerThread.java:67)
04-15 16:16:43.049 534 534 E AppIdleHistory: Unable to read app idle file for user 0
04-15 16:16:43.049 534 534 E AppIdleHistory: java.io.FileNotFoundException: /data/system/users/0/app_idle_stats.xml: open failed: ENOENT (No such file or directory)
04-15 16:16:43.049 534 534 E AppIdleHistory: at libcore.io.IoBridge.open(IoBridge.java:574)
04-15 16:16:43.049 534 534 E AppIdleHistory: at java.io.FileInputStream.(FileInputStream.java:160)
04-15 16:16:43.049 534 534 E AppIdleHistory: at android.util.AtomicFile.openRead(AtomicFile.java:260)
04-15 16:16:43.049 534 534 E AppIdleHistory: at com.android.server.usage.AppIdleHistory.readAppIdleTimes(AppIdleHistory.java:715)
04-15 16:16:43.049 534 534 E AppIdleHistory: at com.android.server.usage.AppIdleHistory.getUserHistory(AppIdleHistory.java:384)
04-15 16:16:43.049 534 534 E AppIdleHistory: at com.android.server.usage.AppIdleHistory.reportUsage(AppIdleHistory.java:372)
04-15 16:16:43.049 534 534 E AppIdleHistory: at com.android.server.usage.AppStandbyController.initializeDefaultsForSystemApps(AppStandbyController.java:2335)
04-15 16:16:43.049 534 534 E AppIdleHistory: at com.android.server.usage.AppStandbyController.onBootPhase(AppStandbyController.java:701)
04-15 16:16:43.049 534 534 E AppIdleHistory: at com.android.server.usage.UsageStatsService.onBootPhase(UsageStatsService.java:368)
04-15 16:16:43.049 534 534 E AppIdleHistory: at com.android.server.SystemServiceManager.startBootPhase(SystemServiceManager.java:291)
04-15 16:16:43.049 534 534 E AppIdleHistory: at com.android.server.SystemServer.startOtherServices(SystemServer.java:2747)
04-15 16:16:43.049 534 534 E AppIdleHistory: at com.android.server.SystemServer.run(SystemServer.java:942)
04-15 16:16:43.049 534 534 E AppIdleHistory: at com.android.server.SystemServer.main(SystemServer.java:664)
04-15 16:16:43.049 534 534 E AppIdleHistory: at java.lang.reflect.Method.invoke(Native Method)
04-15 16:16:43.049 534 534 E AppIdleHistory: at com.android.internal.os.RuntimeInit$MethodAndArgsCaller.run(RuntimeInit.java:552)
04-15 16:16:43.049 534 534 E AppIdleHistory: at com.android.internal.os.ZygoteInit.main(ZygoteInit.java:949)
04-15 16:16:43.049 534 534 E AppIdleHistory: Caused by: android.system.ErrnoException: open failed: ENOENT (No such file or directory)
04-15 16:16:43.049 534 534 E AppIdleHistory: at libcore.io.Linux.open(Native Method)
04-15 16:16:43.049 534 534 E AppIdleHistory: at libcore.io.ForwardingOs.open(ForwardingOs.java:563)
04-15 16:16:43.049 534 534 E AppIdleHistory: at libcore.io.BlockGuardOs.open(BlockGuardOs.java:274)
04-15 16:16:43.049 534 534 E AppIdleHistory: at libcore.io.IoBridge.open(IoBridge.java:560)
04-15 16:16:43.049 534 534 E AppIdleHistory: ... 15 more
04-15 16:16:43.137 534 534 V HistoricalRegistry: Interaction before persistence initialized
04-15 16:16:43.138 534 534 W SystemServiceManager: Service com.android.server.usage.UsageStatsService took 207 ms in onBootPhase
04-15 16:16:43.138 534 534 V SystemServerTiming: OnBootPhase_500_com.android.server.usage.UsageStatsService took to complete: 207ms
04-15 16:16:43.138 534 534 D SystemServerTiming: OnBootPhase_500_com.android.server.webkit.WebViewUpdateService
04-15 16:16:43.138 534 534 V SystemServerTiming: OnBootPhase_500_com.android.server.webkit.WebViewUpdateService took to complete: 0ms
04-15 16:16:43.138 534 534 D SystemServerTiming: OnBootPhase_500_com.android.server.CachedDeviceStateService
04-15 16:16:43.139 534 534 V SystemServerTiming: OnBootPhase_500_com.android.server.CachedDeviceStateService took to complete: 0ms
04-15 16:16:43.139 534 534 D SystemServerTiming: OnBootPhase_500_com.android.server.BinderCallsStatsService$LifeCycle
04-15 16:16:43.149 534 534 V SystemServerTiming: OnBootPhase_500_com.android.server.BinderCallsStatsService$LifeCycle took to complete: 10ms
04-15 16:16:43.149 534 534 D SystemServerTiming: OnBootPhase_500_com.android.server.LooperStatsService$Lifecycle
04-15 16:16:43.149 534 534 V SystemServerTiming: OnBootPhase_500_com.android.server.LooperStatsService$Lifecycle took to complete: 1ms
04-15 16:16:43.150 534 534 D SystemServerTiming: OnBootPhase_500_com.android.server.rollback.RollbackManagerService
04-15 16:16:43.150 534 534 V SystemServerTiming: OnBootPhase_500_com.android.server.rollback.RollbackManagerService took to complete: 0ms
04-15 16:16:43.150 534 534 D SystemServerTiming: OnBootPhase_500_com.android.server.os.NativeTombstoneManagerService
04-15 16:16:43.150 534 534 V SystemServerTiming: OnBootPhase_500_com.android.server.os.NativeTombstoneManagerService took to complete: 0ms
04-15 16:16:43.150 534 534 D SystemServerTiming: OnBootPhase_500_com.android.server.os.BugreportManagerService
04-15 16:16:43.150 534 534 V SystemServerTiming: OnBootPhase_500_com.android.server.os.BugreportManagerService took to complete: 0ms
04-15 16:16:43.150 534 534 D SystemServerTiming: OnBootPhase_500_com.android.server.gpu.GpuService
04-15 16:16:43.150 534 534 V SystemServerTiming: OnBootPhase_500_com.android.server.gpu.GpuService took to complete: 0ms
04-15 16:16:43.150 534 534 D SystemServerTiming: OnBootPhase_500_com.android.server.security.rkp.RemoteProvisioningService
04-15 16:16:43.150 534 534 V SystemServerTiming: OnBootPhase_500_com.android.server.security.rkp.RemoteProvisioningService took to complete: 0ms
04-15 16:16:43.150 534 534 D SystemServerTiming: OnBootPhase_500_com.android.server.cpu.CpuMonitorService
04-15 16:16:43.150 534 534 V SystemServerTiming: OnBootPhase_500_com.android.server.cpu.CpuMonitorService took to complete: 0ms
04-15 16:16:43.151 534 534 D SystemServerTiming: OnBootPhase_500_com.android.server.security.KeyChainSystemService
04-15 16:16:43.151 534 534 V SystemServerTiming: OnBootPhase_500_com.android.server.security.KeyChainSystemService took to complete: 0ms
04-15 16:16:43.151 534 534 D SystemServerTiming: OnBootPhase_500_com.android.server.BinaryTransparencyService
04-15 16:16:43.151 534 534 V SystemServerTiming: OnBootPhase_500_com.android.server.BinaryTransparencyService took to complete: 0ms
04-15 16:16:43.151 534 534 D SystemServerTiming: OnBootPhase_500_com.android.server.telecom.TelecomLoaderService
04-15 16:16:43.152 534 534 V SystemServerTiming: OnBootPhase_500_com.android.server.telecom.TelecomLoaderService took to complete: 0ms
04-15 16:16:43.152 534 534 D SystemServerTiming: OnBootPhase_500_com.android.server.accounts.AccountManagerService$Lifecycle
04-15 16:16:43.152 534 534 V SystemServerTiming: OnBootPhase_500_com.android.server.accounts.AccountManagerService$Lifecycle took to complete: 0ms
04-15 16:16:43.152 534 534 D SystemServerTiming: OnBootPhase_500_com.android.server.content.ContentService$Lifecycle
04-15 16:16:43.152 534 534 V SystemServerTiming: OnBootPhase_500_com.android.server.content.ContentService$Lifecycle took to complete: 0ms
04-15 16:16:43.152 534 534 D SystemServerTiming: OnBootPhase_500_com.android.server.deviceconfig.DeviceConfigInit$Lifecycle
04-15 16:16:43.152 534 534 V SystemServerTiming: OnBootPhase_500_com.android.server.deviceconfig.DeviceConfigInit$Lifecycle took to complete: 0ms
04-15 16:16:43.152 534 534 D SystemServerTiming: OnBootPhase_500_com.android.server.DropBoxManagerService
04-15 16:16:43.154 534 534 V SystemServerTiming: OnBootPhase_500_com.android.server.DropBoxManagerService took to complete: 1ms
04-15 16:16:43.154 534 534 D SystemServerTiming: OnBootPhase_500_com.android.role.RoleService
04-15 16:16:43.154 534 534 V SystemServerTiming: OnBootPhase_500_com.android.role.RoleService took to complete: 0ms
04-15 16:16:43.154 534 534 D SystemServerTiming: OnBootPhase_500_com.android.server.vibrator.VibratorManagerService$Lifecycle
04-15 16:16:43.154 534 534 V VibratorManagerService: Initializing VibratorManager service...
04-15 16:16:43.155 534 534 V HistoricalRegistry: Interaction before persistence initialized
04-15 16:16:43.167 534 534 V VibratorManagerService: VibratorManager service initialized
04-15 16:16:43.168 534 534 V SystemServerTiming: OnBootPhase_500_com.android.server.vibrator.VibratorManagerService$Lifecycle took to complete: 14ms
04-15 16:16:43.168 534 534 D SystemServerTiming: OnBootPhase_500_com.android.server.tare.InternalResourceService
04-15 16:16:43.175 534 534 V SystemServerTiming: OnBootPhase_500_com.android.server.tare.InternalResourceService took to complete: 7ms
04-15 16:16:43.176 534 534 D SystemServerTiming: OnBootPhase_500_com.android.server.alarm.AlarmManagerService
04-15 16:16:43.190 534 534 V SystemServerTiming: OnBootPhase_500_com.android.server.alarm.AlarmManagerService took to complete: 14ms
04-15 16:16:43.190 534 534 D SystemServerTiming: OnBootPhase_500_com.android.server.devicestate.DeviceStateManagerService
04-15 16:16:43.191 534 534 V SystemServerTiming: OnBootPhase_500_com.android.server.devicestate.DeviceStateManagerService took to complete: 0ms
04-15 16:16:43.191 534 534 D SystemServerTiming: OnBootPhase_500_com.android.server.camera.CameraServiceProxy
04-15 16:16:43.191 534 534 V SystemServerTiming: OnBootPhase_500_com.android.server.camera.CameraServiceProxy took to complete: 0ms
04-15 16:16:43.191 534 534 D SystemServerTiming: OnBootPhase_500_com.android.server.bluetooth.BluetoothService
04-15 16:16:43.194 534 534 V SystemServerTiming: OnBootPhase_500_com.android.server.bluetooth.BluetoothService took to complete: 2ms
04-15 16:16:43.194 534 534 D SystemServerTiming: OnBootPhase_500_com.android.server.connectivity.IpConnectivityMetrics
04-15 16:16:43.198 534 811 D ConnectivityService: NetReassign [no changes] [c 0] [a 0] [i 0]
04-15 16:16:43.201 534 534 V SystemServerTiming: OnBootPhase_500_com.android.server.connectivity.IpConnectivityMetrics took to complete: 8ms
04-15 16:16:43.202 534 534 D SystemServerTiming: OnBootPhase_500_com.android.server.net.watchlist.NetworkWatchlistService$Lifecycle
04-15 16:16:43.202 534 534 V SystemServerTiming: OnBootPhase_500_com.android.server.net.watchlist.NetworkWatchlistService$Lifecycle took to complete: 0ms
04-15 16:16:43.202 534 534 D SystemServerTiming: OnBootPhase_500_com.android.server.PinnerService
04-15 16:16:43.203 534 534 V SystemServerTiming: OnBootPhase_500_com.android.server.PinnerService took to complete: 1ms
04-15 16:16:43.203 534 534 D SystemServerTiming: OnBootPhase_500_com.android.server.integrity.AppIntegrityManagerService
04-15 16:16:43.204 534 534 V SystemServerTiming: OnBootPhase_500_com.android.server.integrity.AppIntegrityManagerService took to complete: 0ms
04-15 16:16:43.204 534 534 D SystemServerTiming: OnBootPhase_500_com.android.server.logcat.LogcatManagerService
04-15 16:16:43.204 534 534 V SystemServerTiming: OnBootPhase_500_com.android.server.logcat.LogcatManagerService took to complete: 0ms
04-15 16:16:43.204 534 534 D SystemServerTiming: OnBootPhase_500_com.android.server.inputmethod.InputMethodManagerService$Lifecycle
04-15 16:16:43.205 534 534 V SystemServerTiming: OnBootPhase_500_com.android.server.inputmethod.InputMethodManagerService$Lifecycle took to complete: 0ms
04-15 16:16:43.205 534 534 D SystemServerTiming: OnBootPhase_500_com.android.server.accessibility.AccessibilityManagerService$Lifecycle
04-15 16:16:43.205 534 534 V SystemServerTiming: OnBootPhase_500_com.android.server.accessibility.AccessibilityManagerService$Lifecycle took to complete: 0ms
04-15 16:16:43.205 534 534 D SystemServerTiming: OnBootPhase_500_com.android.server.StorageManagerService$Lifecycle
04-15 16:16:43.207 534 534 V SystemServerTiming: OnBootPhase_500_com.android.server.StorageManagerService$Lifecycle took to complete: 1ms
04-15 16:16:43.207 534 534 D SystemServerTiming: OnBootPhase_500_com.android.server.usage.StorageStatsService$Lifecycle
04-15 16:16:43.210 534 534 V SystemServerTiming: OnBootPhase_500_com.android.server.usage.StorageStatsService$Lifecycle took to complete: 0ms
04-15 16:16:43.210 534 534 D SystemServerTiming: OnBootPhase_500_com.android.server.UiModeManagerService
04-15 16:16:43.221 534 534 I ActivityTaskManager: Config changes=200 {1.0 ?mcc0mnc [en_US] ldltr sw411dp w411dp h914dp 420dpi nrml long port finger qwerty/v/v -nav/h winConfig={ mBounds=Rect(0, 0 - 1080, 2400) mAppBounds=Rect(0, 0 - 1080, 2400) mMaxBounds=Rect(0, 0 - 1080, 2400) mDisplayRotation=ROTATION_0 mWindowingMode=fullscreen mDisplayWindowingMode=fullscreen mActivityType=undefined mAlwaysOnTop=undefined mRotation=ROTATION_0} s.6 ?fontWeightAdjustment}
04-15 16:16:43.225 534 534 I WindowManager: Override config changes=200 {1.0 ?mcc0mnc [en_US] ldltr sw411dp w411dp h914dp 420dpi nrml long port finger qwerty/v/v -nav/h winConfig={ mBounds=Rect(0, 0 - 1080, 2400) mAppBounds=Rect(0, 0 - 1080, 2400) mMaxBounds=Rect(0, 0 - 1080, 2400) mDisplayRotation=ROTATION_0 mWindowingMode=fullscreen mDisplayWindowingMode=fullscreen mActivityType=undefined mAlwaysOnTop=undefined mRotation=ROTATION_0} s.6 ?fontWeightAdjustment} for displayId=0
04-15 16:16:43.242 534 534 V SystemServerTiming: OnBootPhase_500_com.android.server.UiModeManagerService took to complete: 31ms
04-15 16:16:43.242 534 534 D SystemServerTiming: OnBootPhase_500_com.android.server.locales.LocaleManagerService
04-15 16:16:43.243 534 534 V SystemServerTiming: OnBootPhase_500_com.android.server.locales.LocaleManagerService took to complete: 0ms
04-15 16:16:43.243 534 534 D SystemServerTiming: OnBootPhase_500_com.android.server.grammaticalinflection.GrammaticalInflectionService
04-15 16:16:43.244 534 534 V SystemServerTiming: OnBootPhase_500_com.android.server.grammaticalinflection.GrammaticalInflectionService took to complete: 0ms
04-15 16:16:43.244 534 534 D SystemServerTiming: OnBootPhase_500_com.android.server.apphibernation.AppHibernationService
04-15 16:16:43.250 534 534 V SystemServerTiming: OnBootPhase_500_com.android.server.apphibernation.AppHibernationService took to complete: 6ms
04-15 16:16:43.251 534 534 D SystemServerTiming: OnBootPhase_500_com.android.server.locksettings.LockSettingsService$Lifecycle
04-15 16:16:43.251 534 534 V SystemServerTiming: OnBootPhase_500_com.android.server.locksettings.LockSettingsService$Lifecycle took to complete: 0ms
04-15 16:16:43.252 534 534 D SystemServerTiming: OnBootPhase_500_com.android.server.testharness.TestHarnessModeService
04-15 16:16:43.253 534 534 D TestHarnessModeService: Setting up test harness mode
04-15 16:16:43.253 534 534 D TestHarnessModeService: Getting PersistentDataBlockManagerInternal from LocalServices
04-15 16:16:43.254 534 534 E TestHarnessModeService: Failed to start Test Harness Mode; no implementation of PersistentDataBlockManagerInternal was bound!
04-15 16:16:43.254 534 534 V SystemServerTiming: OnBootPhase_500_com.android.server.testharness.TestHarnessModeService took to complete: 1ms
04-15 16:16:43.255 534 534 D SystemServerTiming: OnBootPhase_500_com.android.server.DeviceIdleController
04-15 16:16:43.272 534 534 V HistoricalRegistry: Interaction before persistence initialized
04-15 16:16:43.281 534 534 V SystemServerTiming: OnBootPhase_500_com.android.server.DeviceIdleController took to complete: 26ms
04-15 16:16:43.281 534 534 D SystemServerTiming: OnBootPhase_500_com.android.server.devicepolicy.DevicePolicyManagerService$Lifecycle
04-15 16:16:43.282 534 534 V SystemServerTiming: OnBootPhase_500_com.android.server.devicepolicy.DevicePolicyManagerService$Lifecycle took to complete: 0ms
04-15 16:16:43.282 534 534 D SystemServerTiming: OnBootPhase_500_com.android.server.texttospeech.TextToSpeechManagerService
04-15 16:16:43.283 534 534 V SystemServerTiming: OnBootPhase_500_com.android.server.texttospeech.TextToSpeechManagerService took to complete: 0ms
04-15 16:16:43.283 534 534 D SystemServerTiming: OnBootPhase_500_com.android.server.ambientcontext.AmbientContextManagerService
04-15 16:16:43.290 534 534 V SystemServerTiming: OnBootPhase_500_com.android.server.ambientcontext.AmbientContextManagerService took to complete: 6ms
04-15 16:16:43.290 534 534 D SystemServerTiming: OnBootPhase_500_com.android.server.wearable.WearableSensingManagerService
04-15 16:16:43.292 534 534 V SystemServerTiming: OnBootPhase_500_com.android.server.wearable.WearableSensingManagerService took to complete: 1ms
04-15 16:16:43.292 534 534 D SystemServerTiming: OnBootPhase_500_com.android.server.speech.SpeechRecognitionManagerService
04-15 16:16:43.293 534 534 V SystemServerTiming: OnBootPhase_500_com.android.server.speech.SpeechRecognitionManagerService took to complete: 0ms
04-15 16:16:43.294 534 534 D SystemServerTiming: OnBootPhase_500_com.android.server.searchui.SearchUiManagerService
04-15 16:16:43.294 534 534 V SystemServerTiming: OnBootPhase_500_com.android.server.searchui.SearchUiManagerService took to complete: 0ms
04-15 16:16:43.294 534 534 D SystemServerTiming: OnBootPhase_500_com.android.server.smartspace.SmartspaceManagerService
04-15 16:16:43.295 534 534 V SystemServerTiming: OnBootPhase_500_com.android.server.smartspace.SmartspaceManagerService took to complete: 0ms
04-15 16:16:43.295 534 534 D SystemServerTiming: OnBootPhase_500_com.android.server.graphics.fonts.FontManagerService$Lifecycle
04-15 16:16:43.296 534 534 V SystemServerTiming: OnBootPhase_500_com.android.server.graphics.fonts.FontManagerService$Lifecycle took to complete: 0ms
04-15 16:16:43.296 534 534 D SystemServerTiming: OnBootPhase_500_com.android.server.textservices.TextServicesManagerService$Lifecycle
04-15 16:16:43.296 534 534 V SystemServerTiming: OnBootPhase_500_com.android.server.textservices.TextServicesManagerService$Lifecycle took to complete: 0ms
04-15 16:16:43.297 534 534 D SystemServerTiming: OnBootPhase_500_com.android.server.textclassifier.TextClassificationManagerService$Lifecycle
04-15 16:16:43.297 534 534 V SystemServerTiming: OnBootPhase_500_com.android.server.textclassifier.TextClassificationManagerService$Lifecycle took to complete: 0ms
04-15 16:16:43.298 534 534 D SystemServerTiming: OnBootPhase_500_com.android.server.NetworkScoreService$Lifecycle
04-15 16:16:43.299 534 534 V SystemServerTiming: OnBootPhase_500_com.android.server.NetworkScoreService$Lifecycle took to complete: 1ms
04-15 16:16:43.299 534 534 D SystemServerTiming: OnBootPhase_500_com.android.server.NetworkStatsServiceInitializer
04-15 16:16:43.300 534 534 V SystemServerTiming: OnBootPhase_500_com.android.server.NetworkStatsServiceInitializer took to complete: 0ms
04-15 16:16:43.300 534 534 D SystemServerTiming: OnBootPhase_500_com.android.server.wifi.WifiService
04-15 16:16:43.302 534 534 V SystemServerTiming: OnBootPhase_500_com.android.server.wifi.WifiService took to complete: 1ms
04-15 16:16:43.302 534 534 D SystemServerTiming: OnBootPhase_500_com.android.server.wifi.scanner.WifiScanningService
04-15 16:16:43.303 534 534 I WifiScanningService: Starting wifiscanner
04-15 16:16:43.310 534 808 I WifiContext: Got resolveInfos for com.android.server.wifi.intent.action.SERVICE_WIFI_RESOURCES_APK: [ResolveInfo{9bcfcb com.android.wifi.resources/android.app.Activity m=0x108000 userHandle=UserHandle{0}}]
04-15 16:16:43.316 534 534 V SystemServerTiming: OnBootPhase_500_com.android.server.wifi.scanner.WifiScanningService took to complete: 9ms
04-15 16:16:43.316 534 534 D SystemServerTiming: OnBootPhase_500_com.android.server.wifi.p2p.WifiP2pService
04-15 16:16:43.318 534 808 I WifiContext: Found Wifi Resources APK at: com.android.wifi.resources
04-15 16:16:43.324 327 327 I netd : registerUnsolicitedEventListener(interface:0x7eb2c4e220c0) <0.52ms>
04-15 16:16:43.326 534 804 I WifiSettingsConfigStore: Migrating data out of settings to shared preferences
04-15 16:16:43.329 534 534 V SystemServerTiming: OnBootPhase_500_com.android.server.wifi.p2p.WifiP2pService took to complete: 12ms
04-15 16:16:43.332 534 804 D WifiConfigStore: Reading from all stores completed in 18 ms.
04-15 16:16:43.332 534 804 W WifiConfigManager: No stored networks found.
04-15 16:16:43.333 534 804 W BroadcastLoopers: Found previously unknown looper Thread[WifiHandlerThread,5,main]
04-15 16:16:43.336 534 534 D SystemServerTiming: OnBootPhase_500_com.android.server.ConnectivityServiceInitializer
04-15 16:16:43.336 534 534 V SystemServerTiming: OnBootPhase_500_com.android.server.ConnectivityServiceInitializer took to complete: 0ms
04-15 16:16:43.336 534 534 D SystemServerTiming: OnBootPhase_500_com.android.server.notification.NotificationManagerService
04-15 16:16:43.346 534 804 I WifiInjector: enableVerboseLogging false hal false
04-15 16:16:43.347 534 804 D WifiNative: enableVerboseLogging false hal false
04-15 16:16:43.347 534 804 E SupplicantStaIfaceHalAidlImpl: Can't call setDebugParams, ISupplicant is null
04-15 16:16:43.350 534 804 I WifiService: WifiService starting up with Wi-Fi enabled
04-15 16:16:43.367 534 804 D WifiController: isAirplaneModeOn = false, isWifiEnabled = true, isScanningAvailable = true, isLocationModeActive = true, isSatelliteModeOn = false
04-15 16:16:43.372 534 804 D WifiActiveModeWarden: Starting primary ClientModeManager in connect mode
04-15 16:16:43.377 534 534 D ConditionProviders: Subscribing to condition://android/event?userId=-10000&calendar=&reply=1 with ComponentInfo{android/com.android.server.notification.EventConditionProvider}
04-15 16:16:43.378 534 534 D ConditionProviders: Subscribing to condition://android/schedule?days=1.2.3.4.5.6.7&start=22.0&end=7.0&exitAtAlarm=true with ComponentInfo{android/com.android.server.notification.ScheduleConditionProvider}
04-15 16:16:43.390 0 0 I servicemanager: Found android.hardware.wifi.IWifi/default in device VINTF manifest.
04-15 16:16:43.385 534 534 V SystemServerTiming: OnBootPhase_500_com.android.server.notification.NotificationManagerService took to complete: 49ms
04-15 16:16:43.386 534 534 D SystemServerTiming: OnBootPhase_500_com.android.server.storage.DeviceStorageMonitorService
04-15 16:16:43.386 534 534 V SystemServerTiming: OnBootPhase_500_com.android.server.storage.DeviceStorageMonitorService took to complete: 0ms
04-15 16:16:43.386 534 534 D SystemServerTiming: OnBootPhase_500_com.android.server.timedetector.TimeDetectorService$Lifecycle
04-15 16:16:43.386 534 534 V SystemServerTiming: OnBootPhase_500_com.android.server.timedetector.TimeDetectorService$Lifecycle took to complete: 0ms
04-15 16:16:43.386 534 534 D SystemServerTiming: OnBootPhase_500_com.android.server.location.LocationManagerService$Lifecycle
04-15 16:16:43.389 534 804 I WifiHalAidlImpl: Obtained the IWifi binder. Local Version: 1
04-15 16:16:43.396 534 534 V HistoricalRegistry: Interaction before persistence initialized
04-15 16:16:43.402 534 804 I WifiHalAidlImpl: Remote Version: 1
04-15 16:16:43.406 534 534 V SystemServerTiming: OnBootPhase_500_com.android.server.location.LocationManagerService$Lifecycle took to complete: 21ms
04-15 16:16:43.407 534 534 D SystemServerTiming: OnBootPhase_500_com.android.server.timezonedetector.TimeZoneDetectorService$Lifecycle
04-15 16:16:43.407 534 534 V SystemServerTiming: OnBootPhase_500_com.android.server.timezonedetector.TimeZoneDetectorService$Lifecycle took to complete: 0ms
04-15 16:16:43.407 534 534 D SystemServerTiming: OnBootPhase_500_com.android.server.location.altitude.AltitudeService$Lifecycle
04-15 16:16:43.407 534 534 V SystemServerTiming: OnBootPhase_500_com.android.server.location.altitude.AltitudeService$Lifecycle took to complete: 0ms
04-15 16:16:43.407 534 534 D SystemServerTiming: OnBootPhase_500_com.android.server.timezonedetector.location.LocationTimeZoneManagerService$Lifecycle
04-15 16:16:43.407 534 534 V SystemServerTiming: OnBootPhase_500_com.android.server.timezonedetector.location.LocationTimeZoneManagerService$Lifecycle took to complete: 1ms
04-15 16:16:43.412 534 534 D SystemServerTiming: OnBootPhase_500_com.android.server.search.SearchManagerService$Lifecycle
04-15 16:16:43.413 534 534 V SystemServerTiming: OnBootPhase_500_com.android.server.search.SearchManagerService$Lifecycle took to complete: 0ms
04-15 16:16:43.414 534 534 D SystemServerTiming: OnBootPhase_500_com.android.server.wallpaper.WallpaperManagerService$Lifecycle
04-15 16:16:43.415 534 534 V SystemServerTiming: OnBootPhase_500_com.android.server.wallpaper.WallpaperManagerService$Lifecycle took to complete: 1ms
04-15 16:16:43.415 534 534 D SystemServerTiming: OnBootPhase_500_com.android.server.wallpapereffectsgeneration.WallpaperEffectsGenerationManagerService
04-15 16:16:43.418 534 534 V SystemServerTiming: OnBootPhase_500_com.android.server.wallpapereffectsgeneration.WallpaperEffectsGenerationManagerService took to complete: 0ms
04-15 16:16:43.419 534 534 D SystemServerTiming: OnBootPhase_500_com.android.server.audio.AudioService$Lifecycle
04-15 16:16:43.419 534 534 V SystemServerTiming: OnBootPhase_500_com.android.server.audio.AudioService$Lifecycle took to complete: 0ms
04-15 16:16:43.436 534 534 D SystemServerTiming: OnBootPhase_500_com.android.server.soundtrigger_middleware.SoundTriggerMiddlewareService$Lifecycle
04-15 16:16:43.436 534 534 V SystemServerTiming: OnBootPhase_500_com.android.server.soundtrigger_middleware.SoundTriggerMiddlewareService$Lifecycle took to complete: 0ms
04-15 16:16:43.438 534 534 D SystemServerTiming: OnBootPhase_500_com.android.server.DockObserver
04-15 16:16:43.439 534 534 V SystemServerTiming: OnBootPhase_500_com.android.server.DockObserver took to complete: 0ms
04-15 16:16:43.439 534 534 D SystemServerTiming: OnBootPhase_500_com.android.server.midi.MidiService$Lifecycle
04-15 16:16:43.439 534 534 V SystemServerTiming: OnBootPhase_500_com.android.server.midi.MidiService$Lifecycle took to complete: 0ms
04-15 16:16:43.444 534 534 D SystemServerTiming: OnBootPhase_500_com.android.server.adb.AdbService$Lifecycle
04-15 16:16:43.445 534 534 V SystemServerTiming: OnBootPhase_500_com.android.server.adb.AdbService$Lifecycle took to complete: 0ms
04-15 16:16:43.445 534 534 D SystemServerTiming: OnBootPhase_500_com.android.server.usb.UsbService$Lifecycle
04-15 16:16:43.446 534 534 V SystemServerTiming: OnBootPhase_500_com.android.server.usb.UsbService$Lifecycle took to complete: 0ms
04-15 16:16:43.446 534 534 D SystemServerTiming: OnBootPhase_500_com.android.server.twilight.TwilightService
04-15 16:16:43.446 534 534 V SystemServerTiming: OnBootPhase_500_com.android.server.twilight.TwilightService took to complete: 0ms
04-15 16:16:43.447 534 534 D SystemServerTiming: OnBootPhase_500_com.android.server.display.color.ColorDisplayService
04-15 16:16:43.447 534 534 V SystemServerTiming: OnBootPhase_500_com.android.server.display.color.ColorDisplayService took to complete: 0ms
04-15 16:16:43.449 534 534 D SystemServerTiming: OnBootPhase_500_com.android.server.job.JobSchedulerService
04-15 16:16:43.454 534 804 I WifiHalAidlImpl: Initialization is complete
04-15 16:16:43.457 352 352 W android.hardware.wifi-service: Duplicate death notification registration
04-15 16:16:43.461 534 804 D WifiNl80211Manager: tearing down interfaces in wificond
04-15 16:16:43.485 534 804 D WifiAdaptConnObserver: Adaptive connectivity status initialized to: true
04-15 16:16:43.486 534 804 D WifiController: EnabledState.enter()
04-15 16:16:43.486 534 804 D WifiClientModeManager[157439:unknown]: entering IdleState
04-15 16:16:43.499 534 804 W FileUtils: Failed to chmod(/data/misc/apexdata/com.android.wifi/WifiConfigStore.xml, 384):
04-15 16:16:43.499 534 804 W FileUtils: android.system.ErrnoException: chmod failed: ENOENT (No such file or directory)
04-15 16:16:43.499 534 804 W FileUtils: at libcore.io.Linux.chmod(Native Method)
04-15 16:16:43.499 534 804 W FileUtils: at libcore.io.ForwardingOs.chmod(ForwardingOs.java:165)
04-15 16:16:43.499 534 804 W FileUtils: at libcore.io.BlockGuardOs.chmod(BlockGuardOs.java:83)
04-15 16:16:43.499 534 804 W FileUtils: at android.system.Os.chmod(Os.java:119)
04-15 16:16:43.499 534 804 W FileUtils: at com.android.server.wifi.util.FileUtils.chmod(FileUtils.java:44)
04-15 16:16:43.499 534 804 W FileUtils: at com.android.server.wifi.WifiConfigStore$StoreFile.writeBufferedRawData(WifiConfigStore.java:941)
04-15 16:16:43.499 534 804 W FileUtils: at com.android.server.wifi.WifiConfigStore.writeBufferedData(WifiConfigStore.java:506)
04-15 16:16:43.499 534 804 W FileUtils: at com.android.server.wifi.WifiConfigStore.write(WifiConfigStore.java:430)
04-15 16:16:43.499 534 804 W FileUtils: at com.android.server.wifi.WifiConfigManager.saveToStore(WifiConfigManager.java:3688)
04-15 16:16:43.499 534 804 W FileUtils: at com.android.server.wifi.WifiSettingsConfigStore.lambda$triggerSaveToStoreAndInvokeAllListeners$1(WifiSettingsConfigStore.java:253)
04-15 16:16:43.499 534 804 W FileUtils: at com.android.server.wifi.WifiSettingsConfigStore.$r8$lambda$RgVMOoSeRTFMZVvRnH2K_mlfH0M(WifiSettingsConfigStore.java:0)
04-15 16:16:43.499 534 804 W FileUtils: at com.android.server.wifi.WifiSettingsConfigStore$$ExternalSyntheticLambda3.run(R8$$SyntheticClass:0)
04-15 16:16:43.499 534 804 W FileUtils: at android.os.Handler.handleCallback(Handler.java:958)
04-15 16:16:43.499 534 804 W FileUtils: at android.os.Handler.dispatchMessage(Handler.java:99)
04-15 16:16:43.499 534 804 W FileUtils: at com.android.server.wifi.RunnerHandler.dispatchMessage(RunnerHandler.java:122)
04-15 16:16:43.499 534 804 W FileUtils: at android.os.Looper.loopOnce(Looper.java:205)
04-15 16:16:43.499 534 804 W FileUtils: at android.os.Looper.loop(Looper.java:294)
04-15 16:16:43.499 534 804 W FileUtils: at android.os.HandlerThread.run(HandlerThread.java:67)
04-15 16:16:43.535 534 804 D WifiConfigStore: Writing to stores completed in 38 ms.
04-15 16:16:43.557 534 806 I WifiContext: Got resolveInfos for com.android.server.wifi.intent.action.SERVICE_WIFI_RESOURCES_APK: [ResolveInfo{503795b com.android.wifi.resources/android.app.Activity m=0x108000 userHandle=UserHandle{0}}]
04-15 16:16:43.557 534 806 I WifiContext: Found Wifi Resources APK at: com.android.wifi.resources
04-15 16:16:43.581 0 0 I servicemanager: Found android.hardware.wifi.IWifi/default in device VINTF manifest.
04-15 16:16:43.575 534 804 I WifiHalAidlImpl: Service is already initialized
04-15 16:16:43.603 534 534 V HistoricalRegistry: Interaction before persistence initialized
04-15 16:16:43.617 352 352 I android.hardware.wifi-service: Wifi HAL started
04-15 16:16:43.635 534 534 W SystemServiceManager: Service com.android.server.job.JobSchedulerService took 186 ms in onBootPhase
04-15 16:16:43.640 534 534 V SystemServerTiming: OnBootPhase_500_com.android.server.job.JobSchedulerService took to complete: 192ms
04-15 16:16:43.641 534 534 D SystemServerTiming: OnBootPhase_500_com.android.server.soundtrigger.SoundTriggerService
04-15 16:16:43.642 534 534 D SoundTriggerService: onBootPhase: 500 : false
04-15 16:16:43.644 534 534 V SystemServerTiming: OnBootPhase_500_com.android.server.soundtrigger.SoundTriggerService took to complete: 3ms
04-15 16:16:43.645 534 534 D SystemServerTiming: OnBootPhase_500_com.android.server.trust.TrustManagerService
04-15 16:16:43.699 534 804 E WifiChipAidlImpl: getMode failed with service-specific exception: android.os.ServiceSpecificException: (code 5)
04-15 16:16:43.705 352 352 W android.hardware.wifi-service: No active wlan interfaces in use! Using default
04-15 16:16:43.705 352 352 E android.hardware.wifi-service: Unknown iface name: wlan0
04-15 16:16:43.705 352 352 E android.hardware.wifi-service: Unknown iface name: wlan0
04-15 16:16:43.715 534 804 I WifiVendorHal: Vendor Hal started successfully
04-15 16:16:43.725 534 534 W SystemServiceManager: Service com.android.server.trust.TrustManagerService took 80 ms in onBootPhase
04-15 16:16:43.725 534 534 V SystemServerTiming: OnBootPhase_500_com.android.server.trust.TrustManagerService took to complete: 80ms
04-15 16:16:43.726 534 534 D SystemServerTiming: OnBootPhase_500_com.android.server.backup.BackupManagerService$Lifecycle
04-15 16:16:43.726 534 534 V SystemServerTiming: OnBootPhase_500_com.android.server.backup.BackupManagerService$Lifecycle took to complete: 0ms
04-15 16:16:43.727 534 534 D SystemServerTiming: OnBootPhase_500_com.android.server.appwidget.AppWidgetService
04-15 16:16:43.727 534 534 V SystemServerTiming: OnBootPhase_500_com.android.server.appwidget.AppWidgetService took to complete: 0ms
04-15 16:16:43.728 0 0 I servicemanager: Found android.hardware.wifi.IWifi/default in device VINTF manifest.
04-15 16:16:43.727 534 534 D SystemServerTiming: OnBootPhase_500_com.android.server.voiceinteraction.VoiceInteractionManagerService
04-15 16:16:43.729 534 534 V SystemServerTiming: OnBootPhase_500_com.android.server.voiceinteraction.VoiceInteractionManagerService took to complete: 0ms
04-15 16:16:43.729 534 534 D SystemServerTiming: OnBootPhase_500_com.android.server.GestureLauncherService
04-15 16:16:43.730 534 534 V SystemServerTiming: OnBootPhase_500_com.android.server.GestureLauncherService took to complete: 0ms
04-15 16:16:43.730 534 534 D SystemServerTiming: OnBootPhase_500_com.android.server.SensorNotificationService
04-15 16:16:43.730 534 534 V SystemServerTiming: OnBootPhase_500_com.android.server.SensorNotificationService took to complete: 0ms
04-15 16:16:43.731 534 534 D SystemServerTiming: OnBootPhase_500_com.android.server.emergency.EmergencyAffordanceService
04-15 16:16:43.731 534 534 V SystemServerTiming: OnBootPhase_500_com.android.server.emergency.EmergencyAffordanceService took to complete: 0ms
04-15 16:16:43.731 534 534 D SystemServerTiming: OnBootPhase_500_com.android.server.blob.BlobStoreManagerService
04-15 16:16:43.731 534 534 V SystemServerTiming: OnBootPhase_500_com.android.server.blob.BlobStoreManagerService took to complete: 0ms
04-15 16:16:43.731 534 534 D SystemServerTiming: OnBootPhase_500_com.android.server.dreams.DreamManagerService
04-15 16:16:43.733 534 534 V SystemServerTiming: OnBootPhase_500_com.android.server.dreams.DreamManagerService took to complete: 0ms
04-15 16:16:43.733 534 534 D SystemServerTiming: OnBootPhase_500_com.android.server.print.PrintManagerService
04-15 16:16:43.734 534 534 V SystemServerTiming: OnBootPhase_500_com.android.server.print.PrintManagerService took to complete: 0ms
04-15 16:16:43.734 534 534 D SystemServerTiming: OnBootPhase_500_com.android.server.security.AttestationVerificationManagerService
04-15 16:16:43.735 534 534 V SystemServerTiming: OnBootPhase_500_com.android.server.security.AttestationVerificationManagerService took to complete: 0ms
04-15 16:16:43.735 534 534 D SystemServerTiming: OnBootPhase_500_com.android.server.companion.CompanionDeviceManagerService
04-15 16:16:43.736 534 804 E WifiChipAidlImpl: getMode failed with service-specific exception: android.os.ServiceSpecificException: (code 5)
04-15 16:16:43.736 352 352 W android.hardware.wifi-service: No active wlan interfaces in use! Using default
04-15 16:16:43.736 352 352 E android.hardware.wifi-service: Unknown iface name: wlan0
04-15 16:16:43.736 352 352 E android.hardware.wifi-service: Unknown iface name: wlan0
04-15 16:16:43.739 534 804 I HalDevMgr: currentModeId=0, requestModeId=0, currentModeIdValid=false
04-15 16:16:43.745 534 534 D BluetoothAdapter: registerBluetoothConnectionCallback()
04-15 16:16:43.745 534 534 D BluetoothAdapter: isLeEnabled(): OFF
04-15 16:16:43.746 534 534 V SystemServerTiming: OnBootPhase_500_com.android.server.companion.CompanionDeviceManagerService took to complete: 12ms
04-15 16:16:43.747 534 534 D SystemServerTiming: OnBootPhase_500_com.android.server.companion.virtual.VirtualDeviceManagerService
04-15 16:16:43.747 534 534 V SystemServerTiming: OnBootPhase_500_com.android.server.companion.virtual.VirtualDeviceManagerService took to complete: 0ms
04-15 16:16:43.750 534 534 D SystemServerTiming: OnBootPhase_500_com.android.server.restrictions.RestrictionsManagerService
04-15 16:16:43.751 534 534 V SystemServerTiming: OnBootPhase_500_com.android.server.restrictions.RestrictionsManagerService took to complete: 0ms
04-15 16:16:43.755 534 534 D SystemServerTiming: OnBootPhase_500_com.android.server.media.MediaSessionService
04-15 16:16:43.755 534 534 V SystemServerTiming: OnBootPhase_500_com.android.server.media.MediaSessionService took to complete: 0ms
04-15 16:16:43.757 534 534 D SystemServerTiming: OnBootPhase_500_com.android.server.media.MediaResourceMonitorService
04-15 16:16:43.758 534 534 V SystemServerTiming: OnBootPhase_500_com.android.server.media.MediaResourceMonitorService took to complete: 0ms
04-15 16:16:43.758 534 534 D SystemServerTiming: OnBootPhase_500_com.android.server.biometrics.sensors.face.FaceService
04-15 16:16:43.758 534 534 V SystemServerTiming: OnBootPhase_500_com.android.server.biometrics.sensors.face.FaceService took to complete: 0ms
04-15 16:16:43.759 534 534 D SystemServerTiming: OnBootPhase_500_com.android.server.biometrics.sensors.fingerprint.FingerprintService
04-15 16:16:43.759 534 534 V SystemServerTiming: OnBootPhase_500_com.android.server.biometrics.sensors.fingerprint.FingerprintService took to complete: 0ms
04-15 16:16:43.761 352 352 I android.hardware.wifi-service: Adding interface handle for wlan0
04-15 16:16:43.761 352 352 W android.hardware.wifi-service: No active wlan interfaces in use! Using default
04-15 16:16:43.762 352 352 E android.hardware.wifi-service: Failed to register radio mode change callback
04-15 16:16:43.762 352 352 W android.hardware.wifi-service: No active wlan interfaces in use! Using default
04-15 16:16:43.765 534 534 D SystemServerTiming: OnBootPhase_500_com.android.server.biometrics.BiometricService
04-15 16:16:43.766 534 534 V SystemServerTiming: OnBootPhase_500_com.android.server.biometrics.BiometricService took to complete: 0ms
04-15 16:16:43.766 534 534 D SystemServerTiming: OnBootPhase_500_com.android.server.biometrics.AuthService
04-15 16:16:43.767 534 534 V SystemServerTiming: OnBootPhase_500_com.android.server.biometrics.AuthService took to complete: 0ms
04-15 16:16:43.767 534 534 D SystemServerTiming: OnBootPhase_500_com.android.server.pm.ShortcutService$Lifecycle
04-15 16:16:43.767 534 534 V SystemServerTiming: OnBootPhase_500_com.android.server.pm.ShortcutService$Lifecycle took to complete: 0ms
04-15 16:16:43.770 352 352 E android.hardware.wifi-service: Failed to get SupportedIfaceCombinations matrix from legacy HAL: NOT_SUPPORTED
04-15 16:16:43.770 352 352 I android.hardware.wifi-service: Configured chip in mode 0
04-15 16:16:43.770 352 352 W android.hardware.wifi-service: No active wlan interfaces in use! Using default
04-15 16:16:43.772 534 534 D SystemServerTiming: OnBootPhase_500_com.android.server.pm.LauncherAppsService
04-15 16:16:43.773 534 534 V SystemServerTiming: OnBootPhase_500_com.android.server.pm.LauncherAppsService took to complete: 0ms
04-15 16:16:43.773 534 534 D SystemServerTiming: OnBootPhase_500_com.android.server.pm.CrossProfileAppsService
04-15 16:16:43.773 534 534 V SystemServerTiming: OnBootPhase_500_com.android.server.pm.CrossProfileAppsService took to complete: 0ms
04-15 16:16:43.773 534 534 D SystemServerTiming: OnBootPhase_500_com.android.server.people.PeopleService
04-15 16:16:43.774 534 534 V SystemServerTiming: OnBootPhase_500_com.android.server.people.PeopleService took to complete: 2ms
04-15 16:16:43.775 534 534 D SystemServerTiming: OnBootPhase_500_com.android.server.media.metrics.MediaMetricsManagerService
04-15 16:16:43.775 534 534 V SystemServerTiming: OnBootPhase_500_com.android.server.media.metrics.MediaMetricsManagerService took to complete: 0ms
04-15 16:16:43.775 534 534 D SystemServerTiming: OnBootPhase_500_com.android.server.pm.BackgroundInstallControlService
04-15 16:16:43.775 534 534 V SystemServerTiming: OnBootPhase_500_com.android.server.pm.BackgroundInstallControlService took to complete: 0ms
