04-15 16:17:19.142 534 557 I DropBoxManagerService: add tag=system_server_strictmode isTagEnabled=true flags=0x2
04-15 16:17:19.167 534 555 D UserDataPreparer: Setting property: sys.user.0.ce_available=true
04-15 16:17:19.174 534 557 I DropBoxManagerService: add tag=system_server_strictmode isTagEnabled=true flags=0x2
04-15 16:17:19.336 534 555 V SystemServerTiming: prepareUserData-0 took to complete: 1350ms
04-15 16:17:19.336 534 555 D SystemServerTiming: reconcileAppsData-0
04-15 16:17:19.337 534 555 V PackageManager: reconcileAppsData for null u0 0x2 migrateAppData=true
04-15 16:17:19.353 534 555 W PackageManager: Skipping preparing app data for com.android.configinfrastructure
04-15 16:17:19.354 534 555 W PackageManager: Skipping preparing app data for com.android.appsearch
04-15 16:17:19.354 534 555 W PackageManager: Skipping preparing app data for com.android.adservices
04-15 16:17:19.354 534 555 W PackageManager: Skipping preparing app data for com.android.scheduling
04-15 16:17:19.355 534 555 W PackageManager: Skipping preparing app data for com.android.permission
04-15 16:17:19.355 534 555 W PackageManager: Skipping preparing app data for com.android.art
04-15 16:17:19.355 534 555 W PackageManager: Skipping preparing app data for com.android.uwb
04-15 16:17:19.391 534 549 W ActivityManager: Slow operation: 410ms so far, now at finishAttachApplicationInner: after mServices.attachApplicationLocked
04-15 16:17:19.392 534 549 W ActivityManager: Slow operation: 411ms so far, now at finishAttachApplicationInner: after dispatching broadcasts
04-15 16:17:19.404 534 953 W system_server: Long monitor contention with owner binder:534_1 (549) at void com.android.server.am.ActivityManagerService.finishAttachApplicationInner(long, int, int)(ActivityManagerService.java:4940) waiters=0 in android.app.ContentProviderHolder com.android.server.am.ContentProviderHelper.getContentProviderImpl(android.app.IApplicationThread, java.lang.String, android.os.IBinder, int, java.lang.String, java.lang.String, boolean, int) for 592ms
04-15 16:17:19.413 534 804 W system_server: Long monitor contention with owner binder:534_1 (549) at void com.android.server.am.ActivityManagerService.finishAttachApplicationInner(long, int, int)(ActivityManagerService.java:4940) waiters=1 in android.content.Intent com.android.server.am.ActivityManagerService.registerReceiverWithFeature(android.app.IApplicationThread, java.lang.String, java.lang.String, java.lang.String, android.content.IIntentReceiver, android.content.IntentFilter, java.lang.String, int, int) for 466ms
04-15 16:17:19.417 534 565 W system_server: Long monitor contention with owner binder:534_1 (549) at void com.android.server.am.ActivityManagerService.finishAttachApplicationInner(long, int, int)(ActivityManagerService.java:4940) waiters=2 in boolean com.android.server.am.BroadcastQueueModernImpl.lambda$new$0(android.os.Message) for 306ms
04-15 16:17:19.506 534 534 D BluetoothHeadset: Binding service...
04-15 16:17:19.507 534 534 D BluetoothManagerService: Trying to bind to profile: 1, while Bluetooth was disabled
04-15 16:17:19.507 534 534 D BluetoothHearingAid: Binding service...
04-15 16:17:19.507 534 534 D BluetoothManagerService: Trying to bind to profile: 21, while Bluetooth was disabled
04-15 16:17:19.538 1285 1285 D CompatibilityChangeReporter: Compat change id reported: 171979766; UID 10121; state: ENABLED
04-15 16:17:19.539 1285 1285 D CompatibilityChangeReporter: Compat change id reported: 242716250; UID 10121; state: ENABLED
04-15 16:17:19.553 534 557 W system_server: Long monitor contention with owner AudioService (822) at boolean com.android.providers.settings.SettingsProvider.mutateSystemSetting(java.lang.String, java.lang.String, int, int, boolean)(SettingsProvider.java:1964) waiters=0 in com.android.providers.settings.SettingsState$Setting com.android.providers.settings.SettingsProvider.getGlobalSetting(java.lang.String) for 167ms
04-15 16:17:19.562 534 557 I DropBoxManagerService: add tag=system_server_strictmode isTagEnabled=true flags=0x2
04-15 16:17:19.574 534 534 D BluetoothLeAudio: Binding service...
04-15 16:17:19.574 534 534 D BluetoothManagerService: Trying to bind to profile: 22, while Bluetooth was disabled
04-15 16:17:19.578 534 804 I WifiScoreCard: Installing MemoryStore
04-15 16:17:19.578 534 804 I WifiHealthMonitor: Installing MemoryStore
04-15 16:17:19.584 534 555 W PackageManager: Skipping preparing app data for com.android.tethering
04-15 16:17:19.599 534 555 W PackageManager: Skipping preparing app data for com.android.btservices
04-15 16:17:19.599 534 555 W PackageManager: Skipping preparing app data for com.android.media.swcodec
04-15 16:17:19.599 534 555 W PackageManager: Skipping preparing app data for com.android.conscrypt
04-15 16:17:19.621 0 0 I init : Command 'mkdir /sys/kernel/tracing/instances/wifi 711' action=sys.boot_completed=1 && sys.wifitracing.started=0 (/system/etc/init/wifi.rc:36) took 591ms and succeeded
04-15 16:17:19.632 1266 1266 W InputAttributes: No editor info for this field. Bug?
04-15 16:17:19.646 534 557 I DropBoxManagerService: add tag=system_server_strictmode isTagEnabled=true flags=0x2
04-15 16:17:19.648 534 628 W system_server: Long monitor contention with owner AudioService (822) at boolean com.android.providers.settings.SettingsProvider.mutateSystemSetting(java.lang.String, java.lang.String, int, int, boolean)(SettingsProvider.java:1964) waiters=2 in void com.android.providers.settings.SettingsState.doWriteState() for 129ms
04-15 16:17:19.764 0 0 I init : Command 'write /sys/kernel/tracing/instances/wifi/events/cfg80211/rdev_add_key/enable 1' action=sys.boot_completed=1 && sys.wifitracing.started=0 (/system/etc/init/wifi.rc:56) took 68ms and succeeded
04-15 16:17:19.767 534 953 D CompatibilityChangeReporter: Compat change id reported: 170503758; UID 10121; state: ENABLED
04-15 16:17:19.774 1285 1285 D CompatibilityChangeReporter: Compat change id reported: 3400644; UID 10121; state: ENABLED
04-15 16:17:19.775 534 555 W PackageManager: Skipping preparing app data for com.android.adbd
04-15 16:17:19.776 534 555 W PackageManager: Skipping preparing app data for com.android.i18n
04-15 16:17:19.776 534 555 W PackageManager: Skipping preparing app data for com.android.rkpd
04-15 16:17:19.776 534 555 W PackageManager: Skipping preparing app data for com.android.virt
04-15 16:17:19.777 534 555 W PackageManager: Skipping preparing app data for com.android.wifi
04-15 16:17:19.777 534 555 W PackageManager: Skipping preparing app data for com.android.runtime
04-15 16:17:19.777 534 555 W PackageManager: Skipping preparing app data for com.android.devicelock
04-15 16:17:19.779 534 555 W PackageManager: Skipping preparing app data for com.android.apex.cts.shim
04-15 16:17:19.779 534 555 W PackageManager: Skipping preparing app data for com.android.neuralnetworks
04-15 16:17:19.790 1266 1318 I LatinIME:LogUtils: Dictionary info: dictionary = UserHistoryDictionary.en_US ; version = 1776269839 ; date = ?
04-15 16:17:19.796 1266 1318 I LatinIME:LogUtils: Dictionary info: dictionary = userunigram.en_US ; version = 1776269839 ; date = ?
04-15 16:17:19.806 534 555 W PackageManager: Skipping preparing app data for com.android.healthfitness
04-15 16:17:19.807 534 555 W PackageManager: Skipping preparing app data for com.android.resolv
04-15 16:17:19.807 534 555 W PackageManager: Skipping preparing app data for com.android.sdkext
04-15 16:17:19.817 0 0 I servicemanager: Could not find android.hardware.graphics.allocator.IAllocator/default in the VINTF manifest.
04-15 16:17:19.826 534 996 D CompatibilityChangeReporter: Compat change id reported: 161145287; UID 10109; state: DISABLED
04-15 16:17:19.834 133 133 I hwservicemanager: getTransport: Cannot find entry android.hardware.graphics.mapper@4.0::IMapper/default in either framework or device VINTF manifest.
04-15 16:17:19.838 1120 1120 D DeferredSmsMmsRestoreService: startIfFilesExist: no files to restore
04-15 16:17:19.838 1120 1120 D DeferredSmsMmsRestoreService: addAllSharedPrefToLocalLog
04-15 16:17:19.842 534 639 W system_server: Long monitor contention with owner binder:534_9 (953) at android.view.DisplayInfo com.android.server.display.DisplayManagerService.getDisplayInfoInternal(int, int)(DisplayManagerService.java:1103) waiters=0 in android.view.DisplayInfo com.android.server.display.DisplayManagerService.getDisplayInfoInternal(int, int) for 115ms
04-15 16:17:19.867 1266 1318 W ActivityThread: Failed to find provider info for user_dictionary (user not unlocked)
04-15 16:17:19.872 886 935 I Gralloc4: mapper 4.x is not supported
04-15 16:17:19.879 0 0 I init : Command 'write /sys/kernel/tracing/instances/wifi/events/net/filter name==${wifi.interface:-wlan0}' action=sys.boot_completed=1 && sys.wifitracing.started=0 (/system/etc/init/wifi.rc:75) took 51ms and succeeded
04-15 16:17:19.860 534 1315 I Telecom : BluetoothRouteManager: getBluetoothAudioConnectedDevice: no service available.❗
04-15 16:17:19.880 534 534 I Telecom : SystemStateHelper: Registering broadcast receiver: android.content.IntentFilter@2eb255e: TS.init@AAA❗
04-15 16:17:19.881 534 534 I Telecom : SystemStateHelper: Registering broadcast receiver: android.content.IntentFilter@63c03c5: TS.init@AAA❗
04-15 16:17:19.891 534 555 W PackageManager: Skipping preparing app data for com.android.tzdata
04-15 16:17:19.891 534 555 W PackageManager: Skipping preparing app data for com.android.vndk.v34
04-15 16:17:19.933 0 0 I init : Command 'write /sys/kernel/tracing/instances/wifi/events/net/net_dev_queue/enable 1' action=sys.boot_completed=1 && sys.wifitracing.started=0 (/system/etc/init/wifi.rc:76) took 54ms and succeeded
04-15 16:17:19.934 1285 1285 D nativeloader: Configuring clns-shared-6 for other apk /apex/com.android.extservices/priv-app/ExtServices@UE1A.230829.036.A1/ExtServices.apk. target_sdk_version=34, uses_libraries=, library_path=/apex/com.android.extservices/priv-app/ExtServices@UE1A.230829.036.A1/lib/x86_64:/apex/com.android.extservices/priv-app/ExtServices@UE1A.230829.036.A1/ExtServices.apk!/lib/x86_64:/system/lib64:/system_ext/lib64, permitted_path=/data:/mnt/expand:/data/user/0/android.ext.services:/apex/com.android.extservices/priv-app/ExtServices@UE1A.230829.036.A1:/system/lib64:/system_ext/lib64
04-15 16:17:19.941 886 1013 D WallpaperService: Wallpaper has updated the surface:null
04-15 16:17:19.947 1285 1285 D nativeloader: InitApexLibraries:
04-15 16:17:19.947 1285 1285 D nativeloader: com_android_adservices: libhpke_jni.so:libtflite_support_classifiers_native.so
04-15 16:17:19.947 1285 1285 D nativeloader: com_android_appsearch: libicing.so
04-15 16:17:19.947 1285 1285 D nativeloader: com_android_art: libartservice.so
04-15 16:17:19.947 1285 1285 D nativeloader: com_android_btservices: libbluetooth_jni.so
04-15 16:17:19.947 1285 1285 D nativeloader: com_android_conscrypt: libjavacrypto.so
04-15 16:17:19.947 1285 1285 D nativeloader: com_android_extservices: libtflite_support_classifiers_native.so
04-15 16:17:19.947 1285 1285 D nativeloader: com_android_os_statsd: libstats_jni.so
04-15 16:17:19.947 1285 1285 D nativeloader: com_android_tethering: libandroid_net_connectivity_com_android_net_module_util_jni.so:libcronet.114.0.5735.84.so:libframework-connectivity-jni.so:libframework-connectivity-tiramisu-jni.so:libservice-connectivity.so
04-15 16:17:19.947 1285 1285 D nativeloader: com_android_uwb: libuwb_uci_jni_rust.so
04-15 16:17:19.947 1285 1285 D nativeloader: com_android_virt: libvirtualizationservice_jni.so:libvirtualmachine_jni.so
04-15 16:17:20.006 1120 1120 I DomainSelectionResolver: DomainSelectionResolver created: device-config=false
04-15 16:17:20.036 0 0 I init : Command 'write /sys/kernel/tracing/instances/wifi/events/net/netif_rx/enable 1' action=sys.boot_completed=1 && sys.wifitracing.started=0 (/system/etc/init/wifi.rc:78) took 51ms and succeeded
04-15 16:17:20.096 0 0 I init : Command 'write /sys/kernel/tracing/instances/wifi/events/net/netif_receive_skb/enable 1' action=sys.boot_completed=1 && sys.wifitracing.started=0 (/system/etc/init/wifi.rc:79) took 59ms and succeeded
04-15 16:17:20.108 0 0 I init : processing action (dev.bootcomplete=1 && vendor.qemu.dev.bootcomplete=0) from (/vendor/etc/init/hw/init.ranchu.rc:107)
04-15 16:17:19.891 534 555 W PackageManager: Skipping preparing app data for com.android.os.statsd
04-15 16:17:20.118 534 639 W InputDispatcher: Excessive delay in interceptKeyBeforeDispatching; took 58 ms
04-15 16:17:20.122 0 0 I init : starting service 'qemu-props-bootcomplete'...
04-15 16:17:20.127 534 557 I DropBoxManagerService: add tag=system_server_strictmode isTagEnabled=true flags=0x2
04-15 16:17:20.128 534 555 W PackageManager: Skipping preparing app data for com.android.extservices
04-15 16:17:20.129 534 555 W PackageManager: Skipping preparing app data for com.android.cellbroadcast
04-15 16:17:20.129 534 555 W PackageManager: Skipping preparing app data for com.android.ipsec
04-15 16:17:20.130 534 555 W PackageManager: Skipping preparing app data for com.android.media
04-15 16:17:20.130 534 555 W PackageManager: Skipping preparing app data for com.android.sdksandbox
04-15 16:17:20.131 534 555 W PackageManager: Skipping preparing app data for com.android.mediaprovider
04-15 16:17:20.131 534 555 W PackageManager: Skipping preparing app data for com.android.ondevicepersonalization
04-15 16:17:20.155 534 804 D WifiNetworkFactory: Registering NetworkFactory
04-15 16:17:20.168 534 620 D CompatibilityChangeReporter: Compat change id reported: 265195908; UID 10109; state: ENABLED
04-15 16:17:20.215 0 0 I init : ... started service 'qemu-props-bootcomplete' has pid 1322
04-15 16:17:20.215 0 0 I init : Command 'start qemu-props-bootcomplete' action=dev.bootcomplete=1 && vendor.qemu.dev.bootcomplete=0 (/vendor/etc/init/hw/init.ranchu.rc:109) took 93ms and succeeded
04-15 16:17:20.225 0 0 I init : starting service 'ranchu-setup'...
04-15 16:17:20.252 534 811 D ConnectivityService: Got NetworkProvider Messenger for WifiNetworkFactory
04-15 16:17:20.265 534 804 D UntrustedWifiNetworkFactory: Registering NetworkFactory
04-15 16:17:20.266 534 811 D ConnectivityService: Got NetworkProvider Messenger for UntrustedWifiNetworkFactory
04-15 16:17:20.267 534 804 D RestrictedWifiNetworkFactory: Registering NetworkFactory
04-15 16:17:20.273 534 811 D ConnectivityService: Got NetworkProvider Messenger for RestrictedWifiNetworkFactory
04-15 16:17:20.274 534 804 D OemPaidWifiNetworkFactory: Registering NetworkFactory
04-15 16:17:20.301 534 811 D ConnectivityService: Got NetworkProvider Messenger for OemPaidWifiNetworkFactory
04-15 16:17:20.302 534 804 D MultiInternetWifiNetworkFactory: Registering NetworkFactory
04-15 16:17:20.326 534 811 D ConnectivityService: Got NetworkProvider Messenger for MultiInternetWifiNetworkFactory
04-15 16:17:20.346 0 0 I init : ... started service 'ranchu-setup' has pid 1323
04-15 16:17:20.346 0 0 I init : Command 'start ranchu-setup' action=dev.bootcomplete=1 && vendor.qemu.dev.bootcomplete=0 (/vendor/etc/init/hw/init.ranchu.rc:110) took 130ms and succeeded
04-15 16:17:20.347 0 0 I init : processing action (persist.sys.zram_enabled=1 && sys-boot-completed-set) from (/vendor/etc/init/hw/init.ranchu.rc:198)
04-15 16:17:20.375 0 0 I zram0 : detected capacity change from 0 to 3032288
04-15 16:17:20.515 0 0 I servicemanager: Found android.hardware.wifi.IWifi/default in device VINTF manifest.
04-15 16:17:20.527 1125 1125 D CompatibilityChangeReporter: Compat change id reported: 171228096; UID 1000; state: ENABLED
04-15 16:17:20.538 1285 1285 W ContextImpl: Failed to ensure /data/user/0/android.ext.services/cache: mkdir failed: ENOENT (No such file or directory)
04-15 16:17:20.538 1285 1285 W ContextImpl: Failed to update user.inode_cache: stat failed: ENOENT (No such file or directory)
04-15 16:17:20.561 534 804 E WifiChipAidlImpl: getUsableChannels failed with service-specific exception: android.os.ServiceSpecificException: (code 4)
04-15 16:17:20.700 0 0 I servicemanager: Found android.hardware.wifi.IWifi/default in device VINTF manifest.
04-15 16:17:20.710 534 804 E WifiChipAidlImpl: getUsableChannels failed with service-specific exception: android.os.ServiceSpecificException: (code 4)
04-15 16:17:20.759 534 804 I SsidTranslator: Locale language changed to en, alternate charset is now null
04-15 16:17:20.873 1285 1285 V GraphicsEnvironment: Currently set values for:
04-15 16:17:20.961 391 609 W AudioFlinger: createTrack_l(): mismatch between requested flags (00000004) and output flags (00000002)
04-15 16:17:20.965 1285 1285 V GraphicsEnvironment: angle_gl_driver_selection_pkgs=[]
04-15 16:17:21.013 391 609 D AF::TrackHandle: OpPlayAudio: track:55 usage:13 not muted
04-15 16:17:21.043 0 0 I mkswap : Swapspace size: 1516140k, UUID=ea6238ff-ec2d-4c49-8202-b602e5f87b5b
04-15 16:17:21.069 0 0 I : Adding 1516140k swap on /dev/block/zram0. Priority:-2 extents:1 across:1516140k SS
04-15 16:17:21.081 0 0 I init : Command 'swapon_all /vendor/etc/fstab.${ro.hardware}' action=persist.sys.zram_enabled=1 && sys-boot-completed-set (/vendor/etc/init/hw/init.ranchu.rc:199) took 733ms and succeeded
04-15 16:17:21.081 0 0 I init : Service 'qemu-props-bootcomplete' (pid 1322) exited with status 0 oneshot service took 0.928000 seconds in background
04-15 16:17:21.082 0 0 I init : Sending signal 9 to service 'qemu-props-bootcomplete' (pid 1322) process group...
04-15 16:17:21.082 0 0 I libprocessgroup: Successfully killed process cgroup uid 0 pid 1322 in 0ms
04-15 16:17:21.102 0 0 I init : processing action (bootreceiver.enable=1 && dmesgd.start=1 && ro.product.cpu.abilist64=*) from (/system/etc/init/dmesgd.rc:12)
04-15 16:17:21.103 0 0 I init : starting service 'dmesgd'...
04-15 16:17:21.120 1285 1285 V GraphicsEnvironment: angle_gl_driver_selection_values=[]
04-15 16:17:21.152 534 620 D CompatibilityChangeReporter: Compat change id reported: 265195908; UID 10121; state: ENABLED
04-15 16:17:21.173 534 1325 I Telecom : Logging.Events: Non-call EVENT: AUDIO_ROUTE, Entering state QuiescentSpeakerRoute❗
04-15 16:17:21.176 534 1325 I Telecom : BluetoothRouteManager: getBluetoothAudioConnectedDevice: no service available.❗
04-15 16:17:21.229 0 0 I init : ... started service 'dmesgd' has pid 1333
04-15 16:17:21.229 0 0 I init : Command 'start dmesgd' action=bootreceiver.enable=1 && dmesgd.start=1 && ro.product.cpu.abilist64=* (/system/etc/init/dmesgd.rc:13) took 127ms and succeeded
04-15 16:17:21.231 0 0 I init : processing action (sys.user.0.ce_available=true) from (/system/etc/init/wifi.rc:21)
04-15 16:17:21.243 0 0 I init : processing action (sys.boot_completed=1 && sys.wifitracing.started=1 && wifi.interface=*) from (/system/etc/init/wifi.rc:98)
04-15 16:17:21.333 0 0 I init : Command 'write /sys/kernel/debug/tracing/instances/wifi/events/net/filter name==${wifi.interface}' action=sys.boot_completed=1 && sys.wifitracing.started=1 && wifi.interface=* (/system/etc/init/wifi.rc:100) took 89ms and succeeded
04-15 16:17:21.389 0 0 I init : Command 'write /sys/kernel/tracing/instances/wifi/events/net/filter name==${wifi.interface}' action=sys.boot_completed=1 && sys.wifitracing.started=1 && wifi.interface=* (/system/etc/init/wifi.rc:101) took 54ms and succeeded
04-15 16:17:21.453 886 935 E OpenGLRenderer: Unable to match the desired swap behavior.
04-15 16:17:21.492 886 1011 W Looper : Slow dispatch took 6566ms SysUiLng h=android.os.Handler c=com.android.systemui.wallpapers.ImageWallpaper$CanvasEngine$$ExternalSyntheticLambda0@6e31558 m=0
04-15 16:17:21.656 0 0 I init : Service 'ranchu-setup' (pid 1323) exited with status 0 oneshot service took 1.371000 seconds in background
04-15 16:17:21.657 0 0 I init : Sending signal 9 to service 'ranchu-setup' (pid 1323) process group...
04-15 16:17:21.657 0 0 I libprocessgroup: Successfully killed process cgroup uid 0 pid 1323 in 0ms
04-15 16:17:21.667 155 1036 I keystore2: system/security/keystore2/src/watchdog.rs:319 - Watchdog thread idle -> terminating. Have a great day.
04-15 16:17:21.719 1333 1333 E dmesgd : /data/misc/dmesgd/sent_reports.txt is empty: No such file or directory
04-15 16:17:21.857 1266 1318 I BinaryDictionaryFileDumper: reinitializeClientRecordInDictionaryContentProvider() : MetadataFileUri =
04-15 16:17:21.979 391 609 D audioserver: FGS Logger Transaction failed
04-15 16:17:21.986 391 609 D audioserver: -129
04-15 16:17:22.029 534 952 W system_server: Long monitor contention with owner appscheduling.default (620) at android.content.pm.UserInfo com.android.server.pm.UserManagerService.getUserInfoNoChecks(int)(UserManagerService.java:2360) waiters=2 in android.content.pm.UserInfo com.android.server.pm.UserManagerService.getUserInfoNoChecks(int) for 266ms
04-15 16:17:22.033 534 549 W system_server: Long monitor contention with owner appscheduling.default (620) at android.content.pm.UserInfo com.android.server.pm.UserManagerService.getUserInfoNoChecks(int)(UserManagerService.java:2360) waiters=0 in android.content.pm.UserInfo com.android.server.pm.UserManagerService.getUserInfoNoChecks(int) for 877ms
04-15 16:17:22.035 534 534 W system_server: Long monitor contention with owner appscheduling.default (620) at android.content.pm.UserInfo com.android.server.pm.UserManagerService.getUserInfoNoChecks(int)(UserManagerService.java:2360) waiters=1 in java.util.List com.android.server.pm.UserManagerService.getUsersInternal(boolean, boolean, boolean) for 731ms
04-15 16:17:22.037 1285 1285 V GraphicsEnvironment: ANGLE GameManagerService for android.ext.services: false
04-15 16:17:22.039 1285 1285 V GraphicsEnvironment: android.ext.services is not listed in per-application setting
04-15 16:17:22.045 1285 1285 V GraphicsEnvironment: Neither updatable production driver nor prerelease driver is supported.
04-15 16:17:22.228 534 584 W system_server: Long monitor contention with owner binder:534_8 (952) at void com.android.server.power.PowerManagerService.acquireWakeLockInternal(android.os.IBinder, int, int, java.lang.String, java.lang.String, android.os.WorkSource, java.lang.String, int, int, android.os.IWakeLockCallback)(PowerManagerService.java:1633) waiters=0 in void com.android.server.power.PowerManagerService.handleSandman(int) for 190ms
04-15 16:17:22.649 534 565 W system_server: Long monitor contention with owner binder:534_2 (550) at android.app.SyncNotedAppOp com.android.server.appop.AppOpsService.startOperationUnchecked(android.os.IBinder, int, int, java.lang.String, java.lang.String, int, java.lang.String, java.lang.String, int, boolean, boolean, java.lang.String, boolean, int, int, boolean)(AppOpsService.java:3260) waiters=0 in void com.android.server.appop.AppOpsService.updateStartedOpModeForUser(int, boolean, int) for 276ms
04-15 16:17:22.651 534 584 W system_server: Long monitor contention with owner binder:534_2 (550) at void com.android.server.power.PowerManagerService.acquireWakeLockInternal(android.os.IBinder, int, int, java.lang.String, java.lang.String, android.os.WorkSource, java.lang.String, int, int, android.os.IWakeLockCallback)(PowerManagerService.java:1633) waiters=0 in void com.android.server.power.PowerManagerService.handleSandman(int) for 392ms
04-15 16:17:22.651 1266 1318 I LatinIME:LogUtils: Dictionary info: dictionary = main:de ; version = 54 ; date = 1414726263
04-15 16:17:22.711 1266 1318 I LatinIME:LogUtils: Dictionary info: dictionary = main:en ; version = 54 ; date = 1414726273
04-15 16:17:22.714 391 493 W AudioFlinger: write blocked for 423 msecs, 1 delayed writes, thread 13
04-15 16:17:22.762 1266 1318 I LatinIME:LogUtils: Dictionary info: dictionary = main:es ; version = 54 ; date = 1414726268
04-15 16:17:22.826 1266 1318 I LatinIME:LogUtils: Dictionary info: dictionary = main:fr ; version = 54 ; date = 1414726264
04-15 16:17:22.858 1266 1318 I LatinIME:LogUtils: Dictionary info: dictionary = main:it ; version = 54 ; date = 1414726258
04-15 16:17:22.927 391 493 D audioserver: FGS Logger Transaction failed
04-15 16:17:22.932 391 493 D audioserver: -129
04-15 16:17:22.971 1266 1318 I LatinIME:LogUtils: Dictionary info: dictionary = main:ru ; version = 54 ; date = 1414726277
04-15 16:17:23.026 1266 1318 I BinaryDictionaryFileDumper: reinitializeClientRecordInDictionaryContentProvider() : Insert DictionaryInfo : Id = 'main:de' : Locale=de : Version=54
04-15 16:17:23.153 534 549 D CompatibilityChangeReporter: Compat change id reported: 229362273; UID 10109; state: DISABLED
04-15 16:17:23.224 534 945 I ActivityManager: Flag disabled. Ignoring finishAttachApplication from uid: 10121. pid: 1285
04-15 16:17:23.346 1266 1318 I BinaryDictionaryFileDumper: reinitializeClientRecordInDictionaryContentProvider() : Insert DictionaryInfo : Id = 'main:en' : Locale=en : Version=54
04-15 16:17:23.433 534 1349 I Telecom : CallAudioModeStateMachine: Audio focus entering UNFOCUSED state❗
04-15 16:17:23.549 534 628 W system_server: Long monitor contention with owner binder:534_8 (952) at boolean com.android.providers.settings.SettingsProvider.mutateGlobalSetting(java.lang.String, java.lang.String, java.lang.String, boolean, int, int, boolean, int, boolean)(SettingsProvider.java:1489) waiters=0 in void com.android.providers.settings.SettingsState.doWriteState() for 193ms
04-15 16:17:23.609 534 804 D WifiConfigStore: Writing to stores completed in 377 ms.
04-15 16:17:23.611 534 571 W system_server: Long monitor contention with owner binder:534_D (996) at boolean android.os.MessageQueue.enqueueMessage(android.os.Message, long)(MessageQueue.java:600) waiters=0 in android.os.Message android.os.MessageQueue.next() for 240ms
04-15 16:17:23.669 1266 1318 I BinaryDictionaryFileDumper: reinitializeClientRecordInDictionaryContentProvider() : Insert DictionaryInfo : Id = 'main:es' : Locale=es : Version=54
04-15 16:17:23.966 534 550 W system_server: Long monitor contention with owner binder:534_8 (952) at boolean com.android.providers.settings.SettingsProvider.mutateGlobalSetting(java.lang.String, java.lang.String, java.lang.String, boolean, int, int, boolean, int, boolean)(SettingsProvider.java:1489) waiters=1 in com.android.providers.settings.SettingsState$Setting com.android.providers.settings.SettingsProvider.getGlobalSetting(java.lang.String) for 600ms
04-15 16:17:23.987 1266 1318 I BinaryDictionaryFileDumper: reinitializeClientRecordInDictionaryContentProvider() : Insert DictionaryInfo : Id = 'main:fr' : Locale=fr : Version=54
04-15 16:17:24.067 0 0 I init : Service 'dmesgd' (pid 1333) exited with status 0 oneshot service took 2.936000 seconds in background
04-15 16:17:24.067 0 0 I init : Sending signal 9 to service 'dmesgd' (pid 1333) process group...
04-15 16:17:24.068 0 0 I libprocessgroup: Successfully killed process cgroup uid 1086 pid 1333 in 0ms
04-15 16:17:24.060 534 811 D ConnectivityService: register offer from providerId 3 : NetworkOffer [ Provider Id (3) Score(Policies : EVER_EVALUATED&IS_UNMETERED&EVER_VALIDATED&IS_VALIDATED ; KeepConnected : 0) Caps [ Transports: WIFI Capabilities: NOT_METERED&INTERNET&NOT_RESTRICTED&TRUSTED&NOT_VPN&NOT_ROAMING&NOT_CONGESTED&NOT_SUSPENDED&NOT_VCN_MANAGED LinkUpBandwidth>=1048576Kbps LinkDnBandwidth>=1048576Kbps Specifier: UnderlyingNetworks: Null] Needed by []]
04-15 16:17:24.061 534 811 D ConnectivityService: register offer from providerId 4 : NetworkOffer [ Provider Id (4) Score(Policies : EVER_EVALUATED&IS_INVINCIBLE&IS_UNMETERED&EVER_VALIDATED&IS_VALIDATED ; KeepConnected : 0) Caps [ Transports: WIFI Capabilities: NOT_METERED&INTERNET&NOT_RESTRICTED&TRUSTED&NOT_VPN&NOT_ROAMING&NOT_CONGESTED&NOT_SUSPENDED&NOT_VCN_MANAGED LinkUpBandwidth>=1048576Kbps LinkDnBandwidth>=1048576Kbps Specifier: UnderlyingNetworks: Null] Needed by []]
04-15 16:17:24.062 534 811 D ConnectivityService: register offer from providerId 5 : NetworkOffer [ Provider Id (5) Score(Policies : EVER_EVALUATED&IS_INVINCIBLE&IS_UNMETERED&EVER_VALIDATED&IS_VALIDATED ; KeepConnected : 0) Caps [ Transports: WIFI Capabilities: NOT_METERED&INTERNET&TRUSTED&NOT_VPN&NOT_ROAMING&NOT_CONGESTED&NOT_SUSPENDED&NOT_VCN_MANAGED LinkUpBandwidth>=1048576Kbps LinkDnBandwidth>=1048576Kbps Specifier: UnderlyingNetworks: Null] Needed by []]
04-15 16:17:24.062 534 811 D ConnectivityService: register offer from providerId 6 : NetworkOffer [ Provider Id (6) Score(Policies : EVER_EVALUATED&IS_INVINCIBLE&IS_UNMETERED&EVER_VALIDATED&IS_VALIDATED ; KeepConnected : 0) Caps [ Transports: WIFI Capabilities: NOT_METERED&INTERNET&NOT_RESTRICTED&TRUSTED&NOT_VPN&NOT_ROAMING&NOT_CONGESTED&NOT_SUSPENDED&OEM_PAID&OEM_PRIVATE&NOT_VCN_MANAGED LinkUpBandwidth>=1048576Kbps LinkDnBandwidth>=1048576Kbps Specifier: UnderlyingNetworks: Null] Needed by []]
04-15 16:17:24.146 1266 1318 I BinaryDictionaryFileDumper: reinitializeClientRecordInDictionaryContentProvider() : Insert DictionaryInfo : Id = 'main:it' : Locale=it : Version=54
04-15 16:17:24.319 534 804 D WifiNetworkFactory: got request NetworkRequest [ REQUEST id=7, [ Capabilities: INTERNET&NOT_RESTRICTED&TRUSTED&NOT_VCN_MANAGED Uid: 1000 RequestorUid: 1000 RequestorPkg: android UnderlyingNetworks: Null] ]
04-15 16:17:24.339 534 804 D WifiConnectivityHelper: Firmware supported feature set: 19d81c8b8000019
04-15 16:17:24.493 1266 1318 I BinaryDictionaryFileDumper: reinitializeClientRecordInDictionaryContentProvider() : Insert DictionaryInfo : Id = 'main:ru' : Locale=ru : Version=54
04-15 16:17:24.549 534 1349 I Telecom : CallAudioModeStateMachine: Message received: null.: TS.init->CAMSM.pM_1@AAA❗
04-15 16:17:24.550 534 811 D ConnectivityService: register offer from providerId 7 : NetworkOffer [ Provider Id (7) Score(Policies : EVER_EVALUATED&IS_INVINCIBLE&IS_UNMETERED&EVER_VALIDATED&IS_VALIDATED ; KeepConnected : 0) Caps [ Transports: WIFI Capabilities: NOT_METERED&INTERNET&NOT_RESTRICTED&TRUSTED&NOT_VPN&NOT_ROAMING&NOT_CONGESTED&NOT_SUSPENDED&NOT_VCN_MANAGED LinkUpBandwidth>=1048576Kbps LinkDnBandwidth>=1048576Kbps Specifier: UnderlyingNetworks: Null] Needed by []]
04-15 16:17:24.551 534 804 D WifiConnectivityHelper: Firmware roaming is not supported
04-15 16:17:24.554 534 565 W system_server: Long monitor contention with owner binder:534_7 (945) at android.app.ContentProviderHolder com.android.server.am.ContentProviderHelper.getContentProviderImpl(android.app.IApplicationThread, java.lang.String, android.os.IBinder, int, java.lang.String, java.lang.String, boolean, int)(ContentProviderHelper.java:614) waiters=0 in boolean com.android.server.am.BroadcastQueueModernImpl.lambda$new$0(android.os.Message) for 113ms
04-15 16:17:24.582 534 804 E WifiScoringParams: Invalid frequency(-1), using 5G as default rssi array
04-15 16:17:25.234 534 804 D WifiNetworkFactory: got request NetworkRequest [ REQUEST id=22, [ Capabilities: INTERNET&NOT_RESTRICTED&TRUSTED&NOT_VCN_MANAGED Uid: 10116 RequestorUid: 10116 RequestorPkg: com.android.systemui UnderlyingNetworks: Null] ]
04-15 16:17:25.499 534 534 I Telecom : MissedCallNotifierImpl: reloadFromDatabase: Boot not yet complete -- call log db may not be available. Deferring loading until boot complete for user 0: TS.init@AAA❗
04-15 16:17:25.725 0 0 I servicemanager: Found android.hardware.radio.data.IRadioData/slot1 in device VINTF manifest.
04-15 16:17:25.795 330 1340 D android.hardware.audio@7.1-impl.ranchu: threadLoop: entering standby, frames: 119680
04-15 16:17:25.941 534 584 W system_server: Long monitor contention with owner bgres-controller (575) at void android.os.Message.recycleUnchecked()(Message.java:346) waiters=0 in void android.os.Message.recycleUnchecked() for 580ms
04-15 16:17:25.970 534 804 W system_server: Long monitor contention with owner bgres-controller (575) at void android.os.Message.recycleUnchecked()(Message.java:346) waiters=1 in void android.os.Message.recycleUnchecked() for 609ms
04-15 16:17:25.984 534 550 W system_server: Long monitor contention with owner bgres-controller (575) at void android.os.Message.recycleUnchecked()(Message.java:346) waiters=2 in android.os.Message android.os.Message.obtain() for 579ms
04-15 16:17:26.003 534 565 W system_server: Long monitor contention with owner binder:534_2 (550) at int com.android.server.am.ActivityManagerService.broadcastIntentWithFeature(android.app.IApplicationThread, java.lang.String, android.content.Intent, java.lang.String, android.content.IIntentReceiver, int, java.lang.String, android.os.Bundle, java.lang.String[], java.lang.String[], java.lang.String[], int, android.os.Bundle, boolean, boolean, int)(ActivityManagerService.java:15343) waiters=0 in void com.android.server.am.BroadcastQueueModernImpl.updateRunningList() for 1.314s
04-15 16:17:26.004 1266 1318 I BinaryDictionaryFileDumper: reinitializeClientRecordInDictionaryContentProvider() : Insert DictionaryInfo : Id = 'main:en_us' : Locale=en_US : Version=-1
04-15 16:17:26.005 534 620 W system_server: Long monitor contention with owner bgres-controller (575) at void android.os.Message.recycleUnchecked()(Message.java:346) waiters=3 in void android.os.Message.recycleUnchecked() for 577ms
04-15 16:17:26.043 1092 1098 I droid.bluetooth: Background concurrent copying GC freed 6526(720KB) AllocSpace objects, 2(104KB) LOS objects, 49% free, 2313KB/4627KB, paused 187us,210us total 1.172s
04-15 16:17:26.072 534 945 W system_server: Long monitor contention with owner WifiScanningService (808) at void com.android.server.am.BatteryStatsService.noteWifiScanStartedFromSource(android.os.WorkSource)(BatteryStatsService.java:2162) waiters=0 in void com.android.server.am.BatteryStatsService.noteStopWakelock(int, int, java.lang.String, java.lang.String, int) for 258ms
04-15 16:17:26.077 534 804 D WifiNetworkFactory: got request NetworkRequest [ REQUEST id=15, [ Capabilities: INTERNET&NOT_RESTRICTED&TRUSTED&NOT_VCN_MANAGED Uid: 1000 RequestorUid: 1000 RequestorPkg: android UnderlyingNetworks: Null] ]
04-15 16:17:26.077 534 804 D WifiNetworkFactory: got request NetworkRequest [ REQUEST id=24, [ Capabilities: INTERNET&NOT_RESTRICTED&TRUSTED&NOT_VCN_MANAGED Uid: 10116 RequestorUid: 10116 RequestorPkg: com.android.systemui UnderlyingNetworks: Null] ]
04-15 16:17:26.078 534 804 D WifiNetworkFactory: got request NetworkRequest [ REQUEST id=17, [ Capabilities: INTERNET&NOT_RESTRICTED&TRUSTED&NOT_VCN_MANAGED Uid: 1073 RequestorUid: 1073 RequestorPkg: com.android.networkstack UnderlyingNetworks: Null] ]
04-15 16:17:26.105 534 804 D WifiNetworkFactory: got request NetworkRequest [ REQUEST id=1, [ Capabilities: INTERNET&NOT_RESTRICTED&TRUSTED&NOT_VPN&NOT_VCN_MANAGED RequestorUid: 1000 RequestorPkg: android UnderlyingNetworks: Null] ]
04-15 16:17:26.105 534 804 D UntrustedWifiNetworkFactory: got request NetworkRequest [ REQUEST id=7, [ Capabilities: INTERNET&NOT_RESTRICTED&TRUSTED&NOT_VCN_MANAGED Uid: 1000 RequestorUid: 1000 RequestorPkg: android UnderlyingNetworks: Null] ]
04-15 16:17:26.105 534 804 D UntrustedWifiNetworkFactory: got request NetworkRequest [ REQUEST id=22, [ Capabilities: INTERNET&NOT_RESTRICTED&TRUSTED&NOT_VCN_MANAGED Uid: 10116 RequestorUid: 10116 RequestorPkg: com.android.systemui UnderlyingNetworks: Null] ]
04-15 16:17:26.106 534 804 D UntrustedWifiNetworkFactory: got request NetworkRequest [ REQUEST id=15, [ Capabilities: INTERNET&NOT_RESTRICTED&TRUSTED&NOT_VCN_MANAGED Uid: 1000 RequestorUid: 1000 RequestorPkg: android UnderlyingNetworks: Null] ]
04-15 16:17:26.106 534 804 D UntrustedWifiNetworkFactory: got request NetworkRequest [ REQUEST id=24, [ Capabilities: INTERNET&NOT_RESTRICTED&TRUSTED&NOT_VCN_MANAGED Uid: 10116 RequestorUid: 10116 RequestorPkg: com.android.systemui UnderlyingNetworks: Null] ]
04-15 16:17:26.106 534 804 D UntrustedWifiNetworkFactory: got request NetworkRequest [ REQUEST id=17, [ Capabilities: INTERNET&NOT_RESTRICTED&TRUSTED&NOT_VCN_MANAGED Uid: 1073 RequestorUid: 1073 RequestorPkg: com.android.networkstack UnderlyingNetworks: Null] ]
04-15 16:17:26.106 534 804 D UntrustedWifiNetworkFactory: got request NetworkRequest [ REQUEST id=1, [ Capabilities: INTERNET&NOT_RESTRICTED&TRUSTED&NOT_VPN&NOT_VCN_MANAGED RequestorUid: 1000 RequestorPkg: android UnderlyingNetworks: Null] ]
04-15 16:17:26.106 534 804 D OemPaidWifiNetworkFactory: got request NetworkRequest [ REQUEST id=7, [ Capabilities: INTERNET&NOT_RESTRICTED&TRUSTED&NOT_VCN_MANAGED Uid: 1000 RequestorUid: 1000 RequestorPkg: android UnderlyingNetworks: Null] ]
04-15 16:17:26.107 534 804 D OemPaidWifiNetworkFactory: got request NetworkRequest [ REQUEST id=22, [ Capabilities: INTERNET&NOT_RESTRICTED&TRUSTED&NOT_VCN_MANAGED Uid: 10116 RequestorUid: 10116 RequestorPkg: com.android.systemui UnderlyingNetworks: Null] ]
04-15 16:17:26.107 534 804 D OemPaidWifiNetworkFactory: got request NetworkRequest [ REQUEST id=15, [ Capabilities: INTERNET&NOT_RESTRICTED&TRUSTED&NOT_VCN_MANAGED Uid: 1000 RequestorUid: 1000 RequestorPkg: android UnderlyingNetworks: Null] ]
04-15 16:17:26.107 534 804 D OemPaidWifiNetworkFactory: got request NetworkRequest [ REQUEST id=24, [ Capabilities: INTERNET&NOT_RESTRICTED&TRUSTED&NOT_VCN_MANAGED Uid: 10116 RequestorUid: 10116 RequestorPkg: com.android.systemui UnderlyingNetworks: Null] ]
04-15 16:17:26.107 534 804 D OemPaidWifiNetworkFactory: got request NetworkRequest [ REQUEST id=17, [ Capabilities: INTERNET&NOT_RESTRICTED&TRUSTED&NOT_VCN_MANAGED Uid: 1073 RequestorUid: 1073 RequestorPkg: com.android.networkstack UnderlyingNetworks: Null] ]
04-15 16:17:26.107 534 804 D OemPaidWifiNetworkFactory: got request NetworkRequest [ REQUEST id=1, [ Capabilities: INTERNET&NOT_RESTRICTED&TRUSTED&NOT_VPN&NOT_VCN_MANAGED RequestorUid: 1000 RequestorPkg: android UnderlyingNetworks: Null] ]
04-15 16:17:26.158 534 804 D MultiInternetWifiNetworkFactory: got request NetworkRequest [ REQUEST id=7, [ Capabilities: INTERNET&NOT_RESTRICTED&TRUSTED&NOT_VCN_MANAGED Uid: 1000 RequestorUid: 1000 RequestorPkg: android UnderlyingNetworks: Null] ]
04-15 16:17:26.186 886 1011 W Looper : Slow delivery took 6499ms SysUiLng h=android.os.Handler c=com.android.systemui.wallpapers.ImageWallpaper$CanvasEngine$$ExternalSyntheticLambda0@536df17 m=0
04-15 16:17:26.203 534 804 D MultiInternetWifiNetworkFactory: got request NetworkRequest [ REQUEST id=22, [ Capabilities: INTERNET&NOT_RESTRICTED&TRUSTED&NOT_VCN_MANAGED Uid: 10116 RequestorUid: 10116 RequestorPkg: com.android.systemui UnderlyingNetworks: Null] ]
04-15 16:17:26.320 0 0 I servicemanager: Found android.hardware.radio.data.IRadioData/slot1 in device VINTF manifest.
04-15 16:17:26.322 886 886 D NavigationModeController: getCurrentInteractionMode: mode=0 contextUser=0
04-15 16:17:26.235 534 804 D MultiInternetWifiNetworkFactory: got request NetworkRequest [ REQUEST id=15, [ Capabilities: INTERNET&NOT_RESTRICTED&TRUSTED&NOT_VCN_MANAGED Uid: 1000 RequestorUid: 1000 RequestorPkg: android UnderlyingNetworks: Null] ]
04-15 16:17:26.350 534 620 D CompatibilityChangeReporter: Compat change id reported: 258236856; UID 1000; state: ENABLED
04-15 16:17:26.361 534 620 W JobServiceContext: Timed out while trying to bind for 70bffb7 #1000/1 com.android.providers.settings/.WriteFallbackSettingsFilesJobService
04-15 16:17:26.363 534 804 D MultiInternetWifiNetworkFactory: got request NetworkRequest [ REQUEST id=24, [ Capabilities: INTERNET&NOT_RESTRICTED&TRUSTED&NOT_VCN_MANAGED Uid: 10116 RequestorUid: 10116 RequestorPkg: com.android.systemui UnderlyingNetworks: Null] ]
04-15 16:17:26.402 0 0 I apexd : Deleting unused dm device com.android.apex.cts.shim
04-15 16:17:26.411 0 0 E apexd : Didn't generate uevent for [com.android.apex.cts.shim] removal
04-15 16:17:26.411 0 0 W apexd : Failed to delete dm-device com.android.apex.cts.shim
04-15 16:17:26.411 0 0 I apexd : Deleting unused dm device com.android.btservices
04-15 16:17:26.416 0 0 E apexd : Didn't generate uevent for [com.android.btservices] removal
04-15 16:17:26.420 0 0 W apexd : Failed to delete dm-device com.android.btservices
04-15 16:17:26.422 0 0 I servicemanager: Found android.hardware.radio.messaging.IRadioMessaging/slot1 in device VINTF manifest.
04-15 16:17:26.436 0 0 I apexd : Deleting unused dm device com.android.devicelock
04-15 16:17:26.437 0 0 E apexd : Didn't generate uevent for [com.android.devicelock] removal
04-15 16:17:26.437 0 0 W apexd : Failed to delete dm-device com.android.devicelock
04-15 16:17:26.437 0 0 I apexd : Deleting unused dm device com.android.healthfitness
04-15 16:17:26.437 0 0 E apexd : Didn't generate uevent for [com.android.healthfitness] removal
04-15 16:17:26.438 0 0 W apexd : Failed to delete dm-device com.android.healthfitness
04-15 16:17:26.438 0 0 I apexd : Deleting unused dm device com.android.i18n
04-15 16:17:26.438 0 0 E apexd : Didn't generate uevent for [com.android.i18n] removal
04-15 16:17:26.438 0 0 W apexd : Failed to delete dm-device com.android.i18n
04-15 16:17:26.438 0 0 I apexd : Deleting unused dm device com.android.os.statsd
04-15 16:17:26.441 0 0 I servicemanager: Found android.hardware.radio.modem.IRadioModem/slot1 in device VINTF manifest.
04-15 16:17:26.443 0 0 E apexd : Didn't generate uevent for [com.android.os.statsd] removal
04-15 16:17:26.444 0 0 W apexd : Failed to delete dm-device com.android.os.statsd
04-15 16:17:26.444 0 0 I apexd : Deleting unused dm device com.android.rkpd
04-15 16:17:26.456 0 0 E apexd : Didn't generate uevent for [com.android.rkpd] removal
04-15 16:17:26.456 0 0 W apexd : Failed to delete dm-device com.android.rkpd
04-15 16:17:26.456 0 0 I apexd : Deleting unused dm device com.android.runtime
04-15 16:17:26.458 0 0 E apexd : Didn't generate uevent for [com.android.runtime] removal
04-15 16:17:26.458 0 0 W apexd : Failed to delete dm-device com.android.runtime
04-15 16:17:26.458 0 0 I apexd : Deleting unused dm device com.android.sdkext
04-15 16:17:26.458 0 0 E apexd : Didn't generate uevent for [com.android.sdkext] removal
04-15 16:17:26.458 0 0 W apexd : Failed to delete dm-device com.android.sdkext
04-15 16:17:26.458 0 0 I apexd : Deleting unused dm device com.android.tzdata
04-15 16:17:26.461 0 0 E apexd : Didn't generate uevent for [com.android.tzdata] removal
04-15 16:17:26.461 0 0 W apexd : Failed to delete dm-device com.android.tzdata
04-15 16:17:26.461 0 0 I apexd : Deleting unused dm device com.android.virt
04-15 16:17:26.462 0 0 E apexd : Didn't generate uevent for [com.android.virt] removal
04-15 16:17:26.462 0 0 W apexd : Failed to delete dm-device com.android.virt
04-15 16:17:26.462 0 0 I apexd : Deleting unused dm device com.android.vndk.v34
04-15 16:17:26.462 0 0 E apexd : Didn't generate uevent for [com.android.vndk.v34] removal
04-15 16:17:26.462 0 0 W apexd : Failed to delete dm-device com.android.vndk.v34
04-15 16:17:26.477 534 804 D MultiInternetWifiNetworkFactory: got request NetworkRequest [ REQUEST id=17, [ Capabilities: INTERNET&NOT_RESTRICTED&TRUSTED&NOT_VCN_MANAGED Uid: 1073 RequestorUid: 1073 RequestorPkg: com.android.networkstack UnderlyingNetworks: Null] ]
04-15 16:17:26.479 534 804 D MultiInternetWifiNetworkFactory: got request NetworkRequest [ REQUEST id=1, [ Capabilities: INTERNET&NOT_RESTRICTED&TRUSTED&NOT_VPN&NOT_VCN_MANAGED RequestorUid: 1000 RequestorPkg: android UnderlyingNetworks: Null] ]
04-15 16:17:26.556 534 952 D CompatibilityChangeReporter: Compat change id reported: 161145287; UID 10121; state: ENABLED
04-15 16:17:26.566 0 0 I servicemanager: Found android.hardware.radio.network.IRadioNetwork/slot1 in device VINTF manifest.
04-15 16:17:26.591 886 886 I vol.Events: writeEvent collection_started
04-15 16:17:26.618 0 0 I servicemanager: Found android.hardware.radio.sim.IRadioSim/slot1 in device VINTF manifest.
04-15 16:17:26.619 0 0 I servicemanager: Found android.hardware.radio.voice.IRadioVoice/slot1 in device VINTF manifest.
04-15 16:17:26.629 0 0 I servicemanager: Found android.hardware.radio.ims.IRadioIms/slot1 in device VINTF manifest.
04-15 16:17:26.687 0 0 I servicemanager: Found android.hardware.radio.modem.IRadioModem/slot1 in device VINTF manifest.
04-15 16:17:26.708 534 534 I Telecom : Class: TelecomSystem.INSTANCE being set❗
04-15 16:17:26.719 1369 1369 I abb : StartCommandInProcess(73657474696e67730067657400676c6f settings.get.glo [truncated])
04-15 16:17:26.801 534 534 I Telecom : PhoneAccountRegistrar: getSimCallManager: SimCallManager for subId -1 queried, returning: null: TSI.gSCM(a)@AAE🔒
04-15 16:17:26.817 534 534 W Looper : Slow dispatch took 9910ms main h=android.app.ActivityThread$H c=android.app.LoadedApk$ServiceDispatcher$RunConnection@274edaa m=0
04-15 16:17:26.836 0 0 I servicemanager: Found android.hardware.radio.data.IRadioData/slot1 in device VINTF manifest.
04-15 16:17:26.852 534 534 W binder:534_7: type=1400 audit(0.0:8): avc: denied { getopt } for scontext=u:r:system_server:s0 tcontext=u:r:shell:s0 tclass=unix_stream_socket permissive=0
04-15 16:17:26.856 534 534 W binder:534_7: type=1400 audit(0.0:9): avc: denied { getopt } for scontext=u:r:system_server:s0 tcontext=u:r:shell:s0 tclass=unix_stream_socket permissive=0
04-15 16:17:26.856 534 534 W binder:534_7: type=1400 audit(0.0:10): avc: denied { getopt } for scontext=u:r:system_server:s0 tcontext=u:r:shell:s0 tclass=unix_stream_socket permissive=0
04-15 16:17:26.867 0 0 I servicemanager: Found android.hardware.radio.messaging.IRadioMessaging/slot1 in device VINTF manifest.
04-15 16:17:26.877 1369 1369 I abb : StartCommandInProcess(7061636b61676500696e7374616c6c00 package.install. [truncated])
04-15 16:17:26.957 0 0 I servicemanager: Found android.hardware.radio.network.IRadioNetwork/slot1 in device VINTF manifest.
04-15 16:17:26.959 534 1373 I ActivityManager: dumpStackTraces pids={897=true, 1092=true, 1125=true, 1169=true, 1266=true, 1285=true}
04-15 16:17:26.973 0 0 I servicemanager: Found android.hardware.radio.sim.IRadioSim/slot1 in device VINTF manifest.
04-15 16:17:26.999 1044 1050 I webview_zygote: Background concurrent copying GC freed 677(88KB) AllocSpace objects, 0(0B) LOS objects, 49% free, 1959KB/3919KB, paused 544.839ms,78us total 2.172s
04-15 16:17:27.005 0 0 I servicemanager: Found android.hardware.radio.voice.IRadioVoice/slot1 in device VINTF manifest.
04-15 16:17:27.051 0 0 I servicemanager: Found android.hardware.radio.ims.IRadioIms/slot1 in device VINTF manifest.
04-15 16:17:27.052 0 0 I servicemanager: Found android.hardware.radio.ims.IRadioIms/slot1 in device VINTF manifest.
04-15 16:17:27.085 534 534 W Looper : Slow dispatch took 203ms main h=android.app.ActivityThread$H c=null m=114
04-15 16:17:26.772 886 1011 W Looper : Slow dispatch took 4693ms SysUiLng h=android.os.Handler c=com.android.systemui.wallpapers.ImageWallpaper$CanvasEngine$$ExternalSyntheticLambda0@536df17 m=0
04-15 16:17:27.154 534 534 D BluetoothManagerService: BluetoothServiceConnection: com.android.bluetooth.btservice.AdapterService
04-15 16:17:27.159 886 886 D vol.VolumeDialogImpl: initDialog: called!
04-15 16:17:27.184 534 641 D BluetoothManagerService: MESSAGE_BLUETOOTH_SERVICE_CONNECTED: 1
04-15 16:17:27.193 534 534 D BluetoothA2dp: Binding service...
04-15 16:17:27.202 534 534 D BluetoothManagerService: Trying to bind to profile: 2, while Bluetooth was disabled
04-15 16:17:27.312 534 1371 D ActivityManager: created ANR temporary file:/data/anr/temp_anr_4958601726694459332.txt
04-15 16:17:27.313 534 534 D BluetoothHearingAid: Binding service...
04-15 16:17:27.313 534 534 D BluetoothManagerService: Trying to bind to profile: 21, while Bluetooth was disabled
04-15 16:17:27.313 534 534 D BluetoothLeAudio: Binding service...
04-15 16:17:27.314 534 534 D BluetoothManagerService: Trying to bind to profile: 22, while Bluetooth was disabled
04-15 16:17:27.314 534 565 W ActivityManager: Timeout executing service: ServiceRecord{4dc35ad u0 com.android.systemui/.keyguard.KeyguardService}
04-15 16:17:27.329 534 1371 I ActivityManager: Collecting stacks for pid 534 into temporary file temp_anr_4958601726694459332.txt
04-15 16:17:27.420 534 534 W Looper : Slow dispatch took 227ms main h=android.os.Handler c=com.android.server.media.SystemMediaRoute2Provider$$ExternalSyntheticLambda0@ab494ac m=0
04-15 16:17:27.458 1266 1318 W BinaryDictionaryFileDumper: Missing metadata.json resource
04-15 16:17:27.551 534 1373 I ActivityManager: Dumping to /data/anr/anr_2026-04-15-16-17-26-969
04-15 16:17:27.625 1266 1318 I LatinIME:LogUtils: Dictionary info: dictionary = main:en ; version = 54 ; date = 1414726273
04-15 16:17:27.650 534 945 W system_server: Long monitor contention with owner android.io (557) at java.lang.Boolean com.android.server.pm.PackageInstallerService.lambda$new$0()(PackageInstallerService.java:277) waiters=0 in android.content.pm.IPackageInstallerSession com.android.server.pm.PackageInstallerService.openSessionInternal(int) for 354ms
04-15 16:17:27.671 534 1395 D ActivityManager: created ANR temporary file:/data/anr/temp_anr_5707361761575939799.txt
04-15 16:17:27.674 534 1395 I ActivityManager: Collecting stacks for pid 886 into temporary file temp_anr_5707361761575939799.txt
04-15 16:17:27.705 1266 1318 I LatinIME:LogUtils: Dictionary info: dictionary = main:en ; version = 54 ; date = 1414726273
04-15 16:17:27.758 1266 1318 I LatinIME:LogUtils: Dictionary info: dictionary = main:en ; version = 54 ; date = 1414726273
04-15 16:17:27.794 1266 1318 I LatinIME:LogUtils: Dictionary info: dictionary = main:en ; version = 54 ; date = 1414726273
04-15 16:17:27.821 534 1371 E system_server: libdebuggerd_client: failed to read "/proc/534/task/1388/wchan": No such file or directory
04-15 16:17:27.822 534 1371 E system_server: libdebuggerd_client: failed to read "/proc/534/task/1389/wchan": No such file or directory
04-15 16:17:27.822 534 1371 E system_server: libdebuggerd_client: failed to read "/proc/534/task/1390/wchan": No such file or directory
04-15 16:17:27.822 534 1371 E system_server: libdebuggerd_client: failed to read "/proc/534/task/1391/wchan": No such file or directory
04-15 16:17:27.830 534 1371 I system_server: libdebuggerd_client: started dumping process 534
04-15 16:17:27.850 194 194 I tombstoned: registered intercept for pid 534 and type kDebuggerdJavaBacktrace
