04-15 16:17:33.875 534 565 V SystemServerTimingAsync: ssm.onUnlockingUser-0_com.android.server.biometrics.sensors.fingerprint.FingerprintService took to complete: 0ms
04-15 16:17:33.875 534 565 D SystemServerTimingAsync: ssm.onUnlockingUser-0_com.android.server.biometrics.BiometricService
04-15 16:17:33.875 534 565 V SystemServerTimingAsync: ssm.onUnlockingUser-0_com.android.server.biometrics.BiometricService took to complete: 0ms
04-15 16:17:33.875 534 565 D SystemServerTimingAsync: ssm.onUnlockingUser-0_com.android.server.biometrics.AuthService
04-15 16:17:33.875 534 565 V SystemServerTimingAsync: ssm.onUnlockingUser-0_com.android.server.biometrics.AuthService took to complete: 0ms
04-15 16:17:33.875 534 565 D SystemServerTimingAsync: ssm.onUnlockingUser-0_com.android.server.pm.ShortcutService$Lifecycle
04-15 16:17:33.898 1266 1318 I LatinIME:LogUtils: Dictionary info: dictionary = main:en ; version = 54 ; date = 1414726273
04-15 16:17:33.899 534 564 I UsageStatsService: Finished migration to system CE for user 0
04-15 16:17:33.934 534 640 I InputReader: Reconfiguring input devices, changes=KEYBOARD_LAYOUTS
04-15 16:17:33.993 1092 1203 D AdapterState: Start Timeout Delay: 4000
04-15 16:17:33.993 1092 1203 D BluetoothAdapterService: bleOnProcessStart()
04-15 16:17:33.994 1092 1203 I AdapterProperties: init(), maxConnectedAudioDevices, default=5, propertyOverlayed=5, finalValue=5
04-15 16:17:34.013 534 836 D BackupManagerService: [UserID:0] Started thread backup-0
04-15 16:17:34.036 0 0 I binder : release 1402:1402 transaction 28142 out, still active
04-15 16:17:34.036 0 0 I binder : undelivered TRANSACTION_COMPLETE
04-15 16:17:34.044 0 0 I binder : release 1404:1404 transaction 28164 out, still active
04-15 16:17:34.045 0 0 I binder : undelivered TRANSACTION_COMPLETE
04-15 16:17:34.049 534 565 W SystemServiceManager: Service com.android.server.pm.ShortcutService$Lifecycle took 174 ms in onUnlockingUser-0
04-15 16:17:34.050 534 565 V SystemServerTimingAsync: ssm.onUnlockingUser-0_com.android.server.pm.ShortcutService$Lifecycle took to complete: 175ms
04-15 16:17:34.050 534 565 D SystemServerTimingAsync: ssm.onUnlockingUser-0_com.android.server.pm.LauncherAppsService
04-15 16:17:34.050 534 565 V SystemServerTimingAsync: ssm.onUnlockingUser-0_com.android.server.pm.LauncherAppsService took to complete: 0ms
04-15 16:17:34.050 534 565 D SystemServerTimingAsync: ssm.onUnlockingUser-0_com.android.server.pm.CrossProfileAppsService
04-15 16:17:34.050 534 565 V SystemServerTimingAsync: ssm.onUnlockingUser-0_com.android.server.pm.CrossProfileAppsService took to complete: 0ms
04-15 16:17:34.050 534 565 D SystemServerTimingAsync: ssm.onUnlockingUser-0_com.android.server.people.PeopleService
04-15 16:17:34.050 534 565 V SystemServerTimingAsync: ssm.onUnlockingUser-0_com.android.server.people.PeopleService took to complete: 0ms
04-15 16:17:34.050 534 565 D SystemServerTimingAsync: ssm.onUnlockingUser-0_com.android.server.media.metrics.MediaMetricsManagerService
04-15 16:17:34.050 534 565 V SystemServerTimingAsync: ssm.onUnlockingUser-0_com.android.server.media.metrics.MediaMetricsManagerService took to complete: 0ms
04-15 16:17:34.050 534 565 D SystemServerTimingAsync: ssm.onUnlockingUser-0_com.android.server.pm.BackgroundInstallControlService
04-15 16:17:34.050 534 565 V SystemServerTimingAsync: ssm.onUnlockingUser-0_com.android.server.pm.BackgroundInstallControlService took to complete: 0ms
04-15 16:17:34.051 534 565 D SystemServerTimingAsync: ssm.onUnlockingUser-0_com.android.server.media.projection.MediaProjectionManagerService
04-15 16:17:34.051 534 565 V SystemServerTimingAsync: ssm.onUnlockingUser-0_com.android.server.media.projection.MediaProjectionManagerService took to complete: 0ms
04-15 16:17:34.051 534 565 D SystemServerTimingAsync: ssm.onUnlockingUser-0_com.android.server.slice.SliceManagerService$Lifecycle
04-15 16:17:34.071 534 651 W ActivityManager: Slow operation: 68ms so far, now at startProcess: done creating new process record
04-15 16:17:34.083 0 0 I binder : release 1406:1406 transaction 28155 out, still active
04-15 16:17:34.083 0 0 I binder : undelivered TRANSACTION_COMPLETE
04-15 16:17:34.086 534 565 V SystemServerTimingAsync: ssm.onUnlockingUser-0_com.android.server.slice.SliceManagerService$Lifecycle took to complete: 35ms
04-15 16:17:34.086 534 565 D SystemServerTimingAsync: ssm.onUnlockingUser-0_com.android.server.stats.StatsCompanion$Lifecycle
04-15 16:17:34.086 534 565 V SystemServerTimingAsync: ssm.onUnlockingUser-0_com.android.server.stats.StatsCompanion$Lifecycle took to complete: 0ms
04-15 16:17:34.086 534 565 D SystemServerTimingAsync: ssm.onUnlockingUser-0_com.android.server.scheduling.RebootReadinessManagerService$Lifecycle
04-15 16:17:34.086 534 565 V SystemServerTimingAsync: ssm.onUnlockingUser-0_com.android.server.scheduling.RebootReadinessManagerService$Lifecycle took to complete: 0ms
04-15 16:17:34.086 534 565 D SystemServerTimingAsync: ssm.onUnlockingUser-0_com.android.server.stats.pull.StatsPullAtomService
04-15 16:17:34.086 534 565 V SystemServerTimingAsync: ssm.onUnlockingUser-0_com.android.server.stats.pull.StatsPullAtomService took to complete: 0ms
04-15 16:17:34.086 534 565 D SystemServerTimingAsync: ssm.onUnlockingUser-0_com.android.server.stats.bootstrap.StatsBootstrapAtomService$Lifecycle
04-15 16:17:34.086 534 565 V SystemServerTimingAsync: ssm.onUnlockingUser-0_com.android.server.stats.bootstrap.StatsBootstrapAtomService$Lifecycle took to complete: 0ms
04-15 16:17:34.086 534 565 D SystemServerTimingAsync: ssm.onUnlockingUser-0_com.android.server.incident.IncidentCompanionService
04-15 16:17:34.087 534 565 V SystemServerTimingAsync: ssm.onUnlockingUser-0_com.android.server.incident.IncidentCompanionService took to complete: 0ms
04-15 16:17:34.087 534 565 D SystemServerTimingAsync: ssm.onUnlockingUser-0_com.android.server.sdksandbox.SdkSandboxManagerService$Lifecycle
04-15 16:17:34.087 534 565 I SdkSandboxManager: onUserUnlocking 0
04-15 16:17:34.094 0 0 I binder : release 1408:1408 transaction 28196 out, still active
04-15 16:17:34.094 0 0 I binder : undelivered TRANSACTION_COMPLETE
04-15 16:17:34.110 0 0 I binder : release 1410:1410 transaction 28178 out, still active
04-15 16:17:34.110 0 0 I binder : undelivered TRANSACTION_COMPLETE
04-15 16:17:34.105 534 651 W ActivityManager: Slow operation: 69ms so far, now at startProcess: stepping in to startProcess
04-15 16:17:34.110 534 565 V SystemServerTimingAsync: ssm.onUnlockingUser-0_com.android.server.sdksandbox.SdkSandboxManagerService$Lifecycle took to complete: 23ms
04-15 16:17:34.110 534 565 D SystemServerTimingAsync: ssm.onUnlockingUser-0_com.android.server.adservices.AdServicesManagerService$Lifecycle
04-15 16:17:34.110 534 565 V SystemServerTimingAsync: ssm.onUnlockingUser-0_com.android.server.adservices.AdServicesManagerService$Lifecycle took to complete: 0ms
04-15 16:17:34.110 534 565 D SystemServerTimingAsync: ssm.onUnlockingUser-0_com.android.server.ondevicepersonalization.OnDevicePersonalizationSystemService$Lifecycle
04-15 16:17:34.110 534 565 V SystemServerTimingAsync: ssm.onUnlockingUser-0_com.android.server.ondevicepersonalization.OnDevicePersonalizationSystemService$Lifecycle took to complete: 0ms
04-15 16:17:34.110 534 565 D SystemServerTimingAsync: ssm.onUnlockingUser-0_com.android.server.MmsServiceBroker
04-15 16:17:34.110 534 565 V SystemServerTimingAsync: ssm.onUnlockingUser-0_com.android.server.MmsServiceBroker took to complete: 0ms
04-15 16:17:34.111 534 565 D SystemServerTimingAsync: ssm.onUnlockingUser-0_com.android.server.autofill.AutofillManagerService
04-15 16:17:34.111 534 565 D AutofillManagerServiceImpl: Reset component for user 0:null
04-15 16:17:34.111 534 565 D FieldClassificationStrategy: reset(): service is not bound. Do nothing.
04-15 16:17:34.116 534 556 D AutofillUI: destroySaveUiUiThread(): already destroyed
04-15 16:17:34.146 1266 1318 I LatinIME:LogUtils: Dictionary info: dictionary = main:en ; version = 54 ; date = 1414726273
04-15 16:17:34.151 534 651 D CompatibilityChangeReporter: Compat change id reported: 135634846; UID 10120; state: DISABLED
04-15 16:17:34.160 886 1374 I vol.Events: writeEvent level_changed STREAM_ALARM 6
04-15 16:17:34.301 534 804 D WakeupConfigStoreData: WifiWake user data has been read
04-15 16:17:34.349 534 641 D BluetoothManagerService: Stored Bluetooth name: Android SDK built for x86_64
04-15 16:17:34.350 534 566 W ActivityManager: Slow operation: 228ms so far, now at startProcess: asking zygote to start proc
04-15 16:17:34.351 534 651 W ActivityManager: Slow operation: 330ms so far, now at startProcess: done starting proc!
04-15 16:17:34.365 534 566 D CompatibilityChangeReporter: Compat change id reported: 143937733; UID 10120; state: ENABLED
04-15 16:17:34.377 534 641 D BluetoothManagerService: MESSAGE_USER_UNLOCKED
04-15 16:17:34.389 534 641 D BluetoothManagerService: MESSAGE_BLUETOOTH_STATE_CHANGE: OFF > BLE_TURNING_ON
04-15 16:17:34.404 534 641 D BluetoothManagerService: Sending BLE State Change: OFF > BLE_TURNING_ON
04-15 16:17:34.420 328 328 D Zygote : Forked child process 1474
04-15 16:17:34.423 534 566 W ActivityManager: Slow operation: 317ms so far, now at startProcess: returned from zygote!
04-15 16:17:34.428 534 565 W SystemServiceManager: Service com.android.server.autofill.AutofillManagerService took 236 ms in onUnlockingUser-0
04-15 16:17:34.429 534 565 V SystemServerTimingAsync: ssm.onUnlockingUser-0_com.android.server.autofill.AutofillManagerService took to complete: 318ms
04-15 16:17:34.429 534 565 D SystemServerTimingAsync: ssm.onUnlockingUser-0_com.android.server.credentials.CredentialManagerService
04-15 16:17:34.431 534 565 V SystemServerTimingAsync: ssm.onUnlockingUser-0_com.android.server.credentials.CredentialManagerService took to complete: 2ms
04-15 16:17:34.468 886 1374 I vol.Events: writeEvent level_changed STREAM_BLUETOOTH_SCO 7
04-15 16:17:34.532 534 565 D SystemServerTimingAsync: ssm.onUnlockingUser-0_com.android.server.selectiontoolbar.SelectionToolbarManagerService
04-15 16:17:34.534 534 565 V SystemServerTimingAsync: ssm.onUnlockingUser-0_com.android.server.selectiontoolbar.SelectionToolbarManagerService took to complete: 2ms
04-15 16:17:34.534 534 565 D SystemServerTimingAsync: ssm.onUnlockingUser-0_com.android.server.clipboard.ClipboardService
04-15 16:17:34.534 534 565 V SystemServerTimingAsync: ssm.onUnlockingUser-0_com.android.server.clipboard.ClipboardService took to complete: 0ms
04-15 16:17:34.534 534 565 D SystemServerTimingAsync: ssm.onUnlockingUser-0_com.android.server.appbinding.AppBindingService$Lifecycle
04-15 16:17:34.535 534 565 V SystemServerTimingAsync: ssm.onUnlockingUser-0_com.android.server.appbinding.AppBindingService$Lifecycle took to complete: 1ms
04-15 16:17:34.535 534 565 D SystemServerTimingAsync: ssm.onUnlockingUser-0_com.android.server.tracing.TracingServiceProxy
04-15 16:17:34.535 534 565 V SystemServerTimingAsync: ssm.onUnlockingUser-0_com.android.server.tracing.TracingServiceProxy took to complete: 0ms
04-15 16:17:34.535 534 565 D SystemServerTimingAsync: ssm.onUnlockingUser-0_com.android.server.policy.PermissionPolicyService
04-15 16:17:34.535 534 565 V SystemServerTimingAsync: ssm.onUnlockingUser-0_com.android.server.policy.PermissionPolicyService took to complete: 0ms
04-15 16:17:34.535 534 565 D SystemServerTimingAsync: ssm.onUnlockingUser-0_com.android.server.pm.StagingManager$Lifecycle
04-15 16:17:34.535 534 565 V SystemServerTimingAsync: ssm.onUnlockingUser-0_com.android.server.pm.StagingManager$Lifecycle took to complete: 0ms
04-15 16:17:34.545 886 1374 I vol.Events: writeEvent external_ringer_mode_changed unknown
04-15 16:17:34.547 886 1374 I vol.Events: writeEvent zen_mode_config_changed [disallowAlarms=false disallowMedia=false disallowSystem=true disallowRinger=false]
04-15 16:17:34.562 534 1458 W system_server: Long monitor contention with owner StorageManagerService (651) at int com.android.server.am.ActivityManagerService.bindServiceInstance(android.app.IApplicationThread, android.os.IBinder, android.content.Intent, java.lang.String, android.app.IServiceConnection, long, java.lang.String, boolean, int, java.lang.String, android.app.IApplicationThread, java.lang.String, int)(ActivityManagerService.java:13404) waiters=0 in android.content.Intent com.android.server.am.ActivityManagerService.registerReceiverWithFeature(android.app.IApplicationThread, java.lang.String, java.lang.String, java.lang.String, android.content.IIntentReceiver, android.content.IntentFilter, java.lang.String, int, int) for 411ms
04-15 16:17:34.563 534 651 I StorageUserConnection: Bound to the ExternalStorageService for user 0
04-15 16:17:34.565 534 804 D WifiConfigStore: Reading from user stores completed in 395 ms.
04-15 16:17:34.572 534 1347 W system_server: Long monitor contention with owner StorageManagerService (651) at int com.android.server.am.ActivityManagerService.bindServiceInstance(android.app.IApplicationThread, android.os.IBinder, android.content.Intent, java.lang.String, android.app.IServiceConnection, long, java.lang.String, boolean, int, java.lang.String, android.app.IApplicationThread, java.lang.String, int)(ActivityManagerService.java:13404) waiters=1 in android.content.Intent com.android.server.am.ActivityManagerService.registerReceiverWithFeature(android.app.IApplicationThread, java.lang.String, java.lang.String, java.lang.String, android.content.IIntentReceiver, android.content.IntentFilter, java.lang.String, int, int) for 403ms
04-15 16:17:34.576 534 555 W Looper : Slow dispatch took 191ms android.fg h=com.android.server.DropBoxManagerService$DropBoxManagerBroadcastHandler c=null m=2
04-15 16:17:34.588 534 565 D SystemServerTimingAsync: ssm.onUnlockingUser-0_com.android.server.app.GameManagerService$Lifecycle
04-15 16:17:34.588 534 565 V SystemServerTimingAsync: ssm.onUnlockingUser-0_com.android.server.app.GameManagerService$Lifecycle took to complete: 0ms
04-15 16:17:34.588 534 565 D SystemServerTimingAsync: ssm.onUnlockingUser-0_com.android.safetycenter.SafetyCenterService
04-15 16:17:34.588 534 565 V SystemServerTimingAsync: ssm.onUnlockingUser-0_com.android.safetycenter.SafetyCenterService took to complete: 0ms
04-15 16:17:34.588 534 565 D SystemServerTimingAsync: ssm.onUnlockingUser-0_com.android.server.appsearch.AppSearchModule$Lifecycle
04-15 16:17:34.594 534 641 W system_server: Long monitor contention with owner StorageManagerService (651) at int com.android.server.am.ActivityManagerService.bindServiceInstance(android.app.IApplicationThread, android.os.IBinder, android.content.Intent, java.lang.String, android.app.IServiceConnection, long, java.lang.String, boolean, int, java.lang.String, android.app.IApplicationThread, java.lang.String, int)(ActivityManagerService.java:13404) waiters=4 in int com.android.server.am.ActivityManagerService.broadcastIntentWithFeature(android.app.IApplicationThread, java.lang.String, android.content.Intent, java.lang.String, android.content.IIntentReceiver, int, java.lang.String, android.os.Bundle, java.lang.String[], java.lang.String[], java.lang.String[], int, android.os.Bundle, boolean, boolean, int) for 161ms
04-15 16:17:34.611 534 564 I UsageStatsDatabase: Upgrading from version 0 to 5
04-15 16:17:34.611 534 564 I UsageStatsDatabase: Deleting all usage stats files
04-15 16:17:34.613 1092 1203 D BluetoothAdapterService: bleOnProcessStart() - Make Bond State Machine
04-15 16:17:34.614 1092 1203 D BluetoothBondStateMachine: make
04-15 16:17:34.616 534 641 W BroadcastLoopers: Found previously unknown looper Thread[BluetoothManagerService,5,main]
04-15 16:17:34.622 534 566 W ActivityManager: Slow operation: 517ms so far, now at startProcess: done updating battery stats
04-15 16:17:34.623 534 566 I Watchdog: Interesting Java process com.android.providers.media.module started. Pid 1474
04-15 16:17:34.623 534 566 W ActivityManager: Slow operation: 519ms so far, now at startProcess: building log message
04-15 16:17:34.632 534 566 I ActivityManager: Start proc 1474:com.android.providers.media.module/u0a120 for service {com.android.providers.media.module/com.android.providers.media.fuse.ExternalStorageServiceImpl}
04-15 16:17:34.633 534 566 W ActivityManager: Slow operation: 528ms so far, now at startProcess: starting to update pids map
04-15 16:17:34.633 534 566 W ActivityManager: Slow operation: 529ms so far, now at startProcess: done updating pids map
04-15 16:17:34.698 1474 1474 I rs.media.module: Using CollectorTypeCC GC.
04-15 16:17:34.734 534 564 I UsageStatsService: User[0] Rollover scheduled @ 2026-04-16 16:17:34(1776356254079)
04-15 16:17:34.734 534 564 D AppStandbyController: Initializing defaults for system apps on user 0, appIdleEnabled=false
04-15 16:17:34.748 534 534 W WindowMagnificationMgr: requestConnection duplicated request: connect=false, mConnectionState=DISCONNECTED
04-15 16:17:34.750 534 534 W Looper : Slow dispatch took 908ms main h=android.app.ActivityThread$H c=android.app.LoadedApk$ReceiverDispatcher$Args$$ExternalSyntheticLambda0@54fa5fe m=0
04-15 16:17:34.767 534 1475 I AppSearchUserInstanceMa: Creating new AppSearch instance at: /data/system_ce/0/appsearch/icing
04-15 16:17:34.775 534 534 D SystemServerTiming: ManagedServices.unbindOtherUserServices_current0
04-15 16:17:34.775 534 534 V SystemServerTiming: ManagedServices.unbindOtherUserServices_current0 took to complete: 0ms
04-15 16:17:34.776 534 534 D SystemServerTiming: ManagedServices.unbindOtherUserServices_current0
04-15 16:17:34.776 534 534 V SystemServerTiming: ManagedServices.unbindOtherUserServices_current0 took to complete: 0ms
04-15 16:17:34.776 534 534 D SystemServerTiming: ManagedServices.unbindOtherUserServices_current0
04-15 16:17:34.776 534 534 V SystemServerTiming: ManagedServices.unbindOtherUserServices_current0 took to complete: 0ms
04-15 16:17:34.777 534 534 V NotificationAssistants: enabling notification assistant for 0: ComponentInfo{android.ext.services/android.ext.services.notification.Assistant}
04-15 16:17:34.777 534 534 V NotificationAssistants: Not registering ComponentInfo{android.ext.services/android.ext.services.notification.Assistant} is already bound
04-15 16:17:34.791 534 565 W SystemServiceManager: Service com.android.server.appsearch.AppSearchModule$Lifecycle took 202 ms in onUnlockingUser-0
04-15 16:17:34.791 534 565 V SystemServerTimingAsync: ssm.onUnlockingUser-0_com.android.server.appsearch.AppSearchModule$Lifecycle took to complete: 202ms
04-15 16:17:34.791 534 565 D SystemServerTimingAsync: ssm.onUnlockingUser-0_com.android.server.media.MediaCommunicationService
04-15 16:17:34.791 534 565 V SystemServerTimingAsync: ssm.onUnlockingUser-0_com.android.server.media.MediaCommunicationService took to complete: 0ms
04-15 16:17:34.791 534 565 D SystemServerTimingAsync: ssm.onUnlockingUser-0_com.android.server.compat.overrides.AppCompatOverridesService$Lifecycle
04-15 16:17:34.791 534 565 V SystemServerTimingAsync: ssm.onUnlockingUser-0_com.android.server.compat.overrides.AppCompatOverridesService$Lifecycle took to complete: 0ms
04-15 16:17:34.791 534 565 D SystemServerTimingAsync: ssm.onUnlockingUser-0_com.android.server.healthconnect.HealthConnectManagerService
04-15 16:17:34.791 534 565 V SystemServerTimingAsync: ssm.onUnlockingUser-0_com.android.server.healthconnect.HealthConnectManagerService took to complete: 0ms
04-15 16:17:34.791 534 565 D SystemServerTimingAsync: ssm.onUnlockingUser-0_com.android.server.devicelock.DeviceLockService
04-15 16:17:34.964 534 608 E IPCThreadState: Binder transaction failure: 28663/29189/-22
04-15 16:17:34.966 534 565 D DeviceLockService: onUserUnlocking
04-15 16:17:34.966 534 565 V SystemServerTimingAsync: ssm.onUnlockingUser-0_com.android.server.devicelock.DeviceLockService took to complete: 0ms
04-15 16:17:34.966 534 565 V SystemServerTimingAsync: ssm.UnlockingUser-0 took to complete: 3185ms
04-15 16:17:34.969 534 555 I ActivityTaskManager: Loading recents for user 0 into memory.
04-15 16:17:34.969 534 555 E TaskPersister: restoreTasksForUserLocked: Unable to list files from /data/system_ce/0/recent_tasks
04-15 16:17:34.970 534 555 V PackageConfigPersister: loadPackages: empty list files from /data/system_ce/0/package_configs
04-15 16:17:34.973 534 565 D SystemServerTiming: finishUserUnlocked-0
04-15 16:17:34.974 534 565 I ActivityManager: User 0 state changed from RUNNING_UNLOCKING to RUNNING_UNLOCKED
04-15 16:17:34.975 1092 1476 I BluetoothBondStateMachine: StableState(): Entering Off State
04-15 16:17:34.991 0 0 E binder : invalid inc weak node for 28251
04-15 16:17:34.991 0 0 I binder : 534:1444 IncRefs 0 refcount change on invalid ref 534 ret -22
04-15 16:17:34.991 0 0 E binder : invalid inc weak node for 28253
04-15 16:17:34.991 0 0 I binder : 534:1444 IncRefs 0 refcount change on invalid ref 535 ret -22
04-15 16:17:34.981 534 1444 W system_server: Long monitor contention with owner binder:534_4 (608) at java.util.List com.android.server.om.OverlayManagerService.updatePackageManagerLocked(java.util.Collection, int)(OverlayManagerService.java:1534) waiters=0 in boolean com.android.server.om.OverlayManagerService$1.setEnabledExclusiveInCategory(java.lang.String, int) for 2.007s
04-15 16:17:34.991 534 804 W FileUtils: Failed to chmod(/data/misc_ce/0/apexdata/com.android.wifi/WifiConfigStore.xml, 384):
04-15 16:17:34.991 534 804 W FileUtils: android.system.ErrnoException: chmod failed: ENOENT (No such file or directory)
04-15 16:17:34.991 534 804 W FileUtils: at libcore.io.Linux.chmod(Native Method)
04-15 16:17:34.991 534 804 W FileUtils: at libcore.io.ForwardingOs.chmod(ForwardingOs.java:165)
04-15 16:17:34.991 534 804 W FileUtils: at libcore.io.BlockGuardOs.chmod(BlockGuardOs.java:83)
04-15 16:17:34.991 534 804 W FileUtils: at android.system.Os.chmod(Os.java:119)
04-15 16:17:34.991 534 804 W FileUtils: at com.android.server.wifi.util.FileUtils.chmod(FileUtils.java:44)
04-15 16:17:34.991 534 804 W FileUtils: at com.android.server.wifi.WifiConfigStore$StoreFile.writeBufferedRawData(WifiConfigStore.java:941)
04-15 16:17:34.991 534 804 W FileUtils: at com.android.server.wifi.WifiConfigStore.writeBufferedData(WifiConfigStore.java:510)
04-15 16:17:34.991 534 804 W FileUtils: at com.android.server.wifi.WifiConfigStore.write(WifiConfigStore.java:430)
04-15 16:17:34.991 534 804 W FileUtils: at com.android.server.wifi.WifiConfigManager.saveToStore(WifiConfigManager.java:3688)
04-15 16:17:34.991 534 804 W FileUtils: at com.android.server.wifi.WifiConfigManager.handleUserUnlockOrSwitch(WifiConfigManager.java:3229)
04-15 16:17:34.991 534 804 W FileUtils: at com.android.server.wifi.WifiConfigManager.handleUserUnlock(WifiConfigManager.java:3308)
04-15 16:17:34.991 534 804 W FileUtils: at com.android.server.wifi.WifiServiceImpl.lambda$handleUserUnlock$4(WifiServiceImpl.java:862)
04-15 16:17:34.991 534 804 W FileUtils: at com.android.server.wifi.WifiServiceImpl.$r8$lambda$iCwaHj3x8XNFAdDU5jx297GHjjE(WifiServiceImpl.java:0)
04-15 16:17:34.991 534 804 W FileUtils: at com.android.server.wifi.WifiServiceImpl$$ExternalSyntheticLambda124.run(R8$$SyntheticClass:0)
04-15 16:17:34.991 534 804 W FileUtils: at android.os.Handler.handleCallback(Handler.java:958)
04-15 16:17:34.991 534 804 W FileUtils: at android.os.Handler.dispatchMessage(Handler.java:99)
04-15 16:17:34.991 534 804 W FileUtils: at com.android.server.wifi.RunnerHandler.dispatchMessage(RunnerHandler.java:122)
04-15 16:17:34.991 534 804 W FileUtils: at android.os.Looper.loopOnce(Looper.java:205)
04-15 16:17:34.991 534 804 W FileUtils: at android.os.Looper.loop(Looper.java:294)
04-15 16:17:34.991 534 804 W FileUtils: at android.os.HandlerThread.run(HandlerThread.java:67)
04-15 16:17:35.008 1474 1474 W rs.media.module: Unexpected CPU variant for x86: x86_64.
04-15 16:17:35.008 1474 1474 W rs.media.module: Known variants: atom, sandybridge, silvermont, goldmont, goldmont-plus, tremont, kabylake, default
04-15 16:17:35.013 534 565 V SystemServerTiming: SystemUserUnlock took to complete: 17775ms
04-15 16:17:35.047 1474 1474 E rs.media.module: Not starting debugger since process cannot load the jdwp agent.
04-15 16:17:35.166 534 549 W system_server: Long monitor contention with owner binder:534_4 (608) at java.util.List com.android.server.om.OverlayManagerService.updatePackageManagerLocked(java.util.Collection, int)(OverlayManagerService.java:1534) waiters=1 in boolean com.android.server.om.OverlayManagerService$1.setEnabledExclusiveInCategory(java.lang.String, int) for 2.287s
04-15 16:17:35.175 0 0 E binder : invalid inc weak node for 28165
04-15 16:17:35.176 0 0 I binder : 534:549 IncRefs 0 refcount change on invalid ref 518 ret -22
04-15 16:17:35.176 0 0 E binder : invalid inc weak node for 28167
04-15 16:17:35.176 0 0 I binder : 534:549 IncRefs 0 refcount change on invalid ref 519 ret -22
04-15 16:17:35.198 886 886 I TetheringManager: registerTetheringEventCallback:com.android.systemui
04-15 16:17:35.199 886 886 I TetheringManager: registerTetheringEventCallback caller:com.android.systemui
04-15 16:17:35.239 534 542 W system_server: Suspending all threads took: 66.961ms
04-15 16:17:35.267 534 1444 E IPCThreadState: Binder transaction failure: 28781/29189/-22
04-15 16:17:35.304 0 0 I init : Untracked pid 1454 received signal 1
04-15 16:17:35.305 0 0 I init : Untracked pid 1454 did not have an associated service entry and will not be reaped
04-15 16:17:35.325 534 542 W system_server: Suspending all threads took: 26.874ms
04-15 16:17:35.338 534 565 W ActivityManager: Slow operation: 323ms so far, now at startProcess: building args
04-15 16:17:35.339 194 194 I tombstoned: received crash request for pid 534
04-15 16:17:35.339 194 194 I tombstoned: found intercept fd 512 for pid 534 and type kDebuggerdJavaBacktrace
04-15 16:17:35.345 534 542 I system_server: Wrote stack traces to tombstoned
04-15 16:17:35.352 194 194 W tombstoned: skipping tombstone file creation due to intercept
04-15 16:17:35.360 534 565 D CompatibilityChangeReporter: Compat change id reported: 135634846; UID 1000; state: DISABLED
04-15 16:17:35.361 534 566 W ActivityManager: Slow operation: 346ms so far, now at startProcess: asking zygote to start proc
04-15 16:17:35.378 534 565 W BroadcastLoopers: Found previously unknown looper Thread[ActivityManager,5,main]
04-15 16:17:35.428 328 328 D Zygote : Forked child process 1492
04-15 16:17:35.431 534 566 W ActivityManager: Slow operation: 416ms so far, now at startProcess: returned from zygote!
04-15 16:17:35.438 534 566 W ActivityManager: Slow operation: 423ms so far, now at startProcess: done updating battery stats
04-15 16:17:35.439 534 566 W ActivityManager: Slow operation: 424ms so far, now at startProcess: building log message
04-15 16:17:35.439 534 566 I ActivityManager: Start proc 1492:com.android.emulator.multidisplay/1000 for added application com.android.emulator.multidisplay
04-15 16:17:35.439 534 566 W ActivityManager: Slow operation: 424ms so far, now at startProcess: starting to update pids map
04-15 16:17:35.449 534 566 W ActivityManager: Slow operation: 434ms so far, now at startProcess: done updating pids map
04-15 16:17:35.449 534 608 W system_server: Long monitor contention with owner ActivityManager (565) at void com.android.server.am.ActivityManagerService.startPersistentApps(int)(ActivityManagerService.java:6696) waiters=0 in android.content.Intent com.android.server.am.ActivityManagerService.registerReceiverWithFeature(android.app.IApplicationThread, java.lang.String, java.lang.String, java.lang.String, android.content.IIntentReceiver, android.content.IntentFilter, java.lang.String, int, int) for 411ms
04-15 16:17:35.451 534 1347 W system_server: Long monitor contention with owner ActivityManager (565) at void com.android.server.am.ActivityManagerService.startPersistentApps(int)(ActivityManagerService.java:6696) waiters=1 in android.content.ComponentName com.android.server.am.ActivityManagerService.startService(android.app.IApplicationThread, android.content.Intent, java.lang.String, boolean, java.lang.String, java.lang.String, int, boolean, int, java.lang.String, java.lang.String) for 110ms
04-15 16:17:35.465 534 565 I PreBootBroadcaster: Pre-boot of {com.android.documentsui/com.android.documentsui.PreBootReceiver} for user 0
04-15 16:17:35.574 534 1475 W system_server: Core platform API violation: Llibcore/io/Memory;->pokeByte(JB)V from Lcom/android/server/appsearch/protobuf/UnsafeUtil; using reflection
04-15 16:17:35.614 534 1475 W system_server: Core platform API violation: Llibcore/io/Memory;->peekByte(J)B from Lcom/android/server/appsearch/protobuf/UnsafeUtil; using reflection
04-15 16:17:35.713 1492 1492 I or.multidisplay: Using CollectorTypeCC GC.
04-15 16:17:35.732 1492 1492 W or.multidisplay: Unexpected CPU variant for x86: x86_64.
04-15 16:17:35.732 1492 1492 W or.multidisplay: Known variants: atom, sandybridge, silvermont, goldmont, goldmont-plus, tremont, kabylake, default
04-15 16:17:35.746 1492 1492 E or.multidisplay: Not starting debugger since process cannot load the jdwp agent.
04-15 16:17:35.813 534 608 W system_server: Long monitor contention with owner binder:534_E (1347) at android.content.ComponentName com.android.server.am.ActivityManagerService.startService(android.app.IApplicationThread, android.content.Intent, java.lang.String, boolean, java.lang.String, java.lang.String, int, boolean, int, java.lang.String, java.lang.String)(ActivityManagerService.java:13195) waiters=0 in android.content.Intent com.android.server.am.ActivityManagerService.registerReceiverWithFeature(android.app.IApplicationThread, java.lang.String, java.lang.String, java.lang.String, android.content.IIntentReceiver, android.content.IntentFilter, java.lang.String, int, int) for 356ms
04-15 16:17:35.820 534 556 W system_server: Long monitor contention with owner binder:534_E (1347) at android.content.ComponentName com.android.server.am.ActivityManagerService.startService(android.app.IApplicationThread, android.content.Intent, java.lang.String, boolean, java.lang.String, java.lang.String, int, boolean, int, java.lang.String, java.lang.String)(ActivityManagerService.java:13195) waiters=1 in android.app.ActivityManagerInternal$ServiceNotificationPolicy com.android.server.am.ActivityManagerService$LocalService.applyForegroundServiceNotification(android.app.Notification, java.lang.String, int, java.lang.String, int) for 342ms
04-15 16:17:35.824 534 550 W system_server: Long monitor contention with owner binder:534_E (1347) at android.content.ComponentName com.android.server.am.ActivityManagerService.startService(android.app.IApplicationThread, android.content.Intent, java.lang.String, boolean, java.lang.String, java.lang.String, int, boolean, int, java.lang.String, java.lang.String)(ActivityManagerService.java:13195) waiters=2 in void com.android.server.am.ActivityManagerService.attachApplication(android.app.IApplicationThread, long) for 297ms
04-15 16:17:35.827 534 556 W Looper : Slow dispatch took 355ms android.ui h=com.android.server.am.PreBootBroadcaster$1 c=null m=1
04-15 16:17:35.870 534 608 I ActivityManager: Broadcasting: Intent { act=com.android.emulator.multidisplay.START flg=0x400000 cmp=com.android.emulator.multidisplay/.MultiDisplayServiceReceiver }
04-15 16:17:35.894 534 550 D CompatibilityChangeReporter: Compat change id reported: 168419799; UID 10120; state: DISABLED
04-15 16:17:35.899 534 550 D CompatibilityChangeReporter: Compat change id reported: 273564678; UID 10120; state: DISABLED
04-15 16:17:35.901 534 1470 E system_server: No package ID 7f found for resource ID 0x7f08025b.
04-15 16:17:35.901 534 1470 E system_server: No package ID 7f found for resource ID 0x7f1315be.
04-15 16:17:35.902 534 1470 E system_server: No package ID 7f found for resource ID 0x7f08025a.
04-15 16:17:35.902 534 1470 E system_server: No package ID 7f found for resource ID 0x7f13067c.
04-15 16:17:35.902 534 1470 E system_server: No package ID 7f found for resource ID 0x7f080259.
04-15 16:17:35.902 534 1470 E system_server: No package ID 7f found for resource ID 0x7f130e50.
04-15 16:17:35.941 534 550 W ActivityManager: Slow operation: 108ms so far, now at attachApplicationLocked: immediately before bindApplication
04-15 16:17:35.954 534 804 D WifiConfigStore: Writing to stores completed in 1193 ms.
04-15 16:17:35.967 886 934 W Looper : Slow dispatch took 3430ms SysUiBg h=android.os.Handler c=android.net.wifi.WifiManager$ScanResultsCallback$ScanResultsCallbackProxy$$ExternalSyntheticLambda0@d703b45 m=0
04-15 16:17:36.012 534 550 W ActivityManager: Slow operation: 179ms so far, now at attachApplicationLocked: immediately after bindApplication
04-15 16:17:36.053 534 550 W ActivityManager: Slow operation: 220ms so far, now at attachApplicationLocked: after updateLruProcessLocked
04-15 16:17:36.107 534 1451 W system_server: Long monitor contention with owner binder:534_4 (608) at java.util.List com.android.server.om.OverlayManagerService.updatePackageManagerLocked(java.util.Collection, int)(OverlayManagerService.java:1534) waiters=2 in boolean com.android.server.om.OverlayManagerService$1.setEnabledExclusiveInCategory(java.lang.String, int) for 2.956s
04-15 16:17:36.118 534 549 E IPCThreadState: Binder transaction failure: 28937/29189/-22
04-15 16:17:36.237 0 0 E binder : invalid inc weak node for 28262
04-15 16:17:36.237 0 0 I binder : 534:1451 IncRefs 0 refcount change on invalid ref 536 ret -22
04-15 16:17:36.237 0 0 E binder : invalid inc weak node for 28264
04-15 16:17:36.237 0 0 I binder : 534:1451 IncRefs 0 refcount change on invalid ref 537 ret -22
04-15 16:17:36.493 1266 1273 W putmethod.latin: Cleared Reference was only reachable from finalizer (only reported once)
04-15 16:17:36.501 1266 1273 I putmethod.latin: Background concurrent copying GC freed 13623(839KB) AllocSpace objects, 1(20KB) LOS objects, 49% free, 2269KB/4539KB, paused 147us,52us total 175.909ms
04-15 16:17:36.531 897 897 W System : ClassLoader referenced unknown path:
04-15 16:17:36.554 1064 1064 W System : ClassLoader referenced unknown path:
04-15 16:17:36.563 897 897 D nativeloader: Configuring clns-shared-8 for other apk . target_sdk_version=34, uses_libraries=, library_path=/apex/com.android.permission/priv-app/PermissionController@UE1A.230829.036.A1/lib/x86_64:/system/lib64:/system_ext/lib64, permitted_path=/data:/mnt/expand:/data/user_de/0/com.android.permissioncontroller:/apex/com.android.permission/priv-app/PermissionController@UE1A.230829.036.A1:/system/lib64:/system_ext/lib64
04-15 16:17:36.580 1064 1064 D nativeloader: Configuring clns-shared-9 for other apk . target_sdk_version=34, uses_libraries=, library_path=/system/priv-app/NetworkStack/lib/x86_64:/system/priv-app/NetworkStack/NetworkStack.apk!/lib/x86_64:/system/lib64:/system_ext/lib64, permitted_path=/data:/mnt/expand:/data/user_de/0/com.android.networkstack:/system/priv-app/NetworkStack:/system/lib64:/system_ext/lib64
04-15 16:17:36.758 534 836 E BackupPasswordManager: Unable to read backup pw version
04-15 16:17:36.760 534 1371 I system_server: libdebuggerd_client: done dumping process 534
04-15 16:17:36.766 534 555 I ActivityTaskManager: Config changes=80000000 {1.0 ?mcc0mnc [en_US] ldltr sw411dp w411dp h914dp 420dpi nrml long port finger qwerty/v/v -nav/h winConfig={ mBounds=Rect(0, 0 - 1080, 2400) mAppBounds=Rect(0, 0 - 1080, 2400) mMaxBounds=Rect(0, 0 - 1080, 2400) mDisplayRotation=ROTATION_0 mWindowingMode=fullscreen mDisplayWindowingMode=fullscreen mActivityType=undefined mAlwaysOnTop=undefined mRotation=ROTATION_0} as.3 s.11 fontWeightAdjustment=0}
04-15 16:17:36.768 534 836 E BackupPasswordManager: Unable to read saved backup pw hash
04-15 16:17:36.806 534 1451 E IPCThreadState: Binder transaction failure: 29133/29189/-22
04-15 16:17:36.840 534 1455 W system_server: Long monitor contention with owner binder:534_4 (608) at java.util.List com.android.server.om.OverlayManagerService.updatePackageManagerLocked(java.util.Collection, int)(OverlayManagerService.java:1534) waiters=3 in boolean com.android.server.om.OverlayManagerService$1.setEnabledExclusiveInCategory(java.lang.String, int) for 3.543s
04-15 16:17:36.851 0 0 E binder : invalid inc weak node for 28276
04-15 16:17:36.851 0 0 I binder : 534:1455 IncRefs 0 refcount change on invalid ref 539 ret -22
04-15 16:17:36.851 0 0 E binder : invalid inc weak node for 28278
04-15 16:17:36.851 0 0 I binder : 534:1455 IncRefs 0 refcount change on invalid ref 540 ret -22
04-15 16:17:36.947 534 555 V ActivityTaskManager: Sending to IME proc com.android.inputmethod.latin new config {1.0 ?mcc0mnc [en_US] ldltr sw411dp w411dp h914dp 420dpi nrml long port finger qwerty/v/v -nav/h winConfig={ mBounds=Rect(0, 0 - 1080, 2400) mAppBounds=Rect(0, 0 - 1080, 2400) mMaxBounds=Rect(0, 0 - 1080, 2400) mDisplayRotation=ROTATION_0 mWindowingMode=fullscreen mDisplayWindowingMode=fullscreen mActivityType=undefined mAlwaysOnTop=undefined mRotation=ROTATION_0} as.3 s.14 fontWeightAdjustment=0}
04-15 16:17:36.991 534 555 I WindowManager: Override config changes=80000000 {1.0 ?mcc0mnc [en_US] ldltr sw411dp w411dp h914dp 420dpi nrml long port finger qwerty/v/v -nav/h winConfig={ mBounds=Rect(0, 0 - 1080, 2400) mAppBounds=Rect(0, 0 - 1080, 2400) mMaxBounds=Rect(0, 0 - 1080, 2400) mDisplayRotation=ROTATION_0 mWindowingMode=fullscreen mDisplayWindowingMode=fullscreen mActivityType=undefined mAlwaysOnTop=undefined mRotation=ROTATION_0} as.3 s.11 fontWeightAdjustment=0} for displayId=0
04-15 16:17:37.006 886 921 V WindowManagerShell: Transition requested: android.os.BinderProxy@1c78dfd TransitionRequestInfo { type = CHANGE, triggerTask = null, remoteTransition = null, displayChange = null }
04-15 16:17:37.032 394 1147 D PermissionCache: checking android.permission.READ_FRAME_BUFFER for uid=1000 => granted (13815 us)
04-15 16:17:37.313 534 944 W system_server: Long monitor contention with owner binder:534_4 (608) at java.util.List com.android.server.om.OverlayManagerService.updatePackageManagerLocked(java.util.Collection, int)(OverlayManagerService.java:1534) waiters=4 in boolean com.android.server.om.OverlayManagerService$1.setEnabledExclusiveInCategory(java.lang.String, int) for 4.043s
04-15 16:17:37.324 0 0 E binder : invalid inc weak node for 28143
04-15 16:17:37.325 0 0 I binder : 534:944 IncRefs 0 refcount change on invalid ref 514 ret -22
04-15 16:17:37.325 0 0 E binder : invalid inc weak node for 28145
04-15 16:17:37.325 0 0 I binder : 534:944 IncRefs 0 refcount change on invalid ref 515 ret -22
04-15 16:17:37.333 534 1455 E IPCThreadState: Binder transaction failure: 29365/29189/-22
04-15 16:17:37.370 0 0 I servicemanager: Could not find android.hardware.graphics.allocator.IAllocator/default in the VINTF manifest.
04-15 16:17:37.396 534 1470 E system_server: No package ID 7f found for resource ID 0x7f080077.
04-15 16:17:37.400 534 1470 E system_server: No package ID 7f found for resource ID 0x7f110261.
04-15 16:17:37.504 133 133 I hwservicemanager: getTransport: Cannot find entry android.hardware.graphics.mapper@4.0::IMapper/default in either framework or device VINTF manifest.
04-15 16:17:37.537 534 1455 I Gralloc4: mapper 4.x is not supported
04-15 16:17:37.545 534 1373 I ActivityManager: Collecting stacks for pid 1120
04-15 16:17:37.559 534 1470 E system_server: No package ID 7f found for resource ID 0x7f07009e.
04-15 16:17:37.572 534 1470 E system_server: No package ID 7f found for resource ID 0x7f120096.
04-15 16:17:37.683 534 1373 I system_server: libdebuggerd_client: started dumping process 1120
04-15 16:17:37.697 194 194 I tombstoned: registered intercept for pid 1120 and type kDebuggerdJavaBacktrace
04-15 16:17:37.710 1120 1123 I m.android.phone: Thread[4,tid=1123,WaitingInMainSignalCatcherLoop,Thread*=0x76602e55cf50,peer=0x13440b08,"Signal Catcher"]: reacting to signal 3
04-15 16:17:37.712 1120 1123 I m.android.phone: Mutator lock exclusive owner tid: -1
04-15 16:17:37.712 1120 1123 I m.android.phone: ThreadList lock owner tid: 0
04-15 16:17:37.712 1120 1123 I m.android.phone: ClassLinker classes lock owner tid: 0
04-15 16:17:37.712 1120 1123 I m.android.phone: ClassLinker dex lock owner tid: 0
04-15 16:17:37.850 534 564 I UsageStatsService: User[0] Flushing usage stats to disk
04-15 16:17:37.997 1092 1203 E AdapterState: BLE_TURNING_ON : BLE_START_TIMEOUT
04-15 16:17:38.006 1092 1203 I AdapterState: BLE_TURNING_OFF : entered
04-15 16:17:38.007 1092 1203 D AdapterProperties: Setting state to BLE_TURNING_OFF
04-15 16:17:38.036 1092 1203 D BluetoothAdapterService: updateAdapterState() - Broadcasting state BLE_TURNING_OFF to 1 receivers.
04-15 16:17:38.044 1120 1127 I m.android.phone: Background concurrent copying GC freed 118385(4703KB) AllocSpace objects, 15(660KB) LOS objects, 49% free, 2443KB/4887KB, paused 149us,61us total 2.167s
04-15 16:17:38.047 1120 1129 W System : A resource failed to call AbstractCursor.close.
04-15 16:17:38.053 1120 1129 W System : A resource failed to call AbstractCursor.close.
04-15 16:17:38.219 534 641 D BluetoothManagerService: MESSAGE_BLUETOOTH_STATE_CHANGE: BLE_TURNING_ON > BLE_TURNING_OFF
04-15 16:17:38.234 534 641 D BluetoothManagerService: Sending BLE State Change: BLE_TURNING_ON > BLE_TURNING_OFF
04-15 16:17:38.255 534 996 W system_server: Long monitor contention with owner binder:534_4 (608) at java.util.List com.android.server.om.OverlayManagerService.updatePackageManagerLocked(java.util.Collection, int)(OverlayManagerService.java:1534) waiters=5 in boolean com.android.server.om.OverlayManagerService$1.setEnabledExclusiveInCategory(java.lang.String, int) for 4.909s
04-15 16:17:38.236 1092 1203 D AdapterState: Stop Timeout Delay: 4000
04-15 16:17:38.274 1092 1203 D AdapterProperties: onBleDisable
04-15 16:17:38.352 0 0 E binder : invalid inc weak node for 28156
04-15 16:17:38.352 0 0 E binder : invalid inc weak node for 28158
04-15 16:17:38.366 534 555 W Transition: Failed to capture screenshot for Display{#0 state=ON size=1080x2400 ROTATION_0}
04-15 16:17:38.410 1169 1169 D b/254119092: DisplayController#onConfigurationChanged: {1.0 ?mcc0mnc [en_US] ldltr sw411dp w411dp h914dp 420dpi nrml long port finger qwerty/v/v -nav/h winConfig={ mBounds=Rect(0, 0 - 1080, 2400) mAppBounds=Rect(0, 0 - 1080, 2400) mMaxBounds=Rect(0, 0 - 1080, 2400) mDisplayRotation=ROTATION_0 mWindowingMode=fullscreen mDisplayWindowingMode=fullscreen mActivityType=undefined mAlwaysOnTop=undefined mRotation=ROTATION_0} as.3 s.11 fontWeightAdjustment=0}
04-15 16:17:38.425 1169 1169 D b/254119092: TaskbarManager#mComponentCallbacks.onConfigurationChanged: {1.0 ?mcc0mnc [en_US] ldltr sw411dp w411dp h914dp 420dpi nrml long port finger qwerty/v/v -nav/h winConfig={ mBounds=Rect(0, 0 - 1080, 2400) mAppBounds=Rect(0, 0 - 1080, 2400) mMaxBounds=Rect(0, 0 - 1080, 2400) mDisplayRotation=ROTATION_0 mWindowingMode=fullscreen mDisplayWindowingMode=fullscreen mActivityType=undefined mAlwaysOnTop=undefined mRotation=ROTATION_0} as.3 s.11 fontWeightAdjustment=0}
04-15 16:17:38.425 1169 1169 D b/254119092: mActivity and mContext agree taskbarIsPresent=false
04-15 16:17:38.425 1169 1169 D b/254119092: ComponentCallbacks#onConfigurationChanged() configDiffForRecreate={}
04-15 16:17:38.425 1169 1169 D b/254119092: mActivity and mContext agree taskbarIsPresent=false
04-15 16:17:38.442 534 555 D CompatibilityChangeReporter: Compat change id reported: 197654537; UID 1000; state: ENABLED
04-15 16:17:38.453 534 944 E IPCThreadState: Binder transaction failure: 29711/29189/-22
04-15 16:17:38.540 194 194 I tombstoned: received crash request for pid 1120
04-15 16:17:38.541 194 194 I tombstoned: found intercept fd 512 for pid 1120 and type kDebuggerdJavaBacktrace
04-15 16:17:38.549 1120 1123 I m.android.phone: Wrote stack traces to tombstoned
04-15 16:17:38.551 194 194 W tombstoned: skipping tombstone file creation due to intercept
04-15 16:17:38.558 534 1373 I system_server: libdebuggerd_client: done dumping process 1120
04-15 16:17:38.593 534 1373 I ActivityManager: Collecting stacks for pid 1107
04-15 16:17:38.603 534 1373 I system_server: libdebuggerd_client: started dumping process 1107
04-15 16:17:38.605 1125 1125 W WindowOnBackDispatcher: sendCancelIfRunning: isInProgress=falsecallback=android.app.Activity$$ExternalSyntheticLambda0@93667f7
04-15 16:17:38.607 194 194 I tombstoned: registered intercept for pid 1107 and type kDebuggerdJavaBacktrace
04-15 16:17:38.627 1107 1110 I com.android.se: Thread[2,tid=1110,WaitingInMainSignalCatcherLoop,Thread*=0x76602e55eb20,peer=0x12dc01c8,"Signal Catcher"]: reacting to signal 3
04-15 16:17:38.628 1107 1110 I com.android.se:
04-15 16:17:38.675 1092 1203 D BluetoothAdapterService: stopGattProfileService() - No profiles services to stop.
04-15 16:17:38.918 534 555 W ActivityTaskManager: Current config: {1.0 ?mcc0mnc [en_US] ldltr sw411dp w411dp h914dp 420dpi nrml long port finger qwerty/v/v -nav/h winConfig={ mBounds=Rect(0, 0 - 1080, 2400) mAppBounds=Rect(0, 0 - 1080, 2400) mMaxBounds=Rect(0, 0 - 1080, 2400) mDisplayRotation=ROTATION_0 mWindowingMode=fullscreen mDisplayWindowingMode=fullscreen mActivityType=undefined mAlwaysOnTop=undefined mRotation=ROTATION_0} as.3 s.11 fontWeightAdjustment=0} unchanged for IME proc com.android.inputmethod.latin
04-15 16:17:38.926 534 1451 W system_server: Long monitor contention with owner android.fg (555) at boolean com.android.server.wm.ActivityTaskManagerService.updateConfiguration(android.content.res.Configuration)(ActivityTaskManagerService.java:3753) waiters=0 in android.os.IBinder com.android.server.wm.WindowOrganizerController.startTransition(int, android.os.IBinder, android.window.WindowContainerTransaction) for 1.918s
04-15 16:17:38.930 534 550 W system_server: Long monitor contention with owner android.fg (555) at void com.android.server.am.ActivityManagerService.scheduleApplicationInfoChanged(java.util.List, int)(ActivityManagerService.java:19335) waiters=0 in void com.android.server.am.ProcessList.updateLruProcessLocked(com.android.server.am.ProcessRecord, boolean, com.android.server.am.ProcessRecord) for 2.800s
04-15 16:17:38.970 534 550 W ActivityManager: Slow operation: 2917ms so far, now at finishAttachApplicationInner: after mServices.attachApplicationLocked
04-15 16:17:38.978 534 550 W ActivityManager: Slow operation: 2925ms so far, now at finishAttachApplicationInner: after dispatching broadcasts
04-15 16:17:38.992 534 559 W system_server: Long monitor contention with owner android.fg (555) at boolean com.android.server.wm.ActivityTaskManagerService.updateConfiguration(android.content.res.Configuration)(ActivityTaskManagerService.java:3753) waiters=1 in void com.android.server.wm.WindowAnimator.lambda$new$1(long) for 569ms
04-15 16:17:38.995 534 1467 D CompatibilityChangeReporter: Compat change id reported: 124107808; UID 1001; state: ENABLED
04-15 16:17:39.017 394 394 I BpBinder: onLastStrongRef automatically unlinking death recipients:
04-15 16:17:39.021 534 944 W system_server: Long monitor contention with owner android.fg (555) at boolean com.android.server.wm.ActivityTaskManagerService.updateConfiguration(android.content.res.Configuration)(ActivityTaskManagerService.java:3753) waiters=2 in void com.android.server.wm.Session.setOnBackInvokedCallbackInfo(android.view.IWindow, android.window.OnBackInvokedCallbackInfo) for 405ms
04-15 16:17:39.022 534 944 D CoreBackPreview: Window{13d3737 u0 com.android.settings/com.android.settings.FallbackHome}: Setting back callback null
04-15 16:17:39.036 886 921 W Looper : Slow dispatch took 2030ms wmshell.main h=android.os.Handler c=com.android.wm.shell.transition.Transitions$TransitionPlayerImpl$$ExternalSyntheticLambda1@ce56231 m=0
04-15 16:17:39.046 886 921 V WindowManagerShell: Display changed: 0
04-15 16:17:39.047 886 921 W Looper : Slow delivery took 588ms wmshell.main h=android.os.Handler c=com.android.wm.shell.common.DisplayController$DisplayWindowListenerImpl$$ExternalSyntheticLambda3@4d697 m=0
04-15 16:17:39.047 534 565 V SystemServerTiming: finishUserUnlocked-0 took to complete: 4074ms
04-15 16:17:39.052 534 608 I ActivityManager: Enqueued broadcast Intent { act=com.android.emulator.multidisplay.START flg=0x400000 cmp=com.android.emulator.multidisplay/.MultiDisplayServiceReceiver }: 0
04-15 16:17:39.062 534 868 W system_server: Long monitor contention with owner binder:534_4 (608) at java.util.List com.android.server.om.OverlayManagerService.updatePackageManagerLocked(java.util.Collection, int)(OverlayManagerService.java:1534) waiters=6 in boolean com.android.server.om.OverlayManagerService$1.setEnabledExclusiveInCategory(java.lang.String, int) for 5.659s
04-15 16:17:39.066 534 620 D OomAdjuster: Not killing cached processes
04-15 16:17:39.071 0 0 E binder : invalid inc weak node for 28220
04-15 16:17:39.071 0 0 E binder : invalid inc weak node for 28222
04-15 16:17:39.077 0 0 W binder_debug: 46 callbacks suppressed
04-15 16:17:39.077 0 0 I binder : 996:534 cannot find target node
04-15 16:17:39.077 0 0 I binder : 534:996 transaction async to 0:0 failed 29955/29189/-22, size 104-0 line 3210
04-15 16:17:39.091 534 558 W BLASTSyncEngine: Sync group 2 timeout
04-15 16:17:39.091 534 558 I BLASTSyncEngine: Unfinished container: Task{70f57d2 #5 type=home A=1000:com.android.settings.FallbackHome}
04-15 16:17:39.148 1092 1203 I AdapterState: OFF : entered
04-15 16:17:39.149 1092 1203 D AdapterProperties: Setting state to OFF
04-15 16:17:39.151 534 555 W Looper : Slow dispatch took 3043ms android.fg h=android.os.Handler c=com.android.server.om.OverlayManagerService$$ExternalSyntheticLambda0@c0c22fa m=0
04-15 16:17:39.155 534 556 W Looper : Slow dispatch took 218ms android.ui h=com.android.server.am.ActivityManagerService$UiHandler c=com.android.server.am.UidObserverController$$ExternalSyntheticLambda0@892d72c m=0
04-15 16:17:39.167 534 996 E IPCThreadState: Binder transaction failure: 29955/29189/-22
04-15 16:17:39.171 1092 1203 D BluetoothAdapterService: updateAdapterState() - Broadcasting state OFF to 1 receivers.
