04-15 16:16:38.587 534 657 I ArtService: Dexopt result: [packageName = com.android.devicelockcontroller] DexContainerFileDexoptResult{dexContainerFile=/apex/com.android.devicelock/priv-app/DeviceLockController@UE1A.230829.036.A1/DeviceLockController.apk, primaryAbi=true, abi=x86_64, actualCompilerFilter=verify, status=PERFORMED, dex2oatWallTimeMillis=2738, dex2oatCpuTimeMillis=4120, sizeBytes=118524, sizeBeforeBytes=0}
04-15 16:16:38.607 534 534 I Watchdog: Resuming HandlerChecker: main thread for reason: dexopt. Pause count: 0
04-15 16:16:38.610 534 534 V SystemServerTiming: UpdatePackagesIfNeeded took to complete: 58523ms
04-15 16:16:38.611 534 534 D SystemServerTiming: PerformFstrimIfNeeded
04-15 16:16:38.638 534 534 W PackageManager: No disk maintenance in 1776269798638; running immediately
04-15 16:16:38.645 534 651 I StorageManagerService: Running fstrim idle maintenance
04-15 16:16:38.656 534 534 V SystemServerTiming: PerformFstrimIfNeeded took to complete: 37ms
04-15 16:16:38.657 534 534 D SystemServerTiming: StartLockSettingsService
04-15 16:16:38.658 534 534 I SystemServiceManager: Starting com.android.server.locksettings.LockSettingsService$Lifecycle
04-15 16:16:38.675 141 141 I vold : AIDL IBootControl not available, falling back to HIDL.
04-15 16:16:38.681 0 0 I servicemanager: Could not find android.hardware.boot.IBootControl/default in the VINTF manifest.
04-15 16:16:38.701 133 133 I hwservicemanager: getTransport: Cannot find entry android.hardware.boot@1.0::IBootControl/default in either framework or device VINTF manifest.
04-15 16:16:38.703 141 141 E vold : Error getting bootctrl v1.0 module.
04-15 16:16:38.748 141 798 D vold : Starting trim of /data
04-15 16:16:38.749 141 798 W vold : Trim failed on /data: Operation not supported on transport endpoint
04-15 16:16:38.750 141 798 D vold : Starting trim of /metadata
04-15 16:16:38.750 141 798 W vold : Trim failed on /metadata: Operation not supported on transport endpoint
04-15 16:16:38.921 534 534 W SystemServiceManager: Service com.android.server.locksettings.LockSettingsService$Lifecycle took 261 ms in onStart
04-15 16:16:38.923 534 534 V SystemServerTiming: StartLockSettingsService took to complete: 266ms
04-15 16:16:38.923 534 534 D SystemServerTiming: StartTestHarnessMode
04-15 16:16:38.923 534 534 I SystemServiceManager: Starting com.android.server.testharness.TestHarnessModeService
04-15 16:16:38.926 534 534 V SystemServerTiming: StartTestHarnessMode took to complete: 3ms
04-15 16:16:38.930 133 133 I hwservicemanager: getTransport: Cannot find entry android.hardware.oemlock@1.0::IOemLock/default in either framework or device VINTF manifest.
04-15 16:16:38.932 534 534 I OemLock : OemLock Hidl HAL not present on device
04-15 16:16:38.936 534 534 D SystemServerTiming: StartDeviceIdleController
04-15 16:16:38.938 534 534 I SystemServiceManager: Starting com.android.server.DeviceIdleController
04-15 16:16:38.943 0 0 I servicemanager: Could not find android.hardware.oemlock.IOemLock/default in the VINTF manifest.
04-15 16:16:38.958 534 534 V SystemServerTiming: StartDeviceIdleController took to complete: 21ms
04-15 16:16:38.958 534 534 D SystemServerTiming: StartDevicePolicyManager
04-15 16:16:38.959 534 534 I SystemServiceManager: Starting com.android.server.devicepolicy.DevicePolicyManagerService$Lifecycle
04-15 16:16:38.992 534 534 E DevicePolicyManager: Error reading version
04-15 16:16:38.992 534 534 E DevicePolicyManager: java.nio.file.NoSuchFileException: /data/system/device_policies_version
04-15 16:16:38.992 534 534 E DevicePolicyManager: at sun.nio.fs.UnixFileSystemProvider.newByteChannel(UnixFileSystemProvider.java:220)
04-15 16:16:38.992 534 534 E DevicePolicyManager: at java.nio.file.Files.newByteChannel(Files.java:361)
04-15 16:16:38.992 534 534 E DevicePolicyManager: at java.nio.file.Files.newByteChannel(Files.java:407)
04-15 16:16:38.992 534 534 E DevicePolicyManager: at java.nio.file.spi.FileSystemProvider.newInputStream(FileSystemProvider.java:384)
04-15 16:16:38.992 534 534 E DevicePolicyManager: at java.nio.file.Files.newInputStream(Files.java:152)
04-15 16:16:38.992 534 534 E DevicePolicyManager: at java.nio.file.Files.newBufferedReader(Files.java:2784)
04-15 16:16:38.992 534 534 E DevicePolicyManager: at java.nio.file.Files.readAllLines(Files.java:3202)
04-15 16:16:38.992 534 534 E DevicePolicyManager: at com.android.server.devicepolicy.PolicyVersionUpgrader.readVersion(PolicyVersionUpgrader.java:307)
04-15 16:16:38.992 534 534 E DevicePolicyManager: at com.android.server.devicepolicy.PolicyVersionUpgrader.upgradePolicy(PolicyVersionUpgrader.java:71)
04-15 16:16:38.992 534 534 E DevicePolicyManager: at com.android.server.devicepolicy.DevicePolicyManagerService.performPolicyVersionUpgrade(DevicePolicyManagerService.java:3519)
04-15 16:16:38.992 534 534 E DevicePolicyManager: at com.android.server.devicepolicy.DevicePolicyManagerService.(DevicePolicyManagerService.java:2091)
04-15 16:16:38.992 534 534 E DevicePolicyManager: at com.android.server.devicepolicy.DevicePolicyManagerService.(DevicePolicyManagerService.java:2032)
04-15 16:16:38.992 534 534 E DevicePolicyManager: at com.android.server.devicepolicy.DevicePolicyManagerService$Lifecycle.(DevicePolicyManagerService.java:1068)
04-15 16:16:38.992 534 534 E DevicePolicyManager: at java.lang.reflect.Constructor.newInstance0(Native Method)
04-15 16:16:38.992 534 534 E DevicePolicyManager: at java.lang.reflect.Constructor.newInstance(Constructor.java:343)
04-15 16:16:38.992 534 534 E DevicePolicyManager: at com.android.server.SystemServiceManager.startService(SystemServiceManager.java:218)
04-15 16:16:38.992 534 534 E DevicePolicyManager: at com.android.server.SystemServer.startOtherServices(SystemServer.java:1872)
04-15 16:16:38.992 534 534 E DevicePolicyManager: at com.android.server.SystemServer.run(SystemServer.java:942)
04-15 16:16:38.992 534 534 E DevicePolicyManager: at com.android.server.SystemServer.main(SystemServer.java:664)
04-15 16:16:38.992 534 534 E DevicePolicyManager: at java.lang.reflect.Method.invoke(Native Method)
04-15 16:16:38.992 534 534 E DevicePolicyManager: at com.android.internal.os.RuntimeInit$MethodAndArgsCaller.run(RuntimeInit.java:552)
04-15 16:16:38.992 534 534 E DevicePolicyManager: at com.android.internal.os.ZygoteInit.main(ZygoteInit.java:949)
04-15 16:16:38.996 534 534 I DevicePolicyManager: Upgrading from version 0
04-15 16:16:38.997 534 534 I DevicePolicyManager: Upgrading from version 1
04-15 16:16:38.998 534 534 I DevicePolicyManager: Upgrading from version 2
04-15 16:16:38.998 534 534 I DevicePolicyManager: Upgrading from version 3
04-15 16:16:38.998 534 534 I DevicePolicyManager: Upgrading from version 4
04-15 16:16:38.999 534 534 I DevicePolicyManager: Keep profile running effective state set to false
04-15 16:16:39.025 534 534 D DevicePolicyManagerService: /data/system/updated_resources.xml doesn't exist
04-15 16:16:39.026 534 534 D DevicePolicyEngine: Reading device policies from file.
04-15 16:16:39.028 534 534 D DevicePolicyEngine: /data/system/device_policy_state.xml doesn't exist
04-15 16:16:39.034 534 534 V SystemServerTiming: StartDevicePolicyManager took to complete: 75ms
04-15 16:16:39.034 534 534 D SystemServerTiming: StartStatusBarManagerService
04-15 16:16:39.040 534 534 V SystemServerTiming: StartStatusBarManagerService took to complete: 5ms
04-15 16:16:39.041 534 534 D SystemServer: MusicRecognitionManagerService not defined by OEM or disabled by flag
04-15 16:16:39.042 534 534 D SystemServer: ContentCaptureService disabled because resource is not overlaid
04-15 16:16:39.043 534 534 D SystemServer: AttentionService is not configured on this device
04-15 16:16:39.045 534 534 D SystemServer: RotationResolverService is not configured on this device
04-15 16:16:39.045 534 534 D SystemServer: SystemCaptionsManagerService disabled because resource is not overlaid
04-15 16:16:39.045 534 534 D SystemServerTiming: StartTextToSpeechManagerService
04-15 16:16:39.046 534 534 I SystemServiceManager: Starting com.android.server.texttospeech.TextToSpeechManagerService
04-15 16:16:39.051 534 534 V SystemServerTiming: StartTextToSpeechManagerService took to complete: 5ms
04-15 16:16:39.051 534 534 D SystemServerTiming: StartAmbientContextService
04-15 16:16:39.052 534 534 I SystemServiceManager: Starting com.android.server.ambientcontext.AmbientContextManagerService
04-15 16:16:39.056 534 534 V SystemServerTiming: StartAmbientContextService took to complete: 4ms
04-15 16:16:39.056 534 534 D SystemServerTiming: startWearableSensingService
04-15 16:16:39.057 534 534 I SystemServiceManager: Starting com.android.server.wearable.WearableSensingManagerService
04-15 16:16:39.061 534 534 V SystemServerTiming: startWearableSensingService took to complete: 5ms
04-15 16:16:39.061 534 534 D SystemServerTiming: StartSpeechRecognitionManagerService
04-15 16:16:39.062 534 534 I SystemServiceManager: Starting com.android.server.speech.SpeechRecognitionManagerService
04-15 16:16:39.065 534 534 V SystemServerTiming: StartSpeechRecognitionManagerService took to complete: 4ms
04-15 16:16:39.066 534 534 D SystemServer: AppPredictionService not defined by OEM
04-15 16:16:39.066 534 534 D SystemServer: ContentSuggestionsService not defined by OEM
04-15 16:16:39.066 534 534 D SystemServerTiming: StartSearchUiService
04-15 16:16:39.067 534 534 I SystemServiceManager: Starting com.android.server.searchui.SearchUiManagerService
04-15 16:16:39.071 534 534 V SystemServerTiming: StartSearchUiService took to complete: 4ms
04-15 16:16:39.071 534 534 D SystemServerTiming: StartSmartspaceService
04-15 16:16:39.072 534 534 I SystemServiceManager: Starting com.android.server.smartspace.SmartspaceManagerService
04-15 16:16:39.075 534 534 V SystemServerTiming: StartSmartspaceService took to complete: 4ms
04-15 16:16:39.076 534 534 D SystemServerTiming: InitConnectivityModuleConnector
04-15 16:16:39.076 534 534 D ConnectivityModuleConnector: Network stack init
04-15 16:16:39.077 534 534 V SystemServerTiming: InitConnectivityModuleConnector took to complete: 1ms
04-15 16:16:39.077 534 534 D SystemServerTiming: InitNetworkStackClient
04-15 16:16:39.078 534 534 D NetworkStackClient: Network stack init
04-15 16:16:39.078 534 534 V SystemServerTiming: InitNetworkStackClient took to complete: 0ms
04-15 16:16:39.079 534 534 D SystemServerTiming: StartNetworkManagementService
04-15 16:16:39.092 327 327 I netd : registerUnsolicitedEventListener(interface:0x7eb2c4e22b10) <0.68ms>
04-15 16:16:39.098 534 534 V SystemServerTiming: StartNetworkManagementService took to complete: 19ms
04-15 16:16:39.098 534 534 D SystemServerTiming: StartFontManagerService
04-15 16:16:39.114 534 534 D CompatibilityChangeReporter: Compat change id reported: 247079863; UID 1000; state: ENABLED
04-15 16:16:39.538 534 534 V SystemServerTiming: StartFontManagerService took to complete: 440ms
04-15 16:16:39.539 534 534 D SystemServerTiming: StartTextServicesManager
04-15 16:16:39.539 534 534 I SystemServiceManager: Starting com.android.server.textservices.TextServicesManagerService$Lifecycle
04-15 16:16:39.545 534 534 V SystemServerTiming: StartTextServicesManager took to complete: 6ms
04-15 16:16:39.545 534 534 D SystemServerTiming: StartTextClassificationManagerService
04-15 16:16:39.545 534 534 I SystemServiceManager: Starting com.android.server.textclassifier.TextClassificationManagerService$Lifecycle
04-15 16:16:39.553 534 534 V SystemServerTiming: StartTextClassificationManagerService took to complete: 8ms
04-15 16:16:39.553 534 534 D SystemServerTiming: StartNetworkScoreService
04-15 16:16:39.554 534 534 I SystemServiceManager: Starting com.android.server.NetworkScoreService$Lifecycle
04-15 16:16:39.558 534 534 I NetworkScoreService: Registering network_score
04-15 16:16:39.560 534 534 V SystemServerTiming: StartNetworkScoreService took to complete: 6ms
04-15 16:16:39.560 534 534 D SystemServerTiming: StartNetworkStatsService
04-15 16:16:39.566 534 534 I SystemServiceManager: Starting com.android.server.NetworkStatsServiceInitializer
04-15 16:16:39.637 534 534 D BpfNetMaps: BpfNetMaps is initialized with sEnableJavaBpfMap=true
04-15 16:16:39.661 534 534 I TrafficController: initMaps successfully
04-15 16:16:39.677 327 327 I netd : registerUnsolicitedEventListener(interface:0x7eb2c4e222d0) <0.14ms>
04-15 16:16:39.682 534 534 I NetworkStatsServiceInitializer: Registering netstats
04-15 16:16:39.683 327 327 I netd : interfaceGetList() -> {[tunl0, wlan0, dummy0, eth0, gre0, ip6gre0, lo, gretap0, ifb0, ip6_vti0, erspan0, sit0, ip6tnl0, ip_vti0, hwsim0, ifb1]} <0.71ms>
04-15 16:16:39.702 534 534 I NetworkStatsServiceInitializer: Initializing network tracing hooks
04-15 16:16:39.703 534 800 D CompatibilityChangeReporter: Compat change id reported: 170188668; UID 1000; state: ENABLED
04-15 16:16:39.721 534 534 D NetworkTrace: Registering Perfetto data source
04-15 16:16:39.722 534 534 V SystemServerTiming: StartNetworkStatsService took to complete: 162ms
04-15 16:16:39.723 534 534 D SystemServerTiming: StartNetworkPolicyManagerService
04-15 16:16:39.766 534 534 V SystemServerTiming: StartNetworkPolicyManagerService took to complete: 43ms
04-15 16:16:39.767 534 534 D SystemServerTiming: StartWifi
04-15 16:16:39.778 534 534 I SystemServiceManager: Starting com.android.server.wifi.WifiService
04-15 16:16:39.857 534 534 D ScanMetrics: Settings package: com.android.settings
04-15 16:16:39.860 534 534 E ScanMetrics: Can't get GMS uid
04-15 16:16:39.880 534 534 I WifiContext: Got resolveInfos for com.android.server.wifi.intent.action.SERVICE_WIFI_RESOURCES_APK: [ResolveInfo{ade05e com.android.wifi.resources/android.app.Activity m=0x108000 userHandle=UserHandle{0}}]
04-15 16:16:39.884 534 534 I WifiContext: Found Wifi Resources APK at: com.android.wifi.resources
04-15 16:16:39.936 534 534 I android_os_HwBinder: HwBinder: Starting thread pool for getting: android.hidl.manager@1.2::IServiceManager/default
04-15 16:16:39.942 133 133 I hwservicemanager: getTransport: Cannot find entry android.hardware.wifi@1.0::IWifi/default in either framework or device VINTF manifest.
04-15 16:16:39.946 534 534 I WifiHalAidlImpl: Creating the Wifi HAL using the AIDL implementation
04-15 16:16:39.954 0 0 I servicemanager: Found android.hardware.wifi.IWifi/default in device VINTF manifest.
04-15 16:16:39.964 0 0 I servicemanager: Found android.hardware.wifi.supplicant.ISupplicant/default in device VINTF manifest.
04-15 16:16:39.956 534 534 I SupplicantStaIfaceHal: Initializing SupplicantStaIfaceHal using AIDL implementation.
04-15 16:16:39.970 0 0 I servicemanager: Found android.hardware.wifi.supplicant.ISupplicant/default in device VINTF manifest.
04-15 16:16:39.963 534 534 I SupplicantP2pIfaceHal: Initializing SupplicantP2pIfaceHal using AIDL implementation.
04-15 16:16:39.965 534 534 I WifiCoexManager: Default coex algorithm is disabled.
04-15 16:16:40.020 534 534 D WifiOpenNetworkNotifier: Settings toggle enabled=true
04-15 16:16:40.026 534 534 D WifiNl80211Manager: registerCountryCodeEventListener called
04-15 16:16:40.029 534 534 D WifiCountryCode: Default country code from system property ro.boot.wificountrycode is null
04-15 16:16:40.033 447 447 I wificond: New wificond event callback registered
04-15 16:16:40.052 534 534 D WakeupController: WifiWake enabled
04-15 16:16:40.055 534 534 V HistoricalRegistry: Interaction before persistence initialized
04-15 16:16:40.058 534 534 V HistoricalRegistry: Interaction before persistence initialized
04-15 16:16:40.069 534 534 I WifiService: Registering wifi
04-15 16:16:40.071 534 534 V SystemServerTiming: StartWifi took to complete: 304ms
04-15 16:16:40.071 534 534 D SystemServerTiming: StartWifiScanning
04-15 16:16:40.073 534 534 I SystemServiceManager: Starting com.android.server.wifi.scanner.WifiScanningService
04-15 16:16:40.073 534 534 I WifiScanningService: Creating wifiscanner
04-15 16:16:40.081 534 534 I WifiScanningService: Publishing wifiscanner
04-15 16:16:40.083 534 534 V SystemServerTiming: StartWifiScanning took to complete: 12ms
04-15 16:16:40.085 534 534 D SystemServerTiming: StartWifiP2P
04-15 16:16:40.086 534 534 I SystemServiceManager: Starting com.android.server.wifi.p2p.WifiP2pService
04-15 16:16:40.097 534 534 D CompatibilityChangeReporter: Compat change id reported: 183155436; UID 1000; state: ENABLED
04-15 16:16:40.099 534 534 I WifiP2pService: Registering wifip2p
04-15 16:16:40.102 534 534 V SystemServerTiming: StartWifiP2P took to complete: 16ms
04-15 16:16:40.103 534 534 D SystemServerTiming: StartPacProxyService
04-15 16:16:40.109 534 534 V SystemServerTiming: StartPacProxyService took to complete: 6ms
04-15 16:16:40.109 534 534 D SystemServerTiming: StartConnectivityService
04-15 16:16:40.110 534 534 I SystemServiceManager: Starting com.android.server.ConnectivityServiceInitializer
04-15 16:16:40.125 534 534 D ConnectivityService: ConnectivityService starting up
04-15 16:16:40.155 327 327 I netd : registerUnsolicitedEventListener(interface:0x7eb2c4e23610) <0.13ms>
04-15 16:16:40.182 534 534 D CompatibilityChangeReporter: Compat change id reported: 182478738; UID 1000; state: ENABLED
04-15 16:16:40.204 534 534 D ConnectivityNativeService: Attached BPF_CGROUP_INET4_BIND and BPF_CGROUP_INET6_BIND programs
04-15 16:16:40.211 534 814 W BroadcastLoopers: Found previously unknown looper Thread[NsdService,5,main]
04-15 16:16:40.236 534 534 W system_server: Core platform API violation: Llibcore/io/Memory;->pokeByte(JB)V from Landroid/net/connectivity/com/google/protobuf/UnsafeUtil; using reflection
04-15 16:16:40.237 534 534 W system_server: Core platform API violation: Llibcore/io/Memory;->peekByte(J)B from Landroid/net/connectivity/com/google/protobuf/UnsafeUtil; using reflection
04-15 16:16:40.244 534 534 V NearbyService: DiscoveryProviderManagerLegacy:
04-15 16:16:40.244 534 534 I ConnectivityServiceInitializer: Registering connectivity
04-15 16:16:40.247 534 534 I ConnectivityServiceInitializer: Registering ipsec
04-15 16:16:40.249 534 534 I ConnectivityServiceInitializer: Registering connectivity_native
04-15 16:16:40.251 534 534 I ConnectivityServiceInitializer: Registering servicediscovery
04-15 16:16:40.253 534 534 I ConnectivityServiceInitializer: Registering nearby
04-15 16:16:40.255 534 534 V SystemServerTiming: StartConnectivityService took to complete: 145ms
04-15 16:16:40.255 534 534 D SystemServerTiming: StartVpnManagerService
04-15 16:16:40.265 534 534 D VpnManagerService: VpnManagerService starting up
04-15 16:16:40.268 534 534 V SystemServerTiming: StartVpnManagerService took to complete: 12ms
04-15 16:16:40.268 534 534 D SystemServerTiming: StartVcnManagementService
04-15 16:16:40.279 534 534 V SystemServerTiming: StartVcnManagementService took to complete: 11ms
04-15 16:16:40.279 534 534 D SystemServerTiming: StartSystemUpdateManagerService
04-15 16:16:40.282 534 534 I SystemUpdateManagerService: No existing info file /data/system/system-update-info.xml
04-15 16:16:40.286 534 534 V SystemServerTiming: StartSystemUpdateManagerService took to complete: 7ms
04-15 16:16:40.286 534 534 D SystemServerTiming: StartUpdateLockService
04-15 16:16:40.287 534 534 W BroadcastLoopers: Found previously unknown looper Thread[main,5,main]
04-15 16:16:40.289 534 534 V SystemServerTiming: StartUpdateLockService took to complete: 3ms
04-15 16:16:40.289 534 534 D SystemServerTiming: StartNotificationManager
04-15 16:16:40.290 534 534 I SystemServiceManager: Starting com.android.server.notification.NotificationManagerService
04-15 16:16:40.327 534 534 D ConditionProviders.SCP: new ScheduleConditionProvider()
04-15 16:16:40.341 534 534 I ConditionProviders: Allowing condition provider com.android.camera2 (userSet: true)
04-15 16:16:40.346 534 534 I ConditionProviders: Allowing condition provider android.ext.services/android.ext.services.notification.Assistant (userSet: true)
04-15 16:16:40.347 534 534 I NotificationAssistants: Allowing notification assistant android.ext.services/android.ext.services.notification.Assistant (userSet: false)
04-15 16:16:40.349 534 534 V NotificationAssistants: enabling notification assistant for 0: ComponentInfo{android.ext.services/android.ext.services.notification.Assistant}
04-15 16:16:40.350 534 534 V NotificationAssistants: binding: Intent { act=android.service.notification.NotificationAssistantService cmp=android.ext.services/.notification.Assistant (has extras) }
04-15 16:16:40.367 534 534 D CompatibilityChangeReporter: Compat change id reported: 147600208; UID 1000; state: ENABLED
04-15 16:16:40.368 534 534 D CompatibilityChangeReporter: Compat change id reported: 157233955; UID 1000; state: ENABLED
04-15 16:16:40.378 534 534 W SystemServiceManager: Service com.android.server.notification.NotificationManagerService took 82 ms in onStart
04-15 16:16:40.411 534 534 V SystemServerTiming: StartNotificationManager took to complete: 121ms
04-15 16:16:40.411 534 534 D SystemServerTiming: StartDeviceMonitor
04-15 16:16:40.411 534 534 I SystemServiceManager: Starting com.android.server.storage.DeviceStorageMonitorService
04-15 16:16:40.418 534 534 V SystemServerTiming: StartDeviceMonitor took to complete: 7ms
04-15 16:16:40.419 534 534 D SystemServerTiming: StartTimeDetectorService
04-15 16:16:40.419 534 534 I SystemServiceManager: Starting com.android.server.timedetector.TimeDetectorService$Lifecycle
04-15 16:16:40.437 534 534 V SystemServerTiming: StartTimeDetectorService took to complete: 18ms
04-15 16:16:40.437 534 534 D SystemServerTiming: StartLocationManagerService
04-15 16:16:40.438 534 534 I SystemServiceManager: Starting com.android.server.location.LocationManagerService$Lifecycle
04-15 16:16:40.461 534 534 V SystemServerTiming: StartLocationManagerService took to complete: 24ms
04-15 16:16:40.461 534 534 D SystemServerTiming: StartCountryDetectorService
04-15 16:16:40.465 534 534 V SystemServerTiming: StartCountryDetectorService took to complete: 3ms
04-15 16:16:40.465 534 534 D SystemServerTiming: StartTimeZoneDetectorService
04-15 16:16:40.466 534 534 I SystemServiceManager: Starting com.android.server.timezonedetector.TimeZoneDetectorService$Lifecycle
04-15 16:16:40.479 534 534 V SystemServerTiming: StartTimeZoneDetectorService took to complete: 13ms
04-15 16:16:40.479 534 534 D SystemServerTiming: StartAltitudeService
04-15 16:16:40.480 534 534 I SystemServiceManager: Starting com.android.server.location.altitude.AltitudeService$Lifecycle
04-15 16:16:40.484 534 534 V SystemServerTiming: StartAltitudeService took to complete: 4ms
04-15 16:16:40.484 534 534 D SystemServerTiming: StartLocationTimeZoneManagerService
04-15 16:16:40.485 534 534 I SystemServiceManager: Starting com.android.server.timezonedetector.location.LocationTimeZoneManagerService$Lifecycle
04-15 16:16:40.491 0 0 I servicemanager: Found android.frameworks.location.altitude.IAltitudeService/default in framework VINTF manifest.
04-15 16:16:40.490 534 534 V SystemServerTiming: StartLocationTimeZoneManagerService took to complete: 5ms
04-15 16:16:40.491 534 534 D SystemServerTiming: StartSearchManagerService
04-15 16:16:40.491 534 534 I SystemServiceManager: Starting com.android.server.search.SearchManagerService$Lifecycle
04-15 16:16:40.495 534 534 V SystemServerTiming: StartSearchManagerService took to complete: 5ms
04-15 16:16:40.496 534 534 D SystemServerTiming: StartWallpaperManagerService
04-15 16:16:40.497 534 534 I SystemServiceManager: Starting com.android.server.wallpaper.WallpaperManagerService$Lifecycle
04-15 16:16:40.502 534 534 V SystemServerTiming: StartWallpaperManagerService took to complete: 5ms
04-15 16:16:40.502 534 534 D SystemServerTiming: StartWallpaperEffectsGenerationService
04-15 16:16:40.503 534 534 I SystemServiceManager: Starting com.android.server.wallpapereffectsgeneration.WallpaperEffectsGenerationManagerService
04-15 16:16:40.507 534 534 V SystemServerTiming: StartWallpaperEffectsGenerationService took to complete: 4ms
04-15 16:16:40.507 534 534 D SystemServerTiming: StartAudioService
04-15 16:16:40.508 534 534 I SystemServiceManager: Starting com.android.server.audio.AudioService$Lifecycle
04-15 16:16:40.562 534 534 I AS.AudioService: Stream 5: using max vol of 7
04-15 16:16:40.562 534 534 I AS.AudioService: Stream 5: using default vol of 5
04-15 16:16:40.563 534 534 I AS.AudioService: Stream 2: using max vol of 7
04-15 16:16:40.563 534 534 I AS.AudioService: Stream 2: using default vol of 5
04-15 16:16:40.583 391 496 W AudioFlinger: no wake lock to update, system not ready yet
04-15 16:16:40.583 391 493 W AudioFlinger: no wake lock to update, system not ready yet
04-15 16:16:40.629 534 534 I android_os_HwBinder: HwBinder: Starting thread pool for getting: android.hidl.manager@1.0::IServiceManager/default
04-15 16:16:40.653 391 391 D PermissionCache: checking android.permission.MODIFY_AUDIO_SETTINGS for uid=1000 => granted (2852 us)
04-15 16:16:40.713 391 391 D PermissionCache: checking android.permission.MODIFY_AUDIO_ROUTING for uid=1000 => granted (647 us)
04-15 16:16:40.769 391 412 D AudioFlinger: isLowRamDevice:false totalMemory:2070044672 mClientSharedHeapSize:4194304
04-15 16:16:40.776 534 534 V SystemServerTiming: StartAudioService took to complete: 269ms
04-15 16:16:40.777 534 534 D SystemServerTiming: StartSoundTriggerMiddlewareService
04-15 16:16:40.779 534 534 I SystemServiceManager: Starting com.android.server.soundtrigger_middleware.SoundTriggerMiddlewareService$Lifecycle
04-15 16:16:40.787 391 412 I CaptureStateNotifier: Registering a listener
04-15 16:16:40.796 534 534 I SoundTriggerMiddlewareDefaultHalFactory: Connecting to default soundtrigger-V2.x.ISoundTriggerHw
04-15 16:16:40.798 133 133 I hwservicemanager: getTransport: Cannot find entry android.hardware.soundtrigger@2.0::ISoundTriggerHw/default in either framework or device VINTF manifest.
04-15 16:16:40.803 0 0 I servicemanager: Could not find android.hardware.soundtrigger3.ISoundTriggerHw/default in the VINTF manifest.
04-15 16:16:40.801 534 534 E SoundTriggerMiddlewareImpl: Failed to add a SoundTriggerModule instance
04-15 16:16:40.801 534 534 E SoundTriggerMiddlewareImpl: java.util.NoSuchElementException
04-15 16:16:40.801 534 534 E SoundTriggerMiddlewareImpl: at android.os.HwBinder.getService(Native Method)
04-15 16:16:40.801 534 534 E SoundTriggerMiddlewareImpl: at android.hardware.soundtrigger.V2_0.ISoundTriggerHw.getService(ISoundTriggerHw.java:57)
04-15 16:16:40.801 534 534 E SoundTriggerMiddlewareImpl: at android.hardware.soundtrigger.V2_0.ISoundTriggerHw.getService(ISoundTriggerHw.java:64)
04-15 16:16:40.801 534 534 E SoundTriggerMiddlewareImpl: at com.android.server.soundtrigger_middleware.DefaultHalFactory.create(DefaultHalFactory.java:76)
04-15 16:16:40.801 534 534 E SoundTriggerMiddlewareImpl: at com.android.server.soundtrigger_middleware.SoundTriggerModule.attachToHal(SoundTriggerModule.java:176)
04-15 16:16:40.801 534 534 E SoundTriggerMiddlewareImpl: at com.android.server.soundtrigger_middleware.SoundTriggerModule.(SoundTriggerModule.java:105)
04-15 16:16:40.801 534 534 E SoundTriggerMiddlewareImpl: at com.android.server.soundtrigger_middleware.SoundTriggerMiddlewareImpl.(SoundTriggerMiddlewareImpl.java:86)
04-15 16:16:40.801 534 534 E SoundTriggerMiddlewareImpl: at com.android.server.soundtrigger_middleware.SoundTriggerMiddlewareService$Lifecycle.onStart(SoundTriggerMiddlewareService.java:248)
04-15 16:16:40.801 534 534 E SoundTriggerMiddlewareImpl: at com.android.server.SystemServiceManager.startService(SystemServiceManager.java:255)
04-15 16:16:40.801 534 534 E SoundTriggerMiddlewareImpl: at com.android.server.SystemServiceManager.startService(SystemServiceManager.java:233)
04-15 16:16:40.801 534 534 E SoundTriggerMiddlewareImpl: at com.android.server.SystemServer.startOtherServices(SystemServer.java:2208)
04-15 16:16:40.801 534 534 E SoundTriggerMiddlewareImpl: at com.android.server.SystemServer.run(SystemServer.java:942)
04-15 16:16:40.801 534 534 E SoundTriggerMiddlewareImpl: at com.android.server.SystemServer.main(SystemServer.java:664)
04-15 16:16:40.801 534 534 E SoundTriggerMiddlewareImpl: at java.lang.reflect.Method.invoke(Native Method)
04-15 16:16:40.801 534 534 E SoundTriggerMiddlewareImpl: at com.android.internal.os.RuntimeInit$MethodAndArgsCaller.run(RuntimeInit.java:552)
04-15 16:16:40.801 534 534 E SoundTriggerMiddlewareImpl: at com.android.internal.os.ZygoteInit.main(ZygoteInit.java:949)
04-15 16:16:40.831 534 534 V SystemServerTiming: StartSoundTriggerMiddlewareService took to complete: 53ms
04-15 16:16:40.831 534 534 D SystemServerTiming: StartDockObserver
04-15 16:16:40.835 534 534 I SystemServiceManager: Starting com.android.server.DockObserver
04-15 16:16:40.837 534 534 I DockObserver: No extcon dock device found in this kernel.
04-15 16:16:40.840 534 534 V SystemServerTiming: StartDockObserver took to complete: 9ms
04-15 16:16:40.841 534 534 D SystemServerTiming: StartWiredAccessoryManager
04-15 16:16:40.843 534 534 W WiredAccessoryManager: This kernel does not have usb audio support
04-15 16:16:40.845 534 534 W WiredAccessoryManager: This kernel does not have HDMI audio support
04-15 16:16:40.846 534 534 V SystemServerTiming: StartWiredAccessoryManager took to complete: 5ms
04-15 16:16:40.846 534 534 D SystemServerTiming: StartMidiManager
04-15 16:16:40.847 534 534 I SystemServiceManager: Starting com.android.server.midi.MidiService$Lifecycle
04-15 16:16:40.875 534 534 V SystemServerTiming: StartMidiManager took to complete: 28ms
04-15 16:16:40.875 534 534 D SystemServerTiming: StartAdbService
04-15 16:16:40.875 534 534 I SystemServiceManager: Starting com.android.server.adb.AdbService$Lifecycle
04-15 16:16:40.941 534 534 W SystemServiceManager: Service com.android.server.adb.AdbService$Lifecycle took 60 ms in onStart
04-15 16:16:40.941 534 534 V SystemServerTiming: StartAdbService took to complete: 66ms
04-15 16:16:40.941 534 534 D SystemServerTiming: StartUsbService
04-15 16:16:40.942 534 534 I SystemServiceManager: Starting com.android.server.usb.UsbService$Lifecycle
04-15 16:16:40.943 534 534 V SystemServerTiming: StartUsbService took to complete: 1ms
04-15 16:16:40.943 534 534 D SystemServerTiming: StartSerialService
04-15 16:16:40.955 0 0 I servicemanager: Could not find android.hardware.thermal.IThermal/default in the VINTF manifest.
04-15 16:16:40.945 534 534 V SystemServerTiming: StartSerialService took to complete: 1ms
04-15 16:16:40.945 534 534 D SystemServerTiming: StartHardwarePropertiesManagerService
04-15 16:16:40.947 534 534 I HardwarePropertiesManagerService-JNI: Thermal AIDL service is not declared, trying HIDL
04-15 16:16:40.972 534 562 D SystemServerTimingAsync: InitThreadPoolExec:UsbService$Lifecycle#onStart
04-15 16:16:40.972 534 562 D SystemServerInitThreadPool: Started executing UsbService$Lifecycle#onStart
04-15 16:16:40.987 534 562 I UsbDeviceManager: failed to write to /sys/class/android_usb/android0/f_rndis/ethaddr
04-15 16:16:40.988 534 562 D UsbPortManager: Querying USB Gadget HAL version
04-15 16:16:41.004 0 0 I servicemanager: Could not find android.hardware.usb.gadget.IUsbGadget/default in the VINTF manifest.
04-15 16:16:41.008 534 534 D HardwarePropertiesManagerService-JNI: Link to death notification successful
04-15 16:16:41.009 534 534 V SystemServerTiming: StartHardwarePropertiesManagerService took to complete: 63ms
04-15 16:16:41.009 534 534 D SystemServerTiming: StartTwilightService
04-15 16:16:41.010 534 534 I SystemServiceManager: Starting com.android.server.twilight.TwilightService
04-15 16:16:41.010 534 534 V SystemServerTiming: StartTwilightService took to complete: 0ms
04-15 16:16:41.010 534 534 D SystemServerTiming: StartColorDisplay
04-15 16:16:41.011 534 534 I SystemServiceManager: Starting com.android.server.display.color.ColorDisplayService
04-15 16:16:41.014 133 133 I hwservicemanager: getTransport: Cannot find entry android.hardware.usb.gadget@1.0::IUsbGadget/default in either framework or device VINTF manifest.
04-15 16:16:41.034 534 562 E UsbDeviceManager: connectToProxy: usb gadget hidl hal service not found.
04-15 16:16:41.034 534 562 E UsbDeviceManager: java.util.NoSuchElementException
04-15 16:16:41.034 534 562 E UsbDeviceManager: at android.os.HwBinder.getService(Native Method)
04-15 16:16:41.034 534 562 E UsbDeviceManager: at android.hardware.usb.gadget.V1_0.IUsbGadget.getService(IUsbGadget.java:57)
04-15 16:16:41.034 534 562 E UsbDeviceManager: at android.hardware.usb.gadget.V1_0.IUsbGadget.getService(IUsbGadget.java:64)
04-15 16:16:41.034 534 562 E UsbDeviceManager: at com.android.server.usb.hal.gadget.UsbGadgetHidl.isServicePresent(UsbGadgetHidl.java:132)
04-15 16:16:41.034 534 562 E UsbDeviceManager: at com.android.server.usb.hal.gadget.UsbGadgetHalInstance.getInstance(UsbGadgetHalInstance.java:39)
04-15 16:16:41.034 534 562 E UsbDeviceManager: at com.android.server.usb.UsbDeviceManager.(UsbDeviceManager.java:312)
04-15 16:16:41.034 534 562 E UsbDeviceManager: at com.android.server.usb.UsbService.(UsbService.java:187)
04-15 16:16:41.034 534 562 E UsbDeviceManager: at com.android.server.usb.UsbService$Lifecycle.lambda$onStart$0(UsbService.java:101)
04-15 16:16:41.034 534 562 E UsbDeviceManager: at com.android.server.usb.UsbService$Lifecycle.$r8$lambda$RuGFfXZPzv9JlSTzhIl-GWrBFrQ(UsbService.java:0)
04-15 16:16:41.034 534 562 E UsbDeviceManager: at com.android.server.usb.UsbService$Lifecycle$$ExternalSyntheticLambda2.run(R8$$SyntheticClass:0)
04-15 16:16:41.034 534 562 E UsbDeviceManager: at com.android.server.SystemServerInitThreadPool.lambda$submitTask$0(SystemServerInitThreadPool.java:107)
04-15 16:16:41.034 534 562 E UsbDeviceManager: at com.android.server.SystemServerInitThreadPool.$r8$lambda$iar571g8isa6ZrPZMHj1USmyX48(SystemServerInitThreadPool.java:0)
04-15 16:16:41.034 534 562 E UsbDeviceManager: at com.android.server.SystemServerInitThreadPool$$ExternalSyntheticLambda1.run(R8$$SyntheticClass:0)
04-15 16:16:41.034 534 562 E UsbDeviceManager: at java.util.concurrent.Executors$RunnableAdapter.call(Executors.java:487)
04-15 16:16:41.034 534 562 E UsbDeviceManager: at java.util.concurrent.FutureTask.run(FutureTask.java:264)
04-15 16:16:41.034 534 562 E UsbDeviceManager: at java.util.concurrent.ThreadPoolExecutor.runWorker(ThreadPoolExecutor.java:1145)
04-15 16:16:41.034 534 562 E UsbDeviceManager: at java.util.concurrent.ThreadPoolExecutor$Worker.run(ThreadPoolExecutor.java:644)
04-15 16:16:41.034 534 562 E UsbDeviceManager: at com.android.internal.util.ConcurrentUtils$1$1.run(ConcurrentUtils.java:65)
04-15 16:16:41.034 534 562 E UsbPortManager: USB Gadget HAL AIDL/HIDL not present
04-15 16:16:41.034 534 562 D UsbDeviceManager: getInstance done
04-15 16:16:41.036 534 562 E UsbDeviceManagerJNI: could not open control for mtp No such file or directory
04-15 16:16:41.036 534 562 E UsbDeviceManager: Failed to open control for mtp
04-15 16:16:41.036 534 562 E UsbDeviceManagerJNI: could not open control for ptp No such file or directory
04-15 16:16:41.036 534 562 E UsbDeviceManager: Failed to open control for ptp
04-15 16:16:41.050 534 562 W StorageManagerService: No primary storage defined yet; hacking together a stub
04-15 16:16:41.053 534 534 V SystemServerTiming: StartColorDisplay took to complete: 42ms
04-15 16:16:41.053 534 534 D SystemServerTiming: StartJobScheduler
04-15 16:16:41.055 534 534 I SystemServiceManager: Starting com.android.server.job.JobSchedulerService
04-15 16:16:41.060 534 562 E UsbDeviceManagerJNI: could not open /dev/usb_accessory
04-15 16:16:41.063 534 562 D UsbPortManager: Querying USB HAL version
04-15 16:16:41.069 534 562 I UsbPortManager: USB HAL AIDL present
04-15 16:16:41.077 0 0 I servicemanager: Found android.hardware.usb.IUsb/default in device VINTF manifest.
04-15 16:16:41.074 534 562 D UsbPortManager: getInstance done
04-15 16:16:41.086 351 351 I android.hardware.usb.aidl-service: registering callback
04-15 16:16:41.091 534 562 D SystemServerInitThreadPool: Finished executing UsbService$Lifecycle#onStart
04-15 16:16:41.091 534 562 V SystemServerTimingAsync: InitThreadPoolExec:UsbService$Lifecycle#onStart took to complete: 120ms
04-15 16:16:41.105 534 549 I UsbPortManager: all: opID:1 successful
04-15 16:16:41.155 534 557 I JobStore: Read 0 jobs
04-15 16:16:41.174 534 811 D ConnectivityService: NetReassign [no changes] [c 0] [a 1] [i 0]
04-15 16:16:41.227 534 534 V HistoricalRegistry: Interaction before persistence initialized
04-15 16:16:41.233 534 534 V HistoricalRegistry: Interaction before persistence initialized
04-15 16:16:41.249 534 534 V SystemServerTiming: StartJobScheduler took to complete: 196ms
04-15 16:16:41.249 534 534 D SystemServerTiming: StartSoundTrigger
04-15 16:16:41.249 534 534 I SystemServiceManager: Starting com.android.server.soundtrigger.SoundTriggerService
04-15 16:16:41.254 534 534 V SystemServerTiming: StartSoundTrigger took to complete: 5ms
04-15 16:16:41.254 534 534 D SystemServerTiming: StartTrustManager
04-15 16:16:41.255 534 534 I SystemServiceManager: Starting com.android.server.trust.TrustManagerService
04-15 16:16:41.313 534 534 V SystemServerTiming: StartTrustManager took to complete: 58ms
04-15 16:16:41.314 534 534 D SystemServerTiming: StartBackupManager
04-15 16:16:41.314 534 534 I SystemServiceManager: Starting com.android.server.backup.BackupManagerService$Lifecycle
04-15 16:16:41.322 534 534 D BackupManagerService: Default backup user id = 0
04-15 16:16:41.324 534 534 V SystemServerTiming: StartBackupManager took to complete: 10ms
04-15 16:16:41.333 534 534 D SystemServerTiming: StartAppWidgetService
04-15 16:16:41.334 534 534 I SystemServiceManager: Starting com.android.server.appwidget.AppWidgetService
04-15 16:16:41.374 534 534 V SystemServerTiming: StartAppWidgetService took to complete: 41ms
04-15 16:16:41.375 534 534 D SystemServerTiming: StartVoiceRecognitionManager
04-15 16:16:41.375 534 534 I SystemServiceManager: Starting com.android.server.voiceinteraction.VoiceInteractionManagerService
04-15 16:16:41.401 534 534 V SystemServerTiming: StartVoiceRecognitionManager took to complete: 27ms
04-15 16:16:41.408 534 534 D SystemServerTiming: StartGestureLauncher
04-15 16:16:41.408 534 534 I SystemServiceManager: Starting com.android.server.GestureLauncherService
04-15 16:16:41.409 534 534 V SystemServerTiming: StartGestureLauncher took to complete: 2ms
04-15 16:16:41.410 534 534 D SystemServerTiming: StartSensorNotification
04-15 16:16:41.410 534 534 I SystemServiceManager: Starting com.android.server.SensorNotificationService
04-15 16:16:41.411 534 534 V SystemServerTiming: StartSensorNotification took to complete: 1ms
04-15 16:16:41.415 534 534 D SystemServerTiming: StartDiskStatsService
04-15 16:16:41.425 534 534 D CompatibilityChangeReporter: Compat change id reported: 194532703; UID 1000; state: ENABLED
04-15 16:16:41.426 534 534 D CompatibilityChangeReporter: Compat change id reported: 253665015; UID 1000; state: ENABLED
04-15 16:16:41.431 534 534 D CompatibilityChangeReporter: Compat change id reported: 253665015; UID 1000; state: ENABLED
04-15 16:16:41.441 534 534 D CompatibilityChangeReporter: Compat change id reported: 194532703; UID 1000; state: ENABLED
04-15 16:16:41.465 534 534 V SystemServerTiming: StartDiskStatsService took to complete: 46ms
04-15 16:16:41.465 534 534 D SystemServerTiming: RuntimeService
04-15 16:16:41.467 534 534 V SystemServerTiming: RuntimeService took to complete: 2ms
04-15 16:16:41.467 534 534 D SystemServerTiming: StartNetworkTimeUpdateService
04-15 16:16:41.482 534 534 V SystemServerTiming: StartNetworkTimeUpdateService took to complete: 15ms
04-15 16:16:41.482 534 534 D SystemServerTiming: CertBlacklister
04-15 16:16:41.490 534 534 V SystemServerTiming: CertBlacklister took to complete: 7ms
04-15 16:16:41.490 534 534 D SystemServerTiming: StartEmergencyAffordanceService
04-15 16:16:41.491 534 534 I SystemServiceManager: Starting com.android.server.emergency.EmergencyAffordanceService
04-15 16:16:41.498 534 534 V SystemServerTiming: StartEmergencyAffordanceService took to complete: 7ms
04-15 16:16:41.498 534 534 D SystemServerTiming: startBlobStoreManagerService
04-15 16:16:41.502 534 534 I SystemServiceManager: Starting com.android.server.blob.BlobStoreManagerService
04-15 16:16:41.522 534 534 V SystemServerTiming: startBlobStoreManagerService took to complete: 24ms
04-15 16:16:41.523 534 534 D SystemServerTiming: StartDreamManager
04-15 16:16:41.525 534 534 I SystemServiceManager: Starting com.android.server.dreams.DreamManagerService
04-15 16:16:41.535 534 534 V SystemServerTiming: StartDreamManager took to complete: 11ms
04-15 16:16:41.536 534 534 D SystemServerTiming: AddGraphicsStatsService
04-15 16:16:41.632 534 534 V SystemServerTiming: AddGraphicsStatsService took to complete: 96ms
04-15 16:16:41.634 534 534 D SystemServerTiming: StartPrintManager
04-15 16:16:41.635 534 534 I SystemServiceManager: Starting com.android.server.print.PrintManagerService
04-15 16:16:41.638 534 822 E AS.AudioService: error reading spatial audio device settings
04-15 16:16:41.639 534 822 I AS.SpatializerHelper: init effectExpected=false
04-15 16:16:41.639 534 822 I AS.SpatializerHelper: init(): setting state to STATE_NOT_SUPPORTED due to effect not expected
04-15 16:16:41.642 534 822 I AS.SpatializerHelper: setFeatureEnabled(false) was featureEnabled:false
04-15 16:16:41.657 326 334 I ServiceManagerCppClient: Waiting for service 'statscompanion' on '/dev/binder'...
04-15 16:16:41.664 534 534 V SystemServerTiming: StartPrintManager took to complete: 30ms
04-15 16:16:41.664 534 534 D SystemServerTiming: StartAttestationVerificationService
04-15 16:16:41.665 534 534 I SystemServiceManager: Starting com.android.server.security.AttestationVerificationManagerService
04-15 16:16:41.666 534 534 D AVF : Started
04-15 16:16:41.669 534 534 V SystemServerTiming: StartAttestationVerificationService took to complete: 5ms
04-15 16:16:41.670 534 534 D SystemServerTiming: StartCompanionDeviceManager
04-15 16:16:41.671 534 534 I SystemServiceManager: Starting com.android.server.companion.CompanionDeviceManagerService
04-15 16:16:41.681 534 534 I CompanionDevice_PersistentDataStore: Reading associations for user 0 from disk
04-15 16:16:41.691 534 545 I system_server: Background young concurrent copying GC freed 122635(5736KB) AllocSpace objects, 8(160KB) LOS objects, 35% free, 10MB/15MB, paused 58.765ms,312us total 516.800ms
04-15 16:16:41.698 534 534 I CDM_CompanionTransportManager: Registering OnTransportsChangedListener
04-15 16:16:41.712 534 534 V SystemServerTiming: StartCompanionDeviceManager took to complete: 42ms
04-15 16:16:41.712 534 534 D SystemServerTiming: StartVirtualDeviceManager
04-15 16:16:41.713 534 534 I SystemServiceManager: Starting com.android.server.companion.virtual.VirtualDeviceManagerService
04-15 16:16:41.717 534 534 V SystemServerTiming: StartVirtualDeviceManager took to complete: 4ms
04-15 16:16:41.717 534 534 D SystemServerTiming: StartRestrictionManager
04-15 16:16:41.717 534 534 I SystemServiceManager: Starting com.android.server.restrictions.RestrictionsManagerService
04-15 16:16:41.722 534 534 V SystemServerTiming: StartRestrictionManager took to complete: 5ms
04-15 16:16:41.722 534 534 D SystemServerTiming: StartMediaSessionService
04-15 16:16:41.723 534 534 I SystemServiceManager: Starting com.android.server.media.MediaSessionService
04-15 16:16:41.737 534 534 V SystemServerTiming: StartMediaSessionService took to complete: 15ms
04-15 16:16:41.737 534 534 D SystemServerTiming: StartMediaResourceMonitor
04-15 16:16:41.738 534 534 I SystemServiceManager: Starting com.android.server.media.MediaResourceMonitorService
04-15 16:16:41.739 534 534 V SystemServerTiming: StartMediaResourceMonitor took to complete: 1ms
04-15 16:16:41.739 534 534 D SystemServerTiming: StartMediaRouterService
04-15 16:16:41.753 534 534 V HistoricalRegistry: Interaction before persistence initialized
04-15 16:16:41.769 534 534 V SystemServerTiming: StartMediaRouterService took to complete: 30ms
04-15 16:16:41.769 534 534 D SystemServerTiming: StartFaceSensor
04-15 16:16:41.769 534 534 I SystemServiceManager: Starting com.android.server.biometrics.sensors.face.FaceService
04-15 16:16:41.777 534 534 V SystemServerTiming: StartFaceSensor took to complete: 8ms
04-15 16:16:41.777 534 534 D SystemServerTiming: StartFingerprintSensor
04-15 16:16:41.777 534 534 I SystemServiceManager: Starting com.android.server.biometrics.sensors.fingerprint.FingerprintService
04-15 16:16:41.824 534 534 V SystemServerTiming: StartFingerprintSensor took to complete: 47ms
04-15 16:16:41.825 534 534 D SystemServerTiming: StartBiometricService
04-15 16:16:41.825 534 534 I SystemServiceManager: Starting com.android.server.biometrics.BiometricService
04-15 16:16:41.838 534 534 V SystemServerTiming: StartBiometricService took to complete: 13ms
04-15 16:16:41.838 534 534 D SystemServerTiming: StartAuthService
04-15 16:16:41.838 534 534 I SystemServiceManager: Starting com.android.server.biometrics.AuthService
04-15 16:16:41.886 0 0 I servicemanager: Found android.hardware.biometrics.fingerprint.IFingerprint/default in device VINTF manifest.
04-15 16:16:41.887 0 0 I servicemanager: Since 'android.hardware.biometrics.fingerprint.IFingerprint/default' could not be found, trying to start it as a lazy AIDL service. (if it's not configured to be a lazy service, it may be stuck starting or still starting).
04-15 16:16:41.885 534 822 W BroadcastLoopers: Found previously unknown looper Thread[AudioService,5,main]
04-15 16:16:41.902 534 534 W SystemServiceManager: Service com.android.server.biometrics.AuthService took 63 ms in onStart
04-15 16:16:41.911 0 0 I servicemanager: Found android.hardware.biometrics.face.IFace/default in device VINTF manifest.
04-15 16:16:41.915 0 0 I init : starting service 'vendor.biometrics.fingerprint-service.ranchu'...
04-15 16:16:41.912 534 534 V SystemServerTiming: StartAuthService took to complete: 74ms
04-15 16:16:41.914 534 534 D SystemServerTiming: StartDynamicCodeLoggingService
04-15 16:16:41.964 534 534 V SystemServerTiming: StartDynamicCodeLoggingService took to complete: 49ms
04-15 16:16:41.965 534 534 D SystemServerTiming: StartPruneInstantAppsJobService
04-15 16:16:41.967 534 534 V SystemServerTiming: StartPruneInstantAppsJobService took to complete: 2ms
04-15 16:16:41.982 534 534 D SystemServerTiming: StartShortcutServiceLifecycle
04-15 16:16:41.983 534 534 I SystemServiceManager: Starting com.android.server.pm.ShortcutService$Lifecycle
04-15 16:16:41.987 534 846 D FaceProvider/default: Added: ID: 4, Strength: 2, Type: 1, SupportsFaceDetection: false
04-15 16:16:41.995 534 534 V HistoricalRegistry: Interaction before persistence initialized
04-15 16:16:42.003 534 534 V SystemServerTiming: StartShortcutServiceLifecycle took to complete: 20ms
04-15 16:16:42.003 534 534 D SystemServerTiming: StartLauncherAppsService
04-15 16:16:42.003 534 534 I SystemServiceManager: Starting com.android.server.pm.LauncherAppsService
04-15 16:16:42.030 534 534 V SystemServerTiming: StartLauncherAppsService took to complete: 27ms
04-15 16:16:42.030 534 534 D SystemServerTiming: StartCrossProfileAppsService
04-15 16:16:42.030 534 534 I SystemServiceManager: Starting com.android.server.pm.CrossProfileAppsService
04-15 16:16:42.034 534 846 D BiometricService: Registering ID: 4 Modality: 8 Strength: 15
04-15 16:16:42.033 0 0 I init : ... started service 'vendor.biometrics.fingerprint-service.ranchu' has pid 848
04-15 16:16:42.033 0 0 I init : Control message: Processed ctl.interface_start for 'aidl/android.hardware.biometrics.fingerprint.IFingerprint/default' from pid: 132 (/system/bin/servicemanager)
04-15 16:16:42.041 534 534 V SystemServerTiming: StartCrossProfileAppsService took to complete: 11ms
04-15 16:16:42.041 534 534 D SystemServerTiming: StartPeopleService
04-15 16:16:42.041 534 534 I SystemServiceManager: Starting com.android.server.people.PeopleService
04-15 16:16:42.052 534 534 V SystemServerTiming: StartPeopleService took to complete: 11ms
04-15 16:16:42.053 534 534 D SystemServerTiming: StartMediaMetricsManager
04-15 16:16:42.053 534 534 I SystemServiceManager: Starting com.android.server.media.metrics.MediaMetricsManagerService
04-15 16:16:42.068 534 534 V SystemServerTiming: StartMediaMetricsManager took to complete: 15ms
04-15 16:16:42.069 534 534 D SystemServerTiming: StartBackgroundInstallControlService
04-15 16:16:42.069 534 534 I SystemServiceManager: Starting com.android.server.pm.BackgroundInstallControlService
04-15 16:16:42.071 534 846 D BiometricStrengthController: updateStrengths: revert sensorId=4 to oemStrength=15
04-15 16:16:42.077 534 846 D BiometricService/Sensor: updateStrength: Before(ID(4), oemStrength: 15, updatedStrength: 15, modality 8, state: 0, cookie: 0) After(ID(4), oemStrength: 15, updatedStrength: 15, modality 8, state: 0, cookie: 0)
04-15 16:16:42.088 534 534 V SystemServerTiming: StartBackgroundInstallControlService took to complete: 20ms
04-15 16:16:42.089 534 534 D SystemServerTiming: StartMediaProjectionManager
04-15 16:16:42.090 534 534 I SystemServiceManager: Starting com.android.server.media.projection.MediaProjectionManagerService
04-15 16:16:42.149 534 534 V MediaRouter: Selecting route: RouteInfo{ name=Phone, description=null, status=null, category=RouteCategory{ name=System types=ROUTE_TYPE_LIVE_AUDIO ROUTE_TYPE_LIVE_VIDEO groupable=false }, supportedTypes=ROUTE_TYPE_LIVE_AUDIO ROUTE_TYPE_LIVE_VIDEO , presentationDisplay=null }
04-15 16:16:42.149 534 534 I MediaRouter: Skip setBluetoothA2dpOn(): types=8388615, isPlaybackActive()=false, BT route=null
04-15 16:16:42.192 534 534 V SystemServerTiming: StartMediaProjectionManager took to complete: 102ms
04-15 16:16:42.193 534 534 D SystemServerTiming: StartSliceManagerService
04-15 16:16:42.194 534 534 I SystemServiceManager: Starting com.android.server.slice.SliceManagerService$Lifecycle
04-15 16:16:42.230 534 534 V SystemServerTiming: StartSliceManagerService took to complete: 36ms
