04-15 16:17:39.191 886 921 W Looper : Drained
04-15 16:17:39.193 886 921 W Looper : Slow dispatch took 136ms wmshell.main h=android.view.Choreographer$FrameHandler c=android.view.Choreographer$FrameDisplayEventReceiver@6f16021 m=0
04-15 16:17:39.227 886 921 V WindowManagerShell: onTransitionReady android.os.BinderProxy@1c78dfd: {id=2 t=CHANGE f=0x0 trk=0 r=[0@Point(0, 0)] c=[{WCT{android.window.IWindowContainerToken$Stub$Proxy@fc1c4a2} m=CHANGE f=IS_DISPLAY leash=Surface(name=WindowedMagnification:0:31)/@0xb3b9084 sb=Rect(0, 0 - 1080, 2400) eb=Rect(0, 0 - 1080, 2400) d=0}]}
04-15 16:17:39.232 194 194 I tombstoned: received crash request for pid 1107
04-15 16:17:39.233 194 194 I tombstoned: found intercept fd 512 for pid 1107 and type kDebuggerdJavaBacktrace
04-15 16:17:39.248 0 0 I binder : 996:534 reply target not found
04-15 16:17:39.249 0 0 I binder : 534:996 transaction reply to 0:0 failed 30043/29189/0, size 4-0 line 3140
04-15 16:17:39.249 0 0 I binder : send failed reply for transaction 28155, target dead
04-15 16:17:39.252 534 1444 D CompatibilityChangeReporter: Compat change id reported: 168419799; UID 1000; state: DISABLED
04-15 16:17:39.253 534 1444 D CompatibilityChangeReporter: Compat change id reported: 273564678; UID 1000; state: DISABLED
04-15 16:17:39.257 1107 1110 I com.android.se: Wrote stack traces to tombstoned
04-15 16:17:39.258 194 194 W tombstoned: skipping tombstone file creation due to intercept
04-15 16:17:39.261 534 1373 I system_server: libdebuggerd_client: done dumping process 1107
04-15 16:17:39.297 534 641 D BluetoothManagerService: MESSAGE_BLUETOOTH_STATE_CHANGE: BLE_TURNING_OFF > OFF
04-15 16:17:39.302 534 641 D BluetoothManagerService: Bluetooth is complete send Service Down
04-15 16:17:39.303 534 641 D BluetoothManagerService: Broadcasting onBluetoothServiceDown() to 3 receivers.
04-15 16:17:39.303 534 641 D BluetoothAdapter: onBluetoothServiceDown
04-15 16:17:39.309 534 641 D BluetoothManagerService: unbindAndFinish(): android.bluetooth.IBluetooth$Stub$Proxy@b8bace2 mBinding = false mUnbinding = false
04-15 16:17:39.310 886 1014 D BluetoothAdapter: onBluetoothServiceDown
04-15 16:17:39.311 1092 1102 D BluetoothAdapter: onBluetoothServiceDown
04-15 16:17:39.317 1092 1092 D BtGatt.GattService: start()
04-15 16:17:39.351 534 555 V WindowManager: Sent Transition #2 createdAt=04-15 16:17:36.997 via request=TransitionRequestInfo { type = CHANGE, triggerTask = null, remoteTransition = null, displayChange = null }
04-15 16:17:39.353 534 555 V WindowManager: startWCT=WindowContainerTransaction { changes = {} hops = [] errorCallbackToken=null taskFragmentOrganizer=null }
04-15 16:17:39.354 534 555 V WindowManager: info={id=2 t=CHANGE f=0x0 trk=0 r=[0@Point(0, 0)] c=[{WCT{RemoteToken{188fb20 Display{#0 state=ON size=1080x2400 ROTATION_0}}} m=CHANGE f=IS_DISPLAY leash=Surface(name=WindowedMagnification:0:31)/@0x43bdccd sb=Rect(0, 0 - 1080, 2400) eb=Rect(0, 0 - 1080, 2400) d=0}]}
04-15 16:17:39.367 886 921 V WindowManagerShell: Playing animation for (#2)android.os.BinderProxy@1c78dfd@0
04-15 16:17:39.373 886 921 V WindowManagerShell: try handler com.android.wm.shell.transition.DefaultMixedHandler@6b64533
04-15 16:17:39.373 886 921 V WindowManagerShell: try handler com.android.wm.shell.keyguard.KeyguardTransitionHandler@d2330f0
04-15 16:17:39.373 886 921 V WindowManagerShell: try handler com.android.wm.shell.activityembedding.ActivityEmbeddingController@a852669
04-15 16:17:39.373 886 921 V WindowManagerShell: try handler com.android.wm.shell.recents.RecentsTransitionHandler@a9b88ee
04-15 16:17:39.373 886 921 V ShellRecents: RecentsTransitionHandler.startAnimation: no controller found
04-15 16:17:39.374 886 921 V WindowManagerShell: try handler com.android.wm.shell.pip.PipTransition@e06018f
04-15 16:17:39.374 886 921 V WindowManagerShell: try handler com.android.wm.shell.splitscreen.StageCoordinator@a26c1c
04-15 16:17:39.374 886 921 V WindowManagerShell: try handler com.android.wm.shell.transition.RemoteTransitionHandler@bc0c025
04-15 16:17:39.374 886 921 V WindowManagerShell: try handler com.android.wm.shell.transition.DefaultTransitionHandler@d3b45fa
04-15 16:17:39.374 886 921 V WindowManagerShell: start default transition animation, info = {id=2 t=CHANGE f=0x0 trk=0 r=[0@Point(0, 0)] c=[{WCT{android.window.IWindowContainerToken$Stub$Proxy@fc1c4a2} m=CHANGE f=IS_DISPLAY leash=Surface(name=WindowedMagnification:0:31)/@0xb3b9084 sb=Rect(0, 0 - 1080, 2400) eb=Rect(0, 0 - 1080, 2400) d=0}]}
04-15 16:17:39.375 886 921 V WindowManagerShell: Display is changing, resolve the animation hint.
04-15 16:17:39.390 394 477 D PermissionCache: checking android.permission.READ_FRAME_BUFFER for uid=10116 => granted (8100 us)
04-15 16:17:39.393 394 477 D PermissionCache: checking android.permission.CAPTURE_BLACKOUT_CONTENT for uid=10116 => granted (658 us)
04-15 16:17:39.472 886 921 D CompatibilityChangeReporter: Compat change id reported: 236825255; UID 10116; state: ENABLED
04-15 16:17:39.487 534 555 W Looper : Slow dispatch took 336ms android.fg h=android.os.Handler c=com.android.server.wm.Transition$$ExternalSyntheticLambda10@3e9357f m=0
04-15 16:17:39.488 534 620 W BroadcastLoopers: Found previously unknown looper Thread[appscheduling.default,5,main]
04-15 16:17:39.492 534 1460 W InputManager-JNI: Input channel object '13d3737 com.android.settings/com.android.settings.FallbackHome (client)' was disposed without first being removed with the input manager!
04-15 16:17:39.517 1474 1474 D CompatibilityChangeReporter: Compat change id reported: 171979766; UID 10120; state: ENABLED
04-15 16:17:39.529 1474 1474 D CompatibilityChangeReporter: Compat change id reported: 242716250; UID 10120; state: ENABLED
04-15 16:17:39.566 534 822 W system_server: Long monitor contention with owner main (534) at int com.android.server.audio.AudioService$VolumeStreamState.getIndex(int)(AudioService.java:8629) waiters=0 in int com.android.server.audio.AudioService$VolumeStreamState.getIndex(int) for 1.889s
04-15 16:17:39.577 534 1373 I ActivityManager: Collecting stacks for pid 1064
04-15 16:17:39.614 886 921 W ImageReader_JNI: Unable to acquire a buffer item, very likely client tried to acquire more than maxImages buffers
04-15 16:17:39.625 1492 1492 D CompatibilityChangeReporter: Compat change id reported: 171979766; UID 1000; state: ENABLED
04-15 16:17:39.626 1492 1492 D CompatibilityChangeReporter: Compat change id reported: 242716250; UID 1000; state: ENABLED
04-15 16:17:39.642 534 1373 I system_server: libdebuggerd_client: started dumping process 1064
04-15 16:17:39.662 194 194 I tombstoned: registered intercept for pid 1064 and type kDebuggerdJavaBacktrace
04-15 16:17:39.663 1064 1068 I rkstack.process: Thread[3,tid=1068,WaitingInMainSignalCatcherLoop,Thread*=0x76602e569200,peer=0x130001c8,"Signal Catcher"]: reacting to signal 3
04-15 16:17:39.669 1064 1068 I rkstack.process:
04-15 16:17:39.859 886 921 V WindowManagerShell: animated by com.android.wm.shell.transition.DefaultTransitionHandler@d3b45fa
04-15 16:17:39.862 534 534 W Looper : Slow dispatch took 5075ms main h=android.app.ActivityThread$H c=android.app.LoadedApk$ReceiverDispatcher$Args$$ExternalSyntheticLambda0@b5ad5e4 m=0
04-15 16:17:39.882 886 921 W Looper : Slow dispatch took 657ms wmshell.main h=android.os.Handler c=com.android.wm.shell.transition.Transitions$TransitionPlayerImpl$$ExternalSyntheticLambda0@69cb620 m=0
04-15 16:17:39.908 534 558 W system_server: Long monitor contention with owner android.anim (559) at void com.android.server.wm.WindowAnimator.lambda$new$1(long)(WindowAnimator.java:103) waiters=0 in void com.android.server.wm.WindowManagerService.reportFocusChanged(android.os.IBinder, android.os.IBinder) for 277ms
04-15 16:17:39.909 534 558 V WindowManager: Unknown focus tokens, dropping reportFocusChanged
04-15 16:17:39.922 1092 1092 I BtGatt.JNI: classInitNative(L1347): classInitNative: Success!
04-15 16:17:39.982 534 1458 D CompatibilityChangeReporter: Compat change id reported: 170503758; UID 10120; state: ENABLED
04-15 16:17:40.055 194 194 I tombstoned: received crash request for pid 1064
04-15 16:17:40.055 194 194 I tombstoned: found intercept fd 512 for pid 1064 and type kDebuggerdJavaBacktrace
04-15 16:17:40.061 194 194 W tombstoned: skipping tombstone file creation due to intercept
04-15 16:17:40.067 1064 1068 I rkstack.process: Wrote stack traces to tombstoned
04-15 16:17:40.090 1092 1092 I bt_btif : packages/modules/Bluetooth/system/btif/src/bluetooth.cc:829 get_profile_interface: get_profile_interface: id = gatt
04-15 16:17:40.098 534 620 D CompatibilityChangeReporter: Compat change id reported: 265195908; UID 10120; state: ENABLED
04-15 16:17:40.154 534 995 W system_server: Long monitor contention with owner binder:534_4 (608) at java.util.List com.android.server.om.OverlayManagerService.updatePackageManagerLocked(java.util.Collection, int)(OverlayManagerService.java:1534) waiters=7 in boolean com.android.server.om.OverlayManagerService$1.setEnabledExclusiveInCategory(java.lang.String, int) for 6.226s
04-15 16:17:40.160 534 868 E IPCThreadState: Binder transaction failure: 30485/29189/-22
04-15 16:17:40.168 0 0 I binder : 868:534 cannot find target node
04-15 16:17:40.168 0 0 I binder : 534:868 transaction async to 0:0 failed 30485/29189/-22, size 104-0 line 3210
04-15 16:17:40.185 0 0 I binder : 868:534 reply target not found
04-15 16:17:40.185 0 0 I binder : 534:868 transaction reply to 0:0 failed 30505/29189/0, size 4-0 line 3140
04-15 16:17:40.186 0 0 I binder : send failed reply for transaction 28203, target dead
04-15 16:17:40.219 886 926 W Looper : Slow delivery took 35ms wmshell.anim h=android.os.Handler c=com.android.wm.shell.transition.DefaultTransitionHandler$$ExternalSyntheticLambda0@ff2099e m=0
04-15 16:17:40.221 534 1373 I system_server: libdebuggerd_client: done dumping process 1064
04-15 16:17:40.230 886 926 W Looper : Slow dispatch took 328ms wmshell.anim h=android.os.Handler c=com.android.wm.shell.transition.DefaultTransitionHandler$$ExternalSyntheticLambda0@ff2099e m=0
04-15 16:17:40.233 0 0 E binder : invalid inc weak node for 28208
04-15 16:17:40.234 0 0 W binder_user_error: 4 callbacks suppressed
04-15 16:17:40.234 0 0 I binder : 534:995 IncRefs 0 refcount change on invalid ref 522 ret -22
04-15 16:17:40.234 0 0 E binder : invalid inc weak node for 28210
04-15 16:17:40.234 0 0 I binder : 534:995 IncRefs 0 refcount change on invalid ref 523 ret -22
04-15 16:17:40.273 1092 1092 I droid.bluetooth: [0415/161740.272921:INFO:btif_ble_advertiser.cc(271)] get_ble_advertiser_instance use gd le advertiser
04-15 16:17:40.274 1092 1092 I droid.bluetooth: [0415/161740.274030:INFO:bta_gatts_api.cc(379)] BTA_GATTS_InitBonded
04-15 16:17:40.274 1092 1092 I droid.bluetooth: [0415/161740.274794:INFO:le_scanning_manager.cc(483)] RegisterCallbacks in shim layer
04-15 16:17:40.281 1092 1210 I bt_bta_sys_main: packages/modules/Bluetooth/system/bta/sys/bta_sys_main.cc:101 bta_sys_event: Ignoring receipt of unregistered event id:GATT server
04-15 16:17:40.301 534 1373 I ActivityManager: Collecting stacks for pid 886
04-15 16:17:40.322 1474 1474 D CompatibilityChangeReporter: Compat change id reported: 3400644; UID 10120; state: ENABLED
04-15 16:17:40.323 534 534 W Looper : Slow dispatch took 449ms main h=android.app.ActivityThread$H c=android.app.LoadedApk$ReceiverDispatcher$Args$$ExternalSyntheticLambda0@fb10cd6 m=0
04-15 16:17:40.347 1492 1492 D CompatibilityChangeReporter: Compat change id reported: 3400644; UID 1000; state: ENABLED
04-15 16:17:40.362 886 886 V SystemUIBootTiming: StartServices com.android.systemui.accessibility.SystemActions took to complete: 33045ms
04-15 16:17:40.462 886 921 W Looper : Slow delivery took 234ms wmshell.main h=android.os.Handler c=null m=19
04-15 16:17:40.463 886 886 W SystemUIService: Initialization of com.android.systemui.accessibility.SystemActions took 33145 ms
04-15 16:17:40.472 886 926 W Looper : Drained
04-15 16:17:40.472 886 926 W Looper : Slow dispatch took 219ms wmshell.anim h=android.view.Choreographer$FrameHandler c=android.view.Choreographer$FrameDisplayEventReceiver@e5afc95 m=0
04-15 16:17:40.482 534 534 W Looper : Slow dispatch took 143ms main h=android.app.ActivityThread$H c=android.app.LoadedApk$ReceiverDispatcher$Args$$ExternalSyntheticLambda0@4845786 m=0
04-15 16:17:40.491 534 534 D BluetoothManagerService: Bluetooth Adapter name changed to Android SDK built for x86_64 by android
04-15 16:17:40.493 886 921 V WindowManagerShell: Transition animation finished (aborted=false), notifying core (#2)android.os.BinderProxy@1c78dfd@0
04-15 16:17:40.510 1092 1092 D BtGatt.AdvertiseManager: advertise manager created
04-15 16:17:40.517 886 921 V WindowManagerShell: Track 0 became idle
04-15 16:17:40.517 886 921 V WindowManagerShell: All active transition animations finished
04-15 16:17:40.518 886 921 W Looper : Drained
04-15 16:17:40.519 886 921 W Looper : Slow dispatch took 31ms wmshell.main h=android.os.Handler c=com.android.wm.shell.transition.DefaultTransitionHandler$$ExternalSyntheticLambda7@5f121aa m=0
04-15 16:17:40.534 534 534 D BluetoothManagerService: Stored Bluetooth name: Android SDK built for x86_64
04-15 16:17:40.537 534 534 D Biometrics/InternalCleanupClient: onEnumerated, remaining: 0
04-15 16:17:40.537 534 534 D Biometrics/InternalEnumerateClient: Null identifier
04-15 16:17:40.538 534 534 D Biometrics/InternalCleanupClient: Enumerate onClientFinished: {[6] com.android.server.biometrics.sensors.face.aidl.FaceInternalEnumerateClient, proto=6, owner=android, cookie=0, requestId=-1, userId=0}, success: true
04-15 16:17:40.538 534 534 D BiometricStateCallback: Client finished, state updated to 0, client {[0] com.android.server.biometrics.sensors.face.aidl.FaceInternalCleanupClient, proto=7, owner=android, cookie=0, requestId=-1, userId=0}
04-15 16:17:40.539 534 534 D BiometricStateCallback: Enrollment state changed: false
04-15 16:17:40.539 534 534 D BiometricSchedulerOperation: [Finished / destroy]: {[0] com.android.server.biometrics.sensors.face.aidl.FaceInternalCleanupClient, proto=7, owner=android, cookie=0, requestId=-1, userId=0}
04-15 16:17:40.560 534 534 D Biometrics/InternalCleanupClient: onEnumerated, remaining: 0
04-15 16:17:40.561 534 534 D Biometrics/InternalEnumerateClient: Null identifier
04-15 16:17:40.561 534 534 D Biometrics/InternalCleanupClient: Enumerate onClientFinished: {[9] com.android.server.biometrics.sensors.fingerprint.aidl.FingerprintInternalEnumerateClient, proto=6, owner=android, cookie=0, requestId=-1, userId=0}, success: true
04-15 16:17:40.565 534 534 D BiometricStateCallback: Client finished, state updated to 0, client {[2] com.android.server.biometrics.sensors.fingerprint.aidl.FingerprintInternalCleanupClient, proto=7, owner=android, cookie=0, requestId=-1, userId=0}
04-15 16:17:40.565 534 534 D BiometricStateCallback: Enrollment state changed: false
04-15 16:17:40.565 534 534 D BiometricSchedulerOperation: [Finished / destroy]: {[2] com.android.server.biometrics.sensors.fingerprint.aidl.FingerprintInternalCleanupClient, proto=7, owner=android, cookie=0, requestId=-1, userId=0}
04-15 16:17:40.579 534 555 V WindowManager: Finish Transition #2: created at
04-15 16:17:36.997 collect-started=0.17ms request-sent=1.797ms started=1934.146ms ready=1986.164ms sent=2132.475ms finished=3505.776ms
04-15 16:17:40.587 886 886 V SystemUIBootTiming: StartServices com.android.systemui.accessibility.WindowMagnification took to complete: 117ms
04-15 16:17:40.733 534 995 E IPCThreadState: Binder transaction failure: 30772/29189/-22
04-15 16:17:40.737 534 955 W system_server: Long monitor contention with owner binder:534_4 (608) at java.util.List com.android.server.om.OverlayManagerService.updatePackageManagerLocked(java.util.Collection, int)(OverlayManagerService.java:1534) waiters=9 in boolean com.android.server.om.OverlayManagerService$1.setEnabledExclusiveInCategory(java.lang.String, int) for 6.721s
04-15 16:17:40.747 0 0 E binder : invalid inc weak node for 28212
04-15 16:17:40.747 0 0 I binder : 534:955 IncRefs 0 refcount change on invalid ref 524 ret -22
04-15 16:17:40.747 0 0 E binder : invalid inc weak node for 28214
04-15 16:17:40.747 0 0 I binder : 534:955 IncRefs 0 refcount change on invalid ref 525 ret -22
04-15 16:17:40.751 534 1467 W system_server: Long monitor contention with owner ActivityManager (565) at void com.android.server.am.BroadcastQueueModernImpl.checkPendingColdStartValidity()(BroadcastQueueModernImpl.java:551) waiters=0 in android.content.Intent com.android.server.am.ActivityManagerService.registerReceiverWithFeature(android.app.IApplicationThread, java.lang.String, java.lang.String, java.lang.String, android.content.IIntentReceiver, android.content.IntentFilter, java.lang.String, int, int) for 786ms
04-15 16:17:40.760 534 556 W system_server: Long monitor contention with owner ActivityManager (565) at void com.android.server.am.BroadcastQueueModernImpl.checkPendingColdStartValidity()(BroadcastQueueModernImpl.java:551) waiters=2 in void com.android.server.am.ActivityManagerService.pushTempAllowlist() for 392ms
04-15 16:17:40.763 534 556 W Looper : Slow dispatch took 395ms android.ui h=com.android.server.am.ActivityManagerService$UiHandler c=null m=68
04-15 16:17:40.771 534 1460 W system_server: Long monitor contention with owner ActivityManager (565) at void com.android.server.am.BroadcastQueueModernImpl.checkPendingColdStartValidity()(BroadcastQueueModernImpl.java:551) waiters=1 in android.content.Intent com.android.server.am.ActivityManagerService.registerReceiverWithFeature(android.app.IApplicationThread, java.lang.String, java.lang.String, java.lang.String, android.content.IIntentReceiver, android.content.IntentFilter, java.lang.String, int, int) for 601ms
04-15 16:17:40.797 886 886 V SystemUIBootTiming: StartServices com.android.systemui.biometrics.AuthController took to complete: 210ms
04-15 16:17:40.798 886 886 V SystemUIBootTiming: StartServices com.android.systemui.biometrics.AuthRippleController took to complete: 0ms
04-15 16:17:40.801 534 1373 I system_server: libdebuggerd_client: started dumping process 886
04-15 16:17:40.811 534 534 W Looper : Slow dispatch took 116ms main h=com.android.server.power.Notifier$NotifierHandler c=null m=1
04-15 16:17:40.820 194 194 I tombstoned: registered intercept for pid 886 and type kDebuggerdJavaBacktrace
04-15 16:17:40.821 886 889 I ndroid.systemui: Thread[3,tid=889,WaitingInMainSignalCatcherLoop,Thread*=0x76602e569200,peer=0x13a401c8,"Signal Catcher"]: reacting to signal 3
04-15 16:17:40.821 886 889 I ndroid.systemui: Mutator lock exclusive owner tid: -1
04-15 16:17:40.821 886 889 I ndroid.systemui: ThreadList lock owner tid: 0
04-15 16:17:40.821 886 889 I ndroid.systemui: ClassLinker classes lock owner tid: 0
04-15 16:17:40.821 886 889 I ndroid.systemui: ClassLinker dex lock owner tid: 0
04-15 16:17:40.857 1120 1120 D CompatibilityChangeReporter: Compat change id reported: 183155436; UID 1001; state: ENABLED
04-15 16:17:40.879 534 641 W system_server: Long monitor contention with owner ActivityManager (565) at void com.android.server.am.BroadcastQueueModernImpl.checkPendingColdStartValidity()(BroadcastQueueModernImpl.java:551) waiters=3 in boolean com.android.server.am.ActivityManagerService.unbindService(android.app.IServiceConnection) for 447ms
04-15 16:17:40.920 1125 1125 D FallbackHome: User unlocked and real home found; let's go!
04-15 16:17:41.095 1092 1092 D CompatibilityChangeReporter: Compat change id reported: 160794467; UID 1002; state: ENABLED
04-15 16:17:41.151 534 641 D BluetoothManagerService: Sending BLE State Change: BLE_TURNING_OFF > OFF
04-15 16:17:41.179 1474 1474 D nativeloader: Configuring clns-shared-6 for other apk /apex/com.android.mediaprovider/priv-app/MediaProvider@UE1A.230829.036.A1/MediaProvider.apk. target_sdk_version=34, uses_libraries=, library_path=/apex/com.android.mediaprovider/priv-app/MediaProvider@UE1A.230829.036.A1/lib/x86_64:/apex/com.android.mediaprovider/priv-app/MediaProvider@UE1A.230829.036.A1/MediaProvider.apk!/lib/x86_64:/system/lib64:/system_ext/lib64, permitted_path=/data:/mnt/expand:/data/user/0/com.android.providers.media.module:/apex/com.android.mediaprovider/priv-app/MediaProvider@UE1A.230829.036.A1:/system/lib64:/system_ext/lib64
04-15 16:17:41.250 534 559 W system_server: Long monitor contention with owner binder:534_13 (1460) at boolean com.android.server.wm.ActivityClientController.finishActivity(android.os.IBinder, int, android.content.Intent, int)(ActivityClientController.java:518) waiters=0 in void com.android.server.wm.InputMonitor$UpdateInputWindows.run() for 312ms
04-15 16:17:41.316 1125 1125 I Choreographer: Skipped 119 frames! The application may be doing too much work on its main thread.
04-15 16:17:41.382 0 0 I init : Untracked pid 1493 received signal 1
04-15 16:17:41.383 0 0 I init : Untracked pid 1493 did not have an associated service entry and will not be reaped
04-15 16:17:41.393 534 534 W Looper : Slow dispatch took 581ms main h=com.android.providers.settings.SettingsProvider$SettingsRegistry$MyHandler c=null m=1
04-15 16:17:41.480 534 555 W Looper : Slow dispatch took 811ms android.fg h=android.os.Handler c=android.app.LoadedApk$ReceiverDispatcher$Args$$ExternalSyntheticLambda0@9f3ca28 m=0
04-15 16:17:41.481 534 555 W Looper : Slow delivery took 773ms android.fg h=android.os.Handler c=com.android.server.am.SameProcessApplicationThread$$ExternalSyntheticLambda1@7557341 m=0
04-15 16:17:41.543 534 1516 D CompatibilityChangeReporter: Compat change id reported: 265464455; UID 10110; state: DISABLED
04-15 16:17:41.544 534 1516 D CompatibilityChangeReporter: Compat change id reported: 265452344; UID 10110; state: DISABLED
04-15 16:17:41.545 534 1516 D CompatibilityChangeReporter: Compat change id reported: 266124927; UID 10110; state: DISABLED
04-15 16:17:41.545 534 1516 D CompatibilityChangeReporter: Compat change id reported: 265451093; UID 10110; state: DISABLED
04-15 16:17:41.546 534 1516 D CompatibilityChangeReporter: Compat change id reported: 265456536; UID 10110; state: DISABLED
04-15 16:17:41.547 534 1516 D CompatibilityChangeReporter: Compat change id reported: 255940284; UID 10110; state: DISABLED
04-15 16:17:41.553 534 1516 D CompatibilityChangeReporter: Compat change id reported: 236283604; UID 10110; state: DISABLED
04-15 16:17:41.554 534 1516 D CompatibilityChangeReporter: Compat change id reported: 263959004; UID 10110; state: DISABLED
04-15 16:17:41.554 534 1516 D CompatibilityChangeReporter: Compat change id reported: 264304459; UID 10110; state: DISABLED
04-15 16:17:41.555 534 1516 D CompatibilityChangeReporter: Compat change id reported: 264301586; UID 10110; state: DISABLED
04-15 16:17:41.561 534 1516 D CompatibilityChangeReporter: Compat change id reported: 254631730; UID 10110; state: DISABLED
04-15 16:17:41.562 534 1516 D CompatibilityChangeReporter: Compat change id reported: 273509367; UID 10110; state: DISABLED
04-15 16:17:41.562 534 1516 D CompatibilityChangeReporter: Compat change id reported: 263259275; UID 10110; state: DISABLED
04-15 16:17:41.563 534 1516 D CompatibilityChangeReporter: Compat change id reported: 174042980; UID 10110; state: DISABLED
04-15 16:17:41.580 534 1516 D CompatibilityChangeReporter: Compat change id reported: 174042936; UID 10110; state: DISABLED
04-15 16:17:41.581 534 1516 D CompatibilityChangeReporter: Compat change id reported: 181136395; UID 10110; state: DISABLED
04-15 16:17:41.722 534 1516 D CompatibilityChangeReporter: Compat change id reported: 184838306; UID 10110; state: DISABLED
04-15 16:17:41.729 534 1516 D CompatibilityChangeReporter: Compat change id reported: 185004937; UID 10110; state: DISABLED
04-15 16:17:41.735 534 1516 D CompatibilityChangeReporter: Compat change id reported: 194480991; UID 10110; state: ENABLED
04-15 16:17:41.840 534 555 W Looper : Drained
04-15 16:17:41.861 534 534 W Looper : Slow dispatch took 466ms main h=com.android.server.notification.ZenModeHelper$H c=null m=5
04-15 16:17:41.937 534 953 W system_server: Long monitor contention with owner binder:534_4 (608) at java.util.List com.android.server.om.OverlayManagerService.updatePackageManagerLocked(java.util.Collection, int)(OverlayManagerService.java:1534) waiters=8 in boolean com.android.server.om.OverlayManagerService$1.setEnabledExclusiveInCategory(java.lang.String, int) for 7.929s
04-15 16:17:41.970 534 556 W Looper : Slow dispatch took 932ms android.ui h=com.android.server.am.ActivityManagerService$UiHandler c=com.android.server.am.UidObserverController$$ExternalSyntheticLambda0@892d72c m=0
04-15 16:17:41.976 534 1467 W system_server: Long monitor contention with owner ActivityManager (565) at void com.android.server.am.BroadcastQueueModernImpl.checkPendingColdStartValidity()(BroadcastQueueModernImpl.java:551) waiters=1 in android.content.Intent com.android.server.am.ActivityManagerService.registerReceiverWithFeature(android.app.IApplicationThread, java.lang.String, java.lang.String, java.lang.String, android.content.IIntentReceiver, android.content.IntentFilter, java.lang.String, int, int) for 793ms
04-15 16:17:42.048 534 1463 W system_server: Long monitor contention with owner ActivityManager (565) at void com.android.server.am.BroadcastQueueModernImpl.checkPendingColdStartValidity()(BroadcastQueueModernImpl.java:551) waiters=2 in android.content.Intent com.android.server.am.ActivityManagerService.registerReceiverWithFeature(android.app.IApplicationThread, java.lang.String, java.lang.String, java.lang.String, android.content.IIntentReceiver, android.content.IntentFilter, java.lang.String, int, int) for 841ms
04-15 16:17:42.051 534 641 W system_server: Long monitor contention with owner ActivityManager (565) at void com.android.server.am.BroadcastQueueModernImpl.checkPendingColdStartValidity()(BroadcastQueueModernImpl.java:551) waiters=3 in int com.android.server.am.ActivityManagerService.broadcastIntentWithFeature(android.app.IApplicationThread, java.lang.String, android.content.Intent, java.lang.String, android.content.IIntentReceiver, int, java.lang.String, android.os.Bundle, java.lang.String[], java.lang.String[], java.lang.String[], int, android.os.Bundle, boolean, boolean, int) for 818ms
04-15 16:17:42.085 534 1347 W system_server: Long monitor contention with owner ActivityManager (565) at void com.android.server.am.BroadcastQueueModernImpl.checkPendingColdStartValidity()(BroadcastQueueModernImpl.java:551) waiters=4 in android.content.Intent com.android.server.am.ActivityManagerService.registerReceiverWithFeature(android.app.IApplicationThread, java.lang.String, java.lang.String, java.lang.String, android.content.IIntentReceiver, android.content.IntentFilter, java.lang.String, int, int) for 463ms
04-15 16:17:42.101 534 641 D BluetoothManagerService: Entering STATE_OFF but mEnabled is true; restarting.
04-15 16:17:42.103 886 886 V SystemUIBootTiming: StartServices com.android.systemui.biometrics.BiometricNotificationService took to complete: 1305ms
04-15 16:17:42.103 886 886 W SystemUIService: Initialization of com.android.systemui.biometrics.BiometricNotificationService took 1305 ms
04-15 16:17:42.121 534 641 E BluetoothManagerService: waitForState [10] Bluetooth is not unbind
04-15 16:17:42.211 886 921 V WindowManagerShell: Transition requested: android.os.BinderProxy@117ae76 TransitionRequestInfo { type = CLOSE, triggerTask = TaskInfo{userId=0 taskId=5 displayId=0 isRunning=false baseIntent=Intent { act=android.intent.action.MAIN cat=[android.intent.category.HOME] flg=0x10800100 cmp=com.android.settings/.FallbackHome } baseActivity=null topActivity=null origActivity=null realActivity=ComponentInfo{com.android.settings/com.android.settings.FallbackHome} numActivities=0 lastActiveTime=181001 supportsMultiWindow=false resizeMode=0 isResizeable=false minWidth=-1 minHeight=-1 defaultMinSize=220 token=WCT{android.window.IWindowContainerToken$Stub$Proxy@3816c77} topActivityType=2 pictureInPictureParams=null shouldDockBigOverlays=false launchIntoPipHostTaskId=-1 lastParentTaskIdBeforePip=-1 displayCutoutSafeInsets=null topActivityInfo=null launchCookies=[] positionInParent=Point(0, 0) parentTaskId=-1 isFocused=true isVisible=true isVisibleRequested=true isSleeping=false topActivityInSizeCompat=false topActivityEligibleForLetterboxEducation= false topActivityLetterboxed= false isFromDoubleTap= false topActivityLetterboxVerticalPosition= -1 topActivityLetterboxHorizontalPosition= -1 topActivityLetterboxWidth=-1 topActivityLetterboxHeight=-1 locusId=null displayAreaFeatureId=1 cameraCompatControlState=hidden}, remoteTransition = null, displayChange = null }
04-15 16:17:42.261 0 0 E binder : invalid inc weak node for 28204
04-15 16:17:42.261 0 0 I binder : 534:953 IncRefs 0 refcount change on invalid ref 520 ret -22
04-15 16:17:42.261 0 0 E binder : invalid inc weak node for 28206
04-15 16:17:42.261 0 0 I binder : 534:953 IncRefs 0 refcount change on invalid ref 521 ret -22
04-15 16:17:42.278 886 889 I ndroid.systemui: Waiting for a blocking GC ObjectsAllocated
04-15 16:17:42.286 886 954 W ndroid.systemui: Long monitor contention with owner LogBuffer-ScreenDecorationsLog (1153) at boolean com.android.systemui.log.LogcatEchoTrackerDebug.isBufferLoggable(java.lang.String, com.android.systemui.log.LogLevel)(go/retraceme bb0c85583bc8cef368173602f8ea06d241ec8a7fed6aca80388046fe2c5dd77a:24) waiters=0 in boolean com.android.systemui.log.LogcatEchoTrackerDebug.isBufferLoggable(java.lang.String, com.android.systemui.log.LogLevel) for 1.485s
04-15 16:17:42.289 886 886 V SystemUIBootTiming: StartServices com.android.systemui.broadcast.BroadcastDispatcherStartable took to complete: 1ms
04-15 16:17:42.318 1474 1474 D nativeloader: InitApexLibraries:
04-15 16:17:42.318 1474 1474 D nativeloader: com_android_adservices: libhpke_jni.so:libtflite_support_classifiers_native.so
04-15 16:17:42.318 1474 1474 D nativeloader: com_android_appsearch: libicing.so
04-15 16:17:42.318 1474 1474 D nativeloader: com_android_art: libartservice.so
04-15 16:17:42.318 1474 1474 D nativeloader: com_android_btservices: libbluetooth_jni.so
04-15 16:17:42.318 1474 1474 D nativeloader: com_android_conscrypt: libjavacrypto.so
04-15 16:17:42.318 1474 1474 D nativeloader: com_android_extservices: libtflite_support_classifiers_native.so
04-15 16:17:42.318 1474 1474 D nativeloader: com_android_os_statsd: libstats_jni.so
04-15 16:17:42.318 1474 1474 D nativeloader: com_android_tethering: libandroid_net_connectivity_com_android_net_module_util_jni.so:libcronet.114.0.5735.84.so:libframework-connectivity-jni.so:libframework-connectivity-tiramisu-jni.so:libservice-connectivity.so
04-15 16:17:42.318 1474 1474 D nativeloader: com_android_uwb: libuwb_uci_jni_rust.so
04-15 16:17:42.318 1474 1474 D nativeloader: com_android_virt: libvirtualizationservice_jni.so:libvirtualmachine_jni.so
04-15 16:17:42.402 1492 1492 D nativeloader: Configuring clns-shared-6 for other apk /system_ext/priv-app/MultiDisplayProvider/MultiDisplayProvider.apk. target_sdk_version=34, uses_libraries=, library_path=/system_ext/priv-app/MultiDisplayProvider/lib/x86_64:/system_ext/priv-app/MultiDisplayProvider/MultiDisplayProvider.apk!/lib/x86_64:/system/lib64:/system_ext/lib64, permitted_path=/data:/mnt/expand:/data/user/0/com.android.emulator.multidisplay:/system_ext/priv-app/MultiDisplayProvider:/system/lib64:/system_ext/lib64
04-15 16:17:42.402 534 955 E IPCThreadState: Binder transaction failure: 30969/29189/-22
04-15 16:17:42.404 534 836 V BackupManagerService: [UserID:0] No ancestral data
04-15 16:17:42.406 534 564 W Looper : Slow dispatch took 10248ms android.bg h=com.android.server.usage.UsageStatsService$H c=null m=5
04-15 16:17:42.407 534 1516 D CompatibilityChangeReporter: Compat change id reported: 197654537; UID 10110; state: ENABLED
04-15 16:17:42.391 391 391 D AF::TrackHandle: OpPlayAudio: track:55 usage:13 not muted
04-15 16:17:42.423 534 1516 I ActivityTaskManager: START u0 {act=android.intent.action.MAIN cat=[android.intent.category.HOME] flg=0x10000100 cmp=com.android.sdksetup/.DefaultActivity (has extras)} with LAUNCH_SINGLE_TASK from uid 0 (BAL_ALLOW_ALLOWLISTED_UID) result code=0
04-15 16:17:42.446 534 1347 I ActivityManager: Broadcasting: Intent { act=com.android.emulator.multidisplay.START flg=0x400000 cmp=com.android.emulator.multidisplay/.MultiDisplayServiceReceiver }
04-15 16:17:42.500 1125 1125 I Choreographer: Skipped 68 frames! The application may be doing too much work on its main thread.
04-15 16:17:42.538 391 391 D AF::TrackHandle: OpPlayAudio: track:55 usage:13 not muted
04-15 16:17:42.538 391 391 D AF::TrackHandle: OpPlayAudio: track:55 usage:13 not muted
04-15 16:17:42.575 1064 1088 E SystemServiceRegistry: No service published for: ethernet
04-15 16:17:42.575 1064 1088 E SystemServiceRegistry: android.os.ServiceManager$ServiceNotFoundException: No service published for: ethernet
04-15 16:17:42.575 1064 1088 E SystemServiceRegistry: at android.os.ServiceManager.getServiceOrThrow(ServiceManager.java:166)
04-15 16:17:42.575 1064 1088 E SystemServiceRegistry: at android.app.SystemServiceRegistry$139.createService(SystemServiceRegistry.java:1872)
04-15 16:17:42.575 1064 1088 E SystemServiceRegistry: at android.app.SystemServiceRegistry$CachedServiceFetcher.getService(SystemServiceRegistry.java:1971)
04-15 16:17:42.575 1064 1088 E SystemServiceRegistry: at android.app.SystemServiceRegistry.getSystemService(SystemServiceRegistry.java:1645)
04-15 16:17:42.575 1064 1088 E SystemServiceRegistry: at android.app.ContextImpl.getSystemService(ContextImpl.java:2212)
04-15 16:17:42.575 1064 1088 E SystemServiceRegistry: at android.content.ContextWrapper.getSystemService(ContextWrapper.java:934)
04-15 16:17:42.575 1064 1088 E SystemServiceRegistry: at com.android.networkstack.tethering.Tethering.isEthernetSupported(Tethering.java:1582)
04-15 16:17:42.575 1064 1088 E SystemServiceRegistry: at com.android.networkstack.tethering.Tethering.makeSupportedDownstreams(Tethering.java:2550)
04-15 16:17:42.575 1064 1088 E SystemServiceRegistry: at com.android.networkstack.tethering.Tethering.updateSupportedDownstreams(Tethering.java:2524)
04-15 16:17:42.575 1064 1088 E SystemServiceRegistry: at com.android.networkstack.tethering.Tethering.updateConfiguration(Tethering.java:546)
04-15 16:17:42.575 1064 1088 E SystemServiceRegistry: at com.android.networkstack.tethering.Tethering.-$$Nest$mupdateConfiguration(Tethering.java:0)
04-15 16:17:42.575 1064 1088 E SystemServiceRegistry: at com.android.networkstack.tethering.Tethering$StateReceiver.onReceive(Tethering.java:1184)
04-15 16:17:42.575 1064 1088 E SystemServiceRegistry: at android.app.LoadedApk$ReceiverDispatcher$Args.lambda$getRunnable$0(LoadedApk.java:1802)
04-15 16:17:42.575 1064 1088 E SystemServiceRegistry: at android.app.LoadedApk$ReceiverDispatcher$Args.$r8$lambda$gDuJqgxY6Zb-ifyeubKeivTLAwk(Unknown Source:0)
04-15 16:17:42.575 1064 1088 E SystemServiceRegistry: at android.app.LoadedApk$ReceiverDispatcher$Args$$ExternalSyntheticLambda0.run(Unknown Source:2)
04-15 16:17:42.575 1064 1088 E SystemServiceRegistry: at android.os.Handler.handleCallback(Handler.java:958)
04-15 16:17:42.575 1064 1088 E SystemServiceRegistry: at android.os.Handler.dispatchMessage(Handler.java:99)
04-15 16:17:42.575 1064 1088 E SystemServiceRegistry: at android.os.Looper.loopOnce(Looper.java:205)
04-15 16:17:42.575 1064 1088 E SystemServiceRegistry: at android.os.Looper.loop(Looper.java:294)
04-15 16:17:42.575 1064 1088 E SystemServiceRegistry: at android.os.HandlerThread.run(HandlerThread.java:67)
04-15 16:17:42.590 391 391 D AF::TrackHandle: OpPlayAudio: track:55 usage:13 not muted
04-15 16:17:42.592 534 534 W Looper : Slow dispatch took 609ms main h=com.android.server.notification.NotificationManagerService$WorkerHandler c=com.android.server.notification.NotificationManagerService$EnqueueNotificationRunnable@e66fdcd m=0
04-15 16:17:42.594 534 559 W system_server: Long monitor contention with owner binder:534_17 (1516) at android.window.TaskSnapshot com.android.server.wm.SnapshotCache.getSnapshot(java.lang.Integer)(SnapshotCache.java:53) waiters=1 in void com.android.server.wm.InputMonitor$UpdateInputWindows.run() for 1.041s
04-15 16:17:42.595 534 558 W system_server: Long monitor contention with owner binder:534_17 (1516) at android.window.TaskSnapshot com.android.server.wm.SnapshotCache.getSnapshot(java.lang.Integer)(SnapshotCache.java:53) waiters=2 in void com.android.server.wm.RootWindowContainer$RankTaskLayersRunnable.run() for 750ms
04-15 16:17:42.601 886 921 W Looper : Slow dispatch took 392ms wmshell.main h=android.os.Handler c=com.android.wm.shell.transition.Transitions$TransitionPlayerImpl$$ExternalSyntheticLambda1@3483c02 m=0
04-15 16:17:42.602 886 921 W Looper : Slow delivery took 393ms wmshell.main h=android.os.Handler c=null m=10
04-15 16:17:42.613 886 921 W Looper : Drained
04-15 16:17:42.689 394 394 I BpBinder: onLastStrongRef automatically unlinking death recipients:
04-15 16:17:42.702 534 534 I Telecom : WiredHeadsetManager: ACTION_HEADSET_PLUG event, plugged in: false, : WHC.oADA@AAQ❗
04-15 16:17:42.716 534 1471 V BackupManagerConstants: getKeyValueBackupIntervalMilliseconds(...) returns 14400000
04-15 16:17:42.717 534 1471 V BackupManagerConstants: getKeyValueBackupFuzzMilliseconds(...) returns 600000
04-15 16:17:42.740 391 414 D AF::TrackHandle: OpPlayAudio: track:55 usage:13 not muted
04-15 16:17:42.746 534 1375 W ProcessCpuTracker: Failed to stat(/proc/1489): android.system.ErrnoException: stat failed: ENOENT (No such file or directory)
04-15 16:17:42.748 391 414 D AF::TrackHandle: OpPlayAudio: track:55 usage:13 not muted
04-15 16:17:42.749 391 414 D AF::TrackHandle: OpPlayAudio: track:55 usage:13 not muted
04-15 16:17:42.750 391 414 D AF::TrackHandle: OpPlayAudio: track:55 usage:13 not muted
04-15 16:17:42.752 391 414 D AF::TrackHandle: OpPlayAudio: track:55 usage:13 not muted
04-15 16:17:42.764 391 414 D AF::TrackHandle: OpPlayAudio: track:55 usage:13 not muted
04-15 16:17:42.765 391 414 D AF::TrackHandle: OpPlayAudio: track:55 usage:13 not muted
04-15 16:17:42.784 391 414 D AF::TrackHandle: OpPlayAudio: track:55 usage:13 not muted
04-15 16:17:42.795 391 414 D AF::TrackHandle: OpPlayAudio: track:55 usage:13 not muted
04-15 16:17:42.797 534 1375 W ProcessCpuTracker: Skipping unknown process pid 1489
04-15 16:17:42.809 534 641 D BluetoothManagerService: MESSAGE_RESTART_BLUETOOTH_SERVICE: retry count=1
04-15 16:17:42.810 534 641 D BluetoothManagerService: binding Bluetooth service
04-15 16:17:42.819 1266 1266 D CompatibilityChangeReporter: Compat change id reported: 237531167; UID 10109; state: DISABLED
04-15 16:17:42.833 391 414 D AF::TrackHandle: OpPlayAudio: track:55 usage:13 not muted
04-15 16:17:42.839 1266 1266 W OpenGLRenderer: Unknown dataspace 0
04-15 16:17:42.843 534 953 E IPCThreadState: Binder transaction failure: 31235/29189/-22
04-15 16:17:42.860 534 994 W system_server: Long monitor contention with owner binder:534_4 (608) at java.util.List com.android.server.om.OverlayManagerService.updatePackageManagerLocked(java.util.Collection, int)(OverlayManagerService.java:1534) waiters=10 in boolean com.android.server.om.OverlayManagerService$1.setEnabledExclusiveInCategory(java.lang.String, int) for 8.559s
04-15 16:17:42.871 0 0 E binder : invalid inc weak node for 28216
04-15 16:17:42.871 0 0 I binder : 534:994 IncRefs 0 refcount change on invalid ref 526 ret -22
04-15 16:17:42.882 0 0 E binder : invalid inc weak node for 28218
04-15 16:17:42.882 0 0 I binder : 534:994 IncRefs 0 refcount change on invalid ref 527 ret -22
04-15 16:17:42.900 391 414 D AF::TrackHandle: OpPlayAudio: track:55 usage:13 not muted
04-15 16:17:42.921 534 1471 V BackupManagerConstants: getKeyValueBackupRequiredNetworkType(...) returns 1
04-15 16:17:42.923 534 1471 V BackupManagerConstants: getKeyValueBackupRequireCharging(...) returns true
04-15 16:17:42.928 534 1471 V KeyValueBackupJob: Scheduling k/v pass in 249 minutes
04-15 16:17:42.968 534 1467 D CompatibilityChangeReporter: Compat change id reported: 168419799; UID 10109; state: DISABLED
04-15 16:17:42.969 886 886 V SystemUIBootTiming: StartServices com.android.systemui.clipboardoverlay.ClipboardListener took to complete: 624ms
04-15 16:17:42.971 886 886 V SystemUIBootTiming: StartServices com.android.systemui.controls.start.ControlsStartable took to complete: 1ms
04-15 16:17:42.974 534 1467 D CompatibilityChangeReporter: Compat change id reported: 273564678; UID 10109; state: DISABLED
04-15 16:17:42.976 391 414 D AF::TrackHandle: OpPlayAudio: track:55 usage:13 not muted
04-15 16:17:43.002 534 1467 W ActivityTaskManager: Current config: {1.0 ?mcc0mnc [en_US] ldltr sw411dp w411dp h914dp 420dpi nrml long port finger qwerty/v/v -nav/h winConfig={ mBounds=Rect(0, 0 - 1080, 2400) mAppBounds=Rect(0, 0 - 1080, 2400) mMaxBounds=Rect(0, 0 - 1080, 2400) mDisplayRotation=ROTATION_0 mWindowingMode=fullscreen mDisplayWindowingMode=fullscreen mActivityType=undefined mAlwaysOnTop=undefined mRotation=ROTATION_0} as.3 s.11 fontWeightAdjustment=0} unchanged for IME proc com.android.inputmethod.latin
04-15 16:17:43.004 534 1467 W ActivityTaskManager: Current config: {1.0 ?mcc0mnc [en_US] ldltr sw411dp w411dp h914dp 420dpi nrml long port finger qwerty/v/v -nav/h winConfig={ mBounds=Rect(0, 0 - 1080, 2400) mAppBounds=Rect(0, 0 - 1080, 2400) mMaxBounds=Rect(0, 0 - 1080, 2400) mDisplayRotation=ROTATION_0 mWindowingMode=fullscreen mDisplayWindowingMode=fullscreen mActivityType=undefined mAlwaysOnTop=undefined mRotation=ROTATION_0} as.3 s.11 fontWeightAdjustment=0} unchanged for IME proc com.android.inputmethod.latin
04-15 16:17:43.039 1266 1266 D WindowTokenClient: Configuration not dispatch to IME because configuration is up to date. Current config={1.0 ?mcc0mnc [en_US] ldltr sw411dp w411dp h914dp 420dpi nrml long port finger qwerty/v/v -nav/h winConfig={ mBounds=Rect(0, 0 - 1080, 2400) mAppBounds=Rect(0, 0 - 1080, 2400) mMaxBounds=Rect(0, 0 - 1080, 2400) mDisplayRotation=ROTATION_0 mWindowingMode=fullscreen mDisplayWindowingMode=fullscreen mActivityType=undefined mAlwaysOnTop=undefined mRotation=ROTATION_0} as.3 s.11 fontWeightAdjustment=0}, reported config={1.0 ?mcc0mnc [en_US] ldltr sw411dp w411dp h914dp 420dpi nrml long port finger qwerty/v/v -nav/h winConfig={ mBounds=Rect(0, 0 - 1080, 2400) mAppBounds=Rect(0, 0 - 1080, 2400) mMaxBounds=Rect(0, 0 - 1080, 2400) mDisplayRotation=ROTATION_0 mWindowingMode=fullscreen mDisplayWindowingMode=fullscreen mActivityType=undefined mAlwaysOnTop=undefined mRotation=ROTATION_0} as.3 s.11 fontWeightAdjustment=0}, updated config={1.0 ?mcc0mnc [en_US] ldltr sw411dp w411dp h914dp 420dpi nrml long port finger qwerty/v/v -nav/h winConfig={ mBounds=Rect(0, 0 - 1080, 2400) mAppBounds=Rect(0, 0 - 1080, 2400) mMaxBounds=Rect(0, 0 - 1080, 2400) mDisplayRotation=ROTATION_0 mWindowingMode=fullscreen mDisplayWindowingMode=fullscreen mActivityType=undefined mAlwaysOnTop=undefined mRotation=ROTATION_0} as.3 s.11 fontWeightAdjustment=0}
04-15 16:17:43.043 534 534 W Looper : Slow dispatch took 333ms main h=android.app.ActivityThread$H c=android.app.LoadedApk$ServiceDispatcher$RunConnection@dfff43d m=0
04-15 16:17:43.062 534 565 W ActivityManager: Slow operation: 104ms so far, now at startProcess: done creating new process record
04-15 16:17:43.080 534 565 W ActivityManager: Slow operation: 122ms so far, now at startProcess: stepping in to startProcess
04-15 16:17:43.098 534 953 D CoreBackPreview: Window{c95900b u0 InputMethod}: Setting back callback OnBackInvokedCallbackInfo{mCallback=android.window.IOnBackInvokedCallback$Stub$Proxy@ee19de2, mPriority=0, mIsAnimationCallback=false}
04-15 16:17:43.106 534 565 D CompatibilityChangeReporter: Compat change id reported: 135634846; UID 10072; state: DISABLED
04-15 16:17:43.111 534 565 D CompatibilityChangeReporter: Compat change id reported: 177438394; UID 10072; state: DISABLED
04-15 16:17:43.155 534 565 D CompatibilityChangeReporter: Compat change id reported: 135772972; UID 10072; state: DISABLED
04-15 16:17:43.203 534 565 D CompatibilityChangeReporter: Compat change id reported: 135754954; UID 10072; state: ENABLED
04-15 16:17:43.261 534 1471 D CompatibilityChangeReporter: Compat change id reported: 271850009; UID 1000; state: ENABLED
04-15 16:17:43.278 886 886 V SystemUIBootTiming: StartServices com.android.systemui.dreams.AssistantAttentionMonitor took to complete: 307ms
04-15 16:17:43.301 1474 1474 V GraphicsEnvironment: Currently set values for:
04-15 16:17:43.302 534 566 W ActivityManager: Slow operation: 177ms so far, now at startProcess: asking zygote to start proc
04-15 16:17:43.303 534 566 D CompatibilityChangeReporter: Compat change id reported: 143937733; UID 10072; state: ENABLED
04-15 16:17:43.321 534 565 W ActivityManager: Slow operation: 312ms so far, now at startProcess: done starting proc!
04-15 16:17:43.322 534 1525 W system_server: Long monitor contention with owner ActivityManager (565) at void com.android.server.am.BroadcastQueueModernImpl.checkPendingColdStartValidity()(BroadcastQueueModernImpl.java:559) waiters=1 in android.content.Intent com.android.server.am.ActivityManagerService.registerReceiverWithFeature(android.app.IApplicationThread, java.lang.String, java.lang.String, java.lang.String, android.content.IIntentReceiver, android.content.IntentFilter, java.lang.String, int, int) for 736ms
04-15 16:17:43.341 534 1347 W system_server: Long monitor contention with owner ActivityManager (565) at void com.android.server.am.BroadcastQueueModernImpl.checkPendingColdStartValidity()(BroadcastQueueModernImpl.java:559) waiters=3 in int com.android.server.am.ActivityManagerService.broadcastIntentWithFeature(android.app.IApplicationThread, java.lang.String, android.content.Intent, java.lang.String, android.content.IIntentReceiver, int, java.lang.String, android.os.Bundle, java.lang.String[], java.lang.String[], java.lang.String[], int, android.os.Bundle, boolean, boolean, int) for 725ms
04-15 16:17:43.361 534 1347 D CompatibilityChangeReporter: Compat change id reported: 161252188; UID 1000; state: DISABLED
04-15 16:17:43.370 534 558 W system_server: Long monitor contention with owner ActivityManager (565) at void com.android.server.am.BroadcastQueueModernImpl.checkPendingColdStartValidity()(BroadcastQueueModernImpl.java:559) waiters=4 in void com.android.server.am.ActivityManagerService$LocalService.startProcess(java.lang.String, android.content.pm.ApplicationInfo, boolean, boolean, java.lang.String, android.content.ComponentName) for 727ms
04-15 16:17:43.376 1474 1474 V GraphicsEnvironment: angle_gl_driver_selection_pkgs=[]
04-15 16:17:43.377 534 1347 I ActivityManager: Enqueued broadcast Intent { act=com.android.emulator.multidisplay.START flg=0x400000 cmp=com.android.emulator.multidisplay/.MultiDisplayServiceReceiver }: 0
04-15 16:17:43.382 1474 1474 V GraphicsEnvironment: angle_gl_driver_selection_values=[]
04-15 16:17:43.386 1474 1474 V GraphicsEnvironment: ANGLE GameManagerService for com.android.providers.media.module: false
04-15 16:17:43.396 1474 1474 V GraphicsEnvironment: com.android.providers.media.module is not listed in per-application setting
04-15 16:17:43.397 1474 1474 V GraphicsEnvironment: Neither updatable production driver nor prerelease driver is supported.
04-15 16:17:43.413 534 994 E IPCThreadState: Binder transaction failure: 31416/29189/-22
04-15 16:17:43.471 886 886 V SystemUIBootTiming: StartServices com.android.systemui.dreams.DreamMonitor took to complete: 135ms
04-15 16:17:43.473 328 328 D Zygote : Forked child process 1543
04-15 16:17:43.477 534 566 W ActivityManager: Slow operation: 384ms so far, now at startProcess: returned from zygote!
04-15 16:17:43.491 534 1471 D ConnectivityService: requestNetwork for uid/pid:1000/534 activeRequest: null callbackRequest: 26 [NetworkRequest [ REQUEST id=27, [ Capabilities: INTERNET&NOT_RESTRICTED&TRUSTED&NOT_VCN_MANAGED Uid: 1000 RequestorUid: 1000 RequestorPkg: android UnderlyingNetworks: Null] ]] callback flags: 0 order: 2147483647
04-15 16:17:43.499 534 811 D ConnectivityService: NetReassign [no changes] [c 0] [a 0] [i 1]
04-15 16:17:43.500 534 804 D WifiNetworkFactory: got request NetworkRequest [ REQUEST id=27, [ Capabilities: INTERNET&NOT_RESTRICTED&TRUSTED&NOT_VCN_MANAGED Uid: 1000 RequestorUid: 1000 RequestorPkg: android UnderlyingNetworks: Null] ]
04-15 16:17:43.500 534 804 D UntrustedWifiNetworkFactory: got request NetworkRequest [ REQUEST id=27, [ Capabilities: INTERNET&NOT_RESTRICTED&TRUSTED&NOT_VCN_MANAGED Uid: 1000 RequestorUid: 1000 RequestorPkg: android UnderlyingNetworks: Null] ]
04-15 16:17:43.501 534 804 D OemPaidWifiNetworkFactory: got request NetworkRequest [ REQUEST id=27, [ Capabilities: INTERNET&NOT_RESTRICTED&TRUSTED&NOT_VCN_MANAGED Uid: 1000 RequestorUid: 1000 RequestorPkg: android UnderlyingNetworks: Null] ]
04-15 16:17:43.501 534 804 D MultiInternetWifiNetworkFactory: got request NetworkRequest [ REQUEST id=27, [ Capabilities: INTERNET&NOT_RESTRICTED&TRUSTED&NOT_VCN_MANAGED Uid: 1000 RequestorUid: 1000 RequestorPkg: android UnderlyingNetworks: Null] ]
04-15 16:17:43.511 1492 1492 V GraphicsEnvironment: Currently set values for:
04-15 16:17:43.511 1492 1492 V GraphicsEnvironment: angle_gl_driver_selection_pkgs=[]
04-15 16:17:43.511 1492 1492 V GraphicsEnvironment: angle_gl_driver_selection_values=[]
04-15 16:17:43.529 534 558 W ActivityManager: Slow operation: 97ms so far, now at startProcess: building args
04-15 16:17:43.531 534 558 D CompatibilityChangeReporter: Compat change id reported: 135634846; UID 10110; state: DISABLED
04-15 16:17:43.535 534 558 D CompatibilityChangeReporter: Compat change id reported: 177438394; UID 10110; state: DISABLED
04-15 16:17:43.536 534 558 D CompatibilityChangeReporter: Compat change id reported: 135772972; UID 10110; state: DISABLED
04-15 16:17:43.538 534 558 D CompatibilityChangeReporter: Compat change id reported: 135754954; UID 10110; state: ENABLED
