04-15 16:14:51.941 0 0 I servicemanager: Found android.hardware.graphics.composer3.IComposer/default in device VINTF manifest.
04-15 16:14:52.421 392 392 I credstore: Registered binder service
04-15 16:14:52.423 395 395 I gsid : no DSU: No such file or directory
04-15 16:14:52.512 0 0 I init : Service 'exec 15 (/system/bin/gsid run-startup-tasks)' (pid 395) exited with status 0 oneshot service took 1.319000 seconds in background
04-15 16:14:52.512 0 0 I init : Sending signal 9 to service 'exec 15 (/system/bin/gsid run-startup-tasks)' (pid 395) process group...
04-15 16:14:52.513 0 0 I libprocessgroup: Successfully killed process cgroup uid 0 pid 395 in 0ms
04-15 16:14:52.808 0 0 I init : Service 'boringssl_self_test_apex64' (pid 397) exited with status 0 waiting took 1.406000 seconds
04-15 16:14:52.809 0 0 I init : Sending signal 9 to service 'boringssl_self_test_apex64' (pid 397) process group...
04-15 16:14:52.810 0 0 I libprocessgroup: Successfully killed process cgroup uid 9999 pid 397 in 0ms
04-15 16:14:52.821 0 0 I init : processing action (bootreceiver.enable=1 && ro.product.cpu.abilist64=*) from (/system/etc/init/hw/init.rc:668)
04-15 16:14:53.624 0 0 I init : Command 'mkdir /sys/kernel/tracing/instances/bootreceiver 0700 system system' action=bootreceiver.enable=1 && ro.product.cpu.abilist64=* (/system/etc/init/hw/init.rc:672) took 803ms and succeeded
04-15 16:14:53.764 0 0 I init : Command 'write /sys/kernel/tracing/instances/bootreceiver/events/error_report/error_report_end/enable 1' action=bootreceiver.enable=1 && ro.product.cpu.abilist64=* (/system/etc/init/hw/init.rc:676) took 121ms and succeeded
04-15 16:14:53.765 0 0 I init : processing action (net.tcp_def_init_rwnd=*) from (/system/etc/init/hw/init.rc:1242)
04-15 16:14:53.765 0 0 I init : processing action (security.perf_harden=1) from (/system/etc/init/hw/init.rc:1267)
04-15 16:14:53.767 0 0 I init : processing action (ro.debuggable=1) from (/system/etc/init/hw/init.rc:1304)
04-15 16:14:53.767 0 0 I init : processing action (sys.usb.config=adb && sys.usb.configfs=0) from (/system/etc/init/hw/init.usb.rc:40)
04-15 16:14:53.836 0 0 I init : Command 'write /sys/class/android_usb/android0/enable 0' action=sys.usb.config=adb && sys.usb.configfs=0 (/system/etc/init/hw/init.usb.rc:41) took 68ms and failed: Unable to write to file '/sys/class/android_usb/android0/enable': open() failed: Permission denied
04-15 16:14:53.864 0 0 I init : Command 'write /sys/class/android_usb/android0/idVendor 18d1' action=sys.usb.config=adb && sys.usb.configfs=0 (/system/etc/init/hw/init.usb.rc:42) took 28ms and failed: Unable to write to file '/sys/class/android_usb/android0/idVendor': open() failed: Permission denied
04-15 16:14:53.865 0 0 I init : Command 'write /sys/class/android_usb/android0/idProduct 4EE7' action=sys.usb.config=adb && sys.usb.configfs=0 (/system/etc/init/hw/init.usb.rc:43) took 0ms and failed: Unable to write to file '/sys/class/android_usb/android0/idProduct': open() failed: Permission denied
04-15 16:14:53.865 0 0 I init : Command 'write /sys/class/android_usb/android0/functions ${sys.usb.config}' action=sys.usb.config=adb && sys.usb.configfs=0 (/system/etc/init/hw/init.usb.rc:44) took 0ms and failed: Unable to write to file '/sys/class/android_usb/android0/functions': open() failed: Permission denied
04-15 16:14:53.866 0 0 I init : Command 'write /sys/class/android_usb/android0/enable 1' action=sys.usb.config=adb && sys.usb.configfs=0 (/system/etc/init/hw/init.usb.rc:45) took 0ms and failed: Unable to write to file '/sys/class/android_usb/android0/enable': open() failed: Permission denied
04-15 16:14:53.893 0 0 I init : starting service 'adbd'...
04-15 16:14:53.894 0 0 I init : Created socket '/dev/socket/adbd', mode 660, user 1000, group 1000
04-15 16:14:54.039 0 0 I init : ... started service 'adbd' has pid 407
04-15 16:14:54.039 0 0 I init : Command 'start adbd' action=sys.usb.config=adb && sys.usb.configfs=0 (/system/etc/init/hw/init.usb.rc:46) took 173ms and succeeded
04-15 16:14:54.049 0 0 I init : processing action (vendor.qemu.timezone=*) from (/vendor/etc/init/hw/init.ranchu.rc:104)
04-15 16:14:54.091 0 0 I init : processing action (vendor.qemu.vport.bluetooth=*) from (/vendor/etc/init/hw/init.ranchu.rc:180)
04-15 16:14:54.110 0 0 I init : processing action (init.svc.audioserver=running) from (/system/etc/init/audioserver.rc:35)
04-15 16:14:54.110 0 0 I init : service 'vendor.audio-hal' requested start, but it is already running (flags: 4)
04-15 16:14:54.110 0 0 I init : Command 'start vendor.audio-hal-aidl' action=init.svc.audioserver=running (/system/etc/init/audioserver.rc:37) took 0ms and failed: service vendor.audio-hal-aidl not found
04-15 16:14:54.110 0 0 I init : Command 'start vendor.audio-effect-hal-aidl' action=init.svc.audioserver=running (/system/etc/init/audioserver.rc:38) took 0ms and failed: service vendor.audio-effect-hal-aidl not found
04-15 16:14:54.110 0 0 I init : Command 'start vendor.audio-hal-4-0-msd' action=init.svc.audioserver=running (/system/etc/init/audioserver.rc:39) took 0ms and failed: service vendor.audio-hal-4-0-msd not found
04-15 16:14:54.110 0 0 I init : Command 'start audio_proxy_service' action=init.svc.audioserver=running (/system/etc/init/audioserver.rc:40) took 0ms and failed: service audio_proxy_service not found
04-15 16:14:54.111 0 0 I init : processing action (ro.persistent_properties.ready=true) from (/system/etc/init/bootstat.rc:57)
04-15 16:14:54.112 0 0 I init : processing action (ro.persistent_properties.ready=true) from (/system/etc/init/bootstat.rc:61)
04-15 16:14:54.114 0 0 I init : starting service 'exec 17 (/system/bin/bootstat --set_system_boot_reason)'...
04-15 16:14:54.150 391 391 I FastMixerState: sMaxFastTracks = 8
04-15 16:14:54.245 0 0 I init : ... started service 'exec 17 (/system/bin/bootstat --set_system_boot_reason)' has pid 408
04-15 16:14:54.245 0 0 I init : Command 'exec_background - system log -- /system/bin/bootstat --set_system_boot_reason' action=ro.persistent_properties.ready=true (/system/etc/init/bootstat.rc:64) took 133ms and succeeded
04-15 16:14:54.246 0 0 I init : processing action (bootreceiver.enable=1 && ro.product.cpu.abilist64=*) from (/system/etc/init/dmesgd.rc:7)
04-15 16:14:54.262 0 0 I init : Command 'rm /data/misc/dmesgd/sent_reports.txt' action=bootreceiver.enable=1 && ro.product.cpu.abilist64=* (/system/etc/init/dmesgd.rc:9) took 14ms and failed: unlink() failed: No such file or directory
04-15 16:14:54.284 0 0 I init : processing action (persist.heapprofd.enable= && traced.lazy.heapprofd=) from (/system/etc/init/heapprofd.rc:49)
04-15 16:14:54.287 0 0 I init : processing action (ro.debuggable=1) from (/system/etc/init/llkd-debuggable.rc:1)
04-15 16:14:54.324 0 0 I init : processing action (ro.debuggable=*) from (/system/etc/init/llkd.rc:2)
04-15 16:14:54.441 0 0 I init : Command 'setprop llk.enable ${ro.llk.enable:-0}' action=ro.debuggable=* (/system/etc/init/llkd.rc:3) took 69ms and succeeded
04-15 16:14:54.443 0 0 I init : processing action (debug.atrace.user_initiated= && persist.traced.enable=1) from (/system/etc/init/perfetto.rc:47)
04-15 16:14:54.473 0 0 I init : starting service 'traced_probes'...
04-15 16:14:54.668 0 0 I init : ... started service 'traced_probes' has pid 409
04-15 16:14:54.669 0 0 I init : Command 'start traced_probes' action=debug.atrace.user_initiated= && persist.traced.enable=1 (/system/etc/init/perfetto.rc:48) took 225ms and succeeded
04-15 16:14:54.669 0 0 I init : processing action (persist.traced.enable=1) from (/system/etc/init/perfetto.rc:50)
04-15 16:14:54.698 0 0 I init : starting service 'traced'...
04-15 16:14:54.699 0 0 I init : Created socket '/dev/socket/traced_consumer', mode 666, user 0, group 0
04-15 16:14:54.736 0 0 I init : Created socket '/dev/socket/traced_producer', mode 666, user 0, group 0
04-15 16:14:54.822 391 391 D audioserver: main: starting
04-15 16:14:54.823 391 391 V MediaUtils: physMem: 2070044672
04-15 16:14:54.823 391 391 V MediaUtils: requested limit: 414008920
04-15 16:14:54.884 0 0 I init : ... started service 'traced' has pid 410
04-15 16:14:54.881 391 391 I libc : malloc_limit: Allocation limit enabled, max size 414008920 bytes
04-15 16:14:54.891 0 0 I init : Command 'start traced' action=persist.traced.enable=1 (/system/etc/init/perfetto.rc:65) took 186ms and succeeded
04-15 16:14:54.891 0 0 I init : service 'traced_probes' requested start, but it is already running (flags: 132)
04-15 16:14:54.891 0 0 I init : processing action (ro.persistent_properties.ready=true) from (/system/etc/init/perfetto.rc:116)
04-15 16:14:54.892 0 0 I init : processing action (persist.traced_perf.enable= && sys.init.perf_lsm_hooks=1 && traced.lazy.traced_perf=) from (/system/etc/init/traced_perf.rc:43)
04-15 16:14:54.959 408 408 I bootstat: Service started: /system/bin/bootstat --set_system_boot_reason
04-15 16:14:54.971 0 0 I init : Command 'stop traced_perf' action=persist.traced_perf.enable= && sys.init.perf_lsm_hooks=1 && traced.lazy.traced_perf= (/system/etc/init/traced_perf.rc:44) took 78ms and succeeded
04-15 16:14:54.971 0 0 I init : processing action (init.svc.qemu-adb-keys=stopped) from (/system_ext/etc/init/init.system_ext.rc:1)
04-15 16:14:55.000 0 0 I init : starting service 'qemu-adb-setup'...
04-15 16:14:55.037 328 328 D AndroidRuntime: >>>>>> START com.android.internal.os.ZygoteInit uid 0 <<<<<<
04-15 16:14:55.039 408 408 I bootstat: Canonical boot reason: reboot
04-15 16:14:55.039 408 408 I bootstat: Canonical boot reason: reboot
04-15 16:14:55.142 0 0 I init : ... started service 'qemu-adb-setup' has pid 411
04-15 16:14:55.143 0 0 I init : Command 'start qemu-adb-setup' action=init.svc.qemu-adb-keys=stopped (/system_ext/etc/init/init.system_ext.rc:2) took 171ms and succeeded
04-15 16:14:55.143 0 0 I init : Service 'exec 16 (/system/bin/profcollectctl reset)' (pid 396) exited with status 0 oneshot service took 3.813000 seconds in background
04-15 16:14:55.143 0 0 I init : Sending signal 9 to service 'exec 16 (/system/bin/profcollectctl reset)' (pid 396) process group...
04-15 16:14:55.144 0 0 I libprocessgroup: Successfully killed process cgroup uid 0 pid 396 in 0ms
04-15 16:14:55.140 408 408 E bootstat: Failed to read /metadata/bootstat/persist.sys.boot.reason: No such file or directory
04-15 16:14:55.141 408 408 I bootstat: Value of persist.sys.boot.reason :
04-15 16:14:55.141 408 408 I bootstat: Normalized last reboot reason : reboot
04-15 16:14:55.194 0 0 I init : processing action (nonencrypted) from (/system/etc/init/hw/init.rc:1214)
04-15 16:14:55.195 0 0 I init : starting service 'goldfish-logcat'...
04-15 16:14:55.212 408 408 E bootstat: Failed to unlink /metadata/bootstat/persist.sys.boot.reason: No such file or directory
04-15 16:14:55.216 391 391 W BatteryNotifier: batterystats service unavailable!
04-15 16:14:55.250 0 0 I init : ... started service 'goldfish-logcat' has pid 415
04-15 16:14:55.251 0 0 I init : starting service 'bt_vhci_forwarder'...
04-15 16:14:55.325 0 0 I init : ... started service 'bt_vhci_forwarder' has pid 416
04-15 16:14:55.326 0 0 I init : service 'zygote' requested start, but it is already running (flags: 4)
04-15 16:14:55.326 0 0 I init : starting service 'cameraserver'...
04-15 16:14:55.329 133 133 I hwservicemanager: getTransport: Cannot find entry android.hardware.audio.effect@7.1::IEffectsFactory/default in either framework or device VINTF manifest.
04-15 16:14:55.359 0 0 I init : ... started service 'cameraserver' has pid 417
04-15 16:14:55.360 0 0 I init : starting service 'idmap2d'...
04-15 16:14:55.385 0 0 I init : ... started service 'idmap2d' has pid 418
04-15 16:14:55.386 0 0 I init : starting service 'incidentd'...
04-15 16:14:55.396 133 133 I hwservicemanager: getTransport: Cannot find entry android.hardware.configstore@1.0::ISurfaceFlingerConfigs/default in either framework or device VINTF manifest.
04-15 16:14:55.545 407 407 I adbd : persist.adb.watchdog set to ''
04-15 16:14:55.547 407 407 I adbd : persist.sys.test_harness set to ''
04-15 16:14:55.565 407 407 I adbd : adb watchdog timeout set to 600 seconds
04-15 16:14:55.591 410 410 W perfetto: service.cc:248 Started traced, listening on /dev/socket/traced_producer /dev/socket/traced_consumer
04-15 16:14:55.601 409 409 I perfetto: probes.cc:104 Starting /system/bin/traced_probes service
04-15 16:14:55.642 0 0 I init : ... started service 'incidentd' has pid 419
04-15 16:14:55.643 0 0 I init : starting service 'installd'...
04-15 16:14:55.645 407 407 I adbd : Setup mdns on port= 5555
04-15 16:14:55.647 407 424 I adbd : Waiting for persist.adb.tls_server.enable=1
04-15 16:14:55.684 416 416 E bt_vhci_forwarder: setTerminalRaw failed /dev/bluetooth0: Inappropriate ioctl for device
04-15 16:14:55.742 394 394 I SurfaceFlinger: Using HWComposer service: default
04-15 16:14:55.761 409 427 I perfetto: _activity_trigger.cc:71 mm_events ftrace instance not found. Triggering of traces on memory pressure will not be available on this device.
04-15 16:14:55.786 394 394 I SurfaceFlinger: SurfaceFlinger is starting
04-15 16:14:55.793 394 394 I SurfaceFlinger: Enabling backpressure for GPU composition
04-15 16:14:55.793 409 409 I perfetto: probes_producer.cc:341 Connected to the service
04-15 16:14:55.849 407 407 I adbd : adbd listening on tcp:5555
04-15 16:14:55.849 407 407 I adbd : adbd listening on vsock:5555
04-15 16:14:55.850 407 407 I adbd : adbd started
04-15 16:14:55.895 0 0 W qemu-adb-setup: /data/misc/adb/adb_keys exists. Skipping qemu adb setup
04-15 16:14:55.943 0 0 I init : ... started service 'installd' has pid 431
04-15 16:14:55.956 0 0 I init : starting service 'mediaextractor'...
04-15 16:14:56.028 0 0 I init : ... started service 'mediaextractor' has pid 436
04-15 16:14:56.053 0 0 I init : starting service 'mediametrics'...
04-15 16:14:56.074 328 328 I AndroidRuntime: Using default boot image
04-15 16:14:56.074 328 328 I AndroidRuntime: Leaving lock profiling enabled
04-15 16:14:56.174 394 394 I SurfaceFlinger: SurfaceFlinger's main thread ready to run. Initializing graphics H/W...
04-15 16:14:56.174 394 394 E SurfaceFlinger: Unrecognized RenderEngineType ; ignoring!
04-15 16:14:56.174 394 394 D RenderEngine: Threaded RenderEngine with SkiaGL Backend
04-15 16:14:56.243 0 0 I init : ... started service 'mediametrics' has pid 437
04-15 16:14:56.323 394 438 D libEGL : loaded /vendor/lib64/egl/libEGL_emulation.so
04-15 16:14:56.338 328 328 I zygote64: option[0]=-Xzygote
04-15 16:14:56.345 394 438 D libEGL : loaded /vendor/lib64/egl/libGLESv1_CM_emulation.so
04-15 16:14:56.363 328 328 I zygote64: option[1]=exit
04-15 16:14:56.363 328 328 I zygote64: option[2]=vfprintf
04-15 16:14:56.366 328 328 I zygote64: option[3]=sensitiveThread
04-15 16:14:56.366 328 328 I zygote64: option[4]=-verbose:gc
04-15 16:14:56.366 328 328 I zygote64: option[5]=-XX:PerfettoHprof=true
04-15 16:14:56.366 328 328 I zygote64: option[6]=-XX:PerfettoJavaHeapStackProf=true
04-15 16:14:56.366 328 328 I zygote64: option[7]=-Xprimaryzygote
04-15 16:14:56.366 328 328 I zygote64: option[8]=-Xms8m
04-15 16:14:56.366 328 328 I zygote64: option[9]=-Xmx512m
04-15 16:14:56.367 328 328 I zygote64: option[10]=-XX:HeapGrowthLimit=192m
04-15 16:14:56.367 328 328 I zygote64: option[11]=-XX:HeapMinFree=512k
04-15 16:14:56.367 328 328 I zygote64: option[12]=-XX:HeapMaxFree=8m
04-15 16:14:56.367 328 328 I zygote64: option[13]=-XX:HeapTargetUtilization=0.75
04-15 16:14:56.367 328 328 I zygote64: option[14]=-Xusejit:true
04-15 16:14:56.367 328 328 I zygote64: option[15]=-Xjitsaveprofilinginfo
04-15 16:14:56.367 328 328 I zygote64: option[16]=-XMadviseWillNeedVdexFileSize:104857600
04-15 16:14:56.367 328 328 I zygote64: option[17]=-XMadviseWillNeedOdexFileSize:104857600
04-15 16:14:56.367 328 328 I zygote64: option[18]=-XMadviseWillNeedArtFileSize:4294967295
04-15 16:14:56.367 328 328 I zygote64: option[19]=-XjdwpOptions:suspend=n,server=y
04-15 16:14:56.451 0 0 I init : starting service 'media'...
04-15 16:14:56.367 328 328 I zygote64: option[20]=-XjdwpProvider:default
04-15 16:14:56.367 328 328 I zygote64: option[21]=-Xopaque-jni-ids:swapable
04-15 16:14:56.377 394 438 D libEGL : loaded /vendor/lib64/egl/libGLESv2_emulation.so
04-15 16:14:56.448 407 442 I adbd : host-19: write thread spawning
04-15 16:14:56.449 407 441 I adbd : host-19: read thread spawning
04-15 16:14:56.450 407 407 I adbd : host-19: already offline
04-15 16:14:56.451 407 407 I adbd : authentication not required
04-15 16:14:56.488 407 440 I adbd : host-16: write thread spawning
04-15 16:14:56.488 407 439 I adbd : host-16: read thread spawning
04-15 16:14:56.540 133 133 I hwservicemanager: getTransport: Cannot find entry android.hardware.audio.effect@7.1::IEffectsFactory/default in either framework or device VINTF manifest.
04-15 16:14:56.588 394 438 I RenderEngine: EGL information:
04-15 16:14:56.588 394 438 I RenderEngine: vendor : Android
04-15 16:14:56.588 394 438 I RenderEngine: version : 1.4 Android META-EGL
04-15 16:14:56.588 394 438 I RenderEngine: extensions: EGL_ANDROID_front_buffer_auto_refresh EGL_ANDROID_get_native_client_buffer EGL_ANDROID_presentation_time EGL_EXT_surface_CTA861_3_metadata EGL_EXT_surface_SMPTE2086_metadata EGL_KHR_get_all_proc_addresses EGL_KHR_swap_buffers_with_damage EGL_ANDROID_get_frame_timestamps EGL_ANDROID_image_native_buffer EGL_ANDROID_native_fence_sync EGL_ANDROID_recordable EGL_KHR_create_context EGL_KHR_fence_sync EGL_KHR_gl_texture_2D_image EGL_KHR_image EGL_KHR_image_base
04-15 16:14:56.589 394 438 I RenderEngine: Client API: OpenGL_ES
04-15 16:14:56.589 394 438 I RenderEngine: EGLSurface: 8-8-8-8, config=0x5
04-15 16:14:56.616 328 328 I zygote64: option[22]=-Xlockprofthreshold:500
04-15 16:14:56.617 328 328 I zygote64: option[23]=-Xcompiler-option
04-15 16:14:56.617 328 328 I zygote64: option[24]=--instruction-set-variant=x86_64
04-15 16:14:56.617 328 328 I zygote64: option[25]=-Xcompiler-option
04-15 16:14:56.618 328 328 I zygote64: option[26]=--instruction-set-features=default
04-15 16:14:56.618 328 328 I zygote64: option[27]=-Xcompiler-option
04-15 16:14:56.619 328 328 I zygote64: option[28]=--generate-mini-debug-info
04-15 16:14:56.619 328 328 I zygote64: option[29]=-Ximage-compiler-option
04-15 16:14:56.619 328 328 I zygote64: option[30]=--runtime-arg
04-15 16:14:56.619 328 328 I zygote64: option[31]=-Ximage-compiler-option
04-15 16:14:56.619 328 328 I zygote64: option[32]=-Xms64m
04-15 16:14:56.619 328 328 I zygote64: option[33]=-Ximage-compiler-option
04-15 16:14:56.619 328 328 I zygote64: option[34]=--runtime-arg
04-15 16:14:56.619 328 328 I zygote64: option[35]=-Ximage-compiler-option
04-15 16:14:56.619 328 328 I zygote64: option[36]=-Xmx64m
04-15 16:14:56.619 328 328 I zygote64: option[37]=-Ximage-compiler-option
04-15 16:14:56.619 328 328 I zygote64: option[38]=--dirty-image-objects=/system/etc/dirty-image-objects
04-15 16:14:56.626 394 438 D RenderEngine: Background Blurs Enabled
04-15 16:14:56.693 0 0 I init : ... started service 'media' has pid 444
04-15 16:14:56.693 0 0 I init : service 'netd' requested start, but it is already running (flags: 4)
04-15 16:14:56.694 0 0 I init : starting service 'storaged'...
04-15 16:14:56.694 0 0 I init : Could not open file '/d/mmc0/mmc0:0001/ext_csd': Failed to open file '/d/mmc0/mmc0:0001/ext_csd': No such file or directory
04-15 16:14:56.700 416 416 I bt_vhci_forwarder: ignore 0xff packet
04-15 16:14:56.807 0 0 I init : ... started service 'storaged' has pid 446
04-15 16:14:56.819 394 438 I RenderEngine: OpenGL ES informations:
04-15 16:14:56.819 394 438 I RenderEngine: vendor : Google (Google Inc.)
04-15 16:14:56.819 394 438 I RenderEngine: renderer : Android Emulator OpenGL ES Translator (Google SwiftShader)
04-15 16:14:56.819 394 438 I RenderEngine: version : OpenGL ES 3.0 (OpenGL ES 3.0 SwiftShader 4.0.0.1)
04-15 16:14:56.819 394 438 I RenderEngine: extensions: GL_EXT_debug_marker GL_EXT_robustness GL_OES_EGL_sync GL_OES_EGL_image GL_OES_EGL_image_external GL_OES_depth24 GL_OES_depth32 GL_OES_element_index_uint GL_OES_texture_float GL_OES_texture_float_linear GL_OES_compressed_paletted_texture GL_OES_compressed_ETC1_RGB8_texture GL_OES_depth_texture GL_OES_texture_half_float GL_OES_texture_half_float_linear GL_OES_packed_depth_stencil GL_OES_vertex_half_float GL_OES_standard_derivatives GL_OES_texture_npot GL_OES_rgb8_rgba8 GL_EXT_color_buffer_float GL_EXT_color_buffer_half_float GL_EXT_texture_format_BGRA8888 GL_APPLE_texture_format_BGRA8888 ANDROID_EMU_CHECKSUM_HELPER_v1 ANDROID_EMU_native_sync_v2 ANDROID_EMU_dma_v1 ANDROID_EMU_direct_mem ANDROID_EMU_host_composition_v1 ANDROID_EMU_host_composition_v2 ANDROID_EMU_vulkan ANDROID_EMU_deferred_vulkan_commands ANDROID_EMU_vulkan_null_optional_strings ANDROID_EMU_vulkan_create_resources_with_requirements ANDROID_EMU_YUV_Cache ANDROID_EMU_vulkan_ignored_handles ANDROID_EMU_has_shared_slots_host_memory_alloc
04-15 16:14:56.819 394 438 I RenderEngine: GL_MAX_TEXTURE_SIZE = 8192
04-15 16:14:56.819 394 438 I RenderEngine: GL_MAX_VIEWPORT_DIMS = 8192
04-15 16:14:56.829 0 0 I init : starting service 'wificond'...
04-15 16:14:56.620 328 328 I zygote64: option[39]=-Ximage-compiler-option
04-15 16:14:56.878 418 418 I idmap2d : Starting
04-15 16:14:56.882 328 328 I zygote64: option[40]=--instruction-set-variant=x86_64
04-15 16:14:56.895 328 328 I zygote64: option[41]=-Ximage-compiler-option
04-15 16:14:56.896 328 328 I zygote64: option[42]=--instruction-set-features=default
04-15 16:14:56.897 328 328 I zygote64: option[43]=-Ximage-compiler-option
04-15 16:14:56.897 328 328 I zygote64: option[44]=--generate-mini-debug-info
04-15 16:14:56.898 328 328 I zygote64: option[45]=-Duser.locale=en-US
04-15 16:14:56.899 328 328 I zygote64: option[46]=--cpu-abilist=x86_64
04-15 16:14:56.899 328 328 I zygote64: option[47]=-Xcore-platform-api-policy:just-warn
04-15 16:14:56.904 328 328 I zygote64: option[48]=-Xfingerprint:Android/sdk_phone64_x86_64/emu64x:14/UE1A.230829.036.A1/11228894:userdebug/test-keys
04-15 16:14:57.042 0 0 I servicemanager: Found android.hardware.graphics.composer3.IComposer/default in device VINTF manifest.
04-15 16:14:57.246 0 0 I init : ... started service 'wificond' has pid 447
04-15 16:14:57.250 133 133 I hwservicemanager: getTransport: Cannot find entry android.hardware.graphics.mapper@4.0::IMapper/default in either framework or device VINTF manifest.
04-15 16:14:57.254 359 400 I ComposerResources: failed to get mapper 4.0 service, falling back to mapper 3.0
04-15 16:14:57.345 0 0 I init : starting service 'vendor.ril-daemon'...
04-15 16:14:57.350 0 0 I logd : logdr: UID=1036 GID=0 PID=415 b tail=0 logMask=99 pid=0 start=0ns deadline=0ns
04-15 16:14:57.467 391 391 I ServiceManagerCppClient: Waiting for service 'media.metrics' on '/dev/binder'...
04-15 16:14:57.509 0 0 I init : ... started service 'vendor.ril-daemon' has pid 453
04-15 16:14:57.511 0 0 I init : starting service 'media.swcodec'...
04-15 16:14:57.535 359 400 E RanchuHwc: loadPersistentKeyValues: persistent key-value store path not available.
04-15 16:14:57.538 359 400 E RanchuHwc: getPersistentKeyValue: failed to load pmem json
04-15 16:14:57.538 359 400 E RanchuHwc: getBootConfigId: display:0 failed to get persistent boot config
04-15 16:14:57.539 359 400 D RanchuHwc: init display:0 with config: id: 0 w:1080 h:2400 dpi-x:420 dpi-y:420 vsync:60.000002 config-group:0
04-15 16:14:57.543 359 400 E RanchuHwc: start: failed to set Vsync thread name: Math result not representable
04-15 16:14:57.543 359 400 E RanchuHwc: start: failed to set Vsync thread priority: Invalid argument
04-15 16:14:57.551 359 455 I RanchuHwc: Vsync thread for display:0 starting
04-15 16:14:57.552 133 133 I hwservicemanager: getTransport: Cannot find entry android.hardware.graphics.mapper@4.0::IMapper/default in either framework or device VINTF manifest.
04-15 16:14:57.554 359 400 I Gralloc4: mapper 4.x is not supported
04-15 16:14:57.558 0 0 I servicemanager: Could not find android.hardware.graphics.allocator.IAllocator/default in the VINTF manifest.
04-15 16:14:57.703 0 0 I init : ... started service 'media.swcodec' has pid 454
04-15 16:14:57.703 0 0 I init : service 'statsd' requested start, but it is already running (flags: 4)
04-15 16:14:57.704 0 0 I init : Command 'class_start main' action=nonencrypted (/system/etc/init/hw/init.rc:1215) took 2509ms and succeeded
04-15 16:14:57.713 0 0 I init : Service 'exec 17 (/system/bin/bootstat --set_system_boot_reason)' (pid 408) exited with status 0 oneshot service took 3.556000 seconds in background
04-15 16:14:57.713 0 0 I init : Sending signal 9 to service 'exec 17 (/system/bin/bootstat --set_system_boot_reason)' (pid 408) process group...
04-15 16:14:57.714 0 0 I libprocessgroup: Successfully killed process cgroup uid 1000 pid 408 in 1ms
04-15 16:14:57.754 0 0 I init : Service 'qemu-adb-setup' (pid 411) exited with status 0 oneshot service took 2.751000 seconds in background
04-15 16:14:57.754 0 0 I init : Sending signal 9 to service 'qemu-adb-setup' (pid 411) process group...
04-15 16:14:57.755 0 0 I libprocessgroup: Successfully killed process cgroup uid 0 pid 411 in 0ms
04-15 16:14:57.772 359 400 E android.hardware.graphics.composer3-service.ranchu: freeBuffer:127 failed with 'Error3::BAD_BUFFER'
04-15 16:14:57.772 359 400 E Gralloc3: freeBuffer(0x0) failed with 2
04-15 16:14:57.773 359 400 E android.hardware.graphics.composer3-service.ranchu: freeBuffer:127 failed with 'Error3::BAD_BUFFER'
04-15 16:14:57.773 359 400 E Gralloc3: freeBuffer(0x0) failed with 2
04-15 16:14:57.773 359 400 E android.hardware.graphics.composer3-service.ranchu: freeBuffer:127 failed with 'Error3::BAD_BUFFER'
04-15 16:14:57.773 359 400 E Gralloc3: freeBuffer(0x0) failed with 2
04-15 16:14:57.780 359 400 E android.hardware.graphics.composer3-service.ranchu: freeBuffer:127 failed with 'Error3::BAD_BUFFER'
04-15 16:14:57.780 359 400 E Gralloc3: freeBuffer(0x0) failed with 2
04-15 16:14:57.780 359 400 E android.hardware.graphics.composer3-service.ranchu: freeBuffer:127 failed with 'Error3::BAD_BUFFER'
04-15 16:14:57.780 359 400 E Gralloc3: freeBuffer(0x0) failed with 2
04-15 16:14:57.780 359 400 E android.hardware.graphics.composer3-service.ranchu: freeBuffer:127 failed with 'Error3::BAD_BUFFER'
04-15 16:14:57.780 359 400 E Gralloc3: freeBuffer(0x0) failed with 2
04-15 16:14:57.789 394 394 I HwcComposer: Loaded AIDL composer3 HAL service
04-15 16:14:57.793 394 394 W surfaceflinger: Binder 0x756e5a66ec38 destroyed after setMinSchedulerPolicy before being parceled.
04-15 16:14:57.807 0 0 I init : starting service 'mdnsd'...
04-15 16:14:57.816 0 0 I init : Created socket '/dev/socket/mdnsd', mode 660, user 1020, group 3003
04-15 16:14:57.838 328 328 I zygote64: Core platform API reporting enabled, enforcing=false
04-15 16:14:57.870 394 394 W surfaceflinger: Binder 0x756e5a66ec38 destroyed after setMinSchedulerPolicy before being parceled.
04-15 16:14:57.906 0 0 I init : ... started service 'mdnsd' has pid 457
04-15 16:14:57.907 0 0 I init : Control message: Processed ctl.start for 'mdnsd' from pid: 407 (/apex/com.android.adbd/bin/adbd --root_seclabel=u:r:su:s0)
04-15 16:14:57.920 0 0 I init : starting service 'gatekeeperd'...
04-15 16:14:57.921 431 431 I installd: installd firing up
04-15 16:14:57.923 431 431 E cutils : Failed to read /data/misc/installd/layout_version: No such file or directory
04-15 16:14:57.937 431 431 D installd: Assuming that device has multi-user storage layout; upgrade no longer supported
04-15 16:14:58.050 0 0 I init : ... started service 'gatekeeperd' has pid 458
04-15 16:14:58.051 0 0 I init : service 'traced' requested start, but it is already running (flags: 132)
04-15 16:14:58.051 0 0 I init : service 'traced_probes' requested start, but it is already running (flags: 132)
04-15 16:14:58.052 0 0 I init : starting service 'usbd'...
04-15 16:14:58.055 431 431 D installd: Upgrading to /data/misc/user directories
04-15 16:14:58.057 394 394 I HWComposer: Switching to generalized multi-display mode
04-15 16:14:58.089 394 394 I SurfaceFlinger: Connecting display 4619827259835644672 (HAL ID 0)
04-15 16:14:58.156 328 328 I zygote64: Using CollectorTypeCC GC.
04-15 16:14:58.127 447 447 I wificond: wificond is starting up...
04-15 16:14:58.176 394 394 E HwcComposer: getPerFrameMetadataKeys failed Status(-8, EX_SERVICE_SPECIFIC): '8: '
04-15 16:14:58.263 0 0 I servicemanager: Could not find android.hardware.net.nlinterceptor.IInterceptor/default in the VINTF manifest.
04-15 16:14:58.564 447 447 I HidlServiceManagement: Registered android.system.wifi.keystore@1.0::IKeystore/default
04-15 16:14:58.611 0 0 I servicemanager: Could not find android.hardware.graphics.allocator.IAllocator/default in the VINTF manifest.
04-15 16:14:58.630 0 0 I init : ... started service 'usbd' has pid 459
04-15 16:14:58.630 0 0 I init : Command 'class_start late_start' action=nonencrypted (/system/etc/init/hw/init.rc:1216) took 718ms and succeeded
04-15 16:14:58.630 0 0 I init : processing action (load_persist_props_action) from (/system/etc/init/flags_health_check.rc:1)
04-15 16:14:58.641 0 0 I init : Encryption policy of /data/server_configurable_flags set to e9a0fb4fd260abc5aa2f402fad1983f0 v2 modes 1/4 flags 0x2
04-15 16:14:58.642 0 0 I init : starting service 'exec 18 (/system/bin/flags_health_check BOOT_FAILURE)'...
04-15 16:14:58.677 0 0 I init : ... started service 'exec 18 (/system/bin/flags_health_check BOOT_FAILURE)' has pid 465
04-15 16:14:58.678 0 0 I init : SVC_EXEC service 'exec 18 (/system/bin/flags_health_check BOOT_FAILURE)' pid 465 (uid 1000 gid 1000+0 context default) started; waiting...
04-15 16:14:58.681 133 133 I hwservicemanager: getTransport: Cannot find entry android.hardware.graphics.mapper@4.0::IMapper/default in either framework or device VINTF manifest.
04-15 16:14:58.716 394 394 I Gralloc4: mapper 4.x is not supported
04-15 16:14:59.091 437 437 V MediaUtils: physMem: 2070044672
04-15 16:14:59.097 437 437 V MediaUtils: requested limit: 134217728
04-15 16:14:59.098 437 437 I libc : malloc_limit: Allocation limit enabled, max size 134217728 bytes
04-15 16:14:59.109 437 437 D AudioPowerUsage: AudioPowerUsage
04-15 16:14:59.109 437 437 D AudioAnalytics: AudioAnalytics
04-15 16:14:59.110 437 437 D MediaMetricsService: MediaMetricsService
04-15 16:14:59.157 391 391 I ServiceManagerCppClient: Waiting for service 'media.metrics' on '/dev/binder' successful after waiting 1691ms
04-15 16:14:59.250 437 467 I ServiceManagerCppClient: Waiting for service 'package_native' on '/dev/binder'...
04-15 16:14:59.351 391 391 I AudioFlinger: Using default 3000 mSec as standby time.
04-15 16:14:59.624 394 394 I Scheduler: Display 4619827259835644672 is the pacesetter
04-15 16:14:59.627 394 469 W EventThread: Ignoring VSYNC request while display is disconnected
04-15 16:14:59.673 394 469 W EventThread: Ignoring VSYNC request while display is disconnected
04-15 16:14:59.675 394 470 W EventThread: Ignoring VSYNC request while display is disconnected
04-15 16:14:59.681 394 470 W EventThread: Ignoring VSYNC request while display is disconnected
04-15 16:14:59.686 394 394 I Scheduler: Display 4619827259835644672 is the pacesetter
04-15 16:14:59.717 133 133 I hwservicemanager: getTransport: Cannot find entry android.frameworks.displayservice@1.0::IDisplayService/default in either framework or device VINTF manifest.
04-15 16:14:59.723 0 0 I init : starting service 'bootanim'...
04-15 16:14:59.725 394 394 E HidlServiceManagement: Service android.frameworks.displayservice@1.0::IDisplayService/default must be in VINTF manifest in order to register/get.
04-15 16:14:59.725 394 394 E SurfaceFlinger: Did not register (deprecated) IDisplayService service.
04-15 16:14:59.727 394 394 D SurfaceFlinger: Setting power mode 2 on display 4619827259835644672
04-15 16:14:59.733 394 394 D SurfaceFlinger: Finished setting power mode 2 on display 4619827259835644672
04-15 16:14:59.735 394 473 W SurfaceFlinger: Failed to set thread name on dispatch thread
04-15 16:14:59.828 0 0 I init : ... started service 'bootanim' has pid 475
04-15 16:14:59.829 0 0 I init : Control message: Processed ctl.start for 'bootanim' from pid: 394 (/system/bin/surfaceflinger)
04-15 16:14:59.861 391 391 D audioserver: main: AudioFlinger created
04-15 16:14:59.950 407 432 I adbd : adbd mDNS service _adb._tcp registered: 1
04-15 16:14:59.990 465 465 I flags_health_check: ServerConfigurableFlagsReset reset_mode value: 0
04-15 16:15:00.004 465 465 I flags_health_check: ServerConfigurableFlagsReset attempted boot count is under threshold, skipping reset.
04-15 16:15:00.090 458 458 I gatekeeperd: Starting gatekeeperd...
04-15 16:15:00.202 458 458 I ServiceManagerCppClient: Waiting for service 'android.hardware.gatekeeper.IGatekeeper/default' on '/dev/binder'...
04-15 16:15:00.225 0 0 I init : Service 'exec 18 (/system/bin/flags_health_check BOOT_FAILURE)' (pid 465) exited with status 0 waiting took 1.569000 seconds
04-15 16:15:00.225 0 0 I init : Sending signal 9 to service 'exec 18 (/system/bin/flags_health_check BOOT_FAILURE)' (pid 465) process group...
04-15 16:15:00.226 0 0 I libprocessgroup: Successfully killed process cgroup uid 1000 pid 465 in 0ms
04-15 16:15:00.229 0 0 I init : processing action (load_persist_props_action) from (/system/etc/init/logcatd.rc:29)
04-15 16:15:00.273 0 0 I init : processing action (llk.enable=0) from (/system/etc/init/llkd.rc:12)
04-15 16:15:00.277 0 0 I init : processing action (khungtask.enable=1) from (/system/etc/init/llkd.rc:18)
04-15 16:15:00.279 0 0 I init : processing action (llk.enable=0) from (/system/etc/init/llkd.rc:12)
04-15 16:15:00.280 0 0 I init : processing action (khungtask.enable=0) from (/system/etc/init/llkd.rc:21)
04-15 16:15:00.259 459 459 I usbd : persistent prop is adb
04-15 16:15:00.324 0 0 I init : service 'adbd' requested start, but it is already running (flags: 132)
04-15 16:15:00.325 0 0 I init : Control message: Processed ctl.start for 'adbd' from pid: 459 (/system/bin/usbd)
04-15 16:15:00.336 0 0 I servicemanager: Could not find android.hardware.usb.gadget.IUsbGadget/default in the VINTF manifest.
04-15 16:15:00.351 0 0 I init : processing action (init.svc.media=*) from (/system/etc/init/mediaserver.rc:1)
04-15 16:15:00.354 0 0 I init : processing action (khungtask.enable=true) from (/system/etc/init/llkd.rc:25)
04-15 16:15:00.349 133 133 I hwservicemanager: getTransport: Cannot find entry android.hardware.usb.gadget@1.0::IUsbGadget/default in either framework or device VINTF manifest.
04-15 16:15:00.352 459 459 I usbd : Usb HAL not found
04-15 16:15:00.366 0 0 I init : Service 'usbd' (pid 459) exited with status 0 oneshot service took 1.822000 seconds in background
04-15 16:15:00.366 0 0 I init : Sending signal 9 to service 'usbd' (pid 459) process group...
04-15 16:15:00.367 0 0 I libprocessgroup: Successfully killed process cgroup uid 0 pid 459 in 0ms
04-15 16:15:00.407 0 0 I init : processing action (khungtask.enable=false) from (/system/etc/init/llkd.rc:31)
04-15 16:15:00.498 436 436 I main_extractorservice: enable media.extractor memory limits
04-15 16:15:00.499 436 436 V MediaUtils: physMem: 2070044672
04-15 16:15:00.511 436 436 V MediaUtils: requested limit: 414008920
04-15 16:15:00.514 436 436 I libc : malloc_limit: Allocation limit enabled, max size 414008920 bytes
04-15 16:15:00.645 0 0 I servicemanager: Found android.hardware.radio.data.IRadioData/slot1 in device VINTF manifest.
04-15 16:15:00.658 0 0 I servicemanager: Found android.hardware.health.IHealth/default in device VINTF manifest.
04-15 16:15:00.671 446 446 I ServiceManagerCppClient: Waiting for service 'package_native' on '/dev/binder'...
04-15 16:15:00.690 0 0 I servicemanager: Found android.hardware.radio.messaging.IRadioMessaging/slot1 in device VINTF manifest.
04-15 16:15:00.696 0 0 I servicemanager: Found android.hardware.radio.modem.IRadioModem/slot1 in device VINTF manifest.
04-15 16:15:00.707 0 0 I servicemanager: Found android.hardware.radio.network.IRadioNetwork/slot1 in device VINTF manifest.
04-15 16:15:00.711 0 0 I servicemanager: Found android.hardware.radio.sim.IRadioSim/slot1 in device VINTF manifest.
04-15 16:15:00.746 0 0 I servicemanager: Found android.hardware.radio.voice.IRadioVoice/slot1 in device VINTF manifest.
04-15 16:15:00.747 0 0 I servicemanager: Found android.hardware.radio.ims.IRadioIms/slot1 in device VINTF manifest.
04-15 16:15:00.753 0 0 I servicemanager: Found android.hardware.radio.ims.media.IImsMedia/default in device VINTF manifest.
04-15 16:15:00.762 0 0 I servicemanager: Found android.hardware.radio.modem.IRadioModem/slot1 in device VINTF manifest.
04-15 16:15:00.762 0 0 I servicemanager: Service 'android.hardware.radio.modem.IRadioModem/slot1' originally registered from PID 453 but it is being registered again from PID 453. Bad state? Late death notification? Multiple instances installed?
04-15 16:15:00.762 0 0 I BpBinder: onLastStrongRef automatically unlinking death recipients:
04-15 16:15:00.773 0 0 I servicemanager: Found android.hardware.radio.sim.IRadioSim/slot1 in device VINTF manifest.
04-15 16:15:00.773 0 0 I servicemanager: Service 'android.hardware.radio.sim.IRadioSim/slot1' originally registered from PID 453 but it is being registered again from PID 453. Bad state? Late death notification? Multiple instances installed?
04-15 16:15:00.773 0 0 I BpBinder: onLastStrongRef automatically unlinking death recipients:
04-15 16:15:00.805 0 0 I servicemanager: Found android.hardware.radio.config.IRadioConfig/default in device VINTF manifest.
04-15 16:15:00.807 0 0 I servicemanager: Could not find android.hardware.radio.sap.ISap/slot1 in the VINTF manifest.
04-15 16:15:00.813 436 436 W mediaextractor: Could not read additional policy file '/vendor/etc/seccomp_policy/mediaextractor.policy'
04-15 16:15:00.815 436 436 W mediaextractor: libminijail[436]: failed to get path of fd 5: No such file or directory
04-15 16:15:00.815 436 436 W mediaextractor: libminijail[436]: allowing syscall: socket
04-15 16:15:00.815 436 436 W mediaextractor: libminijail[436]: allowing syscall: connect
04-15 16:15:00.815 436 436 W mediaextractor: libminijail[436]: allowing syscall: fcntl
04-15 16:15:00.843 436 436 W mediaextractor: libminijail[436]: allowing syscall: writev
04-15 16:15:00.845 436 436 W mediaextractor: libminijail[436]: compile_file: (48): syscall readlinkat redefined here
04-15 16:15:00.845 436 436 W mediaextractor: libminijail[436]: compile_file: (43): previous definition here
04-15 16:15:00.845 436 436 W mediaextractor: libminijail[436]: compile_file: (54): syscall gettid redefined here
04-15 16:15:00.846 436 436 W mediaextractor: libminijail[436]: compile_file: (51): previous definition here
04-15 16:15:00.854 436 436 W mediaextractor: libminijail[436]: compile_file: /apex/com.android.media/etc/seccomp_policy/crash_dump.x86_64.policy(1): syscall read redefined here
04-15 16:15:00.854 436 436 W mediaextractor: libminijail[436]: compile_file: (19): previous definition here
04-15 16:15:00.854 436 436 W mediaextractor: libminijail[436]: compile_file: /apex/com.android.media/etc/seccomp_policy/crash_dump.x86_64.policy(2): syscall write redefined here
04-15 16:15:00.855 436 436 W mediaextractor: libminijail[436]: compile_file: (6): previous definition here
04-15 16:15:00.855 436 436 W mediaextractor: libminijail[436]: compile_file: /apex/com.android.media/etc/seccomp_policy/crash_dump.x86_64.policy(3): syscall exit redefined here
04-15 16:15:00.855 436 436 W mediaextractor: libminijail[436]: compile_file: (29): previous definition here
04-15 16:15:00.855 436 436 W mediaextractor: libminijail[436]: compile_file: /apex/com.android.media/etc/seccomp_policy/crash_dump.x86_64.policy(4): syscall rt_sigreturn redefined here
04-15 16:15:00.855 436 436 W mediaextractor: libminijail[436]: compile_file: (31): previous definition here
04-15 16:15:00.855 436 436 W mediaextractor: libminijail[436]: compile_file: /apex/com.android.media/etc/seccomp_policy/crash_dump.x86_64.policy(5): syscall exit_group redefined here
04-15 16:15:00.855 436 436 W mediaextractor: libminijail[436]: compile_file: (30): previous definition here
04-15 16:15:00.876 436 436 W mediaextractor: libminijail[436]: compile_file: /apex/com.android.media/etc/seccomp_policy/crash_dump.x86_64.policy(6): syscall clock_gettime redefined here
04-15 16:15:00.876 436 436 W mediaextractor: libminijail[436]: compile_file: (15): previous definition here
04-15 16:15:00.876 436 436 W mediaextractor: libminijail[436]: compile_file: /apex/com.android.media/etc/seccomp_policy/crash_dump.x86_64.policy(8): syscall futex redefined here
04-15 16:15:00.877 436 436 W mediaextractor: libminijail[436]: compile_file: (4): previous definition here
04-15 16:15:00.877 436 436 W mediaextractor: libminijail[436]: compile_file: /apex/com.android.media/etc/seccomp_policy/crash_dump.x86_64.policy(9): syscall getrandom redefined here
04-15 16:15:00.877 436 436 W mediaextractor: libminijail[436]: compile_file: (36): previous definition here
04-15 16:15:00.877 436 436 W mediaextractor: libminijail[436]: compile_file: /apex/com.android.media/etc/seccomp_policy/crash_dump.x86_64.policy(10): syscall getpid redefined here
04-15 16:15:00.877 436 436 W mediaextractor: libminijail[436]: compile_file: (53): previous definition here
04-15 16:15:00.877 436 436 W mediaextractor: libminijail[436]: compile_file: /apex/com.android.media/etc/seccomp_policy/crash_dump.x86_64.policy(11): syscall gettid redefined here
04-15 16:15:00.877 436 436 W mediaextractor: libminijail[436]: compile_file: (51): previous definition here
04-15 16:15:00.878 436 436 W mediaextractor: libminijail[436]: compile_file: /apex/com.android.media/etc/seccomp_policy/crash_dump.x86_64.policy(14): syscall openat redefined here
04-15 16:15:00.878 436 436 W mediaextractor: libminijail[436]: compile_file: (13): previous definition here
04-15 16:15:00.878 436 436 W mediaextractor: libminijail[436]: compile_file: /apex/com.android.media/etc/seccomp_policy/crash_dump.x86_64.policy(15): syscall dup redefined here
04-15 16:15:00.878 436 436 W mediaextractor: libminijail[436]: compile_file: (9): previous definition here
04-15 16:15:00.878 436 436 W mediaextractor: libminijail[436]: compile_file: /apex/com.android.media/etc/seccomp_policy/crash_dump.x86_64.policy(16): syscall close redefined here
04-15 16:15:00.878 436 436 W mediaextractor: libminijail[436]: compile_file: (8): previous definition here
04-15 16:15:00.878 436 436 W mediaextractor: libminijail[436]: compile_file: /apex/com.android.media/etc/seccomp_policy/crash_dump.x86_64.policy(17): syscall lseek redefined here
04-15 16:15:00.879 436 436 W mediaextractor: libminijail[436]: compile_file: (20): previous definition here
04-15 16:15:00.879 436 436 W mediaextractor: libminijail[436]: compile_file: /apex/com.android.media/etc/seccomp_policy/crash_dump.x86_64.policy(18): syscall getdents64 redefined here
04-15 16:15:00.879 436 436 W mediaextractor: libminijail[436]: compile_file: (42): previous definition here
04-15 16:15:00.879 436 436 W mediaextractor: libminijail[436]: compile_file: /apex/com.android.media/etc/seccomp_policy/crash_dump.x86_64.policy(19): syscall faccessat redefined here
04-15 16:15:00.879 436 436 W mediaextractor: libminijail[436]: compile_file: (32): previous definition here
04-15 16:15:00.879 436 436 W mediaextractor: libminijail[436]: compile_file: /apex/com.android.media/etc/seccomp_policy/crash_dump.x86_64.policy(28): syscall prctl redefined here
04-15 16:15:00.879 436 436 W mediaextractor: libminijail[436]: compile_file: (5): previous definition here
04-15 16:15:00.928 436 436 W mediaextractor: libminijail[436]: compile_file: /apex/com.android.media/etc/seccomp_policy/crash_dump.x86_64.policy(29): syscall madvise redefined here
04-15 16:15:00.928 436 436 W mediaextractor: libminijail[436]: compile_file: (12): previous definition here
04-15 16:15:00.929 436 436 W mediaextractor: libminijail[436]: compile_file: /apex/com.android.media/etc/seccomp_policy/crash_dump.x86_64.policy(30): syscall mprotect redefined here
04-15 16:15:00.929 436 436 W mediaextractor: libminijail[436]: compile_file: (18): previous definition here
04-15 16:15:00.936 436 436 W mediaextractor: libminijail[436]: compile_file: /apex/com.android.media/etc/seccomp_policy/crash_dump.x86_64.policy(31): syscall munmap redefined here
04-15 16:15:00.936 436 436 W mediaextractor: libminijail[436]: compile_file: (10): previous definition here
04-15 16:15:00.936 436 436 W mediaextractor: libminijail[436]: compile_file: /apex/com.android.media/etc/seccomp_policy/crash_dump.x86_64.policy(32): syscall getuid redefined here
04-15 16:15:00.936 436 436 W mediaextractor: libminijail[436]: compile_file: (22): previous definition here
04-15 16:15:00.937 436 436 W mediaextractor: libminijail[436]: compile_file: /apex/com.android.media/etc/seccomp_policy/crash_dump.x86_64.policy(33): syscall fstat redefined here
04-15 16:15:00.937 436 436 W mediaextractor: libminijail[436]: compile_file: (25): previous definition here
04-15 16:15:00.937 436 436 W mediaextractor: libminijail[436]: compile_file: /apex/com.android.media/etc/seccomp_policy/crash_dump.x86_64.policy(34): syscall mmap redefined here
04-15 16:15:00.937 436 436 W mediaextractor: libminijail[436]: compile_file: (11): previous definition here
04-15 16:15:00.953 436 436 W mediaextractor: libminijail[436]: logging seccomp filter failures
04-15 16:15:01.286 391 391 D APM_EngineLoader: Loaded engine from libaudiopolicyenginedefault.so
04-15 16:15:01.293 391 391 D APM::AudioPolicyEngine/Base: loadAudioPolicyEngineConfig: No configuration found, using default matching phone experience.
04-15 16:15:01.442 391 391 W APM::AudioPolicyEngine/Base: loadAudioPolicyEngineConfig: No configuration of AUDIO_STREAM_CALL_ASSISTANT found, using default volume configuration
04-15 16:15:01.614 391 391 D AudioFlinger::MelReporter: activateHalSoundDoseComputation: Forcing use of internal MEL computation.
04-15 16:15:01.625 391 391 W AudioFlinger: loadHwModule() sound dose reporting is not available
04-15 16:15:01.825 391 391 I AudioFlinger: loadHwModule() Loaded primary audio interface, handle 10
04-15 16:15:02.075 436 436 I MediaExtractorFactory: plugin directory not present (/system/lib64/extractors)
04-15 16:15:02.075 436 436 I MediaExtractorFactory: plugin directory not present (/system_ext/lib64/extractors)
04-15 16:15:02.298 454 454 I mediaswcodec: media swcodec service starting
04-15 16:15:02.315 454 454 W mediaswcodec: Could not read additional policy file '/vendor/etc/seccomp_policy/mediaswcodec.policy'
04-15 16:15:02.341 454 454 W mediaswcodec: libminijail[454]: failed to get path of fd 5: No such file or directory
04-15 16:15:02.342 454 454 W mediaswcodec: libminijail[454]: allowing syscall: socket
04-15 16:15:02.342 454 454 W mediaswcodec: libminijail[454]: allowing syscall: connect
04-15 16:15:02.342 454 454 W mediaswcodec: libminijail[454]: allowing syscall: fcntl
04-15 16:15:02.342 454 454 W mediaswcodec: libminijail[454]: allowing syscall: writev
04-15 16:15:02.343 454 454 W mediaswcodec: libminijail[454]: compile_file: (20): nonexistent syscall 'getuid32'
04-15 16:15:02.343 454 454 W mediaswcodec: libminijail[454]: compile_file: (26): nonexistent syscall 'mmap2'
04-15 16:15:02.343 454 454 W mediaswcodec: libminijail[454]: compile_file: (28): nonexistent syscall 'fstat64'
04-15 16:15:02.343 454 454 W mediaswcodec: libminijail[454]: compile_file: (31): nonexistent syscall 'stat64'
04-15 16:15:02.343 454 454 W mediaswcodec: libminijail[454]: compile_file: (32): nonexistent syscall 'statfs64'
04-15 16:15:02.363 454 454 W mediaswcodec: libminijail[454]: compile_file: (34): nonexistent syscall 'fstatat64'
04-15 16:15:02.363 454 454 W mediaswcodec: libminijail[454]: compile_file: (39): nonexistent syscall '_llseek'
04-15 16:15:02.366 454 454 W mediaswcodec: libminijail[454]: compile_file: (48): nonexistent syscall 'ugetrlimit'
04-15 16:15:02.366 454 454 W mediaswcodec: libminijail[454]: compile_file: (51): nonexistent syscall '_llseek'
04-15 16:15:02.367 454 454 W mediaswcodec: libminijail[454]: compile_file: (52): nonexistent syscall 'fstatfs64'
04-15 16:15:02.367 454 454 W mediaswcodec: libminijail[454]: compile_file: (64): nonexistent syscall 'ftruncate64'
04-15 16:15:02.367 454 454 W mediaswcodec: libminijail[454]: compile_file: (70): syscall gettid redefined here
04-15 16:15:02.367 454 454 W mediaswcodec: libminijail[454]: compile_file: (67): previous definition here
04-15 16:15:02.378 454 454 W mediaswcodec: libminijail[454]: compile_file: /apex/com.android.media.swcodec/etc/seccomp_policy/crash_dump.x86_64.policy(1): syscall read redefined here
04-15 16:15:02.380 454 454 W mediaswcodec: libminijail[454]: compile_file: (15): previous definition here
04-15 16:15:02.380 454 454 W mediaswcodec: libminijail[454]: compile_file: /apex/com.android.media.swcodec/etc/seccomp_policy/crash_dump.x86_64.policy(2): syscall write redefined here
04-15 16:15:02.380 454 454 W mediaswcodec: libminijail[454]: compile_file: (58): previous definition here
04-15 16:15:02.380 454 454 W mediaswcodec: libminijail[454]: compile_file: /apex/com.android.media.swcodec/etc/seccomp_policy/crash_dump.x86_64.policy(3): syscall exit redefined here
04-15 16:15:02.380 454 454 W mediaswcodec: libminijail[454]: compile_file: (45): previous definition here
04-15 16:15:02.381 454 454 W mediaswcodec: libminijail[454]: compile_file: /apex/com.android.media.swcodec/etc/seccomp_policy/crash_dump.x86_64.policy(4): syscall rt_sigreturn redefined here
04-15 16:15:02.381 454 454 W mediaswcodec: libminijail[454]: compile_file: (47): previous definition here
04-15 16:15:02.381 454 454 W mediaswcodec: libminijail[454]: compile_file: /apex/com.android.media.swcodec/etc/seccomp_policy/crash_dump.x86_64.policy(5): syscall exit_group redefined here
04-15 16:15:02.381 454 454 W mediaswcodec: libminijail[454]: compile_file: (46): previous definition here
