04-15 16:16:56.381 534 1007 D CCodec : int32_t max-input-size = 32768
04-15 16:16:56.381 534 1007 D CCodec : string mime = "audio/vorbis"
04-15 16:16:56.381 534 1007 D CCodec : int32_t sample-rate = 48000
04-15 16:16:56.381 534 1007 D CCodec : }
04-15 16:16:56.381 534 1007 D CCodec : setup formats output: AMessage(what = 0x00000000) = {
04-15 16:16:56.381 534 1007 D CCodec : int32_t channel-count = 1
04-15 16:16:56.381 534 1007 D CCodec : string mime = "audio/raw"
04-15 16:16:56.381 534 1007 D CCodec : int32_t sample-rate = 48000
04-15 16:16:56.381 534 1007 D CCodec : int32_t channel-mask = 1
04-15 16:16:56.381 534 1007 D CCodec : int32_t android._config-pcm-encoding = 2
04-15 16:16:56.381 534 1007 D CCodec : }
04-15 16:16:56.388 534 1007 I CCodecConfig: query failed after returning 7 values (BAD_INDEX)
04-15 16:16:56.416 534 1007 W Codec2Client: query -- param skipped: index = 1342179345.
04-15 16:16:56.416 534 1007 W Codec2Client: query -- param skipped: index = 2415921170.
04-15 16:16:56.434 534 1007 D CCodecBufferChannel: [c2.android.vorbis.decoder#785] Created input block pool with allocatorID 16 => poolID 21 - OK (0)
04-15 16:16:56.457 534 1007 I CCodecBufferChannel: [c2.android.vorbis.decoder#785] Created output block pool with allocatorID 16 => poolID 21 - OK
04-15 16:16:56.464 534 1007 D CCodecBufferChannel: [c2.android.vorbis.decoder#785] Configured output block pool ids 21 => OK
04-15 16:16:56.503 886 937 E AppWidgetManager: Nofity service of inheritance info
04-15 16:16:56.503 886 937 E AppWidgetManager: java.lang.IllegalStateException: User 0 must be unlocked for widgets to be available
04-15 16:16:56.503 886 937 E AppWidgetManager: at android.os.Parcel.createExceptionOrNull(Parcel.java:3065)
04-15 16:16:56.503 886 937 E AppWidgetManager: at android.os.Parcel.createException(Parcel.java:3041)
04-15 16:16:56.503 886 937 E AppWidgetManager: at android.os.Parcel.readException(Parcel.java:3024)
04-15 16:16:56.503 886 937 E AppWidgetManager: at android.os.Parcel.readException(Parcel.java:2966)
04-15 16:16:56.503 886 937 E AppWidgetManager: at com.android.internal.appwidget.IAppWidgetService$Stub$Proxy.getInstalledProvidersForProfile(IAppWidgetService.java:990)
04-15 16:16:56.503 886 937 E AppWidgetManager: at android.appwidget.AppWidgetManager.getInstalledProvidersForProfile(AppWidgetManager.java:923)
04-15 16:16:56.503 886 937 E AppWidgetManager: at android.appwidget.AppWidgetManager.getInstalledProvidersForPackage(AppWidgetManager.java:857)
04-15 16:16:56.503 886 937 E AppWidgetManager: at android.appwidget.AppWidgetManager.lambda$new$3(AppWidgetManager.java:536)
04-15 16:16:56.503 886 937 E AppWidgetManager: at android.appwidget.AppWidgetManager.$r8$lambda$MnZCUjy90wcD58stsygv3SVPbu4(Unknown Source:0)
04-15 16:16:56.503 886 937 E AppWidgetManager: at android.appwidget.AppWidgetManager$$ExternalSyntheticLambda4.run(Unknown Source:2)
04-15 16:16:56.503 886 937 E AppWidgetManager: at android.os.Handler.handleCallback(Handler.java:958)
04-15 16:16:56.503 886 937 E AppWidgetManager: at android.os.Handler.dispatchMessage(Handler.java:99)
04-15 16:16:56.503 886 937 E AppWidgetManager: at android.os.Looper.loopOnce(Looper.java:205)
04-15 16:16:56.503 886 937 E AppWidgetManager: at android.os.Looper.loop(Looper.java:294)
04-15 16:16:56.503 886 937 E AppWidgetManager: at android.os.HandlerThread.run(HandlerThread.java:67)
04-15 16:16:56.503 886 937 E AppWidgetManager: Caused by: android.os.RemoteException: Remote stack trace:
04-15 16:16:56.503 886 937 E AppWidgetManager: at com.android.server.appwidget.AppWidgetServiceImpl.ensureGroupStateLoadedLocked(AppWidgetServiceImpl.java:650)
04-15 16:16:56.503 886 937 E AppWidgetManager: at com.android.server.appwidget.AppWidgetServiceImpl.ensureGroupStateLoadedLocked(AppWidgetServiceImpl.java:644)
04-15 16:16:56.503 886 937 E AppWidgetManager: at com.android.server.appwidget.AppWidgetServiceImpl.getInstalledProvidersForProfile(AppWidgetServiceImpl.java:1708)
04-15 16:16:56.503 886 937 E AppWidgetManager: at com.android.internal.appwidget.IAppWidgetService$Stub.onTransact(IAppWidgetService.java:510)
04-15 16:16:56.503 886 937 E AppWidgetManager: at android.os.Binder.execTransactInternal(Binder.java:1344)
04-15 16:16:56.503 886 937 E AppWidgetManager:
04-15 16:16:56.513 886 886 V SystemUIBootTiming: DependencyInjection took to complete: 1ms
04-15 16:16:56.516 394 438 E EGL_emulation: eglQueryContext 3100 EGL_BAD_ATTRIBUTE
04-15 16:16:56.516 394 438 E EGL_emulation: tid 438: eglQueryContext(2146): error 0x3004 (EGL_BAD_ATTRIBUTE)
04-15 16:16:56.519 886 886 I SystemUIService: Found SurfaceFlinger's GPU Priority: 0
04-15 16:16:56.523 454 1009 D SimpleC2Component: Using output block pool with poolID 21 => got 21 - 0
04-15 16:16:56.546 534 607 I ActivityManager: Flag disabled. Ignoring finishAttachApplication from uid: 10116. pid: 886
04-15 16:16:56.593 534 545 I system_server: Background young concurrent copying GC freed 284945(9628KB) AllocSpace objects, 14(464KB) LOS objects, 32% free, 14MB/21MB, paused 5.972ms,491us total 1.518s
04-15 16:16:56.609 886 954 W KeyguardUpdateMonitorLog: invalid subId in handleServiceStateChange()
04-15 16:16:56.616 886 954 W KeyguardUpdateMonitorLog: invalid subId in handleSimStateChange()
04-15 16:16:56.629 534 547 W System : A resource failed to call release.
04-15 16:16:56.630 534 547 W System : A resource failed to call release.
04-15 16:16:56.631 534 547 W System : A resource failed to call release.
04-15 16:16:57.260 534 944 D WallpaperManagerService: WPMS.saveSettingsLocked-0
04-15 16:16:57.297 534 1007 D CCodecBufferChannel: [c2.android.vorbis.decoder#785] MediaCodec discarded an unknown buffer
04-15 16:16:57.298 534 1007 D CCodecBufferChannel: [c2.android.vorbis.decoder#785] MediaCodec discarded an unknown buffer
04-15 16:16:57.299 534 1007 D CCodecBufferChannel: [c2.android.vorbis.decoder#785] MediaCodec discarded an unknown buffer
04-15 16:16:57.310 534 944 V WallpaperManagerService: WPMS.saveSettingsLocked-0 took to complete: 49ms
04-15 16:16:57.316 886 886 D Tonal : Tonal Palette - index: 4. Main color: ff343e65
04-15 16:16:57.316 886 886 D Tonal : Colors: ff0b0c16, ff141627, ff1d2138, ff272d4c, ff343e65, ff41477e, ff4e5597, ff8184a4, ff898cc3, ff9e9ecd, ffb7b6d9, ffd9d7eb, ffefeef7
04-15 16:16:57.317 886 886 D Tonal : Gradients:
04-15 16:16:57.317 886 886 D Tonal : Normal GradientColors(ff343e65, ff343e65)
04-15 16:16:57.317 886 886 D Tonal : Dark GradientColors(ff272d4c, ff272d4c)
04-15 16:16:57.317 886 886 D Tonal : Extra dark: GradientColors(ff1d2138, ff1d2138)
04-15 16:16:57.317 886 886 D Tonal : Tonal Palette - index: 4. Main color: ff343e65
04-15 16:16:57.317 886 886 D Tonal : Colors: ff0b0c16, ff141627, ff1d2138, ff272d4c, ff343e65, ff41477e, ff4e5597, ff8184a4, ff898cc3, ff9e9ecd, ffb7b6d9, ffd9d7eb, ffefeef7
04-15 16:16:57.319 886 886 D Tonal : Gradients:
04-15 16:16:57.319 886 886 D Tonal : Normal GradientColors(ff343e65, ff343e65)
04-15 16:16:57.319 886 886 D Tonal : Dark GradientColors(ff272d4c, ff272d4c)
04-15 16:16:57.319 886 886 D Tonal : Extra dark: GradientColors(ff1d2138, ff1d2138)
04-15 16:16:57.333 534 1007 I hw-BpHwBinder: onLastStrongRef automatically unlinking death recipients
04-15 16:16:57.335 454 491 I hw-BpHwBinder: onLastStrongRef automatically unlinking death recipients
04-15 16:16:57.340 454 491 I hw-BpHwBinder: onLastStrongRef automatically unlinking death recipients
04-15 16:16:57.356 534 912 D MediaCodec: flushMediametrics
04-15 16:16:57.419 534 912 D MediaCodecList: codecHandlesFormat: no format, so no extra checks
04-15 16:16:57.427 534 1017 D CCodec : allocate(c2.android.vorbis.decoder)
04-15 16:16:57.452 534 1017 I CCodec : setting up 'default' as default (vendor) store
04-15 16:16:57.469 534 1017 I CCodec : Created component [c2.android.vorbis.decoder]
04-15 16:16:57.470 534 1017 D CCodecConfig: read media type: audio/vorbis
04-15 16:16:57.511 534 1017 D ReflectedParamUpdater: extent() != 1 for single value type: algo.buffers.max-count.values
04-15 16:16:57.540 534 1017 D ReflectedParamUpdater: extent() != 1 for single value type: output.subscribed-indices.values
04-15 16:16:57.544 534 1017 D ReflectedParamUpdater: extent() != 1 for single value type: input.buffers.allocator-ids.values
04-15 16:16:57.551 534 1017 D ReflectedParamUpdater: extent() != 1 for single value type: output.buffers.allocator-ids.values
04-15 16:16:57.564 534 1017 D ReflectedParamUpdater: extent() != 1 for single value type: algo.buffers.allocator-ids.values
04-15 16:16:57.572 534 1017 D ReflectedParamUpdater: extent() != 1 for single value type: output.buffers.pool-ids.values
04-15 16:16:57.584 534 1017 D ReflectedParamUpdater: extent() != 1 for single value type: algo.buffers.pool-ids.values
04-15 16:16:57.632 534 1017 I CCodecConfig: query failed after returning 7 values (BAD_INDEX)
04-15 16:16:57.640 534 1017 D CCodecConfig: c2 config diff is Dict {
04-15 16:16:57.640 534 1017 D CCodecConfig: c2::u32 coded.bitrate.value = 64000
04-15 16:16:57.640 534 1017 D CCodecConfig: c2::u32 input.buffers.max-size.value = 32768
04-15 16:16:57.640 534 1017 D CCodecConfig: c2::u32 input.delay.value = 0
04-15 16:16:57.640 534 1017 D CCodecConfig: string input.media-type.value = "audio/vorbis"
04-15 16:16:57.640 534 1017 D CCodecConfig: string output.media-type.value = "audio/raw"
04-15 16:16:57.640 534 1017 D CCodecConfig: c2::u32 raw.channel-count.value = 1
04-15 16:16:57.640 534 1017 D CCodecConfig: c2::u32 raw.sample-rate.value = 48000
04-15 16:16:57.640 534 1017 D CCodecConfig: }
04-15 16:16:57.649 534 1017 D MediaCodec: flushMediametrics
04-15 16:16:57.650 534 1017 D CCodec : [c2.android.vorbis.decoder] buffers are bound to CCodec for this session
04-15 16:16:57.651 534 1017 D CCodecConfig: no c2 equivalents for durationUs
04-15 16:16:57.651 534 1017 D CCodecConfig: no c2 equivalents for track-id
04-15 16:16:57.654 534 1017 D CCodecConfig: no c2 equivalents for csd-1
04-15 16:16:57.654 534 1017 D CCodecConfig: no c2 equivalents for flags
04-15 16:16:57.672 534 1017 D CCodecConfig: c2 config diff is c2::u32 coded.bitrate.value = 239920
04-15 16:16:57.672 534 1017 D CCodecConfig: c2::u32 raw.sample-rate.value = 44100
04-15 16:16:57.674 534 1017 W Codec2Client: query -- param skipped: index = 1107298332.
04-15 16:16:57.675 534 1017 D CCodec : encoding statistics level = 0
04-15 16:16:57.675 534 1017 D CCodec : setup formats input: AMessage(what = 0x00000000) = {
04-15 16:16:57.675 534 1017 D CCodec : int32_t bitrate = 239920
04-15 16:16:57.675 534 1017 D CCodec : int32_t channel-count = 1
04-15 16:16:57.675 534 1017 D CCodec : int32_t max-input-size = 32768
04-15 16:16:57.675 534 1017 D CCodec : string mime = "audio/vorbis"
04-15 16:16:57.675 534 1017 D CCodec : int32_t sample-rate = 44100
04-15 16:16:57.675 534 1017 D CCodec : }
04-15 16:16:57.680 534 1017 D CCodec : setup formats output: AMessage(what = 0x00000000) = {
04-15 16:16:57.680 534 1017 D CCodec : int32_t channel-count = 1
04-15 16:16:57.680 534 1017 D CCodec : string mime = "audio/raw"
04-15 16:16:57.680 534 1017 D CCodec : int32_t sample-rate = 44100
04-15 16:16:57.680 534 1017 D CCodec : int32_t channel-mask = 1
04-15 16:16:57.680 534 1017 D CCodec : int32_t android._config-pcm-encoding = 2
04-15 16:16:57.680 534 1017 D CCodec : }
04-15 16:16:57.681 534 1017 I CCodecConfig: query failed after returning 7 values (BAD_INDEX)
04-15 16:16:57.748 897 927 I RuntimePermissionsUpgradeController: Grandfathering SMS and CallLog permissions
04-15 16:16:57.760 897 927 I RuntimePermissionsUpgradeController: Grandfathering location background permissions
04-15 16:16:57.763 897 927 I RuntimePermissionsUpgradeController: Grandfathering Storage permissions
04-15 16:16:57.767 534 1017 W Codec2Client: query -- param skipped: index = 1342179345.
04-15 16:16:57.768 534 1017 W Codec2Client: query -- param skipped: index = 2415921170.
04-15 16:16:57.775 534 1017 D CCodecBufferChannel: [c2.android.vorbis.decoder#107] Created input block pool with allocatorID 16 => poolID 22 - OK (0)
04-15 16:16:57.781 897 927 I RuntimePermissionsUpgradeController: Not expanding location permissions as this is not an upgrade from Android P
04-15 16:16:57.781 897 927 I RuntimePermissionsUpgradeController: Not expanding read storage to access media location as this is a new user
04-15 16:16:57.782 897 927 I RuntimePermissionsUpgradeController: Not migrating STORAGE permissions to READ_MEDIA permissions as this is a new user
04-15 16:16:57.794 534 1017 I CCodecBufferChannel: [c2.android.vorbis.decoder#107] Created output block pool with allocatorID 16 => poolID 22 - OK
04-15 16:16:57.795 534 1017 D CCodecBufferChannel: [c2.android.vorbis.decoder#107] Configured output block pool ids 22 => OK
04-15 16:16:57.805 454 1018 D SimpleC2Component: Using output block pool with poolID 22 => got 22 - 0
04-15 16:16:57.836 534 960 D BufferPoolAccessor2.0: bufferpool2 0x76615e592c48 : 0(0 size) total buffers - 0(0 size) used buffers - 2/7 (recycle/alloc) - 5/18 (fetch/transfer)
04-15 16:16:57.836 534 960 D BufferPoolAccessor2.0: evictor expired: 1, evicted: 1
04-15 16:16:57.872 0 0 I servicemanager: Notifying apexservice they don't (previously: do) have clients when we now have no record of a client
04-15 16:16:57.875 0 0 I AidlLazyServiceRegistrar: Process has 0 (of 1 available) client(s) in use after notification apexservice has clients: 0
04-15 16:16:57.875 0 0 I AidlLazyServiceRegistrar: Shutdown prevented by forcePersist override flag.
04-15 16:16:57.928 454 884 D BufferPoolAccessor2.0: bufferpool2 0x72e168c1ece8 : 0(0 size) total buffers - 0(0 size) used buffers - 4/7 (recycle/alloc) - 3/6 (fetch/transfer)
04-15 16:16:57.929 454 884 D BufferPoolAccessor2.0: evictor expired: 1, evicted: 1
04-15 16:16:58.068 454 491 I hw-BpHwBinder: onLastStrongRef automatically unlinking death recipients
04-15 16:16:58.069 454 491 I hw-BpHwBinder: onLastStrongRef automatically unlinking death recipients
04-15 16:16:58.064 534 912 D MediaCodec: flushMediametrics
04-15 16:16:58.070 534 1021 I hw-BpHwBinder: onLastStrongRef automatically unlinking death recipients
04-15 16:16:58.466 534 868 W PermissionManager: Package com.android.providers.media.module is an APK in APEX, but has permission allowlist on the system image. Please bundle the allowlist in the com.android.mediaprovider APEX instead.
04-15 16:16:58.467 534 868 W PermissionManager: Package com.android.providers.media.module is an APK in APEX, but has permission allowlist on the system image. Please bundle the allowlist in the com.android.mediaprovider APEX instead.
04-15 16:16:58.467 534 868 W PermissionManager: Package com.android.providers.media.module is an APK in APEX, but has permission allowlist on the system image. Please bundle the allowlist in the com.android.mediaprovider APEX instead.
04-15 16:16:58.467 534 868 W PermissionManager: Package com.android.providers.media.module is an APK in APEX, but has permission allowlist on the system image. Please bundle the allowlist in the com.android.mediaprovider APEX instead.
04-15 16:16:58.468 534 868 W PermissionManager: Package com.android.providers.media.module is an APK in APEX, but has permission allowlist on the system image. Please bundle the allowlist in the com.android.mediaprovider APEX instead.
04-15 16:16:58.468 534 868 W PermissionManager: Package com.android.providers.media.module is an APK in APEX, but has permission allowlist on the system image. Please bundle the allowlist in the com.android.mediaprovider APEX instead.
04-15 16:16:58.469 534 868 W PermissionManager: Package com.android.providers.media.module is an APK in APEX, but has permission allowlist on the system image. Please bundle the allowlist in the com.android.mediaprovider APEX instead.
04-15 16:16:58.469 534 868 W PermissionManager: Package com.android.providers.media.module is an APK in APEX, but has permission allowlist on the system image. Please bundle the allowlist in the com.android.mediaprovider APEX instead.
04-15 16:16:58.469 534 868 W PermissionManager: Package com.android.providers.media.module is an APK in APEX, but has permission allowlist on the system image. Please bundle the allowlist in the com.android.mediaprovider APEX instead.
04-15 16:16:58.469 534 868 W PermissionManager: Package com.android.providers.media.module is an APK in APEX, but has permission allowlist on the system image. Please bundle the allowlist in the com.android.mediaprovider APEX instead.
04-15 16:16:58.470 534 868 W PermissionManager: Package com.android.providers.media.module is an APK in APEX, but has permission allowlist on the system image. Please bundle the allowlist in the com.android.mediaprovider APEX instead.
04-15 16:16:58.470 534 868 W PermissionManager: Package com.android.providers.media.module is an APK in APEX, but has permission allowlist on the system image. Please bundle the allowlist in the com.android.mediaprovider APEX instead.
04-15 16:16:58.470 534 868 W PermissionManager: Package com.android.providers.media.module is an APK in APEX, but has permission allowlist on the system image. Please bundle the allowlist in the com.android.mediaprovider APEX instead.
04-15 16:16:58.475 534 944 W PermissionManager: Package com.android.providers.media.module is an APK in APEX, but has permission allowlist on the system image. Please bundle the allowlist in the com.android.mediaprovider APEX instead.
04-15 16:16:58.476 534 944 W PermissionManager: Package com.android.providers.media.module is an APK in APEX, but has permission allowlist on the system image. Please bundle the allowlist in the com.android.mediaprovider APEX instead.
04-15 16:16:58.477 534 944 W PermissionManager: Package com.android.providers.media.module is an APK in APEX, but has permission allowlist on the system image. Please bundle the allowlist in the com.android.mediaprovider APEX instead.
04-15 16:16:58.477 534 944 W PermissionManager: Package com.android.providers.media.module is an APK in APEX, but has permission allowlist on the system image. Please bundle the allowlist in the com.android.mediaprovider APEX instead.
04-15 16:16:58.477 534 944 W PermissionManager: Package com.android.providers.media.module is an APK in APEX, but has permission allowlist on the system image. Please bundle the allowlist in the com.android.mediaprovider APEX instead.
04-15 16:16:58.477 534 944 W PermissionManager: Package com.android.providers.media.module is an APK in APEX, but has permission allowlist on the system image. Please bundle the allowlist in the com.android.mediaprovider APEX instead.
04-15 16:16:58.477 534 944 W PermissionManager: Package com.android.providers.media.module is an APK in APEX, but has permission allowlist on the system image. Please bundle the allowlist in the com.android.mediaprovider APEX instead.
04-15 16:16:58.477 534 944 W PermissionManager: Package com.android.providers.media.module is an APK in APEX, but has permission allowlist on the system image. Please bundle the allowlist in the com.android.mediaprovider APEX instead.
04-15 16:16:58.478 534 944 W PermissionManager: Package com.android.providers.media.module is an APK in APEX, but has permission allowlist on the system image. Please bundle the allowlist in the com.android.mediaprovider APEX instead.
04-15 16:16:58.478 534 944 W PermissionManager: Package com.android.providers.media.module is an APK in APEX, but has permission allowlist on the system image. Please bundle the allowlist in the com.android.mediaprovider APEX instead.
04-15 16:16:58.478 534 944 W PermissionManager: Package com.android.providers.media.module is an APK in APEX, but has permission allowlist on the system image. Please bundle the allowlist in the com.android.mediaprovider APEX instead.
04-15 16:16:58.478 534 944 W PermissionManager: Package com.android.providers.media.module is an APK in APEX, but has permission allowlist on the system image. Please bundle the allowlist in the com.android.mediaprovider APEX instead.
04-15 16:16:58.478 534 944 W PermissionManager: Package com.android.providers.media.module is an APK in APEX, but has permission allowlist on the system image. Please bundle the allowlist in the com.android.mediaprovider APEX instead.
04-15 16:16:58.535 534 534 V SystemServerTiming: Permission_callback_waiting-0 took to complete: 10405ms
04-15 16:16:58.537 534 534 V SystemServerTiming: Permission_grant_default_permissions-0 took to complete: 10425ms
04-15 16:16:58.538 534 534 D SystemServerTiming: Permission_synchronize_permissions-0
04-15 16:16:58.539 534 534 D SystemServerTiming: Permission_synchronize_addPackages-0
04-15 16:16:58.544 897 914 I PermissionControllerServiceImpl: Updating user sensitive for user 0
04-15 16:16:58.784 534 534 V SystemServerTiming: Permission_synchronize_addPackages-0 took to complete: 243ms
04-15 16:16:58.785 534 534 D SystemServerTiming: Permission_syncPackages-0
04-15 16:16:58.819 534 534 V StorageManagerService: Package null has legacy storage
04-15 16:16:58.834 534 534 V StorageManagerService: Package null has legacy storage
04-15 16:16:58.840 534 960 D BufferPoolAccessor2.0: bufferpool2 0x76615e5981d8 : 0(0 size) total buffers - 0(0 size) used buffers - 2/7 (recycle/alloc) - 5/24 (fetch/transfer)
04-15 16:16:58.840 534 960 D BufferPoolAccessor2.0: evictor expired: 1, evicted: 1
04-15 16:16:58.869 534 534 V StorageManagerService: Package null does not have legacy storage
04-15 16:16:58.871 534 534 V StorageManagerService: Package null does not have legacy storage
04-15 16:16:58.871 534 534 V StorageManagerService: Package null does not have legacy storage
04-15 16:16:58.873 534 534 V StorageManagerService: Package null does not have legacy storage
04-15 16:16:58.874 534 534 V StorageManagerService: Package null does not have legacy storage
04-15 16:16:58.875 534 534 V StorageManagerService: Package null does not have legacy storage
04-15 16:16:58.883 534 534 V StorageManagerService: Package null does not have legacy storage
04-15 16:16:58.883 534 534 V StorageManagerService: Package null does not have legacy storage
04-15 16:16:58.885 534 534 V StorageManagerService: Package null does not have legacy storage
04-15 16:16:58.887 534 534 V StorageManagerService: Package null does not have legacy storage
04-15 16:16:58.890 534 534 V StorageManagerService: Package null does not have legacy storage
04-15 16:16:58.907 897 905 I ssioncontroller: Background concurrent copying GC freed 170864(8117KB) AllocSpace objects, 21(3408KB) LOS objects, 49% free, 5705KB/11MB, paused 198us,57us total 360.070ms
04-15 16:16:58.909 534 534 V StorageManagerService: Package null does not have legacy storage
04-15 16:16:58.915 534 534 V StorageManagerService: Package null does not have legacy storage
04-15 16:16:58.922 534 534 V StorageManagerService: Package null does not have legacy storage
04-15 16:16:58.925 534 534 V StorageManagerService: Package null does not have legacy storage
04-15 16:16:58.926 534 534 V StorageManagerService: Package null does not have legacy storage
04-15 16:16:58.927 534 534 V StorageManagerService: Package null does not have legacy storage
04-15 16:16:58.929 534 534 V StorageManagerService: Package null does not have legacy storage
04-15 16:16:58.930 454 884 D BufferPoolAccessor2.0: bufferpool2 0x72e168c1a788 : 0(0 size) total buffers - 0(0 size) used buffers - 9/10 (recycle/alloc) - 1/9 (fetch/transfer)
04-15 16:16:58.930 454 884 D BufferPoolAccessor2.0: evictor expired: 1, evicted: 1
04-15 16:16:58.932 534 534 V StorageManagerService: Package null does not have legacy storage
04-15 16:16:58.933 534 534 V StorageManagerService: Package null does not have legacy storage
04-15 16:16:58.936 534 534 V StorageManagerService: Package null does not have legacy storage
04-15 16:16:58.938 534 534 V StorageManagerService: Package null does not have legacy storage
04-15 16:16:58.941 534 534 V SystemServerTiming: Permission_syncPackages-0 took to complete: 156ms
04-15 16:16:58.941 534 534 V SystemServerTiming: Permission_synchronize_permissions-0 took to complete: 403ms
04-15 16:16:58.941 534 534 D SystemServerTiming: Permission_onInitialized-0
04-15 16:16:58.942 534 534 I PermissionManager: Permission ownership changed. Updating all permissions.
04-15 16:16:58.943 534 534 W PermissionManager: Package com.android.adservices.api is an APK in APEX, but has permission allowlist on the system image. Please bundle the allowlist in the com.android.adservices APEX instead.
04-15 16:16:59.143 534 534 W PermissionManager: Package com.android.providers.media.module is an APK in APEX, but has permission allowlist on the system image. Please bundle the allowlist in the com.android.mediaprovider APEX instead.
04-15 16:16:59.153 534 534 W PermissionManager: Package com.android.providers.media.module is an APK in APEX, but has permission allowlist on the system image. Please bundle the allowlist in the com.android.mediaprovider APEX instead.
04-15 16:16:59.153 534 534 W PermissionManager: Package com.android.providers.media.module is an APK in APEX, but has permission allowlist on the system image. Please bundle the allowlist in the com.android.mediaprovider APEX instead.
04-15 16:16:59.153 534 534 W PermissionManager: Package com.android.providers.media.module is an APK in APEX, but has permission allowlist on the system image. Please bundle the allowlist in the com.android.mediaprovider APEX instead.
04-15 16:16:59.154 534 534 W PermissionManager: Package com.android.providers.media.module is an APK in APEX, but has permission allowlist on the system image. Please bundle the allowlist in the com.android.mediaprovider APEX instead.
04-15 16:16:59.154 534 534 W PermissionManager: Package com.android.providers.media.module is an APK in APEX, but has permission allowlist on the system image. Please bundle the allowlist in the com.android.mediaprovider APEX instead.
04-15 16:16:59.154 534 534 W PermissionManager: Package com.android.providers.media.module is an APK in APEX, but has permission allowlist on the system image. Please bundle the allowlist in the com.android.mediaprovider APEX instead.
04-15 16:16:59.155 534 534 W PermissionManager: Package com.android.providers.media.module is an APK in APEX, but has permission allowlist on the system image. Please bundle the allowlist in the com.android.mediaprovider APEX instead.
04-15 16:16:59.155 534 534 W PermissionManager: Package com.android.providers.media.module is an APK in APEX, but has permission allowlist on the system image. Please bundle the allowlist in the com.android.mediaprovider APEX instead.
04-15 16:16:59.155 534 534 W PermissionManager: Package com.android.providers.media.module is an APK in APEX, but has permission allowlist on the system image. Please bundle the allowlist in the com.android.mediaprovider APEX instead.
04-15 16:16:59.157 534 534 W PermissionManager: Package com.android.providers.media.module is an APK in APEX, but has permission allowlist on the system image. Please bundle the allowlist in the com.android.mediaprovider APEX instead.
04-15 16:16:59.158 534 534 W PermissionManager: Package com.android.providers.media.module is an APK in APEX, but has permission allowlist on the system image. Please bundle the allowlist in the com.android.mediaprovider APEX instead.
04-15 16:16:59.158 534 534 W PermissionManager: Package com.android.providers.media.module is an APK in APEX, but has permission allowlist on the system image. Please bundle the allowlist in the com.android.mediaprovider APEX instead.
04-15 16:16:59.199 534 534 V SystemServerTiming: Permission_onInitialized-0 took to complete: 258ms
04-15 16:16:59.202 534 534 W SystemServiceManager: Service com.android.server.policy.PermissionPolicyService took 11091 ms in onBootPhase
04-15 16:16:59.202 534 534 V SystemServerTiming: OnBootPhase_550_com.android.server.policy.PermissionPolicyService took to complete: 11091ms
04-15 16:16:59.202 534 534 D SystemServerTiming: OnBootPhase_550_com.android.server.pm.StagingManager$Lifecycle
04-15 16:16:59.202 534 534 V SystemServerTiming: OnBootPhase_550_com.android.server.pm.StagingManager$Lifecycle took to complete: 0ms
04-15 16:16:59.202 534 534 D SystemServerTiming: OnBootPhase_550_com.android.server.app.GameManagerService$Lifecycle
04-15 16:16:59.203 534 534 V SystemServerTiming: OnBootPhase_550_com.android.server.app.GameManagerService$Lifecycle took to complete: 0ms
04-15 16:16:59.203 534 534 D SystemServerTiming: OnBootPhase_550_com.android.safetycenter.SafetyCenterService
04-15 16:16:59.203 534 534 V SystemServerTiming: OnBootPhase_550_com.android.safetycenter.SafetyCenterService took to complete: 0ms
04-15 16:16:59.203 534 534 D SystemServerTiming: OnBootPhase_550_com.android.server.appsearch.AppSearchModule$Lifecycle
04-15 16:16:59.212 534 534 V SystemServerTiming: OnBootPhase_550_com.android.server.appsearch.AppSearchModule$Lifecycle took to complete: 0ms
04-15 16:16:59.213 534 534 D SystemServerTiming: OnBootPhase_550_com.android.server.media.MediaCommunicationService
04-15 16:16:59.213 534 534 V SystemServerTiming: OnBootPhase_550_com.android.server.media.MediaCommunicationService took to complete: 0ms
04-15 16:16:59.213 534 534 D SystemServerTiming: OnBootPhase_550_com.android.server.compat.overrides.AppCompatOverridesService$Lifecycle
04-15 16:16:59.213 534 534 V SystemServerTiming: OnBootPhase_550_com.android.server.compat.overrides.AppCompatOverridesService$Lifecycle took to complete: 0ms
04-15 16:16:59.213 534 534 D SystemServerTiming: OnBootPhase_550_com.android.server.healthconnect.HealthConnectManagerService
04-15 16:16:59.214 534 534 V SystemServerTiming: OnBootPhase_550_com.android.server.healthconnect.HealthConnectManagerService took to complete: 0ms
04-15 16:16:59.214 534 534 V SystemServerTiming: OnBootPhase_550 took to complete: 12770ms
04-15 16:16:59.214 534 534 V SystemServerTiming: StartActivityManagerReadyPhase took to complete: 12770ms
04-15 16:16:59.214 534 534 D SystemServerTiming: StartObservingNativeCrashes
04-15 16:16:59.215 534 534 V SystemServerTiming: StartObservingNativeCrashes took to complete: 0ms
04-15 16:16:59.216 534 534 D SystemServerTiming: RegisterAppOpsPolicy
04-15 16:16:59.237 534 534 V SystemServerTiming: RegisterAppOpsPolicy took to complete: 19ms
04-15 16:16:59.238 534 534 D SystemServerTiming: MakeNetworkManagementServiceReady
04-15 16:16:59.238 534 534 W NetworkManagement: setDataSaverMode(): already false
04-15 16:16:59.239 327 327 I netd : firewallSetFirewallType(1) <0.08ms>
04-15 16:16:59.240 534 562 D SystemServerTimingAsync: InitThreadPoolExec:WebViewFactoryPreparation
04-15 16:16:59.240 534 562 D SystemServerInitThreadPool: Started executing WebViewFactoryPreparation
04-15 16:16:59.240 534 562 I SystemServer: WebViewFactoryPreparation
04-15 16:16:59.241 534 562 D SystemServerTimingAsync: WebViewFactoryPreparation
04-15 16:16:59.265 534 562 E AppOps : Bad call made by uid 1000. Package "android" does not belong to uid 1037.
04-15 16:16:59.272 534 534 V SystemServerTiming: MakeNetworkManagementServiceReady took to complete: 34ms
04-15 16:16:59.273 534 534 D SystemServerTiming: MakeConnectivityServiceReady
04-15 16:16:59.274 534 811 D PermissionMonitor: Monitoring
04-15 16:16:59.289 327 327 I netd : registerUnsolicitedEventListener() <4.32ms>
04-15 16:16:59.303 534 802 W NetworkPolicy: setRestrictBackgroundUL: already false
04-15 16:16:59.309 534 562 E AppOps : Cannot checkOperation
04-15 16:16:59.309 534 562 E AppOps : java.lang.SecurityException: Specified package "android" under uid 1037 but it is not
04-15 16:16:59.309 534 562 E AppOps : at com.android.server.appop.AppOpsService.verifyAndGetBypass(AppOpsService.java:3886)
04-15 16:16:59.309 534 562 E AppOps : at com.android.server.appop.AppOpsService.verifyAndGetBypass(AppOpsService.java:3746)
04-15 16:16:59.309 534 562 E AppOps : at com.android.server.appop.AppOpsService.verifyAndGetBypass(AppOpsService.java:3738)
04-15 16:16:59.309 534 562 E AppOps : at com.android.server.appop.AppOpsService.checkOperationUnchecked(AppOpsService.java:2417)
04-15 16:16:59.309 534 562 E AppOps : at com.android.server.appop.AppOpsService.checkOperationImpl(AppOpsService.java:2400)
04-15 16:16:59.309 534 562 E AppOps : at com.android.server.appop.AppOpsService.-$$Nest$mcheckOperationImpl(AppOpsService.java:0)
04-15 16:16:59.309 534 562 E AppOps : at com.android.server.appop.AppOpsService$CheckOpsDelegateDispatcher.$r8$lambda$fx57Sum-uA3sXo7NCFwrI3iq4WM(AppOpsService.java:0)
04-15 16:16:59.309 534 562 E AppOps : at com.android.server.appop.AppOpsService$CheckOpsDelegateDispatcher$$ExternalSyntheticLambda9.apply(R8$$SyntheticClass:0)
04-15 16:16:59.309 534 562 E AppOps : at com.android.server.policy.AppOpsPolicy.checkOperation(AppOpsPolicy.java:221)
04-15 16:16:59.309 534 562 E AppOps : at com.android.server.appop.AppOpsService$CheckOpsDelegateDispatcher.checkOperation(AppOpsService.java:6389)
04-15 16:16:59.309 534 562 E AppOps : at com.android.server.appop.AppOpsService.checkOperation(AppOpsService.java:2385)
04-15 16:16:59.309 534 562 E AppOps : at com.android.server.StorageManagerService$StorageManagerInternalImpl.hasExternalStorageAccess(StorageManagerService.java:4717)
04-15 16:16:59.309 534 562 E AppOps : at com.android.server.am.ProcessList.startProcessLocked(ProcessList.java:1778)
04-15 16:16:59.309 534 562 E AppOps : at com.android.server.am.ProcessList.startProcessLocked(ProcessList.java:2483)
04-15 16:16:59.309 534 562 E AppOps : at com.android.server.am.ProcessList.startProcessLocked(ProcessList.java:2628)
04-15 16:16:59.309 534 562 E AppOps : at com.android.server.am.ActivityManagerService.startIsolatedProcess(ActivityManagerService.java:2894)
04-15 16:16:59.309 534 562 E AppOps : at com.android.server.am.ActivityManagerService$LocalService.startIsolatedProcess(ActivityManagerService.java:17372)
04-15 16:16:59.309 534 562 E AppOps : at android.webkit.WebViewLibraryLoader.createRelroFile(WebViewLibraryLoader.java:126)
04-15 16:16:59.309 534 562 E AppOps : at android.webkit.WebViewLibraryLoader.createRelros(WebViewLibraryLoader.java:170)
04-15 16:16:59.309 534 562 E AppOps : at android.webkit.WebViewLibraryLoader.prepareNativeLibraries(WebViewLibraryLoader.java:152)
04-15 16:16:59.309 534 562 E AppOps : at android.webkit.WebViewFactory.onWebViewProviderChanged(WebViewFactory.java:555)
04-15 16:16:59.309 534 562 E AppOps : at com.android.server.webkit.SystemImpl.onWebViewProviderChanged(SystemImpl.java:174)
04-15 16:16:59.309 534 562 E AppOps : at com.android.server.webkit.WebViewUpdateServiceImpl.onWebViewProviderChanged(WebViewUpdateServiceImpl.java:351)
04-15 16:16:59.309 534 562 E AppOps : at com.android.server.webkit.WebViewUpdateServiceImpl.prepareWebViewInSystemServer(WebViewUpdateServiceImpl.java:182)
04-15 16:16:59.309 534 562 E AppOps : at com.android.server.webkit.WebViewUpdateService.prepareWebViewInSystemServer(WebViewUpdateService.java:129)
04-15 16:16:59.309 534 562 E AppOps : at com.android.server.SystemServer.lambda$startOtherServices$4(SystemServer.java:2919)
04-15 16:16:59.309 534 562 E AppOps : at com.android.server.SystemServer.$r8$lambda$t1R-mpe1gQ3l_T3UqaEuPqwZT88(SystemServer.java:0)
04-15 16:16:59.309 534 562 E AppOps : at com.android.server.SystemServer$$ExternalSyntheticLambda7.run(R8$$SyntheticClass:0)
04-15 16:16:59.309 534 562 E AppOps : at com.android.server.SystemServerInitThreadPool.lambda$submitTask$0(SystemServerInitThreadPool.java:107)
04-15 16:16:59.309 534 562 E AppOps : at com.android.server.SystemServerInitThreadPool.$r8$lambda$iar571g8isa6ZrPZMHj1USmyX48(SystemServerInitThreadPool.java:0)
04-15 16:16:59.309 534 562 E AppOps : at com.android.server.SystemServerInitThreadPool$$ExternalSyntheticLambda1.run(R8$$SyntheticClass:0)
04-15 16:16:59.309 534 562 E AppOps : at java.util.concurrent.Executors$RunnableAdapter.call(Executors.java:487)
04-15 16:16:59.309 534 562 E AppOps : at java.util.concurrent.FutureTask.run(FutureTask.java:264)
04-15 16:16:59.309 534 562 E AppOps : at java.util.concurrent.ThreadPoolExecutor.runWorker(ThreadPoolExecutor.java:1145)
04-15 16:16:59.309 534 562 E AppOps : at java.util.concurrent.ThreadPoolExecutor$Worker.run(ThreadPoolExecutor.java:644)
04-15 16:16:59.309 534 562 E AppOps : at com.android.internal.util.ConcurrentUtils$1$1.run(ConcurrentUtils.java:65)
04-15 16:16:59.309 534 562 W ActivityManager: Slow operation: 56ms so far, now at startProcess: building args
04-15 16:16:59.316 534 562 D CompatibilityChangeReporter: Compat change id reported: 135634846; UID 1000; state: DISABLED
04-15 16:16:59.317 534 562 D CompatibilityChangeReporter: Compat change id reported: 177438394; UID 1000; state: DISABLED
04-15 16:16:59.317 534 562 D CompatibilityChangeReporter: Compat change id reported: 135772972; UID 1000; state: DISABLED
04-15 16:16:59.320 534 562 D CompatibilityChangeReporter: Compat change id reported: 178038272; UID 1000; state: DISABLED
04-15 16:16:59.322 534 566 W ActivityManager: Slow operation: 69ms so far, now at startProcess: asking zygote to start proc
04-15 16:16:59.322 534 566 W ActivityManager: com.android.emulator.multidisplay inode == 0 (b/152760674)
04-15 16:16:59.323 534 562 W ActivityManager: Slow operation: 80ms so far, now at startProcess: done starting proc!
04-15 16:16:59.323 534 562 V SystemServerTimingAsync: WebViewFactoryPreparation took to complete: 82ms
04-15 16:16:59.323 534 562 D SystemServerInitThreadPool: Finished executing WebViewFactoryPreparation
04-15 16:16:59.336 534 562 V SystemServerTimingAsync: InitThreadPoolExec:WebViewFactoryPreparation took to complete: 84ms
04-15 16:16:59.367 328 328 D Zygote : Forked child process 1023
04-15 16:16:59.387 534 574 W BatteryExternalStatsWorker: error reading modem stats:ERROR_PHONE_NOT_AVAILABLE
04-15 16:16:59.404 534 566 W ActivityManager: Slow operation: 135ms so far, now at startProcess: returned from zygote!
04-15 16:16:59.405 534 566 W ActivityManager: Slow operation: 152ms so far, now at startProcess: done updating battery stats
04-15 16:16:59.406 534 566 W ActivityManager: Slow operation: 153ms so far, now at startProcess: building log message
04-15 16:16:59.406 534 566 I ActivityManager: Start proc 1023:WebViewLoader-x86_64/1037 [android.webkit.WebViewLibraryLoader$RelroFileCreator] for
04-15 16:16:59.406 534 566 W ActivityManager: Slow operation: 153ms so far, now at startProcess: starting to update pids map
04-15 16:16:59.406 534 566 W ActivityManager: Slow operation: 153ms so far, now at startProcess: done updating pids map
04-15 16:16:59.443 534 555 W Looper : Slow delivery took 216ms android.fg h=android.os.Handler c= m=0
04-15 16:16:59.490 1023 1023 I WebViewLoader-x: Using CollectorTypeCC GC.
04-15 16:16:59.504 1023 1023 W WebViewLoader-x: Unexpected CPU variant for x86: x86_64.
04-15 16:16:59.504 1023 1023 W WebViewLoader-x: Known variants: atom, sandybridge, silvermont, goldmont, goldmont-plus, tremont, kabylake, default
04-15 16:16:59.520 327 327 I netd : networkSetPermissionForUser(1, [1002, 10093, 10116, 20093, 20116]) <0.14ms>
04-15 16:16:59.528 1023 1023 E WebViewLoader-x: Not starting debugger since process cannot load the jdwp agent.
04-15 16:16:59.537 327 327 I netd : networkSetPermissionForUser(2, [1000, 1001, 1073, 2000, 10065, 10079, 10082, 10096, 10098, 10101, 10107, 10108, 20065, 20079, 20082, 20096, 20098, 20101, 20107, 20108]) <0.14ms>
04-15 16:16:59.553 534 802 W BestClock: java.time.DateTimeException: Missing network time fix
04-15 16:16:59.579 534 802 D NetworkStatsObservers: Registering observer for RequestInfo from pid/uid:534/1000(android) for DataUsageRequest [ requestId=1, networkTemplate=NetworkTemplate: matchRule=MOBILE, matchSubscriberIds=[], matchWifiNetworkKeys=[], thresholdInBytes=0 ] accessLevel:3
04-15 16:16:59.598 534 802 D NetworkStatsObservers: Registering observer for RequestInfo from pid/uid:534/1000(android) for DataUsageRequest [ requestId=2, networkTemplate=NetworkTemplate: matchRule=WIFI, matchSubscriberIds=[], matchWifiNetworkKeys=[], thresholdInBytes=0 ] accessLevel:3
04-15 16:16:59.701 534 800 W BestClock: java.time.DateTimeException: Missing network time fix
04-15 16:16:59.747 327 327 I netd : tetherGetStats() -> {[]} <6.44ms>
04-15 16:16:59.755 534 868 D GameManagerService: User ID '0' does not have a Game Mode selected for package: 'android'
04-15 16:16:59.761 534 868 D CompatibilityChangeReporter: Compat change id reported: 168419799; UID 1000; state: DISABLED
04-15 16:16:59.763 534 868 D CompatibilityChangeReporter: Compat change id reported: 273564678; UID 1000; state: DISABLED
04-15 16:16:59.768 534 800 W BestClock: java.time.DateTimeException: Missing network time fix
04-15 16:16:59.821 534 868 W ActivityManager: Slow operation: 51ms so far, now at finishAttachApplicationInner: after updateOomAdjLocked
04-15 16:16:59.829 1023 1023 V WebViewLibraryLoader: RelroFileCreator (64bit = true), package: com.android.webview library: libwebviewchromium.so
04-15 16:16:59.844 534 960 D BufferPoolAccessor2.0: bufferpool2 0x76615e593a28 : 0(0 size) total buffers - 0(0 size) used buffers - 2/7 (recycle/alloc) - 5/26 (fetch/transfer)
04-15 16:16:59.844 534 960 D BufferPoolAccessor2.0: evictor expired: 1, evicted: 1
04-15 16:16:59.857 534 800 W BestClock: java.time.DateTimeException: Missing network time fix
04-15 16:16:59.886 327 327 I netd : tetherGetStats() -> {[]} <9.86ms>
04-15 16:16:59.900 534 800 W BestClock: java.time.DateTimeException: Missing network time fix
04-15 16:16:59.929 534 811 D PermissionMonitor: Users: 1, UidToNetworkPerm: 25
04-15 16:16:59.932 454 884 D BufferPoolAccessor2.0: bufferpool2 0x72e168c1b568 : 0(0 size) total buffers - 0(0 size) used buffers - 7/11 (recycle/alloc) - 4/10 (fetch/transfer)
04-15 16:16:59.932 454 884 D BufferPoolAccessor2.0: evictor expired: 1, evicted: 1
04-15 16:16:59.941 534 800 W BroadcastLoopers: Found previously unknown looper Thread[NetworkStats,5,main]
04-15 16:16:59.943 534 811 D ConnectivityService: NetReassign [no changes] [c 0] [a 0] [i 0]
04-15 16:16:59.951 534 811 D ConnectivityService: NetReassign [no changes] [c 0] [a 0] [i 0]
04-15 16:16:59.960 534 944 W PackageManager: Invalid dex load report. loadingPackageName=null, uid=1037
04-15 16:16:59.962 1023 1023 D nativeloader: InitLlndkLibrariesProduct: libEGL.so:libGLESv1_CM.so:libGLESv2.so:libGLESv3.so:libRS.so:libandroid_net.so:libbinder_ndk.so:libc.so:libcgrouprc.so:libclang_rt.asan-x86_64-android.so:libcom.android.tethering.connectivity_native.so:libdl.so:libft2.so:liblog.so:libm.so:libmediandk.so:libnativewindow.so:libneuralnetworks.so:libselinux.so:libsync.so:libvndksupport.so:libvulkan.so
04-15 16:16:59.963 1023 1023 D nativeloader: Configuring product-clns-6 for unbundled product apk /product/app/webview/webview.apk. target_sdk_version=34, uses_libraries=, library_path=/product/app/webview/lib/x86_64:/product/app/webview/webview.apk!/lib/x86_64:/product/lib64:/system/product/lib64, permitted_path=/data:/mnt/expand:/product/lib64:/system/product/lib64
04-15 16:16:59.964 534 534 V SystemServerTiming: MakeConnectivityServiceReady took to complete: 670ms
04-15 16:16:59.972 534 534 D SystemServerTiming: MakeVpnManagerServiceReady
04-15 16:16:59.975 1023 1023 D nativeloader: InitVndkspLibrariesProduct: android.hardware.common-V2-ndk.so:android.hardware.common.fmq-V1-ndk.so:android.hardware.graphics.allocator-V2-ndk.so:android.hardware.graphics.common-V4-ndk.so:android.hardware.graphics.common@1.0.so:android.hardware.graphics.common@1.1.so:android.hardware.graphics.common@1.2.so:android.hardware.graphics.composer3-V1-ndk.so:android.hardware.graphics.mapper@2.0.so:android.hardware.graphics.mapper@2.1.so:android.hardware.graphics.mapper@3.0.so:android.hardware.graphics.mapper@4.0.so:android.hardware.renderscript@1.0.so:android.hidl.memory.token@1.0.so:android.hidl.memory@1.0-impl.so:android.hidl.memory@1.0.so:android.hidl.safe_union@1.0.so:libRSCpuRef.so:libRSDriver.so:libRS_internal.so:libbase.so:libbcinfo.so:libblas.so:libc++.so:libcompiler_rt.so:libcutils.so:libdmabufheap.so:libgralloctypes.so:libhardware.so:libhidlbase.so:libhidlmemory.so:libion.so:libjsoncpp.so:liblzma.so:libprocessgroup.so:libunwindstack.so:libutils.so:libutilscallstack.so:libz.so
04-15 16:17:00.001 534 945 W system_server: Long monitor contention with owner PackageManagerBg (587) at void com.android.server.pm.permission.PermissionManagerServiceImpl.lambda$writeLegacyPermissionStateTEMP$16(int[], com.android.server.pm.PackageSetting)(PermissionManagerServiceImpl.java:4638) waiters=0 in int com.android.server.pm.permission.PermissionManagerServiceImpl.checkPermissionInternal(com.android.server.pm.pkg.AndroidPackage, boolean, java.lang.String, int) for 128ms
04-15 16:17:00.078 534 555 W Looper : Slow dispatch took 217ms android.fg h=android.os.Handler c= m=0
04-15 16:17:00.201 534 534 V SystemServerTiming: MakeVpnManagerServiceReady took to complete: 229ms
04-15 16:17:00.201 534 534 D SystemServerTiming: MakeVcnManagementServiceReady
04-15 16:17:00.208 534 811 D ConnectivityService: Got NetworkProvider Messenger for VcnNetworkProvider
04-15 16:17:00.224 534 811 D ConnectivityService: register offer from providerId 1 : NetworkOffer [ Provider Id (1) Score(Policies : TRANSPORT_PRIMARY&EVER_EVALUATED&IS_UNMETERED&EVER_VALIDATED&IS_VALIDATED ; KeepConnected : 0) Caps [ Transports: CELLULAR Capabilities: MMS&SUPL&DUN&FOTA&IMS&CBS&IA&RCS&XCAP&EIMS&INTERNET&NOT_RESTRICTED&TRUSTED&NOT_VPN&MCX&NOT_VCN_MANAGED UnderlyingNetworks: Null] Needed by []]
04-15 16:17:00.226 534 811 D ConnectivityService: NetReassign [no changes] [c 0] [a 0] [i 0]
04-15 16:17:00.234 534 555 W Looper : Drained
04-15 16:17:00.242 534 534 D CompatibilityChangeReporter: Compat change id reported: 182478738; UID 1000; state: ENABLED
04-15 16:17:00.249 534 817 I VcnManagementService: new snapshot: TelephonySubscriptionSnapshot{ mActiveDataSubId=-1, mSubIdToInfoMap={}, mSubIdToCarrierConfigMap={}, mPrivilegedPackages={} }
04-15 16:17:00.250 534 534 V SystemServerTiming: MakeVcnManagementServiceReady took to complete: 49ms
04-15 16:17:00.250 534 534 D SystemServerTiming: MakeNetworkPolicyServiceReady
04-15 16:17:00.253 534 534 V SystemServerTiming: MakeNetworkPolicyServiceReady took to complete: 3ms
04-15 16:17:00.253 534 534 D SystemServerTiming: PhaseThirdPartyAppsCanStart
04-15 16:17:00.253 534 534 I SystemServiceManager: Starting phase 600
04-15 16:17:00.253 534 534 D SystemServerTiming: OnBootPhase_600
04-15 16:17:00.254 534 534 D SystemServerTiming: OnBootPhase_600_com.android.server.security.FileIntegrityService
04-15 16:17:00.254 534 534 V SystemServerTiming: OnBootPhase_600_com.android.server.security.FileIntegrityService took to complete: 0ms
04-15 16:17:00.254 534 534 D SystemServerTiming: OnBootPhase_600_com.android.server.pm.Installer
04-15 16:17:00.254 534 534 V SystemServerTiming: OnBootPhase_600_com.android.server.pm.Installer took to complete: 0ms
04-15 16:17:00.254 534 534 D SystemServerTiming: OnBootPhase_600_com.android.server.os.DeviceIdentifiersPolicyService
04-15 16:17:00.254 534 534 V SystemServerTiming: OnBootPhase_600_com.android.server.os.DeviceIdentifiersPolicyService took to complete: 0ms
04-15 16:17:00.254 534 534 D SystemServerTiming: OnBootPhase_600_com.android.server.uri.UriGrantsManagerService$Lifecycle
04-15 16:17:00.254 534 534 V SystemServerTiming: OnBootPhase_600_com.android.server.uri.UriGrantsManagerService$Lifecycle took to complete: 0ms
04-15 16:17:00.254 534 534 D SystemServerTiming: OnBootPhase_600_com.android.server.powerstats.PowerStatsService
04-15 16:17:00.254 534 534 V SystemServerTiming: OnBootPhase_600_com.android.server.powerstats.PowerStatsService took to complete: 0ms
04-15 16:17:00.254 534 534 D SystemServerTiming: OnBootPhase_600_com.android.server.permission.access.AccessCheckingService
04-15 16:17:00.254 534 534 V SystemServerTiming: OnBootPhase_600_com.android.server.permission.access.AccessCheckingService took to complete: 0ms
04-15 16:17:00.255 534 534 D SystemServerTiming: OnBootPhase_600_com.android.server.wm.ActivityTaskManagerService$Lifecycle
04-15 16:17:00.255 534 534 V SystemServerTiming: OnBootPhase_600_com.android.server.wm.ActivityTaskManagerService$Lifecycle took to complete: 0ms
04-15 16:17:00.255 534 534 D SystemServerTiming: OnBootPhase_600_com.android.server.am.ActivityManagerService$Lifecycle
04-15 16:17:00.264 534 811 D ConnectivityService: NetReassign [no changes] [c 0] [a 0] [i 4]
04-15 16:17:00.271 534 534 I ExplicitHealthCheckController: Explicit health checks enabled.
04-15 16:17:00.271 534 534 I PackageWatchdog: Syncing state, reason: health check state enabled
04-15 16:17:00.272 534 534 I PackageWatchdog: Not pruning observers, elapsed time: 0ms
04-15 16:17:00.273 534 534 I PackageWatchdog: Cancelling state sync, nothing to sync
04-15 16:17:00.273 534 534 V SystemServerTiming: OnBootPhase_600_com.android.server.am.ActivityManagerService$Lifecycle took to complete: 18ms
04-15 16:17:00.273 534 534 D SystemServerTiming: OnBootPhase_600_com.android.server.pm.DataLoaderManagerService
04-15 16:17:00.273 534 534 V SystemServerTiming: OnBootPhase_600_com.android.server.pm.DataLoaderManagerService took to complete: 0ms
04-15 16:17:00.273 534 534 D SystemServerTiming: OnBootPhase_600_com.android.server.power.PowerManagerService
04-15 16:17:00.275 534 534 V SystemServerTiming: OnBootPhase_600_com.android.server.power.PowerManagerService took to complete: 1ms
04-15 16:17:00.275 534 534 D SystemServerTiming: OnBootPhase_600_com.android.server.power.ThermalManagerService
04-15 16:17:00.275 534 534 V SystemServerTiming: OnBootPhase_600_com.android.server.power.ThermalManagerService took to complete: 0ms
04-15 16:17:00.275 534 534 D SystemServerTiming: OnBootPhase_600_com.android.server.power.hint.HintManagerService
04-15 16:17:00.275 534 534 V SystemServerTiming: OnBootPhase_600_com.android.server.power.hint.HintManagerService took to complete: 0ms
