04-15 16:15:02.381 454 454 W mediaswcodec: libminijail[454]: compile_file: /apex/com.android.media.swcodec/etc/seccomp_policy/crash_dump.x86_64.policy(8): syscall futex redefined here
04-15 16:15:02.381 454 454 W mediaswcodec: libminijail[454]: compile_file: (36): previous definition here
04-15 16:15:02.381 454 454 W mediaswcodec: libminijail[454]: compile_file: /apex/com.android.media.swcodec/etc/seccomp_policy/crash_dump.x86_64.policy(10): syscall getpid redefined here
04-15 16:15:02.382 454 454 W mediaswcodec: libminijail[454]: compile_file: (69): previous definition here
04-15 16:15:02.382 454 454 W mediaswcodec: libminijail[454]: compile_file: /apex/com.android.media.swcodec/etc/seccomp_policy/crash_dump.x86_64.policy(11): syscall gettid redefined here
04-15 16:15:02.382 454 454 W mediaswcodec: libminijail[454]: compile_file: (67): previous definition here
04-15 16:15:02.382 454 454 W mediaswcodec: libminijail[454]: compile_file: /apex/com.android.media.swcodec/etc/seccomp_policy/crash_dump.x86_64.policy(14): syscall openat redefined here
04-15 16:15:02.382 454 454 W mediaswcodec: libminijail[454]: compile_file: (18): previous definition here
04-15 16:15:02.382 454 454 W mediaswcodec: libminijail[454]: compile_file: /apex/com.android.media.swcodec/etc/seccomp_policy/crash_dump.x86_64.policy(15): syscall dup redefined here
04-15 16:15:02.382 454 454 W mediaswcodec: libminijail[454]: compile_file: (56): previous definition here
04-15 16:15:02.383 454 454 W mediaswcodec: libminijail[454]: compile_file: /apex/com.android.media.swcodec/etc/seccomp_policy/crash_dump.x86_64.policy(16): syscall close redefined here
04-15 16:15:02.383 454 454 W mediaswcodec: libminijail[454]: compile_file: (25): previous definition here
04-15 16:15:02.383 454 454 W mediaswcodec: libminijail[454]: compile_file: /apex/com.android.media.swcodec/etc/seccomp_policy/crash_dump.x86_64.policy(17): syscall lseek redefined here
04-15 16:15:02.383 454 454 W mediaswcodec: libminijail[454]: compile_file: (40): previous definition here
04-15 16:15:02.383 454 454 W mediaswcodec: libminijail[454]: compile_file: /apex/com.android.media.swcodec/etc/seccomp_policy/crash_dump.x86_64.policy(19): syscall faccessat redefined here
04-15 16:15:02.383 454 454 W mediaswcodec: libminijail[454]: compile_file: (38): previous definition here
04-15 16:15:02.383 454 454 W mediaswcodec: libminijail[454]: compile_file: /apex/com.android.media.swcodec/etc/seccomp_policy/crash_dump.x86_64.policy(28): syscall prctl redefined here
04-15 16:15:02.401 454 454 W mediaswcodec: libminijail[454]: compile_file: (17): previous definition here
04-15 16:15:02.405 454 454 W mediaswcodec: libminijail[454]: compile_file: /apex/com.android.media.swcodec/etc/seccomp_policy/crash_dump.x86_64.policy(29): syscall madvise redefined here
04-15 16:15:02.405 454 454 W mediaswcodec: libminijail[454]: compile_file: (33): previous definition here
04-15 16:15:02.405 454 454 W mediaswcodec: libminijail[454]: compile_file: /apex/com.android.media.swcodec/etc/seccomp_policy/crash_dump.x86_64.policy(30): syscall mprotect redefined here
04-15 16:15:02.405 454 454 W mediaswcodec: libminijail[454]: compile_file: (16): previous definition here
04-15 16:15:02.408 454 454 W mediaswcodec: libminijail[454]: compile_file: /apex/com.android.media.swcodec/etc/seccomp_policy/crash_dump.x86_64.policy(31): syscall munmap redefined here
04-15 16:15:02.408 454 454 W mediaswcodec: libminijail[454]: compile_file: (37): previous definition here
04-15 16:15:02.408 454 454 W mediaswcodec: libminijail[454]: compile_file: /apex/com.android.media.swcodec/etc/seccomp_policy/crash_dump.x86_64.policy(32): syscall getuid redefined here
04-15 16:15:02.408 454 454 W mediaswcodec: libminijail[454]: compile_file: (21): previous definition here
04-15 16:15:02.408 454 454 W mediaswcodec: libminijail[454]: compile_file: /apex/com.android.media.swcodec/etc/seccomp_policy/crash_dump.x86_64.policy(33): syscall fstat redefined here
04-15 16:15:02.409 454 454 W mediaswcodec: libminijail[454]: compile_file: (29): previous definition here
04-15 16:15:02.409 454 454 W mediaswcodec: libminijail[454]: compile_file: /apex/com.android.media.swcodec/etc/seccomp_policy/crash_dump.x86_64.policy(34): syscall mmap redefined here
04-15 16:15:02.409 454 454 W mediaswcodec: libminijail[454]: compile_file: (27): previous definition here
04-15 16:15:02.435 454 454 W mediaswcodec: libminijail[454]: logging seccomp filter failures
04-15 16:15:02.438 454 454 I CodecServiceRegistrant: Creating software Codec2 service...
04-15 16:15:02.470 454 454 D C2Store : Default ION heapmask = -1
04-15 16:15:02.471 454 454 D C2Store : Default ION flags = 0
04-15 16:15:02.471 454 454 D C2Store : Default ION align = 0
04-15 16:15:02.572 454 454 I HidlServiceManagement: Registered android.hardware.media.c2@1.2::IComponentStore/software
04-15 16:15:02.355 391 391 I AudioFlinger: openOutput() this 0x7cebd882c070, module 10 Device AUDIO_DEVICE_OUT_SPEAKER, @:, SamplingRate 48000, Format 0x000001, Channels 0x3, flags 0x2
04-15 16:15:02.622 454 454 I CodecServiceRegistrant: Preferred Codec2 store is set to "default".
04-15 16:15:02.623 454 454 I CodecServiceRegistrant: Software Codec2 service created and registered.
04-15 16:15:02.952 391 391 I AudioFlinger: HAL output buffer size 1088 frames, normal sink buffer size 1088 frames
04-15 16:15:03.060 133 133 I hwservicemanager: getTransport: Cannot find entry android.hardware.audio.effect@7.1::IEffectsFactory/default in either framework or device VINTF manifest.
04-15 16:15:03.806 391 391 I BufferProvider: found effect "Multichannel Downmix To Stereo" from The Android Open Source Project
04-15 16:15:03.820 391 391 D AudioFlinger: Failed to add event callback
04-15 16:15:03.860 391 493 I AudioFlinger: AudioFlinger's thread 0x7cecb3b34930 tid=493 ready to run
04-15 16:15:03.868 391 493 W AudioFlinger: no wake lock to update, system not ready yet
04-15 16:15:03.869 391 493 D AudioFlinger: ro.audio.silent is ignored since no output device is set
04-15 16:15:03.870 330 492 E android.hardware.audio@7.1-impl.ranchu: getPresentationPosition:510 failure: Result::INVALID_STATE
04-15 16:15:04.008 391 391 E APM_AudioPolicyManager: invalid volume index range
04-15 16:15:04.008 391 391 E APM_AudioPolicyManager: invalid volume index range
04-15 16:15:04.008 391 391 E APM_AudioPolicyManager: invalid volume index range
04-15 16:15:04.009 391 391 V APM_AudioPolicyManager: checkAndSetVolume cannot set volume group 4 volume when is not requested for comm
04-15 16:15:04.009 391 391 E APM_AudioPolicyManager: invalid volume index range
04-15 16:15:04.009 391 391 E APM_AudioPolicyManager: invalid volume index range
04-15 16:15:04.009 391 391 E APM_AudioPolicyManager: invalid volume index range
04-15 16:15:04.009 391 391 E APM_AudioPolicyManager: invalid volume index range
04-15 16:15:04.222 391 493 W AudioFlinger: no wake lock to update, system not ready yet
04-15 16:15:04.222 391 493 D AudioFlinger: ro.audio.silent is ignored since no output device is set
04-15 16:15:04.237 391 391 E APM_AudioPolicyManager: invalid volume index range
04-15 16:15:04.244 391 391 E APM_AudioPolicyManager: invalid volume index range
04-15 16:15:04.244 391 391 E APM_AudioPolicyManager: invalid volume index range
04-15 16:15:04.251 391 391 E APM_AudioPolicyManager: invalid volume index range
04-15 16:15:04.305 437 467 W ServiceManagerCppClient: Service package_native didn't start. Returning NULL
04-15 16:15:04.305 437 467 E ServiceUtilities: getInfo: Cannot find package_native
04-15 16:15:04.349 391 391 W AudioFlinger: moveEffects() bad srcOutput 0
04-15 16:15:04.388 391 391 V APM_AudioPolicyManager: selectOutputForMusicEffects selected output 13
04-15 16:15:04.413 391 391 V APM_AudioPolicyManager: setOutputDevices device {AUDIO_DEVICE_OUT_SPEAKER, @:} delayMs 0
04-15 16:15:04.413 391 391 V APM_AudioPolicyManager: setOutputDevices() prevDevice {AUDIO_DEVICE_OUT_SPEAKER, @:}
04-15 16:15:04.415 391 391 I APM::AudioPolicyEngine: getDevicesForStrategyInt no device found for strategy 9
04-15 16:15:04.469 391 391 V APM_AudioPolicyManager: setOutputDevices changing device to {AUDIO_DEVICE_OUT_SPEAKER, @:}
04-15 16:15:04.475 328 328 D nativeloader: InitDefaultPublicLibraries for_preload=1: libandroid.so:libaaudio.so:libamidi.so:libbinder_ndk.so:libc.so:libcamera2ndk.so:libdl.so:libEGL.so:libGLESv1_CM.so:libGLESv2.so:libGLESv3.so:libicu.so:libicui18n.so:libicuuc.so:libjnigraphics.so:liblog.so:libmediandk.so:libm.so:libnativehelper.so:libnativewindow.so:libOpenMAXAL.so:libOpenSLES.so:libRS.so:libstdc++.so:libsync.so:libvulkan.so:libwebviewchromium_plat_support.so:libz.so
04-15 16:15:04.532 391 493 D AudioFlinger: updateHalSupportedLatencyModes_l: thread(13) status -38 supported latency modes: { }
04-15 16:15:04.549 391 391 V APM_AudioPolicyManager: setOutputDevices() AF::createAudioPatch returned 0 patchHandle 12 num_sources 1 num_sinks 1
04-15 16:15:04.577 391 391 E APM_AudioPolicyManager: invalid volume index range
04-15 16:15:04.577 391 391 E APM_AudioPolicyManager: invalid volume index range
04-15 16:15:04.577 391 391 E APM_AudioPolicyManager: invalid volume index range
04-15 16:15:04.577 391 391 V APM_AudioPolicyManager: checkAndSetVolume cannot set volume group 4 volume when is not requested for comm
04-15 16:15:04.577 391 391 E APM_AudioPolicyManager: invalid volume index range
04-15 16:15:04.577 391 391 E APM_AudioPolicyManager: invalid volume index range
04-15 16:15:04.578 391 391 E APM_AudioPolicyManager: invalid volume index range
04-15 16:15:04.578 391 391 E APM_AudioPolicyManager: invalid volume index range
04-15 16:15:04.578 391 391 E APM_AudioPolicyManager: invalid volume index range
04-15 16:15:04.578 391 391 E APM_AudioPolicyManager: invalid volume index range
04-15 16:15:04.578 391 391 E APM_AudioPolicyManager: invalid volume index range
04-15 16:15:04.578 391 391 E APM_AudioPolicyManager: invalid volume index range
04-15 16:15:04.579 391 391 I AudioFlinger: openOutput() this 0x7cebd882c070, module 10 Device AUDIO_DEVICE_OUT_TELEPHONY_TX, @:, SamplingRate 48000, Format 0x000001, Channels 0x3, flags 0
04-15 16:15:04.587 391 391 I AudioFlinger: HAL output buffer size 1088 frames, normal sink buffer size 1088 frames
04-15 16:15:04.593 391 391 D AudioFlinger: Failed to add event callback
04-15 16:15:04.597 391 391 E APM_AudioPolicyManager: invalid volume index range
04-15 16:15:04.597 391 391 E APM_AudioPolicyManager: invalid volume index range
04-15 16:15:04.597 391 391 E APM_AudioPolicyManager: invalid volume index range
04-15 16:15:04.597 391 391 V APM_AudioPolicyManager: checkAndSetVolume cannot set volume group 4 volume when is not requested for comm
04-15 16:15:04.598 391 391 E APM_AudioPolicyManager: invalid volume index range
04-15 16:15:04.598 391 391 E APM_AudioPolicyManager: invalid volume index range
04-15 16:15:04.598 391 391 E APM_AudioPolicyManager: invalid volume index range
04-15 16:15:04.598 391 391 E APM_AudioPolicyManager: invalid volume index range
04-15 16:15:04.599 391 496 I AudioFlinger: AudioFlinger's thread 0x7cecb3ac1930 tid=496 ready to run
04-15 16:15:04.599 391 496 W AudioFlinger: no wake lock to update, system not ready yet
04-15 16:15:04.599 391 496 D AudioFlinger: ro.audio.silent is ignored since no output device is set
04-15 16:15:04.599 330 492 E android.hardware.audio@7.1-impl.ranchu: getPresentationPosition:510 failure: Result::INVALID_STATE
04-15 16:15:04.609 391 496 W AudioFlinger: no wake lock to update, system not ready yet
04-15 16:15:04.609 391 496 D AudioFlinger: ro.audio.silent is ignored since no output device is set
04-15 16:15:04.611 391 391 E APM_AudioPolicyManager: invalid volume index range
04-15 16:15:04.611 391 391 E APM_AudioPolicyManager: invalid volume index range
04-15 16:15:04.611 391 391 E APM_AudioPolicyManager: invalid volume index range
04-15 16:15:04.611 391 391 E APM_AudioPolicyManager: invalid volume index range
04-15 16:15:04.619 391 391 V APM_AudioPolicyManager: selectOutputForMusicEffects selected output 13
04-15 16:15:04.620 391 391 V APM_AudioPolicyManager: setOutputDevices device {AUDIO_DEVICE_OUT_TELEPHONY_TX, @:} delayMs 0
04-15 16:15:04.620 391 391 V APM_AudioPolicyManager: setOutputDevices() prevDevice {AUDIO_DEVICE_OUT_TELEPHONY_TX, @:}
04-15 16:15:04.621 391 391 V APM_AudioPolicyManager: setOutputDevices changing device to {AUDIO_DEVICE_OUT_TELEPHONY_TX, @:}
04-15 16:15:04.629 391 496 D AudioFlinger: updateHalSupportedLatencyModes_l: thread(21) status -38 supported latency modes: { }
04-15 16:15:04.632 391 391 V APM_AudioPolicyManager: setOutputDevices() AF::createAudioPatch returned 0 patchHandle 20 num_sources 1 num_sinks 1
04-15 16:15:04.661 391 391 E APM_AudioPolicyManager: invalid volume index range
04-15 16:15:04.661 391 391 E APM_AudioPolicyManager: invalid volume index range
04-15 16:15:04.661 391 391 E APM_AudioPolicyManager: invalid volume index range
04-15 16:15:04.661 391 391 E APM_AudioPolicyManager: invalid volume index range
04-15 16:15:04.661 391 391 E APM_AudioPolicyManager: invalid volume index range
04-15 16:15:04.661 391 391 E APM_AudioPolicyManager: invalid volume index range
04-15 16:15:04.661 391 391 E APM_AudioPolicyManager: invalid volume index range
04-15 16:15:04.661 391 391 E APM_AudioPolicyManager: invalid volume index range
04-15 16:15:04.662 391 391 E APM_AudioPolicyManager: invalid volume index range
04-15 16:15:04.662 391 391 E APM_AudioPolicyManager: invalid volume index range
04-15 16:15:04.662 391 391 E APM_AudioPolicyManager: invalid volume index range
04-15 16:15:04.662 391 391 E APM_AudioPolicyManager: invalid volume index range
04-15 16:15:04.770 391 498 I AudioFlinger: AudioFlinger's thread 0x7cecb3a69bb0 tid=498 ready to run
04-15 16:15:04.793 391 498 W AudioFlinger: no wake lock to update, system not ready yet
04-15 16:15:04.834 391 498 W AudioFlinger: no wake lock to update, system not ready yet
04-15 16:15:04.965 444 444 I mediaserver: ServiceManager: 0x748631f62400
04-15 16:15:04.999 391 500 I AudioFlinger: AudioFlinger's thread 0x7cecb3a69bb0 tid=500 ready to run
04-15 16:15:05.010 444 444 W BatteryNotifier: batterystats service unavailable!
04-15 16:15:05.052 391 500 W AudioFlinger: no wake lock to update, system not ready yet
04-15 16:15:05.072 391 500 W AudioFlinger: no wake lock to update, system not ready yet
04-15 16:15:05.076 444 444 W BatteryNotifier: batterystats service unavailable!
04-15 16:15:05.172 391 503 I AudioFlinger: AudioFlinger's thread 0x7cecb3a69bb0 tid=503 ready to run
04-15 16:15:05.173 391 503 W AudioFlinger: no wake lock to update, system not ready yet
04-15 16:15:05.264 391 503 W AudioFlinger: no wake lock to update, system not ready yet
04-15 16:15:05.321 458 458 W ServiceManagerCppClient: Service android.hardware.gatekeeper.IGatekeeper/default didn't start. Returning NULL
04-15 16:15:05.339 330 492 I r_submix: adev_open(name=audio_hw_if)
04-15 16:15:05.455 391 391 D AudioFlinger::MelReporter: activateHalSoundDoseComputation: Forcing use of internal MEL computation.
04-15 16:15:05.455 391 391 W AudioFlinger: loadHwModule() sound dose reporting is not available
04-15 16:15:05.464 330 360 I r_submix: adev_init_check()
04-15 16:15:05.493 391 391 I AudioFlinger: loadHwModule() Loaded r_submix audio interface, handle 18
04-15 16:15:05.495 330 360 D r_submix: adev_open_input_stream(addr=0)
04-15 16:15:05.504 330 360 I r_submix: adev_open_input_stream(): about to create pipe at index 9, rate 48000, pipe size 4096
04-15 16:15:05.504 330 360 D r_submix: submix_audio_device_create_pipe_l(addr=0, idx=9)
04-15 16:15:05.504 330 360 D r_submix: now using address 0 for route 9
04-15 16:15:05.565 391 507 I AudioFlinger: AudioFlinger's thread 0x7cecb3a69bb0 tid=507 ready to run
04-15 16:15:05.566 330 492 I r_submix: in_standby()
04-15 16:15:05.594 391 507 W AudioFlinger: no wake lock to update, system not ready yet
04-15 16:15:05.595 330 492 I r_submix: in_standby()
04-15 16:15:05.628 391 507 W AudioFlinger: no wake lock to update, system not ready yet
04-15 16:15:05.629 330 492 D r_submix: adev_close_input_stream()
04-15 16:15:05.630 330 492 D r_submix: submix_audio_device_release_pipe_l(idx=9) addr=0
04-15 16:15:05.630 330 492 D r_submix: submix_audio_device_destroy_pipe_l(): pipe destroyed
04-15 16:15:05.761 446 446 W ServiceManagerCppClient: Service package_native didn't start. Returning NULL
04-15 16:15:05.761 446 446 E storaged: getService package_native failed
04-15 16:15:05.904 446 446 W BpBinder: Linking to death on android.hardware.health.IHealth but there are no threads (yet?) listening to incoming transactions. See ProcessState::startThreadPool and ProcessState::setThreadPoolMaxThreadCount. Generally you should setup the binder threadpool before other initialization steps.
04-15 16:15:05.940 328 328 D zygote64: Time zone APEX ICU file found: /apex/com.android.tzdata/etc/icu/icu_tzdata.dat
04-15 16:15:05.980 328 328 D zygote64: I18n APEX ICU file found: /apex/com.android.i18n/etc/icu/icudt72l.dat
04-15 16:15:06.005 391 391 D AudioFlinger::MelReporter: activateHalSoundDoseComputation: Forcing use of internal MEL computation.
04-15 16:15:06.006 391 391 W AudioFlinger: loadHwModule() sound dose reporting is not available
04-15 16:15:06.072 391 391 I AudioFlinger: loadHwModule() Loaded bluetooth audio interface, handle 26
04-15 16:15:06.128 133 133 I hwservicemanager: getTransport: Cannot find entry android.hardware.audio.effect@7.1::IEffectsFactory/default in either framework or device VINTF manifest.
04-15 16:15:06.164 446 509 I storaged: storaged: Start
04-15 16:15:06.176 446 509 I ServiceManagerCppClient: Waiting for service 'package_native' on '/dev/binder'...
04-15 16:15:06.224 391 391 I audioserver: Waiting for activity service
04-15 16:15:07.288 328 328 I zygote64: Using memfd for future sealing
04-15 16:15:07.438 328 328 W zygote64: Unexpected CPU variant for x86: x86_64.
04-15 16:15:07.438 328 328 W zygote64: Known variants: atom, sandybridge, silvermont, goldmont, goldmont-plus, tremont, kabylake, default
04-15 16:15:08.034 475 475 I BootAnimation: boot animation disabled
04-15 16:15:08.691 0 0 I init : Service 'bootanim' (pid 475) exited with status 0 oneshot service took 8.952000 seconds in background
04-15 16:15:08.691 0 0 I init : Sending signal 9 to service 'bootanim' (pid 475) process group...
04-15 16:15:08.698 417 417 I cameraserver: ServiceManager: 0x7b68595a2a20
04-15 16:15:08.716 0 0 I libprocessgroup: Successfully killed process cgroup uid 1003 pid 475 in 0ms
04-15 16:15:08.744 417 417 I CameraService: CameraService started (pid=417)
04-15 16:15:08.745 417 417 I CameraService: CameraService process starting
04-15 16:15:08.776 417 417 W BatteryNotifier: batterystats service unavailable!
04-15 16:15:08.785 417 417 W BatteryNotifier: batterystats service unavailable!
04-15 16:15:08.930 417 417 I cameraserver: Connecting to new camera provider: internal/0, isRemote? 1
04-15 16:15:08.946 417 417 W BpBinder: Linking to death on android.hardware.camera.provider.ICameraProvider but there are no threads (yet?) listening to incoming transactions. See ProcessState::startThreadPool and ProcessState::setThreadPoolMaxThreadCount. Generally you should setup the binder threadpool before other initialization steps.
04-15 16:15:09.105 417 417 I CameraProviderManager: Enumerating new camera device: device@1.1/internal/1
04-15 16:15:09.137 336 336 W StreamConfigurationMap: StreamConfigurationMap: ANDROID_SCALER_AVAILABLE_STREAM_CONFIGURATIONS missing, maxResolution ? true!
04-15 16:15:09.138 336 336 W StreamConfigurationMap: StreamConfigurationMap: ANDROID_SCALER_AVAILABLE_MIN_FRAME_DURATIONS missing!, max resolution ? true
04-15 16:15:09.139 336 336 W StreamConfigurationMap: StreamConfigurationMap: ANDROID_SCALER_AVAILABLE_STALL_DURATIONS missing! maxResolution ? true
04-15 16:15:09.140 336 336 I EmulatedCameraDeviceHwlImpl: Create: Created EmulatedCameraDeviceHwlImpl for camera 1
04-15 16:15:09.142 336 336 D GCH_Utils: FindLibraryPaths: Unable to open directory /vendor/lib64/camera/capture_sessions/ (No such file or directory)
04-15 16:15:09.143 336 336 I GCH_CameraDevice: Create: Created a camera device for public(1)
04-15 16:15:09.334 417 417 W CameraProviderManager: Camera provider internal/0 says an unknown camera device@1.1/internal/1 now has torch status 1. Curious.
04-15 16:15:09.375 417 417 I CameraProviderManager: Camera provider internal/0 ready with 1 camera devices
04-15 16:15:09.473 417 417 I cameraserver: Connecting to new camera provider: internal/1, isRemote? 1
04-15 16:15:09.481 417 417 W BpBinder: Linking to death on android.hardware.camera.provider.ICameraProvider but there are no threads (yet?) listening to incoming transactions. See ProcessState::startThreadPool and ProcessState::setThreadPoolMaxThreadCount. Generally you should setup the binder threadpool before other initialization steps.
04-15 16:15:09.623 417 417 I CameraProviderManager: Camera provider internal/1 ready with 0 camera devices
04-15 16:15:09.626 417 417 I CameraService: onDeviceStatusChanged: Status changed for cameraId=1, newStatus=1
04-15 16:15:09.627 417 417 I CameraService: onDeviceStatusChanged: Unknown camera ID 1, a new camera is added
04-15 16:15:09.915 417 417 I HidlServiceManagement: Registered android.frameworks.cameraservice.service@2.2::ICameraService/default
04-15 16:15:10.037 328 328 D Zygote : begin preload
04-15 16:15:10.038 328 328 I Zygote : Calling ZygoteHooks.beginPreload()
04-15 16:15:10.149 0 0 I servicemanager: Found android.frameworks.cameraservice.service.ICameraService/default in framework VINTF manifest.
04-15 16:15:10.231 0 0 I servicemanager: Found android.frameworks.cameraservice.service.ICameraService/default in framework VINTF manifest.
04-15 16:15:10.382 417 417 I CameraService: CameraService pinged cameraservice proxy
04-15 16:15:10.400 417 417 I cameraserver: ServiceManager: 0x7b68595a2a20 done instantiate
04-15 16:15:10.803 417 417 W CameraProviderManager: addAidlProviderLocked: Camera provider HAL with name 'android.hardware.camera.provider.ICameraProvider/internal/0' already registered
04-15 16:15:11.020 328 328 V Zygote64Timing: BeginPreload took to complete: 980ms
04-15 16:15:11.021 328 328 I Zygote : Preloading classes...
04-15 16:15:11.051 417 526 W CameraProviderManager: addAidlProviderLocked: Camera provider HAL with name 'android.hardware.camera.provider.ICameraProvider/internal/1' already registered
04-15 16:15:11.134 394 438 D RenderEngine: Shader cache generated 92 shaders in 11333.758789 ms
04-15 16:15:11.178 446 509 W ServiceManagerCppClient: Service package_native didn't start. Returning NULL
04-15 16:15:11.178 446 509 E storaged: getService package_native failed
04-15 16:15:11.595 328 513 I zygote64: Background verification of 152 classes from boot classpath took 570.576ms
04-15 16:15:11.795 328 328 W Zygote : Class not found for preloading: android.content.res.AssetFileDescriptor$AutoCloseInputStream$OffsetCorrectFileChannel
04-15 16:15:11.820 328 328 I Typeface: Preloading /system/fonts/Roboto-Regular.ttf
04-15 16:15:11.821 328 328 I Typeface: Preloading /system/fonts/RobotoStatic-Regular.ttf
04-15 16:15:11.835 328 328 W System : No Compatibility callbacks set! Querying change 247079863
04-15 16:15:11.842 328 328 W System : No Compatibility callbacks set! Querying change 247079863
04-15 16:15:11.843 328 328 W System : No Compatibility callbacks set! Querying change 247079863
04-15 16:15:11.845 328 328 W System : No Compatibility callbacks set! Querying change 247079863
04-15 16:15:11.845 328 328 W System : No Compatibility callbacks set! Querying change 247079863
04-15 16:15:11.846 328 328 W System : No Compatibility callbacks set! Querying change 247079863
04-15 16:15:11.846 328 328 W System : No Compatibility callbacks set! Querying change 247079863
04-15 16:15:11.847 328 328 W System : No Compatibility callbacks set! Querying change 247079863
04-15 16:15:11.847 328 328 W System : No Compatibility callbacks set! Querying change 247079863
04-15 16:15:11.850 328 328 W System : No Compatibility callbacks set! Querying change 247079863
04-15 16:15:11.850 328 328 W System : No Compatibility callbacks set! Querying change 247079863
04-15 16:15:11.851 328 328 W System : No Compatibility callbacks set! Querying change 247079863
04-15 16:15:11.852 328 328 W System : No Compatibility callbacks set! Querying change 247079863
04-15 16:15:11.853 328 328 W System : No Compatibility callbacks set! Querying change 247079863
04-15 16:15:11.853 328 328 W System : No Compatibility callbacks set! Querying change 247079863
04-15 16:15:11.854 328 328 W System : No Compatibility callbacks set! Querying change 247079863
04-15 16:15:11.854 328 328 W System : No Compatibility callbacks set! Querying change 247079863
04-15 16:15:11.854 328 328 W System : No Compatibility callbacks set! Querying change 247079863
04-15 16:15:11.858 328 328 W System : No Compatibility callbacks set! Querying change 247079863
04-15 16:15:11.858 328 328 W System : No Compatibility callbacks set! Querying change 247079863
04-15 16:15:11.859 328 328 W System : No Compatibility callbacks set! Querying change 247079863
04-15 16:15:11.859 328 328 W System : No Compatibility callbacks set! Querying change 247079863
04-15 16:15:11.863 328 328 W System : No Compatibility callbacks set! Querying change 247079863
04-15 16:15:11.865 328 328 W System : No Compatibility callbacks set! Querying change 247079863
04-15 16:15:11.865 328 328 W System : No Compatibility callbacks set! Querying change 247079863
04-15 16:15:11.865 328 328 W System : No Compatibility callbacks set! Querying change 247079863
04-15 16:15:11.866 328 328 W System : No Compatibility callbacks set! Querying change 247079863
04-15 16:15:11.866 328 328 W System : No Compatibility callbacks set! Querying change 247079863
04-15 16:15:11.867 328 328 W System : No Compatibility callbacks set! Querying change 247079863
04-15 16:15:11.867 328 328 W System : No Compatibility callbacks set! Querying change 247079863
04-15 16:15:11.871 328 328 W System : No Compatibility callbacks set! Querying change 247079863
04-15 16:15:11.873 328 328 W System : No Compatibility callbacks set! Querying change 247079863
04-15 16:15:11.874 328 328 W System : No Compatibility callbacks set! Querying change 247079863
04-15 16:15:11.874 328 328 W System : No Compatibility callbacks set! Querying change 247079863
04-15 16:15:11.875 328 328 W System : No Compatibility callbacks set! Querying change 247079863
04-15 16:15:11.875 328 328 W System : No Compatibility callbacks set! Querying change 247079863
04-15 16:15:11.879 328 328 W System : No Compatibility callbacks set! Querying change 247079863
04-15 16:15:11.881 328 328 W System : No Compatibility callbacks set! Querying change 247079863
04-15 16:15:11.885 328 328 W System : No Compatibility callbacks set! Querying change 247079863
04-15 16:15:11.885 328 328 W System : No Compatibility callbacks set! Querying change 247079863
04-15 16:15:11.886 328 328 W System : No Compatibility callbacks set! Querying change 247079863
04-15 16:15:11.887 328 328 W System : No Compatibility callbacks set! Querying change 247079863
04-15 16:15:11.887 328 328 W System : No Compatibility callbacks set! Querying change 247079863
04-15 16:15:11.890 328 328 W System : No Compatibility callbacks set! Querying change 247079863
04-15 16:15:11.891 328 328 W System : No Compatibility callbacks set! Querying change 247079863
04-15 16:15:11.891 328 328 W System : No Compatibility callbacks set! Querying change 247079863
04-15 16:15:11.891 328 328 W System : No Compatibility callbacks set! Querying change 247079863
04-15 16:15:11.891 328 328 W System : No Compatibility callbacks set! Querying change 247079863
04-15 16:15:11.893 328 328 W System : No Compatibility callbacks set! Querying change 247079863
04-15 16:15:11.893 328 328 W System : No Compatibility callbacks set! Querying change 247079863
04-15 16:15:11.894 328 328 W System : No Compatibility callbacks set! Querying change 247079863
04-15 16:15:11.894 328 328 W System : No Compatibility callbacks set! Querying change 247079863
04-15 16:15:11.895 328 328 W System : No Compatibility callbacks set! Querying change 247079863
04-15 16:15:11.895 328 328 W System : No Compatibility callbacks set! Querying change 247079863
04-15 16:15:11.895 328 328 W System : No Compatibility callbacks set! Querying change 247079863
04-15 16:15:11.895 328 328 W System : No Compatibility callbacks set! Querying change 247079863
04-15 16:15:11.899 328 328 W System : No Compatibility callbacks set! Querying change 247079863
04-15 16:15:11.899 328 328 W System : No Compatibility callbacks set! Querying change 247079863
04-15 16:15:11.899 328 328 W System : No Compatibility callbacks set! Querying change 247079863
04-15 16:15:11.902 328 328 W System : No Compatibility callbacks set! Querying change 247079863
04-15 16:15:11.902 328 328 W System : No Compatibility callbacks set! Querying change 247079863
04-15 16:15:11.903 328 328 W System : No Compatibility callbacks set! Querying change 247079863
04-15 16:15:11.903 328 328 W System : No Compatibility callbacks set! Querying change 247079863
04-15 16:15:11.903 328 328 W System : No Compatibility callbacks set! Querying change 247079863
04-15 16:15:11.903 328 328 W System : No Compatibility callbacks set! Querying change 247079863
04-15 16:15:11.906 328 328 W System : No Compatibility callbacks set! Querying change 247079863
04-15 16:15:11.906 328 328 W System : No Compatibility callbacks set! Querying change 247079863
04-15 16:15:11.906 328 328 W System : No Compatibility callbacks set! Querying change 247079863
04-15 16:15:11.906 328 328 W System : No Compatibility callbacks set! Querying change 247079863
04-15 16:15:11.907 328 328 W System : No Compatibility callbacks set! Querying change 247079863
04-15 16:15:11.907 328 328 W System : No Compatibility callbacks set! Querying change 247079863
04-15 16:15:11.911 328 328 W System : No Compatibility callbacks set! Querying change 247079863
04-15 16:15:11.911 328 328 W System : No Compatibility callbacks set! Querying change 247079863
04-15 16:15:11.913 328 328 W System : No Compatibility callbacks set! Querying change 247079863
04-15 16:15:11.913 328 328 W System : No Compatibility callbacks set! Querying change 247079863
04-15 16:15:11.913 328 328 W System : No Compatibility callbacks set! Querying change 247079863
04-15 16:15:11.913 328 328 W System : No Compatibility callbacks set! Querying change 247079863
04-15 16:15:11.914 328 328 W System : No Compatibility callbacks set! Querying change 247079863
04-15 16:15:11.914 328 328 W System : No Compatibility callbacks set! Querying change 247079863
04-15 16:15:11.914 328 328 W System : No Compatibility callbacks set! Querying change 247079863
04-15 16:15:11.914 328 328 W System : No Compatibility callbacks set! Querying change 247079863
04-15 16:15:11.915 328 328 W System : No Compatibility callbacks set! Querying change 247079863
04-15 16:15:11.915 328 328 W System : No Compatibility callbacks set! Querying change 247079863
04-15 16:15:11.915 328 328 W System : No Compatibility callbacks set! Querying change 247079863
04-15 16:15:11.918 328 328 W System : No Compatibility callbacks set! Querying change 247079863
04-15 16:15:11.919 328 328 W System : No Compatibility callbacks set! Querying change 247079863
04-15 16:15:11.919 328 328 W System : No Compatibility callbacks set! Querying change 247079863
04-15 16:15:11.919 328 328 W System : No Compatibility callbacks set! Querying change 247079863
04-15 16:15:11.919 328 328 W System : No Compatibility callbacks set! Querying change 247079863
04-15 16:15:11.922 328 328 W System : No Compatibility callbacks set! Querying change 247079863
04-15 16:15:11.922 328 328 W System : No Compatibility callbacks set! Querying change 247079863
04-15 16:15:11.922 328 328 W System : No Compatibility callbacks set! Querying change 247079863
04-15 16:15:11.923 328 328 W System : No Compatibility callbacks set! Querying change 247079863
04-15 16:15:11.923 328 328 W System : No Compatibility callbacks set! Querying change 247079863
04-15 16:15:11.923 328 328 W System : No Compatibility callbacks set! Querying change 247079863
04-15 16:15:11.926 328 328 W System : No Compatibility callbacks set! Querying change 247079863
04-15 16:15:11.926 328 328 W System : No Compatibility callbacks set! Querying change 247079863
04-15 16:15:11.926 328 328 W System : No Compatibility callbacks set! Querying change 247079863
04-15 16:15:11.926 328 328 W System : No Compatibility callbacks set! Querying change 247079863
04-15 16:15:11.927 328 328 W System : No Compatibility callbacks set! Querying change 247079863
04-15 16:15:11.927 328 328 W System : No Compatibility callbacks set! Querying change 247079863
04-15 16:15:11.929 328 328 W System : No Compatibility callbacks set! Querying change 247079863
04-15 16:15:11.929 328 328 W System : No Compatibility callbacks set! Querying change 247079863
04-15 16:15:11.930 328 328 W System : No Compatibility callbacks set! Querying change 247079863
04-15 16:15:11.931 328 328 W System : No Compatibility callbacks set! Querying change 247079863
04-15 16:15:11.932 328 328 W System : No Compatibility callbacks set! Querying change 247079863
04-15 16:15:11.933 328 328 W System : No Compatibility callbacks set! Querying change 247079863
04-15 16:15:11.933 328 328 W System : No Compatibility callbacks set! Querying change 247079863
04-15 16:15:11.934 328 328 W System : No Compatibility callbacks set! Querying change 247079863
04-15 16:15:11.934 328 328 W System : No Compatibility callbacks set! Querying change 247079863
04-15 16:15:11.934 328 328 W System : No Compatibility callbacks set! Querying change 247079863
04-15 16:15:11.938 328 328 W System : No Compatibility callbacks set! Querying change 247079863
04-15 16:15:11.938 328 328 W System : No Compatibility callbacks set! Querying change 247079863
04-15 16:15:11.939 328 328 W System : No Compatibility callbacks set! Querying change 247079863
04-15 16:15:11.939 328 328 W System : No Compatibility callbacks set! Querying change 247079863
04-15 16:15:11.941 328 328 W System : No Compatibility callbacks set! Querying change 247079863
04-15 16:15:11.941 328 328 W System : No Compatibility callbacks set! Querying change 247079863
04-15 16:15:11.941 328 328 W System : No Compatibility callbacks set! Querying change 247079863
04-15 16:15:11.941 328 328 W System : No Compatibility callbacks set! Querying change 247079863
04-15 16:15:11.942 328 328 W System : No Compatibility callbacks set! Querying change 247079863
04-15 16:15:11.942 328 328 W System : No Compatibility callbacks set! Querying change 247079863
04-15 16:15:11.942 328 328 W System : No Compatibility callbacks set! Querying change 247079863
04-15 16:15:11.943 328 328 W System : No Compatibility callbacks set! Querying change 247079863
04-15 16:15:11.943 328 328 W System : No Compatibility callbacks set! Querying change 247079863
04-15 16:15:11.946 328 328 W System : No Compatibility callbacks set! Querying change 247079863
04-15 16:15:11.946 328 328 W System : No Compatibility callbacks set! Querying change 247079863
04-15 16:15:11.946 328 328 W System : No Compatibility callbacks set! Querying change 247079863
04-15 16:15:11.947 328 328 W System : No Compatibility callbacks set! Querying change 247079863
04-15 16:15:11.947 328 328 W System : No Compatibility callbacks set! Querying change 247079863
04-15 16:15:11.949 328 328 W System : No Compatibility callbacks set! Querying change 247079863
04-15 16:15:11.950 328 328 W System : No Compatibility callbacks set! Querying change 247079863
04-15 16:15:11.950 328 328 W System : No Compatibility callbacks set! Querying change 247079863
04-15 16:15:11.950 328 328 W System : No Compatibility callbacks set! Querying change 247079863
04-15 16:15:11.950 328 328 W System : No Compatibility callbacks set! Querying change 247079863
04-15 16:15:11.951 328 328 W System : No Compatibility callbacks set! Querying change 247079863
04-15 16:15:11.952 328 328 W System : No Compatibility callbacks set! Querying change 247079863
04-15 16:15:11.952 328 328 W System : No Compatibility callbacks set! Querying change 247079863
04-15 16:15:11.952 328 328 W System : No Compatibility callbacks set! Querying change 247079863
04-15 16:15:11.952 328 328 W System : No Compatibility callbacks set! Querying change 247079863
04-15 16:15:11.953 328 328 W System : No Compatibility callbacks set! Querying change 247079863
04-15 16:15:11.953 328 328 W System : No Compatibility callbacks set! Querying change 247079863
04-15 16:15:11.953 328 328 W System : No Compatibility callbacks set! Querying change 247079863
04-15 16:15:11.954 328 328 W System : No Compatibility callbacks set! Querying change 247079863
04-15 16:15:11.954 328 328 W System : No Compatibility callbacks set! Querying change 247079863
04-15 16:15:11.954 328 328 W System : No Compatibility callbacks set! Querying change 247079863
04-15 16:15:11.955 328 328 W System : No Compatibility callbacks set! Querying change 247079863
04-15 16:15:11.955 328 328 W System : No Compatibility callbacks set! Querying change 247079863
04-15 16:15:11.955 328 328 W System : No Compatibility callbacks set! Querying change 247079863
04-15 16:15:11.955 328 328 W System : No Compatibility callbacks set! Querying change 247079863
04-15 16:15:11.961 328 328 W System : No Compatibility callbacks set! Querying change 247079863
04-15 16:15:11.961 328 328 W System : No Compatibility callbacks set! Querying change 247079863
04-15 16:15:11.961 328 328 W System : No Compatibility callbacks set! Querying change 247079863
04-15 16:15:11.961 328 328 W System : No Compatibility callbacks set! Querying change 247079863
04-15 16:15:11.962 328 328 W System : No Compatibility callbacks set! Querying change 247079863
04-15 16:15:11.962 328 328 W System : No Compatibility callbacks set! Querying change 247079863
04-15 16:15:11.964 328 328 W System : No Compatibility callbacks set! Querying change 247079863
04-15 16:15:11.964 328 328 W System : No Compatibility callbacks set! Querying change 247079863
04-15 16:15:11.965 328 328 W System : No Compatibility callbacks set! Querying change 247079863
04-15 16:15:11.965 328 328 W System : No Compatibility callbacks set! Querying change 247079863
04-15 16:15:11.965 328 328 W System : No Compatibility callbacks set! Querying change 247079863
04-15 16:15:11.965 328 328 W System : No Compatibility callbacks set! Querying change 247079863
04-15 16:15:11.966 328 328 W System : No Compatibility callbacks set! Querying change 247079863
04-15 16:15:11.966 328 328 W System : No Compatibility callbacks set! Querying change 247079863
04-15 16:15:11.967 328 328 W System : No Compatibility callbacks set! Querying change 247079863
04-15 16:15:11.967 328 328 W System : No Compatibility callbacks set! Querying change 247079863
04-15 16:15:11.970 328 328 W System : No Compatibility callbacks set! Querying change 247079863
04-15 16:15:11.971 328 328 W System : No Compatibility callbacks set! Querying change 247079863
04-15 16:15:11.971 328 328 W System : No Compatibility callbacks set! Querying change 247079863
04-15 16:15:11.971 328 328 W System : No Compatibility callbacks set! Querying change 247079863
04-15 16:15:11.973 328 328 W System : No Compatibility callbacks set! Querying change 247079863
04-15 16:15:11.973 328 328 W System : No Compatibility callbacks set! Querying change 247079863
04-15 16:15:11.973 328 328 W System : No Compatibility callbacks set! Querying change 247079863
04-15 16:15:11.974 328 328 W System : No Compatibility callbacks set! Querying change 247079863
04-15 16:15:11.974 328 328 W System : No Compatibility callbacks set! Querying change 247079863
04-15 16:15:11.974 328 328 W System : No Compatibility callbacks set! Querying change 247079863
04-15 16:15:11.975 328 328 W System : No Compatibility callbacks set! Querying change 247079863
04-15 16:15:11.975 328 328 W System : No Compatibility callbacks set! Querying change 247079863
04-15 16:15:11.975 328 328 W System : No Compatibility callbacks set! Querying change 247079863
04-15 16:15:11.975 328 328 W System : No Compatibility callbacks set! Querying change 247079863
04-15 16:15:11.975 328 328 W System : No Compatibility callbacks set! Querying change 247079863
04-15 16:15:11.975 328 328 W System : No Compatibility callbacks set! Querying change 247079863
04-15 16:15:11.979 328 328 W System : No Compatibility callbacks set! Querying change 247079863
04-15 16:15:11.979 328 328 W System : No Compatibility callbacks set! Querying change 247079863
04-15 16:15:11.979 328 328 W System : No Compatibility callbacks set! Querying change 247079863
04-15 16:15:11.981 328 328 W System : No Compatibility callbacks set! Querying change 247079863
04-15 16:15:11.982 328 328 W System : No Compatibility callbacks set! Querying change 247079863
04-15 16:15:11.982 328 328 W System : No Compatibility callbacks set! Querying change 247079863
04-15 16:15:11.982 328 328 W System : No Compatibility callbacks set! Querying change 247079863
04-15 16:15:11.982 328 328 W System : No Compatibility callbacks set! Querying change 247079863
04-15 16:15:11.983 328 328 W System : No Compatibility callbacks set! Querying change 247079863
04-15 16:15:11.983 328 328 W System : No Compatibility callbacks set! Querying change 247079863
04-15 16:15:11.983 328 328 W System : No Compatibility callbacks set! Querying change 247079863
04-15 16:15:11.983 328 328 W System : No Compatibility callbacks set! Querying change 247079863
04-15 16:15:11.985 328 328 W System : No Compatibility callbacks set! Querying change 247079863
04-15 16:15:11.985 328 328 W System : No Compatibility callbacks set! Querying change 247079863
04-15 16:15:11.985 328 328 W System : No Compatibility callbacks set! Querying change 247079863
04-15 16:15:11.986 328 328 W System : No Compatibility callbacks set! Querying change 247079863
04-15 16:15:11.986 328 328 W System : No Compatibility callbacks set! Querying change 247079863
04-15 16:15:11.986 328 328 W System : No Compatibility callbacks set! Querying change 247079863
04-15 16:15:11.987 328 328 W System : No Compatibility callbacks set! Querying change 247079863
04-15 16:15:11.987 328 328 W System : No Compatibility callbacks set! Querying change 247079863
04-15 16:15:11.987 328 328 W System : No Compatibility callbacks set! Querying change 247079863
04-15 16:15:11.992 328 328 W System : No Compatibility callbacks set! Querying change 247079863
04-15 16:15:11.993 328 328 W System : No Compatibility callbacks set! Querying change 247079863
04-15 16:15:11.993 328 328 W System : No Compatibility callbacks set! Querying change 247079863
04-15 16:15:11.993 328 328 W System : No Compatibility callbacks set! Querying change 247079863
04-15 16:15:11.994 328 328 W System : No Compatibility callbacks set! Querying change 247079863
04-15 16:15:11.994 328 328 W System : No Compatibility callbacks set! Querying change 247079863
04-15 16:15:11.994 328 328 W System : No Compatibility callbacks set! Querying change 247079863
04-15 16:15:11.995 328 328 W System : No Compatibility callbacks set! Querying change 247079863
04-15 16:15:11.995 328 328 W System : No Compatibility callbacks set! Querying change 247079863
04-15 16:15:11.995 328 328 W System : No Compatibility callbacks set! Querying change 247079863
04-15 16:15:11.995 328 328 W System : No Compatibility callbacks set! Querying change 247079863
04-15 16:15:11.995 328 328 W System : No Compatibility callbacks set! Querying change 247079863
04-15 16:15:11.999 328 328 W System : No Compatibility callbacks set! Querying change 247079863
04-15 16:15:11.999 328 328 W System : No Compatibility callbacks set! Querying change 247079863
04-15 16:15:11.999 328 328 W System : No Compatibility callbacks set! Querying change 247079863
04-15 16:15:12.001 328 328 W System : No Compatibility callbacks set! Querying change 247079863
04-15 16:15:12.002 328 328 W System : No Compatibility callbacks set! Querying change 247079863
04-15 16:15:12.002 328 328 W System : No Compatibility callbacks set! Querying change 247079863
04-15 16:15:12.002 328 328 W System : No Compatibility callbacks set! Querying change 247079863
04-15 16:15:12.002 328 328 W System : No Compatibility callbacks set! Querying change 247079863
04-15 16:15:12.003 328 328 W System : No Compatibility callbacks set! Querying change 247079863
04-15 16:15:12.003 328 328 W System : No Compatibility callbacks set! Querying change 247079863
04-15 16:15:12.005 328 328 W System : No Compatibility callbacks set! Querying change 247079863
04-15 16:15:12.006 328 328 W System : No Compatibility callbacks set! Querying change 247079863
04-15 16:15:12.006 328 328 W System : No Compatibility callbacks set! Querying change 247079863
04-15 16:15:12.007 328 328 W System : No Compatibility callbacks set! Querying change 247079863
04-15 16:15:12.007 328 328 W System : No Compatibility callbacks set! Querying change 247079863
04-15 16:15:12.007 328 328 W System : No Compatibility callbacks set! Querying change 247079863
04-15 16:15:12.007 328 328 W System : No Compatibility callbacks set! Querying change 247079863
04-15 16:15:12.007 328 328 W System : No Compatibility callbacks set! Querying change 247079863
04-15 16:15:12.010 328 328 W System : No Compatibility callbacks set! Querying change 247079863
04-15 16:15:12.010 328 328 W System : No Compatibility callbacks set! Querying change 247079863
04-15 16:15:12.011 328 328 W System : No Compatibility callbacks set! Querying change 247079863
04-15 16:15:12.011 328 328 W System : No Compatibility callbacks set! Querying change 247079863
04-15 16:15:12.014 328 328 W System : No Compatibility callbacks set! Querying change 247079863
04-15 16:15:12.015 328 328 W System : No Compatibility callbacks set! Querying change 247079863
04-15 16:15:12.015 328 328 W System : No Compatibility callbacks set! Querying change 247079863
04-15 16:15:12.015 328 328 W System : No Compatibility callbacks set! Querying change 247079863
04-15 16:15:12.017 328 328 W System : No Compatibility callbacks set! Querying change 247079863
04-15 16:15:12.018 328 328 W System : No Compatibility callbacks set! Querying change 247079863
04-15 16:15:12.019 328 328 W System : No Compatibility callbacks set! Querying change 247079863
04-15 16:15:12.019 328 328 W System : No Compatibility callbacks set! Querying change 247079863
04-15 16:15:12.019 328 328 W System : No Compatibility callbacks set! Querying change 247079863
04-15 16:15:12.021 328 328 W System : No Compatibility callbacks set! Querying change 247079863
04-15 16:15:12.022 328 328 W System : No Compatibility callbacks set! Querying change 247079863
04-15 16:15:12.022 328 328 W System : No Compatibility callbacks set! Querying change 247079863
04-15 16:15:12.023 328 328 W System : No Compatibility callbacks set! Querying change 247079863
04-15 16:15:12.023 328 328 W System : No Compatibility callbacks set! Querying change 247079863
04-15 16:15:12.023 328 328 W System : No Compatibility callbacks set! Querying change 247079863
04-15 16:15:12.023 328 328 W System : No Compatibility callbacks set! Querying change 247079863
04-15 16:15:12.026 328 328 W System : No Compatibility callbacks set! Querying change 247079863
04-15 16:15:12.026 328 328 W System : No Compatibility callbacks set! Querying change 247079863
04-15 16:15:12.026 328 328 W System : No Compatibility callbacks set! Querying change 247079863
04-15 16:15:12.026 328 328 W System : No Compatibility callbacks set! Querying change 247079863
04-15 16:15:12.027 328 328 W System : No Compatibility callbacks set! Querying change 247079863
04-15 16:15:12.027 328 328 W System : No Compatibility callbacks set! Querying change 247079863
04-15 16:15:12.027 328 328 W System : No Compatibility callbacks set! Querying change 247079863
04-15 16:15:12.030 328 328 W System : No Compatibility callbacks set! Querying change 247079863
04-15 16:15:12.030 328 328 W System : No Compatibility callbacks set! Querying change 247079863
04-15 16:15:12.030 328 328 W System : No Compatibility callbacks set! Querying change 247079863
04-15 16:15:12.031 328 328 W System : No Compatibility callbacks set! Querying change 247079863
04-15 16:15:12.031 328 328 W System : No Compatibility callbacks set! Querying change 247079863
04-15 16:15:12.033 328 328 W System : No Compatibility callbacks set! Querying change 247079863
04-15 16:15:12.033 328 328 W System : No Compatibility callbacks set! Querying change 247079863
04-15 16:15:12.034 328 328 W System : No Compatibility callbacks set! Querying change 247079863
04-15 16:15:12.034 328 328 W System : No Compatibility callbacks set! Querying change 247079863
04-15 16:15:12.036 328 328 W System : No Compatibility callbacks set! Querying change 247079863
04-15 16:15:12.036 328 328 W System : No Compatibility callbacks set! Querying change 247079863
04-15 16:15:12.037 328 328 W System : No Compatibility callbacks set! Querying change 247079863
04-15 16:15:12.037 328 328 W System : No Compatibility callbacks set! Querying change 247079863
04-15 16:15:12.037 328 328 W System : No Compatibility callbacks set! Querying change 247079863
04-15 16:15:12.037 328 328 W System : No Compatibility callbacks set! Querying change 247079863
04-15 16:15:12.038 328 328 W System : No Compatibility callbacks set! Querying change 247079863
04-15 16:15:12.040 328 328 W System : No Compatibility callbacks set! Querying change 247079863
04-15 16:15:12.041 328 328 W System : No Compatibility callbacks set! Querying change 247079863
04-15 16:15:12.042 328 328 W System : No Compatibility callbacks set! Querying change 247079863
04-15 16:15:12.042 328 328 W System : No Compatibility callbacks set! Querying change 247079863
