04-15 16:15:28.698 534 591 W PackageParsing: No actions in intent-filter at /system/app/CarrierDefaultApp/CarrierDefaultApp.apk Binary XML file line #45
04-15 16:15:28.699 534 591 W PackageParsing: No actions in intent-filter at /system/app/CarrierDefaultApp/CarrierDefaultApp.apk Binary XML file line #70
04-15 16:15:28.753 534 534 I PackageManager: /system/app/PrintSpooler changed; collecting certs
04-15 16:15:28.777 534 592 I PackageParsing: Parse times for '/system/app/CertInstaller': parse=135ms, update_cache=10 ms
04-15 16:15:28.831 534 594 I PackageParsing: Parse times for '/system/app/CompanionDeviceManager': parse=176ms, update_cache=2 ms
04-15 16:15:28.848 534 534 I PackageManager: /system/app/NfcNci changed; collecting certs
04-15 16:15:28.861 534 534 W PackageManager: Adding duplicate shared id: 1027 name=com.android.nfc
04-15 16:15:28.877 534 534 I PackageManager: /system/app/CaptivePortalLogin changed; collecting certs
04-15 16:15:28.904 534 593 I PackageParsing: Parse times for '/system/app/KeyChain': parse=154ms, update_cache=34 ms
04-15 16:15:28.962 534 594 I PackageParsing: Parse times for '/system/app/EasterEgg': parse=108ms, update_cache=4 ms
04-15 16:15:29.007 534 534 I PackageManager: /system/app/ExtShared changed; collecting certs
04-15 16:15:29.024 534 592 I PackageParsing: Parse times for '/system/app/Stk': parse=192ms, update_cache=7 ms
04-15 16:15:29.079 534 534 I PackageManager: /system/app/PrintRecommendationService changed; collecting certs
04-15 16:15:29.111 534 534 I PackageManager: /system/app/CarrierDefaultApp changed; collecting certs
04-15 16:15:29.151 534 534 I PackageManager: /system/app/CertInstaller changed; collecting certs
04-15 16:15:29.161 534 592 I PackageParsing: Parse times for '/system/app/Traceur': parse=130ms, update_cache=5 ms
04-15 16:15:29.171 534 534 I PackageManager: /system/app/WallpaperBackup changed; collecting certs
04-15 16:15:29.180 534 534 W PackageManager: Adding duplicate shared id: 1000 name=com.android.wallpaperbackup
04-15 16:15:29.185 534 534 I PackageManager: /system/app/PartnerBookmarksProvider changed; collecting certs
04-15 16:15:29.202 534 534 I PackageManager: /system/app/CompanionDeviceManager changed; collecting certs
04-15 16:15:29.229 534 534 I PackageManager: /system/app/SecureElement changed; collecting certs
04-15 16:15:29.246 534 534 W PackageManager: Adding duplicate shared id: 1068 name=com.android.se
04-15 16:15:29.258 534 534 I PackageManager: /system/app/KeyChain changed; collecting certs
04-15 16:15:29.295 534 534 W PackageManager: Adding duplicate shared id: 1000 name=com.android.keychain
04-15 16:15:29.323 534 534 I PackageManager: /system/app/EasterEgg changed; collecting certs
04-15 16:15:29.358 534 534 I PackageManager: /system/app/BasicDreams changed; collecting certs
04-15 16:15:29.396 534 534 I PackageManager: /system/app/BluetoothMidiService changed; collecting certs
04-15 16:15:29.426 534 534 I PackageManager: /system/app/Stk changed; collecting certs
04-15 16:15:29.437 534 534 W PackageManager: Adding duplicate shared id: 1001 name=com.android.stk
04-15 16:15:29.442 534 534 I PackageManager: /system/app/BookmarkProvider changed; collecting certs
04-15 16:15:29.457 534 534 I PackageManager: /system/app/HTMLViewer changed; collecting certs
04-15 16:15:29.471 534 534 I PackageManager: /system/app/PacProcessor changed; collecting certs
04-15 16:15:29.494 534 545 I system_server: Background concurrent copying GC freed 191763(13MB) AllocSpace objects, 120(5776KB) LOS objects, 49% free, 5544KB/10MB, paused 2.395ms,247us total 296.058ms
04-15 16:15:29.507 534 534 I PackageManager: /system/app/Traceur changed; collecting certs
04-15 16:15:29.536 534 534 D PackageManager: No files in app dir /vendor/priv-app
04-15 16:15:29.538 534 534 D PackageManager: No files in app dir /vendor/app
04-15 16:15:29.539 534 534 D PackageManager: No files in app dir /odm/priv-app
04-15 16:15:29.541 534 534 D PackageManager: No files in app dir /odm/app
04-15 16:15:29.542 534 534 D PackageManager: No files in app dir /oem/app
04-15 16:15:29.709 534 594 I PackageParsing: Parse times for '/product/priv-app/ImsServiceEntitlement': parse=88ms, update_cache=51 ms
04-15 16:15:29.711 534 534 I PackageManager: /product/priv-app/ImsServiceEntitlement changed; collecting certs
04-15 16:15:29.802 534 593 I PackageParsing: Parse times for '/product/priv-app/SettingsIntelligence': parse=226ms, update_cache=10 ms
04-15 16:15:29.808 534 592 W PackageParsing: Ignoring duplicate uses-permissions/uses-permissions-sdk-m: android.permission.POST_NOTIFICATIONS in package: com.android.dialer at: Binary XML file line #65
04-15 16:15:29.809 534 592 W PackageParsing: Unknown element under : meta-data at /product/priv-app/Dialer/Dialer.apk Binary XML file line #122
04-15 16:15:29.810 534 534 I PackageManager: /product/priv-app/SettingsIntelligence changed; collecting certs
04-15 16:15:29.850 534 591 W PackageParsing: No actions in intent-filter at /product/priv-app/Contacts/Contacts.apk Binary XML file line #562
04-15 16:15:29.867 534 591 I PackageParsing: Parse times for '/product/priv-app/Contacts': parse=288ms, update_cache=13 ms
04-15 16:15:29.873 534 534 I PackageManager: /product/priv-app/Contacts changed; collecting certs
04-15 16:15:29.880 534 592 I PackageParsing: Parse times for '/product/priv-app/Dialer': parse=287ms, update_cache=21 ms
04-15 16:15:29.903 534 534 I PackageManager: /product/priv-app/Dialer changed; collecting certs
04-15 16:15:29.965 534 534 I PackageManager: /product/app/PhotoTable changed; collecting certs
04-15 16:15:30.027 534 534 I PackageManager: /product/app/ModuleMetadata changed; collecting certs
04-15 16:15:30.055 534 593 D CompatibilityChangeReporter: Compat change id reported: 150232615; UID -1; state: DISABLED
04-15 16:15:30.066 534 593 I PackageParsing: Parse times for '/product/app/WallpaperPicker': parse=93ms, update_cache=10 ms
04-15 16:15:30.081 534 594 I PackageParsing: Parse times for '/product/app/webview': parse=150ms, update_cache=9 ms
04-15 16:15:30.121 534 534 I PackageManager: /product/app/Calendar changed; collecting certs
04-15 16:15:30.165 534 534 I PackageManager: /product/app/Browser2 changed; collecting certs
04-15 16:15:30.182 534 592 I PackageParsing: Parse times for '/product/app/DeskClock': parse=111ms, update_cache=30 ms
04-15 16:15:30.224 534 594 I PackageParsing: Parse times for '/product/app/Gallery2': parse=117ms, update_cache=17 ms
04-15 16:15:30.237 534 534 I PackageManager: /product/app/WallpaperPicker changed; collecting certs
04-15 16:15:30.274 534 534 I PackageManager: /product/app/webview changed; collecting certs
04-15 16:15:30.295 534 593 I PackageParsing: Parse times for '/product/app/LatinIME': parse=135ms, update_cache=11 ms
04-15 16:15:30.306 534 592 I PackageParsing: Parse times for '/product/app/messaging': parse=113ms, update_cache=8 ms
04-15 16:15:30.311 534 534 I PackageManager: /product/app/Camera2 changed; collecting certs
04-15 16:15:30.323 534 534 I PackageManager: /product/app/Music changed; collecting certs
04-15 16:15:30.332 534 534 I PackageManager: /product/app/DeskClock changed; collecting certs
04-15 16:15:30.342 534 534 I PackageManager: /product/app/QuickSearchBox changed; collecting certs
04-15 16:15:30.351 534 534 I PackageManager: /product/app/Gallery2 changed; collecting certs
04-15 16:15:30.361 534 534 W PackageManager: Skipping provider name com.android.gallery3d.provider (in package com.android.gallery3d): name already used by com.android.gallery3d
04-15 16:15:30.363 534 534 I PackageManager: /product/app/messaging changed; collecting certs
04-15 16:15:30.374 534 534 I PackageManager: /product/app/LatinIME changed; collecting certs
04-15 16:15:30.415 534 534 I PackageManager: /system_ext/priv-app/SdkSetup changed; collecting certs
04-15 16:15:30.469 534 534 I PackageManager: /system_ext/priv-app/CarrierConfig changed; collecting certs
04-15 16:15:30.505 534 593 I PackageParsing: Parse times for '/system_ext/priv-app/Launcher3QuickStep': parse=107ms, update_cache=7 ms
04-15 16:15:30.575 534 591 W PackageParsing: Ignoring duplicate uses-permissions/uses-permissions-sdk-m: android.permission.CONFIGURE_WIFI_DISPLAY in package: com.android.systemui at: Binary XML file line #169
04-15 16:15:30.586 534 591 W PackageParsing: Ignoring duplicate uses-permissions/uses-permissions-sdk-m: android.permission.GET_RUNTIME_PERMISSIONS in package: com.android.systemui at: Binary XML file line #242
04-15 16:15:30.598 534 591 W PackageParsing: Ignoring duplicate uses-permissions/uses-permissions-sdk-m: android.permission.READ_DEVICE_CONFIG in package: com.android.systemui at: Binary XML file line #346
04-15 16:15:30.643 534 591 I PackageParsing: Parse times for '/system_ext/priv-app/SystemUI': parse=192ms, update_cache=6 ms
04-15 16:15:30.708 534 534 I PackageManager: /system_ext/priv-app/MultiDisplayProvider changed; collecting certs
04-15 16:15:30.752 534 534 W PackageManager: Adding duplicate shared id: 1000 name=com.android.emulator.multidisplay
04-15 16:15:30.759 534 534 I PackageManager: /system_ext/priv-app/Launcher3QuickStep changed; collecting certs
04-15 16:15:30.765 534 592 I PackageParsing: Parse times for '/system_ext/priv-app/StorageManager': parse=354ms, update_cache=15 ms
04-15 16:15:30.783 534 534 I PackageManager: /system_ext/priv-app/AccessibilityMenu changed; collecting certs
04-15 16:15:30.806 534 534 I PackageManager: /system_ext/priv-app/EmulatorRadioConfig changed; collecting certs
04-15 16:15:30.828 534 534 I PackageManager: /system_ext/priv-app/WallpaperCropper changed; collecting certs
04-15 16:15:30.849 534 534 I PackageManager: New shared user android.uid.systemui: id=10116
04-15 16:15:30.850 534 534 I PackageManager: /system_ext/priv-app/SystemUI changed; collecting certs
04-15 16:15:30.865 534 534 W PackageManager: Adding duplicate app id: 10116 name=com.android.systemui
04-15 16:15:30.871 534 534 I PackageManager: New shared user com.android.emergency.uid: id=10117
04-15 16:15:30.875 534 534 I PackageManager: /system_ext/priv-app/EmergencyInfo changed; collecting certs
04-15 16:15:30.893 534 534 W PackageManager: Adding duplicate app id: 10117 name=com.android.emergency
04-15 16:15:30.903 534 534 I PackageManager: /system_ext/priv-app/StorageManager changed; collecting certs
04-15 16:15:31.063 534 594 I PackageParsing: Parse times for '/system_ext/priv-app/Settings': parse=576ms, update_cache=23 ms
04-15 16:15:31.064 534 534 I PackageManager: /system_ext/priv-app/Settings changed; collecting certs
04-15 16:15:31.079 534 534 W PackageManager: Adding duplicate shared id: 1000 name=com.android.settings
04-15 16:15:31.094 534 534 D PackageManager: No files in app dir /system_ext/app
04-15 16:15:31.097 534 534 W PackageManager: Dropping cache of /apex/com.android.uwb/priv-app/ServiceUwbResources@UE1A.230829.036.A1
04-15 16:15:31.116 534 534 I PackageManager: /apex/com.android.uwb/priv-app/ServiceUwbResources@UE1A.230829.036.A1 changed; collecting certs
04-15 16:15:31.129 534 534 I ApexManager: Registering com.android.uwb.resources as apk-in-apex of com.android.uwb
04-15 16:15:31.133 534 534 D PackageManager: No files in app dir /apex/com.android.uwb/app
04-15 16:15:31.135 534 534 W PackageManager: Dropping cache of /apex/com.android.mediaprovider/priv-app/MediaProvider@UE1A.230829.036.A1
04-15 16:15:31.182 534 593 W PackageParsing: Unknown element under : meta-data at /apex/com.android.mediaprovider/priv-app/MediaProvider@UE1A.230829.036.A1/MediaProvider.apk Binary XML file line #9
04-15 16:15:31.199 534 534 I PackageManager: /apex/com.android.mediaprovider/priv-app/MediaProvider@UE1A.230829.036.A1 changed; collecting certs
04-15 16:15:31.211 534 534 I ApexManager: Registering com.android.providers.media.module as apk-in-apex of com.android.mediaprovider
04-15 16:15:31.217 534 534 D PackageManager: No files in app dir /apex/com.android.mediaprovider/app
04-15 16:15:31.221 534 534 W PackageManager: Dropping cache of /apex/com.android.extservices/priv-app/ExtServices@UE1A.230829.036.A1
04-15 16:15:31.253 534 534 I PackageManager: /apex/com.android.extservices/priv-app/ExtServices@UE1A.230829.036.A1 changed; collecting certs
04-15 16:15:31.266 534 534 I ApexManager: Registering android.ext.services as apk-in-apex of com.android.extservices
04-15 16:15:31.270 534 534 D PackageManager: No files in app dir /apex/com.android.extservices/app
04-15 16:15:31.271 534 534 D PackageManager: No files in app dir /apex/com.android.vndk.v34/priv-app
04-15 16:15:31.271 534 534 D PackageManager: No files in app dir /apex/com.android.vndk.v34/app
04-15 16:15:31.273 534 534 D PackageManager: No files in app dir /apex/com.android.btservices/priv-app
04-15 16:15:31.339 534 534 I PackageManager: /apex/com.android.btservices/app/Bluetooth@UE1A.230829.036.A1 changed; collecting certs
04-15 16:15:31.351 534 534 W PackageManager: Adding duplicate shared id: 1002 name=com.android.bluetooth
04-15 16:15:31.357 534 534 I ApexManager: Registering com.android.bluetooth as apk-in-apex of com.android.btservices
04-15 16:15:31.428 534 534 I PackageManager: /apex/com.android.devicelock/priv-app/DeviceLockController@UE1A.230829.036.A1 changed; collecting certs
04-15 16:15:31.442 534 534 I ApexManager: Registering com.android.devicelockcontroller as apk-in-apex of com.android.devicelock
04-15 16:15:31.447 534 534 D PackageManager: No files in app dir /apex/com.android.devicelock/app
04-15 16:15:31.463 534 534 I PackageManager: /apex/com.android.apex.cts.shim/priv-app/CtsShimPriv@MASTER changed; collecting certs
04-15 16:15:31.475 534 534 I ApexManager: Registering com.android.cts.priv.ctsshim as apk-in-apex of com.android.apex.cts.shim
04-15 16:15:31.497 534 534 I PackageManager: New shared user com.android.cts.ctsshim: id=10124
04-15 16:15:31.497 534 534 I PackageManager: /apex/com.android.apex.cts.shim/app/CtsShim@MASTER changed; collecting certs
04-15 16:15:31.508 534 534 W PackageManager: Adding duplicate app id: 10124 name=com.android.cts.ctsshim
04-15 16:15:31.515 534 534 I ApexManager: Registering com.android.cts.ctsshim as apk-in-apex of com.android.apex.cts.shim
04-15 16:15:31.518 534 534 D PackageManager: No files in app dir /apex/com.android.media/priv-app
04-15 16:15:31.519 534 534 D PackageManager: No files in app dir /apex/com.android.media/app
04-15 16:15:31.519 534 534 D PackageManager: No files in app dir /apex/com.android.configinfrastructure/priv-app
04-15 16:15:31.521 534 534 D PackageManager: No files in app dir /apex/com.android.configinfrastructure/app
04-15 16:15:31.600 534 534 I PackageManager: /apex/com.android.rkpd/priv-app/rkpdapp@UE1A.230829.036.A1 changed; collecting certs
04-15 16:15:31.623 534 545 I system_server: Background young concurrent copying GC freed 62839(3444KB) AllocSpace objects, 24(744KB) LOS objects, 41% free, 6500KB/10MB, paused 117us,94us total 112.717ms
04-15 16:15:31.632 534 534 I ApexManager: Registering com.android.rkpdapp as apk-in-apex of com.android.rkpd
04-15 16:15:31.634 534 534 D PackageManager: No files in app dir /apex/com.android.rkpd/app
04-15 16:15:31.638 534 534 W PackageManager: Dropping cache of /apex/com.android.tethering/priv-app/ServiceConnectivityResources@UE1A.230829.036.A1
04-15 16:15:31.639 534 534 W PackageManager: Dropping cache of /apex/com.android.tethering/priv-app/TetheringNext@UE1A.230829.036.A1
04-15 16:15:31.673 534 534 I PackageManager: /apex/com.android.tethering/priv-app/ServiceConnectivityResources@UE1A.230829.036.A1 changed; collecting certs
04-15 16:15:31.689 534 534 I ApexManager: Registering com.android.connectivity.resources as apk-in-apex of com.android.tethering
04-15 16:15:31.698 534 534 I PackageManager: /apex/com.android.tethering/priv-app/TetheringNext@UE1A.230829.036.A1 changed; collecting certs
04-15 16:15:31.710 534 534 W PackageManager: Adding duplicate shared id: 1073 name=com.android.networkstack.tethering
04-15 16:15:31.714 534 534 I ApexManager: Registering com.android.networkstack.tethering as apk-in-apex of com.android.tethering
04-15 16:15:31.722 534 534 W PackageManager: Dropping cache of /apex/com.android.tethering/app/HalfSheetUX@UE1A.230829.036.A1
04-15 16:15:31.788 534 534 I PackageManager: /apex/com.android.tethering/app/HalfSheetUX@UE1A.230829.036.A1 changed; collecting certs
04-15 16:15:31.809 534 534 I ApexManager: Registering com.android.nearby.halfsheet as apk-in-apex of com.android.tethering
04-15 16:15:31.817 534 534 D PackageManager: No files in app dir /apex/com.android.adbd/priv-app
04-15 16:15:31.819 534 534 D PackageManager: No files in app dir /apex/com.android.adbd/app
04-15 16:15:31.824 534 534 D PackageManager: No files in app dir /apex/com.android.resolv/priv-app
04-15 16:15:31.825 534 534 D PackageManager: No files in app dir /apex/com.android.resolv/app
04-15 16:15:31.826 534 534 D PackageManager: No files in app dir /apex/com.android.ondevicepersonalization/priv-app
04-15 16:15:31.832 534 534 W PackageManager: Dropping cache of /apex/com.android.ondevicepersonalization/app/OnDevicePersonalization@UE1A.230829.036.A1
04-15 16:15:31.834 534 534 W PackageManager: Dropping cache of /apex/com.android.ondevicepersonalization/app/FederatedCompute@UE1A.230829.036.A1
04-15 16:15:31.866 534 534 I PackageManager: /apex/com.android.ondevicepersonalization/app/FederatedCompute@UE1A.230829.036.A1 changed; collecting certs
04-15 16:15:31.901 534 534 I ApexManager: Registering com.android.federatedcompute.services as apk-in-apex of com.android.ondevicepersonalization
04-15 16:15:31.907 534 534 I PackageManager: /apex/com.android.ondevicepersonalization/app/OnDevicePersonalization@UE1A.230829.036.A1 changed; collecting certs
04-15 16:15:31.927 534 534 I ApexManager: Registering com.android.ondevicepersonalization.services as apk-in-apex of com.android.ondevicepersonalization
04-15 16:15:31.941 534 534 D PackageManager: No files in app dir /apex/com.android.media.swcodec/priv-app
04-15 16:15:31.942 534 534 D PackageManager: No files in app dir /apex/com.android.media.swcodec/app
04-15 16:15:31.948 534 534 W PackageManager: Dropping cache of /apex/com.android.wifi/priv-app/ServiceWifiResources@UE1A.230829.036.A1
04-15 16:15:32.026 534 534 I PackageManager: /apex/com.android.wifi/priv-app/ServiceWifiResources@UE1A.230829.036.A1 changed; collecting certs
04-15 16:15:32.047 534 534 I ApexManager: Registering com.android.wifi.resources as apk-in-apex of com.android.wifi
04-15 16:15:32.064 534 534 W PackageManager: Dropping cache of /apex/com.android.wifi/app/WifiDialog@UE1A.230829.036.A1
04-15 16:15:32.080 534 534 W PackageManager: Dropping cache of /apex/com.android.wifi/app/OsuLogin@UE1A.230829.036.A1
04-15 16:15:32.129 534 534 I PackageManager: /apex/com.android.wifi/app/OsuLogin@UE1A.230829.036.A1 changed; collecting certs
04-15 16:15:32.154 534 534 I ApexManager: Registering com.android.hotspot2.osulogin as apk-in-apex of com.android.wifi
04-15 16:15:32.158 534 534 I PackageManager: /apex/com.android.wifi/app/WifiDialog@UE1A.230829.036.A1 changed; collecting certs
04-15 16:15:32.169 534 534 I ApexManager: Registering com.android.wifi.dialog as apk-in-apex of com.android.wifi
04-15 16:15:32.173 534 534 D PackageManager: No files in app dir /apex/com.android.art/priv-app
04-15 16:15:32.174 534 534 D PackageManager: No files in app dir /apex/com.android.art/app
04-15 16:15:32.175 534 534 D PackageManager: No files in app dir /apex/com.android.os.statsd/priv-app
04-15 16:15:32.176 534 534 D PackageManager: No files in app dir /apex/com.android.os.statsd/app
04-15 16:15:32.177 534 534 D PackageManager: No files in app dir /apex/com.android.neuralnetworks/priv-app
04-15 16:15:32.177 534 534 D PackageManager: No files in app dir /apex/com.android.neuralnetworks/app
04-15 16:15:32.180 534 534 W PackageManager: Dropping cache of /apex/com.android.permission/priv-app/PermissionController@UE1A.230829.036.A1
04-15 16:15:32.182 534 534 W PackageManager: Dropping cache of /apex/com.android.permission/priv-app/SafetyCenterResources@UE1A.230829.036.A1
04-15 16:15:32.242 534 534 I PackageManager: /apex/com.android.permission/priv-app/SafetyCenterResources@UE1A.230829.036.A1 changed; collecting certs
04-15 16:15:32.263 534 534 I ApexManager: Registering com.android.safetycenter.resources as apk-in-apex of com.android.permission
04-15 16:15:32.370 534 594 W PackageParsing: Ignoring duplicate uses-permissions/uses-permissions-sdk-m: android.permission.OBSERVE_SENSOR_PRIVACY in package: com.android.permissioncontroller at: Binary XML file line #59
04-15 16:15:32.401 534 594 I PackageParsing: Parse times for '/apex/com.android.permission/priv-app/PermissionController@UE1A.230829.036.A1': parse=211ms, update_cache=5 ms
04-15 16:15:32.402 534 534 I PackageManager: /apex/com.android.permission/priv-app/PermissionController@UE1A.230829.036.A1 changed; collecting certs
04-15 16:15:32.414 534 534 I ApexManager: Registering com.android.permissioncontroller as apk-in-apex of com.android.permission
04-15 16:15:32.420 534 534 D PackageManager: No files in app dir /apex/com.android.permission/app
04-15 16:15:32.420 534 534 D PackageManager: No files in app dir /apex/com.android.i18n/priv-app
04-15 16:15:32.421 534 534 D PackageManager: No files in app dir /apex/com.android.i18n/app
04-15 16:15:32.421 534 534 D PackageManager: No files in app dir /apex/com.android.tzdata/priv-app
04-15 16:15:32.421 534 534 D PackageManager: No files in app dir /apex/com.android.tzdata/app
04-15 16:15:32.422 534 534 D PackageManager: No files in app dir /apex/com.android.appsearch/priv-app
04-15 16:15:32.422 534 534 D PackageManager: No files in app dir /apex/com.android.appsearch/app
04-15 16:15:32.540 534 591 I PackageParsing: Parse times for '/apex/com.android.healthfitness/priv-app/HealthConnectController@UE1A.230829.036.A1': parse=108ms, update_cache=5 ms
04-15 16:15:32.540 534 534 I PackageManager: /apex/com.android.healthfitness/priv-app/HealthConnectController@UE1A.230829.036.A1 changed; collecting certs
04-15 16:15:32.553 534 534 I ApexManager: Registering com.android.healthconnect.controller as apk-in-apex of com.android.healthfitness
04-15 16:15:32.571 534 534 I PackageManager: /apex/com.android.healthfitness/app/HealthConnectBackupRestore@UE1A.230829.036.A1 changed; collecting certs
04-15 16:15:32.581 534 534 I ApexManager: Registering com.android.health.connect.backuprestore as apk-in-apex of com.android.healthfitness
04-15 16:15:32.585 534 534 W PackageManager: Dropping cache of /apex/com.android.adservices/priv-app/AdServicesApk@UE1A.230829.036.A1
04-15 16:15:32.876 0 0 I servicemanager: Notifying apexservice they don't (previously: do) have clients when we now have no record of a client
04-15 16:15:32.879 0 0 I AidlLazyServiceRegistrar: Process has 0 (of 1 available) client(s) in use after notification apexservice has clients: 0
04-15 16:15:32.879 0 0 I AidlLazyServiceRegistrar: Shutdown prevented by forcePersist override flag.
04-15 16:15:33.142 534 593 W PackageParsing: Ignoring duplicate uses-permissions/uses-permissions-sdk-m: android.permission.RECEIVE_BOOT_COMPLETED in package: com.android.adservices.api at: Binary XML file line #123
04-15 16:15:33.152 534 593 I PackageParsing: Parse times for '/apex/com.android.adservices/priv-app/AdServicesApk@UE1A.230829.036.A1': parse=559ms, update_cache=4 ms
04-15 16:15:33.153 534 534 I PackageManager: /apex/com.android.adservices/priv-app/AdServicesApk@UE1A.230829.036.A1 changed; collecting certs
04-15 16:15:33.163 534 534 I ApexManager: Registering com.android.adservices.api as apk-in-apex of com.android.adservices
04-15 16:15:33.169 534 534 W PackageManager: Dropping cache of /apex/com.android.adservices/app/SdkSandbox@UE1A.230829.036.A1
04-15 16:15:33.182 534 534 I PackageManager: /apex/com.android.adservices/app/SdkSandbox@UE1A.230829.036.A1 changed; collecting certs
04-15 16:15:33.191 534 534 I ApexManager: Registering com.android.sdksandbox as apk-in-apex of com.android.adservices
04-15 16:15:33.195 534 534 D PackageManager: No files in app dir /apex/com.android.conscrypt/priv-app
04-15 16:15:33.195 534 534 D PackageManager: No files in app dir /apex/com.android.conscrypt/app
04-15 16:15:33.197 534 534 D PackageManager: No files in app dir /apex/com.android.ipsec/priv-app
04-15 16:15:33.197 534 534 D PackageManager: No files in app dir /apex/com.android.ipsec/app
04-15 16:15:33.198 534 534 W PackageManager: Dropping cache of /apex/com.android.cellbroadcast/priv-app/CellBroadcastServiceModule@UE1A.230829.036.A1
04-15 16:15:33.203 534 534 W PackageManager: Dropping cache of /apex/com.android.cellbroadcast/priv-app/CellBroadcastApp@UE1A.230829.036.A1
04-15 16:15:33.225 534 534 I PackageManager: /apex/com.android.cellbroadcast/priv-app/CellBroadcastServiceModule@UE1A.230829.036.A1 changed; collecting certs
04-15 16:15:33.239 534 534 W PackageManager: Adding duplicate shared id: 1073 name=com.android.cellbroadcastservice
04-15 16:15:33.247 534 534 I ApexManager: Registering com.android.cellbroadcastservice as apk-in-apex of com.android.cellbroadcast
04-15 16:15:33.504 534 592 I PackageParsing: Parse times for '/apex/com.android.cellbroadcast/priv-app/CellBroadcastApp@UE1A.230829.036.A1': parse=293ms, update_cache=3 ms
04-15 16:15:33.505 534 534 I PackageManager: /apex/com.android.cellbroadcast/priv-app/CellBroadcastApp@UE1A.230829.036.A1 changed; collecting certs
04-15 16:15:33.516 534 534 I ApexManager: Registering com.android.cellbroadcastreceiver.module as apk-in-apex of com.android.cellbroadcast
04-15 16:15:33.520 534 534 D PackageManager: No files in app dir /apex/com.android.cellbroadcast/app
04-15 16:15:33.521 534 534 D PackageManager: No files in app dir /apex/com.android.sdkext/priv-app
04-15 16:15:33.521 534 534 D PackageManager: No files in app dir /apex/com.android.sdkext/app
04-15 16:15:33.521 534 534 D PackageManager: No files in app dir /apex/com.android.runtime/priv-app
04-15 16:15:33.522 534 534 D PackageManager: No files in app dir /apex/com.android.runtime/app
04-15 16:15:33.522 534 534 D PackageManager: No files in app dir /apex/com.android.virt/priv-app
04-15 16:15:33.536 534 534 I PackageManager: /apex/com.android.virt/app/android.system.virtualmachine.res@UE1A.230829.036.A1 changed; collecting certs
04-15 16:15:33.546 534 534 I ApexManager: Registering com.android.virtualmachine.res as apk-in-apex of com.android.virt
04-15 16:15:33.548 534 534 D PackageManager: No files in app dir /apex/com.android.scheduling/priv-app
04-15 16:15:33.549 534 534 D PackageManager: No files in app dir /apex/com.android.scheduling/app
04-15 16:15:33.627 534 534 I PackageManager: Finished scanning system apps. Time: 9844 ms, packageCount: 203 , timePerPackage: 48 , cached: 0
04-15 16:15:33.631 534 534 D PackageManager: No files in app dir /data/app
04-15 16:15:33.640 534 534 I PackageManager: Finished scanning non-system apps. Time: 13 ms, packageCount: 0 , timePerPackage: 0 , cached: 0
04-15 16:15:33.642 534 534 W PackageManager: There should probably be a verifier, but, none were found
04-15 16:15:33.653 534 534 W PackageManager: Missing required system package: .
04-15 16:15:33.653 534 534 W PackageManager: Missing required system package: .
04-15 16:15:33.667 534 534 I PackageManager: Time to scan packages: 9.884 seconds
04-15 16:15:33.668 534 534 I PermissionManager: Permission ownership changed. Updating all permissions.
04-15 16:15:33.673 534 534 W PermissionManager: Package com.android.adservices.api is an APK in APEX, but has permission allowlist on the system image. Please bundle the allowlist in the com.android.adservices APEX instead.
04-15 16:15:33.787 534 534 W PermissionManager: Package com.android.providers.media.module is an APK in APEX, but has permission allowlist on the system image. Please bundle the allowlist in the com.android.mediaprovider APEX instead.
04-15 16:15:33.787 534 534 W PermissionManager: Package com.android.providers.media.module is an APK in APEX, but has permission allowlist on the system image. Please bundle the allowlist in the com.android.mediaprovider APEX instead.
04-15 16:15:33.788 534 534 W PermissionManager: Package com.android.providers.media.module is an APK in APEX, but has permission allowlist on the system image. Please bundle the allowlist in the com.android.mediaprovider APEX instead.
04-15 16:15:33.789 534 534 W PermissionManager: Package com.android.providers.media.module is an APK in APEX, but has permission allowlist on the system image. Please bundle the allowlist in the com.android.mediaprovider APEX instead.
04-15 16:15:33.789 534 534 W PermissionManager: Package com.android.providers.media.module is an APK in APEX, but has permission allowlist on the system image. Please bundle the allowlist in the com.android.mediaprovider APEX instead.
04-15 16:15:33.789 534 534 W PermissionManager: Package com.android.providers.media.module is an APK in APEX, but has permission allowlist on the system image. Please bundle the allowlist in the com.android.mediaprovider APEX instead.
04-15 16:15:33.789 534 534 W PermissionManager: Package com.android.providers.media.module is an APK in APEX, but has permission allowlist on the system image. Please bundle the allowlist in the com.android.mediaprovider APEX instead.
04-15 16:15:33.789 534 534 W PermissionManager: Package com.android.providers.media.module is an APK in APEX, but has permission allowlist on the system image. Please bundle the allowlist in the com.android.mediaprovider APEX instead.
04-15 16:15:33.790 534 534 W PermissionManager: Package com.android.providers.media.module is an APK in APEX, but has permission allowlist on the system image. Please bundle the allowlist in the com.android.mediaprovider APEX instead.
04-15 16:15:33.790 534 534 W PermissionManager: Package com.android.providers.media.module is an APK in APEX, but has permission allowlist on the system image. Please bundle the allowlist in the com.android.mediaprovider APEX instead.
04-15 16:15:33.790 534 534 W PermissionManager: Package com.android.providers.media.module is an APK in APEX, but has permission allowlist on the system image. Please bundle the allowlist in the com.android.mediaprovider APEX instead.
04-15 16:15:33.790 534 534 W PermissionManager: Package com.android.providers.media.module is an APK in APEX, but has permission allowlist on the system image. Please bundle the allowlist in the com.android.mediaprovider APEX instead.
04-15 16:15:33.790 534 534 W PermissionManager: Package com.android.providers.media.module is an APK in APEX, but has permission allowlist on the system image. Please bundle the allowlist in the com.android.mediaprovider APEX instead.
04-15 16:15:33.823 534 534 V PackageManager: reconcileAppsData for null u0 0x1 migrateAppData=true
04-15 16:15:33.853 431 460 I SELinux : SELinux: Loaded file context from:
04-15 16:15:33.853 431 460 I SELinux : /system/etc/selinux/plat_file_contexts
04-15 16:15:33.853 431 460 I SELinux : /vendor/etc/selinux/vendor_file_contexts
04-15 16:15:34.047 534 534 V PackageManager: reconcileAppsData finished 24 packages
04-15 16:15:34.052 534 534 D PackageManagerTiming: write settings
04-15 16:15:34.054 534 603 D SystemServerTimingAsync: InitThreadPoolExec:prepareAppData
04-15 16:15:34.055 534 603 D SystemServerInitThreadPool: Started executing prepareAppData
04-15 16:15:34.077 534 603 V SystemServerTimingAsync: AppDataFixup took to complete: 21ms
04-15 16:15:34.293 534 534 I SELinux : SELinux: Loaded file context from:
04-15 16:15:34.294 534 534 I SELinux : /system/etc/selinux/plat_file_contexts
04-15 16:15:34.295 534 534 I SELinux : /vendor/etc/selinux/vendor_file_contexts
04-15 16:15:34.364 534 545 I system_server: Background concurrent copying GC freed 96688(4681KB) AllocSpace objects, 6(148KB) LOS objects, 49% free, 6388KB/12MB, paused 125us,98us total 240.147ms
04-15 16:15:34.385 534 534 V PackageManagerTiming: write settings took to complete: 333ms
04-15 16:15:34.392 534 534 W PackageManager: Domain verification agent not found
04-15 16:15:34.423 534 534 D PackageManager: Ephemeral resolver NOT found; no matching intent filters
04-15 16:15:34.436 534 534 D PackageManager: Instant App installer not found with android.intent.action.INSTALL_INSTANT_APP_PACKAGE
04-15 16:15:34.437 534 534 D PackageManager: Clear ephemeral installer activity
04-15 16:15:34.461 534 603 W PackageManager: Skipping preparing app data for com.android.configinfrastructure
04-15 16:15:34.468 534 534 D PackageManagerTiming: GC
04-15 16:15:34.476 534 534 V PackageManagerTiming: GC took to complete: 7ms
04-15 16:15:34.476 534 534 I PackageManager: Fix for b/169414761 is applied
04-15 16:15:34.477 534 534 V PackageManagerTiming: create package manager took to complete: 10854ms
04-15 16:15:34.478 534 534 V UserSystemPackageInstaller: Checking that all system packages are whitelisted.
04-15 16:15:34.484 534 534 W UserSystemPackageInstaller: checkWhitelistedSystemPackages(mode=d) has 50 warnings:
04-15 16:15:34.488 534 534 W UserSystemPackageInstaller: com.android.theme.color.amethyst is allowlisted but not present.
04-15 16:15:34.488 534 534 W UserSystemPackageInstaller: com.android.theme.icon.pebble is allowlisted but not present.
04-15 16:15:34.489 534 534 W UserSystemPackageInstaller: com.android.theme.color.sand is allowlisted but not present.
04-15 16:15:34.489 534 534 W UserSystemPackageInstaller: com.android.theme.icon.vessel is allowlisted but not present.
04-15 16:15:34.490 534 534 W UserSystemPackageInstaller: com.android.theme.color.cinnamon is allowlisted but not present.
04-15 16:15:34.490 534 534 W UserSystemPackageInstaller: com.android.theme.icon_pack.victor.settings is allowlisted but not present.
04-15 16:15:34.490 534 534 W UserSystemPackageInstaller: com.android.theme.icon_pack.rounded.systemui is allowlisted but not present.
04-15 16:15:34.491 534 534 W UserSystemPackageInstaller: com.android.theme.icon.taperedrect is allowlisted but not present.
04-15 16:15:34.491 534 534 W UserSystemPackageInstaller: com.android.theme.icon_pack.rounded.android is allowlisted but not present.
04-15 16:15:34.491 534 534 W UserSystemPackageInstaller: com.android.internal.systemui.onehanded.gestural is allowlisted but not present.
04-15 16:15:34.491 534 534 W UserSystemPackageInstaller: com.android.theme.icon_pack.victor.systemui is allowlisted but not present.
04-15 16:15:34.500 534 534 W UserSystemPackageInstaller: com.android.theme.icon_pack.circular.themepicker is allowlisted but not present.
04-15 16:15:34.500 534 534 W UserSystemPackageInstaller: com.android.theme.color.tangerine is allowlisted but not present.
04-15 16:15:34.500 534 534 W UserSystemPackageInstaller: com.android.theme.color.aquamarine is allowlisted but not present.
04-15 16:15:34.500 534 534 W UserSystemPackageInstaller: com.android.theme.color.black is allowlisted but not present.
04-15 16:15:34.500 534 534 W UserSystemPackageInstaller: com.android.theme.color.green is allowlisted but not present.
04-15 16:15:34.500 534 534 W UserSystemPackageInstaller: com.android.theme.color.ocean is allowlisted but not present.
04-15 16:15:34.500 534 534 W UserSystemPackageInstaller: com.android.theme.color.space is allowlisted but not present.
04-15 16:15:34.501 534 534 W UserSystemPackageInstaller: com.android.theme.icon_pack.rounded.launcher is allowlisted but not present.
04-15 16:15:34.501 534 534 W UserSystemPackageInstaller: com.android.theme.icon_pack.kai.settings is allowlisted but not present.
04-15 16:15:34.501 534 534 W UserSystemPackageInstaller: com.android.theme.icon_pack.sam.settings is allowlisted but not present.
04-15 16:15:34.501 534 534 W UserSystemPackageInstaller: com.android.theme.icon_pack.kai.themepicker is allowlisted but not present.
04-15 16:15:34.501 534 534 W UserSystemPackageInstaller: com.android.theme.icon_pack.victor.launcher is allowlisted but not present.
04-15 16:15:34.505 534 603 W PackageManager: Skipping preparing app data for com.android.appsearch
04-15 16:15:34.506 534 603 W PackageManager: Skipping preparing app data for com.android.adservices
04-15 16:15:34.506 534 603 W PackageManager: Skipping preparing app data for com.android.scheduling
04-15 16:15:34.506 534 603 W PackageManager: Skipping preparing app data for com.android.permission
04-15 16:15:34.507 534 603 W PackageManager: Skipping preparing app data for com.android.art
04-15 16:15:34.507 534 603 W PackageManager: Skipping preparing app data for com.android.uwb
04-15 16:15:34.507 534 603 W PackageManager: Skipping preparing app data for com.android.tethering
04-15 16:15:34.508 534 603 W PackageManager: Skipping preparing app data for com.android.btservices
04-15 16:15:34.508 534 603 W PackageManager: Skipping preparing app data for com.android.media.swcodec
04-15 16:15:34.509 534 603 W PackageManager: Skipping preparing app data for com.android.conscrypt
04-15 16:15:34.509 534 603 W PackageManager: Skipping preparing app data for com.android.adbd
04-15 16:15:34.509 534 603 W PackageManager: Skipping preparing app data for com.android.i18n
04-15 16:15:34.510 534 603 W PackageManager: Skipping preparing app data for com.android.rkpd
04-15 16:15:34.510 534 603 W PackageManager: Skipping preparing app data for com.android.virt
04-15 16:15:34.510 534 603 W PackageManager: Skipping preparing app data for com.android.wifi
04-15 16:15:34.510 534 603 W PackageManager: Skipping preparing app data for com.android.runtime
04-15 16:15:34.510 534 603 W PackageManager: Skipping preparing app data for com.android.devicelock
04-15 16:15:34.511 534 603 W PackageManager: Skipping preparing app data for com.android.apex.cts.shim
04-15 16:15:34.511 534 603 W PackageManager: Skipping preparing app data for com.android.neuralnetworks
04-15 16:15:34.513 534 603 W PackageManager: Skipping preparing app data for com.android.healthfitness
04-15 16:15:34.513 534 603 W PackageManager: Skipping preparing app data for com.android.resolv
04-15 16:15:34.513 534 603 W PackageManager: Skipping preparing app data for com.android.sdkext
04-15 16:15:34.513 534 603 W PackageManager: Skipping preparing app data for com.android.tzdata
04-15 16:15:34.514 534 603 W PackageManager: Skipping preparing app data for com.android.vndk.v34
04-15 16:15:34.514 534 603 W PackageManager: Skipping preparing app data for com.android.os.statsd
04-15 16:15:34.514 534 603 W PackageManager: Skipping preparing app data for com.android.extservices
04-15 16:15:34.514 534 603 W PackageManager: Skipping preparing app data for com.android.cellbroadcast
04-15 16:15:34.515 534 603 W PackageManager: Skipping preparing app data for com.android.ipsec
04-15 16:15:34.515 534 603 W PackageManager: Skipping preparing app data for com.android.media
04-15 16:15:34.515 534 603 W PackageManager: Skipping preparing app data for com.android.sdksandbox
04-15 16:15:34.515 534 603 W PackageManager: Skipping preparing app data for com.android.mediaprovider
04-15 16:15:34.521 534 603 W PackageManager: Skipping preparing app data for com.android.ondevicepersonalization
04-15 16:15:34.524 534 534 W UserSystemPackageInstaller: com.android.theme.icon_pack.filled.settings is allowlisted but not present.
04-15 16:15:34.524 534 534 W UserSystemPackageInstaller: com.android.theme.icon_pack.kai.systemui is allowlisted but not present.
04-15 16:15:34.524 534 534 W UserSystemPackageInstaller: com.android.theme.icon_pack.circular.settings is allowlisted but not present.
04-15 16:15:34.524 534 534 W UserSystemPackageInstaller: com.android.theme.icon_pack.sam.systemui is allowlisted but not present.
04-15 16:15:34.524 534 534 W UserSystemPackageInstaller: com.android.theme.icon.teardrop is allowlisted but not present.
04-15 16:15:34.524 534 534 W UserSystemPackageInstaller: com.android.theme.icon_pack.rounded.themepicker is allowlisted but not present.
04-15 16:15:34.524 534 534 W UserSystemPackageInstaller: com.android.theme.icon_pack.filled.systemui is allowlisted but not present.
04-15 16:15:34.524 534 534 W UserSystemPackageInstaller: com.android.theme.icon_pack.sam.android is allowlisted but not present.
04-15 16:15:34.524 534 534 W UserSystemPackageInstaller: com.android.theme.icon_pack.filled.android is allowlisted but not present.
04-15 16:15:34.525 534 534 W UserSystemPackageInstaller: com.android.theme.icon_pack.circular.systemui is allowlisted but not present.
04-15 16:15:34.525 534 534 W UserSystemPackageInstaller: com.android.theme.icon_pack.kai.android is allowlisted but not present.
04-15 16:15:34.525 534 534 W UserSystemPackageInstaller: com.android.theme.icon_pack.kai.launcher is allowlisted but not present.
04-15 16:15:34.525 534 534 W UserSystemPackageInstaller: com.android.theme.icon_pack.sam.launcher is allowlisted but not present.
04-15 16:15:34.525 534 534 W UserSystemPackageInstaller: com.android.theme.icon.squircle is allowlisted but not present.
04-15 16:15:34.525 534 534 W UserSystemPackageInstaller: com.android.theme.icon_pack.victor.android is allowlisted but not present.
04-15 16:15:34.525 534 534 W UserSystemPackageInstaller: com.android.theme.color.palette is allowlisted but not present.
04-15 16:15:34.525 534 534 W UserSystemPackageInstaller: com.android.theme.icon_pack.filled.launcher is allowlisted but not present.
04-15 16:15:34.525 534 534 W UserSystemPackageInstaller: com.android.theme.color.carbon is allowlisted but not present.
04-15 16:15:34.525 534 534 W UserSystemPackageInstaller: com.android.theme.icon_pack.circular.launcher is allowlisted but not present.
04-15 16:15:34.525 534 534 W UserSystemPackageInstaller: com.android.theme.icon_pack.filled.themepicker is allowlisted but not present.
04-15 16:15:34.525 534 534 W UserSystemPackageInstaller: com.android.theme.icon_pack.victor.themepicker is allowlisted but not present.
04-15 16:15:34.525 534 534 W UserSystemPackageInstaller: com.android.theme.color.orchid is allowlisted but not present.
04-15 16:15:34.525 534 534 W UserSystemPackageInstaller: com.android.theme.color.purple is allowlisted but not present.
04-15 16:15:34.525 534 534 W UserSystemPackageInstaller: com.android.theme.icon_pack.sam.themepicker is allowlisted but not present.
04-15 16:15:34.526 534 534 W UserSystemPackageInstaller: com.android.theme.icon.roundedrect is allowlisted but not present.
04-15 16:15:34.526 534 534 W UserSystemPackageInstaller: com.android.theme.icon_pack.rounded.settings is allowlisted but not present.
04-15 16:15:34.526 534 534 W UserSystemPackageInstaller: com.android.theme.icon_pack.circular.android is allowlisted but not present.
04-15 16:15:34.526 534 534 I UserSystemPackageInstaller: Reviewing whitelisted packages due to [firstBoot]
04-15 16:15:34.548 534 534 I Watchdog: Resuming HandlerChecker: main thread for reason: packagemanagermain. Pause count: 0
04-15 16:15:34.551 534 534 V SystemServerTiming: StartPackageManagerService took to complete: 10934ms
04-15 16:15:34.585 534 534 D SystemServerTiming: DexUseManagerLocal
04-15 16:15:34.593 534 534 E ArtService: Failed to load dex use data
04-15 16:15:34.593 534 534 E ArtService: java.io.FileNotFoundException: /data/system/package-dex-usage.pb: open failed: ENOENT (No such file or directory)
04-15 16:15:34.593 534 534 E ArtService: at libcore.io.IoBridge.open(IoBridge.java:574)
04-15 16:15:34.593 534 534 E ArtService: at java.io.FileInputStream.(FileInputStream.java:160)
04-15 16:15:34.593 534 534 E ArtService: at java.io.FileInputStream.(FileInputStream.java:115)
04-15 16:15:34.593 534 534 E ArtService: at com.android.server.art.DexUseManagerLocal.load(DexUseManagerLocal.java:553)
04-15 16:15:34.593 534 534 E ArtService: at com.android.server.art.DexUseManagerLocal.(DexUseManagerLocal.java:161)
04-15 16:15:34.593 534 534 E ArtService: at com.android.server.art.DexUseManagerLocal.(DexUseManagerLocal.java:153)
04-15 16:15:34.593 534 534 E ArtService: at com.android.server.art.DexUseManagerLocal.createInstance(DexUseManagerLocal.java:147)
04-15 16:15:34.593 534 534 E ArtService: at com.android.server.SystemServer.startBootstrapServices(SystemServer.java:1257)
04-15 16:15:34.593 534 534 E ArtService: at com.android.server.SystemServer.run(SystemServer.java:940)
04-15 16:15:34.593 534 534 E ArtService: at com.android.server.SystemServer.main(SystemServer.java:664)
04-15 16:15:34.593 534 534 E ArtService: at java.lang.reflect.Method.invoke(Native Method)
04-15 16:15:34.593 534 534 E ArtService: at com.android.internal.os.RuntimeInit$MethodAndArgsCaller.run(RuntimeInit.java:552)
04-15 16:15:34.593 534 534 E ArtService: at com.android.internal.os.ZygoteInit.main(ZygoteInit.java:949)
04-15 16:15:34.593 534 534 E ArtService: Caused by: android.system.ErrnoException: open failed: ENOENT (No such file or directory)
04-15 16:15:34.593 534 534 E ArtService: at libcore.io.Linux.open(Native Method)
04-15 16:15:34.593 534 534 E ArtService: at libcore.io.ForwardingOs.open(ForwardingOs.java:563)
04-15 16:15:34.593 534 534 E ArtService: at libcore.io.BlockGuardOs.open(BlockGuardOs.java:274)
04-15 16:15:34.593 534 534 E ArtService: at libcore.io.IoBridge.open(IoBridge.java:560)
04-15 16:15:34.593 534 534 E ArtService: ... 12 more
04-15 16:15:34.594 534 534 V SystemServerTiming: DexUseManagerLocal took to complete: 9ms
04-15 16:15:34.594 534 534 D SystemServerTiming: StartOtaDexOptService
04-15 16:15:34.594 534 534 I Watchdog: Pausing HandlerChecker: main thread for reason: moveab. Pause count: 1
04-15 16:15:34.624 534 534 D OTADexopt: No upgrade, skipping A/B artifacts check.
04-15 16:15:34.624 534 534 I Watchdog: Resuming HandlerChecker: main thread for reason: moveab. Pause count: 0
04-15 16:15:34.624 534 534 V SystemServerTiming: StartOtaDexOptService took to complete: 30ms
04-15 16:15:34.624 534 534 D SystemServerTiming: StartUserManagerService
04-15 16:15:34.625 534 534 I SystemServiceManager: Starting com.android.server.pm.UserManagerService$LifeCycle
04-15 16:15:34.626 534 534 V SystemServerTiming: StartUserManagerService took to complete: 1ms
04-15 16:15:34.626 534 534 D SystemServerTiming: InitAttributerCache
04-15 16:15:34.627 534 534 V SystemServerTiming: InitAttributerCache took to complete: 0ms
04-15 16:15:34.627 534 534 D SystemServerTiming: SetSystemProcess
04-15 16:15:34.671 534 550 V HistoricalRegistry: Interaction before persistence initialized
04-15 16:15:34.686 534 549 V HistoricalRegistry: Interaction before persistence initialized
04-15 16:15:34.706 534 550 V HistoricalRegistry: Interaction before persistence initialized
04-15 16:15:34.757 391 391 I audioserver: Waiting for sensor privacy service
04-15 16:15:34.761 534 534 D OomAdjuster: Not killing cached processes
04-15 16:15:34.766 131 131 I lowmemorykiller: lmkd data connection established
04-15 16:15:34.776 534 567 I ActivityManager: Connection with lmkd established
04-15 16:15:34.818 534 534 V SystemServerTiming: SetSystemProcess took to complete: 191ms
04-15 16:15:34.827 534 534 D CompatibilityChangeReporter: Compat change id reported: 161145287; UID 1000; state: ENABLED
04-15 16:15:34.836 534 534 D SystemServerTiming: InitWatchdog
04-15 16:15:34.837 534 534 V SystemServerTiming: InitWatchdog took to complete: 0ms
04-15 16:15:34.855 534 545 I system_server: Background concurrent copying GC freed 12479(639KB) AllocSpace objects, 1(20KB) LOS objects, 49% free, 6512KB/12MB, paused 5.648ms,93us total 385.966ms
04-15 16:15:34.873 534 534 D SystemServerTiming: StartOverlayManagerService
04-15 16:15:34.909 0 0 I init : service 'idmap2d' requested start, but it is already running (flags: 4)
04-15 16:15:34.909 0 0 I init : Control message: Processed ctl.start for 'idmap2d' from pid: 534 (system_server)
04-15 16:15:34.911 418 449 W idmap2d : failed to parse idmap header of '/data/resource-cache/product@overlay@DisplayCutoutEmulationCorner@DisplayCutoutEmulationCornerOverlay.apk@idmap'
04-15 16:15:34.962 418 449 W idmap2d : failed to find resource 'string/display_cutout_emulation_overlay'
04-15 16:15:34.974 418 418 W idmap2d : failed to parse idmap header of '/data/resource-cache/product@overlay@DisplayCutoutEmulationDouble@DisplayCutoutEmulationDoubleOverlay.apk@idmap'
04-15 16:15:34.986 418 611 W idmap2d : failed to find resource 'string/display_cutout_emulation_overlay'
04-15 16:15:34.994 418 418 W idmap2d : failed to parse idmap header of '/data/resource-cache/product@overlay@NavigationBarModeGesturalWideBack@NavigationBarModeGesturalOverlayWideBack.apk@idmap'
04-15 16:15:35.003 418 418 W idmap2d : failed to find resource 'string/navigation_bar_mode_title'
04-15 16:15:35.013 418 611 W idmap2d : failed to parse idmap header of '/data/resource-cache/vendor@overlay@CarrierConfig__auto_generated_rro_vendor.apk@idmap'
04-15 16:15:35.026 418 611 W idmap2d : failed to parse idmap header of '/data/resource-cache/product@overlay@SystemUIEmulationPixel3XL@SystemUIEmulationPixel3XLOverlay.apk@idmap'
04-15 16:15:35.053 418 611 W idmap2d : failed to find resource 'dimen/multi_user_switch_keyguard_margin'
04-15 16:15:35.055 418 611 W idmap2d : failed to find resource 'dimen/physical_volume_down_button_center_screen_location_y'
04-15 16:15:35.057 418 611 W idmap2d : failed to find resource 'dimen/physical_volume_up_button_center_screen_location_y'
04-15 16:15:35.059 418 611 W idmap2d : failed to find resource 'dimen/system_icons_super_container_avatarless_margin_end'
04-15 16:15:35.070 418 612 W idmap2d : failed to parse idmap header of '/data/resource-cache/product@overlay@SystemUIEmulationPixel4XL@SystemUIEmulationPixel4XLOverlay.apk@idmap'
04-15 16:15:35.091 418 612 W idmap2d : failed to find resource 'dimen/physical_volume_down_button_center_screen_location_y'
04-15 16:15:35.094 418 612 W idmap2d : failed to find resource 'dimen/physical_volume_up_button_center_screen_location_y'
04-15 16:15:35.101 418 612 W idmap2d : failed to find resource 'string/config_rounded_mask'
