04-15 16:14:34.929 0 0 I apexd : Successfully mounted package /data/apex/decompressed/com.android.neuralnetworks@342090000.decompressed.apex on /apex/com.android.neuralnetworks@342090000 duration=1302
04-15 16:14:34.962 0 0 I loop24 : detected capacity change from 0 to 12792
04-15 16:14:35.005 0 0 I device-mapper: verity: sha256 using implementation "sha256-ssse3"
04-15 16:14:35.050 0 0 I EXT4-fs (dm-17): mounted filesystem without journal. Quota mode: none.
04-15 16:14:35.051 0 0 I apexd : Successfully mounted package /data/apex/decompressed/com.android.adbd@342090000.decompressed.apex on /apex/com.android.adbd@342090000 duration=1423
04-15 16:14:35.250 0 0 I loop25 : detected capacity change from 0 to 55672
04-15 16:14:35.267 0 0 I device-mapper: verity: sha256 using implementation "sha256-ssse3"
04-15 16:14:35.293 0 0 I EXT4-fs (dm-18): mounted filesystem without journal. Quota mode: none.
04-15 16:14:35.293 0 0 I apexd : Successfully mounted package /data/apex/decompressed/com.android.media.swcodec@342090000.decompressed.apex on /apex/com.android.media.swcodec@342090000 duration=1665
04-15 16:14:35.458 0 0 I loop26 : detected capacity change from 0 to 36000
04-15 16:14:35.476 0 0 I device-mapper: verity: sha256 using implementation "sha256-ssse3"
04-15 16:14:35.476 0 0 I loop27 : detected capacity change from 0 to 536
04-15 16:14:35.493 0 0 I device-mapper: verity: sha256 using implementation "sha256-ssse3"
04-15 16:14:35.525 0 0 I EXT4-fs (dm-28): mounted filesystem without journal. Quota mode: none.
04-15 16:14:35.526 0 0 I apexd : Successfully mounted package /data/apex/decompressed/com.android.tethering@342090000.decompressed.apex on /apex/com.android.tethering@342090000 duration=1893
04-15 16:14:35.561 0 0 I EXT4-fs (dm-11): mounted filesystem without journal. Quota mode: none.
04-15 16:14:35.561 0 0 I apexd : Successfully mounted package /data/apex/decompressed/com.android.configinfrastructure@342090000.decompressed.apex on /apex/com.android.configinfrastructure@342090000 duration=1924
04-15 16:14:35.566 0 0 I loop28 : detected capacity change from 0 to 7696
04-15 16:14:35.584 0 0 I device-mapper: verity: sha256 using implementation "sha256-ssse3"
04-15 16:14:35.660 0 0 I EXT4-fs (dm-9): mounted filesystem without journal. Quota mode: none.
04-15 16:14:35.661 0 0 I apexd : Successfully mounted package /data/apex/decompressed/com.android.uwb@342090000.decompressed.apex on /apex/com.android.uwb@342090000 duration=2027
04-15 16:14:35.723 0 0 I loop29 : detected capacity change from 0 to 19224
04-15 16:14:35.750 0 0 I device-mapper: verity: sha256 using implementation "sha256-ssse3"
04-15 16:14:35.792 0 0 I EXT4-fs (dm-10): mounted filesystem without journal. Quota mode: none.
04-15 16:14:35.793 0 0 I apexd : Successfully mounted package /data/apex/decompressed/com.android.extservices@342090000.decompressed.apex on /apex/com.android.extservices@342090000 duration=2159
04-15 16:14:35.805 0 0 I loop30 : detected capacity change from 0 to 8872
04-15 16:14:35.831 0 0 I device-mapper: verity: sha256 using implementation "sha256-ssse3"
04-15 16:14:35.832 0 0 I loop31 : detected capacity change from 0 to 536
04-15 16:14:35.857 0 0 I device-mapper: verity: sha256 using implementation "sha256-ssse3"
04-15 16:14:35.911 0 0 I EXT4-fs (dm-15): mounted filesystem without journal. Quota mode: none.
04-15 16:14:35.911 0 0 I apexd : Successfully mounted package /data/apex/decompressed/com.android.conscrypt@342090000.decompressed.apex on /apex/com.android.conscrypt@342090000 duration=2277
04-15 16:14:35.933 0 0 I EXT4-fs (dm-13): mounted filesystem without journal. Quota mode: none.
04-15 16:14:35.933 0 0 I apexd : Successfully mounted package /data/apex/decompressed/com.android.scheduling@342090000.decompressed.apex on /apex/com.android.scheduling@342090000 duration=2299
04-15 16:14:36.005 0 0 I loop32 : detected capacity change from 0 to 19784
04-15 16:14:36.030 0 0 I device-mapper: verity: sha256 using implementation "sha256-ssse3"
04-15 16:14:36.052 0 0 I loop33 : detected capacity change from 0 to 4600
04-15 16:14:36.072 0 0 I EXT4-fs (dm-24): mounted filesystem without journal. Quota mode: none.
04-15 16:14:36.073 0 0 I apexd : Successfully mounted package /data/apex/decompressed/com.android.mediaprovider@342090000.decompressed.apex on /apex/com.android.mediaprovider@342090000 duration=2438
04-15 16:14:36.083 0 0 I device-mapper: verity: sha256 using implementation "sha256-ssse3"
04-15 16:14:36.121 0 0 I EXT4-fs (dm-6): mounted filesystem without journal. Quota mode: none.
04-15 16:14:36.121 0 0 I apexd : Successfully mounted package /data/apex/decompressed/com.android.ondevicepersonalization@342090000.decompressed.apex on /apex/com.android.ondevicepersonalization@342090000 duration=2486
04-15 16:14:36.135 0 0 I loop34 : detected capacity change from 0 to 9104
04-15 16:14:36.153 0 0 I device-mapper: verity: sha256 using implementation "sha256-ssse3"
04-15 16:14:36.160 0 0 I loop35 : detected capacity change from 0 to 1624
04-15 16:14:36.178 0 0 I device-mapper: verity: sha256 using implementation "sha256-ssse3"
04-15 16:14:36.189 0 0 I EXT4-fs (dm-12): mounted filesystem without journal. Quota mode: none.
04-15 16:14:36.189 0 0 I apexd : Successfully mounted package /data/apex/decompressed/com.android.resolv@342090000.decompressed.apex on /apex/com.android.resolv@342090000 duration=2554
04-15 16:14:36.205 0 0 I EXT4-fs (dm-7): mounted filesystem without journal. Quota mode: none.
04-15 16:14:36.205 0 0 I apexd : Successfully mounted package /data/apex/decompressed/com.android.ipsec@342090000.decompressed.apex on /apex/com.android.ipsec@342090000 duration=2570
04-15 16:14:36.207 0 0 I apexd : Activated 32 packages.
04-15 16:14:36.207 0 0 I apexd : OnStart done, duration=7830
04-15 16:14:36.209 0 0 I AidlLazyServiceRegistrar: Registering service apexservice
04-15 16:14:36.333 0 0 I apexd : Marking APEXd as activated
04-15 16:14:36.335 0 0 I init : Wait for property 'apexd.status=activated' took 7250ms
04-15 16:14:36.426 0 0 I init : Parsing file /apex/com.android.adbd/etc/init.rc...
04-15 16:14:36.427 0 0 I init : Parsing file /apex/com.android.art/etc/init.rc...
04-15 16:14:36.428 0 0 I init : Parsing file /apex/com.android.media.swcodec/etc/mediaswcodec.32rc...
04-15 16:14:36.429 0 0 I init : Parsing file /apex/com.android.media/etc/mediatranscoding.32rc...
04-15 16:14:36.430 0 0 I init : Parsing file /apex/com.android.os.statsd/etc/init.rc...
04-15 16:14:36.431 0 0 I init : Parsing file /apex/com.android.sdkext/etc/derive_classpath.rc...
04-15 16:14:36.432 0 0 I init : Parsing file /apex/com.android.sdkext/etc/derive_sdk.rc...
04-15 16:14:36.723 0 0 I init : linkerconfig generated /linkerconfig with mounted APEX modules info
04-15 16:14:36.724 0 0 I init : Command 'perform_apex_config' action=post-fs-data (/system/etc/init/hw/init.rc:1010) took 387ms and succeeded
04-15 16:14:36.727 0 0 I init : Encryption policy of /data/bootanim set to e9a0fb4fd260abc5aa2f402fad1983f0 v2 modes 1/4 flags 0x2
04-15 16:14:36.729 0 0 I init : starting service 'derive_sdk'...
04-15 16:14:36.769 0 0 I init : ... started service 'derive_sdk' has pid 291
04-15 16:14:36.770 0 0 I init : SVC_EXEC service 'derive_sdk' pid 291 (uid 9999 gid 9999+0 context default) started; waiting...
04-15 16:14:36.846 291 291 I derive_sdk: Read version 7 from 1
04-15 16:14:36.849 291 291 I derive_sdk: Read version 7 from 13
04-15 16:14:36.850 291 291 I derive_sdk: Read version 7 from 3
04-15 16:14:36.851 291 291 I derive_sdk: Read version 7 from 9
04-15 16:14:36.856 291 291 I derive_sdk: Read version 7 from 10
04-15 16:14:36.857 291 291 I derive_sdk: Read version 7 from 14
04-15 16:14:36.858 291 291 I derive_sdk: Read version 7 from 15
04-15 16:14:36.859 291 291 I derive_sdk: Read version 7 from 7
04-15 16:14:36.859 291 291 I derive_sdk: Read version 7 from 11
04-15 16:14:36.872 291 291 I derive_sdk: Read version 7 from 2
04-15 16:14:36.873 291 291 I derive_sdk: Read version 7 from 12
04-15 16:14:36.873 291 291 I derive_sdk: Read version 7 from 4
04-15 16:14:36.874 291 291 I derive_sdk: Read version 7 from 8
04-15 16:14:36.876 291 291 I derive_sdk: Read version 7 from 16
04-15 16:14:36.876 291 291 W derive_sdk: Found sdkinfo in unexpected apex com.android.devicelock
04-15 16:14:36.880 291 291 I derive_sdk: Read version 7 from 6
04-15 16:14:36.882 291 291 I derive_sdk: Read version 7 from 5
04-15 16:14:36.882 291 291 I derive_sdk: extension r version is 7
04-15 16:14:36.886 291 291 I derive_sdk: extension s version is 7
04-15 16:14:36.887 291 291 I derive_sdk: extension t version is 7
04-15 16:14:36.889 291 291 I derive_sdk: extension u version is 7
04-15 16:14:36.890 291 291 I derive_sdk: extension ad_services version is 7
04-15 16:14:36.902 0 0 I init : Service 'derive_sdk' (pid 291) exited with status 0 waiting took 0.169000 seconds
04-15 16:14:36.902 0 0 I init : Sending signal 9 to service 'derive_sdk' (pid 291) process group...
04-15 16:14:36.903 0 0 I libprocessgroup: Successfully killed process cgroup uid 9999 pid 291 in 0ms
04-15 16:14:36.906 0 0 I init : starting service 'exec 10 (/system/bin/vdc --wait cryptfs init_user0)'...
04-15 16:14:36.925 0 0 I init : ... started service 'exec 10 (/system/bin/vdc --wait cryptfs init_user0)' has pid 292
04-15 16:14:36.925 0 0 I init : SVC_EXEC service 'exec 10 (/system/bin/vdc --wait cryptfs init_user0)' pid 292 (uid 0 gid 0+0 context default) started; waiting...
04-15 16:14:37.009 0 0 D vdc : Waited 0ms for vold
04-15 16:14:37.001 141 141 D vold : fscrypt_init_user0
04-15 16:14:37.001 141 141 D vold : Preparing: /data/misc/vold/user_keys
04-15 16:14:37.012 141 141 D vold : Preparing: /data/misc/vold/user_keys/ce
04-15 16:14:37.013 141 141 D vold : Preparing: /data/misc/vold/user_keys/de
04-15 16:14:37.014 141 141 D vold : Generating standard storage key
04-15 16:14:37.025 141 141 D vold : Generating "key storage" key
04-15 16:14:37.027 155 165 E keystore2: system/security/keystore2/src/error.rs:180 - system/security/keystore2/src/security_level.rs:622
04-15 16:14:37.027 155 165 E keystore2:
04-15 16:14:37.027 155 165 E keystore2: Caused by:
04-15 16:14:37.027 155 165 E keystore2: 0: system/security/keystore2/src/security_level.rs:620: While generating Key without explicit attestation key.
04-15 16:14:37.027 155 165 E keystore2: 1: Error::Km(r#ROLLBACK_RESISTANCE_UNAVAILABLE)
04-15 16:14:37.027 141 141 E vold : keystore2 Keystore generateKey returned service specific error: -67
04-15 16:14:37.028 141 141 W vold : Failed to generate rollback-resistant key. This is expected if keystore doesn't support rollback resistance. Falling back to non-rollback-resistant key.
04-15 16:14:37.036 0 0 E vold : keystore2 Keystore generateKey returned service specific error: -67
04-15 16:14:37.037 0 0 W vold : Failed to generate rollback-resistant key. This is expected if keystore doesn't support rollback resistance. Falling back to non-rollback-resistant key.
04-15 16:14:37.042 141 141 D vold : Stored key /data/misc/vold/user_keys/de/0
04-15 16:14:37.043 141 141 D vold : Installed fscrypt key with ref f27cd60ac65ac64df5ce7ee4ea956008 to /data
04-15 16:14:37.043 141 141 D vold : Added fscrypt-provisioning key for f27cd60ac65ac64df5ce7ee4ea956008 to session keyring
04-15 16:14:37.043 141 141 I vold : Created DE key for user 0
04-15 16:14:37.043 141 141 D vold : Generating standard storage key
04-15 16:14:37.043 141 141 D vold : Preparing: /data/misc/vold/user_keys/ce/0
04-15 16:14:37.045 141 141 D vold : Installed fscrypt key with ref adec0b434e215a64fafce0637a8f35ca to /data
04-15 16:14:37.045 141 141 D vold : Added fscrypt-provisioning key for adec0b434e215a64fafce0637a8f35ca to session keyring
04-15 16:14:37.046 141 141 I vold : Created CE key for user 0
04-15 16:14:37.056 141 141 D vold : Installed fscrypt key with ref f27cd60ac65ac64df5ce7ee4ea956008 to /data
04-15 16:14:37.056 141 141 D vold : Added fscrypt-provisioning key for f27cd60ac65ac64df5ce7ee4ea956008 to session keyring
04-15 16:14:37.057 141 141 D vold : Installed de key for user 0
04-15 16:14:37.057 141 141 D vold : Preparing: /data/data
04-15 16:14:37.059 141 141 I vold : Encryption policy of /data/data set to adec0b434e215a64fafce0637a8f35ca v2 modes 1/4 flags 0x2
04-15 16:14:37.059 141 141 D vold : Preparing: /data/user/0
04-15 16:14:37.068 141 141 D vold : Preparing: /data/media/obb
04-15 16:14:37.070 141 141 I vold : Encryption policy of /data/media/obb set to e9a0fb4fd260abc5aa2f402fad1983f0 v2 modes 1/4 flags 0x2
04-15 16:14:37.070 141 141 D vold : fscrypt_prepare_user_storage for volume null, user 0, serial 0, flags 1
04-15 16:14:37.070 141 141 D vold : Preparing: /data/system/users/0
04-15 16:14:37.076 141 141 D vold : Preparing: /data/misc/profiles/cur/0
04-15 16:14:37.077 141 141 D vold : Preparing: /data/system_de/0
04-15 16:14:37.078 141 141 I vold : Encryption policy of /data/system_de/0 set to f27cd60ac65ac64df5ce7ee4ea956008 v2 modes 1/4 flags 0x2
04-15 16:14:37.079 141 141 D vold : Preparing: /data/vendor_de/0
04-15 16:14:37.081 141 141 I vold : Encryption policy of /data/vendor_de/0 set to f27cd60ac65ac64df5ce7ee4ea956008 v2 modes 1/4 flags 0x2
04-15 16:14:37.081 141 141 D vold : Preparing: /data/misc_de/0
04-15 16:14:37.083 141 141 I vold : Encryption policy of /data/misc_de/0 set to f27cd60ac65ac64df5ce7ee4ea956008 v2 modes 1/4 flags 0x2
04-15 16:14:37.083 141 141 D vold : Preparing: /data/user_de/0
04-15 16:14:37.084 141 141 I vold : Encryption policy of /data/user_de/0 set to f27cd60ac65ac64df5ce7ee4ea956008 v2 modes 1/4 flags 0x2
04-15 16:14:37.085 141 141 D vold : /system/bin/vold_prepare_subdirs
04-15 16:14:37.085 141 141 D vold : prepare
04-15 16:14:37.085 141 141 D vold :
04-15 16:14:37.085 141 141 D vold : 0
04-15 16:14:37.085 141 141 D vold : 1
04-15 16:14:37.185 293 293 D vold_prepare_subdirs: Setting up mode 771 uid 1000 gid 1000 context u:object_r:system_data_file:s0:c512,c768 on path: /data/user_de/0
04-15 16:14:37.186 293 293 I vold_prepare_subdirs: Relabelling from u:object_r:system_data_file:s0 to u:object_r:system_data_file:s0:c512,c768: /data/user_de/0
04-15 16:14:37.192 293 293 D vold_prepare_subdirs: Setting up mode 771 uid 1000 gid 1000 context u:object_r:sdk_sandbox_system_data_file:s0:c512,c768 on path: /data/misc_de/0/sdksandbox
04-15 16:14:37.194 293 293 D vold_prepare_subdirs: Setting up mode 700 uid 0 gid 0 context u:object_r:vold_data_file:s0 on path: /data/misc_de/0/vold
04-15 16:14:37.195 293 293 D vold_prepare_subdirs: Setting up mode 700 uid 0 gid 0 context u:object_r:storaged_data_file:s0 on path: /data/misc_de/0/storaged
04-15 16:14:37.197 293 293 D vold_prepare_subdirs: Setting up mode 700 uid 0 gid 0 context u:object_r:rollback_data_file:s0 on path: /data/misc_de/0/rollback
04-15 16:14:37.198 293 293 D vold_prepare_subdirs: Setting up mode 700 uid 0 gid 0 context u:object_r:apex_rollback_data_file:s0 on path: /data/misc_de/0/apexrollback
04-15 16:14:37.199 293 293 D vold_prepare_subdirs: Setting up mode 711 uid 0 gid 0 context u:object_r:apex_module_data_file:s0 on path: /data/misc_de/0/apexdata
04-15 16:14:37.201 293 293 D vold_prepare_subdirs: Setting up mode 771 uid 0 gid 1000 context u:object_r:apex_module_data_file:s0 on path: /data/misc_de/0/apexdata/com.android.ipsec
04-15 16:14:37.203 293 293 D vold_prepare_subdirs: Setting up mode 771 uid 0 gid 1000 context u:object_r:apex_module_data_file:s0 on path: /data/misc_de/0/apexdata/com.android.resolv
04-15 16:14:37.204 293 293 D vold_prepare_subdirs: Setting up mode 771 uid 0 gid 1000 context u:object_r:apex_module_data_file:s0 on path: /data/misc_de/0/apexdata/com.android.ondevicepersonalization
04-15 16:14:37.205 293 293 D vold_prepare_subdirs: Setting up mode 771 uid 0 gid 1000 context u:object_r:apex_module_data_file:s0 on path: /data/misc_de/0/apexdata/com.android.mediaprovider
04-15 16:14:37.207 293 293 D vold_prepare_subdirs: Setting up mode 771 uid 0 gid 1000 context u:object_r:apex_module_data_file:s0 on path: /data/misc_de/0/apexdata/com.android.scheduling
04-15 16:14:37.208 293 293 D vold_prepare_subdirs: Setting up mode 771 uid 0 gid 1000 context u:object_r:apex_module_data_file:s0 on path: /data/misc_de/0/apexdata/com.android.conscrypt
04-15 16:14:37.209 293 293 D vold_prepare_subdirs: Setting up mode 771 uid 0 gid 1000 context u:object_r:apex_module_data_file:s0 on path: /data/misc_de/0/apexdata/com.android.extservices
04-15 16:14:37.210 293 293 D vold_prepare_subdirs: Setting up mode 771 uid 0 gid 1000 context u:object_r:apex_system_server_data_file:s0 on path: /data/misc_de/0/apexdata/com.android.uwb
04-15 16:14:37.211 293 293 D vold_prepare_subdirs: Setting up mode 771 uid 0 gid 1000 context u:object_r:apex_module_data_file:s0 on path: /data/misc_de/0/apexdata/com.android.configinfrastructure
04-15 16:14:37.213 293 293 D vold_prepare_subdirs: Setting up mode 771 uid 0 gid 1000 context u:object_r:apex_module_data_file:s0 on path: /data/misc_de/0/apexdata/com.android.tethering
04-15 16:14:37.214 293 293 D vold_prepare_subdirs: Setting up mode 771 uid 0 gid 1000 context u:object_r:apex_module_data_file:s0 on path: /data/misc_de/0/apexdata/com.android.media.swcodec
04-15 16:14:37.215 293 293 D vold_prepare_subdirs: Setting up mode 771 uid 0 gid 1000 context u:object_r:apex_module_data_file:s0 on path: /data/misc_de/0/apexdata/com.android.adbd
04-15 16:14:37.217 293 293 D vold_prepare_subdirs: Setting up mode 771 uid 0 gid 1000 context u:object_r:apex_module_data_file:s0 on path: /data/misc_de/0/apexdata/com.android.neuralnetworks
04-15 16:14:37.218 293 293 D vold_prepare_subdirs: Setting up mode 771 uid 0 gid 1000 context u:object_r:apex_module_data_file:s0 on path: /data/misc_de/0/apexdata/com.android.cellbroadcast
04-15 16:14:37.219 293 293 D vold_prepare_subdirs: Setting up mode 771 uid 0 gid 1000 context u:object_r:apex_module_data_file:s0 on path: /data/misc_de/0/apexdata/com.android.adservices
04-15 16:14:37.220 293 293 D vold_prepare_subdirs: Setting up mode 771 uid 0 gid 1000 context u:object_r:apex_module_data_file:s0 on path: /data/misc_de/0/apexdata/com.android.media
04-15 16:14:37.221 293 293 D vold_prepare_subdirs: Setting up mode 771 uid 0 gid 1000 context u:object_r:apex_module_data_file:s0 on path: /data/misc_de/0/apexdata/com.android.appsearch
04-15 16:14:37.223 293 293 D vold_prepare_subdirs: Setting up mode 771 uid 0 gid 1000 context u:object_r:apex_system_server_data_file:s0 on path: /data/misc_de/0/apexdata/com.android.wifi
04-15 16:14:37.224 293 293 D vold_prepare_subdirs: Setting up mode 771 uid 0 gid 1000 context u:object_r:apex_system_server_data_file:s0 on path: /data/misc_de/0/apexdata/com.android.permission
04-15 16:14:37.225 293 293 D vold_prepare_subdirs: Setting up mode 771 uid 0 gid 1000 context u:object_r:apex_module_data_file:s0 on path: /data/misc_de/0/apexdata/com.android.apex.cts.shim
04-15 16:14:37.226 293 293 D vold_prepare_subdirs: Setting up mode 771 uid 0 gid 1000 context u:object_r:apex_module_data_file:s0 on path: /data/misc_de/0/apexdata/com.android.art
04-15 16:14:37.228 293 293 D vold_prepare_subdirs: Setting up mode 771 uid 0 gid 1000 context u:object_r:apex_module_data_file:s0 on path: /data/misc_de/0/apexdata/com.android.healthfitness
04-15 16:14:37.229 293 293 D vold_prepare_subdirs: Setting up mode 771 uid 0 gid 1000 context u:object_r:apex_module_data_file:s0 on path: /data/misc_de/0/apexdata/com.android.virt
04-15 16:14:37.230 293 293 D vold_prepare_subdirs: Setting up mode 771 uid 0 gid 1000 context u:object_r:apex_module_data_file:s0 on path: /data/misc_de/0/apexdata/com.android.devicelock
04-15 16:14:37.231 293 293 D vold_prepare_subdirs: Setting up mode 771 uid 0 gid 1000 context u:object_r:apex_module_data_file:s0 on path: /data/misc_de/0/apexdata/com.android.rkpd
04-15 16:14:37.233 293 293 D vold_prepare_subdirs: Setting up mode 771 uid 0 gid 1000 context u:object_r:apex_module_data_file:s0 on path: /data/misc_de/0/apexdata/com.android.os.statsd
04-15 16:14:37.234 293 293 D vold_prepare_subdirs: Setting up mode 771 uid 0 gid 1000 context u:object_r:apex_module_data_file:s0 on path: /data/misc_de/0/apexdata/com.android.btservices
04-15 16:14:37.235 293 293 D vold_prepare_subdirs: Setting up mode 771 uid 0 gid 1000 context u:object_r:apex_module_data_file:s0 on path: /data/misc_de/0/apexdata/com.android.sdkext
04-15 16:14:37.237 293 293 D vold_prepare_subdirs: Setting up mode 771 uid 0 gid 1000 context u:object_r:apex_module_data_file:s0 on path: /data/misc_de/0/apexdata/com.android.runtime
04-15 16:14:37.238 293 293 D vold_prepare_subdirs: Setting up mode 771 uid 0 gid 1000 context u:object_r:apex_module_data_file:s0 on path: /data/misc_de/0/apexdata/com.android.tzdata
04-15 16:14:37.239 293 293 D vold_prepare_subdirs: Setting up mode 771 uid 0 gid 1000 context u:object_r:apex_module_data_file:s0 on path: /data/misc_de/0/apexdata/com.android.i18n
04-15 16:14:37.240 293 293 D vold_prepare_subdirs: Setting up mode 771 uid 0 gid 1000 context u:object_r:apex_module_data_file:s0 on path: /data/misc_de/0/apexdata/com.android.vndk.v34
04-15 16:14:37.241 293 293 D vold_prepare_subdirs: Setting up mode 771 uid 0 gid 1000 context u:object_r:apex_module_data_file:s0 on path: /data/misc_de/0/apexdata/sharedlibs
04-15 16:14:37.243 293 293 D vold_prepare_subdirs: Setting up mode 771 uid 1000 gid 1000 context u:object_r:user_profile_root_file:s0:c512,c768 on path: /data/misc/profiles/cur/0
04-15 16:14:37.243 293 293 I vold_prepare_subdirs: Relabelling from u:object_r:user_profile_root_file:s0 to u:object_r:user_profile_root_file:s0:c512,c768: /data/misc/profiles/cur/0
04-15 16:14:37.244 293 293 D vold_prepare_subdirs: Setting up mode 700 uid 1000 gid 1000 context u:object_r:fingerprint_vendor_data_file:s0 on path: /data/vendor_de/0/fpdata
04-15 16:14:37.246 293 293 D vold_prepare_subdirs: Setting up mode 700 uid 1000 gid 1000 context u:object_r:face_vendor_data_file:s0 on path: /data/vendor_de/0/facedata
04-15 16:14:37.250 141 141 D vold : Detected support for FS_IOC_ADD_ENCRYPTION_KEY
04-15 16:14:37.252 141 141 D vold : Installing fscrypt-provisioning key for adec0b434e215a64fafce0637a8f35ca back into /data fs-keyring
04-15 16:14:37.266 0 0 I init : Service 'exec 10 (/system/bin/vdc --wait cryptfs init_user0)' (pid 292) exited with status 0 waiting took 0.356000 seconds
04-15 16:14:37.267 0 0 I init : Sending signal 9 to service 'exec 10 (/system/bin/vdc --wait cryptfs init_user0)' (pid 292) process group...
04-15 16:14:37.267 0 0 I libprocessgroup: Successfully killed process cgroup uid 0 pid 292 in 0ms
04-15 16:14:37.514 0 0 I selinux : SELinux: Skipping restorecon on directory(/data/system/shutdown-checkpoints)
04-15 16:14:37.623 0 0 I init : Command 'restorecon --recursive --skip-ce /data' action=post-fs-data (/system/etc/init/hw/init.rc:1020) took 354ms and succeeded
04-15 16:14:37.624 0 0 I init : starting service 'derive_classpath'...
04-15 16:14:37.663 0 0 I init : ... started service 'derive_classpath' has pid 295
04-15 16:14:37.663 0 0 I init : SVC_EXEC service 'derive_classpath' pid 295 (uid 1000 gid 1000+1 context default) started; waiting...
04-15 16:14:37.719 295 295 I derive_classpath: ParseFragments for bootclasspath
04-15 16:14:37.745 295 295 I derive_classpath: ReadClasspathFragment /apex/com.android.art/etc/classpaths/bootclasspath.pb
04-15 16:14:37.749 295 295 I derive_classpath: ReadClasspathFragment /system/etc/classpaths/bootclasspath.pb
04-15 16:14:37.752 295 295 I derive_classpath: ReadClasspathFragment /apex/com.android.adservices/etc/classpaths/bootclasspath.pb
04-15 16:14:37.753 295 295 I derive_classpath: ReadClasspathFragment /apex/com.android.appsearch/etc/classpaths/bootclasspath.pb
04-15 16:14:37.754 295 295 I derive_classpath: ReadClasspathFragment /apex/com.android.btservices/etc/classpaths/bootclasspath.pb
04-15 16:14:37.756 295 295 I derive_classpath: ReadClasspathFragment /apex/com.android.configinfrastructure/etc/classpaths/bootclasspath.pb
04-15 16:14:37.756 295 295 I derive_classpath: ReadClasspathFragment /apex/com.android.conscrypt/etc/classpaths/bootclasspath.pb
04-15 16:14:37.757 295 295 I derive_classpath: ReadClasspathFragment /apex/com.android.devicelock/etc/classpaths/bootclasspath.pb
04-15 16:14:37.760 295 295 I derive_classpath: ReadClasspathFragment /apex/com.android.healthfitness/etc/classpaths/bootclasspath.pb
04-15 16:14:37.761 295 295 I derive_classpath: ReadClasspathFragment /apex/com.android.ipsec/etc/classpaths/bootclasspath.pb
04-15 16:14:37.762 295 295 I derive_classpath: ReadClasspathFragment /apex/com.android.media/etc/classpaths/bootclasspath.pb
04-15 16:14:37.762 295 295 I derive_classpath: ReadClasspathFragment /apex/com.android.mediaprovider/etc/classpaths/bootclasspath.pb
04-15 16:14:37.763 295 295 I derive_classpath: ReadClasspathFragment /apex/com.android.ondevicepersonalization/etc/classpaths/bootclasspath.pb
04-15 16:14:37.768 295 295 I derive_classpath: ReadClasspathFragment /apex/com.android.os.statsd/etc/classpaths/bootclasspath.pb
04-15 16:14:37.771 295 295 I derive_classpath: ReadClasspathFragment /apex/com.android.permission/etc/classpaths/bootclasspath.pb
04-15 16:14:37.773 295 295 I derive_classpath: ReadClasspathFragment /apex/com.android.scheduling/etc/classpaths/bootclasspath.pb
04-15 16:14:37.773 295 295 I derive_classpath: ReadClasspathFragment /apex/com.android.sdkext/etc/classpaths/bootclasspath.pb
04-15 16:14:37.774 295 295 I derive_classpath: ReadClasspathFragment /apex/com.android.tethering/etc/classpaths/bootclasspath.pb
04-15 16:14:37.775 295 295 I derive_classpath: ReadClasspathFragment /apex/com.android.uwb/etc/classpaths/bootclasspath.pb
04-15 16:14:37.776 295 295 I derive_classpath: ReadClasspathFragment /apex/com.android.virt/etc/classpaths/bootclasspath.pb
04-15 16:14:37.777 295 295 I derive_classpath: ReadClasspathFragment /apex/com.android.wifi/etc/classpaths/bootclasspath.pb
04-15 16:14:37.778 295 295 I derive_classpath: ParseFragments for systemserverclasspath
04-15 16:14:37.783 295 295 I derive_classpath: ReadClasspathFragment /system/etc/classpaths/systemserverclasspath.pb
04-15 16:14:37.785 295 295 I derive_classpath: ReadClasspathFragment /apex/com.android.adservices/etc/classpaths/systemserverclasspath.pb
04-15 16:14:37.786 295 295 I derive_classpath: ReadClasspathFragment /apex/com.android.appsearch/etc/classpaths/systemserverclasspath.pb
04-15 16:14:37.786 295 295 I derive_classpath: ReadClasspathFragment /apex/com.android.art/etc/classpaths/systemserverclasspath.pb
04-15 16:14:37.787 295 295 I derive_classpath: ReadClasspathFragment /apex/com.android.btservices/etc/classpaths/systemserverclasspath.pb
04-15 16:14:37.788 295 295 I derive_classpath: ReadClasspathFragment /apex/com.android.configinfrastructure/etc/classpaths/systemserverclasspath.pb
04-15 16:14:37.789 295 295 I derive_classpath: ReadClasspathFragment /apex/com.android.devicelock/etc/classpaths/systemserverclasspath.pb
04-15 16:14:37.790 295 295 I derive_classpath: ReadClasspathFragment /apex/com.android.healthfitness/etc/classpaths/systemserverclasspath.pb
04-15 16:14:37.790 295 295 I derive_classpath: ReadClasspathFragment /apex/com.android.media/etc/classpaths/systemserverclasspath.pb
04-15 16:14:37.791 295 295 I derive_classpath: ReadClasspathFragment /apex/com.android.ondevicepersonalization/etc/classpaths/systemserverclasspath.pb
04-15 16:14:37.792 295 295 I derive_classpath: ReadClasspathFragment /apex/com.android.os.statsd/etc/classpaths/systemserverclasspath.pb
04-15 16:14:37.793 295 295 I derive_classpath: ReadClasspathFragment /apex/com.android.permission/etc/classpaths/systemserverclasspath.pb
04-15 16:14:37.794 295 295 I derive_classpath: ReadClasspathFragment /apex/com.android.rkpd/etc/classpaths/systemserverclasspath.pb
04-15 16:14:37.795 295 295 I derive_classpath: ReadClasspathFragment /apex/com.android.scheduling/etc/classpaths/systemserverclasspath.pb
04-15 16:14:37.795 295 295 I derive_classpath: ReadClasspathFragment /apex/com.android.tethering/etc/classpaths/systemserverclasspath.pb
04-15 16:14:37.796 295 295 I derive_classpath: ReadClasspathFragment /apex/com.android.uwb/etc/classpaths/systemserverclasspath.pb
04-15 16:14:37.797 295 295 I derive_classpath: ReadClasspathFragment /apex/com.android.wifi/etc/classpaths/systemserverclasspath.pb
04-15 16:14:37.798 295 295 I derive_classpath: WriteClasspathExports /data/system/environ/classpath
04-15 16:14:37.799 295 295 I derive_classpath: WriteClasspathExports content
04-15 16:14:37.799 295 295 I derive_classpath: export BOOTCLASSPATH /apex/com.android.art/javalib/core-oj.jar:/apex/com.android.art/javalib/core-libart.jar:/apex/com.android.art/javalib/okhttp.jar:/apex/com.android.art/javalib/bouncycastle.jar:/apex/com.android.art/javalib/apache-xml.jar:/system/framework/framework.jar:/system/framework/framework-graphics.jar:/system/framework/ext.jar:/system/framework/telephony-common.jar:/system/framework/voip-common.jar:/system/framework/ims-common.jar:/apex/com.android.i18n/javalib/core-icu4j.jar:/apex/com.android.adservices/javalib/framework-adservices.jar:/apex/com.android.adservices/javalib/framework-sdksandbox.jar:/apex/com.android.appsearch/javalib/framework-appsearch.jar:/apex/com.android.btservices/javalib/framework-bluetooth.jar:/apex/com.android.configinfrastructure/javalib/framework-configinfrastructure.jar:/apex/com.android.conscrypt/javalib/conscrypt.jar:/apex/com.android.devicelock/javalib/framework-devicelock.jar:/apex/com.android.healthfitness/javalib/framework-healthfitness.jar:/apex/com.android.ipsec/javalib/android.net.ipsec.ike.jar:/apex/com.android.media/javalib/updatable-media.jar:/apex/com.android.mediaprovider/javalib/framework-mediaprovider.jar:/apex/com.android.ondevicepersonalization/javalib/framework-ondevicepersonalization.jar:/apex/com.android.os.statsd/javalib/framework-statsd.jar:/apex/com.android.permission/javalib/framework-permission.jar:/apex/com.android.permission/javalib/framework-permission-s.jar:/apex/com.android.scheduling/javalib/framework-scheduling.jar:/apex/com.android.sdkext/javalib/framework-sdkextensions.jar:/apex/com.android.tethering/javalib/framework-connectivity.jar:/apex/com.android.tethering/javalib/framework-connectivity-t.jar:/apex/com.android.tethering/javalib/framework-tethering.jar:/apex/com.android.uwb/javalib/framework-uwb.jar:/apex/com.android.virt/javalib/framework-virtualization.jar:/apex/com.android.wifi/javalib/framework-wifi.jar
04-15 16:14:37.799 295 295 I derive_classpath: export DEX2OATBOOTCLASSPATH /apex/com.android.art/javalib/core-oj.jar:/apex/com.android.art/javalib/core-libart.jar:/apex/com.android.art/javalib/okhttp.jar:/apex/com.android.art/javalib/bouncycastle.jar:/apex/com.android.art/javalib/apache-xml.jar:/system/framework/framework.jar:/system/framework/framework-graphics.jar:/system/framework/ext.jar:/system/framework/telephony-common.jar:/system/framework/voip-common.jar:/system/framework/ims-common.jar:/apex/com.android.i18n/javalib/core-icu4j.jar
04-15 16:14:37.799 295 295 I derive_classpath: export SYSTEMSERVERCLASSPATH /system/framework/com.android.location.provider.jar:/system/framework/services.jar:/apex/com.android.adservices/javalib/service-adservices.jar:/apex/com.android.adservices/javalib/service-sdksandbox.jar:/apex/com.android.appsearch/javalib/service-appsearch.jar:/apex/com.android.art/javalib/service-art.jar:/apex/com.android.configinfrastructure/javalib/service-configinfrastructure.jar:/apex/com.android.healthfitness/javalib/service-healthfitness.jar:/apex/com.android.media/javalib/service-media-s.jar:/apex/com.android.ondevicepersonalization/javalib/service-ondevicepersonalization.jar:/apex/com.android.permission/javalib/service-permission.jar:/apex/com.android.rkpd/javalib/service-rkp.jar
04-15 16:14:37.799 295 295 I derive_classpath: export STANDALONE_SYSTEMSERVER_JARS /apex/com.android.btservices/javalib/service-bluetooth.jar:/apex/com.android.devicelock/javalib/service-devicelock.jar:/apex/com.android.os.statsd/javalib/service-statsd.jar:/apex/com.android.scheduling/javalib/service-scheduling.jar:/apex/com.android.tethering/javalib/service-connectivity.jar:/apex/com.android.uwb/javalib/service-uwb.jar:/apex/com.android.wifi/javalib/service-wifi.jar
04-15 16:14:37.811 0 0 I init : Service 'derive_classpath' (pid 295) exited with status 0 waiting took 0.183000 seconds
04-15 16:14:37.811 0 0 I init : Sending signal 9 to service 'derive_classpath' (pid 295) process group...
04-15 16:14:37.812 0 0 I libprocessgroup: Successfully killed process cgroup uid 1000 pid 295 in 0ms
04-15 16:14:37.817 0 0 I init : starting service 'art_boot'...
04-15 16:14:37.846 0 0 I init : ... started service 'art_boot' has pid 296
04-15 16:14:37.846 0 0 I init : SVC_EXEC service 'art_boot' pid 296 (uid 0 gid 0+0 context default) started; waiting...
04-15 16:14:37.932 296 296 I art_boot: Property persist.device_config.runtime_native_boot.useartservice not set
04-15 16:14:37.944 0 0 I init : Service 'art_boot' (pid 296) exited with status 0 waiting took 0.121000 seconds
04-15 16:14:37.945 0 0 I init : Sending signal 9 to service 'art_boot' (pid 296) process group...
04-15 16:14:37.945 0 0 I libprocessgroup: Successfully killed process cgroup uid 0 pid 296 in 0ms
04-15 16:14:37.949 0 0 I init : starting service 'odsign'...
04-15 16:14:37.972 0 0 I init : ... started service 'odsign' has pid 297
04-15 16:14:38.126 297 297 I odsign : Trying to retrieve existing HMAC key...
04-15 16:14:38.131 297 297 I odsign : Existing HMAC key not found or invalid, creating new key
04-15 16:14:38.161 297 297 I odsign : Trying to retrieve existing keystore key...
04-15 16:14:38.163 297 297 I odsign : Failed to find keystore key...
04-15 16:14:38.163 297 297 I odsign : Existing keystore key not found or invalid, creating new key
04-15 16:14:39.039 297 297 I odsign : Initialized Keystore key.
04-15 16:14:39.041 297 297 W odsign : Key certificate not found: /data/misc/odsign/key.cert: No such file or directory
04-15 16:14:39.550 298 298 I odrefresh: ART APEX version 342090000
04-15 16:14:39.554 298 298 I odrefresh: No prior cache-info file: '/data/misc/apexdata/com.android.art/dalvik-cache/cache-info.xml'
04-15 16:14:39.557 298 298 I odrefresh: Boot images on /system OK (x86_64)
04-15 16:14:39.563 298 298 I odrefresh: system_server artifacts on /system OK
04-15 16:14:39.573 297 297 I odrefresh: odrefresh terminated by exit(79)
04-15 16:14:39.574 297 297 I odsign : /data/misc/odsign/odsign.info not found.
04-15 16:14:39.708 299 299 I odrefresh: ART APEX version 342090000
04-15 16:14:39.711 299 299 I odrefresh: No prior cache-info file: '/data/misc/apexdata/com.android.art/dalvik-cache/cache-info.xml'
04-15 16:14:39.713 299 299 I odrefresh: Boot images on /system OK (x86_64)
04-15 16:14:39.715 299 299 I odrefresh: system_server artifacts on /system OK
04-15 16:14:40.007 297 297 I odrefresh: odrefresh terminated by exit(80)
04-15 16:14:40.008 297 297 I odsign : odrefresh compiled all artifacts, returned 80
04-15 16:14:40.009 297 297 I odsign : Adding "/data/misc/apexdata/com.android.art/dalvik-cache/cache-info.xml" to fs-verity...
04-15 16:14:40.018 0 0 I fs-verity: sha256 using implementation "sha256-ssse3"
04-15 16:14:40.034 297 297 I odsign : On-device signing done.
04-15 16:14:40.046 0 0 I init : Wait for property 'odsign.key.done=1' took 2071ms
04-15 16:14:40.047 0 0 I init : starting service 'exec 11 (/system/bin/fsverity_init --lock)'...
04-15 16:14:40.073 0 0 I init : ... started service 'exec 11 (/system/bin/fsverity_init --lock)' has pid 300
04-15 16:14:40.073 0 0 I init : SVC_EXEC service 'exec 11 (/system/bin/fsverity_init --lock)' pid 300 (uid 0 gid 0+0 context default) started; waiting...
04-15 16:14:40.074 0 0 I init : Sending signal 9 to service 'odsign' (pid 297) process group...
04-15 16:14:40.084 0 0 I libprocessgroup: Successfully killed process cgroup uid 0 pid 297 in 9ms
04-15 16:14:40.086 0 0 I init : Control message: Processed ctl.stop for 'odsign' from pid: 297 (/system/bin/odsign)
04-15 16:14:40.087 0 0 I init : Service 'odsign' (pid 297) received signal 9
04-15 16:14:40.163 0 0 I init : Service 'exec 11 (/system/bin/fsverity_init --lock)' (pid 300) exited with status 0 waiting took 0.111000 seconds
04-15 16:14:40.163 0 0 I init : Sending signal 9 to service 'exec 11 (/system/bin/fsverity_init --lock)' (pid 300) process group...
04-15 16:14:40.163 0 0 I libprocessgroup: Successfully killed process cgroup uid 0 pid 300 in 0ms
04-15 16:14:40.166 0 0 I init : starting service 'apexd-snapshotde'...
04-15 16:14:40.160 155 198 I keystore2: system/security/keystore2/src/super_key.rs:330 - keystore.boot_level 1000000000 hits maximum 1000000000, finishing.
04-15 16:14:40.200 0 0 I init : ... started service 'apexd-snapshotde' has pid 301
04-15 16:14:40.200 0 0 I init : SVC_EXEC service 'apexd-snapshotde' pid 301 (uid 0 gid 1000+0 context default) started; waiting...
04-15 16:14:40.318 0 0 I apexd : Snapshot DE subcommand detected
04-15 16:14:40.328 0 0 I apexd-snapshotde: Marking APEXd as ready
04-15 16:14:40.338 0 0 I init : Service 'apexd-snapshotde' (pid 301) exited with status 0 waiting took 0.166000 seconds
04-15 16:14:40.338 0 0 I init : Sending signal 9 to service 'apexd-snapshotde' (pid 301) process group...
04-15 16:14:40.338 0 0 I libprocessgroup: Successfully killed process cgroup uid 0 pid 301 in 0ms
04-15 16:14:40.359 0 0 I init : processing action (post-fs-data) from (/system/etc/init/hw/init.usb.rc:6)
04-15 16:14:40.362 0 0 I init : Encryption policy of /data/adb set to e9a0fb4fd260abc5aa2f402fad1983f0 v2 modes 1/4 flags 0x2
04-15 16:14:40.362 0 0 I init : processing action (post-fs-data) from (/vendor/etc/init/hw/init.ranchu.rc:58)
04-15 16:14:40.375 0 0 I init : starting service 'qemu-adb-keys'...
04-15 16:14:40.408 0 0 I init : ... started service 'qemu-adb-keys' has pid 302
04-15 16:14:40.410 0 0 I init : starting service 'qemu-device-state'...
04-15 16:14:40.439 0 0 I init : ... started service 'qemu-device-state' has pid 303
04-15 16:14:40.439 0 0 I init : processing action (ro.boot.qemu.virtiowifi=1 && post-fs-data) from (/vendor/etc/init/hw/init.ranchu.rc:112)
04-15 16:14:40.453 0 0 I init : starting service 'ranchu-net'...
04-15 16:14:40.490 0 0 I init : ... started service 'ranchu-net' has pid 304
04-15 16:14:40.490 0 0 I init : processing action (post-fs-data) from (/system/etc/init/bootstat.rc:9)
04-15 16:14:40.498 0 0 I init : processing action (ro.debuggable=1 && post-fs-data) from (/system/etc/init/clean_scratch_files.rc:1)
04-15 16:14:40.499 0 0 I init : starting service 'exec 12 (/system/bin/clean_scratch_files)'...
04-15 16:14:40.525 0 0 I init : ... started service 'exec 12 (/system/bin/clean_scratch_files)' has pid 305
04-15 16:14:40.525 0 0 I init : processing action (post-fs-data) from (/system/etc/init/gsid.rc:17)
04-15 16:14:40.569 0 0 I init : Not setting encryption policy on: /data/gsi
04-15 16:14:40.585 0 0 I init : processing action (post-fs-data) from (/system/etc/init/incidentd.rc:21)
04-15 16:14:40.586 0 0 I init : processing action (post-fs-data) from (/system/etc/init/logtagd.rc:4)
04-15 16:14:40.610 0 0 I init : processing action (post-fs-data) from (/system/etc/init/otapreopt.rc:3)
04-15 16:14:40.611 0 0 I init : starting service 'exec 13 (/system/bin/otapreopt_slot)'...
04-15 16:14:40.729 0 0 I init : ... started service 'exec 13 (/system/bin/otapreopt_slot)' has pid 306
04-15 16:14:40.730 0 0 I init : SVC_EXEC service 'exec 13 (/system/bin/otapreopt_slot)' pid 306 (uid 0 gid 0+0 context default) started; waiting...
04-15 16:14:40.730 0 0 I init : Command 'exec - root -- /system/bin/otapreopt_slot' action=post-fs-data (/system/etc/init/otapreopt.rc:4) took 119ms and succeeded
04-15 16:14:40.730 0 0 I init : Service 'qemu-device-state' (pid 303) exited with status 0 oneshot service took 0.314000 seconds in background
04-15 16:14:40.730 0 0 I init : Sending signal 9 to service 'qemu-device-state' (pid 303) process group...
04-15 16:14:40.731 0 0 I libprocessgroup: Successfully killed process cgroup uid 0 pid 303 in 0ms
04-15 16:14:40.816 0 0 I init : Service 'qemu-adb-keys' (pid 302) exited with status 0 oneshot service took 0.437000 seconds in background
04-15 16:14:40.816 0 0 I init : Sending signal 9 to service 'qemu-adb-keys' (pid 302) process group...
04-15 16:14:40.817 0 0 I libprocessgroup: Successfully killed process cgroup uid 0 pid 302 in 0ms
04-15 16:14:41.067 0 0 I init : Service 'exec 12 (/system/bin/clean_scratch_files)' (pid 305) exited with status 0 oneshot service took 0.556000 seconds in background
04-15 16:14:41.068 0 0 I init : Sending signal 9 to service 'exec 12 (/system/bin/clean_scratch_files)' (pid 305) process group...
04-15 16:14:41.073 0 0 I libprocessgroup: Successfully killed process cgroup uid 0 pid 305 in 4ms
04-15 16:14:41.366 310 310 W otapreopt_slot: Slot property empty.
04-15 16:14:41.407 0 0 I init : Service 'exec 13 (/system/bin/otapreopt_slot)' (pid 306) exited with status 1 waiting took 0.760000 seconds
04-15 16:14:41.409 0 0 I init : Sending signal 9 to service 'exec 13 (/system/bin/otapreopt_slot)' (pid 306) process group...
04-15 16:14:41.411 0 0 I libprocessgroup: Successfully killed process cgroup uid 0 pid 306 in 1ms
04-15 16:14:41.441 0 0 E selinux : SELinux: Could not stat /data/dalvik-cache/arm: No such file or directory.
04-15 16:14:41.441 0 0 E selinux : SELinux: Could not stat /data/dalvik-cache/arm64: No such file or directory.
04-15 16:14:41.442 0 0 E selinux : SELinux: Could not stat /data/dalvik-cache/riscv64: No such file or directory.
04-15 16:14:41.442 0 0 E selinux : SELinux: Could not stat /data/dalvik-cache/x86: No such file or directory.
04-15 16:14:41.442 0 0 E selinux : SELinux: Could not stat /data/dalvik-cache/x86_64: No such file or directory.
04-15 16:14:41.443 0 0 I init : processing action (post-fs-data) from (/system/etc/init/perfetto.rc:73)
04-15 16:14:41.443 0 0 I init : Command 'rm /data/misc/perfetto-traces/.guardraildata' action=post-fs-data (/system/etc/init/perfetto.rc:74) took 0ms and failed: unlink() failed: No such file or directory
04-15 16:14:41.443 0 0 I init : processing action (post-fs-data) from (/system/etc/init/profcollectd.rc:9)
04-15 16:14:41.487 0 0 I init : processing action (post-fs-data) from (/system/etc/init/recovery-persist.rc:1)
04-15 16:14:41.488 0 0 D ieee80211 phy1: Selected rate control algorithm 'minstrel_ht'
04-15 16:14:41.498 0 0 I init : starting service 'exec 14 (/system/bin/recovery-persist)'...
04-15 16:14:41.539 0 0 I init : ... started service 'exec 14 (/system/bin/recovery-persist)' has pid 312
04-15 16:14:41.539 0 0 I init : Command 'exec_background - system log -- /system/bin/recovery-persist' action=post-fs-data (/system/etc/init/recovery-persist.rc:3) took 51ms and succeeded
04-15 16:14:41.539 0 0 I init : processing action (post-fs-data) from (/system/etc/init/wifi.rc:18)
04-15 16:14:41.546 0 0 I selinux : SELinux: Skipping restorecon on directory(/data/misc/apexdata/com.android.wifi)
04-15 16:14:41.546 0 0 I init : processing action (post-fs-data) from (/vendor/etc/init/hostapd.android.rc:9)
04-15 16:14:41.570 0 0 I init : processing action (sys.init.perf_lsm_hooks=1 && load_bpf_programs) from (/system/etc/init/hw/init.rc:1253)
04-15 16:14:41.571 0 0 I init : processing action (load_bpf_programs) from (/system/etc/init/bpfloader.rc:17)
04-15 16:14:41.576 0 0 I init : starting service 'bpfloader'...
04-15 16:14:41.618 0 0 I init : ... started service 'bpfloader' has pid 314
04-15 16:14:41.618 0 0 I init : SVC_EXEC service 'bpfloader' pid 314 (uid 0 gid 0+7 context default) started; waiting...
04-15 16:14:41.754 0 0 I init : starting service 'dhcpclient_wifi'...
04-15 16:14:41.799 0 0 I init : ... started service 'dhcpclient_wifi' has pid 315
04-15 16:14:41.800 0 0 I init : Control message: Processed ctl.start for 'dhcpclient_wifi' from pid: 313 (setprop ctl.start dhcpclient_wifi)
04-15 16:14:41.808 0 0 I init : Service 'exec 14 (/system/bin/recovery-persist)' (pid 312) exited with status 0 oneshot service took 0.291000 seconds in background
04-15 16:14:41.808 0 0 I init : Sending signal 9 to service 'exec 14 (/system/bin/recovery-persist)' (pid 312) process group...
04-15 16:14:41.809 0 0 I libprocessgroup: Successfully killed process cgroup uid 1000 pid 312 in 0ms
04-15 16:14:41.851 0 0 D LibBpfLoader: Loading optional ELF object /apex/com.android.tethering/etc/bpf/test.o with license Apache 2.0
04-15 16:14:41.851 0 0 I LibBpfLoader: Section bpfloader_min_ver value is 2 [0x2]
04-15 16:14:41.851 0 0 I LibBpfLoader: Section bpfloader_max_ver value is 25 [0x19]
04-15 16:14:41.852 0 0 D LibBpfLoader: Couldn't find section bpfloader_min_required_ver (defaulting to 0 [0x0]).
04-15 16:14:41.864 0 0 I LibBpfLoader: Section size_of_bpf_map_def value is 120 [0x78]
04-15 16:14:41.865 0 0 I LibBpfLoader: Section size_of_bpf_prog_def value is 92 [0x5c]
04-15 16:14:41.865 0 0 I LibBpfLoader: BpfLoader version 0x00026 ignoring ELF object /apex/com.android.tethering/etc/bpf/test.o with max ver 0x00019
04-15 16:14:41.865 0 0 I bpfloader: Loaded object: /apex/com.android.tethering/etc/bpf/test.o
04-15 16:14:41.873 0 0 D LibBpfLoader: Loading critical for Connectivity (Tethering) ELF object /apex/com.android.tethering/etc/bpf/offload.o with license Apache 2.0
04-15 16:14:41.873 0 0 I LibBpfLoader: Section bpfloader_min_ver value is 2 [0x2]
04-15 16:14:41.874 0 0 I LibBpfLoader: Section bpfloader_max_ver value is 25 [0x19]
04-15 16:14:41.874 0 0 D LibBpfLoader: Couldn't find section bpfloader_min_required_ver (defaulting to 0 [0x0]).
04-15 16:14:41.874 0 0 I LibBpfLoader: Section size_of_bpf_map_def value is 120 [0x78]
04-15 16:14:41.875 0 0 I LibBpfLoader: Section size_of_bpf_prog_def value is 92 [0x5c]
04-15 16:14:41.875 0 0 I LibBpfLoader: BpfLoader version 0x00026 ignoring ELF object /apex/com.android.tethering/etc/bpf/offload.o with max ver 0x00019
04-15 16:14:41.875 0 0 I bpfloader: Loaded object: /apex/com.android.tethering/etc/bpf/offload.o
04-15 16:14:41.881 0 0 D LibBpfLoader: Loading optional ELF object /apex/com.android.tethering/etc/bpf/test@btf.o with license Apache 2.0
04-15 16:14:41.882 0 0 I LibBpfLoader: Section bpfloader_min_ver value is 25 [0x19]
04-15 16:14:41.882 0 0 I LibBpfLoader: Section bpfloader_max_ver value is 65536 [0x10000]
04-15 16:14:41.882 0 0 D LibBpfLoader: Couldn't find section bpfloader_min_required_ver (defaulting to 0 [0x0]).
04-15 16:14:41.883 0 0 I LibBpfLoader: Section size_of_bpf_map_def value is 120 [0x78]
04-15 16:14:41.883 0 0 I LibBpfLoader: Section size_of_bpf_prog_def value is 92 [0x5c]
04-15 16:14:41.883 0 0 I LibBpfLoader: BpfLoader version 0x00026 processing ELF object /apex/com.android.tethering/etc/bpf/test@btf.o with ver [0x00019,0x10000)
04-15 16:14:41.899 0 0 D LibBpfLoader: Loaded code section 3 (xdp_drop_ipv4_udp_ether)
04-15 16:14:41.917 0 0 D LibBpfLoader: Adding section 3 to cs list
04-15 16:14:41.925 0 0 D LibBpfLoader: Couldn't find section btf_min_bpfloader_ver (defaulting to 0 [0x0]).
04-15 16:14:41.926 0 0 D LibBpfLoader: Couldn't find section btf_min_kernel_ver (defaulting to 0 [0x0]).
04-15 16:14:41.964 0 0 I init : Service 'ranchu-net' (pid 304) exited with status 0 oneshot service took 1.503000 seconds in background
04-15 16:14:41.964 0 0 I init : Sending signal 9 to service 'ranchu-net' (pid 304) process group...
04-15 16:14:41.965 0 0 I libprocessgroup: Successfully killed process cgroup uid 0 pid 304 in 0ms
04-15 16:14:42.038 0 0 D LibBpfLoader: bpf_create_map name tether_downstream6_map, ret: 6
04-15 16:14:42.038 0 0 I LibBpfLoader: map /sys/fs/bpf/tethering/map_test_tether_downstream6_map id 1
04-15 16:14:42.039 0 0 D LibBpfLoader: bpf_create_map name bitmap, ret: 7
04-15 16:14:42.039 0 0 I LibBpfLoader: map /sys/fs/bpf/tethering/map_test_bitmap id 2
04-15 16:14:42.039 0 0 D LibBpfLoader: map_fd found at 0 is 6 in /apex/com.android.tethering/etc/bpf/test@btf.o
04-15 16:14:42.039 0 0 D LibBpfLoader: map_fd found at 1 is 7 in /apex/com.android.tethering/etc/bpf/test@btf.o
04-15 16:14:42.042 0 0 D LibBpfLoader: cs[0].name:xdp_drop_ipv4_udp_ether min_kver:5090000 .max_kver:ffffffff (kvers:6010017)
04-15 16:14:42.042 0 0 D LibBpfLoader: cs[0].name:xdp_drop_ipv4_udp_ether requires bpfloader version [0x00019,0x10000)
04-15 16:14:42.052 0 0 D LibBpfLoader: bpf_prog_load lib call for /apex/com.android.tethering/etc/bpf/test@btf.o (xdp_drop_ipv4_udp_ether) returned fd: 8 (no error)
04-15 16:14:42.053 0 0 I LibBpfLoader: prog /sys/fs/bpf/tethering/prog_test_xdp_drop_ipv4_udp_ether id 1
04-15 16:14:42.054 0 0 I bpfloader: Loaded object: /apex/com.android.tethering/etc/bpf/test@btf.o
04-15 16:14:42.057 0 0 D LibBpfLoader: Loading critical for Connectivity (Tethering) ELF object /apex/com.android.tethering/etc/bpf/offload@btf.o with license Apache 2.0
04-15 16:14:42.058 0 0 I LibBpfLoader: Section bpfloader_min_ver value is 25 [0x19]
04-15 16:14:42.058 0 0 I LibBpfLoader: Section bpfloader_max_ver value is 65536 [0x10000]
04-15 16:14:42.058 0 0 D LibBpfLoader: Couldn't find section bpfloader_min_required_ver (defaulting to 0 [0x0]).
04-15 16:14:42.059 0 0 I LibBpfLoader: Section size_of_bpf_map_def value is 120 [0x78]
04-15 16:14:42.059 0 0 I LibBpfLoader: Section size_of_bpf_prog_def value is 92 [0x5c]
04-15 16:14:42.059 0 0 I LibBpfLoader: BpfLoader version 0x00026 processing ELF object /apex/com.android.tethering/etc/bpf/offload@btf.o with ver [0x00019,0x10000)
04-15 16:14:42.079 0 0 D LibBpfLoader: Loaded code section 3 (schedcls_tether_downstream6_ether)
04-15 16:14:42.081 0 0 D LibBpfLoader: Loaded relo section 3 (.relschedcls/tether_downstream6_ether)
04-15 16:14:42.081 0 0 D LibBpfLoader: Adding section 3 to cs list
04-15 16:14:42.082 0 0 D LibBpfLoader: Loaded code section 5 (schedcls_tether_upstream6_ether)
04-15 16:14:42.084 0 0 D LibBpfLoader: Loaded relo section 5 (.relschedcls/tether_upstream6_ether)
04-15 16:14:42.084 0 0 D LibBpfLoader: Adding section 5 to cs list
