04-15 16:17:01.641 534 534 V SystemServerTiming: OnBootPhase_600_com.android.server.healthconnect.HealthConnectManagerService took to complete: 0ms
04-15 16:17:01.641 534 534 V SystemServerTiming: OnBootPhase_600 took to complete: 1387ms
04-15 16:17:01.641 534 534 V SystemServerTiming: PhaseThirdPartyAppsCanStart took to complete: 1388ms
04-15 16:17:01.641 534 534 D SystemServerTiming: StartNetworkStack
04-15 16:17:01.642 534 534 D ConnectivityModuleConnector: Starting networking module android.net.INetworkStackConnector
04-15 16:17:01.642 534 534 D ConnectivityModuleConnector: Starting networking module in network_stack process
04-15 16:17:01.677 534 534 D CompatibilityChangeReporter: Compat change id reported: 135634846; UID 1073; state: DISABLED
04-15 16:17:01.678 534 566 W ActivityManager: com.android.networkstack.tethering inode == 0 (b/152760674)
04-15 16:17:01.690 534 534 D ConnectivityModuleConnector: Networking module service start requested
04-15 16:17:01.690 534 534 D NetworkStackClient: Network stack service start requested
04-15 16:17:01.690 534 534 V SystemServerTiming: StartNetworkStack took to complete: 49ms
04-15 16:17:01.690 534 534 D SystemServerTiming: StartTethering
04-15 16:17:01.690 534 534 D ConnectivityModuleConnector: Starting networking module android.net.ITetheringConnector
04-15 16:17:01.697 534 534 D ConnectivityModuleConnector: Starting networking module in network_stack process
04-15 16:17:01.717 328 328 I Zygote : Entering forkRepeatedly native zygote loop
04-15 16:17:01.720 534 534 D ConnectivityModuleConnector: Networking module service start requested
04-15 16:17:01.720 534 534 V SystemServerTiming: StartTethering took to complete: 30ms
04-15 16:17:01.720 534 534 D SystemServerTiming: MakeCountryDetectionServiceReady
04-15 16:17:01.721 534 534 V SystemServerTiming: MakeCountryDetectionServiceReady took to complete: 0ms
04-15 16:17:01.721 534 534 D SystemServerTiming: MakeNetworkTimeUpdateReady
04-15 16:17:01.723 534 534 D ConnectivityService: requestNetwork for uid/pid:1000/534 activeRequest: null callbackRequest: 14 [NetworkRequest [ REQUEST id=15, [ Capabilities: INTERNET&NOT_RESTRICTED&TRUSTED&NOT_VCN_MANAGED Uid: 1000 RequestorUid: 1000 RequestorPkg: android UnderlyingNetworks: Null] ]] callback flags: 0 order: 2147483647
04-15 16:17:01.726 534 811 D ConnectivityService: NetReassign [no changes] [c 0] [a 0] [i 0]
04-15 16:17:01.745 534 534 V SystemServerTiming: MakeNetworkTimeUpdateReady took to complete: 24ms
04-15 16:17:01.745 534 534 D SystemServerTiming: MakeInputManagerServiceReady
04-15 16:17:01.767 328 328 D Zygote : Forked child process 1064
04-15 16:17:01.772 534 566 W ActivityManager: Slow operation: 105ms so far, now at startProcess: returned from zygote!
04-15 16:17:01.776 534 566 W ActivityManager: Slow operation: 109ms so far, now at startProcess: done updating battery stats
04-15 16:17:01.777 534 566 W ActivityManager: Slow operation: 110ms so far, now at startProcess: building log message
04-15 16:17:01.777 534 566 I ActivityManager: Start proc 1064:com.android.networkstack.process/1073 for service {com.android.networkstack/com.android.server.NetworkStackService}
04-15 16:17:01.777 534 566 W ActivityManager: Slow operation: 110ms so far, now at startProcess: starting to update pids map
04-15 16:17:01.777 534 566 W ActivityManager: Slow operation: 110ms so far, now at startProcess: done updating pids map
04-15 16:17:01.779 534 564 D StatsPullAtomService: Registering NetworkStats pullers with statsd
04-15 16:17:01.790 534 534 I InputManager: Enabling motion classifier because just booted: feature enabled, long press timeout = 400
04-15 16:17:01.791 534 534 I InputProcessor: Enabling motion classifier
04-15 16:17:01.806 534 1065 I InputProcessor: HAL android.hardware.input.processor.IInputProcessor/default is not declared
04-15 16:17:01.813 0 0 I servicemanager: Could not find android.hardware.input.processor.IInputProcessor/default in the VINTF manifest.
04-15 16:17:01.818 534 640 I InputReader: Reconfiguring input devices, changes=DEVICE_ALIAS
04-15 16:17:01.827 534 534 V SystemServerTiming: MakeInputManagerServiceReady took to complete: 82ms
04-15 16:17:01.827 534 534 D SystemServerTiming: MakeTelephonyRegistryReady
04-15 16:17:01.845 534 534 V SystemServerTiming: MakeTelephonyRegistryReady took to complete: 18ms
04-15 16:17:01.845 534 534 D SystemServerTiming: MakeMediaRouterServiceReady
04-15 16:17:01.851 534 960 D BufferPoolAccessor2.0: bufferpool2 0x76615e599d98 : 0(0 size) total buffers - 0(0 size) used buffers - 2/7 (recycle/alloc) - 5/34 (fetch/transfer)
04-15 16:17:01.852 534 960 D BufferPoolAccessor2.0: evictor expired: 1, evicted: 1
04-15 16:17:01.885 534 640 I InputReader: Reconfiguring input devices, changes=KEYBOARD_LAYOUTS
04-15 16:17:01.890 1064 1064 I rkstack.process: Using CollectorTypeCC GC.
04-15 16:17:01.900 534 564 W BestClock: java.time.DateTimeException: Missing network time fix
04-15 16:17:01.902 534 534 I MR2ServiceImpl: switchUser | user: 0
04-15 16:17:01.905 1064 1064 W rkstack.process: Unexpected CPU variant for x86: x86_64.
04-15 16:17:01.905 1064 1064 W rkstack.process: Known variants: atom, sandybridge, silvermont, goldmont, goldmont-plus, tremont, kabylake, default
04-15 16:17:01.917 534 534 V SystemServerTiming: MakeMediaRouterServiceReady took to complete: 72ms
04-15 16:17:01.920 534 534 D SystemServerTiming: MakeMmsServiceReady
04-15 16:17:01.920 534 534 I MmsServiceBroker: Delay connecting to MmsService until an API is called
04-15 16:17:01.920 534 534 V SystemServerTiming: MakeMmsServiceReady took to complete: 0ms
04-15 16:17:01.920 534 534 D SystemServerTiming: IncidentDaemonReady
04-15 16:17:01.930 534 534 V SystemServerTiming: IncidentDaemonReady took to complete: 10ms
04-15 16:17:01.930 534 534 D SystemServerTiming: MakeIncrementalServiceReady
04-15 16:17:01.930 534 534 V SystemServerTiming: MakeIncrementalServiceReady took to complete: 0ms
04-15 16:17:01.930 534 534 D SystemServerTiming: OdsignStatsLogger
04-15 16:17:01.931 534 534 V SystemServerTiming: OdsignStatsLogger took to complete: 1ms
04-15 16:17:01.931 534 534 D SystemServerTiming: getCurrentUser
04-15 16:17:01.931 534 534 I ActivityManager: Current user:0
04-15 16:17:01.931 534 534 V SystemServerTiming: getCurrentUser took to complete: 0ms
04-15 16:17:01.931 534 534 D SystemServerTiming: ActivityManagerStartApps
04-15 16:17:01.942 534 534 D SystemServerTimingAsync: ssm.StartUser-0
04-15 16:17:01.942 534 534 I SystemServiceManager: Calling onStartUser 0
04-15 16:17:01.943 534 534 D SystemServerTimingAsync: ssm.onStartUser-0_com.android.server.security.FileIntegrityService
04-15 16:17:01.943 534 534 V SystemServerTimingAsync: ssm.onStartUser-0_com.android.server.security.FileIntegrityService took to complete: 0ms
04-15 16:17:01.943 534 534 D SystemServerTimingAsync: ssm.onStartUser-0_com.android.server.pm.Installer
04-15 16:17:01.943 534 534 V SystemServerTimingAsync: ssm.onStartUser-0_com.android.server.pm.Installer took to complete: 0ms
04-15 16:17:01.943 534 534 D SystemServerTimingAsync: ssm.onStartUser-0_com.android.server.os.DeviceIdentifiersPolicyService
04-15 16:17:01.943 534 534 V SystemServerTimingAsync: ssm.onStartUser-0_com.android.server.os.DeviceIdentifiersPolicyService took to complete: 0ms
04-15 16:17:01.943 534 534 D SystemServerTimingAsync: ssm.onStartUser-0_com.android.server.uri.UriGrantsManagerService$Lifecycle
04-15 16:17:01.943 534 534 V SystemServerTimingAsync: ssm.onStartUser-0_com.android.server.uri.UriGrantsManagerService$Lifecycle took to complete: 0ms
04-15 16:17:01.943 534 534 D SystemServerTimingAsync: ssm.onStartUser-0_com.android.server.powerstats.PowerStatsService
04-15 16:17:01.943 534 534 V SystemServerTimingAsync: ssm.onStartUser-0_com.android.server.powerstats.PowerStatsService took to complete: 0ms
04-15 16:17:01.954 1064 1064 E rkstack.process: Not starting debugger since process cannot load the jdwp agent.
04-15 16:17:01.961 454 884 D BufferPoolAccessor2.0: bufferpool2 0x72e168c1ae78 : 0(0 size) total buffers - 0(0 size) used buffers - 14/15 (recycle/alloc) - 1/14 (fetch/transfer)
04-15 16:17:01.961 454 884 D BufferPoolAccessor2.0: evictor expired: 1, evicted: 1
04-15 16:17:01.964 534 534 D SystemServerTimingAsync: ssm.onStartUser-0_com.android.server.permission.access.AccessCheckingService
04-15 16:17:01.964 534 534 V SystemServerTimingAsync: ssm.onStartUser-0_com.android.server.permission.access.AccessCheckingService took to complete: 0ms
04-15 16:17:01.964 534 534 D SystemServerTimingAsync: ssm.onStartUser-0_com.android.server.wm.ActivityTaskManagerService$Lifecycle
04-15 16:17:01.964 534 534 V SystemServerTimingAsync: ssm.onStartUser-0_com.android.server.wm.ActivityTaskManagerService$Lifecycle took to complete: 0ms
04-15 16:17:01.964 534 534 D SystemServerTimingAsync: ssm.onStartUser-0_com.android.server.am.ActivityManagerService$Lifecycle
04-15 16:17:01.964 534 534 V SystemServerTimingAsync: ssm.onStartUser-0_com.android.server.am.ActivityManagerService$Lifecycle took to complete: 0ms
04-15 16:17:01.964 534 534 D SystemServerTimingAsync: ssm.onStartUser-0_com.android.server.pm.DataLoaderManagerService
04-15 16:17:01.964 534 534 V SystemServerTimingAsync: ssm.onStartUser-0_com.android.server.pm.DataLoaderManagerService took to complete: 0ms
04-15 16:17:01.964 534 534 D SystemServerTimingAsync: ssm.onStartUser-0_com.android.server.power.PowerManagerService
04-15 16:17:01.964 534 534 V SystemServerTimingAsync: ssm.onStartUser-0_com.android.server.power.PowerManagerService took to complete: 0ms
04-15 16:17:01.965 534 534 D SystemServerTimingAsync: ssm.onStartUser-0_com.android.server.power.ThermalManagerService
04-15 16:17:01.965 534 534 V SystemServerTimingAsync: ssm.onStartUser-0_com.android.server.power.ThermalManagerService took to complete: 0ms
04-15 16:17:01.965 534 534 D SystemServerTimingAsync: ssm.onStartUser-0_com.android.server.power.hint.HintManagerService
04-15 16:17:01.965 534 534 V SystemServerTimingAsync: ssm.onStartUser-0_com.android.server.power.hint.HintManagerService took to complete: 0ms
04-15 16:17:01.965 534 534 D SystemServerTimingAsync: ssm.onStartUser-0_com.android.server.recoverysystem.RecoverySystemService$Lifecycle
04-15 16:17:01.965 534 534 V SystemServerTimingAsync: ssm.onStartUser-0_com.android.server.recoverysystem.RecoverySystemService$Lifecycle took to complete: 0ms
04-15 16:17:01.965 534 534 D SystemServerTimingAsync: ssm.onStartUser-0_com.android.server.lights.LightsService
04-15 16:17:01.965 534 534 V SystemServerTimingAsync: ssm.onStartUser-0_com.android.server.lights.LightsService took to complete: 0ms
04-15 16:17:01.965 534 534 D SystemServerTimingAsync: ssm.onStartUser-0_com.android.server.display.DisplayManagerService
04-15 16:17:01.965 534 534 V SystemServerTimingAsync: ssm.onStartUser-0_com.android.server.display.DisplayManagerService took to complete: 0ms
04-15 16:17:01.965 534 534 D SystemServerTimingAsync: ssm.onStartUser-0_com.android.server.pm.verify.domain.DomainVerificationService
04-15 16:17:01.965 534 534 V SystemServerTimingAsync: ssm.onStartUser-0_com.android.server.pm.verify.domain.DomainVerificationService took to complete: 0ms
04-15 16:17:01.966 534 534 D SystemServerTimingAsync: ssm.onStartUser-0_com.android.server.pm.PackageInstallerService$Lifecycle
04-15 16:17:01.966 534 534 V SystemServerTimingAsync: ssm.onStartUser-0_com.android.server.pm.PackageInstallerService$Lifecycle took to complete: 0ms
04-15 16:17:01.966 534 534 D SystemServerTimingAsync: ssm.onStartUser-0_com.android.server.pm.UserManagerService$LifeCycle
04-15 16:17:01.966 534 534 V SystemServerTimingAsync: ssm.onStartUser-0_com.android.server.pm.UserManagerService$LifeCycle took to complete: 0ms
04-15 16:17:01.966 534 534 D SystemServerTimingAsync: ssm.onStartUser-0_com.android.server.om.OverlayManagerService
04-15 16:17:02.024 327 327 I netd : tetherGetStats() -> {[]} <11.67ms>
04-15 16:17:02.118 534 564 W BestClock: java.time.DateTimeException: Missing network time fix
04-15 16:17:02.142 534 945 D GameManagerService: User ID '0' does not have a Game Mode selected for package: 'com.android.networkstack'
04-15 16:17:02.149 534 557 I DropBoxManagerService: add tag=system_server_strictmode isTagEnabled=true flags=0x2
04-15 16:17:02.157 534 945 D CompatibilityChangeReporter: Compat change id reported: 168419799; UID 1073; state: DISABLED
04-15 16:17:02.158 534 945 D CompatibilityChangeReporter: Compat change id reported: 273564678; UID 1073; state: DISABLED
04-15 16:17:02.167 534 557 I DropBoxManagerService: add tag=system_server_strictmode isTagEnabled=true flags=0x2
04-15 16:17:02.211 534 945 W ActivityManager: Slow operation: 64ms so far, now at attachApplicationLocked: immediately after bindApplication
04-15 16:17:02.211 534 945 W ActivityManager: Slow operation: 69ms so far, now at attachApplicationLocked: after updateLruProcessLocked
04-15 16:17:02.212 965 971 W idmap2d : failed to parse idmap header of '/data/resource-cache/vendor@overlay@SystemUI__auto_generated_rro_vendor.apk@idmap'
04-15 16:17:02.235 965 971 W idmap2d : failed to find resource 'bool/config_show4GForLTE'
04-15 16:17:02.235 965 971 E idmap2d : no resources were overlaid
04-15 16:17:02.234 534 557 I DropBoxManagerService: add tag=system_server_strictmode isTagEnabled=true flags=0x2
04-15 16:17:02.351 534 945 W ActivityManager: Slow operation: 55ms so far, now at finishAttachApplicationInner: after mServices.attachApplicationLocked
04-15 16:17:02.351 534 945 W ActivityManager: Slow operation: 138ms so far, now at finishAttachApplicationInner: after dispatching broadcasts
04-15 16:17:02.356 534 556 W Looper : Slow dispatch took 139ms android.ui h=com.android.server.am.ActivityManagerService$UiHandler c=com.android.server.am.UidObserverController$$ExternalSyntheticLambda0@892d72c m=0
04-15 16:17:02.357 534 564 W BestClock: java.time.DateTimeException: Missing network time fix
04-15 16:17:02.358 534 800 W system_server: Long monitor contention with owner binder:534_7 (945) at void com.android.server.am.ActivityManagerService.finishAttachApplicationInner(long, int, int)(ActivityManagerService.java:4940) waiters=1 in int com.android.server.am.ActivityManagerService.broadcastIntentWithFeature(android.app.IApplicationThread, java.lang.String, android.content.Intent, java.lang.String, android.content.IIntentReceiver, int, java.lang.String, android.os.Bundle, java.lang.String[], java.lang.String[], java.lang.String[], int, android.os.Bundle, boolean, boolean, int) for 110ms
04-15 16:17:02.363 1064 1064 D CompatibilityChangeReporter: Compat change id reported: 171979766; UID 1073; state: ENABLED
04-15 16:17:02.363 1064 1064 D CompatibilityChangeReporter: Compat change id reported: 242716250; UID 1073; state: ENABLED
04-15 16:17:02.359 534 620 D CompatibilityChangeReporter: Compat change id reported: 265195908; UID 1073; state: ENABLED
04-15 16:17:02.374 534 557 I DropBoxManagerService: add tag=system_server_strictmode isTagEnabled=true flags=0x2
04-15 16:17:02.396 327 327 I netd : tetherGetStats() -> {[]} <7.32ms>
04-15 16:17:02.437 534 557 I DropBoxManagerService: add tag=system_server_strictmode isTagEnabled=true flags=0x2
04-15 16:17:02.460 534 564 W BestClock: java.time.DateTimeException: Missing network time fix
04-15 16:17:02.470 1064 1064 D CompatibilityChangeReporter: Compat change id reported: 3400644; UID 1073; state: ENABLED
04-15 16:17:02.493 534 557 I DropBoxManagerService: add tag=system_server_strictmode isTagEnabled=true flags=0x2
04-15 16:17:02.534 534 557 I DropBoxManagerService: add tag=system_server_strictmode isTagEnabled=true flags=0x2
04-15 16:17:02.587 1064 1064 W rkstack.process: ClassLoaderContext shared library size mismatch. Expected=1, found=0 (PCL[]{PCL[/system/framework/android.net.ipsec.ike.jar*3039086002]} | PCL[])
04-15 16:17:02.694 534 803 W system_server: Long monitor contention with owner android.bg (564) at void android.net.connectivity.com.android.server.net.NetworkStatsService.performPoll(int)(NetworkStatsService.java:2333) waiters=0 in void android.net.connectivity.com.android.server.net.NetworkStatsService.noteUidForeground(int, boolean) for 325ms
04-15 16:17:02.731 1064 1064 D nativeloader: Configuring clns-shared-6 for other apk /system/priv-app/NetworkStack/NetworkStack.apk. target_sdk_version=34, uses_libraries=, library_path=/system/priv-app/NetworkStack/lib/x86_64:/system/priv-app/NetworkStack/NetworkStack.apk!/lib/x86_64:/system/lib64:/system_ext/lib64, permitted_path=/data:/mnt/expand:/data/user_de/0/com.android.networkstack:/system/priv-app/NetworkStack:/system/lib64:/system_ext/lib64
04-15 16:17:02.763 534 564 W BestClock: java.time.DateTimeException: Missing network time fix
04-15 16:17:02.800 327 327 I netd : tetherGetStats() -> {[]} <8.13ms>
04-15 16:17:02.831 534 564 W BestClock: java.time.DateTimeException: Missing network time fix
04-15 16:17:02.856 534 960 D BufferPoolAccessor2.0: bufferpool2 0x76615e594ca8 : 0(0 size) total buffers - 0(0 size) used buffers - 2/7 (recycle/alloc) - 5/34 (fetch/transfer)
04-15 16:17:02.856 534 960 D BufferPoolAccessor2.0: evictor expired: 1, evicted: 1
04-15 16:17:02.865 1057 1057 I AidlLazyServiceRegistrar: Process has 1 (of 1 available) client(s) in use after notification android.hardware.gnss.IGnss/default has clients: 1
04-15 16:17:02.872 0 0 I servicemanager: Notifying android.hardware.gnss.IGnss/default they do (previously: don't) have clients when we now have a record of a client
04-15 16:17:02.877 1064 1064 V GraphicsEnvironment: Currently set values for:
04-15 16:17:02.878 1064 1064 V GraphicsEnvironment: angle_gl_driver_selection_pkgs=[]
04-15 16:17:02.879 1064 1064 V GraphicsEnvironment: angle_gl_driver_selection_values=[]
04-15 16:17:02.880 1064 1064 V GraphicsEnvironment: ANGLE GameManagerService for com.android.networkstack: false
04-15 16:17:02.881 1064 1064 V GraphicsEnvironment: com.android.networkstack is not listed in per-application setting
04-15 16:17:02.882 1064 1064 V GraphicsEnvironment: Neither updatable production driver nor prerelease driver is supported.
04-15 16:17:02.903 534 534 W SystemServiceManager: Service com.android.server.om.OverlayManagerService took 937 ms in onStartUser-0
04-15 16:17:02.903 534 534 V SystemServerTimingAsync: ssm.onStartUser-0_com.android.server.om.OverlayManagerService took to complete: 938ms
04-15 16:17:02.904 534 534 D SystemServerTimingAsync: ssm.onStartUser-0_com.android.server.resources.ResourcesManagerService
04-15 16:17:02.905 534 534 V SystemServerTimingAsync: ssm.onStartUser-0_com.android.server.resources.ResourcesManagerService took to complete: 0ms
04-15 16:17:02.905 534 534 D SystemServerTimingAsync: ssm.onStartUser-0_com.android.server.sensorprivacy.SensorPrivacyService
04-15 16:17:02.910 534 534 V SystemServerTimingAsync: ssm.onStartUser-0_com.android.server.sensorprivacy.SensorPrivacyService took to complete: 4ms
04-15 16:17:02.914 534 534 D SystemServerTimingAsync: ssm.onStartUser-0_com.android.server.sensors.SensorService
04-15 16:17:02.915 534 534 V SystemServerTimingAsync: ssm.onStartUser-0_com.android.server.sensors.SensorService took to complete: 0ms
04-15 16:17:02.915 534 534 D SystemServerTimingAsync: ssm.onStartUser-0_com.android.server.SystemConfigService
04-15 16:17:02.916 534 534 V SystemServerTimingAsync: ssm.onStartUser-0_com.android.server.SystemConfigService took to complete: 0ms
04-15 16:17:02.916 534 534 D SystemServerTimingAsync: ssm.onStartUser-0_com.android.server.BatteryService
04-15 16:17:02.917 534 534 V SystemServerTimingAsync: ssm.onStartUser-0_com.android.server.BatteryService took to complete: 0ms
04-15 16:17:02.917 534 534 D SystemServerTimingAsync: ssm.onStartUser-0_com.android.server.usage.UsageStatsService
04-15 16:17:02.918 534 534 V SystemServerTimingAsync: ssm.onStartUser-0_com.android.server.usage.UsageStatsService took to complete: 0ms
04-15 16:17:02.919 534 534 D SystemServerTimingAsync: ssm.onStartUser-0_com.android.server.webkit.WebViewUpdateService
04-15 16:17:02.920 534 534 V SystemServerTimingAsync: ssm.onStartUser-0_com.android.server.webkit.WebViewUpdateService took to complete: 0ms
04-15 16:17:02.921 534 534 D SystemServerTimingAsync: ssm.onStartUser-0_com.android.server.CachedDeviceStateService
04-15 16:17:02.921 534 534 V SystemServerTimingAsync: ssm.onStartUser-0_com.android.server.CachedDeviceStateService took to complete: 0ms
04-15 16:17:02.921 534 534 D SystemServerTimingAsync: ssm.onStartUser-0_com.android.server.BinderCallsStatsService$LifeCycle
04-15 16:17:02.922 534 534 V SystemServerTimingAsync: ssm.onStartUser-0_com.android.server.BinderCallsStatsService$LifeCycle took to complete: 0ms
04-15 16:17:02.923 534 534 D SystemServerTimingAsync: ssm.onStartUser-0_com.android.server.LooperStatsService$Lifecycle
04-15 16:17:02.923 534 534 V SystemServerTimingAsync: ssm.onStartUser-0_com.android.server.LooperStatsService$Lifecycle took to complete: 0ms
04-15 16:17:02.923 534 534 D SystemServerTimingAsync: ssm.onStartUser-0_com.android.server.rollback.RollbackManagerService
04-15 16:17:02.928 534 534 V SystemServerTimingAsync: ssm.onStartUser-0_com.android.server.rollback.RollbackManagerService took to complete: 0ms
04-15 16:17:02.930 534 534 D SystemServerTimingAsync: ssm.onStartUser-0_com.android.server.os.NativeTombstoneManagerService
04-15 16:17:02.930 534 534 V SystemServerTimingAsync: ssm.onStartUser-0_com.android.server.os.NativeTombstoneManagerService took to complete: 0ms
04-15 16:17:02.930 534 534 D SystemServerTimingAsync: ssm.onStartUser-0_com.android.server.os.BugreportManagerService
04-15 16:17:02.931 534 534 V SystemServerTimingAsync: ssm.onStartUser-0_com.android.server.os.BugreportManagerService took to complete: 0ms
04-15 16:17:02.933 419 419 D incidentd: WorkDirectory::getReports
04-15 16:17:02.937 534 534 D SystemServerTimingAsync: ssm.onStartUser-0_com.android.server.gpu.GpuService
04-15 16:17:02.937 534 534 V SystemServerTimingAsync: ssm.onStartUser-0_com.android.server.gpu.GpuService took to complete: 0ms
04-15 16:17:02.937 534 534 D SystemServerTimingAsync: ssm.onStartUser-0_com.android.server.security.rkp.RemoteProvisioningService
04-15 16:17:02.938 534 534 V SystemServerTimingAsync: ssm.onStartUser-0_com.android.server.security.rkp.RemoteProvisioningService took to complete: 0ms
04-15 16:17:02.938 534 534 D SystemServerTimingAsync: ssm.onStartUser-0_com.android.server.cpu.CpuMonitorService
04-15 16:17:02.938 534 534 V SystemServerTimingAsync: ssm.onStartUser-0_com.android.server.cpu.CpuMonitorService took to complete: 0ms
04-15 16:17:02.938 534 534 D SystemServerTimingAsync: ssm.onStartUser-0_com.android.server.security.KeyChainSystemService
04-15 16:17:02.939 534 534 V SystemServerTimingAsync: ssm.onStartUser-0_com.android.server.security.KeyChainSystemService took to complete: 0ms
04-15 16:17:02.939 534 534 D SystemServerTimingAsync: ssm.onStartUser-0_com.android.server.BinaryTransparencyService
04-15 16:17:02.939 534 534 V SystemServerTimingAsync: ssm.onStartUser-0_com.android.server.BinaryTransparencyService took to complete: 0ms
04-15 16:17:02.940 534 534 D SystemServerTimingAsync: ssm.onStartUser-0_com.android.server.telecom.TelecomLoaderService
04-15 16:17:02.940 534 534 V SystemServerTimingAsync: ssm.onStartUser-0_com.android.server.telecom.TelecomLoaderService took to complete: 0ms
04-15 16:17:02.940 534 534 D SystemServerTimingAsync: ssm.onStartUser-0_com.android.server.accounts.AccountManagerService$Lifecycle
04-15 16:17:02.941 534 534 V SystemServerTimingAsync: ssm.onStartUser-0_com.android.server.accounts.AccountManagerService$Lifecycle took to complete: 0ms
04-15 16:17:02.941 534 534 D SystemServerTimingAsync: ssm.onStartUser-0_com.android.server.content.ContentService$Lifecycle
04-15 16:17:02.941 534 534 V SystemServerTimingAsync: ssm.onStartUser-0_com.android.server.content.ContentService$Lifecycle took to complete: 1ms
04-15 16:17:02.953 1064 1064 D nativeloader: Configuring clns-shared-7 for other apk /apex/com.android.cellbroadcast/priv-app/CellBroadcastServiceModule@UE1A.230829.036.A1/CellBroadcastServiceModule.apk. target_sdk_version=34, uses_libraries=, library_path=/apex/com.android.cellbroadcast/priv-app/CellBroadcastServiceModule@UE1A.230829.036.A1/lib/x86_64:/apex/com.android.cellbroadcast/priv-app/CellBroadcastServiceModule@UE1A.230829.036.A1/CellBroadcastServiceModule.apk!/lib/x86_64:/system/lib64:/system_ext/lib64, permitted_path=/data:/mnt/expand:/data/user_de/0/com.android.cellbroadcastservice:/apex/com.android.cellbroadcast/priv-app/CellBroadcastServiceModule@UE1A.230829.036.A1:/system/lib64:/system_ext/lib64
04-15 16:17:02.956 534 534 D SystemServerTimingAsync: ssm.onStartUser-0_com.android.server.deviceconfig.DeviceConfigInit$Lifecycle
04-15 16:17:02.956 534 534 V SystemServerTimingAsync: ssm.onStartUser-0_com.android.server.deviceconfig.DeviceConfigInit$Lifecycle took to complete: 0ms
04-15 16:17:02.957 534 534 D SystemServerTimingAsync: ssm.onStartUser-0_com.android.server.DropBoxManagerService
04-15 16:17:02.957 534 534 V SystemServerTimingAsync: ssm.onStartUser-0_com.android.server.DropBoxManagerService took to complete: 0ms
04-15 16:17:02.957 534 534 D SystemServerTimingAsync: ssm.onStartUser-0_com.android.role.RoleService
04-15 16:17:02.964 454 884 D BufferPoolAccessor2.0: bufferpool2 0x72e168c18038 : 0(0 size) total buffers - 0(0 size) used buffers - 12/15 (recycle/alloc) - 3/14 (fetch/transfer)
04-15 16:17:02.964 454 884 D BufferPoolAccessor2.0: evictor expired: 1, evicted: 1
04-15 16:17:02.973 1064 1064 D nativeloader: InitApexLibraries:
04-15 16:17:02.973 1064 1064 D nativeloader: com_android_adservices: libhpke_jni.so:libtflite_support_classifiers_native.so
04-15 16:17:02.973 1064 1064 D nativeloader: com_android_appsearch: libicing.so
04-15 16:17:02.973 1064 1064 D nativeloader: com_android_art: libartservice.so
04-15 16:17:02.973 1064 1064 D nativeloader: com_android_btservices: libbluetooth_jni.so
04-15 16:17:02.973 1064 1064 D nativeloader: com_android_conscrypt: libjavacrypto.so
04-15 16:17:02.973 1064 1064 D nativeloader: com_android_extservices: libtflite_support_classifiers_native.so
04-15 16:17:02.973 1064 1064 D nativeloader: com_android_os_statsd: libstats_jni.so
04-15 16:17:02.973 1064 1064 D nativeloader: com_android_tethering: libandroid_net_connectivity_com_android_net_module_util_jni.so:libcronet.114.0.5735.84.so:libframework-connectivity-jni.so:libframework-connectivity-tiramisu-jni.so:libservice-connectivity.so
04-15 16:17:02.973 1064 1064 D nativeloader: com_android_uwb: libuwb_uci_jni_rust.so
04-15 16:17:02.973 1064 1064 D nativeloader: com_android_virt: libvirtualizationservice_jni.so:libvirtualmachine_jni.so
04-15 16:17:03.006 534 564 W BestClock: java.time.DateTimeException: Missing network time fix
04-15 16:17:03.007 534 953 I ActivityManager: Flag disabled. Ignoring finishAttachApplication from uid: 1073. pid: 1064
04-15 16:17:03.009 534 534 I RoleService: Granting default roles...
04-15 16:17:03.054 327 327 I netd : tetherGetStats() -> {[]} <15.19ms>
04-15 16:17:03.092 534 952 I RoleUserState: Added new role: android.app.role.SYSTEM_CONTACTS
04-15 16:17:03.093 534 952 I RoleUserState: Added new role: android.app.role.FINANCED_DEVICE_KIOSK
04-15 16:17:03.094 534 952 I RoleUserState: Added new role: android.app.role.SYSTEM_SETTINGS_INTELLIGENCE
04-15 16:17:03.094 534 952 I RoleUserState: Added new role: android.app.role.SYSTEM_SUPERVISION
04-15 16:17:03.100 534 952 I RoleUserState: Added new role: android.app.role.SYSTEM_CALL_STREAMING
04-15 16:17:03.101 534 952 I RoleUserState: Added new role: android.app.role.DEVICE_POLICY_MANAGEMENT
04-15 16:17:03.101 534 952 I RoleUserState: Added new role: android.app.role.COMPANION_DEVICE_WATCH
04-15 16:17:03.102 534 952 I RoleUserState: Added new role: android.app.role.COMPANION_DEVICE_GLASSES
04-15 16:17:03.102 534 952 I RoleUserState: Added new role: android.app.role.CALL_SCREENING
04-15 16:17:03.102 534 952 I RoleUserState: Added new role: android.app.role.SYSTEM_NOTIFICATION_INTELLIGENCE
04-15 16:17:03.103 534 952 I RoleUserState: Added new role: android.app.role.SYSTEM_BLUETOOTH_STACK
04-15 16:17:03.103 534 952 I RoleUserState: Added new role: android.app.role.COMPANION_DEVICE_APP_STREAMING
04-15 16:17:03.103 534 952 I RoleUserState: Added new role: android.app.role.SYSTEM_DOCUMENT_MANAGER
04-15 16:17:03.108 534 952 I RoleUserState: Added new role: android.app.role.SYSTEM_GALLERY
04-15 16:17:03.108 534 952 I RoleUserState: Added new role: android.app.role.SYSTEM_APP_PROTECTION_SERVICE
04-15 16:17:03.108 534 952 I RoleUserState: Added new role: android.app.role.SYSTEM_SHELL
04-15 16:17:03.109 534 952 I RoleUserState: Added new role: android.app.role.SYSTEM_WELLBEING
04-15 16:17:03.110 534 952 I RoleUserState: Added new role: android.app.role.SYSTEM_VISUAL_INTELLIGENCE
04-15 16:17:03.110 534 952 I RoleUserState: Added new role: android.app.role.SYSTEM_TEXT_INTELLIGENCE
04-15 16:17:03.110 534 952 I RoleUserState: Added new role: android.app.role.SYSTEM_AUTOMOTIVE_PROJECTION
04-15 16:17:03.110 534 952 I RoleUserState: Added new role: android.app.role.SYSTEM_ACTIVITY_RECOGNIZER
04-15 16:17:03.111 534 952 I RoleUserState: Added new role: android.app.role.SYSTEM_COMPANION_DEVICE_PROVIDER
04-15 16:17:03.111 534 952 I RoleUserState: Added new role: android.app.role.SMS
04-15 16:17:03.111 534 952 I RoleUserState: Added new role: android.app.role.SYSTEM_UI_INTELLIGENCE
04-15 16:17:03.116 534 952 I RoleUserState: Added new role: android.app.role.DIALER
04-15 16:17:03.117 534 952 I RoleUserState: Added new role: android.app.role.HOME
04-15 16:17:03.117 534 952 I RoleUserState: Added new role: android.app.role.SYSTEM_SPEECH_RECOGNIZER
04-15 16:17:03.117 534 952 I RoleUserState: Added new role: android.app.role.COMPANION_DEVICE_NEARBY_DEVICE_STREAMING
04-15 16:17:03.118 534 952 I RoleUserState: Added new role: android.app.role.COMPANION_DEVICE_COMPUTER
04-15 16:17:03.118 534 952 I RoleUserState: Added new role: android.app.role.SYSTEM_UI
04-15 16:17:03.119 534 952 I RoleUserState: Added new role: android.app.role.SYSTEM_WIFI_COEX_MANAGER
04-15 16:17:03.119 534 952 I RoleUserState: Added new role: android.app.role.ASSISTANT
04-15 16:17:03.121 534 952 I RoleUserState: Added new role: android.app.role.SYSTEM_FINANCED_DEVICE_CONTROLLER
04-15 16:17:03.121 534 952 I RoleUserState: Added new role: android.app.role.SYSTEM_AMBIENT_AUDIO_INTELLIGENCE
04-15 16:17:03.121 534 952 I RoleUserState: Added new role: android.app.role.EMERGENCY
04-15 16:17:03.121 534 952 I RoleUserState: Added new role: android.app.role.CALL_REDIRECTION
04-15 16:17:03.121 534 952 I RoleUserState: Added new role: android.app.role.SYSTEM_AUDIO_INTELLIGENCE
04-15 16:17:03.121 534 952 I RoleUserState: Added new role: android.app.role.BROWSER
04-15 16:17:03.121 534 564 W BestClock: java.time.DateTimeException: Missing network time fix
04-15 16:17:03.136 534 564 W BestClock: java.time.DateTimeException: Missing network time fix
04-15 16:17:03.151 897 1084 I RoleControllerServiceImpl: Adding package as default/fallback role holder, package: com.android.contacts, role: android.app.role.SYSTEM_CONTACTS
04-15 16:17:03.173 327 327 I netd : tetherGetStats() -> {[]} <3.20ms>
04-15 16:17:03.201 534 564 W BestClock: java.time.DateTimeException: Missing network time fix
04-15 16:17:03.209 534 564 W BestClock: java.time.DateTimeException: Missing network time fix
04-15 16:17:03.224 897 1084 I RoleControllerServiceImpl: Adding package as default/fallback role holder, package: com.android.settings.intelligence, role: android.app.role.SYSTEM_SETTINGS_INTELLIGENCE
04-15 16:17:03.267 327 327 I netd : tetherGetStats() -> {[]} <2.36ms>
04-15 16:17:03.289 897 1084 I RoleControllerServiceImpl: Adding package as default/fallback role holder, package: com.android.bluetooth, role: android.app.role.SYSTEM_BLUETOOTH_STACK
04-15 16:17:03.312 1064 1064 D CompatibilityChangeReporter: Compat change id reported: 194532703; UID 1073; state: ENABLED
04-15 16:17:03.320 1064 1064 D CompatibilityChangeReporter: Compat change id reported: 253665015; UID 1073; state: ENABLED
04-15 16:17:03.324 534 564 W BestClock: java.time.DateTimeException: Missing network time fix
04-15 16:17:03.334 534 953 D CompatibilityChangeReporter: Compat change id reported: 253665015; UID 1073; state: ENABLED
04-15 16:17:03.335 534 953 D CompatibilityChangeReporter: Compat change id reported: 194532703; UID 1073; state: ENABLED
04-15 16:17:03.337 534 564 D CountryDetector: Using custom country detector class: com.android.server.location.ComprehensiveCountryDetector
04-15 16:17:03.338 534 564 E CountryDetector: Could not instantiate the custom country detector class
04-15 16:17:03.339 534 564 D CountryDetector: Using default country detector
04-15 16:17:03.391 534 953 D ConnectivityService: requestNetwork for uid/pid:1073/1064 activeRequest: null callbackRequest: 16 [NetworkRequest [ REQUEST id=17, [ Capabilities: INTERNET&NOT_RESTRICTED&TRUSTED&NOT_VCN_MANAGED Uid: 1073 RequestorUid: 1073 RequestorPkg: com.android.networkstack UnderlyingNetworks: Null] ]] callback flags: 0 order: 2147483647
04-15 16:17:03.399 534 811 D ConnectivityService: NetReassign [no changes] [c 0] [a 0] [i 0]
04-15 16:17:03.412 534 811 D ConnectivityService: NetReassign [no changes] [c 0] [a 0] [i 0]
04-15 16:17:03.417 897 1084 I RoleControllerServiceImpl: Adding package as default/fallback role holder, package: com.android.documentsui, role: android.app.role.SYSTEM_DOCUMENT_MANAGER
04-15 16:17:03.453 897 1084 I RoleControllerServiceImpl: Adding package as default/fallback role holder, package: com.android.gallery3d, role: android.app.role.SYSTEM_GALLERY
04-15 16:17:03.466 327 327 I netd : registerUnsolicitedEventListener(interface:0x7eb2c4e23090) <0.16ms>
04-15 16:17:03.525 1064 1064 D nativeloader: Configuring clns-shared-8 for other apk /apex/com.android.tethering/priv-app/TetheringNext@UE1A.230829.036.A1/TetheringNext.apk. target_sdk_version=34, uses_libraries=, library_path=/apex/com.android.tethering/priv-app/TetheringNext@UE1A.230829.036.A1/lib/x86_64:/apex/com.android.tethering/priv-app/TetheringNext@UE1A.230829.036.A1/TetheringNext.apk!/lib/x86_64:/system/lib64:/system_ext/lib64, permitted_path=/data:/mnt/expand:/data/user_de/0/com.android.networkstack.tethering:/apex/com.android.tethering/priv-app/TetheringNext@UE1A.230829.036.A1:/system/lib64:/system_ext/lib64
04-15 16:17:03.685 897 1084 I RoleControllerServiceImpl: Adding package as default/fallback role holder, package: com.android.shell, role: android.app.role.SYSTEM_SHELL
04-15 16:17:03.759 534 953 D NetworkStats: registerNetworkStatsProvider from OffloadController uid/pid=1073/1064
04-15 16:17:03.763 534 945 D CompatibilityChangeReporter: Compat change id reported: 161145287; UID 1073; state: ENABLED
04-15 16:17:03.831 1064 1064 D CompatibilityChangeReporter: Compat change id reported: 183155436; UID 1073; state: ENABLED
04-15 16:17:03.841 1064 1064 E SystemServiceRegistry: No service published for: ethernet
04-15 16:17:03.841 1064 1064 E SystemServiceRegistry: android.os.ServiceManager$ServiceNotFoundException: No service published for: ethernet
04-15 16:17:03.841 1064 1064 E SystemServiceRegistry: at android.os.ServiceManager.getServiceOrThrow(ServiceManager.java:166)
04-15 16:17:03.841 1064 1064 E SystemServiceRegistry: at android.app.SystemServiceRegistry$139.createService(SystemServiceRegistry.java:1872)
04-15 16:17:03.841 1064 1064 E SystemServiceRegistry: at android.app.SystemServiceRegistry$CachedServiceFetcher.getService(SystemServiceRegistry.java:1971)
04-15 16:17:03.841 1064 1064 E SystemServiceRegistry: at android.app.SystemServiceRegistry.getSystemService(SystemServiceRegistry.java:1645)
04-15 16:17:03.841 1064 1064 E SystemServiceRegistry: at android.app.ContextImpl.getSystemService(ContextImpl.java:2212)
04-15 16:17:03.841 1064 1064 E SystemServiceRegistry: at android.content.ContextWrapper.getSystemService(ContextWrapper.java:934)
04-15 16:17:03.841 1064 1064 E SystemServiceRegistry: at com.android.networkstack.tethering.Tethering.isEthernetSupported(Tethering.java:1582)
04-15 16:17:03.841 1064 1064 E SystemServiceRegistry: at com.android.networkstack.tethering.Tethering.makeSupportedDownstreams(Tethering.java:2550)
04-15 16:17:03.841 1064 1064 E SystemServiceRegistry: at com.android.networkstack.tethering.Tethering.updateSupportedDownstreams(Tethering.java:2524)
04-15 16:17:03.841 1064 1064 E SystemServiceRegistry: at com.android.networkstack.tethering.Tethering.updateConfiguration(Tethering.java:546)
04-15 16:17:03.841 1064 1064 E SystemServiceRegistry: at com.android.networkstack.tethering.Tethering.(Tethering.java:362)
04-15 16:17:03.841 1064 1064 E SystemServiceRegistry: at com.android.networkstack.tethering.TetheringService.makeTethering(TetheringService.java:88)
04-15 16:17:03.841 1064 1064 E SystemServiceRegistry: at com.android.networkstack.tethering.TetheringService.onCreate(TetheringService.java:78)
04-15 16:17:03.841 1064 1064 E SystemServiceRegistry: at android.app.ActivityThread.handleCreateService(ActivityThread.java:4651)
04-15 16:17:03.841 1064 1064 E SystemServiceRegistry: at android.app.ActivityThread.-$$Nest$mhandleCreateService(Unknown Source:0)
04-15 16:17:03.841 1064 1064 E SystemServiceRegistry: at android.app.ActivityThread$H.handleMessage(ActivityThread.java:2264)
04-15 16:17:03.841 1064 1064 E SystemServiceRegistry: at android.os.Handler.dispatchMessage(Handler.java:106)
04-15 16:17:03.841 1064 1064 E SystemServiceRegistry: at android.os.Looper.loopOnce(Looper.java:205)
04-15 16:17:03.841 1064 1064 E SystemServiceRegistry: at android.os.Looper.loop(Looper.java:294)
04-15 16:17:03.841 1064 1064 E SystemServiceRegistry: at android.app.ActivityThread.main(ActivityThread.java:8177)
04-15 16:17:03.841 1064 1064 E SystemServiceRegistry: at java.lang.reflect.Method.invoke(Native Method)
04-15 16:17:03.841 1064 1064 E SystemServiceRegistry: at com.android.internal.os.RuntimeInit$MethodAndArgsCaller.run(RuntimeInit.java:552)
04-15 16:17:03.841 1064 1064 E SystemServiceRegistry: at com.android.internal.os.ZygoteInit.main(ZygoteInit.java:971)
04-15 16:17:03.850 1064 1064 D CompatibilityChangeReporter: Compat change id reported: 247079863; UID 1073; state: ENABLED
04-15 16:17:03.860 1064 1064 W rkstack.process: type=1400 audit(0.0:5): avc: granted { read } for name="psched" dev="proc" ino=4026532021 scontext=u:r:network_stack:s0 tcontext=u:object_r:proc_net:s0 tclass=file
04-15 16:17:03.868 1064 1064 W rkstack.process: type=1400 audit(0.0:6): avc: granted { read open } for path="/proc/1064/net/psched" dev="proc" ino=4026532021 scontext=u:r:network_stack:s0 tcontext=u:object_r:proc_net:s0 tclass=file
04-15 16:17:03.868 1064 1064 W rkstack.process: type=1400 audit(0.0:7): avc: granted { getattr } for path="/proc/1064/net/psched" dev="proc" ino=4026532021 scontext=u:r:network_stack:s0 tcontext=u:object_r:proc_net:s0 tclass=file
04-15 16:17:03.878 534 953 D NetworkStats: registerNetworkStatsProvider from BpfCoordinator uid/pid=1073/1064
04-15 16:17:03.918 327 327 I netd : registerUnsolicitedEventListener(interface:0x7eb2c4e23cf0) <0.11ms>
04-15 16:17:03.937 1064 1064 D CompatibilityChangeReporter: Compat change id reported: 147600208; UID 1073; state: ENABLED
04-15 16:17:03.939 534 953 D CompatibilityChangeReporter: Compat change id reported: 182478738; UID 1073; state: ENABLED
04-15 16:17:03.965 1064 1064 V WifiManager: registerSoftApCallback: callback=com.android.networkstack.tethering.Tethering$TetheringSoftApCallback@93f8b2b, executor=com.android.networkstack.tethering.Tethering$TetheringThreadExecutor@ab78b88
04-15 16:17:03.974 534 804 D ApConfigUtil: Update Softap capability, add client control feature support
04-15 16:17:03.975 1064 1076 V WifiManager: SoftApCallbackProxy on mode 1, send InfoChanged, newInfo: SoftApInfo{bandwidth= 0, frequency= 0, wifiStandard= 0, mApInstanceIdentifier= null, mIdleShutdownTimeoutMillis= 0}
04-15 16:17:03.980 534 804 D ApConfigUtil: Update Softap capability, add MAC customization support
04-15 16:17:03.981 534 804 D ApConfigUtil: Update Softap capability, add 2.4G support
04-15 16:17:03.981 534 804 D ApConfigUtil: Update Softap capability, max client = 16
04-15 16:17:03.982 534 804 D WifiCountryCode: Reading country code from telephony
04-15 16:17:03.982 1064 1064 V WifiManager: registerLocalOnlyHotspotSoftApCallback: callback=com.android.networkstack.tethering.Tethering$LocalOnlyHotspotCallback@fda0921, executor=com.android.networkstack.tethering.Tethering$TetheringThreadExecutor@ab78b88
04-15 16:17:03.983 1064 1076 V WifiManager: SoftApCallbackProxy on mode 1, send InfoChanged, changedInfoList: []
04-15 16:17:03.983 1064 1076 V WifiManager: SoftApCallbackProxy on mode 1, send onConnectedClientsChanged(clients): []
04-15 16:17:03.998 534 952 D ConnectivityService: requestNetwork for uid/pid:1073/1064 activeRequest: null callbackRequest: 19 [NetworkRequest [ TRACK_SYSTEM_DEFAULT id=19, [ Capabilities: INTERNET&NOT_RESTRICTED&TRUSTED&NOT_VPN&NOT_VCN_MANAGED RequestorUid: 1073 RequestorPkg: com.android.networkstack.tethering UnderlyingNetworks: Null] ]] callback flags: 0 order: 2147483647
04-15 16:17:04.002 534 811 D ConnectivityService: NetReassign [no changes] [c 0] [a 0] [i 0]
04-15 16:17:04.008 534 804 D WifiCountryCode: Set telephony country code to:
04-15 16:17:04.010 534 804 D ApConfigUtil: Update Softap capability, add client control feature support
04-15 16:17:04.010 534 804 D ApConfigUtil: Update Softap capability, add MAC customization support
04-15 16:17:04.011 534 804 D ApConfigUtil: Update Softap capability, add 2.4G support
04-15 16:17:04.011 534 804 D ApConfigUtil: Update Softap capability, max client = 16
04-15 16:17:04.013 1064 1080 V WifiManager: SoftApCallbackProxy on mode 2, send InfoChanged, newInfo: SoftApInfo{bandwidth= 0, frequency= 0, wifiStandard= 0, mApInstanceIdentifier= null, mIdleShutdownTimeoutMillis= 0}
04-15 16:17:04.013 1064 1080 V WifiManager: SoftApCallbackProxy on mode 2, send InfoChanged, changedInfoList: []
04-15 16:17:04.013 1064 1080 V WifiManager: SoftApCallbackProxy on mode 2, send onConnectedClientsChanged(clients): []
04-15 16:17:04.014 534 804 D WifiCountryCode: Reading country code from telephony
04-15 16:17:04.016 534 804 D WifiCountryCode: Set telephony country code to:
04-15 16:17:04.050 534 555 W Looper : Slow dispatch took 109ms android.fg h=android.os.Handler c= m=0
04-15 16:17:04.058 897 1084 I RoleControllerServiceImpl: Adding package as default/fallback role holder, package: com.android.messaging, role: android.app.role.SMS
04-15 16:17:04.225 897 1084 I RoleControllerServiceImpl: Adding package as default/fallback role holder, package: com.android.dialer, role: android.app.role.DIALER
04-15 16:17:04.345 897 1084 I RoleControllerServiceImpl: Adding package as default/fallback role holder, package: com.android.sdksetup, role: android.app.role.HOME
04-15 16:17:04.371 897 1084 I RoleControllerServiceImpl: Adding package as default/fallback role holder, package: com.android.systemui, role: android.app.role.SYSTEM_UI
04-15 16:17:04.473 897 1084 I RoleControllerServiceImpl: Adding package as default/fallback role holder, package: com.android.devicelockcontroller, role: android.app.role.SYSTEM_FINANCED_DEVICE_CONTROLLER
04-15 16:17:04.539 897 1084 I RoleControllerServiceImpl: Adding package as default/fallback role holder, package: com.android.emergency, role: android.app.role.EMERGENCY
04-15 16:17:04.557 897 1084 I RoleControllerServiceImpl: Adding package as default/fallback role holder, package: org.chromium.webview_shell, role: android.app.role.BROWSER
04-15 16:17:04.589 534 534 W SystemServiceManager: Service com.android.role.RoleService took 1630 ms in onStartUser-0
04-15 16:17:04.589 534 534 V SystemServerTimingAsync: ssm.onStartUser-0_com.android.role.RoleService took to complete: 1630ms
04-15 16:17:04.589 534 534 D SystemServerTimingAsync: ssm.onStartUser-0_com.android.server.vibrator.VibratorManagerService$Lifecycle
04-15 16:17:04.589 534 534 V SystemServerTimingAsync: ssm.onStartUser-0_com.android.server.vibrator.VibratorManagerService$Lifecycle took to complete: 0ms
04-15 16:17:04.589 534 534 D SystemServerTimingAsync: ssm.onStartUser-0_com.android.server.tare.InternalResourceService
04-15 16:17:04.589 534 534 V SystemServerTimingAsync: ssm.onStartUser-0_com.android.server.tare.InternalResourceService took to complete: 0ms
04-15 16:17:04.589 534 534 D SystemServerTimingAsync: ssm.onStartUser-0_com.android.server.alarm.AlarmManagerService
04-15 16:17:04.590 534 534 V SystemServerTimingAsync: ssm.onStartUser-0_com.android.server.alarm.AlarmManagerService took to complete: 1ms
04-15 16:17:04.590 534 534 D SystemServerTimingAsync: ssm.onStartUser-0_com.android.server.devicestate.DeviceStateManagerService
04-15 16:17:04.590 534 534 V SystemServerTimingAsync: ssm.onStartUser-0_com.android.server.devicestate.DeviceStateManagerService took to complete: 0ms
04-15 16:17:04.590 534 534 D SystemServerTimingAsync: ssm.onStartUser-0_com.android.server.camera.CameraServiceProxy
04-15 16:17:04.594 534 534 V SystemServerTimingAsync: ssm.onStartUser-0_com.android.server.camera.CameraServiceProxy took to complete: 4ms
04-15 16:17:04.594 534 534 D SystemServerTimingAsync: ssm.onStartUser-0_com.android.server.bluetooth.BluetoothService
04-15 16:17:04.595 534 534 D BluetoothManagerService: Bluetooth boot completed
04-15 16:17:04.595 534 534 D BluetoothManagerService: Auto-enabling Bluetooth.
04-15 16:17:04.604 534 641 D BluetoothManagerService: MESSAGE_ENABLE(0): mBluetooth =null
04-15 16:17:04.604 534 641 D BluetoothManagerService: Persisting Bluetooth Setting: 1
04-15 16:17:04.605 534 641 D BluetoothManagerService: binding Bluetooth service
04-15 16:17:04.618 534 534 D BluetoothA2dp: Binding service...
04-15 16:17:04.619 534 534 D BluetoothManagerService: Trying to bind to profile: 2, while Bluetooth was disabled
04-15 16:17:04.619 534 534 D BluetoothHearingAid: Binding service...
04-15 16:17:04.626 534 534 D BluetoothManagerService: Trying to bind to profile: 21, while Bluetooth was disabled
04-15 16:17:04.626 534 534 D BluetoothLeAudio: Binding service...
04-15 16:17:04.627 534 534 D BluetoothManagerService: Trying to bind to profile: 22, while Bluetooth was disabled
04-15 16:17:04.627 534 534 I BluetoothAirplaneModeListener: start
04-15 16:17:04.666 534 641 D CompatibilityChangeReporter: Compat change id reported: 135634846; UID 1002; state: DISABLED
04-15 16:17:04.680 534 566 W ActivityManager: com.android.bluetooth inode == 0 (b/152760674)
04-15 16:17:04.711 534 534 W SystemServiceManager: Service com.android.server.bluetooth.BluetoothService took 116 ms in onStartUser-0
04-15 16:17:04.716 534 534 V SystemServerTimingAsync: ssm.onStartUser-0_com.android.server.bluetooth.BluetoothService took to complete: 121ms
04-15 16:17:04.716 534 534 D SystemServerTimingAsync: ssm.onStartUser-0_com.android.server.connectivity.IpConnectivityMetrics
04-15 16:17:04.717 534 534 V SystemServerTimingAsync: ssm.onStartUser-0_com.android.server.connectivity.IpConnectivityMetrics took to complete: 0ms
04-15 16:17:04.717 534 534 D SystemServerTimingAsync: ssm.onStartUser-0_com.android.server.net.watchlist.NetworkWatchlistService$Lifecycle
04-15 16:17:04.717 534 534 V SystemServerTimingAsync: ssm.onStartUser-0_com.android.server.net.watchlist.NetworkWatchlistService$Lifecycle took to complete: 0ms
04-15 16:17:04.717 534 534 D SystemServerTimingAsync: ssm.onStartUser-0_com.android.server.PinnerService
04-15 16:17:04.718 534 534 V SystemServerTimingAsync: ssm.onStartUser-0_com.android.server.PinnerService took to complete: 0ms
04-15 16:17:04.718 534 534 D SystemServerTimingAsync: ssm.onStartUser-0_com.android.server.integrity.AppIntegrityManagerService
04-15 16:17:04.718 534 534 V SystemServerTimingAsync: ssm.onStartUser-0_com.android.server.integrity.AppIntegrityManagerService took to complete: 0ms
04-15 16:17:04.718 534 534 D SystemServerTimingAsync: ssm.onStartUser-0_com.android.server.logcat.LogcatManagerService
04-15 16:17:04.719 534 534 V SystemServerTimingAsync: ssm.onStartUser-0_com.android.server.logcat.LogcatManagerService took to complete: 0ms
04-15 16:17:04.719 534 534 D SystemServerTimingAsync: ssm.onStartUser-0_com.android.server.inputmethod.InputMethodManagerService$Lifecycle
04-15 16:17:04.719 534 534 V SystemServerTimingAsync: ssm.onStartUser-0_com.android.server.inputmethod.InputMethodManagerService$Lifecycle took to complete: 0ms
04-15 16:17:04.723 328 328 D Zygote : Forked child process 1092
04-15 16:17:04.740 534 534 D SystemServerTimingAsync: ssm.onStartUser-0_com.android.server.accessibility.AccessibilityManagerService$Lifecycle
04-15 16:17:04.740 534 534 V SystemServerTimingAsync: ssm.onStartUser-0_com.android.server.accessibility.AccessibilityManagerService$Lifecycle took to complete: 0ms
04-15 16:17:04.740 534 534 D SystemServerTimingAsync: ssm.onStartUser-0_com.android.server.StorageManagerService$Lifecycle
04-15 16:17:04.742 534 566 W ActivityManager: Slow operation: 81ms so far, now at startProcess: returned from zygote!
04-15 16:17:04.743 534 566 W ActivityManager: Slow operation: 96ms so far, now at startProcess: done updating battery stats
04-15 16:17:04.743 534 566 W ActivityManager: Slow operation: 96ms so far, now at startProcess: building log message
04-15 16:17:04.743 534 566 I ActivityManager: Start proc 1092:com.android.bluetooth/1002 for service {com.android.bluetooth/com.android.bluetooth.btservice.AdapterService}
04-15 16:17:04.743 534 566 W ActivityManager: Slow operation: 97ms so far, now at startProcess: starting to update pids map
04-15 16:17:04.749 534 566 W ActivityManager: Slow operation: 102ms so far, now at startProcess: done updating pids map
04-15 16:17:04.763 534 534 V StorageManagerService: Package com.android.cts.priv.ctsshim does not have legacy storage
