04-15 16:16:43.775 534 534 D SystemServerTiming: OnBootPhase_500_com.android.server.media.projection.MediaProjectionManagerService
04-15 16:16:43.775 534 534 V SystemServerTiming: OnBootPhase_500_com.android.server.media.projection.MediaProjectionManagerService took to complete: 0ms
04-15 16:16:43.775 534 534 D SystemServerTiming: OnBootPhase_500_com.android.server.slice.SliceManagerService$Lifecycle
04-15 16:16:43.775 534 534 V SystemServerTiming: OnBootPhase_500_com.android.server.slice.SliceManagerService$Lifecycle took to complete: 0ms
04-15 16:16:43.775 534 534 D SystemServerTiming: OnBootPhase_500_com.android.server.stats.StatsCompanion$Lifecycle
04-15 16:16:43.775 534 534 V SystemServerTiming: OnBootPhase_500_com.android.server.stats.StatsCompanion$Lifecycle took to complete: 0ms
04-15 16:16:43.775 534 534 D SystemServerTiming: OnBootPhase_500_com.android.server.scheduling.RebootReadinessManagerService$Lifecycle
04-15 16:16:43.775 534 534 V SystemServerTiming: OnBootPhase_500_com.android.server.scheduling.RebootReadinessManagerService$Lifecycle took to complete: 0ms
04-15 16:16:43.779 352 367 W android.hardware.wifi-service: No active wlan interfaces in use! Using default
04-15 16:16:43.783 534 534 D SystemServerTiming: OnBootPhase_500_com.android.server.stats.pull.StatsPullAtomService
04-15 16:16:43.784 534 534 V SystemServerTiming: OnBootPhase_500_com.android.server.stats.pull.StatsPullAtomService took to complete: 2ms
04-15 16:16:43.785 534 534 D SystemServerTiming: OnBootPhase_500_com.android.server.stats.bootstrap.StatsBootstrapAtomService$Lifecycle
04-15 16:16:43.785 534 534 V SystemServerTiming: OnBootPhase_500_com.android.server.stats.bootstrap.StatsBootstrapAtomService$Lifecycle took to complete: 0ms
04-15 16:16:43.786 534 534 D SystemServerTiming: OnBootPhase_500_com.android.server.incident.IncidentCompanionService
04-15 16:16:43.786 534 534 V SystemServerTiming: OnBootPhase_500_com.android.server.incident.IncidentCompanionService took to complete: 0ms
04-15 16:16:43.786 534 534 D SystemServerTiming: OnBootPhase_500_com.android.server.sdksandbox.SdkSandboxManagerService$Lifecycle
04-15 16:16:43.787 534 534 V SystemServerTiming: OnBootPhase_500_com.android.server.sdksandbox.SdkSandboxManagerService$Lifecycle took to complete: 0ms
04-15 16:16:43.787 534 534 D SystemServerTiming: OnBootPhase_500_com.android.server.adservices.AdServicesManagerService$Lifecycle
04-15 16:16:43.787 534 534 V SystemServerTiming: OnBootPhase_500_com.android.server.adservices.AdServicesManagerService$Lifecycle took to complete: 0ms
04-15 16:16:43.789 534 534 D SystemServerTiming: OnBootPhase_500_com.android.server.ondevicepersonalization.OnDevicePersonalizationSystemService$Lifecycle
04-15 16:16:43.789 534 534 V SystemServerTiming: OnBootPhase_500_com.android.server.ondevicepersonalization.OnDevicePersonalizationSystemService$Lifecycle took to complete: 0ms
04-15 16:16:43.790 534 534 D SystemServerTiming: OnBootPhase_500_com.android.server.MmsServiceBroker
04-15 16:16:43.790 534 534 V SystemServerTiming: OnBootPhase_500_com.android.server.MmsServiceBroker took to complete: 0ms
04-15 16:16:43.790 534 534 D SystemServerTiming: OnBootPhase_500_com.android.server.autofill.AutofillManagerService
04-15 16:16:43.791 534 534 V SystemServerTiming: OnBootPhase_500_com.android.server.autofill.AutofillManagerService took to complete: 0ms
04-15 16:16:43.791 534 534 D SystemServerTiming: OnBootPhase_500_com.android.server.credentials.CredentialManagerService
04-15 16:16:43.791 534 534 V SystemServerTiming: OnBootPhase_500_com.android.server.credentials.CredentialManagerService took to complete: 0ms
04-15 16:16:43.791 534 534 D SystemServerTiming: OnBootPhase_500_com.android.server.selectiontoolbar.SelectionToolbarManagerService
04-15 16:16:43.792 534 534 V SystemServerTiming: OnBootPhase_500_com.android.server.selectiontoolbar.SelectionToolbarManagerService took to complete: 0ms
04-15 16:16:43.792 534 534 D SystemServerTiming: OnBootPhase_500_com.android.server.clipboard.ClipboardService
04-15 16:16:43.792 534 534 V SystemServerTiming: OnBootPhase_500_com.android.server.clipboard.ClipboardService took to complete: 0ms
04-15 16:16:43.793 534 534 D SystemServerTiming: OnBootPhase_500_com.android.server.appbinding.AppBindingService$Lifecycle
04-15 16:16:43.793 534 534 V SystemServerTiming: OnBootPhase_500_com.android.server.appbinding.AppBindingService$Lifecycle took to complete: 0ms
04-15 16:16:43.793 534 534 D SystemServerTiming: OnBootPhase_500_com.android.server.tracing.TracingServiceProxy
04-15 16:16:43.793 534 534 V SystemServerTiming: OnBootPhase_500_com.android.server.tracing.TracingServiceProxy took to complete: 0ms
04-15 16:16:43.794 534 534 V SystemServerTiming: OnBootPhase_500 took to complete: 1071ms
04-15 16:16:43.794 534 534 V SystemServerTiming: StartBootPhaseSystemServicesReady took to complete: 1071ms
04-15 16:16:43.794 534 534 D SystemServerTiming: MakeWindowManagerServiceReady
04-15 16:16:43.818 352 352 I android.hardware.wifi-service: Adding interface handle for wlan0
04-15 16:16:43.819 352 352 E android.hardware.wifi-service: Failed to set DFS flag; DFS channels may be unavailable.
04-15 16:16:43.820 534 534 V SystemServerTiming: MakeWindowManagerServiceReady took to complete: 20ms
04-15 16:16:43.820 534 534 D SystemServerTiming: RegisterLogMteState
04-15 16:16:43.821 534 534 V SystemServerTiming: RegisterLogMteState took to complete: 0ms
04-15 16:16:43.838 534 804 D HalDevMgr: updateRttController: no one is interested in RTT controllers
04-15 16:16:43.843 534 534 D SystemServerTiming: StartPermissionPolicyService
04-15 16:16:43.853 352 352 E android.hardware.wifi-service: Failed to get chip capabilities from legacy HAL: NOT_SUPPORTED
04-15 16:16:43.855 534 534 I SystemServiceManager: Starting com.android.server.policy.PermissionPolicyService
04-15 16:16:43.858 534 804 E WifiChipAidlImpl: getWifiChipCapabilities failed with service-specific exception: android.os.ServiceSpecificException: (code 4)
04-15 16:16:43.864 534 804 D WifiNl80211Manager: Setting up interface for client mode: wlan0
04-15 16:16:43.881 447 447 I wificond: createClientInterface: wiphy_index 1 iface_name wlan0
04-15 16:16:43.896 447 447 I wificond: create scanner for interface with index: 16
04-15 16:16:43.897 447 447 I wificond: subscribe scan result for interface with index: 16
04-15 16:16:43.908 447 447 I wificond: add channel type 0 support at wiphy index: 1
04-15 16:16:43.909 447 447 I wificond: add channel type 1 support at wiphy index: 1
04-15 16:16:43.917 327 327 I netd : interfaceGetCfg(wlan0) -> {InterfaceConfigurationParcel{ifName: wlan0, hwAddr: 02:15:b2:00:00:00, ipv4Addr: 0.0.0.0, prefixLength: 0, flags: [up, broadcast, multicast]}} <3.83ms>
04-15 16:16:43.926 534 804 I WifiNative: Interface state changed on Iface:{Name=wlan0,Id=0,Type=STA_SCAN}, isUp=true
04-15 16:16:43.927 534 804 I WifiNative: Successfully setup Iface:{Name=wlan0,Id=0,Type=STA_SCAN}
04-15 16:16:43.931 0 0 I servicemanager: Found android.hardware.health.IHealth/default in device VINTF manifest.
04-15 16:16:43.930 534 804 E SupplicantStaIfaceHalAidlImpl: Can't call getKeyMgmtCapabilities, ISupplicantStaIface is null for iface=wlan0
04-15 16:16:43.941 0 0 I servicemanager: Found android.hardware.wifi.IWifi/default in device VINTF manifest.
04-15 16:16:43.946 534 534 W SystemServiceManager: Service com.android.server.policy.PermissionPolicyService took 83 ms in onStart
04-15 16:16:43.946 534 534 V SystemServerTiming: StartPermissionPolicyService took to complete: 103ms
04-15 16:16:43.946 534 534 D SystemServerTiming: MakePackageManagerServiceReady
04-15 16:16:43.951 352 352 E android.hardware.wifi-service: Failed to get SupportedRadioCombinations matrix from legacy HAL: NOT_SUPPORTED
04-15 16:16:43.956 534 564 I HealthServiceWrapperAidl: health: HealthServiceWrapper listening to AIDL HAL
04-15 16:16:43.959 534 804 E WifiChipAidlImpl: getSupportedRadioCombinations failed with service-specific exception: android.os.ServiceSpecificException: (code 4)
04-15 16:16:43.960 534 804 E SupplicantStaIfaceHalAidlImpl: Can't call getWpaDriverCapabilities, ISupplicantStaIface is null for iface=wlan0
04-15 16:16:43.967 534 804 E WifiChipAidlImpl: getUsableChannels failed with service-specific exception: android.os.ServiceSpecificException: (code 4)
04-15 16:16:43.977 534 564 D StatsPullAtomService: Registering pullers with statsd
04-15 16:16:43.988 534 534 V HistoricalRegistry: Interaction before persistence initialized
04-15 16:16:43.989 534 534 V HistoricalRegistry: Interaction before persistence initialized
04-15 16:16:44.009 534 564 I StatsPullAtomService: register thermal listener successfully
04-15 16:16:44.011 534 811 D ConnectivityService: NetReassign [no changes] [c 0] [a 0] [i 0]
04-15 16:16:44.015 534 534 V UserDataPreparer: Found /data/user_de/0 with serial number -1
04-15 16:16:44.017 534 534 D UserDataPreparer: Serial number missing on /data/user_de/0; assuming current is valid
04-15 16:16:44.019 534 804 E WifiChipAidlImpl: enableStaChannelForPeerNetwork failed with service-specific exception: android.os.ServiceSpecificException: (code 4)
04-15 16:16:44.019 534 804 D WifiNative: setWifiNativeInterfaceEventCallback
04-15 16:16:44.021 534 534 V UserDataPreparer: Found /data/user/0 with serial number -1
04-15 16:16:44.022 534 534 D UserDataPreparer: Serial number missing on /data/user/0; assuming current is valid
04-15 16:16:44.023 534 534 V UserDataPreparer: Found /data/system_de/0 with serial number -1
04-15 16:16:44.023 534 534 D UserDataPreparer: Serial number missing on /data/system_de/0; assuming current is valid
04-15 16:16:44.024 534 804 D WifiClientModeManager[157439:wlan0]: entering StartedState
04-15 16:16:44.026 327 327 I netd : interfaceGetCfg(wlan0) -> {InterfaceConfigurationParcel{ifName: wlan0, hwAddr: 02:15:b2:00:00:00, ipv4Addr: 0.0.0.0, prefixLength: 0, flags: [up, broadcast, multicast]}} <0.87ms>
04-15 16:16:44.031 534 534 I PermissionManager: Permission ownership changed. Updating all permissions.
04-15 16:16:44.039 534 534 W PermissionManager: Package com.android.adservices.api is an APK in APEX, but has permission allowlist on the system image. Please bundle the allowlist in the com.android.adservices APEX instead.
04-15 16:16:44.045 534 804 D WifiConfigStore: Writing to stores completed in 12 ms.
04-15 16:16:44.058 534 804 I SupplicantStaIfaceHalAidlImpl: Clearing internal state
04-15 16:16:44.064 0 0 I servicemanager: Found android.hardware.wifi.IWifi/default in device VINTF manifest.
04-15 16:16:44.066 0 0 I servicemanager: Found android.hardware.wifi.supplicant.ISupplicant/default in device VINTF manifest.
04-15 16:16:44.067 0 0 I servicemanager: Found android.hardware.wifi.supplicant.ISupplicant/default in device VINTF manifest.
04-15 16:16:44.068 0 0 I servicemanager: Since 'android.hardware.wifi.supplicant.ISupplicant/default' could not be found, trying to start it as a lazy AIDL service. (if it's not configured to be a lazy service, it may be stuck starting or still starting).
04-15 16:16:44.079 0 0 I init : starting service 'wpa_supplicant'...
04-15 16:16:44.087 0 0 I init : Created socket '/dev/socket/wpa_wlan0', mode 660, user 1010, group 1010
04-15 16:16:44.129 0 0 I init : ... started service 'wpa_supplicant' has pid 872
04-15 16:16:44.129 0 0 I init : Control message: Processed ctl.interface_start for 'aidl/android.hardware.wifi.supplicant.ISupplicant/default' from pid: 132 (/system/bin/servicemanager)
04-15 16:16:44.217 534 534 W PermissionManager: Package com.android.providers.media.module is an APK in APEX, but has permission allowlist on the system image. Please bundle the allowlist in the com.android.mediaprovider APEX instead.
04-15 16:16:44.218 534 534 W PermissionManager: Package com.android.providers.media.module is an APK in APEX, but has permission allowlist on the system image. Please bundle the allowlist in the com.android.mediaprovider APEX instead.
04-15 16:16:44.218 534 534 W PermissionManager: Package com.android.providers.media.module is an APK in APEX, but has permission allowlist on the system image. Please bundle the allowlist in the com.android.mediaprovider APEX instead.
04-15 16:16:44.218 534 534 W PermissionManager: Package com.android.providers.media.module is an APK in APEX, but has permission allowlist on the system image. Please bundle the allowlist in the com.android.mediaprovider APEX instead.
04-15 16:16:44.218 534 534 W PermissionManager: Package com.android.providers.media.module is an APK in APEX, but has permission allowlist on the system image. Please bundle the allowlist in the com.android.mediaprovider APEX instead.
04-15 16:16:44.218 534 534 W PermissionManager: Package com.android.providers.media.module is an APK in APEX, but has permission allowlist on the system image. Please bundle the allowlist in the com.android.mediaprovider APEX instead.
04-15 16:16:44.218 534 534 W PermissionManager: Package com.android.providers.media.module is an APK in APEX, but has permission allowlist on the system image. Please bundle the allowlist in the com.android.mediaprovider APEX instead.
04-15 16:16:44.219 534 534 W PermissionManager: Package com.android.providers.media.module is an APK in APEX, but has permission allowlist on the system image. Please bundle the allowlist in the com.android.mediaprovider APEX instead.
04-15 16:16:44.219 534 534 W PermissionManager: Package com.android.providers.media.module is an APK in APEX, but has permission allowlist on the system image. Please bundle the allowlist in the com.android.mediaprovider APEX instead.
04-15 16:16:44.219 534 534 W PermissionManager: Package com.android.providers.media.module is an APK in APEX, but has permission allowlist on the system image. Please bundle the allowlist in the com.android.mediaprovider APEX instead.
04-15 16:16:44.219 534 534 W PermissionManager: Package com.android.providers.media.module is an APK in APEX, but has permission allowlist on the system image. Please bundle the allowlist in the com.android.mediaprovider APEX instead.
04-15 16:16:44.219 534 534 W PermissionManager: Package com.android.providers.media.module is an APK in APEX, but has permission allowlist on the system image. Please bundle the allowlist in the com.android.mediaprovider APEX instead.
04-15 16:16:44.219 534 534 W PermissionManager: Package com.android.providers.media.module is an APK in APEX, but has permission allowlist on the system image. Please bundle the allowlist in the com.android.mediaprovider APEX instead.
04-15 16:16:44.256 534 534 I DefaultPermGrantPolicy: Granting permissions to platform components for user 0
04-15 16:16:44.315 534 534 W DefaultPermGrantPolicy: Permission not found: com.google.android.googleapps.permission.GOOGLE_AUTH
04-15 16:16:44.315 534 534 W DefaultPermGrantPolicy: Permission not found: com.android.launcher.permission.READ_SETTINGS
04-15 16:16:44.317 534 534 W DefaultPermGrantPolicy: Permission not found: com.android.launcher.permission.WRITE_SETTINGS
04-15 16:16:44.326 534 534 W DefaultPermGrantPolicy: Permission not found: com.android.smspush.WAPPUSH_MANAGER_BIND
04-15 16:16:44.331 534 534 W DefaultPermGrantPolicy: Permission not found: android.permission.MANAGE_WIFI_WHEN_WIRELESS_CONSENT_REQUIRED
04-15 16:16:44.340 534 534 W DefaultPermGrantPolicy: Permission not found: com.android.providers.tv.permission.ACCESS_WATCHED_PROGRAMS
04-15 16:16:44.340 534 534 W DefaultPermGrantPolicy: Permission not found: com.android.providers.tv.permission.WRITE_EPG_DATA
04-15 16:16:44.340 534 534 W DefaultPermGrantPolicy: Permission not found: android.permission.SUGGEST_MANUAL_TIME
04-15 16:16:44.341 534 534 W DefaultPermGrantPolicy: Permission not found: android.permission.SUGGEST_TELEPHONY_TIME
04-15 16:16:44.341 534 534 W DefaultPermGrantPolicy: Permission not found: android.permission.SUGGEST_NETWORK_TIME
04-15 16:16:44.341 534 534 W DefaultPermGrantPolicy: Permission not found: android.permission.SUGGEST_GNSS_TIME
04-15 16:16:44.363 534 534 W DefaultPermGrantPolicy: Permission not found: android.car.permission.CONTROL_CAR_CLIMATE
04-15 16:16:44.363 534 534 W DefaultPermGrantPolicy: Permission not found: android.car.permission.CAR_CONTROL_AUDIO_VOLUME
04-15 16:16:44.377 534 534 I DefaultPermGrantPolicy: Granting permissions to default platform handlers for user 0
04-15 16:16:44.378 534 534 W VoiceInteractionManager: no available voice interaction services found for user 0
04-15 16:16:44.382 534 534 W VoiceInteractionManager: no available voice recognition services found for user 0
04-15 16:16:44.415 534 534 I SyncManager: No initial accounts
04-15 16:16:44.444 0 0 I capability: warning: `wpa_supplicant' uses 32-bit capabilities (legacy support in use)
04-15 16:16:44.455 872 872 I wpa_supplicant: Processing aidl events on FD 3
04-15 16:16:44.461 872 872 I wpa_supplicant: Starting AIDL supplicant
04-15 16:16:44.461 872 872 I wpa_supplicant: Interface version: 2
04-15 16:16:44.485 0 0 I servicemanager: Found android.hardware.wifi.supplicant.ISupplicant/default in device VINTF manifest.
04-15 16:16:44.487 0 0 I BpBinder: onLastStrongRef automatically unlinking death recipients:
04-15 16:16:44.481 872 872 I wpa_supplicant: Successfully initialized wpa_supplicant
04-15 16:16:44.479 534 804 I SupplicantStaIfaceHalAidlImpl: Obtained ISupplicant binder.
04-15 16:16:44.482 534 804 I SupplicantStaIfaceHalAidlImpl: Local Version: 2
04-15 16:16:44.495 534 534 W DefaultPermGrantPolicy: Permission not found: com.google.android.permission.INSTALL_WEARABLE_PACKAGES
04-15 16:16:44.501 534 534 W DefaultPermGrantPolicy: Permission not found: android.permission.WRITE_SYSTEM_SETTINGS
04-15 16:16:44.501 534 534 E DefaultPermGrantPolicy: Package not found:
04-15 16:16:44.514 534 534 W DefaultPermGrantPolicy: Permission not found: com.android.dialer.permission.DIALER_ORIGIN
04-15 16:16:44.514 534 534 W DefaultPermGrantPolicy: Permission not found: com.sec.android.provider.badge.permission.READ
04-15 16:16:44.514 534 534 W DefaultPermGrantPolicy: Permission not found: com.sec.android.provider.badge.permission.WRITE
04-15 16:16:44.515 534 534 W DefaultPermGrantPolicy: Permission not found: com.htc.launcher.permission.READ_SETTINGS
04-15 16:16:44.515 534 534 W DefaultPermGrantPolicy: Permission not found: com.htc.launcher.permission.UPDATE_SHORTCUT
04-15 16:16:44.515 534 534 W DefaultPermGrantPolicy: Permission not found: com.sonyericsson.home.permission.BROADCAST_BADGE
04-15 16:16:44.515 534 534 W DefaultPermGrantPolicy: Permission not found: com.sonymobile.home.permission.PROVIDER_INSERT_BADGE
04-15 16:16:44.515 534 534 W DefaultPermGrantPolicy: Permission not found: com.anddoes.launcher.permission.UPDATE_COUNT
04-15 16:16:44.519 534 534 W DefaultPermGrantPolicy: Permission not found: com.majeur.launcher.permission.UPDATE_BADGE
04-15 16:16:44.519 534 534 W DefaultPermGrantPolicy: Permission not found: com.huawei.android.launcher.permission.CHANGE_BADGE
04-15 16:16:44.519 534 534 W DefaultPermGrantPolicy: Permission not found: com.huawei.android.launcher.permission.READ_SETTINGS
04-15 16:16:44.522 534 534 W DefaultPermGrantPolicy: Permission not found: com.huawei.android.launcher.permission.WRITE_SETTINGS
04-15 16:16:44.522 534 534 W DefaultPermGrantPolicy: Permission not found: android.permission.READ_APP_BADGE
04-15 16:16:44.522 534 534 W DefaultPermGrantPolicy: Permission not found: com.oppo.launcher.permission.READ_SETTINGS
04-15 16:16:44.522 534 534 W DefaultPermGrantPolicy: Permission not found: com.oppo.launcher.permission.WRITE_SETTINGS
04-15 16:16:44.522 534 534 W DefaultPermGrantPolicy: Permission not found: com.cequint.ecid.CALLER_ID_LOOKUP
04-15 16:16:44.523 534 534 W DefaultPermGrantPolicy: Permission not found: com.motorola.incallui.permission.INCOMING_CALL_VISIBILITY_CHANGED
04-15 16:16:44.531 872 872 I wpa_supplicant: rfkill: Cannot open RFKILL control device
04-15 16:16:44.607 534 534 W DefaultPermGrantPolicy: Permission not found: com.google.android.googleapps.permission.GOOGLE_AUTH.mail
04-15 16:16:44.612 534 534 W DefaultPermGrantPolicy: Permission not found: com.google.android.googleapps.permission.GOOGLE_AUTH.cl
04-15 16:16:44.654 872 872 I wpa_supplicant: Init sm=0x7a845027b1d0
04-15 16:16:44.680 534 534 W DefaultPermGrantPolicy: Permission not found: com.google.android.setupwizard.SETUP_COMPAT_SERVICE
04-15 16:16:44.705 872 872 I wpa_supplicant: rfkill: Cannot get wiphy information
04-15 16:16:44.711 872 872 I wpa_supplicant: Init sm=0x7a8450280410
04-15 16:16:44.741 534 804 I SupplicantStaIfaceHalAidlImpl: Remote service version was cached
04-15 16:16:44.742 534 804 I SupplicantStaIfaceHalAidlImpl: Remote Version: 2
04-15 16:16:44.748 534 534 I DefaultPermGrantPolicy: Granting Notification permissions to platform signature apps for user 0
04-15 16:16:44.793 534 804 I SupplicantStaIfaceHalAidlImpl: Non-standard cert callback was registered
04-15 16:16:44.796 872 872 I wpa_supplicant: Iface already exists, return existing
04-15 16:16:44.858 0 0 I servicemanager: Found android.hardware.wifi.IWifi/default in device VINTF manifest.
04-15 16:16:44.867 534 804 I WifiNative: Supported features is updated in config store: 116391864461951001
04-15 16:16:44.870 534 804 E WifiChipAidlImpl: getUsableChannels failed with service-specific exception: android.os.ServiceSpecificException: (code 4)
04-15 16:16:44.902 534 804 I WifiNative: Successfully switched to connectivity mode on iface=Iface:{Name=wlan0,Id=0,Type=STA_CONNECTIVITY}
04-15 16:16:44.903 534 804 D WifiClientModeManager[157439:wlan0]: entering ConnectModeState, starting ClientModeImpl
04-15 16:16:44.970 534 804 D WifiNative: enableVerboseLogging false hal false
04-15 16:16:44.975 534 804 D WifiScoreReport: setShouldReduceNetworkScore=false mNetworkAgent is null? true
04-15 16:16:44.998 534 804 D WifiScanRequestProxy: Sending scan available broadcast: true
04-15 16:16:44.999 534 808 I WifiScanningService: Received a request to enable scanning, UID = 1000
04-15 16:16:45.003 534 804 I WifiScanRequestProxy: Scanning is enabled
04-15 16:16:45.008 534 804 I WifiScanRequestProxy: Scanning for hidden networks is enabled
04-15 16:16:45.010 534 808 E WifiStaIfaceAidlImpl: getBackgroundScanCapabilities failed with service-specific exception: android.os.ServiceSpecificException: (code 4)
04-15 16:16:45.058 534 804 E WifiChipAidlImpl: setMultiStaUseCase failed with service-specific exception: android.os.ServiceSpecificException: (code 4)
04-15 16:16:45.072 534 804 E WifiChipAidlImpl: setMultiStaPrimaryConnection failed with service-specific exception: android.os.ServiceSpecificException: (code 4)
04-15 16:16:45.073 534 804 D WifiCountryCode: evaluateAllCmmStateAndApplyIfAllReady: {ConcreteClientModeManager{id=157439 iface=wlan0 role=ROLE_CLIENT_PRIMARY}=true}
04-15 16:16:45.075 534 804 D WifiCountryCode: Reading country code from telephony
04-15 16:16:45.088 534 804 D WifiCountryCode: Set telephony country code to:
04-15 16:16:45.089 534 804 D WifiCountryCode: updateCountryCode to null
04-15 16:16:45.114 534 804 D WakeupController: onWifiEnabled()
04-15 16:16:45.115 534 804 I WifiActiveModeWarden: Supported STA bands is updated in config store: 1
04-15 16:16:45.117 534 808 I WifiScanningService: Created a new impl for wlan0
04-15 16:16:45.122 534 804 D WifiClientModeImpl[158988:wlan0]: entering ConnectableState: ifaceName = wlan0
04-15 16:16:45.126 534 808 I WifiScanningService: wifi driver loaded with scan capabilities: max buckets=16
04-15 16:16:45.290 534 545 I system_server: Background concurrent copying GC freed 102949(5092KB) AllocSpace objects, 12(528KB) LOS objects, 49% free, 10MB/21MB, paused 6.499ms,658us total 990.074ms
04-15 16:16:45.514 0 0 I servicemanager: Notifying apexservice they do (previously: don't) have clients when service is guaranteed to be in use
04-15 16:16:45.517 0 0 I AidlLazyServiceRegistrar: Process has 1 (of 1 available) client(s) in use after notification apexservice has clients: 1
04-15 16:16:45.517 0 0 I AidlLazyServiceRegistrar: Shutdown prevented by forcePersist override flag.
04-15 16:16:45.519 0 0 I apexd : getSessions() received by ApexService
04-15 16:16:45.514 534 534 V StagingManagerTiming: restoreSessions took to complete: 13ms
04-15 16:16:45.517 534 534 V SystemServerTiming: MakePackageManagerServiceReady took to complete: 1572ms
04-15 16:16:45.518 534 534 D SystemServerTiming: MakeDisplayManagerServiceReady
04-15 16:16:45.549 534 558 E DisplayModeDirector: Asked about unknown display, returning empty display mode specs!(id=0)
04-15 16:16:45.549 534 558 E DisplayModeDirector: Asked about unknown display, returning empty display mode specs!(id=0)
04-15 16:16:45.562 534 534 I BrightnessSynchronizer: Initial brightness readings: 102(int), 0.39763778(float)
04-15 16:16:45.565 534 534 V SystemServerTiming: MakeDisplayManagerServiceReady took to complete: 48ms
04-15 16:16:45.566 534 534 D SystemServerTiming: StartDeviceSpecificServices
04-15 16:16:45.566 534 534 V SystemServerTiming: StartDeviceSpecificServices took to complete: 0ms
04-15 16:16:45.567 534 534 D SystemServerTiming: GameManagerService
04-15 16:16:45.567 534 534 I SystemServiceManager: Starting com.android.server.app.GameManagerService$Lifecycle
04-15 16:16:45.577 394 394 I RefreshRateSelector: Display 4619827259835644672 policy changed
04-15 16:16:45.577 394 394 I RefreshRateSelector: Previous: {defaultModeId=0, allowGroupSwitching=false, primaryRanges={physical=[0.00 Hz, 340282346638528859811704183484516925440.00 Hz], render=[0.00 Hz, 340282346638528859811704183484516925440.00 Hz]}, appRequestRanges={physical=[0.00 Hz, 340282346638528859811704183484516925440.00 Hz], render=[0.00 Hz, 340282346638528859811704183484516925440.00 Hz]}}
04-15 16:16:45.577 394 394 I RefreshRateSelector: Current: DisplayManagerPolicy{defaultModeId=0, allowGroupSwitching=false, primaryRanges={physical=[0.00 Hz, inf Hz], render=[0.00 Hz, 60.00 Hz]}, appRequestRanges={physical=[0.00 Hz, inf Hz], render=[0.00 Hz, inf Hz]}}
04-15 16:16:45.577 394 394 I RefreshRateSelector: 0 mode changes were performed under the previous policy
04-15 16:16:45.585 534 534 W FileUtils: Failed to chmod(/data/system/game_mode_intervention.list): android.system.ErrnoException: chmod failed: ENOENT (No such file or directory)
04-15 16:16:45.587 534 534 V HistoricalRegistry: Interaction before persistence initialized
04-15 16:16:45.596 534 534 V SystemServerTiming: GameManagerService took to complete: 29ms
04-15 16:16:45.597 534 534 D SystemServerTiming: StartBootPhaseDeviceSpecificServicesReady
04-15 16:16:45.597 534 534 I SystemServiceManager: Starting phase 520
04-15 16:16:45.597 534 534 D SystemServerTiming: OnBootPhase_520
04-15 16:16:45.598 534 534 D SystemServerTiming: OnBootPhase_520_com.android.server.security.FileIntegrityService
04-15 16:16:45.598 534 534 V SystemServerTiming: OnBootPhase_520_com.android.server.security.FileIntegrityService took to complete: 0ms
04-15 16:16:45.598 534 534 D SystemServerTiming: OnBootPhase_520_com.android.server.pm.Installer
04-15 16:16:45.598 534 534 V SystemServerTiming: OnBootPhase_520_com.android.server.pm.Installer took to complete: 0ms
04-15 16:16:45.599 534 534 D SystemServerTiming: OnBootPhase_520_com.android.server.os.DeviceIdentifiersPolicyService
04-15 16:16:45.599 534 534 V SystemServerTiming: OnBootPhase_520_com.android.server.os.DeviceIdentifiersPolicyService took to complete: 0ms
04-15 16:16:45.599 534 534 D SystemServerTiming: OnBootPhase_520_com.android.server.uri.UriGrantsManagerService$Lifecycle
04-15 16:16:45.601 534 534 V SystemServerTiming: OnBootPhase_520_com.android.server.uri.UriGrantsManagerService$Lifecycle took to complete: 0ms
04-15 16:16:45.602 534 534 D SystemServerTiming: OnBootPhase_520_com.android.server.powerstats.PowerStatsService
04-15 16:16:45.602 534 534 V SystemServerTiming: OnBootPhase_520_com.android.server.powerstats.PowerStatsService took to complete: 0ms
04-15 16:16:45.603 534 534 D SystemServerTiming: OnBootPhase_520_com.android.server.permission.access.AccessCheckingService
04-15 16:16:45.603 534 534 V SystemServerTiming: OnBootPhase_520_com.android.server.permission.access.AccessCheckingService took to complete: 0ms
04-15 16:16:45.603 534 534 D SystemServerTiming: OnBootPhase_520_com.android.server.wm.ActivityTaskManagerService$Lifecycle
04-15 16:16:45.603 534 534 V SystemServerTiming: OnBootPhase_520_com.android.server.wm.ActivityTaskManagerService$Lifecycle took to complete: 0ms
04-15 16:16:45.606 534 534 D SystemServerTiming: OnBootPhase_520_com.android.server.am.ActivityManagerService$Lifecycle
04-15 16:16:45.606 534 534 V SystemServerTiming: OnBootPhase_520_com.android.server.am.ActivityManagerService$Lifecycle took to complete: 0ms
04-15 16:16:45.607 534 534 D SystemServerTiming: OnBootPhase_520_com.android.server.pm.DataLoaderManagerService
04-15 16:16:45.609 534 534 V SystemServerTiming: OnBootPhase_520_com.android.server.pm.DataLoaderManagerService took to complete: 0ms
04-15 16:16:45.610 534 534 D SystemServerTiming: OnBootPhase_520_com.android.server.power.PowerManagerService
04-15 16:16:45.610 534 534 V SystemServerTiming: OnBootPhase_520_com.android.server.power.PowerManagerService took to complete: 0ms
04-15 16:16:45.610 534 534 D SystemServerTiming: OnBootPhase_520_com.android.server.power.ThermalManagerService
04-15 16:16:45.610 534 534 V SystemServerTiming: OnBootPhase_520_com.android.server.power.ThermalManagerService took to complete: 0ms
04-15 16:16:45.611 534 534 D SystemServerTiming: OnBootPhase_520_com.android.server.power.hint.HintManagerService
04-15 16:16:45.611 534 534 V SystemServerTiming: OnBootPhase_520_com.android.server.power.hint.HintManagerService took to complete: 0ms
04-15 16:16:45.611 534 534 D SystemServerTiming: OnBootPhase_520_com.android.server.recoverysystem.RecoverySystemService$Lifecycle
04-15 16:16:45.611 534 534 V SystemServerTiming: OnBootPhase_520_com.android.server.recoverysystem.RecoverySystemService$Lifecycle took to complete: 0ms
04-15 16:16:45.613 534 534 D SystemServerTiming: OnBootPhase_520_com.android.server.lights.LightsService
04-15 16:16:45.613 534 534 V SystemServerTiming: OnBootPhase_520_com.android.server.lights.LightsService took to complete: 0ms
04-15 16:16:45.613 534 534 D SystemServerTiming: OnBootPhase_520_com.android.server.display.DisplayManagerService
04-15 16:16:45.613 534 534 V SystemServerTiming: OnBootPhase_520_com.android.server.display.DisplayManagerService took to complete: 0ms
04-15 16:16:45.613 534 534 D SystemServerTiming: OnBootPhase_520_com.android.server.pm.verify.domain.DomainVerificationService
04-15 16:16:45.613 534 534 V SystemServerTiming: OnBootPhase_520_com.android.server.pm.verify.domain.DomainVerificationService took to complete: 0ms
04-15 16:16:45.613 534 534 D SystemServerTiming: OnBootPhase_520_com.android.server.pm.PackageInstallerService$Lifecycle
04-15 16:16:45.613 534 534 V SystemServerTiming: OnBootPhase_520_com.android.server.pm.PackageInstallerService$Lifecycle took to complete: 0ms
04-15 16:16:45.614 534 534 D SystemServerTiming: OnBootPhase_520_com.android.server.pm.UserManagerService$LifeCycle
04-15 16:16:45.614 534 534 V SystemServerTiming: OnBootPhase_520_com.android.server.pm.UserManagerService$LifeCycle took to complete: 0ms
04-15 16:16:45.614 534 534 D SystemServerTiming: OnBootPhase_520_com.android.server.om.OverlayManagerService
04-15 16:16:45.614 534 534 V SystemServerTiming: OnBootPhase_520_com.android.server.om.OverlayManagerService took to complete: 0ms
04-15 16:16:45.614 534 534 D SystemServerTiming: OnBootPhase_520_com.android.server.resources.ResourcesManagerService
04-15 16:16:45.614 534 534 V SystemServerTiming: OnBootPhase_520_com.android.server.resources.ResourcesManagerService took to complete: 0ms
04-15 16:16:45.614 534 534 D SystemServerTiming: OnBootPhase_520_com.android.server.sensorprivacy.SensorPrivacyService
04-15 16:16:45.614 534 534 V SystemServerTiming: OnBootPhase_520_com.android.server.sensorprivacy.SensorPrivacyService took to complete: 0ms
04-15 16:16:45.614 534 534 D SystemServerTiming: OnBootPhase_520_com.android.server.sensors.SensorService
04-15 16:16:45.614 534 534 V SystemServerTiming: OnBootPhase_520_com.android.server.sensors.SensorService took to complete: 0ms
04-15 16:16:45.614 534 534 D SystemServerTiming: OnBootPhase_520_com.android.server.SystemConfigService
04-15 16:16:45.614 534 534 V SystemServerTiming: OnBootPhase_520_com.android.server.SystemConfigService took to complete: 0ms
04-15 16:16:45.615 534 534 D SystemServerTiming: OnBootPhase_520_com.android.server.BatteryService
04-15 16:16:45.615 534 534 V SystemServerTiming: OnBootPhase_520_com.android.server.BatteryService took to complete: 0ms
04-15 16:16:45.615 534 534 D SystemServerTiming: OnBootPhase_520_com.android.server.usage.UsageStatsService
04-15 16:16:45.615 534 534 V SystemServerTiming: OnBootPhase_520_com.android.server.usage.UsageStatsService took to complete: 0ms
04-15 16:16:45.615 534 534 D SystemServerTiming: OnBootPhase_520_com.android.server.webkit.WebViewUpdateService
04-15 16:16:45.615 534 534 V SystemServerTiming: OnBootPhase_520_com.android.server.webkit.WebViewUpdateService took to complete: 0ms
04-15 16:16:45.615 534 534 D SystemServerTiming: OnBootPhase_520_com.android.server.CachedDeviceStateService
04-15 16:16:45.615 534 534 V SystemServerTiming: OnBootPhase_520_com.android.server.CachedDeviceStateService took to complete: 0ms
04-15 16:16:45.615 534 534 D SystemServerTiming: OnBootPhase_520_com.android.server.BinderCallsStatsService$LifeCycle
04-15 16:16:45.615 534 534 V SystemServerTiming: OnBootPhase_520_com.android.server.BinderCallsStatsService$LifeCycle took to complete: 0ms
04-15 16:16:45.615 534 534 D SystemServerTiming: OnBootPhase_520_com.android.server.LooperStatsService$Lifecycle
04-15 16:16:45.616 534 534 V SystemServerTiming: OnBootPhase_520_com.android.server.LooperStatsService$Lifecycle took to complete: 0ms
04-15 16:16:45.616 534 534 D SystemServerTiming: OnBootPhase_520_com.android.server.rollback.RollbackManagerService
04-15 16:16:45.616 534 534 V SystemServerTiming: OnBootPhase_520_com.android.server.rollback.RollbackManagerService took to complete: 0ms
04-15 16:16:45.616 534 534 D SystemServerTiming: OnBootPhase_520_com.android.server.os.NativeTombstoneManagerService
04-15 16:16:45.616 534 534 V SystemServerTiming: OnBootPhase_520_com.android.server.os.NativeTombstoneManagerService took to complete: 0ms
04-15 16:16:45.617 534 534 D SystemServerTiming: OnBootPhase_520_com.android.server.os.BugreportManagerService
04-15 16:16:45.617 534 534 V SystemServerTiming: OnBootPhase_520_com.android.server.os.BugreportManagerService took to complete: 0ms
04-15 16:16:45.617 534 534 D SystemServerTiming: OnBootPhase_520_com.android.server.gpu.GpuService
04-15 16:16:45.617 534 534 V SystemServerTiming: OnBootPhase_520_com.android.server.gpu.GpuService took to complete: 0ms
04-15 16:16:45.617 534 534 D SystemServerTiming: OnBootPhase_520_com.android.server.security.rkp.RemoteProvisioningService
04-15 16:16:45.617 534 534 V SystemServerTiming: OnBootPhase_520_com.android.server.security.rkp.RemoteProvisioningService took to complete: 0ms
04-15 16:16:45.617 534 534 D SystemServerTiming: OnBootPhase_520_com.android.server.cpu.CpuMonitorService
04-15 16:16:45.617 534 534 V SystemServerTiming: OnBootPhase_520_com.android.server.cpu.CpuMonitorService took to complete: 0ms
04-15 16:16:45.617 534 534 D SystemServerTiming: OnBootPhase_520_com.android.server.security.KeyChainSystemService
04-15 16:16:45.617 534 534 V SystemServerTiming: OnBootPhase_520_com.android.server.security.KeyChainSystemService took to complete: 0ms
04-15 16:16:45.617 534 534 D SystemServerTiming: OnBootPhase_520_com.android.server.BinaryTransparencyService
04-15 16:16:45.622 534 534 V SystemServerTiming: OnBootPhase_520_com.android.server.BinaryTransparencyService took to complete: 0ms
04-15 16:16:45.622 534 534 D SystemServerTiming: OnBootPhase_520_com.android.server.telecom.TelecomLoaderService
04-15 16:16:45.622 534 534 V SystemServerTiming: OnBootPhase_520_com.android.server.telecom.TelecomLoaderService took to complete: 0ms
04-15 16:16:45.623 534 534 D SystemServerTiming: OnBootPhase_520_com.android.server.accounts.AccountManagerService$Lifecycle
04-15 16:16:45.623 534 534 V SystemServerTiming: OnBootPhase_520_com.android.server.accounts.AccountManagerService$Lifecycle took to complete: 0ms
04-15 16:16:45.623 534 534 D SystemServerTiming: OnBootPhase_520_com.android.server.content.ContentService$Lifecycle
04-15 16:16:45.623 534 534 V SystemServerTiming: OnBootPhase_520_com.android.server.content.ContentService$Lifecycle took to complete: 1ms
04-15 16:16:45.628 534 534 D SystemServerTiming: OnBootPhase_520_com.android.server.deviceconfig.DeviceConfigInit$Lifecycle
04-15 16:16:45.628 534 534 V SystemServerTiming: OnBootPhase_520_com.android.server.deviceconfig.DeviceConfigInit$Lifecycle took to complete: 0ms
04-15 16:16:45.628 534 534 D SystemServerTiming: OnBootPhase_520_com.android.server.DropBoxManagerService
04-15 16:16:45.628 534 534 V SystemServerTiming: OnBootPhase_520_com.android.server.DropBoxManagerService took to complete: 0ms
04-15 16:16:45.628 534 534 D SystemServerTiming: OnBootPhase_520_com.android.role.RoleService
04-15 16:16:45.628 534 534 V SystemServerTiming: OnBootPhase_520_com.android.role.RoleService took to complete: 0ms
04-15 16:16:45.628 534 534 D SystemServerTiming: OnBootPhase_520_com.android.server.vibrator.VibratorManagerService$Lifecycle
04-15 16:16:45.628 534 534 V SystemServerTiming: OnBootPhase_520_com.android.server.vibrator.VibratorManagerService$Lifecycle took to complete: 0ms
04-15 16:16:45.628 534 534 D SystemServerTiming: OnBootPhase_520_com.android.server.tare.InternalResourceService
04-15 16:16:45.629 534 534 V SystemServerTiming: OnBootPhase_520_com.android.server.tare.InternalResourceService took to complete: 0ms
04-15 16:16:45.629 534 534 D SystemServerTiming: OnBootPhase_520_com.android.server.alarm.AlarmManagerService
04-15 16:16:45.629 534 534 V SystemServerTiming: OnBootPhase_520_com.android.server.alarm.AlarmManagerService took to complete: 0ms
04-15 16:16:45.629 534 534 D SystemServerTiming: OnBootPhase_520_com.android.server.devicestate.DeviceStateManagerService
04-15 16:16:45.629 534 534 V SystemServerTiming: OnBootPhase_520_com.android.server.devicestate.DeviceStateManagerService took to complete: 0ms
04-15 16:16:45.629 534 534 D SystemServerTiming: OnBootPhase_520_com.android.server.camera.CameraServiceProxy
04-15 16:16:45.629 534 534 V SystemServerTiming: OnBootPhase_520_com.android.server.camera.CameraServiceProxy took to complete: 0ms
04-15 16:16:45.629 534 534 D SystemServerTiming: OnBootPhase_520_com.android.server.bluetooth.BluetoothService
04-15 16:16:45.629 534 534 V SystemServerTiming: OnBootPhase_520_com.android.server.bluetooth.BluetoothService took to complete: 0ms
04-15 16:16:45.629 534 534 D SystemServerTiming: OnBootPhase_520_com.android.server.connectivity.IpConnectivityMetrics
04-15 16:16:45.629 534 534 V SystemServerTiming: OnBootPhase_520_com.android.server.connectivity.IpConnectivityMetrics took to complete: 0ms
04-15 16:16:45.629 534 534 D SystemServerTiming: OnBootPhase_520_com.android.server.net.watchlist.NetworkWatchlistService$Lifecycle
04-15 16:16:45.630 534 534 V SystemServerTiming: OnBootPhase_520_com.android.server.net.watchlist.NetworkWatchlistService$Lifecycle took to complete: 0ms
04-15 16:16:45.630 534 534 D SystemServerTiming: OnBootPhase_520_com.android.server.PinnerService
04-15 16:16:45.630 534 534 V SystemServerTiming: OnBootPhase_520_com.android.server.PinnerService took to complete: 0ms
04-15 16:16:45.630 534 534 D SystemServerTiming: OnBootPhase_520_com.android.server.integrity.AppIntegrityManagerService
04-15 16:16:45.630 534 534 V SystemServerTiming: OnBootPhase_520_com.android.server.integrity.AppIntegrityManagerService took to complete: 0ms
04-15 16:16:45.630 534 534 D SystemServerTiming: OnBootPhase_520_com.android.server.logcat.LogcatManagerService
04-15 16:16:45.630 534 534 V SystemServerTiming: OnBootPhase_520_com.android.server.logcat.LogcatManagerService took to complete: 0ms
04-15 16:16:45.630 534 534 D SystemServerTiming: OnBootPhase_520_com.android.server.inputmethod.InputMethodManagerService$Lifecycle
04-15 16:16:45.630 534 534 V SystemServerTiming: OnBootPhase_520_com.android.server.inputmethod.InputMethodManagerService$Lifecycle took to complete: 0ms
04-15 16:16:45.630 534 534 D SystemServerTiming: OnBootPhase_520_com.android.server.accessibility.AccessibilityManagerService$Lifecycle
04-15 16:16:45.630 534 534 V SystemServerTiming: OnBootPhase_520_com.android.server.accessibility.AccessibilityManagerService$Lifecycle took to complete: 0ms
04-15 16:16:45.630 534 534 D SystemServerTiming: OnBootPhase_520_com.android.server.StorageManagerService$Lifecycle
04-15 16:16:45.631 534 534 V SystemServerTiming: OnBootPhase_520_com.android.server.StorageManagerService$Lifecycle took to complete: 0ms
04-15 16:16:45.631 534 534 D SystemServerTiming: OnBootPhase_520_com.android.server.usage.StorageStatsService$Lifecycle
04-15 16:16:45.631 534 534 V SystemServerTiming: OnBootPhase_520_com.android.server.usage.StorageStatsService$Lifecycle took to complete: 0ms
04-15 16:16:45.631 534 534 D SystemServerTiming: OnBootPhase_520_com.android.server.UiModeManagerService
04-15 16:16:45.631 534 534 V SystemServerTiming: OnBootPhase_520_com.android.server.UiModeManagerService took to complete: 0ms
04-15 16:16:45.631 534 534 D SystemServerTiming: OnBootPhase_520_com.android.server.locales.LocaleManagerService
04-15 16:16:45.631 534 534 V SystemServerTiming: OnBootPhase_520_com.android.server.locales.LocaleManagerService took to complete: 0ms
04-15 16:16:45.631 534 534 D SystemServerTiming: OnBootPhase_520_com.android.server.grammaticalinflection.GrammaticalInflectionService
04-15 16:16:45.631 534 534 V SystemServerTiming: OnBootPhase_520_com.android.server.grammaticalinflection.GrammaticalInflectionService took to complete: 0ms
04-15 16:16:45.631 534 534 D SystemServerTiming: OnBootPhase_520_com.android.server.apphibernation.AppHibernationService
04-15 16:16:45.631 534 534 V SystemServerTiming: OnBootPhase_520_com.android.server.apphibernation.AppHibernationService took to complete: 0ms
04-15 16:16:45.631 534 534 D SystemServerTiming: OnBootPhase_520_com.android.server.locksettings.LockSettingsService$Lifecycle
04-15 16:16:45.633 534 534 V SystemServerTiming: OnBootPhase_520_com.android.server.locksettings.LockSettingsService$Lifecycle took to complete: 0ms
04-15 16:16:45.633 534 534 D SystemServerTiming: OnBootPhase_520_com.android.server.testharness.TestHarnessModeService
04-15 16:16:45.633 534 534 V SystemServerTiming: OnBootPhase_520_com.android.server.testharness.TestHarnessModeService took to complete: 0ms
04-15 16:16:45.633 534 534 D SystemServerTiming: OnBootPhase_520_com.android.server.DeviceIdleController
04-15 16:16:45.633 534 534 V SystemServerTiming: OnBootPhase_520_com.android.server.DeviceIdleController took to complete: 0ms
04-15 16:16:45.634 534 534 D SystemServerTiming: OnBootPhase_520_com.android.server.devicepolicy.DevicePolicyManagerService$Lifecycle
04-15 16:16:45.634 534 534 V SystemServerTiming: OnBootPhase_520_com.android.server.devicepolicy.DevicePolicyManagerService$Lifecycle took to complete: 0ms
04-15 16:16:45.634 534 534 D SystemServerTiming: OnBootPhase_520_com.android.server.texttospeech.TextToSpeechManagerService
04-15 16:16:45.634 534 534 V SystemServerTiming: OnBootPhase_520_com.android.server.texttospeech.TextToSpeechManagerService took to complete: 0ms
04-15 16:16:45.634 534 534 D SystemServerTiming: OnBootPhase_520_com.android.server.ambientcontext.AmbientContextManagerService
04-15 16:16:45.634 534 534 V SystemServerTiming: OnBootPhase_520_com.android.server.ambientcontext.AmbientContextManagerService took to complete: 0ms
04-15 16:16:45.634 534 534 D SystemServerTiming: OnBootPhase_520_com.android.server.wearable.WearableSensingManagerService
04-15 16:16:45.634 534 534 V SystemServerTiming: OnBootPhase_520_com.android.server.wearable.WearableSensingManagerService took to complete: 0ms
04-15 16:16:45.637 534 534 D SystemServerTiming: OnBootPhase_520_com.android.server.speech.SpeechRecognitionManagerService
04-15 16:16:45.637 534 534 V SystemServerTiming: OnBootPhase_520_com.android.server.speech.SpeechRecognitionManagerService took to complete: 0ms
04-15 16:16:45.637 534 534 D SystemServerTiming: OnBootPhase_520_com.android.server.searchui.SearchUiManagerService
04-15 16:16:45.637 534 534 V SystemServerTiming: OnBootPhase_520_com.android.server.searchui.SearchUiManagerService took to complete: 0ms
04-15 16:16:45.637 534 534 D SystemServerTiming: OnBootPhase_520_com.android.server.smartspace.SmartspaceManagerService
04-15 16:16:45.637 534 534 V SystemServerTiming: OnBootPhase_520_com.android.server.smartspace.SmartspaceManagerService took to complete: 0ms
04-15 16:16:45.638 534 534 D SystemServerTiming: OnBootPhase_520_com.android.server.graphics.fonts.FontManagerService$Lifecycle
04-15 16:16:45.638 534 534 V SystemServerTiming: OnBootPhase_520_com.android.server.graphics.fonts.FontManagerService$Lifecycle took to complete: 0ms
04-15 16:16:45.638 534 534 D SystemServerTiming: OnBootPhase_520_com.android.server.textservices.TextServicesManagerService$Lifecycle
04-15 16:16:45.638 534 534 V SystemServerTiming: OnBootPhase_520_com.android.server.textservices.TextServicesManagerService$Lifecycle took to complete: 0ms
04-15 16:16:45.638 534 534 D SystemServerTiming: OnBootPhase_520_com.android.server.textclassifier.TextClassificationManagerService$Lifecycle
04-15 16:16:45.638 534 534 V SystemServerTiming: OnBootPhase_520_com.android.server.textclassifier.TextClassificationManagerService$Lifecycle took to complete: 0ms
04-15 16:16:45.638 534 534 D SystemServerTiming: OnBootPhase_520_com.android.server.NetworkScoreService$Lifecycle
04-15 16:16:45.638 534 534 V SystemServerTiming: OnBootPhase_520_com.android.server.NetworkScoreService$Lifecycle took to complete: 0ms
04-15 16:16:45.638 534 534 D SystemServerTiming: OnBootPhase_520_com.android.server.NetworkStatsServiceInitializer
04-15 16:16:45.638 534 534 V SystemServerTiming: OnBootPhase_520_com.android.server.NetworkStatsServiceInitializer took to complete: 0ms
04-15 16:16:45.638 534 534 D SystemServerTiming: OnBootPhase_520_com.android.server.wifi.WifiService
04-15 16:16:45.638 534 534 V SystemServerTiming: OnBootPhase_520_com.android.server.wifi.WifiService took to complete: 0ms
04-15 16:16:45.639 534 534 D SystemServerTiming: OnBootPhase_520_com.android.server.wifi.scanner.WifiScanningService
04-15 16:16:45.639 534 534 V SystemServerTiming: OnBootPhase_520_com.android.server.wifi.scanner.WifiScanningService took to complete: 0ms
04-15 16:16:45.639 534 534 D SystemServerTiming: OnBootPhase_520_com.android.server.wifi.p2p.WifiP2pService
04-15 16:16:45.639 534 534 V SystemServerTiming: OnBootPhase_520_com.android.server.wifi.p2p.WifiP2pService took to complete: 0ms
04-15 16:16:45.639 534 534 D SystemServerTiming: OnBootPhase_520_com.android.server.ConnectivityServiceInitializer
04-15 16:16:45.639 534 534 V SystemServerTiming: OnBootPhase_520_com.android.server.ConnectivityServiceInitializer took to complete: 0ms
04-15 16:16:45.639 534 534 D SystemServerTiming: OnBootPhase_520_com.android.server.notification.NotificationManagerService
04-15 16:16:45.686 534 534 V SystemServerTiming: OnBootPhase_520_com.android.server.notification.NotificationManagerService took to complete: 47ms
04-15 16:16:45.686 534 534 D SystemServerTiming: OnBootPhase_520_com.android.server.storage.DeviceStorageMonitorService
04-15 16:16:45.686 534 534 V SystemServerTiming: OnBootPhase_520_com.android.server.storage.DeviceStorageMonitorService took to complete: 0ms
04-15 16:16:45.686 534 534 D SystemServerTiming: OnBootPhase_520_com.android.server.timedetector.TimeDetectorService$Lifecycle
04-15 16:16:45.686 534 534 V SystemServerTiming: OnBootPhase_520_com.android.server.timedetector.TimeDetectorService$Lifecycle took to complete: 0ms
04-15 16:16:45.686 534 534 D SystemServerTiming: OnBootPhase_520_com.android.server.location.LocationManagerService$Lifecycle
04-15 16:16:45.686 534 534 V SystemServerTiming: OnBootPhase_520_com.android.server.location.LocationManagerService$Lifecycle took to complete: 0ms
04-15 16:16:45.687 534 534 D SystemServerTiming: OnBootPhase_520_com.android.server.timezonedetector.TimeZoneDetectorService$Lifecycle
04-15 16:16:45.687 534 534 V SystemServerTiming: OnBootPhase_520_com.android.server.timezonedetector.TimeZoneDetectorService$Lifecycle took to complete: 0ms
04-15 16:16:45.687 534 534 D SystemServerTiming: OnBootPhase_520_com.android.server.location.altitude.AltitudeService$Lifecycle
04-15 16:16:45.687 534 534 V SystemServerTiming: OnBootPhase_520_com.android.server.location.altitude.AltitudeService$Lifecycle took to complete: 0ms
04-15 16:16:45.687 534 534 D SystemServerTiming: OnBootPhase_520_com.android.server.timezonedetector.location.LocationTimeZoneManagerService$Lifecycle
04-15 16:16:45.687 534 534 V SystemServerTiming: OnBootPhase_520_com.android.server.timezonedetector.location.LocationTimeZoneManagerService$Lifecycle took to complete: 0ms
04-15 16:16:45.687 534 534 D SystemServerTiming: OnBootPhase_520_com.android.server.search.SearchManagerService$Lifecycle
04-15 16:16:45.687 534 534 V SystemServerTiming: OnBootPhase_520_com.android.server.search.SearchManagerService$Lifecycle took to complete: 0ms
04-15 16:16:45.687 534 534 D SystemServerTiming: OnBootPhase_520_com.android.server.wallpaper.WallpaperManagerService$Lifecycle
04-15 16:16:45.690 534 534 V SystemServerTiming: OnBootPhase_520_com.android.server.wallpaper.WallpaperManagerService$Lifecycle took to complete: 3ms
