04-15 16:14:21.737 0 0 I e2fsck : Pass 5: Checking group summary information
04-15 16:14:21.747 0 0 I dlkm_loader: Loaded kernel module /vendor/lib/modules/nd_virtio.ko
04-15 16:14:21.747 0 0 I dlkm_loader: Loading module /vendor/lib/modules/net_failover.ko with args ''
04-15 16:14:21.752 0 0 I dlkm_loader: Loaded kernel module /vendor/lib/modules/net_failover.ko
04-15 16:14:21.753 0 0 I dlkm_loader: Loading module /vendor/lib/modules/pulse8-cec.ko with args ''
04-15 16:14:21.756 0 0 I e2fsck : /dev/block/vdc: 39/393216 files (0.0% non-contiguous), 52372/1572864 blocks
04-15 16:14:21.768 0 0 I dlkm_loader: Loaded kernel module /vendor/lib/modules/pulse8-cec.ko
04-15 16:14:21.769 0 0 I dlkm_loader: Loading module /vendor/lib/modules/rtc-test.ko with args ''
04-15 16:14:21.769 0 0 I init : [libfs_mgr] superblock s_max_mnt_count:65535,/dev/block/vdc
04-15 16:14:21.770 0 0 W init : [libfs_mgr] Reserved blocks 32768 is too large; capping to 31457
04-15 16:14:21.770 0 0 I init : [libfs_mgr] Setting reserved block count on /dev/block/vdc to 31457
04-15 16:14:21.789 0 0 I rtc-test.0: registered as rtc1
04-15 16:14:21.791 0 0 I rtc-test.1: registered as rtc2
04-15 16:14:21.792 0 0 I rtc-test.2: registered as rtc3
04-15 16:14:21.808 0 0 I dlkm_loader: Loaded kernel module /vendor/lib/modules/rtc-test.ko
04-15 16:14:21.809 0 0 I dlkm_loader: Loading module /vendor/lib/modules/system_heap.ko with args ''
04-15 16:14:21.834 0 0 I dlkm_loader: Loaded kernel module /vendor/lib/modules/system_heap.ko
04-15 16:14:21.835 0 0 I dlkm_loader: Loading module /vendor/lib/modules/test_meminit.ko with args ''
04-15 16:14:21.875 0 0 I test_meminit: all 10 tests in test_pages passed
04-15 16:14:21.893 0 0 I test_meminit: all 40 tests in test_kvmalloc passed
04-15 16:14:21.924 0 0 I tune2fs : tune2fs 1.46.6 (1-Feb-2023)
04-15 16:14:21.938 0 0 I tune2fs : Setting reserved blocks gid to 1065
04-15 16:14:21.938 0 0 I tune2fs : Setting reserved blocks count to 31457
04-15 16:14:21.980 0 0 I init : [libfs_mgr] Enabling ext4 flags encrypt on /dev/block/vdc
04-15 16:14:22.113 0 0 I tune2fs : tune2fs 1.46.6 (1-Feb-2023)
04-15 16:14:22.168 0 0 I init : [libfs_mgr] Enabling ext4 verity on /dev/block/vdc
04-15 16:14:22.244 0 0 I test_meminit: all 70 tests in test_kmemcache passed
04-15 16:14:22.253 0 0 I test_meminit: all 10 tests in test_rcu_persistent passed
04-15 16:14:22.253 0 0 I test_meminit: all 130 tests passed!
04-15 16:14:22.256 0 0 I dlkm_loader: Loaded kernel module /vendor/lib/modules/test_meminit.ko
04-15 16:14:22.257 0 0 I dlkm_loader: Loading module /vendor/lib/modules/usbip-core.ko with args ''
04-15 16:14:22.288 0 0 I dlkm_loader: Loaded kernel module /vendor/lib/modules/usbip-core.ko
04-15 16:14:22.289 0 0 I dlkm_loader: Loading module /vendor/lib/modules/vhci-hcd.ko with args ''
04-15 16:14:22.295 0 0 I tune2fs : tune2fs 1.46.6 (1-Feb-2023)
04-15 16:14:22.303 0 0 I vhci_hcd.0: USB/IP Virtual Host Controller
04-15 16:14:22.303 0 0 I vhci_hcd.0: new USB bus registered, assigned bus number 2
04-15 16:14:22.304 0 0 I vhci_hcd: created sysfs vhci_hcd.0
04-15 16:14:22.308 0 0 I usb2 : New USB device found, idVendor=1d6b, idProduct=0002, bcdDevice= 6.01
04-15 16:14:22.308 0 0 I usb2 : New USB device strings: Mfr=3, Product=2, SerialNumber=1
04-15 16:14:22.308 0 0 I usb2 : Product: USB/IP Virtual Host Controller
04-15 16:14:22.308 0 0 I usb2 : Manufacturer: Linux 6.1.23-android14-4-00257-g7e35917775b8-ab9964412 vhci_hcd
04-15 16:14:22.308 0 0 I usb2 : SerialNumber: vhci_hcd.0
04-15 16:14:22.310 0 0 I hub 2-0 : 1.0: USB hub found
04-15 16:14:22.310 0 0 I hub 2-0 : 1.0: 8 ports detected
04-15 16:14:22.317 0 0 I vhci_hcd.0: USB/IP Virtual Host Controller
04-15 16:14:22.317 0 0 I vhci_hcd.0: new USB bus registered, assigned bus number 3
04-15 16:14:22.317 0 0 I usb3 : We don't know the algorithms for LPM for this host, disabling LPM.
04-15 16:14:22.317 0 0 I usb3 : New USB device found, idVendor=1d6b, idProduct=0003, bcdDevice= 6.01
04-15 16:14:22.317 0 0 I usb3 : New USB device strings: Mfr=3, Product=2, SerialNumber=1
04-15 16:14:22.317 0 0 I usb3 : Product: USB/IP Virtual Host Controller
04-15 16:14:22.317 0 0 I usb3 : Manufacturer: Linux 6.1.23-android14-4-00257-g7e35917775b8-ab9964412 vhci_hcd
04-15 16:14:22.317 0 0 I usb3 : SerialNumber: vhci_hcd.0
04-15 16:14:22.318 0 0 I hub 3-0 : 1.0: USB hub found
04-15 16:14:22.318 0 0 I hub 3-0 : 1.0: 8 ports detected
04-15 16:14:22.322 0 0 I dlkm_loader: Loaded kernel module /vendor/lib/modules/vhci-hcd.ko
04-15 16:14:22.323 0 0 I dlkm_loader: Loading module /vendor/lib/modules/virt_wifi.ko with args ''
04-15 16:14:22.334 0 0 I dlkm_loader: Loaded kernel module /vendor/lib/modules/virt_wifi.ko
04-15 16:14:22.335 0 0 I dlkm_loader: Loading module /vendor/lib/modules/virtio-gpu.ko with args ''
04-15 16:14:22.343 0 0 I init : [libfs_mgr] Enabling ext4 casefold on /dev/block/vdc
04-15 16:14:22.428 0 0 I dlkm_loader: Loaded kernel module /vendor/lib/modules/virtio-gpu.ko
04-15 16:14:22.429 0 0 I dlkm_loader: Loading module /vendor/lib/modules/virtio_balloon.ko with args ''
04-15 16:14:22.433 0 0 I tune2fs : tune2fs 1.46.6 (1-Feb-2023)
04-15 16:14:22.442 0 0 I dlkm_loader: Loaded kernel module /vendor/lib/modules/virtio_balloon.ko
04-15 16:14:22.443 0 0 I dlkm_loader: Loading module /vendor/lib/modules/virtio_input.ko with args ''
04-15 16:14:22.445 0 0 I tune2fs : Setting encoding to 'utf8'
04-15 16:14:22.450 0 0 I input : virtio_input_multi_touch_1 as /devices/pci0000:00/0000:00:0d.0/virtio10/input/input3
04-15 16:14:22.452 0 0 I input : virtio_input_multi_touch_2 as /devices/pci0000:00/0000:00:0e.0/virtio11/input/input4
04-15 16:14:22.457 0 0 I input : virtio_input_multi_touch_3 as /devices/pci0000:00/0000:00:0f.0/virtio12/input/input5
04-15 16:14:22.458 0 0 I input : virtio_input_multi_touch_4 as /devices/pci0000:00/0000:00:10.0/virtio13/input/input6
04-15 16:14:22.459 0 0 I input : virtio_input_multi_touch_5 as /devices/pci0000:00/0000:00:11.0/virtio14/input/input7
04-15 16:14:22.461 0 0 I input : virtio_input_multi_touch_6 as /devices/pci0000:00/0000:00:12.0/virtio15/input/input8
04-15 16:14:22.462 0 0 I input : virtio_input_multi_touch_7 as /devices/pci0000:00/0000:00:13.0/virtio16/input/input9
04-15 16:14:22.464 0 0 I input : virtio_input_multi_touch_8 as /devices/pci0000:00/0000:00:14.0/virtio17/input/input10
04-15 16:14:22.466 0 0 I input : virtio_input_multi_touch_9 as /devices/pci0000:00/0000:00:15.0/virtio18/input/input11
04-15 16:14:22.467 0 0 I input : virtio_input_multi_touch_10 as /devices/pci0000:00/0000:00:16.0/virtio19/input/input12
04-15 16:14:22.469 0 0 I input : virtio_input_multi_touch_11 as /devices/pci0000:00/0000:00:17.0/virtio20/input/input13
04-15 16:14:22.470 0 0 I dlkm_loader: Loaded kernel module /vendor/lib/modules/virtio_input.ko
04-15 16:14:22.470 0 0 I dlkm_loader: Loading module /vendor/lib/modules/virtio_net.ko with args ''
04-15 16:14:22.477 0 0 W EXT4-fs : Ignoring removed nomblk_io_submit option
04-15 16:14:22.480 0 0 I EXT4-fs (vdc): Using encoding defined by superblock: utf8-12.1.0 with flags 0x0
04-15 16:14:22.510 0 0 I dlkm_loader: Loaded kernel module /vendor/lib/modules/virtio_net.ko
04-15 16:14:22.511 0 0 I dlkm_loader: Loading module /vendor/lib/modules/virtio_pmem.ko with args ''
04-15 16:14:22.512 0 0 I EXT4-fs (vdc): mounted filesystem with ordered data mode. Quota mode: journalled.
04-15 16:14:22.514 0 0 I init : [libfs_mgr] __mount(source=/dev/block/vdc,target=/data,type=ext4)=0: Success
04-15 16:14:22.523 0 0 I EXT4-fs (vdc): unmounting filesystem.
04-15 16:14:22.524 0 0 I dlkm_loader: Loaded kernel module /vendor/lib/modules/virtio_pmem.ko
04-15 16:14:22.525 0 0 I dlkm_loader: Loading module /vendor/lib/modules/virtio_snd.ko with args ''
04-15 16:14:22.531 0 0 I dlkm_loader: Loaded kernel module /vendor/lib/modules/virtio_snd.ko
04-15 16:14:22.532 0 0 I dlkm_loader: module vkms is blocklisted
04-15 16:14:22.532 0 0 E dlkm_loader: LoadWithAliases was unable to load vkms
04-15 16:14:22.533 0 0 I dlkm_loader: module load count is 43
04-15 16:14:22.544 0 0 I : dlkm_loader (120) used greatest stack depth: 10832 bytes left
04-15 16:14:22.547 0 0 I init : [libfs_mgr] umount_retry(): unmount(/data) succeeded
04-15 16:14:22.548 0 0 I init : Calling: /system/bin/vdc cryptfs encryptFstab /dev/block/vdc /data false ext4
04-15 16:14:22.684 141 141 D vold : fscrypt_mount_metadata_encrypted: /data encrypt: 1 format: 0 with ext4 block device: /dev/block/vdc and zoned device:
04-15 16:14:22.685 141 141 D vold : metadata_key_dir/key: /metadata/vold/metadata_encryption/key
04-15 16:14:22.688 0 0 D vdc : Waited 0ms for vold
04-15 16:14:22.690 141 141 D vold : Created directory /metadata/vold/metadata_encryption
04-15 16:14:22.691 141 141 D vold : Metadata key does not exist but ro.crypto.metadata_init_delete_all_keys.enabled is false
04-15 16:14:22.691 141 141 I vold : Creating new key in /metadata/vold/metadata_encryption/key
04-15 16:14:22.691 141 141 D vold : Generating standard storage key
04-15 16:14:22.707 141 141 D vold : Generating "key storage" key
04-15 16:14:22.713 155 155 I SELinux : SELinux: Loaded keystore2 context from:
04-15 16:14:22.713 155 155 I SELinux : /system/etc/selinux/plat_keystore2_key_contexts
04-15 16:14:22.722 155 155 E keystore2: system/security/keystore2/src/error.rs:180 - system/security/keystore2/src/security_level.rs:622
04-15 16:14:22.722 155 155 E keystore2:
04-15 16:14:22.722 155 155 E keystore2: Caused by:
04-15 16:14:22.722 155 155 E keystore2: 0: system/security/keystore2/src/security_level.rs:620: While generating Key without explicit attestation key.
04-15 16:14:22.722 155 155 E keystore2: 1: Error::Km(r#ROLLBACK_RESISTANCE_UNAVAILABLE)
04-15 16:14:22.724 141 141 E vold : keystore2 Keystore generateKey returned service specific error: -67
04-15 16:14:22.724 141 141 W vold : Failed to generate rollback-resistant key. This is expected if keystore doesn't support rollback resistance. Falling back to non-rollback-resistant key.
04-15 16:14:22.733 0 0 E vold : keystore2 Keystore generateKey returned service specific error: -67
04-15 16:14:22.733 0 0 W vold : Failed to generate rollback-resistant key. This is expected if keystore doesn't support rollback resistance. Falling back to non-rollback-resistant key.
04-15 16:14:22.755 141 141 D vold : Stored key /metadata/vold/metadata_encryption/key
04-15 16:14:22.765 141 141 D vold : encrypt_inplace(/dev/block/dm-38, /dev/block/vdc, 12582912)
04-15 16:14:22.768 141 141 D vold : ext4 filesystem has 48 block groups
04-15 16:14:22.769 141 141 I vold : Encrypting ext4 filesystem on /dev/block/vdc in-place via /dev/block/dm-38
04-15 16:14:22.769 141 141 I vold : 52372 blocks (214 MB) of 1572864 blocks are in-use
04-15 16:14:23.046 141 141 D vold : Encrypted 10000 of 52372 blocks
04-15 16:14:23.302 141 141 D vold : Encrypted 20000 of 52372 blocks
04-15 16:14:23.555 141 141 D vold : Encrypted 30000 of 52372 blocks
04-15 16:14:23.838 141 141 D vold : Encrypted 40000 of 52372 blocks
04-15 16:14:24.573 141 141 D vold : Encrypted 50000 of 52372 blocks
04-15 16:14:26.687 141 141 D vold : Encrypted 52372 of 52372 blocks
04-15 16:14:26.687 141 141 I vold : Successfully encrypted ext4 filesystem on /dev/block/vdc
04-15 16:14:26.799 141 141 D vold : Mounting metadata-encrypted filesystem:/data
04-15 16:14:26.802 141 141 I vold : [libfs_mgr] superblock s_max_mnt_count:65535,/dev/block/dm-38
04-15 16:14:26.811 0 0 W EXT4-fs : Ignoring removed nomblk_io_submit option
04-15 16:14:26.812 0 0 I EXT4-fs (dm-38): Using encoding defined by superblock: utf8-12.1.0 with flags 0x0
04-15 16:14:26.809 141 141 I vold : [libfs_mgr] check_fs(): mount(/dev/block/dm-38,/data,ext4)=0: Success
04-15 16:14:26.817 0 0 I EXT4-fs (dm-38): mounted filesystem with ordered data mode. Quota mode: journalled.
04-15 16:14:26.819 0 0 I EXT4-fs (dm-38): unmounting filesystem.
04-15 16:14:26.829 141 141 I vold : [libfs_mgr] umount_retry(): unmount(/data) succeeded
04-15 16:14:26.830 141 141 I vold : [libfs_mgr] Running /system/bin/e2fsck on /dev/block/dm-38
04-15 16:14:26.914 0 0 I e2fsck : e2fsck 1.46.6 (1-Feb-2023)
04-15 16:14:26.930 0 0 I e2fsck : /dev/block/dm-38: clean, 39/393216 files, 52372/1572864 blocks
04-15 16:14:26.929 141 141 W libc : Unable to set property "ro.boottime.init.fsck.data" to "123": error code: 0xb
04-15 16:14:26.930 141 141 I vold : [libfs_mgr] superblock s_max_mnt_count:65535,/dev/block/dm-38
04-15 16:14:26.930 141 141 W vold : [libfs_mgr] Reserved blocks 32768 is too large; capping to 31457
04-15 16:14:26.937 0 0 E init : Unable to set property 'ro.boottime.init.fsck.data' from uid:0 gid:0 pid:141: Read-only property was already set
04-15 16:14:26.939 0 0 W vold : [libfs_mgr] Reserved blocks 32768 is too large; capping to 31457
04-15 16:14:26.940 0 0 W EXT4-fs : Ignoring removed nomblk_io_submit option
04-15 16:14:26.941 0 0 I EXT4-fs (dm-38): Using encoding defined by superblock: utf8-12.1.0 with flags 0x0
04-15 16:14:26.937 141 141 I vold : [libfs_mgr] __mount(source=/dev/block/dm-38,target=/data,type=ext4)=0: Success
04-15 16:14:26.938 141 141 W libc : Unable to set property "ro.boottime.init.mount.data" to "5": error code: 0xb
04-15 16:14:26.939 141 141 D vold : Mounted /data
04-15 16:14:26.945 0 0 I EXT4-fs (dm-38): mounted filesystem with ordered data mode. Quota mode: journalled.
04-15 16:14:26.946 0 0 E init : Unable to set property 'ro.boottime.init.mount.data' from uid:0 gid:0 pid:141: Read-only property was already set
04-15 16:14:26.972 0 0 I init : Userdata mounted using /vendor/etc/fstab.ranchu result : 6
04-15 16:14:26.973 0 0 I init : Keyring created with id 305419380 in process 1
04-15 16:14:26.974 0 0 I init : Command 'mount_all /vendor/etc/fstab.ranchu --late' action=late-fs (/vendor/etc/init/hw/init.ranchu.rc:9) took 6398ms and succeeded
04-15 16:14:26.974 0 0 I init : Service 'vendor.dlkm_loader' (pid 120) exited with status 0 oneshot service took 10.845000 seconds in background
04-15 16:14:26.974 0 0 I init : Sending signal 9 to service 'vendor.dlkm_loader' (pid 120) process group...
04-15 16:14:26.975 0 0 I libprocessgroup: Successfully killed process cgroup uid 0 pid 120 in 0ms
04-15 16:14:27.252 0 0 I init : processing action (post-fs-data) from (/system/etc/init/hw/init.rc:678)
04-15 16:14:27.254 0 0 I init : starting service 'exec 5 (/system/bin/vdc checkpoint prepareCheckpoint)'...
04-15 16:14:27.277 0 0 I init : ... started service 'exec 5 (/system/bin/vdc checkpoint prepareCheckpoint)' has pid 189
04-15 16:14:27.277 0 0 I init : SVC_EXEC service 'exec 5 (/system/bin/vdc checkpoint prepareCheckpoint)' pid 189 (uid 1000 gid 1000+0 context default) started; waiting...
04-15 16:14:27.349 141 141 I Checkpoint: cp_prepareCheckpoint called
04-15 16:14:27.362 0 0 I init : Service 'exec 5 (/system/bin/vdc checkpoint prepareCheckpoint)' (pid 189) exited with status 0 waiting took 0.104000 seconds
04-15 16:14:27.362 0 0 I init : Sending signal 9 to service 'exec 5 (/system/bin/vdc checkpoint prepareCheckpoint)' (pid 189) process group...
04-15 16:14:27.363 0 0 I libprocessgroup: Successfully killed process cgroup uid 1000 pid 189 in 0ms
04-15 16:14:27.377 0 0 I init : starting service 'exec 6 (/system/bin/vdc --wait cryptfs enablefilecrypto)'...
04-15 16:14:27.401 0 0 I init : ... started service 'exec 6 (/system/bin/vdc --wait cryptfs enablefilecrypto)' has pid 191
04-15 16:14:27.401 0 0 I init : SVC_EXEC service 'exec 6 (/system/bin/vdc --wait cryptfs enablefilecrypto)' pid 191 (uid 0 gid 0+0 context default) started; waiting...
04-15 16:14:27.476 0 0 D vdc : Waited 0ms for vold
04-15 16:14:27.469 141 141 I vold : fscrypt_initialize_systemwide_keys
04-15 16:14:27.469 141 141 I vold : Creating new key in /data/unencrypted/key
04-15 16:14:27.469 141 141 D vold : Generating standard storage key
04-15 16:14:27.481 141 141 D vold : Generating "key storage" key
04-15 16:14:27.483 155 165 E keystore2: system/security/keystore2/src/error.rs:180 - system/security/keystore2/src/security_level.rs:622
04-15 16:14:27.483 155 165 E keystore2:
04-15 16:14:27.483 155 165 E keystore2: Caused by:
04-15 16:14:27.483 155 165 E keystore2: 0: system/security/keystore2/src/security_level.rs:620: While generating Key without explicit attestation key.
04-15 16:14:27.483 155 165 E keystore2: 1: Error::Km(r#ROLLBACK_RESISTANCE_UNAVAILABLE)
04-15 16:14:27.484 141 141 E vold : keystore2 Keystore generateKey returned service specific error: -67
04-15 16:14:27.485 141 141 W vold : Failed to generate rollback-resistant key. This is expected if keystore doesn't support rollback resistance. Falling back to non-rollback-resistant key.
04-15 16:14:27.493 0 0 E vold : keystore2 Keystore generateKey returned service specific error: -67
04-15 16:14:27.493 0 0 W vold : Failed to generate rollback-resistant key. This is expected if keystore doesn't support rollback resistance. Falling back to non-rollback-resistant key.
04-15 16:14:27.501 141 141 D vold : Stored key /data/unencrypted/key
04-15 16:14:27.504 141 141 D vold : Installed fscrypt key with ref e9a0fb4fd260abc5aa2f402fad1983f0 to /data
04-15 16:14:27.505 141 141 D vold : Added fscrypt-provisioning key for e9a0fb4fd260abc5aa2f402fad1983f0 to session keyring
04-15 16:14:27.510 141 141 I vold : Wrote system DE key reference to:/data/unencrypted/ref
04-15 16:14:27.510 141 141 D vold : Generating standard storage key
04-15 16:14:27.511 141 141 D vold : Installed fscrypt key with ref a4d12abbf8a1c95064587d257f980926 to /data
04-15 16:14:27.511 141 141 D vold : Added fscrypt-provisioning key for a4d12abbf8a1c95064587d257f980926 to session keyring
04-15 16:14:27.513 141 141 I vold : Wrote per boot key reference to:/data/unencrypted/per_boot_ref
04-15 16:14:27.527 0 0 I init : Service 'exec 6 (/system/bin/vdc --wait cryptfs enablefilecrypto)' (pid 191) exited with status 0 waiting took 0.145000 seconds
04-15 16:14:27.527 0 0 I init : Sending signal 9 to service 'exec 6 (/system/bin/vdc --wait cryptfs enablefilecrypto)' (pid 191) process group...
04-15 16:14:27.528 0 0 I libprocessgroup: Successfully killed process cgroup uid 0 pid 191 in 0ms
04-15 16:14:27.533 0 0 I init : Encryption policy of /data/bootchart set to e9a0fb4fd260abc5aa2f402fad1983f0 v2 modes 1/4 flags 0x2
04-15 16:14:27.534 0 0 I fscrypt : AES-256-CTS-CBC using implementation "cts-cbc-aes-aesni"
04-15 16:14:27.535 0 0 I init : Command 'copy /data/system/entropy.dat /dev/urandom' action=post-fs-data (/system/etc/init/hw/init.rc:700) took 0ms and failed: Could not read input file '/data/system/entropy.dat': open() failed: No such file or directory
04-15 16:14:27.538 0 0 I init : Encryption policy of /data/vendor set to e9a0fb4fd260abc5aa2f402fad1983f0 v2 modes 1/4 flags 0x2
04-15 16:14:27.542 0 0 I init : Encryption policy of /data/anr set to e9a0fb4fd260abc5aa2f402fad1983f0 v2 modes 1/4 flags 0x2
04-15 16:14:27.543 0 0 I init : Encryption policy of /data/tombstones set to e9a0fb4fd260abc5aa2f402fad1983f0 v2 modes 1/4 flags 0x2
04-15 16:14:27.547 0 0 I init : starting service 'tombstoned'...
04-15 16:14:27.549 0 0 I init : Created socket '/dev/socket/tombstoned_crash', mode 666, user 1000, group 1000
04-15 16:14:27.550 0 0 I init : Created socket '/dev/socket/tombstoned_intercept', mode 666, user 1000, group 1000
04-15 16:14:27.551 0 0 I init : Created socket '/dev/socket/tombstoned_java_trace', mode 666, user 1000, group 1000
04-15 16:14:27.577 0 0 I init : ... started service 'tombstoned' has pid 194
04-15 16:14:27.577 0 0 I init : Switched to default mount namespace
04-15 16:14:27.578 0 0 E init : Failed to set encryption policy of /data/misc to e9a0fb4fd260abc5aa2f402fad1983f0 v2 modes 1/4 flags 0x2: Directory not empty
04-15 16:14:27.621 0 0 I ls : executing ls failed: Permission denied
04-15 16:14:27.600 195 195 W init : type=1400 audit(0.0:4): avc: denied { execute_no_trans } for path="/vendor/bin/toybox_vendor" dev="dm-4" ino=222 scontext=u:r:init:s0 tcontext=u:object_r:vendor_toolbox_exec:s0 tclass=file permissive=0 bug=b/183668221
04-15 16:14:27.621 0 0 E logwrapper: executing ls failed: Permission denied
04-15 16:14:27.621 0 0 E logwrapper:
04-15 16:14:27.628 0 0 I ls : ls terminated by exit(255)
04-15 16:14:27.628 0 0 I ls :
04-15 16:14:27.629 0 0 E init : ls -laZ /data/misc returned failure: 255
04-15 16:14:27.629 0 0 E init : Setting e9a0fb4fd260abc5aa2f402fad1983f0 policy on /data/misc failed!
04-15 16:14:27.629 0 0 E init : Rebooting into recovery
04-15 16:14:27.636 0 0 I init : Command 'mkdir /data/misc 01771 system misc encryption=Require' action=post-fs-data (/system/etc/init/hw/init.rc:717) took 57ms and failed: Failed to set bootloader message: failed to find /misc partition
04-15 16:14:27.652 0 0 I init : starting service 'exec 7 (/system/bin/vdc keymaster earlyBootEnded)'...
04-15 16:14:27.674 194 194 I tombstoned: tombstoned successfully initialized
04-15 16:14:27.685 0 0 I init : ... started service 'exec 7 (/system/bin/vdc keymaster earlyBootEnded)' has pid 196
04-15 16:14:27.685 0 0 I init : SVC_EXEC service 'exec 7 (/system/bin/vdc keymaster earlyBootEnded)' pid 196 (uid 1000 gid 1000+0 context default) started; waiting...
04-15 16:14:27.757 141 141 I incfs : Initial API level of the device: 34
04-15 16:14:27.757 141 141 I incfs : ro.incremental.enable: yes
04-15 16:14:27.758 141 141 I incfs : isFsAvailable: true
04-15 16:14:27.758 141 141 I incfs : isFsAvailable: true
04-15 16:14:27.758 141 141 I incfs : IncFs_Features: v2
04-15 16:14:27.764 155 165 I keystore2: system/security/keystore2/src/maintenance.rs:206 - In early_boot_ended.
04-15 16:14:27.851 155 165 E keystore2: system/security/keystore2/src/keystore2_main.rs:69 - [SQLITE3] 17: statement aborts at 28: [CREATE TABLE IF NOT EXISTS persistent.version (
04-15 16:14:27.851 155 165 E keystore2: id INTEGER PRIMARY KEY,
04-15 16:14:27.851 155 165 E keystore2: version INTEGER);] database schema has changed
04-15 16:14:27.853 155 165 I keystore2: system/security/keystore2/src/globals.rs:66 - Touching Keystore 2.0 database for this first time since boot.
04-15 16:14:27.854 155 165 I keystore2: system/security/keystore2/src/globals.rs:68 - Calling cleanup leftovers.
04-15 16:14:27.855 155 165 I keystore2: system/security/keystore2/src/boot_level_keys.rs:57 - ro.keystore.boot_level_key.strategy not set, inferring from installed KM instances
04-15 16:14:27.855 155 165 I keystore2: system/security/keystore2/src/boot_level_keys.rs:115 - In get_level_zero_key: security_level=r#SOFTWARE, deny_later_strategy=EarlyBootOnly
04-15 16:14:27.890 155 165 I keystore2: system/security/keystore2/src/super_key.rs:293 - Starting boot level watcher.
04-15 16:14:27.892 155 165 I keystore2: system/security/keystore2/src/maintenance.rs:187 - Call to earlyBootEnded succeeded for security level TRUSTED_ENVIRONMENT.
04-15 16:14:27.894 155 198 I keystore2: system/security/keystore2/src/super_key.rs:325 - Read keystore.boot_level value 30
04-15 16:14:27.899 155 198 I keystore2: system/security/keystore2/src/super_key.rs:325 - Read keystore.boot_level value 30
04-15 16:14:27.901 133 133 I hwservicemanager: getTransport: Cannot find entry android.hardware.keymaster@4.0::IKeymasterDevice/default in either framework or device VINTF manifest.
04-15 16:14:27.903 133 133 I hwservicemanager: getTransport: Cannot find entry android.hardware.keymaster@3.0::IKeymasterDevice/default in either framework or device VINTF manifest.
04-15 16:14:27.903 155 165 E keystore2: system/security/keystore2/src/maintenance.rs:192 - Call to earlyBootEnded failed for security level STRONGBOX: system/security/keystore2/src/maintenance.rs:167: getting keymint device.
04-15 16:14:27.903 155 165 E keystore2: system/security/keystore2/src/error.rs:180 - system/security/keystore2/src/maintenance.rs:167: getting keymint device
04-15 16:14:27.903 155 165 E keystore2:
04-15 16:14:27.903 155 165 E keystore2: Caused by:
04-15 16:14:27.903 155 165 E keystore2: 0: system/security/keystore2/src/globals.rs:335: Cannot connect to Keymint
04-15 16:14:27.903 155 165 E keystore2: 1: system/security/keystore2/src/globals.rs:246: Trying to get Legacy wrapper.
04-15 16:14:27.903 155 165 E keystore2: 2: Error::Km(r#HARDWARE_TYPE_UNAVAILABLE)
04-15 16:14:27.904 141 141 E vold : keystore2 Keystore earlyBootEnded returned service specific error: -68
04-15 16:14:27.913 0 0 E vold : keystore2 Keystore earlyBootEnded returned service specific error: -68
04-15 16:14:27.919 0 0 I init : Service 'exec 7 (/system/bin/vdc keymaster earlyBootEnded)' (pid 196) exited with status 0 waiting took 0.263000 seconds
04-15 16:14:27.919 0 0 I init : Sending signal 9 to service 'exec 7 (/system/bin/vdc keymaster earlyBootEnded)' (pid 196) process group...
04-15 16:14:27.920 0 0 I libprocessgroup: Successfully killed process cgroup uid 1000 pid 196 in 0ms
04-15 16:14:27.923 0 0 I init : Encryption policy of /data/property set to e9a0fb4fd260abc5aa2f402fad1983f0 v2 modes 1/4 flags 0x2
04-15 16:14:27.926 0 0 E init : Could not set 'ro.logd.size' to '2M' in /data/local.prop: Read-only property was already set
04-15 16:14:27.927 0 0 E init : Could not load single persistent property file, trying legacy directory: Unable to read persistent property file: open() failed: No such file or directory
04-15 16:14:27.927 0 0 I fscrypt : AES-256-XTS using implementation "xts-aes-aesni"
04-15 16:14:27.933 0 0 I init : Wait for property 'ro.persistent_properties.ready=true' took 7ms
04-15 16:14:27.933 0 0 I init : service 'logd' requested start, but it is already running (flags: 4)
04-15 16:14:27.934 0 0 I init : starting service 'logd-reinit'...
04-15 16:14:27.961 0 0 I init : ... started service 'logd-reinit' has pid 199
04-15 16:14:27.962 0 0 I init : Not setting encryption policy on: /data/apex
04-15 16:14:27.968 0 0 I init : Encryption policy of /data/apex/decompressed set to e9a0fb4fd260abc5aa2f402fad1983f0 v2 modes 1/4 flags 0x2
04-15 16:14:27.972 0 0 I init : Encryption policy of /data/app-staging set to e9a0fb4fd260abc5aa2f402fad1983f0 v2 modes 1/4 flags 0x2
04-15 16:14:27.974 0 0 I init : Encryption policy of /data/apex/ota_reserved set to e9a0fb4fd260abc5aa2f402fad1983f0 v2 modes 1/4 flags 0x2
04-15 16:14:27.981 0 0 I init : starting service 'apexd'...
04-15 16:14:28.028 0 0 I init : ... started service 'apexd' has pid 200
04-15 16:14:28.029 0 0 I init : Command 'restart apexd' action=post-fs-data (/system/etc/init/hw/init.rc:770) took 52ms and succeeded
04-15 16:14:28.031 0 0 I init : Command 'copy /data/misc/recovery/ro.build.fingerprint /data/misc/recovery/ro.build.fingerprint.1' action=post-fs-data (/system/etc/init/hw/init.rc:774) took 0ms and failed: Could not read input file '/data/misc/recovery/ro.build.fingerprint': open() failed: No such file or directory
04-15 16:14:28.038 0 0 I init : Command 'copy /data/misc/recovery/proc/version /data/misc/recovery/proc/version.1' action=post-fs-data (/system/etc/init/hw/init.rc:781) took 0ms and failed: Could not read input file '/data/misc/recovery/proc/version': open() failed: No such file or directory
04-15 16:14:28.137 0 0 I logd : logd reinit
04-15 16:14:28.137 0 0 E logd : Cannot read /data/misc/logd/event-log-tags
04-15 16:14:28.145 0 0 E logd : FrameworkListener: read() failed (Connection reset by peer)
04-15 16:14:28.147 0 0 I init : Service 'logd-reinit' (pid 199) exited with status 0 oneshot service took 0.208000 seconds in background
04-15 16:14:28.147 0 0 I init : Sending signal 9 to service 'logd-reinit' (pid 199) process group...
04-15 16:14:28.148 0 0 I libprocessgroup: Successfully killed process cgroup uid 1036 pid 199 in 0ms
04-15 16:14:28.169 0 0 I init : Encryption policy of /data/local set to e9a0fb4fd260abc5aa2f402fad1983f0 v2 modes 1/4 flags 0x2
04-15 16:14:28.220 0 0 I init : starting service 'exec 8 (/bin/rm -rf /data/misc/virtualizationservice)'...
04-15 16:14:28.266 0 0 I init : ... started service 'exec 8 (/bin/rm -rf /data/misc/virtualizationservice)' has pid 201
04-15 16:14:28.267 0 0 I init : SVC_EXEC service 'exec 8 (/bin/rm -rf /data/misc/virtualizationservice)' pid 201 (uid 1081 gid 1000+0 context default) started; waiting...
04-15 16:14:28.273 0 0 I apexd : Scanning /system/apex for pre-installed ApexFiles
04-15 16:14:28.275 0 0 I apexd : Found pre-installed APEX /system/apex/com.android.permission.capex
04-15 16:14:28.283 0 0 I apexd : Found pre-installed APEX /system/apex/com.android.appsearch.capex
04-15 16:14:28.288 0 0 I apexd : Found pre-installed APEX /system/apex/com.android.sdkext.apex
04-15 16:14:28.291 0 0 I apexd : Found pre-installed APEX /system/apex/com.android.vndk.current.apex
04-15 16:14:28.297 0 0 I apexd : Found pre-installed APEX /system/apex/com.android.neuralnetworks.capex
04-15 16:14:28.298 0 0 I apexd : Found pre-installed APEX /system/apex/com.android.healthfitness.apex
04-15 16:14:28.299 0 0 I apexd : Found pre-installed APEX /system/apex/com.android.wifi.capex
04-15 16:14:28.305 0 0 I apexd : Found pre-installed APEX /system/apex/com.android.os.statsd.apex
04-15 16:14:28.306 0 0 I apexd : Found pre-installed APEX /system/apex/com.android.tethering.capex
04-15 16:14:28.307 0 0 I apexd : Found pre-installed APEX /system/apex/com.android.i18n.apex
04-15 16:14:28.313 0 0 I apexd : Found pre-installed APEX /system/apex/com.android.media.capex
04-15 16:14:28.315 0 0 I apexd : Found pre-installed APEX /system/apex/com.android.rkpd.apex
04-15 16:14:28.316 0 0 I apexd : Found pre-installed APEX /system/apex/com.android.adservices.capex
04-15 16:14:28.321 0 0 I apexd : Found pre-installed APEX /system/apex/com.android.mediaprovider.capex
04-15 16:14:28.322 0 0 I apexd : Found pre-installed APEX /system/apex/com.android.apex.cts.shim.apex
04-15 16:14:28.324 0 0 I apexd : Found pre-installed APEX /system/apex/com.android.media.swcodec.capex
04-15 16:14:28.329 0 0 I apexd : Found pre-installed APEX /system/apex/com.android.virt.apex
04-15 16:14:28.330 0 0 I apexd : Found pre-installed APEX /system/apex/com.android.cellbroadcast.capex
04-15 16:14:28.331 0 0 I apexd : Found pre-installed APEX /system/apex/com.android.conscrypt.capex
04-15 16:14:28.340 0 0 I apexd : Found pre-installed APEX /system/apex/com.android.adbd.capex
04-15 16:14:28.342 0 0 I apexd : Found pre-installed APEX /system/apex/com.android.scheduling.capex
04-15 16:14:28.343 0 0 I apexd : Found pre-installed APEX /system/apex/com.android.resolv.capex
04-15 16:14:28.344 0 0 I apexd : Found pre-installed APEX /system/apex/com.android.art.capex
04-15 16:14:28.346 0 0 I apexd : Found pre-installed APEX /system/apex/com.android.configinfrastructure.capex
04-15 16:14:28.347 0 0 I apexd : Found pre-installed APEX /system/apex/com.android.tzdata.apex
04-15 16:14:28.353 0 0 I apexd : Found pre-installed APEX /system/apex/com.android.extservices.capex
04-15 16:14:28.354 0 0 I apexd : Found pre-installed APEX /system/apex/com.android.btservices.apex
04-15 16:14:28.355 0 0 I apexd : Found pre-installed APEX /system/apex/com.android.runtime.apex
04-15 16:14:28.357 0 0 I apexd : Found pre-installed APEX /system/apex/com.android.devicelock.apex
04-15 16:14:28.358 0 0 I apexd : Found pre-installed APEX /system/apex/com.android.uwb.capex
04-15 16:14:28.359 0 0 I apexd : Found pre-installed APEX /system/apex/com.android.ipsec.capex
04-15 16:14:28.360 0 0 I apexd : Found pre-installed APEX /system/apex/com.android.ondevicepersonalization.capex
04-15 16:14:28.365 0 0 I apexd : Scanning /system_ext/apex for pre-installed ApexFiles
04-15 16:14:28.366 0 0 W apexd : /system_ext/apex does not exist. Skipping
04-15 16:14:28.366 0 0 I apexd : Scanning /product/apex for pre-installed ApexFiles
04-15 16:14:28.366 0 0 W apexd : /product/apex does not exist. Skipping
04-15 16:14:28.366 0 0 I apexd : Scanning /vendor/apex for pre-installed ApexFiles
04-15 16:14:28.366 0 0 W apexd : /vendor/apex does not exist. Skipping
04-15 16:14:28.366 0 0 I apexd : No block apex metadata partition found, not adding block apexes
04-15 16:14:28.366 0 0 I apexd : Populating APEX database from mounts...
04-15 16:14:28.373 0 0 I apexd : 0 packages restored.
04-15 16:14:28.376 0 0 I apexd : Marking APEXd as starting
04-15 16:14:28.379 0 0 I apexd : Scanning /metadata/apex/sessions looking for sessions to be activated.
04-15 16:14:28.380 0 0 I apexd : Scanning /data/apex/active for data ApexFiles
04-15 16:14:28.385 0 0 I apexd : Selecting APEX for activation
04-15 16:14:28.385 0 0 I apexd : Processing compressed APEX
04-15 16:14:28.386 0 0 I apexd : Processing compressed APEX /system/apex/com.android.permission.capex
04-15 16:14:28.388 0 0 I apexd : Decompressing/system/apex/com.android.permission.capex to /data/apex/decompressed/com.android.permission@342090000.decompressed.apex
04-15 16:14:28.509 0 0 I init : Service 'exec 8 (/bin/rm -rf /data/misc/virtualizationservice)' (pid 201) exited with status 0 waiting took 0.284000 seconds
04-15 16:14:28.509 0 0 I init : Sending signal 9 to service 'exec 8 (/bin/rm -rf /data/misc/virtualizationservice)' (pid 201) process group...
04-15 16:14:28.510 0 0 I libprocessgroup: Successfully killed process cgroup uid 1081 pid 201 in 0ms
04-15 16:14:28.521 0 0 I init : Not setting encryption policy on: /data/preloads
04-15 16:14:28.536 0 0 I init : Encryption policy of /data/app-private set to e9a0fb4fd260abc5aa2f402fad1983f0 v2 modes 1/4 flags 0x2
04-15 16:14:28.545 0 0 I init : Encryption policy of /data/app-ephemeral set to e9a0fb4fd260abc5aa2f402fad1983f0 v2 modes 1/4 flags 0x2
04-15 16:14:28.547 0 0 I init : Encryption policy of /data/app-asec set to e9a0fb4fd260abc5aa2f402fad1983f0 v2 modes 1/4 flags 0x2
04-15 16:14:28.559 0 0 I init : Encryption policy of /data/app-lib set to e9a0fb4fd260abc5aa2f402fad1983f0 v2 modes 1/4 flags 0x2
04-15 16:14:28.565 0 0 I init : Encryption policy of /data/app set to e9a0fb4fd260abc5aa2f402fad1983f0 v2 modes 1/4 flags 0x2
04-15 16:14:28.567 0 0 I init : Encryption policy of /data/fonts set to e9a0fb4fd260abc5aa2f402fad1983f0 v2 modes 1/4 flags 0x2
04-15 16:14:28.588 0 0 I init : Encryption policy of /data/dalvik-cache set to e9a0fb4fd260abc5aa2f402fad1983f0 v2 modes 1/4 flags 0x2
04-15 16:14:28.594 0 0 I init : Encryption policy of /data/ota set to e9a0fb4fd260abc5aa2f402fad1983f0 v2 modes 1/4 flags 0x2
04-15 16:14:28.595 0 0 I init : Encryption policy of /data/ota_package set to e9a0fb4fd260abc5aa2f402fad1983f0 v2 modes 1/4 flags 0x2
04-15 16:14:28.598 0 0 I init : Encryption policy of /data/resource-cache set to e9a0fb4fd260abc5aa2f402fad1983f0 v2 modes 1/4 flags 0x2
04-15 16:14:28.598 0 0 I init : Not setting encryption policy on: /data/lost+found
04-15 16:14:28.605 0 0 I init : Encryption policy of /data/drm set to e9a0fb4fd260abc5aa2f402fad1983f0 v2 modes 1/4 flags 0x2
04-15 16:14:28.607 0 0 I init : Encryption policy of /data/mediadrm set to e9a0fb4fd260abc5aa2f402fad1983f0 v2 modes 1/4 flags 0x2
04-15 16:14:28.613 0 0 I init : Encryption policy of /data/nfc set to e9a0fb4fd260abc5aa2f402fad1983f0 v2 modes 1/4 flags 0x2
04-15 16:14:28.617 0 0 I init : Encryption policy of /data/backup set to e9a0fb4fd260abc5aa2f402fad1983f0 v2 modes 1/4 flags 0x2
04-15 16:14:28.619 0 0 I init : Encryption policy of /data/ss set to e9a0fb4fd260abc5aa2f402fad1983f0 v2 modes 1/4 flags 0x2
04-15 16:14:28.625 0 0 I init : Encryption policy of /data/system set to e9a0fb4fd260abc5aa2f402fad1983f0 v2 modes 1/4 flags 0x2
04-15 16:14:28.664 0 0 I init : Not setting encryption policy on: /data/media
04-15 16:14:28.666 0 0 I init : Not setting encryption policy on: /data/misc_ce
04-15 16:14:28.667 0 0 I init : Not setting encryption policy on: /data/misc_de
04-15 16:14:28.673 0 0 I init : Not setting encryption policy on: /data/system_ce
04-15 16:14:28.674 0 0 I init : Not setting encryption policy on: /data/system_de
04-15 16:14:28.675 0 0 I init : Not setting encryption policy on: /data/user
04-15 16:14:28.678 0 0 I init : Not setting encryption policy on: /data/user_de
04-15 16:14:28.679 0 0 I init : Not setting encryption policy on: /data/vendor_ce
04-15 16:14:28.680 0 0 I init : Not setting encryption policy on: /data/vendor_de
04-15 16:14:28.686 0 0 I init : starting service 'exec 9 (/system/bin/chattr +F /data/media)'...
04-15 16:14:28.722 0 0 I init : ... started service 'exec 9 (/system/bin/chattr +F /data/media)' has pid 202
04-15 16:14:28.723 0 0 I init : SVC_EXEC service 'exec 9 (/system/bin/chattr +F /data/media)' pid 202 (uid 1023 gid 1023+0 context default) started; waiting...
04-15 16:14:28.939 0 0 I init : Service 'exec 9 (/system/bin/chattr +F /data/media)' (pid 202) exited with status 0 waiting took 0.244000 seconds
04-15 16:14:28.939 0 0 I init : Sending signal 9 to service 'exec 9 (/system/bin/chattr +F /data/media)' (pid 202) process group...
04-15 16:14:28.940 0 0 I libprocessgroup: Successfully killed process cgroup uid 1023 pid 202 in 0ms
04-15 16:14:29.000 0 0 I apexd : Processing compressed APEX /system/apex/com.android.art.capex
04-15 16:14:29.005 0 0 I apexd : Decompressing/system/apex/com.android.art.capex to /data/apex/decompressed/com.android.art@342090000.decompressed.apex
04-15 16:14:29.039 0 0 I init : Encryption policy of /data/cache set to e9a0fb4fd260abc5aa2f402fad1983f0 v2 modes 1/4 flags 0x2
04-15 16:14:29.056 0 0 I init : Encryption policy of /data/rollback set to e9a0fb4fd260abc5aa2f402fad1983f0 v2 modes 1/4 flags 0x2
04-15 16:14:29.058 0 0 I init : Encryption policy of /data/rollback-observer set to e9a0fb4fd260abc5aa2f402fad1983f0 v2 modes 1/4 flags 0x2
04-15 16:14:29.064 0 0 I init : Encryption policy of /data/rollback-history set to e9a0fb4fd260abc5aa2f402fad1983f0 v2 modes 1/4 flags 0x2
04-15 16:14:29.066 0 0 I init : Encryption policy of /data/incremental set to e9a0fb4fd260abc5aa2f402fad1983f0 v2 modes 1/4 flags 0x2
04-15 16:14:29.766 0 0 I apexd : Processing compressed APEX /system/apex/com.android.wifi.capex
04-15 16:14:29.767 0 0 I apexd : Decompressing/system/apex/com.android.wifi.capex to /data/apex/decompressed/com.android.wifi@342090000.decompressed.apex
04-15 16:14:29.952 0 0 I apexd : Processing compressed APEX /system/apex/com.android.appsearch.capex
04-15 16:14:29.953 0 0 I apexd : Decompressing/system/apex/com.android.appsearch.capex to /data/apex/decompressed/com.android.appsearch@342090000.decompressed.apex
04-15 16:14:30.041 0 0 I apexd : Processing compressed APEX /system/apex/com.android.media.capex
04-15 16:14:30.041 0 0 I apexd : Decompressing/system/apex/com.android.media.capex to /data/apex/decompressed/com.android.media@342090000.decompressed.apex
04-15 16:14:30.176 0 0 I apexd : Processing compressed APEX /system/apex/com.android.adservices.capex
04-15 16:14:30.177 0 0 I apexd : Decompressing/system/apex/com.android.adservices.capex to /data/apex/decompressed/com.android.adservices@342090000.decompressed.apex
04-15 16:14:30.730 0 0 I apexd : Processing compressed APEX /system/apex/com.android.cellbroadcast.capex
04-15 16:14:30.731 0 0 I apexd : Decompressing/system/apex/com.android.cellbroadcast.capex to /data/apex/decompressed/com.android.cellbroadcast@342090000.decompressed.apex
04-15 16:14:31.028 0 0 I apexd : Processing compressed APEX /system/apex/com.android.neuralnetworks.capex
04-15 16:14:31.029 0 0 I apexd : Decompressing/system/apex/com.android.neuralnetworks.capex to /data/apex/decompressed/com.android.neuralnetworks@342090000.decompressed.apex
04-15 16:14:31.149 0 0 I apexd : Processing compressed APEX /system/apex/com.android.adbd.capex
04-15 16:14:31.149 0 0 I apexd : Decompressing/system/apex/com.android.adbd.capex to /data/apex/decompressed/com.android.adbd@342090000.decompressed.apex
04-15 16:14:31.310 0 0 I apexd : Processing compressed APEX /system/apex/com.android.media.swcodec.capex
04-15 16:14:31.311 0 0 I apexd : Decompressing/system/apex/com.android.media.swcodec.capex to /data/apex/decompressed/com.android.media.swcodec@342090000.decompressed.apex
04-15 16:14:31.957 0 0 I apexd : Processing compressed APEX /system/apex/com.android.tethering.capex
04-15 16:14:31.958 0 0 I apexd : Decompressing/system/apex/com.android.tethering.capex to /data/apex/decompressed/com.android.tethering@342090000.decompressed.apex
04-15 16:14:32.413 0 0 I apexd : Processing compressed APEX /system/apex/com.android.uwb.capex
04-15 16:14:32.413 0 0 I apexd : Decompressing/system/apex/com.android.uwb.capex to /data/apex/decompressed/com.android.uwb@342090000.decompressed.apex
04-15 16:14:32.517 0 0 I apexd : Processing compressed APEX /system/apex/com.android.extservices.capex
04-15 16:14:32.517 0 0 I apexd : Decompressing/system/apex/com.android.extservices.capex to /data/apex/decompressed/com.android.extservices@342090000.decompressed.apex
04-15 16:14:32.744 0 0 I apexd : Processing compressed APEX /system/apex/com.android.conscrypt.capex
04-15 16:14:32.751 0 0 I apexd : Decompressing/system/apex/com.android.conscrypt.capex to /data/apex/decompressed/com.android.conscrypt@342090000.decompressed.apex
04-15 16:14:32.913 0 0 I apexd : Processing compressed APEX /system/apex/com.android.scheduling.capex
04-15 16:14:32.914 0 0 I apexd : Decompressing/system/apex/com.android.scheduling.capex to /data/apex/decompressed/com.android.scheduling@342090000.decompressed.apex
04-15 16:14:32.935 0 0 I apexd : Processing compressed APEX /system/apex/com.android.mediaprovider.capex
04-15 16:14:32.935 0 0 I apexd : Decompressing/system/apex/com.android.mediaprovider.capex to /data/apex/decompressed/com.android.mediaprovider@342090000.decompressed.apex
04-15 16:14:33.270 0 0 I apexd : Processing compressed APEX /system/apex/com.android.ondevicepersonalization.capex
04-15 16:14:33.271 0 0 I apexd : Decompressing/system/apex/com.android.ondevicepersonalization.capex to /data/apex/decompressed/com.android.ondevicepersonalization@342090000.decompressed.apex
04-15 16:14:33.328 0 0 I apexd : Processing compressed APEX /system/apex/com.android.ipsec.capex
04-15 16:14:33.329 0 0 I apexd : Decompressing/system/apex/com.android.ipsec.capex to /data/apex/decompressed/com.android.ipsec@342090000.decompressed.apex
04-15 16:14:33.360 0 0 I apexd : Processing compressed APEX /system/apex/com.android.resolv.capex
04-15 16:14:33.365 0 0 I apexd : Decompressing/system/apex/com.android.resolv.capex to /data/apex/decompressed/com.android.resolv@342090000.decompressed.apex
04-15 16:14:33.571 0 0 I apexd : Processing compressed APEX /system/apex/com.android.configinfrastructure.capex
04-15 16:14:33.572 0 0 I apexd : Decompressing/system/apex/com.android.configinfrastructure.capex to /data/apex/decompressed/com.android.configinfrastructure@342090000.decompressed.apex
04-15 16:14:33.679 0 0 I loop4 : detected capacity change from 0 to 1544
04-15 16:14:33.689 0 0 I loop5 : detected capacity change from 0 to 50960
04-15 16:14:33.706 0 0 I loop6 : detected capacity change from 0 to 71872
04-15 16:14:33.717 0 0 I loop7 : detected capacity change from 0 to 52360
04-15 16:14:33.743 0 0 I loop8 : detected capacity change from 0 to 21688
04-15 16:14:33.745 0 0 I loop9 : detected capacity change from 0 to 6288
04-15 16:14:33.768 0 0 I EXT4-fs (loop4): mounted filesystem without journal. Quota mode: none.
04-15 16:14:33.769 0 0 I apexd : Successfully mounted package /system/apex/com.android.sdkext.apex on /apex/com.android.sdkext@342090000 duration=170
04-15 16:14:33.780 0 0 I loop10 : detected capacity change from 0 to 2192
04-15 16:14:33.877 0 0 I EXT4-fs (loop5): mounted filesystem without journal. Quota mode: none.
04-15 16:14:33.877 0 0 I apexd : Successfully mounted package /system/apex/com.android.btservices.apex on /apex/com.android.btservices@342090000 duration=276
04-15 16:14:33.883 0 0 I loop11 : detected capacity change from 0 to 536
04-15 16:14:33.896 0 0 I loop12 : detected capacity change from 0 to 11672
04-15 16:14:33.901 0 0 I loop13 : detected capacity change from 0 to 1616
04-15 16:14:33.908 0 0 I loop14 : detected capacity change from 0 to 648
04-15 16:14:33.945 0 0 I EXT4-fs (loop9): mounted filesystem without journal. Quota mode: none.
04-15 16:14:33.945 0 0 I apexd : Successfully mounted package /system/apex/com.android.os.statsd.apex on /apex/com.android.os.statsd@342090000 duration=342
04-15 16:14:33.952 0 0 I loop15 : detected capacity change from 0 to 8944
04-15 16:14:33.953 0 0 I EXT4-fs (loop6): mounted filesystem without journal. Quota mode: none.
04-15 16:14:33.954 0 0 I apexd : Successfully mounted package /system/apex/com.android.i18n.apex on /apex/com.android.i18n@1 duration=352
04-15 16:14:33.960 0 0 I loop16 : detected capacity change from 0 to 36680
04-15 16:14:33.976 0 0 I loop17 : detected capacity change from 0 to 64992
04-15 16:14:34.032 0 0 I EXT4-fs (loop13): mounted filesystem without journal. Quota mode: none.
04-15 16:14:34.033 0 0 I apexd : Successfully mounted package /system/apex/com.android.tzdata.apex on /apex/com.android.tzdata@342090000 duration=427
04-15 16:14:34.037 0 0 I EXT4-fs (loop10): mounted filesystem without journal. Quota mode: none.
04-15 16:14:34.037 0 0 I apexd : Successfully mounted package /system/apex/com.android.rkpd.apex on /apex/com.android.rkpd@1 duration=433
04-15 16:14:34.046 0 0 I EXT4-fs (loop7): mounted filesystem without journal. Quota mode: none.
04-15 16:14:34.046 0 0 I apexd : Successfully mounted package /system/apex/com.android.vndk.current.apex on /apex/com.android.vndk.v34@1 duration=444
04-15 16:14:34.057 0 0 I EXT4-fs (loop8): mounted filesystem without journal. Quota mode: none.
04-15 16:14:34.057 0 0 I apexd : Successfully mounted package /system/apex/com.android.healthfitness.apex on /apex/com.android.healthfitness@342090000 duration=454
04-15 16:14:34.060 0 0 I EXT4-fs (loop12): mounted filesystem without journal. Quota mode: none.
04-15 16:14:34.060 0 0 I apexd : Successfully mounted package /system/apex/com.android.devicelock.apex on /apex/com.android.devicelock@1 duration=456
04-15 16:14:34.067 0 0 I device-mapper: verity: sha256 using implementation "sha256-ssse3"
04-15 16:14:34.069 0 0 I EXT4-fs (loop14): mounted filesystem without journal. Quota mode: none.
04-15 16:14:34.069 0 0 I apexd : Successfully mounted package /system/apex/com.android.virt.apex on /apex/com.android.virt@2 duration=463
04-15 16:14:34.078 0 0 I device-mapper: verity: sha256 using implementation "sha256-ssse3"
04-15 16:14:34.121 0 0 I EXT4-fs (loop11): mounted filesystem without journal. Quota mode: none.
04-15 16:14:34.121 0 0 I apexd : Successfully mounted package /system/apex/com.android.apex.cts.shim.apex on /apex/com.android.apex.cts.shim@1 duration=516
04-15 16:14:34.127 0 0 I EXT4-fs (loop15): mounted filesystem without journal. Quota mode: none.
04-15 16:14:34.127 0 0 I apexd : Successfully mounted package /system/apex/com.android.runtime.apex on /apex/com.android.runtime@1 duration=520
04-15 16:14:34.141 0 0 I EXT4-fs (dm-36): mounted filesystem without journal. Quota mode: none.
04-15 16:14:34.141 0 0 I apexd : Successfully mounted package /data/apex/decompressed/com.android.art@342090000.decompressed.apex on /apex/com.android.art@342090000 duration=531
04-15 16:14:34.181 0 0 I EXT4-fs (dm-37): mounted filesystem without journal. Quota mode: none.
04-15 16:14:34.181 0 0 I apexd : Successfully mounted package /data/apex/decompressed/com.android.permission@342090000.decompressed.apex on /apex/com.android.permission@342090000 duration=573
04-15 16:14:34.214 0 0 I loop18 : detected capacity change from 0 to 17152
04-15 16:14:34.241 0 0 I device-mapper: verity: sha256 using implementation "sha256-ssse3"
04-15 16:14:34.274 0 0 I EXT4-fs (dm-34): mounted filesystem without journal. Quota mode: none.
04-15 16:14:34.274 0 0 I apexd : Successfully mounted package /data/apex/decompressed/com.android.wifi@342090000.decompressed.apex on /apex/com.android.wifi@342090000 duration=663
04-15 16:14:34.281 0 0 I loop19 : detected capacity change from 0 to 7424
04-15 16:14:34.299 0 0 I device-mapper: verity: sha256 using implementation "sha256-ssse3"
04-15 16:14:34.326 0 0 I EXT4-fs (dm-30): mounted filesystem without journal. Quota mode: none.
04-15 16:14:34.326 0 0 I apexd : Successfully mounted package /data/apex/decompressed/com.android.appsearch@342090000.decompressed.apex on /apex/com.android.appsearch@342090000 duration=715
04-15 16:14:34.378 0 0 I loop20 : detected capacity change from 0 to 11344
04-15 16:14:34.399 0 0 I device-mapper: verity: sha256 using implementation "sha256-ssse3"
04-15 16:14:34.440 0 0 I EXT4-fs (dm-27): mounted filesystem without journal. Quota mode: none.
04-15 16:14:34.441 0 0 I apexd : Successfully mounted package /data/apex/decompressed/com.android.media@342090000.decompressed.apex on /apex/com.android.media@342090000 duration=829
04-15 16:14:34.606 0 0 I loop21 : detected capacity change from 0 to 45144
04-15 16:14:34.623 0 0 I device-mapper: verity: sha256 using implementation "sha256-ssse3"
04-15 16:14:34.692 0 0 I EXT4-fs (dm-23): mounted filesystem without journal. Quota mode: none.
04-15 16:14:34.693 0 0 I apexd : Successfully mounted package /data/apex/decompressed/com.android.adservices@342090000.decompressed.apex on /apex/com.android.adservices@342090000 duration=1067
04-15 16:14:34.792 0 0 I loop22 : detected capacity change from 0 to 31552
04-15 16:14:34.813 0 0 I device-mapper: verity: sha256 using implementation "sha256-ssse3"
04-15 16:14:34.853 0 0 I EXT4-fs (dm-21): mounted filesystem without journal. Quota mode: none.
04-15 16:14:34.854 0 0 I apexd : Successfully mounted package /data/apex/decompressed/com.android.cellbroadcast@342090000.decompressed.apex on /apex/com.android.cellbroadcast@342090000 duration=1227
04-15 16:14:34.873 0 0 I loop23 : detected capacity change from 0 to 10520
04-15 16:14:34.893 0 0 I device-mapper: verity: sha256 using implementation "sha256-ssse3"
04-15 16:14:34.929 0 0 I EXT4-fs (dm-20): mounted filesystem without journal. Quota mode: none.
