04-15 16:17:27.862 1266 1318 I LatinIME:LogUtils: Dictionary info: dictionary = main:en ; version = 54 ; date = 1414726273
04-15 16:17:27.863 534 542 I system_server: Thread[2,tid=542,WaitingInMainSignalCatcherLoop,Thread*=0x76602e5606f0,peer=0x144c0000,"Signal Catcher"]: reacting to signal 3
04-15 16:17:27.865 534 542 I system_server:
04-15 16:17:27.955 534 945 I SELinux : SELinux: Loaded file context from:
04-15 16:17:27.955 534 945 I SELinux : /system/etc/selinux/plat_file_contexts
04-15 16:17:27.955 534 945 I SELinux : /vendor/etc/selinux/vendor_file_contexts
04-15 16:17:28.018 886 939 W Looper : Slow dispatch took 1189ms BroadcastRunning h=com.android.systemui.broadcast.BroadcastDispatcher$handler$1 c=null m=0
04-15 16:17:28.046 1064 1071 I rkstack.process: Background concurrent copying GC freed 7256(599KB) AllocSpace objects, 0(0B) LOS objects, 49% free, 2286KB/4572KB, paused 176us,50us total 2.286s
04-15 16:17:28.309 0 0 I servicemanager: Found android.hardware.radio.config.IRadioConfig/default in device VINTF manifest.
04-15 16:17:28.313 534 1395 I system_server: libdebuggerd_client: started dumping process 886
04-15 16:17:28.485 1125 1140 I ndroid.settings: Background concurrent copying GC freed 12115(707KB) AllocSpace objects, 2(104KB) LOS objects, 49% free, 2329KB/4658KB, paused 140us,50us total 105.766ms
04-15 16:17:28.514 194 194 I tombstoned: registered intercept for pid 886 and type kDebuggerdJavaBacktrace
04-15 16:17:28.516 886 889 I ndroid.systemui: Thread[3,tid=889,WaitingInMainSignalCatcherLoop,Thread*=0x76602e569200,peer=0x13a401c8,"Signal Catcher"]: reacting to signal 3
04-15 16:17:28.516 886 889 I ndroid.systemui: Mutator lock exclusive owner tid: 0
04-15 16:17:28.516 886 889 I ndroid.systemui: ThreadList lock owner tid: 939
04-15 16:17:28.516 886 889 I ndroid.systemui: ClassLinker classes lock owner tid: 0
04-15 16:17:28.516 886 889 I ndroid.systemui: ClassLinker dex lock owner tid: 0
04-15 16:17:28.552 886 1011 W Looper : Drained
04-15 16:17:28.703 534 534 W NotificationHistory: Attempted to add notif for locked/gone/disabled user 0
04-15 16:17:28.709 534 534 W Looper : Slow dispatch took 1200ms main h=com.android.server.notification.NotificationManagerService$WorkerHandler c=com.android.server.notification.NotificationManagerService$PostNotificationRunnable@c0779f8 m=0
04-15 16:17:28.844 534 534 W Looper : Slow dispatch took 127ms main h=android.os.Handler c=android.database.ContentObserver$$ExternalSyntheticLambda0@4363da4 m=0
04-15 16:17:28.933 534 555 W system_server: Long monitor contention with owner PackageManagerBg (587) at void com.android.server.pm.Settings.writePackageRestrictions(int, long, boolean)(Settings.java:2294) waiters=0 in void com.android.server.pm.AppDataHelper.lambda$prepareAppDataLeaf$2(java.lang.String, com.android.server.pm.pkg.AndroidPackage, int, int, android.os.CreateAppDataArgs, com.android.server.pm.PackageSetting, java.lang.Long, java.lang.Throwable) for 318ms
04-15 16:17:28.953 534 534 W Looper : Slow dispatch took 106ms main h=android.app.ActivityThread$H c=android.app.LoadedApk$ReceiverDispatcher$Args$$ExternalSyntheticLambda0@116709 m=0
04-15 16:17:31.550 534 620 W JobServiceContext: Timed out while trying to bind for 1985df6 #1000/237039804 android/com.android.server.notification.NotificationHistoryJobService
04-15 16:17:31.586 534 555 W system_server: Long monitor contention with owner binder:534_4 (608) at com.android.server.pm.Computer com.android.server.pm.PackageManagerService.snapshotComputer(boolean)(PackageManagerService.java:1195) waiters=0 in void com.android.server.pm.AppDataHelper.lambda$prepareAppDataLeaf$2(java.lang.String, com.android.server.pm.pkg.AndroidPackage, int, int, android.os.CreateAppDataArgs, com.android.server.pm.PackageSetting, java.lang.Long, java.lang.Throwable) for 1.426s
04-15 16:17:31.610 534 555 V PackageManager: reconcileAppsData finished 203 packages
04-15 16:17:31.640 886 889 W ndroid.systemui: Suspending all threads took: 55.765ms
04-15 16:17:31.665 194 194 I tombstoned: received crash request for pid 886
04-15 16:17:31.666 194 194 I tombstoned: found intercept fd 513 for pid 886 and type kDebuggerdJavaBacktrace
04-15 16:17:31.669 194 194 W tombstoned: skipping tombstone file creation due to intercept
04-15 16:17:31.676 886 889 I ndroid.systemui: Wrote stack traces to tombstoned
04-15 16:17:31.700 534 555 V SystemServerTiming: reconcileAppsData-0 took to complete: 12364ms
04-15 16:17:31.701 534 555 V SystemServerTiming: UM.onBeforeUnlockUser-0 took to complete: 13850ms
04-15 16:17:31.729 534 620 I ActivityManager: Skip duplicated ANR, pid=534 Timed out while trying to bind
04-15 16:17:31.736 534 555 I ActivityManager: User 0 state changed from RUNNING_LOCKED to RUNNING_UNLOCKING
04-15 16:17:31.739 534 550 D WifiNl80211Manager: Scan result ready event
04-15 16:17:31.752 534 1395 I system_server: libdebuggerd_client: done dumping process 886
04-15 16:17:31.773 534 555 D ActivityManager: Unlocking user 0 progress 20
04-15 16:17:31.775 534 565 D SystemServerTimingAsync: ssm.UnlockingUser-0
04-15 16:17:31.781 534 565 I SystemServiceManager: Calling onUnlockingUser 0
04-15 16:17:31.782 534 565 D SystemServerTimingAsync: ssm.onUnlockingUser-0_com.android.server.security.FileIntegrityService
04-15 16:17:31.782 534 565 V SystemServerTimingAsync: ssm.onUnlockingUser-0_com.android.server.security.FileIntegrityService took to complete: 1ms
04-15 16:17:31.793 534 565 D SystemServerTimingAsync: ssm.onUnlockingUser-0_com.android.server.pm.Installer
04-15 16:17:31.794 534 565 V SystemServerTimingAsync: ssm.onUnlockingUser-0_com.android.server.pm.Installer took to complete: 0ms
04-15 16:17:31.794 534 565 D SystemServerTimingAsync: ssm.onUnlockingUser-0_com.android.server.os.DeviceIdentifiersPolicyService
04-15 16:17:31.795 534 565 V SystemServerTimingAsync: ssm.onUnlockingUser-0_com.android.server.os.DeviceIdentifiersPolicyService took to complete: 0ms
04-15 16:17:31.795 534 565 D SystemServerTimingAsync: ssm.onUnlockingUser-0_com.android.server.uri.UriGrantsManagerService$Lifecycle
04-15 16:17:31.801 534 565 V SystemServerTimingAsync: ssm.onUnlockingUser-0_com.android.server.uri.UriGrantsManagerService$Lifecycle took to complete: 0ms
04-15 16:17:31.802 534 565 D SystemServerTimingAsync: ssm.onUnlockingUser-0_com.android.server.powerstats.PowerStatsService
04-15 16:17:31.802 534 565 V SystemServerTimingAsync: ssm.onUnlockingUser-0_com.android.server.powerstats.PowerStatsService took to complete: 0ms
04-15 16:17:31.835 534 550 D WifiNative: Scan result ready event
04-15 16:17:32.028 534 565 D SystemServerTimingAsync: ssm.onUnlockingUser-0_com.android.server.permission.access.AccessCheckingService
04-15 16:17:32.036 534 565 V SystemServerTimingAsync: ssm.onUnlockingUser-0_com.android.server.permission.access.AccessCheckingService took to complete: 0ms
04-15 16:17:32.043 534 565 D SystemServerTimingAsync: ssm.onUnlockingUser-0_com.android.server.wm.ActivityTaskManagerService$Lifecycle
04-15 16:17:32.047 534 565 V SystemServerTimingAsync: ssm.onUnlockingUser-0_com.android.server.wm.ActivityTaskManagerService$Lifecycle took to complete: 0ms
04-15 16:17:32.050 534 565 D SystemServerTimingAsync: ssm.onUnlockingUser-0_com.android.server.am.ActivityManagerService$Lifecycle
04-15 16:17:32.053 534 565 V SystemServerTimingAsync: ssm.onUnlockingUser-0_com.android.server.am.ActivityManagerService$Lifecycle took to complete: 0ms
04-15 16:17:32.078 534 565 D SystemServerTimingAsync: ssm.onUnlockingUser-0_com.android.server.pm.DataLoaderManagerService
04-15 16:17:32.081 534 555 W Looper : Slow dispatch took 13952ms android.fg h=android.os.Handler c=com.android.server.am.UserController$$ExternalSyntheticLambda2@3121491 m=0
04-15 16:17:32.082 534 565 V SystemServerTimingAsync: ssm.onUnlockingUser-0_com.android.server.pm.DataLoaderManagerService took to complete: 0ms
04-15 16:17:32.083 534 565 D SystemServerTimingAsync: ssm.onUnlockingUser-0_com.android.server.power.PowerManagerService
04-15 16:17:32.083 534 565 V SystemServerTimingAsync: ssm.onUnlockingUser-0_com.android.server.power.PowerManagerService took to complete: 0ms
04-15 16:17:32.085 534 565 D SystemServerTimingAsync: ssm.onUnlockingUser-0_com.android.server.power.ThermalManagerService
04-15 16:17:32.085 534 565 V SystemServerTimingAsync: ssm.onUnlockingUser-0_com.android.server.power.ThermalManagerService took to complete: 0ms
04-15 16:17:32.086 534 565 D SystemServerTimingAsync: ssm.onUnlockingUser-0_com.android.server.power.hint.HintManagerService
04-15 16:17:32.086 534 565 V SystemServerTimingAsync: ssm.onUnlockingUser-0_com.android.server.power.hint.HintManagerService took to complete: 0ms
04-15 16:17:32.086 534 565 D SystemServerTimingAsync: ssm.onUnlockingUser-0_com.android.server.recoverysystem.RecoverySystemService$Lifecycle
04-15 16:17:32.087 534 565 V SystemServerTimingAsync: ssm.onUnlockingUser-0_com.android.server.recoverysystem.RecoverySystemService$Lifecycle took to complete: 0ms
04-15 16:17:32.087 534 565 D SystemServerTimingAsync: ssm.onUnlockingUser-0_com.android.server.lights.LightsService
04-15 16:17:32.088 534 565 V SystemServerTimingAsync: ssm.onUnlockingUser-0_com.android.server.lights.LightsService took to complete: 0ms
04-15 16:17:32.088 534 565 D SystemServerTimingAsync: ssm.onUnlockingUser-0_com.android.server.display.DisplayManagerService
04-15 16:17:32.089 534 565 V SystemServerTimingAsync: ssm.onUnlockingUser-0_com.android.server.display.DisplayManagerService took to complete: 0ms
04-15 16:17:32.089 534 565 D SystemServerTimingAsync: ssm.onUnlockingUser-0_com.android.server.pm.verify.domain.DomainVerificationService
04-15 16:17:32.089 534 565 V SystemServerTimingAsync: ssm.onUnlockingUser-0_com.android.server.pm.verify.domain.DomainVerificationService took to complete: 0ms
04-15 16:17:32.089 534 565 D SystemServerTimingAsync: ssm.onUnlockingUser-0_com.android.server.pm.PackageInstallerService$Lifecycle
04-15 16:17:32.090 534 565 V SystemServerTimingAsync: ssm.onUnlockingUser-0_com.android.server.pm.PackageInstallerService$Lifecycle took to complete: 0ms
04-15 16:17:32.090 534 565 D SystemServerTimingAsync: ssm.onUnlockingUser-0_com.android.server.pm.UserManagerService$LifeCycle
04-15 16:17:32.090 534 565 V SystemServerTimingAsync: ssm.onUnlockingUser-0_com.android.server.pm.UserManagerService$LifeCycle took to complete: 0ms
04-15 16:17:32.091 534 565 D SystemServerTimingAsync: ssm.onUnlockingUser-0_com.android.server.om.OverlayManagerService
04-15 16:17:32.091 534 565 V SystemServerTimingAsync: ssm.onUnlockingUser-0_com.android.server.om.OverlayManagerService took to complete: 0ms
04-15 16:17:32.091 534 565 D SystemServerTimingAsync: ssm.onUnlockingUser-0_com.android.server.resources.ResourcesManagerService
04-15 16:17:32.092 534 565 V SystemServerTimingAsync: ssm.onUnlockingUser-0_com.android.server.resources.ResourcesManagerService took to complete: 0ms
04-15 16:17:32.092 534 565 D SystemServerTimingAsync: ssm.onUnlockingUser-0_com.android.server.sensorprivacy.SensorPrivacyService
04-15 16:17:32.092 534 565 V SystemServerTimingAsync: ssm.onUnlockingUser-0_com.android.server.sensorprivacy.SensorPrivacyService took to complete: 0ms
04-15 16:17:32.093 534 565 D SystemServerTimingAsync: ssm.onUnlockingUser-0_com.android.server.sensors.SensorService
04-15 16:17:32.093 534 565 V SystemServerTimingAsync: ssm.onUnlockingUser-0_com.android.server.sensors.SensorService took to complete: 0ms
04-15 16:17:32.094 534 565 D SystemServerTimingAsync: ssm.onUnlockingUser-0_com.android.server.SystemConfigService
04-15 16:17:32.095 534 565 V SystemServerTimingAsync: ssm.onUnlockingUser-0_com.android.server.SystemConfigService took to complete: 0ms
04-15 16:17:32.095 534 565 D SystemServerTimingAsync: ssm.onUnlockingUser-0_com.android.server.BatteryService
04-15 16:17:32.095 534 565 V SystemServerTimingAsync: ssm.onUnlockingUser-0_com.android.server.BatteryService took to complete: 0ms
04-15 16:17:32.096 534 565 D SystemServerTimingAsync: ssm.onUnlockingUser-0_com.android.server.usage.UsageStatsService
04-15 16:17:32.098 534 565 V SystemServerTimingAsync: ssm.onUnlockingUser-0_com.android.server.usage.UsageStatsService took to complete: 0ms
04-15 16:17:32.099 534 565 D SystemServerTimingAsync: ssm.onUnlockingUser-0_com.android.server.webkit.WebViewUpdateService
04-15 16:17:32.099 534 565 V SystemServerTimingAsync: ssm.onUnlockingUser-0_com.android.server.webkit.WebViewUpdateService took to complete: 0ms
04-15 16:17:32.110 534 565 D SystemServerTimingAsync: ssm.onUnlockingUser-0_com.android.server.CachedDeviceStateService
04-15 16:17:32.110 534 565 V SystemServerTimingAsync: ssm.onUnlockingUser-0_com.android.server.CachedDeviceStateService took to complete: 0ms
04-15 16:17:32.110 534 565 D SystemServerTimingAsync: ssm.onUnlockingUser-0_com.android.server.BinderCallsStatsService$LifeCycle
04-15 16:17:32.111 534 565 V SystemServerTimingAsync: ssm.onUnlockingUser-0_com.android.server.BinderCallsStatsService$LifeCycle took to complete: 0ms
04-15 16:17:32.111 534 565 D SystemServerTimingAsync: ssm.onUnlockingUser-0_com.android.server.LooperStatsService$Lifecycle
04-15 16:17:32.111 534 565 V SystemServerTimingAsync: ssm.onUnlockingUser-0_com.android.server.LooperStatsService$Lifecycle took to complete: 0ms
04-15 16:17:32.112 534 565 D SystemServerTimingAsync: ssm.onUnlockingUser-0_com.android.server.rollback.RollbackManagerService
04-15 16:17:32.121 534 565 V SystemServerTimingAsync: ssm.onUnlockingUser-0_com.android.server.rollback.RollbackManagerService took to complete: 9ms
04-15 16:17:32.121 534 565 D SystemServerTimingAsync: ssm.onUnlockingUser-0_com.android.server.os.NativeTombstoneManagerService
04-15 16:17:32.121 534 565 V SystemServerTimingAsync: ssm.onUnlockingUser-0_com.android.server.os.NativeTombstoneManagerService took to complete: 0ms
04-15 16:17:32.121 534 565 D SystemServerTimingAsync: ssm.onUnlockingUser-0_com.android.server.os.BugreportManagerService
04-15 16:17:32.121 534 565 V SystemServerTimingAsync: ssm.onUnlockingUser-0_com.android.server.os.BugreportManagerService took to complete: 0ms
04-15 16:17:32.121 534 565 D SystemServerTimingAsync: ssm.onUnlockingUser-0_com.android.server.gpu.GpuService
04-15 16:17:32.121 534 565 V SystemServerTimingAsync: ssm.onUnlockingUser-0_com.android.server.gpu.GpuService took to complete: 0ms
04-15 16:17:32.121 534 565 D SystemServerTimingAsync: ssm.onUnlockingUser-0_com.android.server.security.rkp.RemoteProvisioningService
04-15 16:17:32.121 534 565 V SystemServerTimingAsync: ssm.onUnlockingUser-0_com.android.server.security.rkp.RemoteProvisioningService took to complete: 0ms
04-15 16:17:32.121 534 565 D SystemServerTimingAsync: ssm.onUnlockingUser-0_com.android.server.cpu.CpuMonitorService
04-15 16:17:32.122 534 565 V SystemServerTimingAsync: ssm.onUnlockingUser-0_com.android.server.cpu.CpuMonitorService took to complete: 0ms
04-15 16:17:32.122 534 565 D SystemServerTimingAsync: ssm.onUnlockingUser-0_com.android.server.security.KeyChainSystemService
04-15 16:17:32.122 534 565 V SystemServerTimingAsync: ssm.onUnlockingUser-0_com.android.server.security.KeyChainSystemService took to complete: 0ms
04-15 16:17:32.122 534 565 D SystemServerTimingAsync: ssm.onUnlockingUser-0_com.android.server.BinaryTransparencyService
04-15 16:17:32.122 534 565 V SystemServerTimingAsync: ssm.onUnlockingUser-0_com.android.server.BinaryTransparencyService took to complete: 0ms
04-15 16:17:32.122 534 565 D SystemServerTimingAsync: ssm.onUnlockingUser-0_com.android.server.telecom.TelecomLoaderService
04-15 16:17:32.122 534 565 V SystemServerTimingAsync: ssm.onUnlockingUser-0_com.android.server.telecom.TelecomLoaderService took to complete: 0ms
04-15 16:17:32.122 534 565 D SystemServerTimingAsync: ssm.onUnlockingUser-0_com.android.server.accounts.AccountManagerService$Lifecycle
04-15 16:17:32.122 534 565 V SystemServerTimingAsync: ssm.onUnlockingUser-0_com.android.server.accounts.AccountManagerService$Lifecycle took to complete: 1ms
04-15 16:17:32.122 534 565 D SystemServerTimingAsync: ssm.onUnlockingUser-0_com.android.server.content.ContentService$Lifecycle
04-15 16:17:32.123 534 565 V SystemServerTimingAsync: ssm.onUnlockingUser-0_com.android.server.content.ContentService$Lifecycle took to complete: 0ms
04-15 16:17:32.123 534 565 D SystemServerTimingAsync: ssm.onUnlockingUser-0_com.android.server.deviceconfig.DeviceConfigInit$Lifecycle
04-15 16:17:32.123 534 565 V SystemServerTimingAsync: ssm.onUnlockingUser-0_com.android.server.deviceconfig.DeviceConfigInit$Lifecycle took to complete: 0ms
04-15 16:17:32.123 534 565 D SystemServerTimingAsync: ssm.onUnlockingUser-0_com.android.server.DropBoxManagerService
04-15 16:17:32.123 534 565 V SystemServerTimingAsync: ssm.onUnlockingUser-0_com.android.server.DropBoxManagerService took to complete: 0ms
04-15 16:17:32.123 534 565 D SystemServerTimingAsync: ssm.onUnlockingUser-0_com.android.role.RoleService
04-15 16:17:32.132 534 565 V SystemServerTimingAsync: ssm.onUnlockingUser-0_com.android.role.RoleService took to complete: 8ms
04-15 16:17:32.132 534 565 D SystemServerTimingAsync: ssm.onUnlockingUser-0_com.android.server.vibrator.VibratorManagerService$Lifecycle
04-15 16:17:32.132 534 565 V SystemServerTimingAsync: ssm.onUnlockingUser-0_com.android.server.vibrator.VibratorManagerService$Lifecycle took to complete: 0ms
04-15 16:17:32.133 534 565 D SystemServerTimingAsync: ssm.onUnlockingUser-0_com.android.server.tare.InternalResourceService
04-15 16:17:32.133 534 565 V SystemServerTimingAsync: ssm.onUnlockingUser-0_com.android.server.tare.InternalResourceService took to complete: 0ms
04-15 16:17:32.133 534 565 D SystemServerTimingAsync: ssm.onUnlockingUser-0_com.android.server.alarm.AlarmManagerService
04-15 16:17:32.133 534 565 V SystemServerTimingAsync: ssm.onUnlockingUser-0_com.android.server.alarm.AlarmManagerService took to complete: 0ms
04-15 16:17:32.134 534 565 D SystemServerTimingAsync: ssm.onUnlockingUser-0_com.android.server.devicestate.DeviceStateManagerService
04-15 16:17:32.134 534 565 V SystemServerTimingAsync: ssm.onUnlockingUser-0_com.android.server.devicestate.DeviceStateManagerService took to complete: 0ms
04-15 16:17:32.134 534 565 D SystemServerTimingAsync: ssm.onUnlockingUser-0_com.android.server.camera.CameraServiceProxy
04-15 16:17:32.134 534 565 V SystemServerTimingAsync: ssm.onUnlockingUser-0_com.android.server.camera.CameraServiceProxy took to complete: 0ms
04-15 16:17:32.134 534 565 D SystemServerTimingAsync: ssm.onUnlockingUser-0_com.android.server.bluetooth.BluetoothService
04-15 16:17:32.135 534 565 D BluetoothManagerService: User UserHandle{0} unlocked
04-15 16:17:32.150 0 0 I apexd : destroyCeSnapshotsNotSpecified() received by ApexService user_id : 0 retain_rollback_ids : []
04-15 16:17:32.149 534 565 V SystemServerTimingAsync: ssm.onUnlockingUser-0_com.android.server.bluetooth.BluetoothService took to complete: 14ms
04-15 16:17:32.149 534 565 D SystemServerTimingAsync: ssm.onUnlockingUser-0_com.android.server.connectivity.IpConnectivityMetrics
04-15 16:17:32.150 534 565 V SystemServerTimingAsync: ssm.onUnlockingUser-0_com.android.server.connectivity.IpConnectivityMetrics took to complete: 0ms
04-15 16:17:32.150 534 565 D SystemServerTimingAsync: ssm.onUnlockingUser-0_com.android.server.net.watchlist.NetworkWatchlistService$Lifecycle
04-15 16:17:32.156 534 565 V SystemServerTimingAsync: ssm.onUnlockingUser-0_com.android.server.net.watchlist.NetworkWatchlistService$Lifecycle took to complete: 0ms
04-15 16:17:32.158 534 565 D SystemServerTimingAsync: ssm.onUnlockingUser-0_com.android.server.PinnerService
04-15 16:17:32.158 534 565 V SystemServerTimingAsync: ssm.onUnlockingUser-0_com.android.server.PinnerService took to complete: 1ms
04-15 16:17:32.159 534 565 D SystemServerTimingAsync: ssm.onUnlockingUser-0_com.android.server.integrity.AppIntegrityManagerService
04-15 16:17:32.159 534 565 V SystemServerTimingAsync: ssm.onUnlockingUser-0_com.android.server.integrity.AppIntegrityManagerService took to complete: 0ms
04-15 16:17:32.164 534 565 D SystemServerTimingAsync: ssm.onUnlockingUser-0_com.android.server.logcat.LogcatManagerService
04-15 16:17:32.165 534 565 V SystemServerTimingAsync: ssm.onUnlockingUser-0_com.android.server.logcat.LogcatManagerService took to complete: 0ms
04-15 16:17:32.165 534 565 D SystemServerTimingAsync: ssm.onUnlockingUser-0_com.android.server.inputmethod.InputMethodManagerService$Lifecycle
04-15 16:17:32.166 534 565 V SystemServerTimingAsync: ssm.onUnlockingUser-0_com.android.server.inputmethod.InputMethodManagerService$Lifecycle took to complete: 0ms
04-15 16:17:32.166 534 565 D SystemServerTimingAsync: ssm.onUnlockingUser-0_com.android.server.accessibility.AccessibilityManagerService$Lifecycle
04-15 16:17:32.167 534 565 V SystemServerTimingAsync: ssm.onUnlockingUser-0_com.android.server.accessibility.AccessibilityManagerService$Lifecycle took to complete: 0ms
04-15 16:17:32.167 534 565 D SystemServerTimingAsync: ssm.onUnlockingUser-0_com.android.server.StorageManagerService$Lifecycle
04-15 16:17:32.199 534 565 D StorageManagerService: onUnlockUser 0
04-15 16:17:32.201 534 557 I DropBoxManagerService: add tag=system_app_strictmode isTagEnabled=true flags=0x2
04-15 16:17:32.208 534 575 W system_server: Long monitor contention with owner PackageInstaller (606) at com.android.server.pm.Computer com.android.server.pm.PackageManagerService.snapshotComputer(boolean)(PackageManagerService.java:1195) waiters=0 in com.android.server.pm.Computer com.android.server.pm.PackageManagerService.snapshotComputer(boolean) for 347ms
04-15 16:17:32.210 534 996 W system_server: Long monitor contention with owner PackageInstaller (606) at com.android.server.pm.Computer com.android.server.pm.PackageManagerService.snapshotComputer(boolean)(PackageManagerService.java:1195) waiters=1 in com.android.server.pm.Computer com.android.server.pm.PackageManagerService.snapshotComputer(boolean) for 375ms
04-15 16:17:32.213 1169 1178 I droid.launcher3: Background concurrent copying GC freed 3251(311KB) AllocSpace objects, 0(0B) LOS objects, 49% free, 2125KB/4250KB, paused 163us,48us total 1.321s
04-15 16:17:32.216 534 944 W system_server: Long monitor contention with owner PackageInstaller (606) at com.android.server.pm.Computer com.android.server.pm.PackageManagerService.snapshotComputer(boolean)(PackageManagerService.java:1195) waiters=2 in com.android.server.pm.Computer com.android.server.pm.PackageManagerService.snapshotComputer(boolean) for 378ms
04-15 16:17:32.224 534 608 W system_server: Long monitor contention with owner PackageInstaller (606) at com.android.server.pm.Computer com.android.server.pm.PackageManagerService.snapshotComputer(boolean)(PackageManagerService.java:1195) waiters=3 in com.android.server.pm.Computer com.android.server.pm.PackageManagerService.snapshotComputer(boolean) for 385ms
04-15 16:17:32.232 534 620 W system_server: Long monitor contention with owner PackageInstaller (606) at com.android.server.pm.Computer com.android.server.pm.PackageManagerService.snapshotComputer(boolean)(PackageManagerService.java:1195) waiters=4 in com.android.server.pm.Computer com.android.server.pm.PackageManagerService.snapshotComputer(boolean) for 365ms
04-15 16:17:32.234 534 549 W system_server: Long monitor contention with owner PackageInstaller (606) at com.android.server.pm.Computer com.android.server.pm.PackageManagerService.snapshotComputer(boolean)(PackageManagerService.java:1195) waiters=5 in com.android.server.pm.Computer com.android.server.pm.PackageManagerService.snapshotComputer(boolean) for 349ms
04-15 16:17:32.243 534 1444 W system_server: Long monitor contention with owner PackageInstaller (606) at com.android.server.pm.Computer com.android.server.pm.PackageManagerService.snapshotComputer(boolean)(PackageManagerService.java:1195) waiters=6 in com.android.server.pm.Computer com.android.server.pm.PackageManagerService.snapshotComputer(boolean) for 308ms
04-15 16:17:32.265 534 1451 W system_server: Long monitor contention with owner PackageInstaller (606) at com.android.server.pm.Computer com.android.server.pm.PackageManagerService.snapshotComputer(boolean)(PackageManagerService.java:1195) waiters=7 in com.android.server.pm.Computer com.android.server.pm.PackageManagerService.snapshotComputer(boolean) for 229ms
04-15 16:17:32.285 534 555 W Looper : Slow dispatch took 203ms android.fg h=com.android.server.DropBoxManagerService$DropBoxManagerBroadcastHandler c=null m=2
04-15 16:17:32.296 886 939 W Looper : Slow delivery took 1370ms BroadcastRunning h=com.android.systemui.broadcast.BroadcastDispatcher$handler$1 c=null m=0
04-15 16:17:32.325 534 565 I StorageSessionController: On user unlock 0
04-15 16:17:32.335 534 565 I StorageSessionController: Initialialising...
04-15 16:17:32.346 141 141 I vold : onUserStarted: 0
04-15 16:17:32.362 886 1374 I vol.Events: writeEvent level_changed STREAM_VOICE_CALL 3
04-15 16:17:32.363 886 939 W Looper : Slow dispatch took 4154ms BroadcastRunning h=com.android.systemui.broadcast.BroadcastDispatcher$handler$1 c=null m=0
04-15 16:17:32.385 534 575 W system_server: Long monitor contention with owner binder:534_2 (550) at android.content.Intent com.android.server.am.ActivityManagerService.registerReceiverWithFeature(android.app.IApplicationThread, java.lang.String, java.lang.String, java.lang.String, android.content.IIntentReceiver, android.content.IntentFilter, java.lang.String, int, int)(ActivityManagerService.java:14076) waiters=1 in boolean com.android.server.am.ActivityManagerService$LocalService.isProfileOwner(int) for 160ms
04-15 16:17:32.403 534 565 W SystemServiceManager: Service com.android.server.StorageManagerService$Lifecycle took 204 ms in onUnlockingUser-0
04-15 16:17:32.405 534 565 V SystemServerTimingAsync: ssm.onUnlockingUser-0_com.android.server.StorageManagerService$Lifecycle took to complete: 206ms
04-15 16:17:32.405 534 565 D SystemServerTimingAsync: ssm.onUnlockingUser-0_com.android.server.usage.StorageStatsService$Lifecycle
04-15 16:17:32.406 534 565 V SystemServerTimingAsync: ssm.onUnlockingUser-0_com.android.server.usage.StorageStatsService$Lifecycle took to complete: 0ms
04-15 16:17:32.406 534 565 D SystemServerTimingAsync: ssm.onUnlockingUser-0_com.android.server.UiModeManagerService
04-15 16:17:32.407 534 565 V SystemServerTimingAsync: ssm.onUnlockingUser-0_com.android.server.UiModeManagerService took to complete: 0ms
04-15 16:17:32.407 534 565 D SystemServerTimingAsync: ssm.onUnlockingUser-0_com.android.server.locales.LocaleManagerService
04-15 16:17:32.413 534 565 V SystemServerTimingAsync: ssm.onUnlockingUser-0_com.android.server.locales.LocaleManagerService took to complete: 0ms
04-15 16:17:32.414 534 565 D SystemServerTimingAsync: ssm.onUnlockingUser-0_com.android.server.grammaticalinflection.GrammaticalInflectionService
04-15 16:17:32.425 534 565 V SystemServerTimingAsync: ssm.onUnlockingUser-0_com.android.server.grammaticalinflection.GrammaticalInflectionService took to complete: 0ms
04-15 16:17:32.425 534 565 D SystemServerTimingAsync: ssm.onUnlockingUser-0_com.android.server.apphibernation.AppHibernationService
04-15 16:17:32.433 534 565 V SystemServerTimingAsync: ssm.onUnlockingUser-0_com.android.server.apphibernation.AppHibernationService took to complete: 7ms
04-15 16:17:32.434 534 565 D SystemServerTimingAsync: ssm.onUnlockingUser-0_com.android.server.locksettings.LockSettingsService$Lifecycle
04-15 16:17:32.435 534 565 V SystemServerTimingAsync: ssm.onUnlockingUser-0_com.android.server.locksettings.LockSettingsService$Lifecycle took to complete: 1ms
04-15 16:17:32.435 534 565 D SystemServerTimingAsync: ssm.onUnlockingUser-0_com.android.server.testharness.TestHarnessModeService
04-15 16:17:32.441 534 565 V SystemServerTimingAsync: ssm.onUnlockingUser-0_com.android.server.testharness.TestHarnessModeService took to complete: 0ms
04-15 16:17:32.490 534 607 I ActivityManager: Broadcasting: Intent { act=com.android.emulator.multidisplay.START flg=0x400000 cmp=com.android.emulator.multidisplay/.MultiDisplayServiceReceiver }
04-15 16:17:32.503 534 565 D SystemServerTimingAsync: ssm.onUnlockingUser-0_com.android.server.DeviceIdleController
04-15 16:17:32.509 534 565 V SystemServerTimingAsync: ssm.onUnlockingUser-0_com.android.server.DeviceIdleController took to complete: 0ms
04-15 16:17:32.509 534 565 D SystemServerTimingAsync: ssm.onUnlockingUser-0_com.android.server.devicepolicy.DevicePolicyManagerService$Lifecycle
04-15 16:17:32.510 534 565 V SystemServerTimingAsync: ssm.onUnlockingUser-0_com.android.server.devicepolicy.DevicePolicyManagerService$Lifecycle took to complete: 1ms
04-15 16:17:32.510 534 565 D SystemServerTimingAsync: ssm.onUnlockingUser-0_com.android.server.texttospeech.TextToSpeechManagerService
04-15 16:17:32.511 534 565 V SystemServerTimingAsync: ssm.onUnlockingUser-0_com.android.server.texttospeech.TextToSpeechManagerService took to complete: 1ms
04-15 16:17:32.511 534 565 D SystemServerTimingAsync: ssm.onUnlockingUser-0_com.android.server.ambientcontext.AmbientContextManagerService
04-15 16:17:32.535 534 565 I AmbientContextManagerService: serviceNames sent in newServiceListLocked is null, or empty
04-15 16:17:32.540 534 565 V SystemServerTimingAsync: ssm.onUnlockingUser-0_com.android.server.ambientcontext.AmbientContextManagerService took to complete: 28ms
04-15 16:17:32.541 534 565 D SystemServerTimingAsync: ssm.onUnlockingUser-0_com.android.server.wearable.WearableSensingManagerService
04-15 16:17:32.541 534 565 D WearableSensingManagerService: onServiceRemoved
04-15 16:17:32.542 534 565 D WearableSensingManagerPerUserService: Trying to cancel the remote request. Reason: Service destroyed.
04-15 16:17:32.542 534 565 V SystemServerTimingAsync: ssm.onUnlockingUser-0_com.android.server.wearable.WearableSensingManagerService took to complete: 1ms
04-15 16:17:32.543 534 565 D SystemServerTimingAsync: ssm.onUnlockingUser-0_com.android.server.speech.SpeechRecognitionManagerService
04-15 16:17:32.569 534 607 D CompatibilityChangeReporter: Compat change id reported: 161252188; UID 1000; state: DISABLED
04-15 16:17:32.604 534 641 D BluetoothManagerService: Broadcasting onBluetoothServiceUp() to 3 receivers.
04-15 16:17:32.607 534 641 D BluetoothAdapter: onBluetoothServiceUp: android.bluetooth.IBluetooth$Stub$Proxy@b8bace2
04-15 16:17:32.675 0 0 I init : starting service 'idmap2d'...
04-15 16:17:32.751 534 607 I ActivityManager: Enqueued broadcast Intent { act=com.android.emulator.multidisplay.START flg=0x400000 cmp=com.android.emulator.multidisplay/.MultiDisplayServiceReceiver }: 0
04-15 16:17:32.777 0 0 I init : ... started service 'idmap2d' has pid 1459
04-15 16:17:32.777 0 0 I init : Control message: Processed ctl.start for 'idmap2d' from pid: 534 (system_server)
04-15 16:17:32.777 534 799 D LockSettingsService: Hiding encryption notification for user 0
04-15 16:17:32.797 534 565 W SystemServiceManager: Service com.android.server.speech.SpeechRecognitionManagerService took 172 ms in onUnlockingUser-0
04-15 16:17:32.797 534 565 V SystemServerTimingAsync: ssm.onUnlockingUser-0_com.android.server.speech.SpeechRecognitionManagerService took to complete: 254ms
04-15 16:17:32.797 534 565 D SystemServerTimingAsync: ssm.onUnlockingUser-0_com.android.server.searchui.SearchUiManagerService
04-15 16:17:32.800 534 808 W system_server: Long monitor contention with owner WifiHandlerThread (804) at void com.android.server.wifi.WifiMetrics.incrementAvailableNetworksHistograms(java.util.List, boolean)(WifiMetrics.java:3673) waiters=0 in void com.android.server.wifi.WifiMetrics.incrementScanReturnEntry(int, int) for 127ms
04-15 16:17:32.801 534 550 V StorageManagerService: Found primary storage at VolumeInfo{emulated;0}:
04-15 16:17:32.801 534 550 V StorageManagerService: type=EMULATED diskId=null partGuid= mountFlags=0 mountUserId=0
04-15 16:17:32.801 534 550 V StorageManagerService: state=UNMOUNTED
04-15 16:17:32.801 534 550 V StorageManagerService: fsType=null fsUuid=null fsLabel=null
04-15 16:17:32.801 534 550 V StorageManagerService: path=null internalPath=null
04-15 16:17:32.801 534 565 V SystemServerTimingAsync: ssm.onUnlockingUser-0_com.android.server.searchui.SearchUiManagerService took to complete: 4ms
04-15 16:17:32.801 534 565 D SystemServerTimingAsync: ssm.onUnlockingUser-0_com.android.server.smartspace.SmartspaceManagerService
04-15 16:17:32.802 534 565 V SystemServerTimingAsync: ssm.onUnlockingUser-0_com.android.server.smartspace.SmartspaceManagerService took to complete: 0ms
04-15 16:17:32.855 534 565 D SystemServerTimingAsync: ssm.onUnlockingUser-0_com.android.server.graphics.fonts.FontManagerService$Lifecycle
04-15 16:17:32.856 534 565 V SystemServerTimingAsync: ssm.onUnlockingUser-0_com.android.server.graphics.fonts.FontManagerService$Lifecycle took to complete: 0ms
04-15 16:17:32.861 534 565 D SystemServerTimingAsync: ssm.onUnlockingUser-0_com.android.server.textservices.TextServicesManagerService$Lifecycle
04-15 16:17:32.957 352 352 E IPCThreadState: binder thread pool (1 threads) starved for 146 ms
04-15 16:17:32.966 534 651 I StorageManagerService: Mounting volume VolumeInfo{emulated;0}:
04-15 16:17:32.966 534 651 I StorageManagerService: type=EMULATED diskId=null partGuid= mountFlags=PRIMARY|VISIBLE_FOR_WRITE
04-15 16:17:32.966 534 651 I StorageManagerService: mountUserId=0 state=UNMOUNTED
04-15 16:17:32.966 534 651 I StorageManagerService: fsType=null fsUuid=null fsLabel=null
04-15 16:17:32.966 534 651 I StorageManagerService: path=null internalPath=null
04-15 16:17:32.981 141 141 I vold : Mounting emulated fuse volume
04-15 16:17:33.070 141 141 I vold : Bind mounting /data/media to /mnt/pass_through/0/emulated
04-15 16:17:33.095 534 565 W SystemServiceManager: Service com.android.server.textservices.TextServicesManagerService$Lifecycle took 233 ms in onUnlockingUser-0
04-15 16:17:33.130 1459 1459 I idmap2d : Starting
04-15 16:17:33.131 534 565 V SystemServerTimingAsync: ssm.onUnlockingUser-0_com.android.server.textservices.TextServicesManagerService$Lifecycle took to complete: 269ms
04-15 16:17:33.131 534 565 D SystemServerTimingAsync: ssm.onUnlockingUser-0_com.android.server.textclassifier.TextClassificationManagerService$Lifecycle
04-15 16:17:33.151 534 565 V SystemServerTimingAsync: ssm.onUnlockingUser-0_com.android.server.textclassifier.TextClassificationManagerService$Lifecycle took to complete: 20ms
04-15 16:17:33.153 534 651 I StorageSessionController: On volume mount VolumeInfo{emulated;0}:
04-15 16:17:33.153 534 651 I StorageSessionController: type=EMULATED diskId=null partGuid= mountFlags=PRIMARY|VISIBLE_FOR_WRITE
04-15 16:17:33.153 534 651 I StorageSessionController: mountUserId=0 state=UNMOUNTED
04-15 16:17:33.153 534 651 I StorageSessionController: fsType=null fsUuid=null fsLabel=null
04-15 16:17:33.153 534 651 I StorageSessionController: path=/storage/emulated internalPath=/data/media
04-15 16:17:33.159 534 565 D SystemServerTimingAsync: ssm.onUnlockingUser-0_com.android.server.NetworkScoreService$Lifecycle
04-15 16:17:33.159 534 565 V SystemServerTimingAsync: ssm.onUnlockingUser-0_com.android.server.NetworkScoreService$Lifecycle took to complete: 0ms
04-15 16:17:33.159 534 565 D SystemServerTimingAsync: ssm.onUnlockingUser-0_com.android.server.NetworkStatsServiceInitializer
04-15 16:17:33.159 534 565 V SystemServerTimingAsync: ssm.onUnlockingUser-0_com.android.server.NetworkStatsServiceInitializer took to complete: 0ms
04-15 16:17:33.159 534 565 D SystemServerTimingAsync: ssm.onUnlockingUser-0_com.android.server.wifi.WifiService
04-15 16:17:33.159 534 565 D WifiService: Handle user unlock 0
04-15 16:17:33.180 534 565 V SystemServerTimingAsync: ssm.onUnlockingUser-0_com.android.server.wifi.WifiService took to complete: 21ms
04-15 16:17:33.180 534 565 D SystemServerTimingAsync: ssm.onUnlockingUser-0_com.android.server.wifi.scanner.WifiScanningService
04-15 16:17:33.180 534 565 V SystemServerTimingAsync: ssm.onUnlockingUser-0_com.android.server.wifi.scanner.WifiScanningService took to complete: 0ms
04-15 16:17:33.180 534 565 D SystemServerTimingAsync: ssm.onUnlockingUser-0_com.android.server.wifi.p2p.WifiP2pService
04-15 16:17:33.180 534 565 V SystemServerTimingAsync: ssm.onUnlockingUser-0_com.android.server.wifi.p2p.WifiP2pService took to complete: 0ms
04-15 16:17:33.180 534 565 D SystemServerTimingAsync: ssm.onUnlockingUser-0_com.android.server.ConnectivityServiceInitializer
04-15 16:17:33.180 534 565 V SystemServerTimingAsync: ssm.onUnlockingUser-0_com.android.server.ConnectivityServiceInitializer took to complete: 0ms
04-15 16:17:33.180 534 565 D SystemServerTimingAsync: ssm.onUnlockingUser-0_com.android.server.notification.NotificationManagerService
04-15 16:17:33.181 534 565 V SystemServerTimingAsync: ssm.onUnlockingUser-0_com.android.server.notification.NotificationManagerService took to complete: 0ms
04-15 16:17:33.181 534 565 D SystemServerTimingAsync: ssm.onUnlockingUser-0_com.android.server.storage.DeviceStorageMonitorService
04-15 16:17:33.181 534 565 V SystemServerTimingAsync: ssm.onUnlockingUser-0_com.android.server.storage.DeviceStorageMonitorService took to complete: 0ms
04-15 16:17:33.204 534 565 D SystemServerTimingAsync: ssm.onUnlockingUser-0_com.android.server.timedetector.TimeDetectorService$Lifecycle
04-15 16:17:33.204 534 565 V SystemServerTimingAsync: ssm.onUnlockingUser-0_com.android.server.timedetector.TimeDetectorService$Lifecycle took to complete: 0ms
04-15 16:17:33.204 534 565 D SystemServerTimingAsync: ssm.onUnlockingUser-0_com.android.server.location.LocationManagerService$Lifecycle
04-15 16:17:33.204 534 565 V SystemServerTimingAsync: ssm.onUnlockingUser-0_com.android.server.location.LocationManagerService$Lifecycle took to complete: 0ms
04-15 16:17:33.204 534 565 D SystemServerTimingAsync: ssm.onUnlockingUser-0_com.android.server.timezonedetector.TimeZoneDetectorService$Lifecycle
04-15 16:17:33.204 534 565 V SystemServerTimingAsync: ssm.onUnlockingUser-0_com.android.server.timezonedetector.TimeZoneDetectorService$Lifecycle took to complete: 0ms
04-15 16:17:33.204 534 565 D SystemServerTimingAsync: ssm.onUnlockingUser-0_com.android.server.location.altitude.AltitudeService$Lifecycle
04-15 16:17:33.204 534 565 V SystemServerTimingAsync: ssm.onUnlockingUser-0_com.android.server.location.altitude.AltitudeService$Lifecycle took to complete: 0ms
04-15 16:17:33.205 534 565 D SystemServerTimingAsync: ssm.onUnlockingUser-0_com.android.server.timezonedetector.location.LocationTimeZoneManagerService$Lifecycle
04-15 16:17:33.205 534 565 V SystemServerTimingAsync: ssm.onUnlockingUser-0_com.android.server.timezonedetector.location.LocationTimeZoneManagerService$Lifecycle took to complete: 0ms
04-15 16:17:33.205 534 565 D SystemServerTimingAsync: ssm.onUnlockingUser-0_com.android.server.search.SearchManagerService$Lifecycle
04-15 16:17:33.205 534 565 V SystemServerTimingAsync: ssm.onUnlockingUser-0_com.android.server.search.SearchManagerService$Lifecycle took to complete: 0ms
04-15 16:17:33.205 534 565 D SystemServerTimingAsync: ssm.onUnlockingUser-0_com.android.server.wallpaper.WallpaperManagerService$Lifecycle
04-15 16:17:33.242 1107 1113 I com.android.se: Background concurrent copying GC freed 1858(176KB) AllocSpace objects, 0(0B) LOS objects, 49% free, 2017KB/4035KB, paused 208us,49us total 532.929ms
04-15 16:17:33.259 534 565 W SystemServiceManager: Service com.android.server.wallpaper.WallpaperManagerService$Lifecycle took 54 ms in onUnlockingUser-0
04-15 16:17:33.259 534 565 V SystemServerTimingAsync: ssm.onUnlockingUser-0_com.android.server.wallpaper.WallpaperManagerService$Lifecycle took to complete: 54ms
04-15 16:17:33.259 534 565 D SystemServerTimingAsync: ssm.onUnlockingUser-0_com.android.server.wallpapereffectsgeneration.WallpaperEffectsGenerationManagerService
04-15 16:17:33.286 534 651 I StorageSessionController: Creating connection for user: 0
04-15 16:17:33.291 534 565 V SystemServerTimingAsync: ssm.onUnlockingUser-0_com.android.server.wallpapereffectsgeneration.WallpaperEffectsGenerationManagerService took to complete: 32ms
04-15 16:17:33.296 534 565 D SystemServerTimingAsync: ssm.onUnlockingUser-0_com.android.server.audio.AudioService$Lifecycle
04-15 16:17:33.296 534 565 V SystemServerTimingAsync: ssm.onUnlockingUser-0_com.android.server.audio.AudioService$Lifecycle took to complete: 0ms
04-15 16:17:33.301 534 565 D SystemServerTimingAsync: ssm.onUnlockingUser-0_com.android.server.soundtrigger_middleware.SoundTriggerMiddlewareService$Lifecycle
04-15 16:17:33.301 534 565 V SystemServerTimingAsync: ssm.onUnlockingUser-0_com.android.server.soundtrigger_middleware.SoundTriggerMiddlewareService$Lifecycle took to complete: 0ms
04-15 16:17:33.301 534 565 D SystemServerTimingAsync: ssm.onUnlockingUser-0_com.android.server.DockObserver
04-15 16:17:33.301 534 565 V SystemServerTimingAsync: ssm.onUnlockingUser-0_com.android.server.DockObserver took to complete: 0ms
04-15 16:17:33.301 534 565 D SystemServerTimingAsync: ssm.onUnlockingUser-0_com.android.server.midi.MidiService$Lifecycle
04-15 16:17:33.303 534 565 V SystemServerTimingAsync: ssm.onUnlockingUser-0_com.android.server.midi.MidiService$Lifecycle took to complete: 2ms
04-15 16:17:33.303 534 565 D SystemServerTimingAsync: ssm.onUnlockingUser-0_com.android.server.adb.AdbService$Lifecycle
04-15 16:17:33.303 534 565 V SystemServerTimingAsync: ssm.onUnlockingUser-0_com.android.server.adb.AdbService$Lifecycle took to complete: 0ms
04-15 16:17:33.303 534 565 D SystemServerTimingAsync: ssm.onUnlockingUser-0_com.android.server.usb.UsbService$Lifecycle
04-15 16:17:33.316 534 651 I StorageSessionController: Creating and starting session with id: emulated;0
04-15 16:17:33.326 534 555 W Looper : Drained
04-15 16:17:33.326 534 565 V SystemServerTimingAsync: ssm.onUnlockingUser-0_com.android.server.usb.UsbService$Lifecycle took to complete: 24ms
04-15 16:17:33.327 534 565 D SystemServerTimingAsync: ssm.onUnlockingUser-0_com.android.server.twilight.TwilightService
04-15 16:17:33.327 534 565 V SystemServerTimingAsync: ssm.onUnlockingUser-0_com.android.server.twilight.TwilightService took to complete: 0ms
04-15 16:17:33.327 534 565 D SystemServerTimingAsync: ssm.onUnlockingUser-0_com.android.server.display.color.ColorDisplayService
04-15 16:17:33.327 534 565 V SystemServerTimingAsync: ssm.onUnlockingUser-0_com.android.server.display.color.ColorDisplayService took to complete: 0ms
04-15 16:17:33.327 534 565 D SystemServerTimingAsync: ssm.onUnlockingUser-0_com.android.server.job.JobSchedulerService
04-15 16:17:33.327 534 565 V SystemServerTimingAsync: ssm.onUnlockingUser-0_com.android.server.job.JobSchedulerService took to complete: 0ms
04-15 16:17:33.327 534 565 D SystemServerTimingAsync: ssm.onUnlockingUser-0_com.android.server.soundtrigger.SoundTriggerService
04-15 16:17:33.327 534 565 V SystemServerTimingAsync: ssm.onUnlockingUser-0_com.android.server.soundtrigger.SoundTriggerService took to complete: 0ms
04-15 16:17:33.327 534 565 D SystemServerTimingAsync: ssm.onUnlockingUser-0_com.android.server.trust.TrustManagerService
04-15 16:17:33.327 534 565 V SystemServerTimingAsync: ssm.onUnlockingUser-0_com.android.server.trust.TrustManagerService took to complete: 1ms
04-15 16:17:33.367 886 1374 I vol.Events: writeEvent level_changed STREAM_SYSTEM 5
04-15 16:17:33.392 886 1119 D BluetoothAdapter: onBluetoothServiceUp: android.bluetooth.IBluetooth$Stub$Proxy@a445bb6
04-15 16:17:33.396 1092 1104 D BluetoothAdapter: onBluetoothServiceUp: com.android.bluetooth.btservice.AdapterService$AdapterServiceBinder@14aba2f
04-15 16:17:33.415 534 565 D SystemServerTimingAsync: ssm.onUnlockingUser-0_com.android.server.backup.BackupManagerService$Lifecycle
04-15 16:17:33.415 534 651 I StorageUserConnection: Binding to the ExternalStorageService for user 0
04-15 16:17:33.418 534 565 V SystemServerTimingAsync: ssm.onUnlockingUser-0_com.android.server.backup.BackupManagerService$Lifecycle took to complete: 0ms
04-15 16:17:33.418 534 565 D SystemServerTimingAsync: ssm.onUnlockingUser-0_com.android.server.appwidget.AppWidgetService
04-15 16:17:33.418 534 565 V SystemServerTimingAsync: ssm.onUnlockingUser-0_com.android.server.appwidget.AppWidgetService took to complete: 0ms
04-15 16:17:33.419 534 565 D SystemServerTimingAsync: ssm.onUnlockingUser-0_com.android.server.voiceinteraction.VoiceInteractionManagerService
04-15 16:17:33.426 534 836 I BackupManagerService: Starting service for user: 0
04-15 16:17:33.460 534 564 I UsageStatsService: Starting migration to system CE for user 0
04-15 16:17:33.533 534 1271 I HibernationStateDiskStore: No hibernation file on disk for file /data/system_ce/0/hibernation/states
04-15 16:17:33.600 886 1374 I vol.Events: writeEvent level_changed STREAM_RING 5
04-15 16:17:33.639 1266 1318 I LatinIME:LogUtils: Dictionary info: dictionary = main:en ; version = 54 ; date = 1414726273
04-15 16:17:33.647 534 565 W VoiceInteractionManager: no available voice recognition services found for user 0
04-15 16:17:33.651 534 565 W SystemServiceManager: Service com.android.server.voiceinteraction.VoiceInteractionManagerService took 232 ms in onUnlockingUser-0
04-15 16:17:33.661 1092 1102 D BluetoothAdapterService: enable() - Enable called with quiet mode status = false
04-15 16:17:33.663 1092 1203 I AdapterState: BLE_TURNING_ON : entered
04-15 16:17:33.677 1092 1203 D AdapterProperties: Setting state to BLE_TURNING_ON
04-15 16:17:33.681 1092 1203 D BluetoothAdapterService: updateAdapterState() - Broadcasting state BLE_TURNING_ON to 1 receivers.
04-15 16:17:33.711 534 836 V BackupManagerService: [UserID:0] Starting with transport com.android.localtransport/.LocalTransport
04-15 16:17:33.817 886 1374 I vol.Events: writeEvent level_changed STREAM_MUSIC 5
04-15 16:17:33.831 534 565 V SystemServerTimingAsync: ssm.onUnlockingUser-0_com.android.server.voiceinteraction.VoiceInteractionManagerService took to complete: 233ms
04-15 16:17:33.832 534 534 W Looper : Slow dispatch took 4861ms main h=android.app.ActivityThread$H c=android.app.LoadedApk$ReceiverDispatcher$Args$$ExternalSyntheticLambda0@bd97eec m=0
04-15 16:17:33.833 534 641 D BluetoothManagerService: MESSAGE_GET_NAME_AND_ADDRESS
04-15 16:17:33.865 534 565 D SystemServerTimingAsync: ssm.onUnlockingUser-0_com.android.server.GestureLauncherService
04-15 16:17:33.865 534 565 V SystemServerTimingAsync: ssm.onUnlockingUser-0_com.android.server.GestureLauncherService took to complete: 0ms
04-15 16:17:33.865 534 565 D SystemServerTimingAsync: ssm.onUnlockingUser-0_com.android.server.SensorNotificationService
04-15 16:17:33.865 534 565 V SystemServerTimingAsync: ssm.onUnlockingUser-0_com.android.server.SensorNotificationService took to complete: 0ms
04-15 16:17:33.865 534 565 D SystemServerTimingAsync: ssm.onUnlockingUser-0_com.android.server.emergency.EmergencyAffordanceService
04-15 16:17:33.865 534 565 V SystemServerTimingAsync: ssm.onUnlockingUser-0_com.android.server.emergency.EmergencyAffordanceService took to complete: 0ms
04-15 16:17:33.866 534 565 D SystemServerTimingAsync: ssm.onUnlockingUser-0_com.android.server.blob.BlobStoreManagerService
04-15 16:17:33.866 534 565 V SystemServerTimingAsync: ssm.onUnlockingUser-0_com.android.server.blob.BlobStoreManagerService took to complete: 0ms
04-15 16:17:33.866 534 565 D SystemServerTimingAsync: ssm.onUnlockingUser-0_com.android.server.dreams.DreamManagerService
04-15 16:17:33.866 534 565 V SystemServerTimingAsync: ssm.onUnlockingUser-0_com.android.server.dreams.DreamManagerService took to complete: 0ms
04-15 16:17:33.866 534 565 D SystemServerTimingAsync: ssm.onUnlockingUser-0_com.android.server.print.PrintManagerService
04-15 16:17:33.866 534 565 V SystemServerTimingAsync: ssm.onUnlockingUser-0_com.android.server.print.PrintManagerService took to complete: 1ms
04-15 16:17:33.867 534 565 D SystemServerTimingAsync: ssm.onUnlockingUser-0_com.android.server.security.AttestationVerificationManagerService
04-15 16:17:33.867 534 565 V SystemServerTimingAsync: ssm.onUnlockingUser-0_com.android.server.security.AttestationVerificationManagerService took to complete: 0ms
04-15 16:17:33.867 534 565 D SystemServerTimingAsync: ssm.onUnlockingUser-0_com.android.server.companion.CompanionDeviceManagerService
04-15 16:17:33.867 534 565 V SystemServerTimingAsync: ssm.onUnlockingUser-0_com.android.server.companion.CompanionDeviceManagerService took to complete: 0ms
04-15 16:17:33.874 534 565 D SystemServerTimingAsync: ssm.onUnlockingUser-0_com.android.server.companion.virtual.VirtualDeviceManagerService
04-15 16:17:33.874 534 565 V SystemServerTimingAsync: ssm.onUnlockingUser-0_com.android.server.companion.virtual.VirtualDeviceManagerService took to complete: 0ms
04-15 16:17:33.874 534 565 D SystemServerTimingAsync: ssm.onUnlockingUser-0_com.android.server.restrictions.RestrictionsManagerService
04-15 16:17:33.874 534 565 V SystemServerTimingAsync: ssm.onUnlockingUser-0_com.android.server.restrictions.RestrictionsManagerService took to complete: 0ms
04-15 16:17:33.874 534 565 D SystemServerTimingAsync: ssm.onUnlockingUser-0_com.android.server.media.MediaSessionService
04-15 16:17:33.874 534 565 V SystemServerTimingAsync: ssm.onUnlockingUser-0_com.android.server.media.MediaSessionService took to complete: 0ms
04-15 16:17:33.874 534 565 D SystemServerTimingAsync: ssm.onUnlockingUser-0_com.android.server.media.MediaResourceMonitorService
04-15 16:17:33.874 534 565 V SystemServerTimingAsync: ssm.onUnlockingUser-0_com.android.server.media.MediaResourceMonitorService took to complete: 0ms
04-15 16:17:33.874 534 565 D SystemServerTimingAsync: ssm.onUnlockingUser-0_com.android.server.biometrics.sensors.face.FaceService
04-15 16:17:33.875 534 565 V SystemServerTimingAsync: ssm.onUnlockingUser-0_com.android.server.biometrics.sensors.face.FaceService took to complete: 0ms
04-15 16:17:33.875 534 565 D SystemServerTimingAsync: ssm.onUnlockingUser-0_com.android.server.biometrics.sensors.fingerprint.FingerprintService
