04-15 16:17:43.539 534 558 W ActivityManager: Slow operation: 156ms so far, now at startProcess: done starting proc!
04-15 16:17:43.555 534 556 W Looper : Slow dispatch took 971ms android.ui h=com.android.server.am.ActivityManagerService$UiHandler c=null m=68
04-15 16:17:43.594 1543 1543 I oid.documentsui: Using CollectorTypeCC GC.
04-15 16:17:43.628 1543 1543 W oid.documentsui: Unexpected CPU variant for x86: x86_64.
04-15 16:17:43.628 1543 1543 W oid.documentsui: Known variants: atom, sandybridge, silvermont, goldmont, goldmont-plus, tremont, kabylake, default
04-15 16:17:43.639 534 566 W ActivityManager: Slow operation: 546ms so far, now at startProcess: done updating battery stats
04-15 16:17:43.641 534 566 W ActivityManager: Slow operation: 548ms so far, now at startProcess: building log message
04-15 16:17:43.642 534 566 I ActivityManager: Start proc 1543:com.android.documentsui/u0a72 for broadcast {com.android.documentsui/com.android.documentsui.PreBootReceiver}
04-15 16:17:43.642 534 566 W ActivityManager: Slow operation: 549ms so far, now at startProcess: starting to update pids map
04-15 16:17:43.643 534 566 W ActivityManager: Slow operation: 550ms so far, now at startProcess: done updating pids map
04-15 16:17:43.661 534 566 W ActivityManager: Slow operation: 229ms so far, now at startProcess: asking zygote to start proc
04-15 16:17:43.663 534 566 D CompatibilityChangeReporter: Compat change id reported: 143937733; UID 10110; state: ENABLED
04-15 16:17:43.676 534 534 I MediaSessionStack: addSession to bottom of stack | record: com.android.server.telecom/HeadsetMediaButton (userId=0)
04-15 16:17:43.681 534 534 D MediaSessionService: Global priority session is changed from null to com.android.server.telecom/HeadsetMediaButton (userId=0)
04-15 16:17:43.684 534 534 I MediaSessionStack: removeSession | record: com.android.server.telecom/HeadsetMediaButton (userId=0)
04-15 16:17:43.687 534 534 W Looper : Slow dispatch took 225ms main h=com.android.server.telecom.HeadsetMediaButton$2 c=null m=0
04-15 16:17:43.691 1543 1543 E oid.documentsui: Not starting debugger since process cannot load the jdwp agent.
04-15 16:17:43.716 1492 1492 V GraphicsEnvironment: ANGLE GameManagerService for com.android.emulator.multidisplay: false
04-15 16:17:43.717 1492 1492 V GraphicsEnvironment: com.android.emulator.multidisplay is not listed in per-application setting
04-15 16:17:43.718 1492 1492 V GraphicsEnvironment: Neither updatable production driver nor prerelease driver is supported.
04-15 16:17:43.726 328 328 D Zygote : Forked child process 1553
04-15 16:17:43.750 534 566 W ActivityManager: Slow operation: 318ms so far, now at startProcess: returned from zygote!
04-15 16:17:43.777 534 1475 I AppSearchIcing: document-store.cc:348: Starting Document Store Recovery with cause=0, and create result { new_file=1, preeisting_file_version=1, data_loss=0} and kCurrentVersion=1
04-15 16:17:43.849 534 1525 I ActivityManager: Flag disabled. Ignoring finishAttachApplication from uid: 1000. pid: 1492
04-15 16:17:43.856 534 1516 W system_server: Long monitor contention with owner BluetoothManagerService (641) at int com.android.server.am.ActivityManagerService.bindServiceInstance(android.app.IApplicationThread, android.os.IBinder, android.content.Intent, java.lang.String, android.app.IServiceConnection, long, java.lang.String, boolean, int, java.lang.String, android.app.IApplicationThread, java.lang.String, int)(ActivityManagerService.java:13404) waiters=5 in android.content.Intent com.android.server.am.ActivityManagerService.registerReceiverWithFeature(android.app.IApplicationThread, java.lang.String, java.lang.String, java.lang.String, android.content.IIntentReceiver, android.content.IntentFilter, java.lang.String, int, int) for 201ms
04-15 16:17:43.862 534 566 W ActivityManager: Slow operation: 431ms so far, now at startProcess: done updating battery stats
04-15 16:17:43.863 534 566 W ActivityManager: Slow operation: 432ms so far, now at startProcess: building log message
04-15 16:17:43.869 534 566 I ActivityManager: Start proc 1553:com.android.sdksetup/u0a110 for top-activity {com.android.sdksetup/com.android.sdksetup.DefaultActivity}
04-15 16:17:43.869 534 566 W ActivityManager: Slow operation: 437ms so far, now at startProcess: starting to update pids map
04-15 16:17:43.876 534 566 W ActivityManager: Slow operation: 444ms so far, now at startProcess: done updating pids map
04-15 16:17:43.902 534 564 D WallpaperManagerService: Wallpaper_selinux_restorecon-0
04-15 16:17:43.916 534 564 V WallpaperManagerService: Wallpaper_selinux_restorecon-0 took to complete: 14ms
04-15 16:17:43.929 1092 1092 D BtGatt.SyncManager: advertise manager created
04-15 16:17:43.927 534 534 V NotificationAssistants: 0 notification assistant service connected: ComponentInfo{android.ext.services/android.ext.services.notification.Assistant}
04-15 16:17:44.057 534 564 D CompatibilityChangeReporter: Compat change id reported: 135634846; UID 10078; state: DISABLED
04-15 16:17:44.058 534 564 W ActivityManager: Slow operation: 103ms so far, now at startProcess: done starting proc!
04-15 16:17:44.065 534 556 W system_server: Long monitor contention with owner android.bg (564) at int com.android.server.am.ActivityManagerService.bindServiceInstance(android.app.IApplicationThread, android.os.IBinder, android.content.Intent, java.lang.String, android.app.IServiceConnection, long, java.lang.String, boolean, int, java.lang.String, android.app.IApplicationThread, java.lang.String, int)(ActivityManagerService.java:13404) waiters=0 in void com.android.server.am.BroadcastQueueModernImpl$1.onUidStateChanged(int, int, long, int) for 107ms
04-15 16:17:44.066 534 556 W Looper : Slow dispatch took 225ms android.ui h=com.android.server.am.ActivityManagerService$UiHandler c=com.android.server.am.UidObserverController$$ExternalSyntheticLambda0@892d72c m=0
04-15 16:17:44.081 534 566 W ActivityManager: Slow operation: 119ms so far, now at startProcess: asking zygote to start proc
04-15 16:17:44.081 534 566 D CompatibilityChangeReporter: Compat change id reported: 143937733; UID 10078; state: ENABLED
04-15 16:17:44.130 886 886 V SystemUIBootTiming: StartServices com.android.systemui.flags.FeatureFlagsDebugStartable took to complete: 628ms
04-15 16:17:44.151 534 534 W Looper : Slow dispatch took 224ms main h=android.app.ActivityThread$H c=android.app.LoadedApk$ServiceDispatcher$RunConnection@6752608 m=0
04-15 16:17:44.257 328 328 D Zygote : Forked child process 1556
04-15 16:17:44.270 1092 1092 D BtGatt.GattService: setGattService(): set to: com.android.bluetooth.gatt.GattService@f275840
04-15 16:17:44.289 534 566 W ActivityManager: Slow operation: 327ms so far, now at startProcess: returned from zygote!
04-15 16:17:44.337 534 869 D OomAdjuster: Not killing cached processes
04-15 16:17:44.347 534 1463 W system_server: Long monitor contention with owner android.perm (869) at int com.android.server.am.ActivityManagerService.bindServiceInstance(android.app.IApplicationThread, android.os.IBinder, android.content.Intent, java.lang.String, android.app.IServiceConnection, long, java.lang.String, boolean, int, java.lang.String, android.app.IApplicationThread, java.lang.String, int)(ActivityManagerService.java:13404) waiters=3 in java.util.List com.android.server.am.ActivityManagerService.getServices(int, int) for 117ms
04-15 16:17:44.362 1120 1120 D CellBroadcastConfigTracker-0: init
04-15 16:17:44.385 897 905 I ssioncontroller: CollectorTransition concurrent copying GC freed 26598(1451KB) AllocSpace objects, 3(204KB) LOS objects, 49% free, 5058KB/10116KB, paused 384us,238us total 484.852ms
04-15 16:17:44.380 1553 1553 I ndroid.sdksetup: Using CollectorTypeCC GC.
04-15 16:17:44.410 1553 1553 W ndroid.sdksetup: Unexpected CPU variant for x86: x86_64.
04-15 16:17:44.410 1553 1553 W ndroid.sdksetup: Known variants: atom, sandybridge, silvermont, goldmont, goldmont-plus, tremont, kabylake, default
04-15 16:17:44.444 534 869 W Looper : Slow dispatch took 381ms android.perm h=android.os.Handler c=com.android.internal.infra.ServiceConnector$Impl$$ExternalSyntheticLambda2@63a9ab4 m=0
04-15 16:17:44.463 1492 1492 V MultiDispActionReceiver: starting service using intent null
04-15 16:17:44.470 1492 1492 W ContextImpl: Calling a method in the system process without a qualified user: android.app.ContextImpl.startService:1899 android.content.ContextWrapper.startService:825 android.content.ContextWrapper.startService:825 com.android.emulator.multidisplay.MultiDisplayServiceReceiver.onReceive:34 android.app.ActivityThread.handleReceiver:4449
04-15 16:17:44.474 534 953 W system_server: Long monitor contention with owner android.perm (869) at int com.android.server.am.ActivityManagerService.bindServiceInstance(android.app.IApplicationThread, android.os.IBinder, android.content.Intent, java.lang.String, android.app.IServiceConnection, long, java.lang.String, boolean, int, java.lang.String, android.app.IApplicationThread, java.lang.String, int)(ActivityManagerService.java:13404) waiters=1 in int com.android.server.am.ActivityManagerService.broadcastIntentWithFeature(android.app.IApplicationThread, java.lang.String, android.content.Intent, java.lang.String, android.content.IIntentReceiver, int, java.lang.String, android.os.Bundle, java.lang.String[], java.lang.String[], java.lang.String[], int, android.os.Bundle, boolean, boolean, int) for 334ms
04-15 16:17:44.475 534 566 W system_server: Long monitor contention with owner android.perm (869) at int com.android.server.am.ActivityManagerService.bindServiceInstance(android.app.IApplicationThread, android.os.IBinder, android.content.Intent, java.lang.String, android.app.IServiceConnection, long, java.lang.String, boolean, int, java.lang.String, android.app.IApplicationThread, java.lang.String, int)(ActivityManagerService.java:13404) waiters=4 in void com.android.server.am.ProcessList.lambda$handleProcessStart$1(com.android.server.am.ProcessRecord, java.lang.String, int[], int, int, int, java.lang.String, java.lang.String, java.lang.String, long) for 186ms
04-15 16:17:44.495 1092 1092 D BtGatt.GattService: stop()
04-15 16:17:44.496 1553 1553 E ndroid.sdksetup: Not starting debugger since process cannot load the jdwp agent.
04-15 16:17:44.499 1092 1092 D BtGatt.GattService: setGattService(): set to: null
04-15 16:17:44.500 1092 1092 D BtGatt.GattService: cleanup()
04-15 16:17:44.502 1092 1092 W droid.bluetooth: [0415/161744.501579:WARNING:bta_gattc_api.cc(68)] GATTC Module not enabled/already disabled
04-15 16:17:44.503 1092 1092 W droid.bluetooth: [0415/161744.503167:WARNING:bta_gatts_api.cc(62)] GATTS Module not enabled/already disabled
04-15 16:17:44.503 1092 1092 D BtGatt.AdvertiseManager: cleanup()
04-15 16:17:44.531 534 566 W ActivityManager: Slow operation: 569ms so far, now at startProcess: done updating battery stats
04-15 16:17:44.537 534 566 W ActivityManager: Slow operation: 575ms so far, now at startProcess: building log message
04-15 16:17:44.538 534 566 I ActivityManager: Start proc 1556:com.android.printspooler/u0a78 for service {com.android.printspooler/com.android.printspooler.model.PrintSpoolerService}
04-15 16:17:44.543 534 566 W ActivityManager: Slow operation: 581ms so far, now at startProcess: starting to update pids map
04-15 16:17:44.574 1556 1556 I id.printspooler: Using CollectorTypeCC GC.
04-15 16:17:44.588 534 566 W ActivityManager: Slow operation: 626ms so far, now at startProcess: done updating pids map
04-15 16:17:44.590 534 534 W Looper : Slow dispatch took 438ms main h=android.app.ActivityThread$H c=null m=122
04-15 16:17:44.619 1556 1556 W id.printspooler: Unexpected CPU variant for x86: x86_64.
04-15 16:17:44.619 1556 1556 W id.printspooler: Known variants: atom, sandybridge, silvermont, goldmont, goldmont-plus, tremont, kabylake, default
04-15 16:17:44.641 1556 1556 E id.printspooler: Not starting debugger since process cannot load the jdwp agent.
04-15 16:17:44.669 897 910 I PermissionControllerServiceImpl: Updating user sensitive for user 0
04-15 16:17:44.695 1492 1492 V ActivityThread: getPackageInfo() caused update to cached ApplicationInfo for package com.android.emulator.multidisplay
04-15 16:17:44.740 534 1467 W ActivityManager: Slow operation: 74ms so far, now at attachApplicationLocked: before bindApplication
04-15 16:17:44.748 534 1467 D CompatibilityChangeReporter: Compat change id reported: 168419799; UID 10110; state: DISABLED
04-15 16:17:44.758 1474 1474 V MediaProvider: Attached media from com.android.providers.media.module
04-15 16:17:44.768 534 1467 D CompatibilityChangeReporter: Compat change id reported: 273564678; UID 10110; state: DISABLED
04-15 16:17:44.769 534 1467 W ActivityManager: Slow operation: 103ms so far, now at attachApplicationLocked: immediately before bindApplication
04-15 16:17:44.830 534 1467 W ActivityManager: Slow operation: 164ms so far, now at attachApplicationLocked: immediately after bindApplication
04-15 16:17:44.834 1492 1492 D MultiDisplayService: Creating service
04-15 16:17:44.885 1169 1169 I OverviewComponentObserver: updateOverviewTargets: mIsHomeDisabled=false, isDefaultHomeNull=false, mIsDefaultHome=false
04-15 16:17:44.888 534 1467 W ActivityManager: Slow operation: 223ms so far, now at attachApplicationLocked: after updateLruProcessLocked
04-15 16:17:44.908 1492 1492 D MultiDisplayService: Creating display 0
04-15 16:17:44.909 1492 1492 D MultiDisplayService: Creating display 1
04-15 16:17:44.909 1492 1492 D MultiDisplayService: Creating display 2
04-15 16:17:44.909 1492 1492 D MultiDisplayService: Creating display 3
04-15 16:17:44.909 1492 1492 D MultiDisplayService: Creating display 4
04-15 16:17:44.909 1492 1492 D MultiDisplayService: Creating display 5
04-15 16:17:44.909 1492 1492 D MultiDisplayService: Creating display 6
04-15 16:17:44.910 1492 1492 D MultiDisplayService: Creating display 7
04-15 16:17:44.910 1492 1492 D MultiDisplayService: Creating display 8
04-15 16:17:44.910 1492 1492 D MultiDisplayService: Creating display 9
04-15 16:17:44.910 1492 1492 D MultiDisplayService: Creating display 10
04-15 16:17:44.919 1492 1581 I android_emulator_multidisplay_JNI: multidisplay pipe connected!!!
04-15 16:17:44.920 1492 1581 V MultiDisplayService: run(): array= [1, 0, 1080, 2400, 420, 0]
04-15 16:17:44.925 1492 1581 D MultiDisplayService: received 1
04-15 16:17:44.926 1492 1581 D MultiDisplayService: received 0
04-15 16:17:44.926 1492 1581 D MultiDisplayService: received 1080
04-15 16:17:44.926 1492 1581 D MultiDisplayService: received 2400
04-15 16:17:44.926 1492 1581 D MultiDisplayService: received 420
04-15 16:17:44.926 1492 1581 D MultiDisplayService: received 0
04-15 16:17:44.926 1492 1581 E MultiDisplayService: invalid parameters for add/modify display
04-15 16:17:44.993 534 1467 W ActivityManager: Slow operation: 104ms so far, now at finishAttachApplicationInner: after mServices.attachApplicationLocked
04-15 16:17:44.994 534 1467 W ActivityManager: Slow operation: 105ms so far, now at finishAttachApplicationInner: after dispatching broadcasts
04-15 16:17:44.998 1553 1553 D CompatibilityChangeReporter: Compat change id reported: 171979766; UID 10110; state: ENABLED
04-15 16:17:44.999 1553 1553 D CompatibilityChangeReporter: Compat change id reported: 242716250; UID 10110; state: ENABLED
04-15 16:17:45.016 534 1525 W system_server: Long monitor contention with owner binder:534_16 (1467) at void com.android.server.am.ActivityManagerService.finishAttachApplicationInner(long, int, int)(ActivityManagerService.java:4940) waiters=0 in void com.android.server.am.ActivityManagerService.unregisterReceiver(android.content.IIntentReceiver) for 333ms
04-15 16:17:45.027 534 994 W system_server: Long monitor contention with owner binder:534_16 (1467) at void com.android.server.am.ActivityManagerService.finishAttachApplicationInner(long, int, int)(ActivityManagerService.java:4940) waiters=1 in android.content.Intent com.android.server.am.ActivityManagerService.registerReceiverWithFeature(android.app.IApplicationThread, java.lang.String, java.lang.String, java.lang.String, android.content.IIntentReceiver, android.content.IntentFilter, java.lang.String, int, int) for 338ms
04-15 16:17:45.046 534 1467 D CompatibilityChangeReporter: Compat change id reported: 170503758; UID 10110; state: ENABLED
04-15 16:17:45.053 1553 1553 D CompatibilityChangeReporter: Compat change id reported: 3400644; UID 10110; state: ENABLED
04-15 16:17:45.087 534 1460 W system_server: Long monitor contention with owner binder:534_16 (1467) at void com.android.server.am.ActivityManagerService.finishAttachApplicationInner(long, int, int)(ActivityManagerService.java:4940) waiters=2 in void com.android.server.am.ActivityManagerService.finishReceiver(android.os.IBinder, int, java.lang.String, android.os.Bundle, boolean, int) for 370ms
04-15 16:17:45.095 534 555 I ActivityManager: Broadcast completed: result=0
04-15 16:17:45.106 534 607 E IPCThreadState: Binder transaction failure: 31850/29189/-22
04-15 16:17:45.114 0 0 E binder : invalid inc weak node for 28289
04-15 16:17:45.114 0 0 I binder : 534:607 IncRefs 0 refcount change on invalid ref 541 ret -22
04-15 16:17:45.114 0 0 E binder : invalid inc weak node for 28291
04-15 16:17:45.114 0 0 I binder : 534:607 IncRefs 0 refcount change on invalid ref 542 ret -22
04-15 16:17:45.114 0 0 W binder_debug: 22 callbacks suppressed
04-15 16:17:45.114 0 0 I binder : 607:534 cannot find target node
04-15 16:17:45.114 0 0 I binder : 534:607 transaction async to 0:0 failed 31850/29189/-22, size 104-0 line 3210
04-15 16:17:45.154 1553 1553 D nativeloader: Configuring clns-shared-6 for other apk /system_ext/priv-app/SdkSetup/SdkSetup.apk. target_sdk_version=34, uses_libraries=, library_path=/system_ext/priv-app/SdkSetup/lib/x86_64:/system/lib64:/system_ext/lib64, permitted_path=/data:/mnt/expand:/data/user/0/com.android.sdksetup:/system_ext/priv-app/SdkSetup:/system/lib64:/system_ext/lib64
04-15 16:17:45.172 0 0 I binder : 607:534 reply target not found
04-15 16:17:45.172 0 0 I binder : 534:607 transaction reply to 0:0 failed 31854/29189/0, size 4-0 line 3140
04-15 16:17:45.172 0 0 I binder : send failed reply for transaction 28288, target dead
04-15 16:17:45.171 886 886 V SystemUIBootTiming: StartServices com.android.systemui.globalactions.GlobalActionsComponent took to complete: 1040ms
04-15 16:17:45.177 886 886 W SystemUIService: Initialization of com.android.systemui.globalactions.GlobalActionsComponent took 1046 ms
04-15 16:17:45.201 886 939 W Looper : Drained
04-15 16:17:45.236 534 804 E WifiScoringParams: Invalid frequency(-1), using 5G as default rssi array
04-15 16:17:45.263 1553 1553 V GraphicsEnvironment: Currently set values for:
04-15 16:17:45.265 1553 1553 V GraphicsEnvironment: angle_gl_driver_selection_pkgs=[]
04-15 16:17:45.266 1553 1553 V GraphicsEnvironment: angle_gl_driver_selection_values=[]
04-15 16:17:45.267 1553 1553 V GraphicsEnvironment: ANGLE GameManagerService for com.android.sdksetup: false
04-15 16:17:45.267 1553 1553 V GraphicsEnvironment: com.android.sdksetup is not listed in per-application setting
04-15 16:17:45.269 1553 1553 V GraphicsEnvironment: Neither updatable production driver nor prerelease driver is supported.
04-15 16:17:45.285 534 995 W ActivityManager: Slow operation: 174ms so far, now at attachApplicationLocked: before bindApplication
04-15 16:17:45.307 886 892 I ndroid.systemui: NativeAlloc concurrent copying GC freed 18291(1999KB) AllocSpace objects, 9(432KB) LOS objects, 49% free, 5984KB/11MB, paused 13.828ms,135us total 5.822s
04-15 16:17:45.310 886 889 I ndroid.systemui: WaitForGcToComplete blocked ObjectsAllocated on NativeAlloc for 3.033s
04-15 16:17:45.316 886 889 W ndroid.systemui: Suspending all threads took: 5.545ms
04-15 16:17:45.345 194 194 I tombstoned: received crash request for pid 886
04-15 16:17:45.345 194 194 I tombstoned: found intercept fd 512 for pid 886 and type kDebuggerdJavaBacktrace
04-15 16:17:45.353 194 194 W tombstoned: skipping tombstone file creation due to intercept
04-15 16:17:45.360 886 889 I ndroid.systemui: Wrote stack traces to tombstoned
04-15 16:17:45.363 886 886 V SystemUIBootTiming: StartServices com.android.systemui.keyboard.KeyboardUI took to complete: 171ms
04-15 16:17:45.437 534 1516 I ActivityManager: Flag disabled. Ignoring finishAttachApplication from uid: 10110. pid: 1553
04-15 16:17:45.444 534 1375 I ActivityManager: Skipping next CPU consuming process, not a java proc: 534
04-15 16:17:45.445 534 1375 I ActivityManager: Skipping next CPU consuming process, not a java proc: 886
04-15 16:17:45.446 534 1375 I ActivityManager: Skipping next CPU consuming process, not a java proc: 394
04-15 16:17:45.446 534 1375 I ActivityManager: Skipping next CPU consuming process, not a java proc: 1474
04-15 16:17:45.447 534 1375 I ActivityManager: Skipping next CPU consuming process, not a java proc: 8
04-15 16:17:45.447 534 1375 I ActivityManager: Skipping next CPU consuming process, not a java proc: 42
04-15 16:17:45.447 534 1375 I ActivityManager: Skipping next CPU consuming process, not a java proc: 130
04-15 16:17:45.460 534 1375 I ActivityManager: Skipping next CPU consuming process, not a java proc: 123
04-15 16:17:45.461 534 1375 I ActivityManager: Skipping next CPU consuming process, not a java proc: 391
04-15 16:17:45.461 534 1375 I ActivityManager: Skipping next CPU consuming process, not a java proc: 346
04-15 16:17:45.473 534 1375 I ActivityManager: Skipping next CPU consuming process, not a java proc: 40
04-15 16:17:45.480 534 995 D CompatibilityChangeReporter: Compat change id reported: 168419799; UID 10072; state: DISABLED
04-15 16:17:45.482 534 995 D CompatibilityChangeReporter: Compat change id reported: 273564678; UID 10072; state: DISABLED
04-15 16:17:45.484 534 995 W ActivityManager: Slow operation: 373ms so far, now at attachApplicationLocked: immediately before bindApplication
04-15 16:17:45.524 534 1373 I system_server: libdebuggerd_client: done dumping process 886
04-15 16:17:45.543 1553 1589 D libEGL : loaded /vendor/lib64/egl/libEGL_emulation.so
04-15 16:17:45.549 534 1373 I ActivityManager: dumpStackTraces nativepids=[141, 155, 326, 327, 391, 394, 417, 436, 437, 444, 454, 1092]
04-15 16:17:45.550 534 1373 I ActivityManager: Collecting stacks for native pid 141
04-15 16:17:45.559 534 1373 I system_server: libdebuggerd_client: started dumping process 141
04-15 16:17:45.583 534 995 W ActivityManager: Slow operation: 472ms so far, now at attachApplicationLocked: immediately after bindApplication
04-15 16:17:45.593 194 194 I tombstoned: registered intercept for pid 141 and type kDebuggerdNativeBacktrace
04-15 16:17:45.605 141 141 I libc : Requested dump for pid 141 (binder:141_2)
04-15 16:17:45.606 534 995 W ActivityManager: Slow operation: 495ms so far, now at attachApplicationLocked: after updateLruProcessLocked
04-15 16:17:45.634 1553 1589 D libEGL : loaded /vendor/lib64/egl/libGLESv1_CM_emulation.so
04-15 16:17:45.649 534 1375 I ActivityManager: Skipping next CPU consuming process, not a java proc: 359
04-15 16:17:45.650 534 1375 I ActivityManager: Skipping next CPU consuming process, not a java proc: 1492
04-15 16:17:45.719 1553 1589 D libEGL : loaded /vendor/lib64/egl/libGLESv2_emulation.so
04-15 16:17:45.812 534 641 E BluetoothManagerService: MESSAGE_TIMEOUT_BIND
04-15 16:17:45.897 886 886 V SystemUIBootTiming: StartServices com.android.systemui.keyboard.PhysicalKeyboardCoreStartable took to complete: 423ms
04-15 16:17:46.079 534 995 I ActivityManager: PendingStartActivityUids startActivity to updateOomAdj delay:1119ms, uid:10110
04-15 16:17:46.085 534 995 W ActivityManager: Slow operation: 479ms so far, now at finishAttachApplicationInner: after dispatching broadcasts
04-15 16:17:46.114 534 607 W system_server: Long monitor contention with owner binder:534_C (995) at void com.android.server.am.ActivityManagerService.tempAllowlistUidLocked(int, long, int, java.lang.String, int, int)(ActivityManagerService.java:16672) waiters=0 in com.android.server.am.ProcessRecord com.android.server.am.ActivityManagerService.findAppProcess(android.os.IBinder, java.lang.String) for 274ms
04-15 16:17:46.173 534 557 I DropBoxManagerService: add tag=system_app_strictmode isTagEnabled=true flags=0x2
04-15 16:17:46.197 1594 1594 I crash_dump64: obtaining output fd from tombstoned, type: kDebuggerdNativeBacktrace
04-15 16:17:46.220 194 194 I tombstoned: received crash request for pid 141
04-15 16:17:46.220 194 194 I tombstoned: found intercept fd 512 for pid 141 and type kDebuggerdNativeBacktrace
04-15 16:17:46.222 1594 1594 I crash_dump64: performing dump of process 141 (target tid = 141)
04-15 16:17:46.226 1543 1543 D CompatibilityChangeReporter: Compat change id reported: 171979766; UID 10072; state: ENABLED
04-15 16:17:46.227 1543 1543 D CompatibilityChangeReporter: Compat change id reported: 242716250; UID 10072; state: ENABLED
04-15 16:17:46.248 534 607 D CompatibilityChangeReporter: Compat change id reported: 170503758; UID 10072; state: ENABLED
04-15 16:17:46.260 1543 1543 D CompatibilityChangeReporter: Compat change id reported: 3400644; UID 10072; state: ENABLED
04-15 16:17:46.293 534 550 W system_server: Long monitor contention with owner binder:534_D (996) at java.util.Set com.android.server.pm.permission.PermissionManagerServiceImpl.getInstalledPermissions(java.lang.String)(PermissionManagerServiceImpl.java:5203) waiters=0 in int com.android.server.pm.permission.PermissionManagerServiceImpl.getPermissionFlagsInternal(java.lang.String, java.lang.String, int, int) for 249ms
04-15 16:17:46.316 534 565 W ActivityManager: Slow operation: 195ms so far, now at startProcess: done creating new process record
04-15 16:17:46.316 534 565 W ActivityManager: Slow operation: 196ms so far, now at startProcess: stepping in to startProcess
04-15 16:17:46.322 0 0 I binder : release 1532:1532 transaction 30977 out, still active
04-15 16:17:46.322 0 0 I binder : undelivered TRANSACTION_COMPLETE
04-15 16:17:46.329 1543 1543 D nativeloader: Configuring clns-shared-6 for other apk /system/priv-app/DocumentsUI/DocumentsUI.apk. target_sdk_version=34, uses_libraries=, library_path=/system/priv-app/DocumentsUI/lib/x86_64:/system/lib64:/system_ext/lib64, permitted_path=/data:/mnt/expand:/data/user/0/com.android.documentsui:/system/priv-app/DocumentsUI:/system/lib64:/system_ext/lib64
04-15 16:17:46.412 534 565 D CompatibilityChangeReporter: Compat change id reported: 135634846; UID 10139; state: DISABLED
04-15 16:17:46.413 534 565 D CompatibilityChangeReporter: Compat change id reported: 177438394; UID 10139; state: DISABLED
04-15 16:17:46.414 534 565 D CompatibilityChangeReporter: Compat change id reported: 135772972; UID 10139; state: DISABLED
04-15 16:17:46.416 534 565 D CompatibilityChangeReporter: Compat change id reported: 135754954; UID 10139; state: ENABLED
04-15 16:17:46.417 534 566 W ActivityManager: Slow operation: 100ms so far, now at startProcess: asking zygote to start proc
04-15 16:17:46.425 534 566 D CompatibilityChangeReporter: Compat change id reported: 143937733; UID 10139; state: ENABLED
04-15 16:17:46.426 534 565 W ActivityManager: Slow operation: 305ms so far, now at startProcess: done starting proc!
04-15 16:17:46.437 534 534 W Looper : Slow dispatch took 1846ms main h=android.app.ActivityThread$H c=null m=116
04-15 16:17:46.483 194 194 W tombstoned: skipping tombstone file creation due to intercept
04-15 16:17:46.484 534 1373 I system_server: libdebuggerd_client: done dumping process 141
04-15 16:17:46.511 534 994 D CompatibilityChangeReporter: Compat change id reported: 168419799; UID 10078; state: DISABLED
04-15 16:17:46.518 0 0 I init : Untracked pid 1594 exited with status 0
04-15 16:17:46.519 0 0 I init : Untracked pid 1594 did not have an associated service entry and will not be reaped
04-15 16:17:46.524 0 0 I init : Untracked pid 1596 exited with status 0
04-15 16:17:46.525 0 0 I init : Untracked pid 1596 did not have an associated service entry and will not be reaped
04-15 16:17:46.522 534 994 D CompatibilityChangeReporter: Compat change id reported: 273564678; UID 10078; state: DISABLED
04-15 16:17:46.525 1543 1543 V GraphicsEnvironment: Currently set values for:
04-15 16:17:46.525 1543 1543 V GraphicsEnvironment: angle_gl_driver_selection_pkgs=[]
04-15 16:17:46.525 1543 1543 V GraphicsEnvironment: angle_gl_driver_selection_values=[]
04-15 16:17:46.534 1543 1543 V GraphicsEnvironment: ANGLE GameManagerService for com.android.documentsui: false
04-15 16:17:46.535 1543 1543 V GraphicsEnvironment: com.android.documentsui is not listed in per-application setting
04-15 16:17:46.535 1543 1543 V GraphicsEnvironment: Neither updatable production driver nor prerelease driver is supported.
04-15 16:17:46.556 534 994 W ActivityManager: Slow operation: 64ms so far, now at attachApplicationLocked: immediately after bindApplication
04-15 16:17:46.557 534 994 W ActivityManager: Slow operation: 65ms so far, now at attachApplicationLocked: after updateLruProcessLocked
04-15 16:17:46.613 534 994 W ActivityManager: Slow operation: 56ms so far, now at finishAttachApplicationInner: after mServices.attachApplicationLocked
04-15 16:17:46.613 534 994 W ActivityManager: Slow operation: 57ms so far, now at finishAttachApplicationInner: after dispatching broadcasts
04-15 16:17:46.634 534 556 W Looper : Slow dispatch took 712ms android.ui h=com.android.server.am.ActivityManagerService$UiHandler c=com.android.server.am.UidObserverController$$ExternalSyntheticLambda0@892d72c m=0
04-15 16:17:46.636 534 556 W Looper : Slow delivery took 586ms android.ui h=com.android.server.am.ActivityManagerService$UiHandler c=null m=31
04-15 16:17:46.640 534 1373 I ActivityManager: Collecting stacks for native pid 155
04-15 16:17:46.642 534 1373 I system_server: libdebuggerd_client: started dumping process 155
04-15 16:17:46.645 194 194 I tombstoned: registered intercept for pid 155 and type kDebuggerdNativeBacktrace
04-15 16:17:46.670 534 558 W BLASTSyncEngine: Sync group 3 timeout
04-15 16:17:46.671 534 558 I BLASTSyncEngine: Unfinished container: ActivityRecord{f2bb640 u0 com.android.sdksetup/.DefaultActivity t6}
04-15 16:17:46.667 1092 1092 D BtGatt.SyncManager: cleanup()
04-15 16:17:46.706 155 155 I libc : Requested dump for pid 155 (binder:155_2)
04-15 16:17:46.749 534 620 D CompatibilityChangeReporter: Compat change id reported: 265195908; UID 10072; state: ENABLED
04-15 16:17:46.785 1556 1556 D CompatibilityChangeReporter: Compat change id reported: 171979766; UID 10078; state: ENABLED
04-15 16:17:46.787 1556 1556 D CompatibilityChangeReporter: Compat change id reported: 242716250; UID 10078; state: ENABLED
04-15 16:17:46.798 534 558 I BLASTSyncEngine: Unfinished container: Task{803031f #6 type=home A=10110:com.android.sdksetup}
04-15 16:17:46.825 534 534 W Looper : Slow dispatch took 386ms main h=android.os.Handler c=android.app.LoadedApk$ServiceDispatcher$RunConnection@91e468d m=0
04-15 16:17:46.827 534 534 I ExplicitHealthCheckController: Explicit health check service is connected ComponentInfo{android.ext.services/android.ext.services.watchdog.ExplicitHealthCheckServiceImpl}
04-15 16:17:46.857 534 534 I ExplicitHealthCheckController: Service initialized, syncing requests
04-15 16:17:46.871 534 534 D AutofillManagerService: Restriction did not change for user 0
04-15 16:17:46.901 1092 1092 D BluetoothAdapterService: onUnbind() - calling cleanup
04-15 16:17:46.912 1092 1092 D BluetoothAdapterService: cleanup()
04-15 16:17:46.919 1092 1092 I BluetoothMetricsLogger: drainBufferedCounters().
04-15 16:17:46.932 534 555 V WindowManager: Sent Transition #3 createdAt=04-15 16:17:40.939 via request=TransitionRequestInfo { type = CLOSE, triggerTask = TaskInfo{userId=0 taskId=5 displayId=0 isRunning=false baseIntent=Intent { act=android.intent.action.MAIN cat=[android.intent.category.HOME] flg=0x10800100 cmp=com.android.settings/.FallbackHome } baseActivity=null topActivity=null origActivity=null realActivity=ComponentInfo{com.android.settings/com.android.settings.FallbackHome} numActivities=0 lastActiveTime=181001 supportsMultiWindow=false resizeMode=0 isResizeable=false minWidth=-1 minHeight=-1 defaultMinSize=220 token=WCT{RemoteToken{3b5be89 Task{70f57d2 #5 type=home A=1000:com.android.settings.FallbackHome}}} topActivityType=2 pictureInPictureParams=null shouldDockBigOverlays=false launchIntoPipHostTaskId=-1 lastParentTaskIdBeforePip=-1 displayCutoutSafeInsets=null topActivityInfo=null launchCookies=[] positionInParent=Point(0, 0) parentTaskId=-1 isFocused=true isVisible=true isVisibleRequested=true isSleeping=false topActivityInSizeCompat=false topActivityEligibleForLetterboxEducation= false topActivityLetterboxed= false isFromDoubleTap= false topActivityLetterboxVerticalPosition= -1 topActivityLetterboxHorizontalPosition= -1 topActivityLetterboxWidth=-1 topActivityLetterboxHeight=-1 locusId=null displayAreaFeatureId=1 cameraCompatControlState=hidden}, remoteTransition = null, displayChange = null }
04-15 16:17:46.933 534 555 V WindowManager: startWCT=WindowContainerTransaction { changes = {} hops = [] errorCallbackToken=null taskFragmentOrganizer=null }
04-15 16:17:46.933 534 555 V WindowManager: info={id=3 t=CLOSE f=0x0 trk=0 r=[0@Point(0, 0)] c=[{WCT{RemoteToken{b660e8e Task{803031f #6 type=home A=10110:com.android.sdksetup}}} m=OPEN f=MOVE_TO_TOP leash=Surface(name=Task=6)/@0x6f1d853 sb=Rect(0, 0 - 1080, 2400) eb=Rect(0, 0 - 1080, 2400) d=0},{WCT{RemoteToken{3b5be89 Task{70f57d2 #5 type=home A=1000:com.android.settings.FallbackHome}}} m=CLOSE f=NONE leash=Surface(name=Task=5)/@0x9713042 sb=Rect(0, 0 - 1080, 2400) eb=Rect(0, 0 - 1080, 2400) d=0}]}
04-15 16:17:46.936 534 556 W Looper : Slow dispatch took 275ms android.ui h=com.android.server.am.ActivityManagerService$UiHandler c=com.android.server.am.UidObserverController$$ExternalSyntheticLambda0@892d72c m=0
04-15 16:17:46.948 534 555 I ActivityManager: Broadcast completed: result=0
04-15 16:17:46.978 0 0 W healthd : battery l=100 v=5000 t=25.0 h=2 st=2 c=900000 fc=3000000 cc=10 chg=a
04-15 16:17:47.041 1602 1602 I crash_dump64: obtaining output fd from tombstoned, type: kDebuggerdNativeBacktrace
04-15 16:17:47.048 328 328 D Zygote : Forked child process 1605
04-15 16:17:47.052 194 194 I tombstoned: received crash request for pid 155
04-15 16:17:47.052 194 194 I tombstoned: found intercept fd 512 for pid 155 and type kDebuggerdNativeBacktrace
04-15 16:17:47.057 1602 1602 I crash_dump64: performing dump of process 155 (target tid = 155)
04-15 16:17:47.067 886 939 W Looper : Slow dispatch took 1135ms BroadcastRunning h=com.android.systemui.broadcast.BroadcastDispatcher$handler$1 c=null m=0
04-15 16:17:47.130 534 566 W ActivityManager: Slow operation: 813ms so far, now at startProcess: returned from zygote!
04-15 16:17:47.206 534 608 E IPCThreadState: Binder transaction failure: 32539/29189/-22
04-15 16:17:47.214 0 0 E binder : invalid inc weak node for 28870
04-15 16:17:47.214 0 0 I binder : 534:608 IncRefs 0 refcount change on invalid ref 552 ret -22
04-15 16:17:47.214 0 0 E binder : invalid inc weak node for 28872
04-15 16:17:47.214 0 0 I binder : 534:608 IncRefs 0 refcount change on invalid ref 553 ret -22
04-15 16:17:47.214 0 0 I binder : 608:534 cannot find target node
04-15 16:17:47.214 0 0 I binder : 534:608 transaction async to 0:0 failed 32539/29189/-22, size 104-0 line 3210
04-15 16:17:47.212 194 194 W tombstoned: skipping tombstone file creation due to intercept
04-15 16:17:47.214 534 1373 I system_server: libdebuggerd_client: done dumping process 155
04-15 16:17:47.230 534 555 W Looper : Slow dispatch took 281ms android.fg h=android.os.Handler c=com.android.server.am.SameProcessApplicationThread$$ExternalSyntheticLambda1@e119c49 m=0
04-15 16:17:47.236 0 0 I init : Untracked pid 1602 exited with status 0
04-15 16:17:47.236 0 0 I init : Untracked pid 1602 did not have an associated service entry and will not be reaped
04-15 16:17:47.239 0 0 I binder : 608:534 reply target not found
04-15 16:17:47.241 534 1373 I ActivityManager: Collecting stacks for native pid 326
04-15 16:17:47.248 0 0 I init : Untracked pid 1604 exited with status 0
04-15 16:17:47.248 0 0 I init : Untracked pid 1604 did not have an associated service entry and will not be reaped
04-15 16:17:47.245 534 1373 I system_server: libdebuggerd_client: started dumping process 326
04-15 16:17:47.247 194 194 I tombstoned: registered intercept for pid 326 and type kDebuggerdNativeBacktrace
04-15 16:17:47.249 326 326 I libc : Requested dump for pid 326 (binder:326_2)
04-15 16:17:47.253 886 921 V WindowManagerShell: onTransitionReady android.os.BinderProxy@117ae76: {id=3 t=CLOSE f=0x0 trk=0 r=[0@Point(0, 0)] c=[{WCT{android.window.IWindowContainerToken$Stub$Proxy@f74e3e6} m=OPEN f=MOVE_TO_TOP leash=Surface(name=Task=6)/@0x61b874b sb=Rect(0, 0 - 1080, 2400) eb=Rect(0, 0 - 1080, 2400) d=0},{WCT{android.window.IWindowContainerToken$Stub$Proxy@c194d27} m=CLOSE f=NONE leash=Surface(name=Task=5)/@0xbf3a528 sb=Rect(0, 0 - 1080, 2400) eb=Rect(0, 0 - 1080, 2400) d=0}]}
04-15 16:17:47.254 886 921 V WindowManagerShell: Playing animation for (#3)android.os.BinderProxy@117ae76@0
04-15 16:17:47.255 886 921 V WindowManagerShell: try handler com.android.wm.shell.transition.DefaultMixedHandler@6b64533
04-15 16:17:47.263 886 921 V WindowManagerShell: try handler com.android.wm.shell.keyguard.KeyguardTransitionHandler@d2330f0
04-15 16:17:47.263 886 921 V WindowManagerShell: try handler com.android.wm.shell.activityembedding.ActivityEmbeddingController@a852669
04-15 16:17:47.268 886 921 V WindowManagerShell: try handler com.android.wm.shell.recents.RecentsTransitionHandler@a9b88ee
04-15 16:17:47.268 886 921 V ShellRecents: RecentsTransitionHandler.startAnimation: no controller found
04-15 16:17:47.269 886 921 V WindowManagerShell: try handler com.android.wm.shell.pip.PipTransition@e06018f
04-15 16:17:47.269 886 921 V WindowManagerShell: try handler com.android.wm.shell.splitscreen.StageCoordinator@a26c1c
04-15 16:17:47.269 886 921 V WindowManagerShell: try handler com.android.wm.shell.transition.RemoteTransitionHandler@bc0c025
04-15 16:17:47.270 886 921 V WindowManagerShell: Transition doesn't have explicit remote, search filters for match for {id=3 t=CLOSE f=0x0 trk=0 r=[0@Point(0, 0)] c=[{WCT{android.window.IWindowContainerToken$Stub$Proxy@f74e3e6} m=OPEN f=MOVE_TO_TOP leash=Surface(name=Task=6)/@0x61b874b sb=Rect(0, 0 - 1080, 2400) eb=Rect(0, 0 - 1080, 2400) d=0},{WCT{android.window.IWindowContainerToken$Stub$Proxy@c194d27} m=CLOSE f=NONE leash=Surface(name=Task=5)/@0xbf3a528 sb=Rect(0, 0 - 1080, 2400) eb=Rect(0, 0 - 1080, 2400) d=0}]}
04-15 16:17:47.270 886 921 V WindowManagerShell: Delegate animation for #3 to null
04-15 16:17:47.271 886 921 V WindowManagerShell: try handler com.android.wm.shell.transition.DefaultTransitionHandler@d3b45fa
04-15 16:17:47.271 886 921 V WindowManagerShell: start default transition animation, info = {id=3 t=CLOSE f=0x0 trk=0 r=[0@Point(0, 0)] c=[{WCT{android.window.IWindowContainerToken$Stub$Proxy@f74e3e6} m=OPEN f=MOVE_TO_TOP leash=Surface(name=Task=6)/@0x61b874b sb=Rect(0, 0 - 1080, 2400) eb=Rect(0, 0 - 1080, 2400) d=0},{WCT{android.window.IWindowContainerToken$Stub$Proxy@c194d27} m=CLOSE f=NONE leash=Surface(name=Task=5)/@0xbf3a528 sb=Rect(0, 0 - 1080, 2400) eb=Rect(0, 0 - 1080, 2400) d=0}]}
04-15 16:17:47.290 886 921 V WindowManagerShell: loadAnimation: anim=android.view.animation.AnimationSet@24394c3 animAttr=0xb type=CLOSE isEntrance=false
04-15 16:17:47.319 0 0 I init : Untracked pid 1532 received signal 1
04-15 16:17:47.355 0 0 I init : Untracked pid 1532 did not have an associated service entry and will not be reaped
04-15 16:17:47.375 534 620 D CompatibilityChangeReporter: Compat change id reported: 265195908; UID 10110; state: ENABLED
04-15 16:17:47.378 1605 1605 I receiver.module: Using CollectorTypeCC GC.
04-15 16:17:47.402 534 620 D CompatibilityChangeReporter: Compat change id reported: 265195908; UID 10078; state: ENABLED
04-15 16:17:47.420 1605 1605 W receiver.module: Unexpected CPU variant for x86: x86_64.
04-15 16:17:47.420 1605 1605 W receiver.module: Known variants: atom, sandybridge, silvermont, goldmont, goldmont-plus, tremont, kabylake, default
04-15 16:17:47.426 1543 1543 D CompatibilityChangeReporter: Compat change id reported: 205919743; UID 10072; state: ENABLED
04-15 16:17:47.449 534 607 W system_server: Long monitor contention with owner ActivityManager (565) at void com.android.server.am.AppProfiler$CachedAppsWatermarkData.updateCachedAppsSnapshot(long)(AppProfiler.java:550) waiters=1 in boolean com.android.server.am.ActivityManagerService.isUidActive(int, java.lang.String) for 261ms
04-15 16:17:47.452 534 836 W system_server: Long monitor contention with owner binder:534_5 (868) at void com.android.server.am.ContentProviderHelper.publishContentProviders(android.app.IApplicationThread, java.util.List)(ContentProviderHelper.java:784) waiters=1 in android.content.Intent com.android.server.am.ActivityManagerService.registerReceiverWithFeature(android.app.IApplicationThread, java.lang.String, java.lang.String, java.lang.String, android.content.IIntentReceiver, android.content.IntentFilter, java.lang.String, int, int) for 364ms
04-15 16:17:47.453 534 566 W system_server: Long monitor contention with owner binder:534_5 (868) at void com.android.server.am.ContentProviderHelper.publishContentProviders(android.app.IApplicationThread, java.util.List)(ContentProviderHelper.java:784) waiters=2 in void com.android.server.am.ProcessList.lambda$handleProcessStart$1(com.android.server.am.ProcessRecord, java.lang.String, int[], int, int, int, java.lang.String, java.lang.String, java.lang.String, long) for 322ms
04-15 16:17:47.461 534 566 W ActivityManager: Slow operation: 1144ms so far, now at startProcess: done updating battery stats
04-15 16:17:47.461 534 566 W ActivityManager: Slow operation: 1144ms so far, now at startProcess: building log message
04-15 16:17:47.461 534 566 I ActivityManager: Start proc 1605:com.android.cellbroadcastreceiver.module/u0a139 for broadcast {com.android.cellbroadcastreceiver.module/com.android.cellbroadcastreceiver.CellBroadcastReceiver}
04-15 16:17:47.461 534 566 W ActivityManager: Slow operation: 1145ms so far, now at startProcess: starting to update pids map
04-15 16:17:47.463 534 836 I BackupManagerService: isBackupEnabled() => false due to absent settings file
04-15 16:17:47.463 534 836 D BackupManagerService: user:0 readBackupEnableState enabled:false
04-15 16:17:47.463 534 836 I BackupManagerService: [UserID:0] Backup enabled => false
04-15 16:17:47.486 1605 1605 E receiver.module: Not starting debugger since process cannot load the jdwp agent.
04-15 16:17:47.488 534 566 W ActivityManager: Slow operation: 1171ms so far, now at startProcess: done updating pids map
04-15 16:17:47.488 534 1460 W system_server: Long monitor contention with owner binder:534_5 (868) at void com.android.server.am.ContentProviderHelper.publishContentProviders(android.app.IApplicationThread, java.util.List)(ContentProviderHelper.java:784) waiters=3 in void com.android.server.am.ActivityManagerService.finishReceiver(android.os.IBinder, int, java.lang.String, android.os.Bundle, boolean, int) for 347ms
04-15 16:17:47.491 534 555 I ActivityManager: Broadcast completed: result=0
04-15 16:17:47.494 534 534 W Looper : Slow dispatch took 625ms main h=com.android.server.pm.UserManagerService$MainHandler c=com.android.server.pm.UserManagerService$3@8ce1b68 m=0
04-15 16:17:47.514 534 1347 E IPCThreadState: Binder transaction failure: 32599/29189/-22
04-15 16:17:47.522 0 0 E binder : invalid inc weak node for 30978
04-15 16:17:47.522 0 0 I binder : 534:1347 IncRefs 0 refcount change on invalid ref 578 ret -22
04-15 16:17:47.522 0 0 E binder : invalid inc weak node for 30980
04-15 16:17:47.522 0 0 I binder : 534:1347 IncRefs 0 refcount change on invalid ref 579 ret -22
04-15 16:17:47.561 534 953 W system_server: Long monitor contention with owner binder:534_D (996) at int com.android.server.pm.permission.PermissionManagerServiceImpl.getPermissionFlagsInternal(java.lang.String, java.lang.String, int, int)(PermissionManagerServiceImpl.java:742) waiters=0 in int com.android.server.pm.permission.PermissionManagerServiceImpl.checkPermissionInternal(com.android.server.pm.pkg.AndroidPackage, boolean, java.lang.String, int) for 144ms
04-15 16:17:47.628 534 1463 I WifiService: addOrUpdateNetwork uid=10110
04-15 16:17:47.629 534 1463 I addOrUpdateNetworkInternal: uid = 10110 SSID "AndroidWifi" nid=-1
04-15 16:17:47.638 534 804 E WifiConfigManager: Cannot find network with networkId -1 or configKey "AndroidWifi"NONE or upgradable security type check
04-15 16:17:47.656 534 1460 D CompatibilityChangeReporter: Compat change id reported: 170503758; UID 10078; state: ENABLED
04-15 16:17:47.659 1556 1556 D CompatibilityChangeReporter: Compat change id reported: 3400644; UID 10078; state: ENABLED
04-15 16:17:47.685 534 534 W Looper : Slow dispatch took 190ms main h=com.android.server.pm.UserManagerService$MainHandler c=null m=1
04-15 16:17:47.757 1616 1616 I crash_dump64: obtaining output fd from tombstoned, type: kDebuggerdNativeBacktrace
04-15 16:17:47.773 194 194 I tombstoned: received crash request for pid 326
04-15 16:17:47.773 194 194 I tombstoned: found intercept fd 512 for pid 326 and type kDebuggerdNativeBacktrace
04-15 16:17:47.775 1616 1616 I crash_dump64: performing dump of process 326 (target tid = 326)
04-15 16:17:47.837 534 608 D CompatibilityChangeReporter: Compat change id reported: 161145287; UID 10072; state: ENABLED
04-15 16:17:47.858 1543 1543 D CompatibilityChangeReporter: Compat change id reported: 183155436; UID 10072; state: ENABLED
04-15 16:17:47.958 534 607 W system_server: Long monitor contention with owner SettingsProvider (628) at void com.android.providers.settings.SettingsState.doWriteState()(SettingsState.java:844) waiters=1 in com.android.providers.settings.SettingsState$Setting com.android.providers.settings.SettingsProvider.getGlobalSetting(java.lang.String) for 298ms
04-15 16:17:47.977 1543 1543 E StrictMode: Tried to access the API:LayoutInflater which needs to have proper configuration from a non-UI Context:com.android.documentsui.DocumentsApplication@43bd85e The API:LayoutInflater needs a proper configuration. Use UI contexts such as an activity or a context created via createWindowContext(Display, int, Bundle) or createConfigurationContext(Configuration) with a proper configuration.
04-15 16:17:47.977 1543 1543 E StrictMode: java.lang.IllegalAccessException: Tried to access the API:LayoutInflater which needs to have proper configuration from a non-UI Context:com.android.documentsui.DocumentsApplication@43bd85e
04-15 16:17:47.977 1543 1543 E StrictMode: at android.os.StrictMode.assertConfigurationContext(StrictMode.java:2332)
04-15 16:17:47.977 1543 1543 E StrictMode: at android.view.LayoutInflater.(LayoutInflater.java:260)
04-15 16:17:47.977 1543 1543 E StrictMode: at com.android.internal.policy.PhoneLayoutInflater.(PhoneLayoutInflater.java:44)
04-15 16:17:47.977 1543 1543 E StrictMode: at android.app.SystemServiceRegistry$33.createService(SystemServiceRegistry.java:560)
04-15 16:17:47.977 1543 1543 E StrictMode: at android.app.SystemServiceRegistry$33.createService(SystemServiceRegistry.java:557)
04-15 16:17:47.977 1543 1543 E StrictMode: at android.app.SystemServiceRegistry$CachedServiceFetcher.getService(SystemServiceRegistry.java:1971)
04-15 16:17:47.977 1543 1543 E StrictMode: at android.app.SystemServiceRegistry.getSystemService(SystemServiceRegistry.java:1645)
04-15 16:17:47.977 1543 1543 E StrictMode: at android.app.ContextImpl.getSystemService(ContextImpl.java:2212)
04-15 16:17:47.977 1543 1543 E StrictMode: at android.content.ContextWrapper.getSystemService(ContextWrapper.java:934)
04-15 16:17:47.977 1543 1543 E StrictMode: at android.view.LayoutInflater.from(LayoutInflater.java:288)
04-15 16:17:47.977 1543 1543 E StrictMode: at com.android.documentsui.DragShadowBuilder.(DragShadowBuilder.java:49)
04-15 16:17:47.977 1543 1543 E StrictMode: at com.android.documentsui.DragAndDropManager$RuntimeDragAndDropManager.(DragAndDropManager.java:195)
04-15 16:17:47.977 1543 1543 E StrictMode: at com.android.documentsui.DragAndDropManager$RuntimeDragAndDropManager.(DragAndDropManager.java:0)
04-15 16:17:47.977 1543 1543 E StrictMode: at com.android.documentsui.DragAndDropManager.create(DragAndDropManager.java:163)
04-15 16:17:47.977 1543 1543 E StrictMode: at com.android.documentsui.DocumentsApplication.onCreate(DocumentsApplication.java:147)
04-15 16:17:47.977 1543 1543 E StrictMode: at android.app.Instrumentation.callApplicationOnCreate(Instrumentation.java:1316)
04-15 16:17:47.977 1543 1543 E StrictMode: at android.app.ActivityThread.handleBindApplication(ActivityThread.java:6998)
04-15 16:17:47.977 1543 1543 E StrictMode: at android.app.ActivityThread.-$$Nest$mhandleBindApplication(Unknown Source:0)
04-15 16:17:47.977 1543 1543 E StrictMode: at android.app.ActivityThread$H.handleMessage(ActivityThread.java:2236)
04-15 16:17:47.977 1543 1543 E StrictMode: at android.os.Handler.dispatchMessage(Handler.java:106)
04-15 16:17:47.977 1543 1543 E StrictMode: at android.os.Looper.loopOnce(Looper.java:205)
04-15 16:17:47.977 1543 1543 E StrictMode: at android.os.Looper.loop(Looper.java:294)
04-15 16:17:47.977 1543 1543 E StrictMode: at android.app.ActivityThread.main(ActivityThread.java:8177)
04-15 16:17:47.977 1543 1543 E StrictMode: at java.lang.reflect.Method.invoke(Native Method)
04-15 16:17:47.977 1543 1543 E StrictMode: at com.android.internal.os.RuntimeInit$MethodAndArgsCaller.run(RuntimeInit.java:552)
04-15 16:17:47.977 1543 1543 E StrictMode: at com.android.internal.os.ZygoteInit.main(ZygoteInit.java:971)
04-15 16:17:48.006 534 804 E WifiConfigManager: Cannot find network with networkId -1 or configKey "AndroidWifi"NONE or upgradable security type check
