04-15 16:14:43.388 0 0 I bpfloader: Loaded object: /system/etc/bpf/gpuMem.o
04-15 16:14:43.391 0 0 D LibBpfLoader: Loading optional ELF object /system/etc/bpf/timeInState.o with license GPL
04-15 16:14:43.391 0 0 I LibBpfLoader: Section bpfloader_min_ver value is 28 [0x1c]
04-15 16:14:43.391 0 0 I LibBpfLoader: Section bpfloader_max_ver value is 65536 [0x10000]
04-15 16:14:43.392 0 0 D LibBpfLoader: Couldn't find section bpfloader_min_required_ver (defaulting to 0 [0x0]).
04-15 16:14:43.392 0 0 I LibBpfLoader: Section size_of_bpf_map_def value is 120 [0x78]
04-15 16:14:43.392 0 0 I LibBpfLoader: Section size_of_bpf_prog_def value is 92 [0x5c]
04-15 16:14:43.392 0 0 I LibBpfLoader: BpfLoader version 0x00026 processing ELF object /system/etc/bpf/timeInState.o with ver [0x0001c,0x10000)
04-15 16:14:43.400 0 0 D LibBpfLoader: Loaded code section 3 (tracepoint_sched_sched_switch)
04-15 16:14:43.401 0 0 D LibBpfLoader: Loaded relo section 3 (.reltracepoint/sched/sched_switch)
04-15 16:14:43.401 0 0 D LibBpfLoader: Adding section 3 to cs list
04-15 16:14:43.402 0 0 D LibBpfLoader: Loaded code section 5 (tracepoint_power_cpu_frequency)
04-15 16:14:43.404 0 0 D LibBpfLoader: Loaded relo section 5 (.reltracepoint/power/cpu_frequency)
04-15 16:14:43.404 0 0 D LibBpfLoader: Adding section 5 to cs list
04-15 16:14:43.404 0 0 D LibBpfLoader: Loaded code section 7 (tracepoint_sched_sched_process_free)
04-15 16:14:43.406 0 0 D LibBpfLoader: Loaded relo section 7 (.reltracepoint/sched/sched_process_free)
04-15 16:14:43.406 0 0 D LibBpfLoader: Adding section 7 to cs list
04-15 16:14:43.416 0 0 D LibBpfLoader: Couldn't find section btf_min_bpfloader_ver (defaulting to 0 [0x0]).
04-15 16:14:43.417 0 0 D LibBpfLoader: Couldn't find section btf_min_kernel_ver (defaulting to 0 [0x0]).
04-15 16:14:43.481 0 0 D LibBpfLoader: bpf_create_map name total_time_in_state_map, ret: 6
04-15 16:14:43.482 0 0 I LibBpfLoader: map /sys/fs/bpf/map_timeInState_total_time_in_state_map id 33
04-15 16:14:43.485 0 0 D LibBpfLoader: bpf_create_map name uid_time_in_state_map, ret: 8
04-15 16:14:43.485 0 0 I LibBpfLoader: map /sys/fs/bpf/map_timeInState_uid_time_in_state_map id 34
04-15 16:14:43.488 0 0 D LibBpfLoader: bpf_create_map name uid_concurrent_times_map, ret: 9
04-15 16:14:43.488 0 0 I LibBpfLoader: map /sys/fs/bpf/map_timeInState_uid_concurrent_times_map id 35
04-15 16:14:43.489 0 0 D LibBpfLoader: bpf_create_map name uid_last_update_map, ret: 10
04-15 16:14:43.489 0 0 I LibBpfLoader: map /sys/fs/bpf/map_timeInState_uid_last_update_map id 36
04-15 16:14:43.489 0 0 D LibBpfLoader: bpf_create_map name cpu_last_update_map, ret: 11
04-15 16:14:43.489 0 0 I LibBpfLoader: map /sys/fs/bpf/map_timeInState_cpu_last_update_map id 37
04-15 16:14:43.489 0 0 D LibBpfLoader: bpf_create_map name cpu_last_pid_map, ret: 12
04-15 16:14:43.490 0 0 I LibBpfLoader: map /sys/fs/bpf/map_timeInState_cpu_last_pid_map id 38
04-15 16:14:43.490 0 0 D LibBpfLoader: bpf_create_map name cpu_policy_map, ret: 13
04-15 16:14:43.490 0 0 I LibBpfLoader: map /sys/fs/bpf/map_timeInState_cpu_policy_map id 39
04-15 16:14:43.490 0 0 D LibBpfLoader: bpf_create_map name policy_freq_idx_map, ret: 14
04-15 16:14:43.490 0 0 I LibBpfLoader: map /sys/fs/bpf/map_timeInState_policy_freq_idx_map id 40
04-15 16:14:43.491 0 0 D LibBpfLoader: bpf_create_map name freq_to_idx_map, ret: 15
04-15 16:14:43.491 0 0 I LibBpfLoader: map /sys/fs/bpf/map_timeInState_freq_to_idx_map id 41
04-15 16:14:43.491 0 0 D LibBpfLoader: bpf_create_map name nr_active_map, ret: 16
04-15 16:14:43.491 0 0 I LibBpfLoader: map /sys/fs/bpf/map_timeInState_nr_active_map id 42
04-15 16:14:43.491 0 0 D LibBpfLoader: bpf_create_map name policy_nr_active_map, ret: 17
04-15 16:14:43.491 0 0 I LibBpfLoader: map /sys/fs/bpf/map_timeInState_policy_nr_active_map id 43
04-15 16:14:43.492 0 0 D LibBpfLoader: bpf_create_map name pid_tracked_hash_map, ret: 18
04-15 16:14:43.492 0 0 I LibBpfLoader: map /sys/fs/bpf/map_timeInState_pid_tracked_hash_map id 44
04-15 16:14:43.492 0 0 D LibBpfLoader: bpf_create_map name pid_tracked_map, ret: 19
04-15 16:14:43.492 0 0 I LibBpfLoader: map /sys/fs/bpf/map_timeInState_pid_tracked_map id 45
04-15 16:14:43.493 0 0 D LibBpfLoader: bpf_create_map name pid_task_aggregation_map, ret: 20
04-15 16:14:43.493 0 0 I LibBpfLoader: map /sys/fs/bpf/map_timeInState_pid_task_aggregation_map id 46
04-15 16:14:43.495 0 0 D LibBpfLoader: bpf_create_map name pid_time_in_state_map, ret: 21
04-15 16:14:43.495 0 0 I LibBpfLoader: map /sys/fs/bpf/map_timeInState_pid_time_in_state_map id 47
04-15 16:14:43.496 0 0 D LibBpfLoader: map_fd found at 0 is 6 in /system/etc/bpf/timeInState.o
04-15 16:14:43.496 0 0 D LibBpfLoader: map_fd found at 1 is 8 in /system/etc/bpf/timeInState.o
04-15 16:14:43.496 0 0 D LibBpfLoader: map_fd found at 2 is 9 in /system/etc/bpf/timeInState.o
04-15 16:14:43.496 0 0 D LibBpfLoader: map_fd found at 3 is 10 in /system/etc/bpf/timeInState.o
04-15 16:14:43.496 0 0 D LibBpfLoader: map_fd found at 4 is 11 in /system/etc/bpf/timeInState.o
04-15 16:14:43.496 0 0 D LibBpfLoader: map_fd found at 5 is 12 in /system/etc/bpf/timeInState.o
04-15 16:14:43.496 0 0 D LibBpfLoader: map_fd found at 6 is 13 in /system/etc/bpf/timeInState.o
04-15 16:14:43.496 0 0 D LibBpfLoader: map_fd found at 7 is 14 in /system/etc/bpf/timeInState.o
04-15 16:14:43.496 0 0 D LibBpfLoader: map_fd found at 8 is 15 in /system/etc/bpf/timeInState.o
04-15 16:14:43.497 0 0 D LibBpfLoader: map_fd found at 9 is 16 in /system/etc/bpf/timeInState.o
04-15 16:14:43.497 0 0 D LibBpfLoader: map_fd found at 10 is 17 in /system/etc/bpf/timeInState.o
04-15 16:14:43.497 0 0 D LibBpfLoader: map_fd found at 11 is 18 in /system/etc/bpf/timeInState.o
04-15 16:14:43.497 0 0 D LibBpfLoader: map_fd found at 12 is 19 in /system/etc/bpf/timeInState.o
04-15 16:14:43.497 0 0 D LibBpfLoader: map_fd found at 13 is 20 in /system/etc/bpf/timeInState.o
04-15 16:14:43.497 0 0 D LibBpfLoader: map_fd found at 14 is 21 in /system/etc/bpf/timeInState.o
04-15 16:14:43.521 0 0 D LibBpfLoader: cs[0].name:tracepoint_sched_sched_switch min_kver:0 .max_kver:ffffffff (kvers:6010017)
04-15 16:14:43.521 0 0 D LibBpfLoader: cs[0].name:tracepoint_sched_sched_switch requires bpfloader version [0x0001c,0x10000)
04-15 16:14:43.532 0 0 D LibBpfLoader: bpf_prog_load lib call for /system/etc/bpf/timeInState.o (tracepoint_sched_sched_switch) returned fd: 7 (no error)
04-15 16:14:43.533 0 0 I LibBpfLoader: prog /sys/fs/bpf/prog_timeInState_tracepoint_sched_sched_switch id 31
04-15 16:14:43.533 0 0 D LibBpfLoader: cs[1].name:tracepoint_power_cpu_frequency min_kver:0 .max_kver:ffffffff (kvers:6010017)
04-15 16:14:43.533 0 0 D LibBpfLoader: cs[1].name:tracepoint_power_cpu_frequency requires bpfloader version [0x0001c,0x10000)
04-15 16:14:43.538 0 0 D LibBpfLoader: bpf_prog_load lib call for /system/etc/bpf/timeInState.o (tracepoint_power_cpu_frequency) returned fd: 22 (no error)
04-15 16:14:43.539 0 0 I LibBpfLoader: prog /sys/fs/bpf/prog_timeInState_tracepoint_power_cpu_frequency id 32
04-15 16:14:43.539 0 0 D LibBpfLoader: cs[2].name:tracepoint_sched_sched_process_free min_kver:0 .max_kver:ffffffff (kvers:6010017)
04-15 16:14:43.539 0 0 D LibBpfLoader: cs[2].name:tracepoint_sched_sched_process_free requires bpfloader version [0x0001c,0x10000)
04-15 16:14:43.545 0 0 D LibBpfLoader: bpf_prog_load lib call for /system/etc/bpf/timeInState.o (tracepoint_sched_sched_process_free) returned fd: 23 (no error)
04-15 16:14:43.545 0 0 I LibBpfLoader: prog /sys/fs/bpf/prog_timeInState_tracepoint_sched_sched_process_free id 33
04-15 16:14:43.548 0 0 I bpfloader: Loaded object: /system/etc/bpf/timeInState.o
04-15 16:14:43.553 0 0 D LibBpfLoader: Loading critical for BPF Ringbuf test ELF object /system/etc/bpf/bpfRingbufProg.o with license Apache 2.0
04-15 16:14:43.553 0 0 I LibBpfLoader: Section bpfloader_min_ver value is 28 [0x1c]
04-15 16:14:43.554 0 0 I LibBpfLoader: Section bpfloader_max_ver value is 65536 [0x10000]
04-15 16:14:43.554 0 0 D LibBpfLoader: Couldn't find section bpfloader_min_required_ver (defaulting to 0 [0x0]).
04-15 16:14:43.554 0 0 I LibBpfLoader: Section size_of_bpf_map_def value is 120 [0x78]
04-15 16:14:43.555 0 0 I LibBpfLoader: Section size_of_bpf_prog_def value is 92 [0x5c]
04-15 16:14:43.555 0 0 I LibBpfLoader: BpfLoader version 0x00026 processing ELF object /system/etc/bpf/bpfRingbufProg.o with ver [0x0001c,0x10000)
04-15 16:14:43.564 0 0 D LibBpfLoader: Loaded code section 3 (skfilter_ringbuf_test)
04-15 16:14:43.566 0 0 D LibBpfLoader: Loaded relo section 3 (.relskfilter/ringbuf_test)
04-15 16:14:43.566 0 0 D LibBpfLoader: Adding section 3 to cs list
04-15 16:14:43.573 0 0 D LibBpfLoader: Couldn't find section btf_min_bpfloader_ver (defaulting to 0 [0x0]).
04-15 16:14:43.573 0 0 D LibBpfLoader: Couldn't find section btf_min_kernel_ver (defaulting to 0 [0x0]).
04-15 16:14:43.574 0 0 D LibBpfLoader: bpf_create_map name test_ringbuf, ret: 6
04-15 16:14:43.574 0 0 I LibBpfLoader: map /sys/fs/bpf/map_bpfRingbufProg_test_ringbuf id 48
04-15 16:14:43.574 0 0 D LibBpfLoader: map_fd found at 0 is 6 in /system/etc/bpf/bpfRingbufProg.o
04-15 16:14:43.576 0 0 D LibBpfLoader: cs[0].name:skfilter_ringbuf_test min_kver:5080000 .max_kver:ffffffff (kvers:6010017)
04-15 16:14:43.576 0 0 D LibBpfLoader: cs[0].name:skfilter_ringbuf_test requires bpfloader version [0x0001c,0x10000)
04-15 16:14:43.581 0 0 D LibBpfLoader: bpf_prog_load lib call for /system/etc/bpf/bpfRingbufProg.o (skfilter_ringbuf_test) returned fd: 7 (no error)
04-15 16:14:43.582 0 0 I LibBpfLoader: prog /sys/fs/bpf/prog_bpfRingbufProg_skfilter_ringbuf_test id 34
04-15 16:14:43.582 0 0 I bpfloader: Loaded object: /system/etc/bpf/bpfRingbufProg.o
04-15 16:14:43.589 0 0 I init : Service 'bpfloader' (pid 314) exited with status 0 waiting took 2.009000 seconds
04-15 16:14:43.589 0 0 I init : Sending signal 9 to service 'bpfloader' (pid 314) process group...
04-15 16:14:43.589 0 0 I libprocessgroup: Successfully killed process cgroup uid 0 pid 314 in 0ms
04-15 16:14:43.592 0 0 I init : Untracked pid 317 received signal 9
04-15 16:14:43.592 0 0 I init : Untracked pid 317 did not have an associated service entry and will not be reaped
04-15 16:14:43.593 0 0 I init : processing action (ro.crypto.state=encrypted && ro.crypto.type=file && zygote-start) from (/system/etc/init/hw/init.rc:1090)
04-15 16:14:43.593 0 0 I init : start_waiting_for_property("odsign.verification.done", "1"): already set
04-15 16:14:43.594 0 0 I init : starting service 'update_verifier_nonencrypted'...
04-15 16:14:43.636 0 0 I init : ... started service 'update_verifier_nonencrypted' has pid 325
04-15 16:14:43.636 0 0 I init : SVC_EXEC service 'update_verifier_nonencrypted' pid 325 (uid 0 gid 2001+1 context default) started; waiting...
04-15 16:14:43.712 0 0 I init : Service 'update_verifier_nonencrypted' (pid 325) exited with status 0 waiting took 0.114000 seconds
04-15 16:14:43.712 0 0 I init : Sending signal 9 to service 'update_verifier_nonencrypted' (pid 325) process group...
04-15 16:14:43.713 0 0 I libprocessgroup: Successfully killed process cgroup uid 0 pid 325 in 0ms
04-15 16:14:43.718 0 0 I init : starting service 'statsd'...
04-15 16:14:43.721 0 0 I init : Created socket '/dev/socket/statsdw', mode 222, user 1066, group 1066
04-15 16:14:43.755 0 0 I init : ... started service 'statsd' has pid 326
04-15 16:14:43.758 0 0 I init : starting service 'netd'...
04-15 16:14:43.759 0 0 I init : Created socket '/dev/socket/dnsproxyd', mode 660, user 0, group 3003
04-15 16:14:43.760 0 0 I init : Created socket '/dev/socket/mdns', mode 660, user 0, group 1000
04-15 16:14:43.761 0 0 I init : Created socket '/dev/socket/fwmarkd', mode 660, user 0, group 3003
04-15 16:14:43.791 0 0 I init : ... started service 'netd' has pid 327
04-15 16:14:43.795 0 0 I init : starting service 'zygote'...
04-15 16:14:43.800 0 0 I init : Created socket '/dev/socket/zygote', mode 660, user 0, group 1000
04-15 16:14:43.801 0 0 I init : Created socket '/dev/socket/usap_pool_primary', mode 660, user 0, group 1000
04-15 16:14:43.819 0 0 I init : ... started service 'zygote' has pid 328
04-15 16:14:43.820 0 0 I init : Command 'start zygote_secondary' action=ro.crypto.state=encrypted && ro.crypto.type=file && zygote-start (/system/etc/init/hw/init.rc:1097) took 0ms and failed: service zygote_secondary not found
04-15 16:14:43.820 0 0 I init : processing action (zygote-start) from (/vendor/etc/init/hw/init.ranchu.rc:68)
04-15 16:14:43.834 0 0 I init : processing action (firmware_mounts_complete) from (/system/etc/init/hw/init.rc:528)
04-15 16:14:43.835 0 0 I init : processing action (early-boot) from (/system/etc/init/installd.rc:7)
04-15 16:14:43.927 0 0 I init : processing action (boot) from (/system/etc/init/hw/init.rc:1104)
04-15 16:14:43.952 0 0 I init : Command 'symlink /sys/fs/f2fs/${dev.mnt.dev.data} /dev/sys/fs/by-name/userdata' action=boot (/system/etc/init/hw/init.rc:1127) took 0ms and failed: property 'dev.mnt.dev.data' doesn't exist while expanding '/sys/fs/f2fs/${dev.mnt.dev.data}'
04-15 16:14:43.957 0 0 I init : Command 'symlink /sys/class/block/${dev.mnt.dev.data} /dev/sys/block/by-name/userdata' action=boot (/system/etc/init/hw/init.rc:1132) took 0ms and failed: property 'dev.mnt.dev.data' doesn't exist while expanding '/sys/class/block/${dev.mnt.dev.data}'
04-15 16:14:43.958 0 0 I init : Command 'symlink /sys/class/block/${dev.mnt.rootdisk.data} /dev/sys/block/by-name/rootdisk' action=boot (/system/etc/init/hw/init.rc:1133) took 0ms and failed: property 'dev.mnt.rootdisk.data' doesn't exist while expanding '/sys/class/block/${dev.mnt.rootdisk.data}'
04-15 16:14:43.972 0 0 I init : starting service 'hidl_memory'...
04-15 16:14:44.022 0 0 I init : ... started service 'hidl_memory' has pid 329
04-15 16:14:44.023 0 0 I init : starting service 'vendor.audio-hal'...
04-15 16:14:44.279 329 329 I HidlServiceManagement: Registered android.hidl.allocator@1.0::IAllocator/ashmem
04-15 16:14:44.295 329 329 I HidlServiceManagement: Removing namespace from process name android.hidl.allocator@1.0-service to allocator@1.0-service.
04-15 16:14:44.317 0 0 I init : ... started service 'vendor.audio-hal' has pid 330
04-15 16:14:44.318 0 0 I init : starting service 'vendor.authsecret_default'...
04-15 16:14:44.445 326 326 I ServiceManagerCppClient: Waiting for service 'statscompanion' on '/dev/binder'...
04-15 16:14:44.547 0 0 I init : ... started service 'vendor.authsecret_default' has pid 331
04-15 16:14:44.550 0 0 I init : starting service 'vendor.camera-provider-ranchu'...
04-15 16:14:44.655 0 0 I init : ... started service 'vendor.camera-provider-ranchu' has pid 335
04-15 16:14:44.689 0 0 I init : starting service 'vendor.camera-provider-2-7-google'...
04-15 16:14:44.819 0 0 I init : ... started service 'vendor.camera-provider-2-7-google' has pid 336
04-15 16:14:44.836 0 0 I init : starting service 'vendor.gatekeeper-1-0'...
04-15 16:14:44.966 0 0 I servicemanager: getDeviceHalManifest: Reloading VINTF information.
04-15 16:14:44.967 0 0 I servicemanager: getDeviceHalManifest: Reading VINTF information.
04-15 16:14:45.043 0 0 I servicemanager: getDeviceHalManifest: Successfully processed VINTF information
04-15 16:14:45.044 0 0 I servicemanager: Found android.hardware.authsecret.IAuthSecret/default in device VINTF manifest.
04-15 16:14:45.091 0 0 I init : ... started service 'vendor.gatekeeper-1-0' has pid 337
04-15 16:14:45.103 0 0 I init : starting service 'vendor.gralloc-3-0'...
04-15 16:14:45.159 0 0 I init : ... started service 'vendor.gralloc-3-0' has pid 338
04-15 16:14:45.174 0 0 I init : starting service 'vendor.health-default'...
04-15 16:14:45.307 0 0 I init : ... started service 'vendor.health-default' has pid 339
04-15 16:14:45.311 0 0 I init : starting service 'android-hardware-media-c2-goldfish-hal-1-0'...
04-15 16:14:45.505 0 0 I init : ... started service 'android-hardware-media-c2-goldfish-hal-1-0' has pid 340
04-15 16:14:45.506 0 0 I init : starting service 'neuralnetworks_hal_service_aidl_sample_all'...
04-15 16:14:45.588 327 327 I netdClient: Skipping libnetd_client init since *we* are netd
04-15 16:14:45.625 133 133 I hwservicemanager: getDeviceHalManifest: Reloading VINTF information.
04-15 16:14:45.634 133 133 I hwservicemanager: getDeviceHalManifest: Reading VINTF information.
04-15 16:14:45.666 0 0 I init : ... started service 'neuralnetworks_hal_service_aidl_sample_all' has pid 343
04-15 16:14:45.667 0 0 I init : starting service 'neuralnetworks_hal_service_aidl_sample_limited'...
04-15 16:14:45.943 0 0 I init : ... started service 'neuralnetworks_hal_service_aidl_sample_limited' has pid 344
04-15 16:14:45.947 0 0 I init : starting service 'neuralnetworks_hal_service_shim_sample'...
04-15 16:14:46.023 133 133 I hwservicemanager: getDeviceHalManifest: Successfully processed VINTF information
04-15 16:14:46.126 0 0 I init : ... started service 'neuralnetworks_hal_service_shim_sample' has pid 345
04-15 16:14:46.127 0 0 I init : starting service 'vendor.sensors-hal-multihal'...
04-15 16:14:46.303 0 0 W healthd : batteryCapacityLevelPath not found
04-15 16:14:46.303 0 0 W healthd : batteryChargeTimeToFullNowPath. not found
04-15 16:14:46.303 0 0 W healthd : batteryFullChargeDesignCapacityUahPath. not found
04-15 16:14:46.303 0 0 W healthd : batteryStateOfHealthPath not found
04-15 16:14:46.303 0 0 W healthd : batteryHealthStatusPath not found
04-15 16:14:46.303 0 0 W healthd : batteryManufacturingDatePath not found
04-15 16:14:46.303 0 0 W healthd : batteryFirstUsageDatePath not found
04-15 16:14:46.303 0 0 W healthd : chargingStatePath not found
04-15 16:14:46.303 0 0 W healthd : chargingPolicyPath not found
04-15 16:14:46.335 0 0 I init : ... started service 'vendor.sensors-hal-multihal' has pid 346
04-15 16:14:46.338 0 0 I init : starting service 'vendor.thermal-hal-2-0-mock'...
04-15 16:14:46.379 327 327 I netd : netd 1.0 starting
04-15 16:14:46.495 339 339 I android.hardware.health-service.example: Starting health HAL.
04-15 16:14:46.635 339 339 I android.hardware.health-service.example: default instance initializing with healthd_config...
04-15 16:14:46.657 327 327 I netd : Pid file removed
04-15 16:14:46.657 327 327 I netd : SIGPIPE is blocked
04-15 16:14:46.658 327 327 I netd : setCloseOnExec(dnsproxyd)
04-15 16:14:46.658 327 327 I netd : setCloseOnExec(fwmarkd)
04-15 16:14:46.659 327 327 I netd : setCloseOnExec(mdns)
04-15 16:14:46.726 327 327 I NetdUpdatable: libnetd_updatable_init: Initializing
04-15 16:14:46.726 327 327 I BpfHandler: BPF programs are loaded
04-15 16:14:46.756 327 327 I BpfHandler: initMaps successfully
04-15 16:14:46.757 327 327 I netd : libnetd_updatable_init success
04-15 16:14:46.762 0 0 I init : ... started service 'vendor.thermal-hal-2-0-mock' has pid 347
04-15 16:14:46.763 0 0 I init : starting service 'vendor.usb_default'...
04-15 16:14:46.762 327 327 I netd : NetlinkManager instanced
04-15 16:14:46.762 327 327 I netd : enter NetworkController ctor
04-15 16:14:46.765 327 327 E TcUtils : NLMSG_ERROR message return error: -2
04-15 16:14:46.767 327 327 E TcUtils : NLMSG_ERROR message return error: -2
04-15 16:14:46.769 327 327 E TcUtils : NLMSG_ERROR message return error: -2
04-15 16:14:46.769 327 327 E TcUtils : NLMSG_ERROR message return error: -2
04-15 16:14:46.770 327 327 E TcUtils : NLMSG_ERROR message return error: -2
04-15 16:14:46.770 327 327 E TcUtils : NLMSG_ERROR message return error: -2
04-15 16:14:46.771 327 327 E TcUtils : NLMSG_ERROR message return error: -2
04-15 16:14:46.771 327 327 E TcUtils : NLMSG_ERROR message return error: -2
04-15 16:14:46.784 0 0 I servicemanager: Found android.hardware.health.IHealth/default in device VINTF manifest.
04-15 16:14:46.782 327 327 E TcUtils : NLMSG_ERROR message return error: -2
04-15 16:14:46.783 327 327 E TcUtils : NLMSG_ERROR message return error: -2
04-15 16:14:46.783 327 327 E TcUtils : NLMSG_ERROR message return error: -2
04-15 16:14:46.785 327 327 E TcUtils : NLMSG_ERROR message return error: -2
04-15 16:14:46.785 327 327 E TcUtils : NLMSG_ERROR message return error: -2
04-15 16:14:46.786 327 327 E TcUtils : NLMSG_ERROR message return error: -2
04-15 16:14:46.786 327 327 E TcUtils : NLMSG_ERROR message return error: -2
04-15 16:14:46.787 327 327 E TcUtils : NLMSG_ERROR message return error: -2
04-15 16:14:46.787 327 327 I netd : leave NetworkController ctor
04-15 16:14:46.787 327 327 I netd : enter TetherController ctor
04-15 16:14:46.804 327 327 D TetherController: Setting IP forward enable = 0
04-15 16:14:46.818 327 327 I netd : leave TetherController ctor
04-15 16:14:46.894 337 337 I HidlServiceManagement: Registered android.hardware.gatekeeper@1.0::IGatekeeper/default
04-15 16:14:46.904 339 339 I android.hardware.health-service.example: default: Hal init done
04-15 16:14:47.037 0 0 W healthd : battery l=100 v=5000 t=25.0 h=2 st=2 c=900000 fc=3000000 cc=10 chg=a
04-15 16:14:47.071 337 337 I HidlServiceManagement: Removing namespace from process name android.hardware.gatekeeper@1.0-service.software to gatekeeper@1.0-service.software.
04-15 16:14:47.154 0 0 I init : ... started service 'vendor.usb_default' has pid 351
04-15 16:14:47.155 0 0 I init : starting service 'vendor.wifi_hal_legacy'...
04-15 16:14:47.669 0 0 I init : ... started service 'vendor.wifi_hal_legacy' has pid 352
04-15 16:14:47.670 0 0 I init : starting service 'vendor.bluetooth-default'...
04-15 16:14:47.726 347 347 I android.hardware.thermal@2.0-service-mock: Thermal HAL Service Mock 2.0 starting...
04-15 16:14:47.856 347 347 I HidlServiceManagement: Registered android.hardware.thermal@2.0::IThermal/default
04-15 16:14:47.858 347 347 I HidlServiceManagement: Removing namespace from process name android.hardware.thermal@2.0-service.mock to thermal@2.0-service.mock.
04-15 16:14:47.859 347 347 I android.hardware.thermal@2.0-service-mock: Thermal Service started successfully.
04-15 16:14:47.952 0 0 I init : ... started service 'vendor.bluetooth-default' has pid 353
04-15 16:14:47.953 0 0 I init : starting service 'vendor.cas-default'...
04-15 16:14:47.985 345 345 I Manager : DeviceManager::DeviceManager
04-15 16:14:47.987 345 345 I Manager : findAvailableDevices
04-15 16:14:47.996 345 345 I Manager : Enabled devices: .*
04-15 16:14:48.031 0 0 I init : ... started service 'vendor.cas-default' has pid 354
04-15 16:14:48.032 0 0 I init : starting service 'vendor.contexthub-default'...
04-15 16:14:48.125 0 0 I servicemanager: Found android.hardware.camera.provider.ICameraProvider/internal/1 in device VINTF manifest.
04-15 16:14:48.190 345 345 I Manager : Found interface nnapi-sample_sl (version = JUST_AN_EXAMPLE)
04-15 16:14:48.213 345 345 I ShimDeviceManager: Attempting service registration for android.hardware.neuralnetworks.IDevice/nnapi-sample_sl_shim
04-15 16:14:48.256 0 0 I servicemanager: Found android.hardware.usb.IUsb/default in device VINTF manifest.
04-15 16:14:48.268 0 0 I servicemanager: Found android.hardware.neuralnetworks.IDevice/nnapi-sample_sl_shim in device VINTF manifest.
04-15 16:14:48.281 345 345 I ShimDeviceManager: 1 NNAPI Devices/services registered, blocking
04-15 16:14:48.302 0 0 I init : ... started service 'vendor.contexthub-default' has pid 357
04-15 16:14:48.303 0 0 I init : starting service 'vendor.face-default'...
04-15 16:14:48.337 327 327 I netd : Creating child chains: 1201559us
04-15 16:14:48.338 327 327 I netd : Setting up OEM hooks: 751us
04-15 16:14:48.344 327 327 I netd : Setting up FirewallController hooks: 6697us
04-15 16:14:48.357 327 327 I netd : Setting up TetherController hooks: 13047us
04-15 16:14:48.364 327 327 I netd : Setting up BandwidthController hooks: 6651us
04-15 16:14:48.364 327 327 I netd : Setting up IdletimerController hooks: 311us
04-15 16:14:48.431 327 327 I netd : Setting up StrictController hooks: 55153us
04-15 16:14:48.442 0 0 I init : ... started service 'vendor.face-default' has pid 358
04-15 16:14:48.443 0 0 I init : starting service 'vendor.hwcomposer-3'...
04-15 16:14:48.596 327 327 I netd : Enabling bandwidth control: 164734us
04-15 16:14:48.616 0 0 I servicemanager: Found android.hardware.neuralnetworks.IDevice/nnapi-sample_quant in device VINTF manifest.
04-15 16:14:48.650 0 0 I init : ... started service 'vendor.hwcomposer-3' has pid 359
04-15 16:14:48.651 0 0 I init : starting service 'vendor.identity-default'...
04-15 16:14:48.683 327 327 I netd : Initializing RouteController: 86466us
04-15 16:14:48.725 330 330 I HidlServiceManagement: Registered android.hardware.audio@7.1::IDevicesFactory/default
04-15 16:14:48.726 327 327 D XfrmController: XfrmController::ipSecAddXfrmInterface, line=1497
04-15 16:14:48.737 330 330 I HidlServiceManagement: Removing namespace from process name android.hardware.audio.service to audio.service.
04-15 16:14:48.754 330 330 I LegacySupport: Registration complete for android.hardware.audio@7.1::IDevicesFactory/default.
04-15 16:14:48.808 0 0 I init : ... started service 'vendor.identity-default' has pid 361
04-15 16:14:48.809 0 0 I init : starting service 'vendor.light-default'...
04-15 16:14:48.919 352 352 I android.hardware.wifi-service: Wifi Hal is booting up...
04-15 16:14:48.942 327 327 D XfrmController: XfrmController::ipSecRemoveTunnelInterface, line=1710
04-15 16:14:48.942 327 327 D XfrmController: deviceName=ipsec_test
04-15 16:14:48.949 338 338 I HidlServiceManagement: Registered android.hardware.graphics.allocator@3.0::IAllocator/default
04-15 16:14:49.006 0 0 I init : ... started service 'vendor.light-default' has pid 365
04-15 16:14:48.951 338 338 I HidlServiceManagement: Removing namespace from process name android.hardware.graphics.allocator@3.0-service.ranchu to allocator@3.0-service.ranchu.
04-15 16:14:49.030 327 327 D XfrmController: Sending Netlink XFRM Message: XFRM_MSG_FLUSHSA
04-15 16:14:49.031 327 327 D XfrmController: Sending Netlink XFRM Message: XFRM_MSG_FLUSHPOLICY
04-15 16:14:49.032 327 327 I netd : Initializing XfrmController: 349681us
04-15 16:14:49.007 0 0 I init : starting service 'vendor.power-default'...
04-15 16:14:49.013 0 0 I servicemanager: Found android.hardware.wifi.IWifi/default in device VINTF manifest.
04-15 16:14:49.123 352 352 I android.hardware.wifi-service: Joining RPC thread pool
04-15 16:14:49.140 327 327 I resolv : resolv_init: Initializing resolver
04-15 16:14:49.177 338 338 I android.hardware.graphics.allocator@3.0-service.ranchu: graphics IAllocator@3.0 service is initialized
04-15 16:14:49.266 0 0 I init : ... started service 'vendor.power-default' has pid 373
04-15 16:14:49.267 0 0 I init : starting service 'vendor.power.stats-default'...
04-15 16:14:49.374 346 346 I android.hardware.sensors@2.1-impl.ranchu: MultihalSensors:74: host sensors mask=207ff, available sensors mask=207ff
04-15 16:14:49.403 346 346 E SensorsMultiHal: Failed to load subHal config file: /odm/etc/sensors/hals.conf
04-15 16:14:49.433 0 0 I servicemanager: Found android.hardware.sensors.ISensors/default in device VINTF manifest.
04-15 16:14:49.485 326 326 W ServiceManagerCppClient: Service statscompanion didn't start. Returning NULL
04-15 16:14:49.486 326 326 I statsd : Statsd starts to listen to socket.
04-15 16:14:49.525 336 336 I android.hardware.pixel.camera.provider@2.7-service: Google camera provider service is starting.
04-15 16:14:49.526 336 336 E ProcessState: vndservicemanager is not started on this device, you can save resources/threads by not initializing ProcessState with /dev/vndbinder.
04-15 16:14:49.533 336 336 I android.hardware.pixel.camera.provider@2.7-service: Not using ApexUpdateListener since not running in an apex.
04-15 16:14:49.539 327 327 I netd : Registering NetdNativeService: 60253us
04-15 16:14:49.563 0 0 I init : ... started service 'vendor.power.stats-default' has pid 376
04-15 16:14:49.580 327 327 I netd : Registering MDnsService: 40722us
04-15 16:14:49.602 0 0 I servicemanager: Found android.hardware.neuralnetworks.IDevice/nnapi-sample_all in device VINTF manifest.
04-15 16:14:49.604 0 0 I init : starting service 'vendor.rebootescrow-default'...
04-15 16:14:49.626 336 336 I GCH_CameraProvider: CreateHwl:Loading libgooglecamerahwl_impl.so library
04-15 16:14:49.629 0 0 I servicemanager: Found android.system.net.netd.INetd/default in framework VINTF manifest.
04-15 16:14:49.717 327 327 I HidlServiceManagement: Registered android.system.net.netd@1.1::INetd/default
04-15 16:14:49.719 327 327 I netd : Registering NetdHwService: 138883us
04-15 16:14:49.719 327 327 I netd : Netd started in 3341146us
04-15 16:14:49.720 330 330 I HidlServiceManagement: Registered android.hardware.audio.effect@7.0::IEffectsFactory/default
04-15 16:14:49.720 330 330 I LegacySupport: Registration complete for android.hardware.audio.effect@7.0::IEffectsFactory/default.
04-15 16:14:49.797 0 0 I init : ... started service 'vendor.rebootescrow-default' has pid 388
04-15 16:14:49.798 0 0 I init : starting service 'vendor.vibrator-default'...
04-15 16:14:49.808 133 133 I hwservicemanager: getTransport: Cannot find entry android.hardware.soundtrigger@2.3::ISoundTriggerHw/default in either framework or device VINTF manifest.
04-15 16:14:49.813 330 330 E LegacySupport: Could not get passthrough implementation for android.hardware.soundtrigger@2.3::ISoundTriggerHw/default.
04-15 16:14:49.814 133 133 I hwservicemanager: getTransport: Cannot find entry android.hardware.soundtrigger@2.2::ISoundTriggerHw/default in either framework or device VINTF manifest.
04-15 16:14:49.814 330 330 E LegacySupport: Could not get passthrough implementation for android.hardware.soundtrigger@2.2::ISoundTriggerHw/default.
04-15 16:14:49.815 133 133 I hwservicemanager: getTransport: Cannot find entry android.hardware.soundtrigger@2.1::ISoundTriggerHw/default in either framework or device VINTF manifest.
04-15 16:14:49.815 330 330 E LegacySupport: Could not get passthrough implementation for android.hardware.soundtrigger@2.1::ISoundTriggerHw/default.
04-15 16:14:49.832 133 133 I hwservicemanager: getTransport: Cannot find entry android.hardware.soundtrigger@2.0::ISoundTriggerHw/default in either framework or device VINTF manifest.
04-15 16:14:49.833 330 330 E LegacySupport: Could not get passthrough implementation for android.hardware.soundtrigger@2.0::ISoundTriggerHw/default.
04-15 16:14:49.833 330 330 W audiohalservice: Could not register Soundtrigger API
04-15 16:14:49.834 133 133 I hwservicemanager: getTransport: Cannot find entry android.hardware.bluetooth.audio@2.2::IBluetoothAudioProvidersFactory/default in either framework or device VINTF manifest.
04-15 16:14:49.834 330 330 E LegacySupport: Could not get passthrough implementation for android.hardware.bluetooth.audio@2.2::IBluetoothAudioProvidersFactory/default.
04-15 16:14:49.835 133 133 I hwservicemanager: getTransport: Cannot find entry android.hardware.bluetooth.audio@2.1::IBluetoothAudioProvidersFactory/default in either framework or device VINTF manifest.
04-15 16:14:49.844 330 330 E LegacySupport: Could not get passthrough implementation for android.hardware.bluetooth.audio@2.1::IBluetoothAudioProvidersFactory/default.
04-15 16:14:49.935 133 133 I hwservicemanager: getTransport: Cannot find entry android.hardware.bluetooth.audio@2.0::IBluetoothAudioProvidersFactory/default in either framework or device VINTF manifest.
04-15 16:14:49.946 0 0 I servicemanager: Found android.hardware.contexthub.IContextHub/default in device VINTF manifest.
04-15 16:14:49.957 330 330 E LegacySupport: Could not get passthrough implementation for android.hardware.bluetooth.audio@2.0::IBluetoothAudioProvidersFactory/default.
04-15 16:14:49.957 330 330 W audiohalservice: Could not register Bluetooth Audio API
04-15 16:14:49.961 133 133 I hwservicemanager: getTransport: Cannot find entry android.hardware.bluetooth.a2dp@1.0::IBluetoothAudioOffload/default in either framework or device VINTF manifest.
04-15 16:14:49.962 330 330 E LegacySupport: Could not get passthrough implementation for android.hardware.bluetooth.a2dp@1.0::IBluetoothAudioOffload/default.
04-15 16:14:49.993 330 330 W audiohalservice: Could not register Bluetooth Audio Offload API
04-15 16:14:50.015 0 0 I init : ... started service 'vendor.vibrator-default' has pid 390
04-15 16:14:50.016 0 0 I init : Command 'class_start hal' action=boot (/system/etc/init/hw/init.rc:1210) took 6044ms and succeeded
04-15 16:14:50.109 0 0 I init : service 'ueventd' requested start, but it is already running (flags: 2084)
04-15 16:14:50.109 0 0 I init : service 'console' requested start, but it is already running (flags: 2196)
04-15 16:14:50.109 0 0 I init : service 'apexd' requested start, but it is already running (flags: 134)
04-15 16:14:50.111 0 0 I init : starting service 'audioserver'...
04-15 16:14:50.112 353 353 I aidl.android.hardware.bluetooth.service.default: Bluetooth HAL starting
04-15 16:14:50.146 0 0 I servicemanager: Found android.hardware.bluetooth.IBluetoothHci/default in device VINTF manifest.
04-15 16:14:50.271 0 0 I servicemanager: Found android.hardware.cas.IMediaCasService/default in device VINTF manifest.
04-15 16:14:50.306 0 0 I init : ... started service 'audioserver' has pid 391
04-15 16:14:50.307 0 0 I init : starting service 'credstore'...
04-15 16:14:50.316 0 0 I servicemanager: Found android.hardware.identity.IIdentityCredentialStore/default in device VINTF manifest.
04-15 16:14:50.529 155 166 I keystore2: system/security/keystore2/src/watchdog.rs:319 - Watchdog thread idle -> terminating. Have a great day.
04-15 16:14:50.587 0 0 I servicemanager: Found android.hardware.bluetooth.audio.IBluetoothAudioProviderFactory/default in device VINTF manifest.
04-15 16:14:50.637 0 0 I servicemanager: Found android.hardware.light.ILights/default in device VINTF manifest.
04-15 16:14:50.647 330 330 I audiohalservice: createIBluetoothAudioProviderFactory() from android.hardware.bluetooth.audio-impl success
04-15 16:14:50.649 330 330 E audiohalservice: Failed to dlopen android.hardware.audio.sounddose-vendor-impl.so: dlopen failed: library "android.hardware.audio.sounddose-vendor-impl.so" not found
04-15 16:14:50.669 358 358 I android.hardware.biometrics.face-service.example: Face HAL started
04-15 16:14:50.672 330 330 W audiohalservice: createISoundDoseFactory() from android.hardware.audio.sounddose-vendor-impl failed
04-15 16:14:50.686 0 0 I init : ... started service 'credstore' has pid 392
04-15 16:14:50.687 0 0 I init : starting service 'gpu'...
04-15 16:14:50.758 0 0 I servicemanager: Found android.hardware.rebootescrow.IRebootEscrow/default in device VINTF manifest.
04-15 16:14:50.756 336 336 I EmulatedCameraProviderHwlImpl: Create: Created EmulatedCameraProviderHwlImpl
04-15 16:14:50.764 336 336 E GCH_CameraProvider: Initialize: HWL doesn't support vendor buffer allocation Function not implemented(-38)
04-15 16:14:50.838 0 0 I servicemanager: Found android.hardware.biometrics.face.IFace/default in device VINTF manifest.
04-15 16:14:50.850 0 0 I servicemanager: Found android.hardware.camera.provider.ICameraProvider/internal/0 in device VINTF manifest.
04-15 16:14:50.908 0 0 I init : ... started service 'gpu' has pid 393
04-15 16:14:50.909 0 0 I init : service 'lmkd' requested start, but it is already running (flags: 36)
04-15 16:14:50.909 0 0 I init : service 'servicemanager' requested start, but it is already running (flags: 2084)
04-15 16:14:50.910 0 0 I init : starting service 'surfaceflinger'...
04-15 16:14:50.911 0 0 I init : Could not create socket 'pdx/system/vr/display/client': Failed to bind socket 'pdx/system/vr/display/client': No such file or directory
04-15 16:14:50.912 0 0 I init : Could not create socket 'pdx/system/vr/display/manager': Failed to bind socket 'pdx/system/vr/display/manager': No such file or directory
04-15 16:14:50.929 0 0 I servicemanager: Found android.hardware.power.IPower/default in device VINTF manifest.
04-15 16:14:50.939 0 0 I init : Could not create socket 'pdx/system/vr/display/vsync': Failed to bind socket 'pdx/system/vr/display/vsync': No such file or directory
04-15 16:14:51.075 0 0 I init : ... started service 'surfaceflinger' has pid 394
04-15 16:14:51.075 0 0 I init : service 'vold' requested start, but it is already running (flags: 2052)
04-15 16:14:51.075 0 0 I init : Command 'class_start core' action=boot (/system/etc/init/hw/init.rc:1212) took 1059ms and succeeded
04-15 16:14:51.075 0 0 I init : processing action (persist.sys.usb.config=* && boot) from (/system/etc/init/hw/init.usb.rc:108)
04-15 16:14:51.077 0 0 I init : processing action (boot) from (/vendor/etc/init/hw/init.ranchu.rc:74)
04-15 16:14:51.113 0 0 I servicemanager: Found android.hardware.power.stats.IPowerStats/default in device VINTF manifest.
04-15 16:14:51.128 0 0 I init : processing action (boot) from (/system/etc/init/dumpstate.rc:1)
04-15 16:14:51.129 0 0 I init : processing action (boot) from (/system/etc/init/gsid.rc:25)
04-15 16:14:51.129 0 0 I init : starting service 'exec 15 (/system/bin/gsid run-startup-tasks)'...
04-15 16:14:51.306 0 0 I init : ... started service 'exec 15 (/system/bin/gsid run-startup-tasks)' has pid 395
04-15 16:14:51.307 0 0 I init : Command 'exec_background - root root -- /system/bin/gsid run-startup-tasks' action=boot (/system/etc/init/gsid.rc:26) took 177ms and succeeded
04-15 16:14:51.307 0 0 I init : processing action (persist.device_config.profcollect_native_boot.enabled= && boot) from (/system/etc/init/profcollectd.rc:19)
04-15 16:14:51.318 0 0 I init : starting service 'exec 16 (/system/bin/profcollectctl reset)'...
04-15 16:14:51.338 0 0 I init : ... started service 'exec 16 (/system/bin/profcollectctl reset)' has pid 396
04-15 16:14:51.339 0 0 I init : processing action (enable_property_trigger) from (:0)
04-15 16:14:51.340 0 0 I init : processing action (apexd.status=ready && ro.product.cpu.abilist64=*) from (/system/etc/init/hw/init.rc:490)
04-15 16:14:51.353 0 0 I init : starting service 'boringssl_self_test_apex64'...
04-15 16:14:51.398 0 0 I servicemanager: Found android.hardware.vibrator.IVibrator/default in device VINTF manifest.
04-15 16:14:51.400 0 0 I servicemanager: Found android.hardware.vibrator.IVibratorManager/default in device VINTF manifest.
04-15 16:14:51.475 0 0 I init : ... started service 'boringssl_self_test_apex64' has pid 397
04-15 16:14:51.475 0 0 I init : SVC_EXEC service 'boringssl_self_test_apex64' pid 397 (uid 9999 gid 0+0 context default) started; waiting...
04-15 16:14:51.475 0 0 I init : Command 'exec_start boringssl_self_test_apex64' action=apexd.status=ready && ro.product.cpu.abilist64=* (/system/etc/init/hw/init.rc:491) took 135ms and succeeded
04-15 16:14:51.649 340 340 D android.hardware.media.c2@1.0-service-goldfish: Goldfish C2 Service starting...
04-15 16:14:51.661 340 340 W android.hardware.media.c2@1.0-service-goldfish: Could not read additional policy file '/vendor/etc/seccomp_policy/codec2.vendor.ext.policy'
04-15 16:14:51.663 340 340 W android.hardware.media.c2@1.0-service-goldfish: libminijail[340]: failed to get path of fd 5: No such file or directory
04-15 16:14:51.665 340 340 W android.hardware.media.c2@1.0-service-goldfish: libminijail[340]: allowing syscall: socket
04-15 16:14:51.665 340 340 W android.hardware.media.c2@1.0-service-goldfish: libminijail[340]: allowing syscall: connect
04-15 16:14:51.665 340 340 W android.hardware.media.c2@1.0-service-goldfish: libminijail[340]: allowing syscall: fcntl
04-15 16:14:51.665 340 340 W android.hardware.media.c2@1.0-service-goldfish: libminijail[340]: allowing syscall: writev
04-15 16:14:51.666 340 340 W android.hardware.media.c2@1.0-service-goldfish: libminijail[340]: compile_file: (20): nonexistent syscall 'getuid32'
04-15 16:14:51.666 340 340 W android.hardware.media.c2@1.0-service-goldfish: libminijail[340]: compile_file: (26): nonexistent syscall 'mmap2'
04-15 16:14:51.666 340 340 W android.hardware.media.c2@1.0-service-goldfish: libminijail[340]: compile_file: (28): nonexistent syscall 'fstat64'
04-15 16:14:51.666 340 340 W android.hardware.media.c2@1.0-service-goldfish: libminijail[340]: compile_file: (30): nonexistent syscall 'stat64'
04-15 16:14:51.666 340 340 W android.hardware.media.c2@1.0-service-goldfish: libminijail[340]: compile_file: (31): nonexistent syscall 'statfs64'
04-15 16:14:51.667 340 340 W android.hardware.media.c2@1.0-service-goldfish: libminijail[340]: compile_file: (33): nonexistent syscall 'fstatat64'
04-15 16:14:51.667 340 340 W android.hardware.media.c2@1.0-service-goldfish: libminijail[340]: compile_file: (38): nonexistent syscall '_llseek'
04-15 16:14:51.667 340 340 W android.hardware.media.c2@1.0-service-goldfish: libminijail[340]: compile_file: (47): nonexistent syscall 'ugetrlimit'
04-15 16:14:51.667 340 340 W android.hardware.media.c2@1.0-service-goldfish: libminijail[340]: compile_file: (50): nonexistent syscall '_llseek'
04-15 16:14:51.667 340 340 W android.hardware.media.c2@1.0-service-goldfish: libminijail[340]: compile_file: (51): nonexistent syscall 'fstatfs64'
04-15 16:14:51.684 340 340 W android.hardware.media.c2@1.0-service-goldfish: libminijail[340]: compile_file: (63): nonexistent syscall 'ftruncate64'
04-15 16:14:51.684 340 340 W android.hardware.media.c2@1.0-service-goldfish: libminijail[340]: compile_file: (69): syscall gettid redefined here
04-15 16:14:51.685 340 340 W android.hardware.media.c2@1.0-service-goldfish: libminijail[340]: compile_file: (66): previous definition here
04-15 16:14:51.700 340 340 W android.hardware.media.c2@1.0-service-goldfish: libminijail[340]: compile_file: /system/etc/seccomp_policy/crash_dump.x86.policy(1): syscall read redefined here
04-15 16:14:51.700 340 340 W android.hardware.media.c2@1.0-service-goldfish: libminijail[340]: compile_file: (15): previous definition here
04-15 16:14:51.700 340 340 W android.hardware.media.c2@1.0-service-goldfish: libminijail[340]: compile_file: /system/etc/seccomp_policy/crash_dump.x86.policy(2): syscall write redefined here
04-15 16:14:51.701 340 340 W android.hardware.media.c2@1.0-service-goldfish: libminijail[340]: compile_file: (57): previous definition here
04-15 16:14:51.701 340 340 W android.hardware.media.c2@1.0-service-goldfish: libminijail[340]: compile_file: /system/etc/seccomp_policy/crash_dump.x86.policy(3): syscall exit redefined here
04-15 16:14:51.701 340 340 W android.hardware.media.c2@1.0-service-goldfish: libminijail[340]: compile_file: (44): previous definition here
04-15 16:14:51.701 340 340 W android.hardware.media.c2@1.0-service-goldfish: libminijail[340]: compile_file: /system/etc/seccomp_policy/crash_dump.x86.policy(4): syscall rt_sigreturn redefined here
04-15 16:14:51.701 340 340 W android.hardware.media.c2@1.0-service-goldfish: libminijail[340]: compile_file: (46): previous definition here
04-15 16:14:51.701 340 340 W android.hardware.media.c2@1.0-service-goldfish: libminijail[340]: compile_file: /system/etc/seccomp_policy/crash_dump.x86.policy(5): nonexistent syscall 'sigreturn'
04-15 16:14:51.701 340 340 W android.hardware.media.c2@1.0-service-goldfish: libminijail[340]: compile_file: /system/etc/seccomp_policy/crash_dump.x86.policy(6): syscall exit_group redefined here
04-15 16:14:51.701 340 340 W android.hardware.media.c2@1.0-service-goldfish: libminijail[340]: compile_file: (45): previous definition here
04-15 16:14:51.702 340 340 W android.hardware.media.c2@1.0-service-goldfish: libminijail[340]: compile_file: /system/etc/seccomp_policy/crash_dump.x86.policy(9): syscall futex redefined here
04-15 16:14:51.702 340 340 W android.hardware.media.c2@1.0-service-goldfish: libminijail[340]: compile_file: (35): previous definition here
04-15 16:14:51.702 340 340 W android.hardware.media.c2@1.0-service-goldfish: libminijail[340]: compile_file: /system/etc/seccomp_policy/crash_dump.x86.policy(11): syscall getpid redefined here
04-15 16:14:51.702 340 340 W android.hardware.media.c2@1.0-service-goldfish: libminijail[340]: compile_file: (68): previous definition here
04-15 16:14:51.702 340 340 W android.hardware.media.c2@1.0-service-goldfish: libminijail[340]: compile_file: /system/etc/seccomp_policy/crash_dump.x86.policy(12): syscall gettid redefined here
04-15 16:14:51.702 340 340 W android.hardware.media.c2@1.0-service-goldfish: libminijail[340]: compile_file: (66): previous definition here
04-15 16:14:51.703 340 340 W android.hardware.media.c2@1.0-service-goldfish: libminijail[340]: compile_file: /system/etc/seccomp_policy/crash_dump.x86.policy(15): syscall openat redefined here
04-15 16:14:51.703 340 340 W android.hardware.media.c2@1.0-service-goldfish: libminijail[340]: compile_file: (18): previous definition here
04-15 16:14:51.703 340 340 W android.hardware.media.c2@1.0-service-goldfish: libminijail[340]: compile_file: /system/etc/seccomp_policy/crash_dump.x86.policy(16): syscall dup redefined here
04-15 16:14:51.703 340 340 W android.hardware.media.c2@1.0-service-goldfish: libminijail[340]: compile_file: (55): previous definition here
04-15 16:14:51.703 340 340 W android.hardware.media.c2@1.0-service-goldfish: libminijail[340]: compile_file: /system/etc/seccomp_policy/crash_dump.x86.policy(17): syscall close redefined here
04-15 16:14:51.703 340 340 W android.hardware.media.c2@1.0-service-goldfish: libminijail[340]: compile_file: (25): previous definition here
04-15 16:14:51.703 340 340 W android.hardware.media.c2@1.0-service-goldfish: libminijail[340]: compile_file: /system/etc/seccomp_policy/crash_dump.x86.policy(18): syscall lseek redefined here
04-15 16:14:51.703 340 340 W android.hardware.media.c2@1.0-service-goldfish: libminijail[340]: compile_file: (39): previous definition here
04-15 16:14:51.712 340 340 W android.hardware.media.c2@1.0-service-goldfish: libminijail[340]: compile_file: /system/etc/seccomp_policy/crash_dump.x86.policy(20): syscall faccessat redefined here
04-15 16:14:51.712 340 340 W android.hardware.media.c2@1.0-service-goldfish: libminijail[340]: compile_file: (37): previous definition here
04-15 16:14:51.713 340 340 W android.hardware.media.c2@1.0-service-goldfish: libminijail[340]: compile_file: /system/etc/seccomp_policy/crash_dump.x86.policy(29): syscall prctl redefined here
04-15 16:14:51.713 340 340 W android.hardware.media.c2@1.0-service-goldfish: libminijail[340]: compile_file: (17): previous definition here
04-15 16:14:51.714 340 340 W android.hardware.media.c2@1.0-service-goldfish: libminijail[340]: compile_file: /system/etc/seccomp_policy/crash_dump.x86.policy(30): syscall madvise redefined here
04-15 16:14:51.720 340 340 W android.hardware.media.c2@1.0-service-goldfish: libminijail[340]: compile_file: (32): previous definition here
04-15 16:14:51.720 340 340 W android.hardware.media.c2@1.0-service-goldfish: libminijail[340]: compile_file: /system/etc/seccomp_policy/crash_dump.x86.policy(31): syscall mprotect redefined here
04-15 16:14:51.720 340 340 W android.hardware.media.c2@1.0-service-goldfish: libminijail[340]: compile_file: (16): previous definition here
04-15 16:14:51.721 340 340 W android.hardware.media.c2@1.0-service-goldfish: libminijail[340]: compile_file: /system/etc/seccomp_policy/crash_dump.x86.policy(32): syscall munmap redefined here
04-15 16:14:51.721 340 340 W android.hardware.media.c2@1.0-service-goldfish: libminijail[340]: compile_file: (36): previous definition here
04-15 16:14:51.721 340 340 W android.hardware.media.c2@1.0-service-goldfish: libminijail[340]: compile_file: /system/etc/seccomp_policy/crash_dump.x86.policy(33): nonexistent syscall 'getuid32'
04-15 16:14:51.722 340 340 W android.hardware.media.c2@1.0-service-goldfish: libminijail[340]: compile_file: /system/etc/seccomp_policy/crash_dump.x86.policy(34): nonexistent syscall 'fstat64'
04-15 16:14:51.722 340 340 W android.hardware.media.c2@1.0-service-goldfish: libminijail[340]: compile_file: /system/etc/seccomp_policy/crash_dump.x86.policy(35): nonexistent syscall 'mmap2'
04-15 16:14:51.722 340 340 W android.hardware.media.c2@1.0-service-goldfish: libminijail[340]: compile_file: /system/etc/seccomp_policy/crash_dump.x86.policy(36): nonexistent syscall 'geteuid32'
04-15 16:14:51.722 340 340 W android.hardware.media.c2@1.0-service-goldfish: libminijail[340]: compile_file: /system/etc/seccomp_policy/crash_dump.x86.policy(37): nonexistent syscall 'getgid32'
04-15 16:14:51.723 340 340 W android.hardware.media.c2@1.0-service-goldfish: libminijail[340]: compile_file: /system/etc/seccomp_policy/crash_dump.x86.policy(38): nonexistent syscall 'getegid32'
04-15 16:14:51.723 340 340 W android.hardware.media.c2@1.0-service-goldfish: libminijail[340]: compile_file: /system/etc/seccomp_policy/crash_dump.x86.policy(39): nonexistent syscall 'getgroups32'
04-15 16:14:51.725 340 340 W android.hardware.media.c2@1.0-service-goldfish: libminijail[340]: logging seccomp filter failures
04-15 16:14:51.727 340 340 D android.hardware.media.c2@1.0-service-goldfish: Instantiating Codec2's Goldfish IComponentStore service...
04-15 16:14:51.744 340 340 I GoldfishComponentStore: Create()
04-15 16:14:51.744 340 340 W GoldfishComponentStore: created goldfish store 0x76703eb764b0 reflector of param 0x76705eb6ce98
04-15 16:14:51.745 340 340 D GoldfishComponentStore: useAndroidGoldfishComponentInstance 253 found prop ro.boot.qemu.hwcodec.vpxdec val 2
04-15 16:14:51.745 340 340 D GoldfishComponentStore: useAndroidGoldfishComponentInstance 253 found prop ro.boot.qemu.hwcodec.avcdec val 2
04-15 16:14:51.745 340 340 D GoldfishComponentStore: useAndroidGoldfishComponentInstance 253 found prop ro.boot.qemu.hwcodec.hevcdec val 2
04-15 16:14:51.874 340 340 I HidlServiceManagement: Registered android.hardware.media.c2@1.0::IComponentStore/default
04-15 16:14:51.875 340 340 I HidlServiceManagement: Removing namespace from process name android.hardware.media.c2@1.0-service-goldfish to c2@1.0-service-goldfish.
04-15 16:14:51.909 340 340 I android.hardware.media.c2@1.0-service-goldfish: Codec2's IComponentStore service created.
04-15 16:14:51.917 359 359 I RanchuHwc: RanchuHWC (HWComposer3/HWC3) starting up...
