04-15 16:14:14.115 0 0 I init : Parsing file /system/etc/init/atrace_userdebug.rc...
04-15 16:14:14.133 0 0 I init : Parsing file /system/etc/init/audioserver.rc...
04-15 16:14:14.137 0 0 I init : Parsing file /system/etc/init/blank_screen.rc...
04-15 16:14:14.141 0 0 I init : Parsing file /system/etc/init/bootanim.rc...
04-15 16:14:14.145 0 0 I init : Parsing file /system/etc/init/bootstat-debug.rc...
04-15 16:14:14.148 0 0 I init : Parsing file /system/etc/init/bootstat.rc...
04-15 16:14:14.157 0 0 I init : Parsing file /system/etc/init/bpfloader.rc...
04-15 16:14:14.161 0 0 I init : Parsing file /system/etc/init/cameraserver.rc...
04-15 16:14:14.165 0 0 I init : Parsing file /system/etc/init/clean_scratch_files.rc...
04-15 16:14:14.168 0 0 I init : Parsing file /system/etc/init/cppreopts.rc...
04-15 16:14:14.173 0 0 I init : Parsing file /system/etc/init/credstore.rc...
04-15 16:14:14.181 0 0 I init : Parsing file /system/etc/init/dmesgd.rc...
04-15 16:14:14.185 0 0 I init : Parsing file /system/etc/init/drmserver.rc...
04-15 16:14:14.189 0 0 I init : Parsing file /system/etc/init/dumpstate.rc...
04-15 16:14:14.193 0 0 I init : Parsing file /system/etc/init/flags_health_check.rc...
04-15 16:14:14.197 0 0 I init : Parsing file /system/etc/init/gatekeeperd.rc...
04-15 16:14:14.200 0 0 I init : Parsing file /system/etc/init/gpuservice.rc...
04-15 16:14:14.203 0 0 I init : Parsing file /system/etc/init/gsid.rc...
04-15 16:14:14.209 0 0 I init : Parsing file /system/etc/init/heapprofd.rc...
04-15 16:14:14.213 0 0 I init : Parsing file /system/etc/init/hwservicemanager.rc...
04-15 16:14:14.217 0 0 I init : Parsing file /system/etc/init/idmap2d.rc...
04-15 16:14:14.224 0 0 I init : Parsing file /system/etc/init/incidentd.rc...
04-15 16:14:14.226 0 0 I init : Parsing file /system/etc/init/init-debug.rc...
04-15 16:14:14.228 0 0 I init : Parsing file /system/etc/init/installd.rc...
04-15 16:14:14.230 0 0 I init : Parsing file /system/etc/init/keystore2.rc...
04-15 16:14:14.231 0 0 I init : Parsing file /system/etc/init/llkd-debuggable.rc...
04-15 16:14:14.233 0 0 I init : Parsing file /system/etc/init/llkd.rc...
04-15 16:14:14.235 0 0 I init : Parsing file /system/etc/init/lmkd.rc...
04-15 16:14:14.237 0 0 I init : Parsing file /system/etc/init/logcatd.rc...
04-15 16:14:14.239 0 0 I init : Parsing file /system/etc/init/logd.rc...
04-15 16:14:14.241 0 0 I init : Parsing file /system/etc/init/logtagd.rc...
04-15 16:14:14.242 0 0 I init : Parsing file /system/etc/init/lpdumpd.rc...
04-15 16:14:14.244 0 0 I init : Parsing file /system/etc/init/mdnsd.rc...
04-15 16:14:14.245 0 0 I init : Parsing file /system/etc/init/mediaextractor.rc...
04-15 16:14:14.246 0 0 I init : Parsing file /system/etc/init/mediametrics.rc...
04-15 16:14:14.247 0 0 I init : Parsing file /system/etc/init/mediaserver.rc...
04-15 16:14:14.248 0 0 I init : Parsing file /system/etc/init/mtectrl.rc...
04-15 16:14:14.249 0 0 I init : Parsing file /system/etc/init/mtpd.rc...
04-15 16:14:14.250 0 0 I init : Parsing file /system/etc/init/netd.rc...
04-15 16:14:14.251 0 0 I init : Parsing file /system/etc/init/odsign.rc...
04-15 16:14:14.253 0 0 I init : Parsing file /system/etc/init/otapreopt.rc...
04-15 16:14:14.253 0 0 I init : Parsing file /system/etc/init/perfetto.rc...
04-15 16:14:14.255 0 0 I init : Parsing file /system/etc/init/prng_seeder.rc...
04-15 16:14:14.255 0 0 I init : Parsing file /system/etc/init/profcollectd.rc...
04-15 16:14:14.257 0 0 I init : Parsing file /system/etc/init/racoon.rc...
04-15 16:14:14.257 0 0 I init : Parsing file /system/etc/init/recovery-persist.rc...
04-15 16:14:14.258 0 0 I init : Parsing file /system/etc/init/recovery-refresh.rc...
04-15 16:14:14.259 0 0 I init : Parsing file /system/etc/init/rss_hwm_reset.rc...
04-15 16:14:14.259 0 0 I init : Parsing file /system/etc/init/servicemanager.rc...
04-15 16:14:14.260 0 0 I init : Parsing file /system/etc/init/simpleperf.rc...
04-15 16:14:14.261 0 0 I init : Parsing file /system/etc/init/snapuserd.rc...
04-15 16:14:14.262 0 0 I init : Parsing file /system/etc/init/storaged.rc...
04-15 16:14:14.263 0 0 I init : Parsing file /system/etc/init/surfaceflinger.rc...
04-15 16:14:14.264 0 0 I init : Parsing file /system/etc/init/tombstoned.rc...
04-15 16:14:14.264 0 0 I init : Parsing file /system/etc/init/traced_perf.rc...
04-15 16:14:14.265 0 0 I init : Parsing file /system/etc/init/uncrypt.rc...
04-15 16:14:14.266 0 0 I init : Parsing file /system/etc/init/update_engine.rc...
04-15 16:14:14.267 0 0 I init : Parsing file /system/etc/init/update_verifier.rc...
04-15 16:14:14.268 0 0 I init : Parsing file /system/etc/init/usbd.rc...
04-15 16:14:14.268 0 0 I init : Parsing file /system/etc/init/vold.rc...
04-15 16:14:14.269 0 0 I init : Parsing file /system/etc/init/wifi.rc...
04-15 16:14:14.270 0 0 I init : Parsing file /system/etc/init/wificond.rc...
04-15 16:14:14.271 0 0 I init : Parsing directory /system_ext/etc/init...
04-15 16:14:14.272 0 0 I init : Parsing file /system_ext/etc/init/init.system_ext.rc...
04-15 16:14:14.272 0 0 I init : Parsing directory /vendor/etc/init...
04-15 16:14:14.273 0 0 I init : Parsing file /vendor/etc/init/android.hardware.atrace@1.0-service.rc...
04-15 16:14:14.274 0 0 I init : Parsing file /vendor/etc/init/android.hardware.audio.service.rc...
04-15 16:14:14.274 0 0 I init : Parsing file /vendor/etc/init/android.hardware.authsecret-service.example.rc...
04-15 16:14:14.275 0 0 I init : Parsing file /vendor/etc/init/android.hardware.biometrics.fingerprint-service.ranchu.rc...
04-15 16:14:14.276 0 0 I init : Parsing file /vendor/etc/init/android.hardware.camera.provider.ranchu.rc...
04-15 16:14:14.276 0 0 I init : Parsing file /vendor/etc/init/android.hardware.camera.provider@2.7-service-google.rc...
04-15 16:14:14.277 0 0 I init : Parsing file /vendor/etc/init/android.hardware.drm-service-lazy.clearkey.rc...
04-15 16:14:14.277 0 0 I init : Parsing file /vendor/etc/init/android.hardware.gatekeeper@1.0-service.software.rc...
04-15 16:14:14.278 0 0 I init : Parsing file /vendor/etc/init/android.hardware.gnss-service.ranchu.rc...
04-15 16:14:14.278 0 0 I init : Parsing file /vendor/etc/init/android.hardware.graphics.allocator@3.0-service.ranchu.rc...
04-15 16:14:14.279 0 0 I init : Parsing file /vendor/etc/init/android.hardware.health-service.example.rc...
04-15 16:14:14.279 0 0 I init : Parsing file /vendor/etc/init/android.hardware.media.c2@1.0-service-goldfish.rc...
04-15 16:14:14.280 0 0 I init : Parsing file /vendor/etc/init/android.hardware.neuralnetworks-service-sample-all.rc...
04-15 16:14:14.281 0 0 I init : Parsing file /vendor/etc/init/android.hardware.neuralnetworks-service-sample-limited.rc...
04-15 16:14:14.281 0 0 I init : Parsing file /vendor/etc/init/android.hardware.neuralnetworks-shim-service-sample.rc...
04-15 16:14:14.281 0 0 I init : Parsing file /vendor/etc/init/android.hardware.security.keymint-service.rc...
04-15 16:14:14.282 0 0 I init : Parsing file /vendor/etc/init/android.hardware.sensors-service-multihal.rc...
04-15 16:14:14.282 0 0 I init : Parsing file /vendor/etc/init/android.hardware.thermal@2.0-service.rc...
04-15 16:14:14.283 0 0 I init : Parsing file /vendor/etc/init/android.hardware.usb-service.example.rc...
04-15 16:14:14.283 0 0 I init : Parsing file /vendor/etc/init/android.hardware.wifi-service.rc...
04-15 16:14:14.284 0 0 I init : Parsing file /vendor/etc/init/bluetooth-service-default.rc...
04-15 16:14:14.285 0 0 I init : Parsing file /vendor/etc/init/boringssl_self_test.rc...
04-15 16:14:14.286 0 0 I init : Parsing file /vendor/etc/init/cas-default.rc...
04-15 16:14:14.286 0 0 I init : Parsing file /vendor/etc/init/contexthub-default.rc...
04-15 16:14:14.287 0 0 I init : Parsing file /vendor/etc/init/dumpstate-default.rc...
04-15 16:14:14.287 0 0 I init : Parsing file /vendor/etc/init/face-default.rc...
04-15 16:14:14.288 0 0 I init : Parsing file /vendor/etc/init/health-storage-default.rc...
04-15 16:14:14.289 0 0 I init : Parsing file /vendor/etc/init/hostapd.android.rc...
04-15 16:14:14.289 0 0 I init : Parsing file /vendor/etc/init/hwc3.rc...
04-15 16:14:14.290 0 0 I init : Parsing file /vendor/etc/init/identity-default.rc...
04-15 16:14:14.290 0 0 I init : Parsing file /vendor/etc/init/lights-default.rc...
04-15 16:14:14.290 0 0 I init : Parsing file /vendor/etc/init/power-default.rc...
04-15 16:14:14.291 0 0 I init : Parsing file /vendor/etc/init/power.stats-default.rc...
04-15 16:14:14.291 0 0 I init : Parsing file /vendor/etc/init/rebootescrow-default.rc...
04-15 16:14:14.292 0 0 I init : Parsing file /vendor/etc/init/rild_goldfish.rc...
04-15 16:14:14.293 0 0 I init : Parsing file /vendor/etc/init/vibrator-default.rc...
04-15 16:14:14.293 0 0 I init : Parsing file /odm/etc/init...
04-15 16:14:14.293 0 0 I init : Unable to read config file '/odm/etc/init': open() failed: No such file or directory
04-15 16:14:14.294 0 0 I init : Parsing file /product/etc/init...
04-15 16:14:14.294 0 0 I init : Unable to read config file '/product/etc/init': open() failed: No such file or directory
04-15 16:14:14.297 0 0 I init : processing action (SetupCgroups) from (:0)
04-15 16:14:14.364 0 0 I init : Command 'SetupCgroups' action=SetupCgroups (:0) took 65ms and succeeded
04-15 16:14:14.392 0 0 I init : processing action (SetKptrRestrict) from (:0)
04-15 16:14:14.395 0 0 I init : processing action (TestPerfEventSelinux) from (:0)
04-15 16:14:14.398 0 0 I init : processing action (ConnectEarlyStageSnapuserd) from (:0)
04-15 16:14:14.399 0 0 I init : processing action (early-init) from (/system/etc/init/hw/init.rc:15)
04-15 16:14:14.442 0 0 I init : Command 'mkdir /acct/uid' action=early-init (/system/etc/init/hw/init.rc:30) took 3ms and failed: mkdir() failed on /acct/uid: Read-only file system
04-15 16:14:14.466 0 0 I init : starting service 'ueventd'...
04-15 16:14:14.523 0 0 I init : ... started service 'ueventd' has pid 74
04-15 16:14:14.524 0 0 I init : Command 'start ueventd' action=early-init (/system/etc/init/hw/init.rc:71) took 58ms and succeeded
04-15 16:14:14.536 0 0 I init : starting service 'apexd-bootstrap'...
04-15 16:14:14.564 0 0 I init : ... started service 'apexd-bootstrap' has pid 75
04-15 16:14:14.568 0 0 I init : SVC_EXEC service 'apexd-bootstrap' pid 75 (uid 0 gid 1000+0 context default) started; waiting...
04-15 16:14:14.711 0 0 I ueventd : ueventd started!
04-15 16:14:14.735 0 0 I selinux : SELinux: Loaded file context from:
04-15 16:14:14.735 0 0 I selinux : /system/etc/selinux/plat_file_contexts
04-15 16:14:14.736 0 0 I selinux : /vendor/etc/selinux/vendor_file_contexts
04-15 16:14:14.747 0 0 I ueventd : Parsing file /system/etc/ueventd.rc...
04-15 16:14:14.749 0 0 I ueventd : Added '/vendor/etc/ueventd.rc' to import list
04-15 16:14:14.749 0 0 I ueventd : Added '/odm/etc/ueventd.rc' to import list
04-15 16:14:14.752 0 0 I ueventd : Parsing file /vendor/etc/ueventd.rc...
04-15 16:14:14.755 0 0 I ueventd : Parsing file /odm/etc/ueventd.rc...
04-15 16:14:14.755 0 0 I ueventd : Unable to read config file '/odm/etc/ueventd.rc': open() failed: No such file or directory
04-15 16:14:15.005 0 0 I apexd : Bootstrap subcommand detected
04-15 16:14:15.012 0 0 E cutils-trace: Error opening trace file: No such file or directory (2)
04-15 16:14:15.014 0 0 I apexd-bootstrap: Scanning /system/apex for pre-installed ApexFiles
04-15 16:14:15.021 0 0 I apexd-bootstrap: Found pre-installed APEX /system/apex/com.android.permission.capex
04-15 16:14:15.044 0 0 I apexd-bootstrap: Found pre-installed APEX /system/apex/com.android.appsearch.capex
04-15 16:14:15.067 0 0 I apexd-bootstrap: Found pre-installed APEX /system/apex/com.android.sdkext.apex
04-15 16:14:15.076 0 0 I : ext4lazyinit (59) used greatest stack depth: 13720 bytes left
04-15 16:14:15.091 0 0 I apexd-bootstrap: Found pre-installed APEX /system/apex/com.android.vndk.current.apex
04-15 16:14:15.126 0 0 I apexd-bootstrap: Found pre-installed APEX /system/apex/com.android.neuralnetworks.capex
04-15 16:14:15.143 0 0 I apexd-bootstrap: Found pre-installed APEX /system/apex/com.android.healthfitness.apex
04-15 16:14:15.178 0 0 I apexd-bootstrap: Found pre-installed APEX /system/apex/com.android.wifi.capex
04-15 16:14:15.199 0 0 I apexd-bootstrap: Found pre-installed APEX /system/apex/com.android.os.statsd.apex
04-15 16:14:15.277 0 0 I apexd-bootstrap: Found pre-installed APEX /system/apex/com.android.tethering.capex
04-15 16:14:15.446 0 0 I : ueventd (77) used greatest stack depth: 13072 bytes left
04-15 16:14:15.457 0 0 I apexd-bootstrap: Found pre-installed APEX /system/apex/com.android.i18n.apex
04-15 16:14:15.459 0 0 I ueventd : Coldboot took 0.696 seconds
04-15 16:14:15.469 0 0 I apexd-bootstrap: Found pre-installed APEX /system/apex/com.android.media.capex
04-15 16:14:15.476 0 0 I apexd-bootstrap: Found pre-installed APEX /system/apex/com.android.rkpd.apex
04-15 16:14:15.482 0 0 I apexd-bootstrap: Found pre-installed APEX /system/apex/com.android.adservices.capex
04-15 16:14:15.489 0 0 I apexd-bootstrap: Found pre-installed APEX /system/apex/com.android.mediaprovider.capex
04-15 16:14:15.496 0 0 I apexd-bootstrap: Found pre-installed APEX /system/apex/com.android.apex.cts.shim.apex
04-15 16:14:15.501 0 0 I apexd-bootstrap: Found pre-installed APEX /system/apex/com.android.media.swcodec.capex
04-15 16:14:15.508 0 0 I apexd-bootstrap: Found pre-installed APEX /system/apex/com.android.virt.apex
04-15 16:14:15.513 0 0 I apexd-bootstrap: Found pre-installed APEX /system/apex/com.android.cellbroadcast.capex
04-15 16:14:15.520 0 0 I apexd-bootstrap: Found pre-installed APEX /system/apex/com.android.conscrypt.capex
04-15 16:14:15.527 0 0 I apexd-bootstrap: Found pre-installed APEX /system/apex/com.android.adbd.capex
04-15 16:14:15.533 0 0 I apexd-bootstrap: Found pre-installed APEX /system/apex/com.android.scheduling.capex
04-15 16:14:15.539 0 0 I apexd-bootstrap: Found pre-installed APEX /system/apex/com.android.resolv.capex
04-15 16:14:15.546 0 0 I apexd-bootstrap: Found pre-installed APEX /system/apex/com.android.art.capex
04-15 16:14:15.553 0 0 I apexd-bootstrap: Found pre-installed APEX /system/apex/com.android.configinfrastructure.capex
04-15 16:14:15.559 0 0 I apexd-bootstrap: Found pre-installed APEX /system/apex/com.android.tzdata.apex
04-15 16:14:15.565 0 0 I apexd-bootstrap: Found pre-installed APEX /system/apex/com.android.extservices.capex
04-15 16:14:15.572 0 0 I apexd-bootstrap: Found pre-installed APEX /system/apex/com.android.btservices.apex
04-15 16:14:15.578 0 0 I apexd-bootstrap: Found pre-installed APEX /system/apex/com.android.runtime.apex
04-15 16:14:15.583 0 0 I apexd-bootstrap: Found pre-installed APEX /system/apex/com.android.devicelock.apex
04-15 16:14:15.589 0 0 I apexd-bootstrap: Found pre-installed APEX /system/apex/com.android.uwb.capex
04-15 16:14:15.595 0 0 I apexd-bootstrap: Found pre-installed APEX /system/apex/com.android.ipsec.capex
04-15 16:14:15.602 0 0 I apexd-bootstrap: Found pre-installed APEX /system/apex/com.android.ondevicepersonalization.capex
04-15 16:14:15.608 0 0 I apexd-bootstrap: Scanning /system_ext/apex for pre-installed ApexFiles
04-15 16:14:15.609 0 0 W apexd-bootstrap: /system_ext/apex does not exist. Skipping
04-15 16:14:15.609 0 0 I apexd-bootstrap: Scanning /product/apex for pre-installed ApexFiles
04-15 16:14:15.609 0 0 W apexd-bootstrap: /product/apex does not exist. Skipping
04-15 16:14:15.609 0 0 I apexd-bootstrap: Scanning /vendor/apex for pre-installed ApexFiles
04-15 16:14:15.609 0 0 W apexd-bootstrap: /vendor/apex does not exist. Skipping
04-15 16:14:15.609 0 0 I apexd-bootstrap: Found bootstrap APEX /system/apex/com.android.runtime.apex
04-15 16:14:15.609 0 0 I apexd-bootstrap: Found bootstrap APEX /system/apex/com.android.tzdata.apex
04-15 16:14:15.609 0 0 I apexd-bootstrap: Found bootstrap APEX /system/apex/com.android.vndk.current.apex
04-15 16:14:15.609 0 0 I apexd-bootstrap: Found bootstrap APEX /system/apex/com.android.i18n.apex
04-15 16:14:15.610 0 0 I apexd-bootstrap: Need to pre-allocate 36 loop devices for 32 APEX packages
04-15 16:14:15.610 0 0 I apexd-bootstrap: No block apex metadata partition found, not adding block apexes
04-15 16:14:15.651 0 0 I apexd-bootstrap: Found 16 idle loopback devices that were pre-allocated by kernel. Allocated 20 more.
04-15 16:14:15.721 0 0 I loop0 : detected capacity change from 0 to 8944
04-15 16:14:15.734 0 0 I loop1 : detected capacity change from 0 to 1616
04-15 16:14:15.742 0 0 I loop2 : detected capacity change from 0 to 52360
04-15 16:14:15.746 0 0 I loop3 : detected capacity change from 0 to 71872
04-15 16:14:15.777 0 0 I EXT4-fs (loop0): mounted filesystem without journal. Quota mode: none.
04-15 16:14:15.778 0 0 I apexd-bootstrap: Successfully mounted package /system/apex/com.android.runtime.apex on /apex/com.android.runtime@1 duration=62
04-15 16:14:15.793 0 0 I EXT4-fs (loop1): mounted filesystem without journal. Quota mode: none.
04-15 16:14:15.793 0 0 I apexd-bootstrap: Successfully mounted package /system/apex/com.android.tzdata.apex on /apex/com.android.tzdata@342090000 duration=71
04-15 16:14:15.813 0 0 I EXT4-fs (loop2): mounted filesystem without journal. Quota mode: none.
04-15 16:14:15.814 0 0 I apexd-bootstrap: Successfully mounted package /system/apex/com.android.vndk.current.apex on /apex/com.android.vndk.v34@1 duration=91
04-15 16:14:15.817 0 0 I EXT4-fs (loop3): mounted filesystem without journal. Quota mode: none.
04-15 16:14:15.817 0 0 I apexd-bootstrap: Successfully mounted package /system/apex/com.android.i18n.apex on /apex/com.android.i18n@1 duration=94
04-15 16:14:15.853 0 0 I apexd-bootstrap: Activated 4 packages.
04-15 16:14:15.870 0 0 I : apexd (111) used greatest stack depth: 13000 bytes left
04-15 16:14:15.893 0 0 I apexd-bootstrap: OnBootstrap done, duration=879
04-15 16:14:15.901 0 0 I init : Service 'apexd-bootstrap' (pid 75) exited with status 0 waiting took 1.361000 seconds
04-15 16:14:15.901 0 0 I init : Sending signal 9 to service 'apexd-bootstrap' (pid 75) process group...
04-15 16:14:15.902 0 0 I libprocessgroup: Successfully killed process cgroup uid 0 pid 75 in 0ms
04-15 16:14:15.900 0 0 I : apexd (75) used greatest stack depth: 12264 bytes left
04-15 16:14:16.094 0 0 I init : linkerconfig generated /linkerconfig with mounted APEX modules info
04-15 16:14:16.094 0 0 I init : Command 'update_linker_config' action=early-init (/system/etc/init/hw/init.rc:79) took 188ms and succeeded
04-15 16:14:16.104 0 0 I init : processing action (early-init) from (/init.environ.rc:2)
04-15 16:14:16.105 0 0 I init : processing action (early-init) from (/vendor/etc/init/hw/init.ranchu.rc:11)
04-15 16:14:16.111 0 0 I init : Command 'setprop ro.config.low_ram ${ro.boot.config.low_ram}' action=early-init (/vendor/etc/init/hw/init.ranchu.rc:15) took 1ms and failed: property 'ro.boot.config.low_ram' doesn't exist while expanding '${ro.boot.config.low_ram}'
04-15 16:14:16.119 0 0 I init : Command 'setprop dalvik.vm.checkjni ${ro.boot.dalvik.vm.checkjni}' action=early-init (/vendor/etc/init/hw/init.ranchu.rc:20) took 0ms and failed: property 'ro.boot.dalvik.vm.checkjni' doesn't exist while expanding '${ro.boot.dalvik.vm.checkjni}'
04-15 16:14:16.121 0 0 I init : Command 'setprop debug.stagefright.ccodec ${ro.boot.debug.stagefright.ccodec}' action=early-init (/vendor/etc/init/hw/init.ranchu.rc:22) took 0ms and failed: property 'ro.boot.debug.stagefright.ccodec' doesn't exist while expanding '${ro.boot.debug.stagefright.ccodec}'
04-15 16:14:16.126 0 0 I init : starting service 'vendor.dlkm_loader'...
04-15 16:14:16.159 0 0 I init : ... started service 'vendor.dlkm_loader' has pid 120
04-15 16:14:16.164 0 0 I init : starting service 'exec 1 (/system/bin/modprobe -a -d /system/lib/modules zram.ko)'...
04-15 16:14:16.199 0 0 I init : ... started service 'exec 1 (/system/bin/modprobe -a -d /system/lib/modules zram.ko)' has pid 121
04-15 16:14:16.199 0 0 I init : SVC_EXEC service 'exec 1 (/system/bin/modprobe -a -d /system/lib/modules zram.ko)' pid 121 (uid 0 gid 0+0 context u:r:modprobe:s0) started; waiting...
04-15 16:14:16.307 0 0 I dlkm_loader: dlkm loader successfully initialized
04-15 16:14:16.343 0 0 I dlkm_loader: Loading module /system/lib/modules/rfkill.ko with args ''
04-15 16:14:16.358 0 0 I dlkm_loader: Loaded kernel module /system/lib/modules/rfkill.ko
04-15 16:14:16.359 0 0 I dlkm_loader: Loading module /system/lib/modules/bluetooth.ko with args ''
04-15 16:14:16.381 0 0 I zram : Added device: zram0
04-15 16:14:16.387 0 0 I init : Service 'exec 1 (/system/bin/modprobe -a -d /system/lib/modules zram.ko)' (pid 121) exited with status 0 waiting took 0.219000 seconds
04-15 16:14:16.387 0 0 I init : Sending signal 9 to service 'exec 1 (/system/bin/modprobe -a -d /system/lib/modules zram.ko)' (pid 121) process group...
04-15 16:14:16.387 0 0 I libprocessgroup: Successfully killed process cgroup uid 0 pid 121 in 0ms
04-15 16:14:16.393 0 0 I init : processing action (ro.product.debugfs_restrictions.enabled=true && early-init) from (/system/etc/init/init-debug.rc:10)
04-15 16:14:16.395 0 0 I init : processing action (early-init) from (/system/etc/init/prng_seeder.rc:5)
04-15 16:14:16.404 0 0 I init : starting service 'prng_seeder'...
04-15 16:14:16.406 0 0 I init : Created socket '/dev/socket/prng_seeder', mode 666, user 1092, group 1092
04-15 16:14:16.425 0 0 I Bluetooth: Core ver 2.22
04-15 16:14:16.427 0 0 I NET : Registered PF_BLUETOOTH protocol family
04-15 16:14:16.427 0 0 I Bluetooth: HCI device and connection manager initialized
04-15 16:14:16.427 0 0 I Bluetooth: HCI socket layer initialized
04-15 16:14:16.427 0 0 I Bluetooth: L2CAP socket layer initialized
04-15 16:14:16.427 0 0 I Bluetooth: SCO socket layer initialized
04-15 16:14:16.429 0 0 I dlkm_loader: Loaded kernel module /system/lib/modules/bluetooth.ko
04-15 16:14:16.429 0 0 I dlkm_loader: Loading module /vendor/lib/modules/btintel.ko with args ''
04-15 16:14:16.433 0 0 I dlkm_loader: Loaded kernel module /vendor/lib/modules/btintel.ko
04-15 16:14:16.434 0 0 I dlkm_loader: Loading module /vendor/lib/modules/btrtl.ko with args ''
04-15 16:14:16.439 0 0 I dlkm_loader: Loaded kernel module /vendor/lib/modules/btrtl.ko
04-15 16:14:16.440 0 0 I dlkm_loader: Loading module /system/lib/modules/btbcm.ko with args ''
04-15 16:14:16.446 0 0 I init : ... started service 'prng_seeder' has pid 124
04-15 16:14:16.447 0 0 I init : Command 'start prng_seeder' action=early-init (/system/etc/init/prng_seeder.rc:6) took 51ms and succeeded
04-15 16:14:16.447 0 0 I init : processing action (ro.product.cpu.abilist64=* && early-init) from (/vendor/etc/init/boringssl_self_test.rc:4)
04-15 16:14:16.450 0 0 I init : starting service 'boringssl_self_test64_vendor'...
04-15 16:14:16.497 0 0 I dlkm_loader: Loaded kernel module /system/lib/modules/btbcm.ko
04-15 16:14:16.497 0 0 I dlkm_loader: Loading module /vendor/lib/modules/btusb.ko with args ''
04-15 16:14:16.500 0 0 I init : ... started service 'boringssl_self_test64_vendor' has pid 126
04-15 16:14:16.501 0 0 I init : SVC_EXEC service 'boringssl_self_test64_vendor' pid 126 (uid 0 gid 0+0 context default) started; waiting...
04-15 16:14:16.501 0 0 I init : Command 'exec_start boringssl_self_test64_vendor' action=ro.product.cpu.abilist64=* && early-init (/vendor/etc/init/boringssl_self_test.rc:5) took 53ms and succeeded
04-15 16:14:16.520 0 0 I usbcore : registered new interface driver btusb
04-15 16:14:16.530 0 0 I dlkm_loader: Loaded kernel module /vendor/lib/modules/btusb.ko
04-15 16:14:16.530 0 0 I dlkm_loader: Loading module /vendor/lib/modules/dummy-cpufreq.ko with args ''
04-15 16:14:16.576 0 0 I dlkm_loader: Loaded kernel module /vendor/lib/modules/dummy-cpufreq.ko
04-15 16:14:16.577 0 0 I dlkm_loader: Loading module /vendor/lib/modules/dummy_hcd.ko with args ''
04-15 16:14:16.672 0 0 I dummy_hcd.0: USB Host+Gadget Emulator, driver 02 May 2005
04-15 16:14:16.676 0 0 I dummy_hcd.0: Dummy host controller
04-15 16:14:16.676 0 0 I dummy_hcd.0: new USB bus registered, assigned bus number 1
04-15 16:14:16.678 0 0 I usb1 : New USB device found, idVendor=1d6b, idProduct=0002, bcdDevice= 6.01
04-15 16:14:16.678 0 0 I usb1 : New USB device strings: Mfr=3, Product=2, SerialNumber=1
04-15 16:14:16.678 0 0 I usb1 : Product: Dummy host controller
04-15 16:14:16.678 0 0 I usb1 : Manufacturer: Linux 6.1.23-android14-4-00257-g7e35917775b8-ab9964412 dummy_hcd
04-15 16:14:16.678 0 0 I usb1 : SerialNumber: dummy_hcd.0
04-15 16:14:16.679 0 0 I hub 1-0 : 1.0: USB hub found
04-15 16:14:16.679 0 0 I hub 1-0 : 1.0: 1 port detected
04-15 16:14:16.725 0 0 I dlkm_loader: Loaded kernel module /vendor/lib/modules/dummy_hcd.ko
04-15 16:14:16.725 0 0 I dlkm_loader: Loading module /vendor/lib/modules/failover.ko with args ''
04-15 16:14:16.778 0 0 I dlkm_loader: Loaded kernel module /vendor/lib/modules/failover.ko
04-15 16:14:16.779 0 0 I dlkm_loader: Loading module /vendor/lib/modules/goldfish_address_space.ko with args ''
04-15 16:14:16.793 0 0 W goldfish_address_space: loading out-of-tree module taints kernel.
04-15 16:14:16.939 0 0 I init : Service 'boringssl_self_test64_vendor' (pid 126) exited with status 0 waiting took 0.485000 seconds
04-15 16:14:16.939 0 0 I init : Sending signal 9 to service 'boringssl_self_test64_vendor' (pid 126) process group...
04-15 16:14:16.947 0 0 I libprocessgroup: Successfully killed process cgroup uid 0 pid 126 in 7ms
04-15 16:14:16.973 0 0 I init : processing action (wait_for_coldboot_done) from (:0)
04-15 16:14:16.973 0 0 I init : start_waiting_for_property("ro.cold_boot_done", "true"): already set
04-15 16:14:16.974 0 0 I init : processing action (SetMmapRndBits) from (:0)
04-15 16:14:16.975 0 0 I init : processing action (KeychordInit) from (:0)
04-15 16:14:16.978 0 0 W init : EVIOCSMASK not supported: Invalid argument
04-15 16:14:16.979 0 0 I init : processing action (init) from (/system/etc/init/hw/init.rc:97)
04-15 16:14:16.989 0 0 I init : Command 'copy /system/etc/prop.default /dev/urandom' action=init (/system/etc/init/hw/init.rc:102) took 0ms and failed: Could not read input file '/system/etc/prop.default': open() failed: No such file or directory
04-15 16:14:17.054 0 0 I init : Command 'write /dev/blkio/blkio.weight 1000' action=init (/system/etc/init/hw/init.rc:238) took 0ms and failed: Unable to write to file '/dev/blkio/blkio.weight': open() failed: Permission denied
04-15 16:14:17.055 0 0 I init : Command 'write /dev/blkio/background/blkio.weight 200' action=init (/system/etc/init/hw/init.rc:239) took 0ms and failed: Unable to write to file '/dev/blkio/background/blkio.weight': open() failed: Permission denied
04-15 16:14:17.061 0 0 I init : Command 'write /dev/blkio/blkio.group_idle 0' action=init (/system/etc/init/hw/init.rc:241) took 4ms and failed: Unable to write to file '/dev/blkio/blkio.group_idle': open() failed: Permission denied
04-15 16:14:17.061 0 0 I init : Command 'write /dev/blkio/background/blkio.group_idle 0' action=init (/system/etc/init/hw/init.rc:242) took 0ms and failed: Unable to write to file '/dev/blkio/background/blkio.group_idle': open() failed: Permission denied
04-15 16:14:17.131 0 0 I dlkm_loader: Loaded kernel module /vendor/lib/modules/goldfish_address_space.ko
04-15 16:14:17.132 0 0 I dlkm_loader: Loading module /vendor/lib/modules/goldfish_battery.ko with args ''
04-15 16:14:17.140 0 0 I dlkm_loader: Loaded kernel module /vendor/lib/modules/goldfish_battery.ko
04-15 16:14:17.141 0 0 I dlkm_loader: Loading module /vendor/lib/modules/goldfish_pipe.ko with args ''
04-15 16:14:17.168 0 0 I dlkm_loader: Loaded kernel module /vendor/lib/modules/goldfish_pipe.ko
04-15 16:14:17.169 0 0 I dlkm_loader: Loading module /vendor/lib/modules/goldfish_sync.ko with args ''
04-15 16:14:17.193 0 0 I init : Command 'write /dev/cpu_variant:${ro.bionic.arch} ${ro.bionic.cpu_variant}' action=init (/system/etc/init/hw/init.rc:453) took 0ms and failed: property 'ro.bionic.cpu_variant' doesn't exist while expanding '${ro.bionic.cpu_variant}'
04-15 16:14:17.193 0 0 I init : Command 'write /dev/cpu_variant:${ro.bionic.2nd_arch} ${ro.bionic.2nd_cpu_variant}' action=init (/system/etc/init/hw/init.rc:455) took 0ms and failed: property 'ro.bionic.2nd_arch' doesn't exist while expanding '/dev/cpu_variant:${ro.bionic.2nd_arch}'
04-15 16:14:17.193 0 0 I init : Command 'chmod 0444 /dev/cpu_variant:${ro.bionic.2nd_arch}' action=init (/system/etc/init/hw/init.rc:456) took 0ms and failed: property 'ro.bionic.2nd_arch' doesn't exist while expanding '/dev/cpu_variant:${ro.bionic.2nd_arch}'
04-15 16:14:17.195 0 0 I init : starting service 'logd'...
04-15 16:14:17.200 0 0 I init : Created socket '/dev/socket/logd', mode 666, user 1036, group 1036
04-15 16:14:17.201 0 0 I init : Created socket '/dev/socket/logdr', mode 666, user 1036, group 1036
04-15 16:14:17.203 0 0 I init : Created socket '/dev/socket/logdw', mode 222, user 1036, group 1036
04-15 16:14:17.209 0 0 I dlkm_loader: Loaded kernel module /vendor/lib/modules/goldfish_sync.ko
04-15 16:14:17.210 0 0 I dlkm_loader: Loading module /system/lib/modules/can-dev.ko with args ''
04-15 16:14:17.230 0 0 I : CAN device driver interface
04-15 16:14:17.232 0 0 I dlkm_loader: Loaded kernel module /system/lib/modules/can-dev.ko
04-15 16:14:17.233 0 0 I dlkm_loader: Loading module /vendor/lib/modules/gs_usb.ko with args ''
04-15 16:14:17.235 0 0 I usbcore : registered new interface driver gs_usb
04-15 16:14:17.236 0 0 I dlkm_loader: Loaded kernel module /vendor/lib/modules/gs_usb.ko
04-15 16:14:17.237 0 0 I dlkm_loader: Loading module /vendor/lib/modules/hci_vhci.ko with args ''
04-15 16:14:17.240 0 0 I dlkm_loader: Loaded kernel module /vendor/lib/modules/hci_vhci.ko
04-15 16:14:17.241 0 0 I dlkm_loader: Loading module /system/lib/modules/cfg80211.ko with args ''
04-15 16:14:17.261 0 0 I init : ... started service 'logd' has pid 130
04-15 16:14:17.261 0 0 I init : Command 'start logd' action=init (/system/etc/init/hw/init.rc:469) took 66ms and succeeded
04-15 16:14:17.263 0 0 I init : starting service 'lmkd'...
04-15 16:14:17.269 0 0 I init : Created socket '/dev/socket/lmkd', mode 660, user 1000, group 1000
04-15 16:14:17.350 0 0 I init : ... started service 'lmkd' has pid 131
04-15 16:14:17.350 0 0 I init : Command 'start lmkd' action=init (/system/etc/init/hw/init.rc:476) took 87ms and succeeded
04-15 16:14:17.352 0 0 I init : starting service 'servicemanager'...
04-15 16:14:17.448 0 0 I init : ... started service 'servicemanager' has pid 132
04-15 16:14:17.448 0 0 I init : Command 'start servicemanager' action=init (/system/etc/init/hw/init.rc:479) took 97ms and succeeded
04-15 16:14:17.450 0 0 I init : starting service 'hwservicemanager'...
04-15 16:14:17.555 0 0 I init : ... started service 'hwservicemanager' has pid 133
04-15 16:14:17.555 0 0 I init : Command 'start hwservicemanager' action=init (/system/etc/init/hw/init.rc:480) took 106ms and succeeded
04-15 16:14:17.556 0 0 I init : Command 'start vndservicemanager' action=init (/system/etc/init/hw/init.rc:481) took 0ms and failed: service vndservicemanager not found
04-15 16:14:17.556 0 0 I init : processing action (ro.product.cpu.abilist64=* && init) from (/system/etc/init/hw/init.rc:486)
04-15 16:14:17.561 0 0 I init : starting service 'boringssl_self_test64'...
04-15 16:14:17.715 0 0 I init : ... started service 'boringssl_self_test64' has pid 135
04-15 16:14:17.715 0 0 I init : SVC_EXEC service 'boringssl_self_test64' pid 135 (uid 9999 gid 0+0 context default) started; waiting...
04-15 16:14:17.715 0 0 I init : Command 'exec_start boringssl_self_test64' action=ro.product.cpu.abilist64=* && init (/system/etc/init/hw/init.rc:487) took 159ms and succeeded
04-15 16:14:17.826 0 0 I servicemanager: Starting sm instance on /dev/binder
04-15 16:14:17.866 0 0 I SELinux : SELinux: Loaded service context from:
04-15 16:14:17.866 0 0 I SELinux : /system/etc/selinux/plat_service_contexts
04-15 16:14:17.866 0 0 I SELinux : /vendor/etc/selinux/vendor_service_contexts
04-15 16:14:17.914 0 0 I init : Service 'boringssl_self_test64' (pid 135) exited with status 0 waiting took 0.282000 seconds
04-15 16:14:17.914 0 0 I init : Sending signal 9 to service 'boringssl_self_test64' (pid 135) process group...
04-15 16:14:17.915 0 0 I libprocessgroup: Successfully killed process cgroup uid 9999 pid 135 in 0ms
04-15 16:14:17.918 0 0 I init : processing action (ro.debuggable=1 && init) from (/system/etc/init/hw/init.rc:1315)
04-15 16:14:17.919 0 0 I init : starting service 'console'...
04-15 16:14:17.974 0 0 I init : ... started service 'console' has pid 139
04-15 16:14:17.974 0 0 I init : Command 'start console' action=ro.debuggable=1 && init (/system/etc/init/hw/init.rc:1316) took 56ms and succeeded
04-15 16:14:17.974 0 0 I init : processing action (init) from (/system/etc/init/hw/init.usb.rc:27)
04-15 16:14:17.975 0 0 I init : processing action (init) from (/vendor/etc/init/hw/init.ranchu.rc:29)
04-15 16:14:18.034 0 0 I init : starting service 'qemu-props'...
04-15 16:14:18.087 0 0 I init : ... started service 'qemu-props' has pid 140
04-15 16:14:18.087 0 0 I init : Command 'start qemu-props' action=init (/vendor/etc/init/hw/init.ranchu.rc:56) took 58ms and succeeded
04-15 16:14:18.087 0 0 I init : processing action (init) from (/system/etc/init/audioserver.rc:58)
04-15 16:14:18.098 0 0 I init : processing action (late-init) from (/system/etc/init/hw/init.rc:532)
04-15 16:14:18.098 0 0 I init : processing action (late-init) from (/system/etc/init/atrace.rc:3)
04-15 16:14:18.331 0 0 I init : processing action (late-init) from (/vendor/etc/init/android.hardware.atrace@1.0-service.rc:1)
04-15 16:14:18.339 0 0 I init : processing action (queue_property_triggers) from (:0)
04-15 16:14:18.339 0 0 I init : processing action (early-fs) from (/system/etc/init/hw/init.rc:565)
04-15 16:14:18.345 0 0 I init : starting service 'vold'...
04-15 16:14:18.374 0 0 I init : ... started service 'vold' has pid 141
04-15 16:14:18.374 0 0 I init : processing action (early-fs) from (/vendor/etc/init/hw/init.ranchu.rc:1)
04-15 16:14:18.375 0 0 I init : service 'vold' requested start, but it is already running (flags: 2052)
04-15 16:14:18.375 0 0 I init : processing action (fs) from (/vendor/etc/init/hw/init.ranchu.rc:4)
04-15 16:14:18.466 0 0 I init : Command 'mount_all /vendor/etc/fstab.ranchu --early' action=fs (/vendor/etc/init/hw/init.ranchu.rc:5) took 90ms and succeeded
04-15 16:14:18.466 0 0 I init : processing action (fs) from (/system/etc/init/logd.rc:29)
04-15 16:14:18.467 0 0 I init : processing action (fs) from (/system/etc/init/wifi.rc:25)
04-15 16:14:18.469 0 0 I init : processing action (post-fs) from (/system/etc/init/hw/init.rc:569)
04-15 16:14:18.470 0 0 I init : starting service 'exec 2 (/system/bin/vdc checkpoint markBootAttempt)'...
04-15 16:14:18.521 0 0 I init : ... started service 'exec 2 (/system/bin/vdc checkpoint markBootAttempt)' has pid 142
04-15 16:14:18.521 0 0 I init : SVC_EXEC service 'exec 2 (/system/bin/vdc checkpoint markBootAttempt)' pid 142 (uid 1000 gid 1000+0 context default) started; waiting...
04-15 16:14:18.521 0 0 I init : Command 'exec - system system -- /system/bin/vdc checkpoint markBootAttempt' action=post-fs (/system/etc/init/hw/init.rc:570) took 51ms and succeeded
04-15 16:14:18.717 0 0 E cutils-trace: Error opening trace file: Permission denied (13)
04-15 16:14:18.766 0 0 I logd.auditd: start
04-15 16:14:18.892 0 0 I init : Service 'exec 2 (/system/bin/vdc checkpoint markBootAttempt)' (pid 142) exited with status 0 waiting took 0.393000 seconds
04-15 16:14:18.892 0 0 I init : Sending signal 9 to service 'exec 2 (/system/bin/vdc checkpoint markBootAttempt)' (pid 142) process group...
04-15 16:14:18.893 0 0 I libprocessgroup: Successfully killed process cgroup uid 1000 pid 142 in 0ms
04-15 16:14:18.934 0 0 I logd : Loaded bug_map file: /vendor/etc/selinux/selinux_denial_metadata
04-15 16:14:18.949 0 0 I logd : Loaded bug_map file: /system/etc/selinux/bug_map
04-15 16:14:18.990 0 0 I init : Command 'restorecon --recursive --cross-filesystems /sys/kernel/debug' action=post-fs (/system/etc/init/hw/init.rc:582) took 79ms and succeeded
04-15 16:14:18.990 0 0 I init : Command 'chown system cache /cache' action=post-fs (/system/etc/init/hw/init.rc:585) took 0ms and failed: lchown() failed: Read-only file system
04-15 16:14:18.991 0 0 I init : Command 'chmod 0770 /cache' action=post-fs (/system/etc/init/hw/init.rc:586) took 0ms and failed: fchmodat() failed: Read-only file system
04-15 16:14:19.013 0 0 E selinux : SELinux: setxattr failed: /cache: Read-only file system
04-15 16:14:19.014 0 0 I init : Command 'mkdir /cache/recovery 0770 system cache' action=post-fs (/system/etc/init/hw/init.rc:592) took 0ms and failed: mkdir() failed on /cache/recovery: Read-only file system
04-15 16:14:19.015 0 0 I init : Command 'mkdir /cache/backup_stage 0700 system system' action=post-fs (/system/etc/init/hw/init.rc:595) took 0ms and failed: mkdir() failed on /cache/backup_stage: Read-only file system
04-15 16:14:19.015 0 0 I init : Command 'mkdir /cache/backup 0700 system system' action=post-fs (/system/etc/init/hw/init.rc:596) took 0ms and failed: mkdir() failed on /cache/backup: Read-only file system
04-15 16:14:19.046 0 0 I init : Command 'mkdir /cache/lost+found 0770 root root' action=post-fs (/system/etc/init/hw/init.rc:620) took 0ms and failed: mkdir() failed on /cache/lost+found: Read-only file system
04-15 16:14:19.057 0 0 I cfg80211: Loading compiled-in X.509 certificates for regulatory database
04-15 16:14:19.058 0 0 I cfg80211: Loaded X.509 cert 'sforshee: 00b28ddf47aef9cea7'
04-15 16:14:19.058 0 0 W platform regulatory.0: Direct firmware load for regulatory.db failed with error -2
04-15 16:14:19.059 0 0 I cfg80211: failed to load regulatory.db
04-15 16:14:19.092 0 0 I dlkm_loader: Loaded kernel module /system/lib/modules/cfg80211.ko
04-15 16:14:19.099 0 0 I init : Command 'restorecon_recursive /metadata' action=post-fs (/system/etc/init/hw/init.rc:622) took 52ms and succeeded
04-15 16:14:19.113 0 0 I dlkm_loader: Loading module /system/lib/modules/libarc4.ko with args ''
04-15 16:14:19.170 0 0 I init : processing action (post-fs) from (/system/etc/init/atrace_userdebug.rc:7)
04-15 16:14:19.176 0 0 I dlkm_loader: Loaded kernel module /system/lib/modules/libarc4.ko
04-15 16:14:19.177 0 0 I dlkm_loader: Loading module /system/lib/modules/mac80211.ko with args ''
04-15 16:14:19.181 0 0 I init : processing action (post-fs) from (/system/etc/init/gsid.rc:8)
04-15 16:14:19.191 0 0 I init : processing action (post-fs) from (/system/etc/init/recovery-refresh.rc:1)
04-15 16:14:19.192 0 0 I init : starting service 'exec 3 (/system/bin/recovery-refresh)'...
04-15 16:14:19.360 0 0 I init : ... started service 'exec 3 (/system/bin/recovery-refresh)' has pid 153
04-15 16:14:19.360 0 0 I init : Command 'exec_background - system log -- /system/bin/recovery-refresh' action=post-fs (/system/etc/init/recovery-refresh.rc:2) took 169ms and succeeded
04-15 16:14:19.361 0 0 I init : processing action (late-fs) from (/system/etc/init/hw/init.rc:643)
04-15 16:14:19.368 0 0 I init : starting service 'system_suspend'...
04-15 16:14:19.433 0 0 I init : ... started service 'system_suspend' has pid 154
04-15 16:14:19.435 0 0 I init : starting service 'keystore2'...
04-15 16:14:19.566 0 0 I init : ... started service 'keystore2' has pid 155
04-15 16:14:19.569 0 0 I init : starting service 'vendor.atrace-hal-1-0'...
04-15 16:14:19.681 0 0 I init : ... started service 'vendor.atrace-hal-1-0' has pid 156
04-15 16:14:19.682 0 0 I init : starting service 'vendor.keymint-default'...
04-15 16:14:19.726 0 0 I servicemanager: getDeviceHalManifest: Reading VINTF information.
04-15 16:14:19.851 0 0 I init : ... started service 'vendor.keymint-default' has pid 157
04-15 16:14:19.851 0 0 I init : Command 'class_start early_hal' action=late-fs (/system/etc/init/hw/init.rc:650) took 489ms and succeeded
04-15 16:14:19.852 0 0 I init : Service 'exec 3 (/system/bin/recovery-refresh)' (pid 153) exited with status 254 oneshot service took 0.640000 seconds in background
04-15 16:14:19.865 0 0 I init : Sending signal 9 to service 'exec 3 (/system/bin/recovery-refresh)' (pid 153) process group...
04-15 16:14:19.865 0 0 I libprocessgroup: Successfully killed process cgroup uid 1000 pid 153 in 0ms
04-15 16:14:19.868 0 0 I init : starting service 'exec 4 (/system/bin/fsverity_init --load-verified-keys)'...
04-15 16:14:19.983 0 0 I init : ... started service 'exec 4 (/system/bin/fsverity_init --load-verified-keys)' has pid 160
04-15 16:14:19.984 0 0 I init : SVC_EXEC service 'exec 4 (/system/bin/fsverity_init --load-verified-keys)' pid 160 (uid 0 gid 0+0 context default) started; waiting...
04-15 16:14:20.016 0 0 I init : Command 'exec -- /system/bin/fsverity_init --load-verified-keys' action=late-fs (/system/etc/init/hw/init.rc:653) took 149ms and succeeded
04-15 16:14:20.096 0 0 I servicemanager: getDeviceHalManifest: Successfully processed VINTF information
04-15 16:14:20.097 0 0 I servicemanager: getFrameworkHalManifest: Reading VINTF information.
04-15 16:14:20.192 0 0 I servicemanager: getFrameworkHalManifest: Successfully processed VINTF information
04-15 16:14:20.205 0 0 I servicemanager: Found android.system.suspend.ISystemSuspend/default in framework VINTF manifest.
04-15 16:14:20.204 133 133 I hwservicemanager: getTransport: Cannot find entry android.system.suspend@1.0::ISystemSuspend/default in either framework or device VINTF manifest.
04-15 16:14:20.209 154 154 E HidlServiceManagement: Service android.system.suspend@1.0::ISystemSuspend/default must be in VINTF manifest in order to register/get.
04-15 16:14:20.211 154 154 I android.system.suspend-service: system-suspend HIDL hal not supported, use the AIDL suspend hal for requesting wakelocks
04-15 16:14:20.234 156 156 I HidlServiceManagement: Registered android.hardware.atrace@1.0::IAtraceDevice/default
04-15 16:14:20.266 156 156 I HidlServiceManagement: Removing namespace from process name android.hardware.atrace@1.0-service to atrace@1.0-service.
04-15 16:14:20.502 160 160 I fsverity_init: LoadKeyFromFile path=/system/etc/security/fsverity/fsverity-release.x509.der keyname=fsv_system_0
04-15 16:14:20.549 0 0 I init : Service 'exec 4 (/system/bin/fsverity_init --load-verified-keys)' (pid 160) exited with status 0 waiting took 0.621000 seconds
04-15 16:14:20.549 0 0 I init : Sending signal 9 to service 'exec 4 (/system/bin/fsverity_init --load-verified-keys)' (pid 160) process group...
04-15 16:14:20.550 0 0 I libprocessgroup: Successfully killed process cgroup uid 0 pid 160 in 0ms
04-15 16:14:20.551 0 0 I init : processing action (late-fs) from (/system/etc/init/hw/init.rc:664)
04-15 16:14:20.575 0 0 I init : processing action (late-fs) from (/vendor/etc/init/hw/init.ranchu.rc:7)
04-15 16:14:20.613 0 0 I init : [libfs_mgr] superblock s_max_mnt_count:65535,/dev/block/vdc
04-15 16:14:20.618 0 0 I init : [libfs_mgr] Enabling quotas on /dev/block/vdc
04-15 16:14:20.695 157 157 I keymaster: patchlevel string does not match expected format. Using patchlevel 0
04-15 16:14:20.725 157 157 I android.hardware.security.keymint-service: adding keymint service instance: android.hardware.security.keymint.IKeyMintDevice/default
04-15 16:14:20.775 0 0 I servicemanager: Found android.hardware.security.keymint.IKeyMintDevice/default in device VINTF manifest.
04-15 16:14:20.774 157 157 I android.hardware.security.keymint-service: adding keymint service instance: android.hardware.security.secureclock.ISecureClock/default
04-15 16:14:20.791 0 0 I servicemanager: Found android.hardware.security.secureclock.ISecureClock/default in device VINTF manifest.
04-15 16:14:20.785 157 157 I android.hardware.security.keymint-service: adding keymint service instance: android.hardware.security.sharedsecret.ISharedSecret/default
04-15 16:14:20.799 0 0 I servicemanager: Found android.hardware.security.sharedsecret.ISharedSecret/default in device VINTF manifest.
04-15 16:14:20.796 157 157 I android.hardware.security.keymint-service: adding keymint service instance: android.hardware.security.keymint.IRemotelyProvisionedComponent/default
04-15 16:14:20.814 0 0 I servicemanager: Found android.hardware.security.keymint.IRemotelyProvisionedComponent/default in device VINTF manifest.
04-15 16:14:21.009 0 0 I tune2fs : tune2fs 1.46.6 (1-Feb-2023)
04-15 16:14:21.119 155 155 I keystore2: system/security/keystore2/src/keystore2_main.rs:61 - Keystore2 is starting.
04-15 16:14:21.122 155 155 I keystore2: system/security/keystore2/src/keystore2_main.rs:67 - Setting up sqlite logging for keystore2
04-15 16:14:21.153 155 155 W keystore2: system/security/keystore2/src/metrics_store.rs:577 - In update_keystore_crash_sysprop: Failed to read the existing system property due to: system/security/keystore2/src/metrics_store.rs:608: Property not set..Therefore, keystore crashes will not be logged.
04-15 16:14:21.170 155 155 I keystore2: system/security/keystore2/src/keystore2_main.rs:97 - Starting thread pool now.
04-15 16:14:21.203 155 163 I keystore2: getDeviceHalManifest: Reading VINTF information.
04-15 16:14:21.213 155 155 I keystore2: system/security/keystore2/src/globals.rs:256 - KeyMint device is current version (Some(300)) for security level: r#TRUSTED_ENVIRONMENT
04-15 16:14:21.277 133 133 I hwservicemanager: getTransport: Cannot find entry android.hardware.keymaster@4.0::IKeymasterDevice/default in either framework or device VINTF manifest.
04-15 16:14:21.281 133 133 I hwservicemanager: getTransport: Cannot find entry android.hardware.keymaster@3.0::IKeymasterDevice/default in either framework or device VINTF manifest.
04-15 16:14:21.300 0 0 I servicemanager: Found android.system.keystore2.IKeystoreService/default in framework VINTF manifest.
04-15 16:14:21.313 0 0 W EXT4-fs : Ignoring removed nomblk_io_submit option
04-15 16:14:21.315 0 0 I : tune2fs (161) used greatest stack depth: 12160 bytes left
04-15 16:14:21.324 155 155 I keystore2: system/security/keystore2/src/keystore2_main.rs:152 - Successfully registered Keystore 2.0 service.
04-15 16:14:21.325 155 155 I keystore2: system/security/keystore2/src/keystore2_main.rs:154 - Joining thread pool now.
04-15 16:14:21.357 155 163 I keystore2: getDeviceHalManifest: Successfully processed VINTF information
04-15 16:14:21.368 0 0 I EXT4-fs (vdc): mounted filesystem with ordered data mode. Quota mode: journalled.
04-15 16:14:21.375 155 163 I keystore2: system/security/keystore2/src/shared_secret_negotiation.rs:47 - Shared secret negotiation concluded successfully.
04-15 16:14:21.383 133 133 I hwservicemanager: getTransport: Cannot find entry android.hardware.keymaster@4.0::IKeymasterDevice/default in either framework or device VINTF manifest.
04-15 16:14:21.385 133 133 I hwservicemanager: getTransport: Cannot find entry android.hardware.keymaster@3.0::IKeymasterDevice/default in either framework or device VINTF manifest.
04-15 16:14:21.386 155 163 I keystore2: system/security/keystore2/src/shared_secret_negotiation.rs:294 - No StrongBox Keymint available, so no RoT transfer
04-15 16:14:21.399 0 0 I init : [libfs_mgr] check_fs(): mount(/dev/block/vdc,/data,ext4)=0: Success
04-15 16:14:21.406 0 0 I EXT4-fs (vdc): unmounting filesystem.
04-15 16:14:21.422 0 0 I dlkm_loader: Loaded kernel module /system/lib/modules/mac80211.ko
04-15 16:14:21.423 0 0 I dlkm_loader: Loading module /vendor/lib/modules/mac80211_hwsim.ko with args 'radios=0
04-15 16:14:21.423 0 0 I dlkm_loader: '
04-15 16:14:21.435 0 0 I mac80211_hwsim: initializing netlink
04-15 16:14:21.449 0 0 I init : [libfs_mgr] umount_retry(): unmount(/data) succeeded
04-15 16:14:21.450 0 0 I init : [libfs_mgr] Running /system/bin/e2fsck on /dev/block/vdc
04-15 16:14:21.473 0 0 I dlkm_loader: Loaded kernel module /vendor/lib/modules/mac80211_hwsim.ko
04-15 16:14:21.474 0 0 I dlkm_loader: Loading module /vendor/lib/modules/mt76.ko with args ''
04-15 16:14:21.576 0 0 I dlkm_loader: Loaded kernel module /vendor/lib/modules/mt76.ko
04-15 16:14:21.577 0 0 I dlkm_loader: Loading module /vendor/lib/modules/mt76-usb.ko with args ''
04-15 16:14:21.582 0 0 I e2fsck : e2fsck 1.46.6 (1-Feb-2023)
04-15 16:14:21.620 0 0 I e2fsck : Pass 1: Checking inodes, blocks, and sizes
04-15 16:14:21.643 0 0 I dlkm_loader: Loaded kernel module /vendor/lib/modules/mt76-usb.ko
04-15 16:14:21.645 0 0 I dlkm_loader: Loading module /vendor/lib/modules/mt76x02-lib.ko with args ''
04-15 16:14:21.666 0 0 I dlkm_loader: Loaded kernel module /vendor/lib/modules/mt76x02-lib.ko
04-15 16:14:21.666 0 0 I dlkm_loader: Loading module /vendor/lib/modules/mt76x0-common.ko with args ''
04-15 16:14:21.669 0 0 I e2fsck : Pass 2: Checking directory structure
04-15 16:14:21.676 0 0 I e2fsck : Pass 3: Checking directory connectivity
04-15 16:14:21.677 0 0 I dlkm_loader: Loaded kernel module /vendor/lib/modules/mt76x0-common.ko
04-15 16:14:21.677 0 0 I dlkm_loader: Loading module /vendor/lib/modules/mt76x02-usb.ko with args ''
04-15 16:14:21.680 0 0 I dlkm_loader: Loaded kernel module /vendor/lib/modules/mt76x02-usb.ko
04-15 16:14:21.681 0 0 I dlkm_loader: Loading module /vendor/lib/modules/mt76x0u.ko with args ''
04-15 16:14:21.685 0 0 I usbcore : registered new interface driver mt76x0u
04-15 16:14:21.688 0 0 I dlkm_loader: Loaded kernel module /vendor/lib/modules/mt76x0u.ko
04-15 16:14:21.689 0 0 I dlkm_loader: Loading module /vendor/lib/modules/mt76x2-common.ko with args ''
04-15 16:14:21.692 0 0 I dlkm_loader: Loaded kernel module /vendor/lib/modules/mt76x2-common.ko
04-15 16:14:21.693 0 0 I dlkm_loader: Loading module /vendor/lib/modules/mt76x2u.ko with args ''
04-15 16:14:21.697 0 0 I e2fsck : Pass 4: Checking reference counts
04-15 16:14:21.725 0 0 I usbcore : registered new interface driver mt76x2u
04-15 16:14:21.728 0 0 I dlkm_loader: Loaded kernel module /vendor/lib/modules/mt76x2u.ko
04-15 16:14:21.729 0 0 I dlkm_loader: Loading module /vendor/lib/modules/nd_virtio.ko with args ''
