04-15 16:17:05.187 1092 1092 D nativeloader: com_android_art: libartservice.so
04-15 16:17:05.187 1092 1092 D nativeloader: com_android_btservices: libbluetooth_jni.so
04-15 16:17:05.187 1092 1092 D nativeloader: com_android_conscrypt: libjavacrypto.so
04-15 16:17:05.187 1092 1092 D nativeloader: com_android_extservices: libtflite_support_classifiers_native.so
04-15 16:17:05.187 1092 1092 D nativeloader: com_android_os_statsd: libstats_jni.so
04-15 16:17:05.187 1092 1092 D nativeloader: com_android_tethering: libandroid_net_connectivity_com_android_net_module_util_jni.so:libcronet.114.0.5735.84.so:libframework-connectivity-jni.so:libframework-connectivity-tiramisu-jni.so:libservice-connectivity.so
04-15 16:17:05.187 1092 1092 D nativeloader: com_android_uwb: libuwb_uci_jni_rust.so
04-15 16:17:05.187 1092 1092 D nativeloader: com_android_virt: libvirtualizationservice_jni.so:libvirtualmachine_jni.so
04-15 16:17:05.220 534 534 D CompatibilityChangeReporter: Compat change id reported: 135634846; UID 1001; state: DISABLED
04-15 16:17:05.221 534 534 D CompatibilityChangeReporter: Compat change id reported: 177438394; UID 1001; state: DISABLED
04-15 16:17:05.222 534 534 D CompatibilityChangeReporter: Compat change id reported: 135772972; UID 1001; state: DISABLED
04-15 16:17:05.222 534 534 D CompatibilityChangeReporter: Compat change id reported: 135754954; UID 1001; state: ENABLED
04-15 16:17:05.223 534 534 V SystemServerTiming: startPersistentApps took to complete: 79ms
04-15 16:17:05.229 328 328 D Zygote : Forked child process 1107
04-15 16:17:05.230 534 566 W ActivityManager: Slow operation: 75ms so far, now at startProcess: returned from zygote!
04-15 16:17:05.230 534 534 D SystemServerTiming: startHomeOnAllDisplays
04-15 16:17:05.257 534 534 D CompatibilityChangeReporter: Compat change id reported: 265464455; UID 1000; state: DISABLED
04-15 16:17:05.258 534 534 D CompatibilityChangeReporter: Compat change id reported: 265452344; UID 1000; state: DISABLED
04-15 16:17:05.259 534 534 D CompatibilityChangeReporter: Compat change id reported: 266124927; UID 1000; state: DISABLED
04-15 16:17:05.264 534 534 D CompatibilityChangeReporter: Compat change id reported: 265451093; UID 1000; state: DISABLED
04-15 16:17:05.266 534 534 D CompatibilityChangeReporter: Compat change id reported: 265456536; UID 1000; state: DISABLED
04-15 16:17:05.267 534 534 D CompatibilityChangeReporter: Compat change id reported: 255940284; UID 1000; state: DISABLED
04-15 16:17:05.267 534 534 D CompatibilityChangeReporter: Compat change id reported: 236283604; UID 1000; state: DISABLED
04-15 16:17:05.272 534 534 D CompatibilityChangeReporter: Compat change id reported: 263959004; UID 1000; state: DISABLED
04-15 16:17:05.277 534 534 D CompatibilityChangeReporter: Compat change id reported: 264304459; UID 1000; state: DISABLED
04-15 16:17:05.277 534 534 D CompatibilityChangeReporter: Compat change id reported: 264301586; UID 1000; state: DISABLED
04-15 16:17:05.278 534 534 D CompatibilityChangeReporter: Compat change id reported: 254631730; UID 1000; state: DISABLED
04-15 16:17:05.279 534 534 D CompatibilityChangeReporter: Compat change id reported: 273509367; UID 1000; state: DISABLED
04-15 16:17:05.283 1092 1092 V GraphicsEnvironment: Currently set values for:
04-15 16:17:05.283 1092 1092 V GraphicsEnvironment: angle_gl_driver_selection_pkgs=[]
04-15 16:17:05.283 1092 1092 V GraphicsEnvironment: angle_gl_driver_selection_values=[]
04-15 16:17:05.293 534 534 D CompatibilityChangeReporter: Compat change id reported: 263259275; UID 1000; state: DISABLED
04-15 16:17:05.294 534 534 D CompatibilityChangeReporter: Compat change id reported: 174042980; UID 1000; state: DISABLED
04-15 16:17:05.294 534 534 D CompatibilityChangeReporter: Compat change id reported: 174042936; UID 1000; state: DISABLED
04-15 16:17:05.295 534 534 D CompatibilityChangeReporter: Compat change id reported: 181136395; UID 1000; state: DISABLED
04-15 16:17:05.296 1092 1092 V GraphicsEnvironment: ANGLE GameManagerService for com.android.bluetooth: false
04-15 16:17:05.297 1092 1092 V GraphicsEnvironment: com.android.bluetooth is not listed in per-application setting
04-15 16:17:05.297 1092 1092 V GraphicsEnvironment: Neither updatable production driver nor prerelease driver is supported.
04-15 16:17:05.341 1107 1107 I com.android.se: Using CollectorTypeCC GC.
04-15 16:17:05.366 1107 1107 W com.android.se: Unexpected CPU variant for x86: x86_64.
04-15 16:17:05.366 1107 1107 W com.android.se: Known variants: atom, sandybridge, silvermont, goldmont, goldmont-plus, tremont, kabylake, default
04-15 16:17:05.385 1107 1107 E com.android.se: Not starting debugger since process cannot load the jdwp agent.
04-15 16:17:05.458 534 534 D CompatibilityChangeReporter: Compat change id reported: 194480991; UID 1000; state: ENABLED
04-15 16:17:05.511 534 534 D CompatibilityChangeReporter: Compat change id reported: 197654537; UID 1000; state: ENABLED
04-15 16:17:05.521 373 373 I android.hardware.power-service.example: Power isModeSupported: 5
04-15 16:17:05.543 534 534 I ActivityTaskManager: START u0 {act=android.intent.action.MAIN cat=[android.intent.category.HOME] flg=0x10000100 cmp=com.android.settings/.FallbackHome (has extras)} with LAUNCH_MULTIPLE from uid 0 (BAL_ALLOW_ALLOWLISTED_UID) result code=0
04-15 16:17:05.547 534 534 V SystemServerTiming: startHomeOnAllDisplays took to complete: 317ms
04-15 16:17:05.548 534 534 D SystemServerTiming: showSystemReadyErrorDialogs
04-15 16:17:05.553 534 534 I system_server: getFrameworkHalManifest: Reading VINTF information.
04-15 16:17:05.629 534 534 I system_server: getDeviceHalManifest: Reading VINTF information.
04-15 16:17:05.715 534 534 I system_server: getDeviceHalManifest: Successfully processed VINTF information
04-15 16:17:05.719 534 534 I system_server: getFrameworkHalManifest: Successfully processed VINTF information
04-15 16:17:05.722 534 534 W system_server: uname() reports kernel level 8 but device manifest sets kernel level 7. Using kernel level 8
04-15 16:17:05.722 534 534 I system_server: getFrameworkCompatibilityMatrix: Reading VINTF information.
04-15 16:17:06.078 534 534 I system_server: getFrameworkCompatibilityMatrix: Successfully processed VINTF information
04-15 16:17:06.079 534 534 I system_server: getDeviceCompatibilityMatrix: Reading VINTF information.
04-15 16:17:06.092 534 534 I system_server: getDeviceCompatibilityMatrix: Successfully processed VINTF information
04-15 16:17:06.097 534 534 V SystemServerTiming: showSystemReadyErrorDialogs took to complete: 544ms
04-15 16:17:06.098 534 534 D SystemServerTiming: sendUserStartBroadcast
04-15 16:17:06.109 534 534 V SystemServerTiming: sendUserStartBroadcast took to complete: 11ms
04-15 16:17:06.109 534 534 D SystemServerTiming: resumeTopActivities
04-15 16:17:06.117 534 534 V SystemServerTiming: resumeTopActivities took to complete: 8ms
04-15 16:17:06.117 534 534 D SystemServerTiming: sendUserSwitchBroadcasts
04-15 16:17:06.144 534 534 V SystemServerTiming: sendUserSwitchBroadcasts took to complete: 27ms
04-15 16:17:06.144 534 534 D SystemServerTiming: setBinderProxies
04-15 16:17:06.145 534 534 V SystemServerTiming: setBinderProxies took to complete: 1ms
04-15 16:17:06.145 534 534 V SystemServerTiming: ActivityManagerStartApps took to complete: 4214ms
04-15 16:17:06.145 534 534 D SystemServerTiming: componentAlias
04-15 16:17:06.148 534 534 D ComponentAliasResolver: Compat listener set.
04-15 16:17:06.148 534 534 V SystemServerTiming: componentAlias took to complete: 3ms
04-15 16:17:06.148 534 534 V SystemServerTiming: PhaseActivityManagerReady took to complete: 20140ms
04-15 16:17:06.149 534 566 W system_server: Long monitor contention with owner main (534) at int com.android.server.am.UserController$Injector.broadcastIntent(android.content.Intent, java.lang.String, android.content.IIntentReceiver, int, java.lang.String, android.os.Bundle, java.lang.String[], int, android.os.Bundle, boolean, boolean, int, int, int, int, int)(UserController.java:3436) waiters=0 in void com.android.server.am.ProcessList.lambda$handleProcessStart$1(com.android.server.am.ProcessRecord, java.lang.String, int[], int, int, int, java.lang.String, java.lang.String, java.lang.String, long) for 918ms
04-15 16:17:06.150 534 566 W ActivityManager: Slow operation: 995ms so far, now at startProcess: done updating battery stats
04-15 16:17:06.151 534 566 W ActivityManager: Slow operation: 996ms so far, now at startProcess: building log message
04-15 16:17:06.151 534 566 I ActivityManager: Start proc 1107:com.android.se/1068 for added application com.android.se
04-15 16:17:06.151 534 566 W ActivityManager: Slow operation: 996ms so far, now at startProcess: starting to update pids map
04-15 16:17:06.152 534 566 W ActivityManager: Slow operation: 997ms so far, now at startProcess: done updating pids map
04-15 16:17:06.152 534 566 W ActivityManager: Slow operation: 954ms so far, now at startProcess: asking zygote to start proc
04-15 16:17:06.152 534 566 W ActivityManager: com.android.ons inode == 0 (b/152760674)
04-15 16:17:06.160 534 550 W system_server: Long monitor contention with owner main (534) at int com.android.server.am.UserController$Injector.broadcastIntent(android.content.Intent, java.lang.String, android.content.IIntentReceiver, int, java.lang.String, android.os.Bundle, java.lang.String[], int, android.os.Bundle, boolean, boolean, int, int, int, int, int)(UserController.java:3436) waiters=1 in void com.android.server.am.ActivityManagerService.attachApplication(android.app.IApplicationThread, long) for 705ms
04-15 16:17:06.170 534 550 D CompatibilityChangeReporter: Compat change id reported: 168419799; UID 1068; state: DISABLED
04-15 16:17:06.173 534 550 D CompatibilityChangeReporter: Compat change id reported: 273564678; UID 1068; state: DISABLED
04-15 16:17:06.200 534 534 D SystemServerTiming: LockSettingsThirdPartyAppsStarted
04-15 16:17:06.202 534 534 I LockSettingsService: Migrating unsecured user 0 to SP-based credential
04-15 16:17:06.202 534 534 I LockSettingsService: Initializing synthetic password for user 0
04-15 16:17:06.234 328 328 D Zygote : Forked child process 1120
04-15 16:17:06.250 1107 1107 D CompatibilityChangeReporter: Compat change id reported: 171979766; UID 1068; state: ENABLED
04-15 16:17:06.253 1107 1107 D CompatibilityChangeReporter: Compat change id reported: 242716250; UID 1068; state: ENABLED
04-15 16:17:06.260 534 558 W system_server: Long monitor contention with owner main (534) at int com.android.server.am.UserController$Injector.broadcastIntent(android.content.Intent, java.lang.String, android.content.IIntentReceiver, int, java.lang.String, android.os.Bundle, java.lang.String[], int, android.os.Bundle, boolean, boolean, int, int, int, int, int)(UserController.java:3436) waiters=2 in void com.android.server.am.ActivityManagerService$LocalService.startProcess(java.lang.String, android.content.pm.ApplicationInfo, boolean, boolean, java.lang.String, android.content.ComponentName) for 725ms
04-15 16:17:06.271 534 565 W system_server: Long monitor contention with owner main (534) at int com.android.server.am.UserController$Injector.broadcastIntent(android.content.Intent, java.lang.String, android.content.IIntentReceiver, int, java.lang.String, android.os.Bundle, java.lang.String[], int, android.os.Bundle, boolean, boolean, int, int, int, int, int)(UserController.java:3436) waiters=3 in void com.android.server.am.BroadcastQueueModernImpl.updateRunningList() for 165ms
04-15 16:17:06.312 534 566 W ActivityManager: Slow operation: 1114ms so far, now at startProcess: returned from zygote!
04-15 16:17:06.317 534 566 W ActivityManager: Slow operation: 1119ms so far, now at startProcess: done updating battery stats
04-15 16:17:06.319 534 566 I Watchdog: Interesting Java process com.android.phone started. Pid 1120
04-15 16:17:06.319 534 566 W ActivityManager: Slow operation: 1121ms so far, now at startProcess: building log message
04-15 16:17:06.324 534 566 I ActivityManager: Start proc 1120:com.android.phone/1001 for added application com.android.phone
04-15 16:17:06.325 534 566 W ActivityManager: Slow operation: 1127ms so far, now at startProcess: starting to update pids map
04-15 16:17:06.325 534 566 W ActivityManager: Slow operation: 1127ms so far, now at startProcess: done updating pids map
04-15 16:17:06.326 534 566 W ActivityManager: Slow operation: 57ms so far, now at startProcess: asking zygote to start proc
04-15 16:17:06.326 534 566 W ActivityManager: com.android.emulator.multidisplay inode == 0 (b/152760674)
04-15 16:17:06.336 534 620 D CompatibilityChangeReporter: Compat change id reported: 265195908; UID 1068; state: ENABLED
04-15 16:17:06.341 1120 1120 I m.android.phone: Using CollectorTypeCC GC.
04-15 16:17:06.350 1120 1120 W m.android.phone: Unexpected CPU variant for x86: x86_64.
04-15 16:17:06.350 1120 1120 W m.android.phone: Known variants: atom, sandybridge, silvermont, goldmont, goldmont-plus, tremont, kabylake, default
04-15 16:17:06.354 534 565 I ActivityManager: Test idle failed due to be6a34a 534:system/1000 runnable at -2m0s234ms because CONTAINS_FOREGROUND
04-15 16:17:06.393 1120 1120 E m.android.phone: Not starting debugger since process cannot load the jdwp agent.
04-15 16:17:06.408 328 328 D Zygote : Forked child process 1125
04-15 16:17:06.421 1107 1107 D CompatibilityChangeReporter: Compat change id reported: 3400644; UID 1068; state: ENABLED
04-15 16:17:06.426 534 534 I SyntheticPasswordManager: Creating LSKF-based protector 3ff3ce139693d5a7 for user 0
04-15 16:17:06.438 0 0 I servicemanager: Could not find android.hardware.weaver.IWeaver/default in the VINTF manifest.
04-15 16:17:06.433 534 811 D ConnectivityService: Got NetworkProvider Messenger for VpnNetworkProvider:0
04-15 16:17:06.445 133 133 I hwservicemanager: getTransport: Cannot find entry android.hardware.weaver@1.0::IWeaver/default in either framework or device VINTF manifest.
04-15 16:17:06.446 534 566 W ActivityManager: Slow operation: 147ms so far, now at startProcess: returned from zygote!
04-15 16:17:06.452 534 566 W ActivityManager: Slow operation: 183ms so far, now at startProcess: done updating battery stats
04-15 16:17:06.458 534 534 W SyntheticPasswordManager: Device does not support weaver
04-15 16:17:06.467 534 566 W ActivityManager: Slow operation: 199ms so far, now at startProcess: building log message
04-15 16:17:06.480 534 566 I ActivityManager: Start proc 1125:com.android.settings/1000 for top-activity {com.android.settings/com.android.settings.FallbackHome}
04-15 16:17:06.480 534 566 W ActivityManager: Slow operation: 212ms so far, now at startProcess: starting to update pids map
04-15 16:17:06.481 534 566 W ActivityManager: Slow operation: 212ms so far, now at startProcess: done updating pids map
04-15 16:17:06.514 155 165 E keystore2: system/security/keystore2/src/error.rs:180 - system/security/keystore2/src/security_level.rs:681: Trying to call importKey
04-15 16:17:06.514 155 165 E keystore2:
04-15 16:17:06.514 155 165 E keystore2: Caused by:
04-15 16:17:06.514 155 165 E keystore2: Error::Km(r#ROLLBACK_RESISTANCE_UNAVAILABLE)
04-15 16:17:06.518 534 534 W SyntheticPasswordCrypto: Rollback-resistant keys unavailable. Falling back to non-rollback-resistant key
04-15 16:17:06.544 1092 1092 I bt_stack_config: packages/modules/Bluetooth/system/main/stack_config.cc:199 get_pts_broadcast_audio_config_options: Config isn't ready, use default option
04-15 16:17:06.562 1107 1107 D nativeloader: Configuring clns-shared-6 for other apk /system/app/SecureElement/SecureElement.apk. target_sdk_version=34, uses_libraries=, library_path=/system/app/SecureElement/lib/x86_64:/system/lib64:/system_ext/lib64, permitted_path=/data:/mnt/expand:/data/user/0/com.android.se:/system/app/SecureElement:/system/lib64:/system_ext/lib64
04-15 16:17:06.626 1107 1107 W ContextImpl: Failed to ensure /data/user/0/com.android.se/cache: mkdir failed: ENOENT (No such file or directory)
04-15 16:17:06.626 1107 1107 W ContextImpl: Failed to update user.inode_cache: stat failed: ENOENT (No such file or directory)
04-15 16:17:06.643 1125 1125 I ndroid.settings: Using CollectorTypeCC GC.
04-15 16:17:06.658 1125 1125 W ndroid.settings: Unexpected CPU variant for x86: x86_64.
04-15 16:17:06.658 1125 1125 W ndroid.settings: Known variants: atom, sandybridge, silvermont, goldmont, goldmont-plus, tremont, kabylake, default
04-15 16:17:06.663 1107 1107 V GraphicsEnvironment: Currently set values for:
04-15 16:17:06.663 1107 1107 V GraphicsEnvironment: angle_gl_driver_selection_pkgs=[]
04-15 16:17:06.668 1107 1107 V GraphicsEnvironment: angle_gl_driver_selection_values=[]
04-15 16:17:06.669 1107 1107 V GraphicsEnvironment: ANGLE GameManagerService for com.android.se: false
04-15 16:17:06.669 1107 1107 V GraphicsEnvironment: com.android.se is not listed in per-application setting
04-15 16:17:06.669 1107 1107 V GraphicsEnvironment: Neither updatable production driver nor prerelease driver is supported.
04-15 16:17:06.694 1125 1125 E ndroid.settings: Not starting debugger since process cannot load the jdwp agent.
04-15 16:17:06.762 534 952 D CompatibilityChangeReporter: Compat change id reported: 168419799; UID 1001; state: DISABLED
04-15 16:17:06.763 534 952 D CompatibilityChangeReporter: Compat change id reported: 273564678; UID 1001; state: DISABLED
04-15 16:17:06.825 534 620 D CompatibilityChangeReporter: Compat change id reported: 265195908; UID 1001; state: ENABLED
04-15 16:17:06.827 534 952 I ActivityManager: Flag disabled. Ignoring finishAttachApplication from uid: 1068. pid: 1107
04-15 16:17:06.835 1107 1107 I SecureElementService: main onCreate
04-15 16:17:06.842 534 952 D CompatibilityChangeReporter: Compat change id reported: 161145287; UID 1068; state: ENABLED
04-15 16:17:06.855 1107 1107 I SecureElementService: Check if terminal eSE1 is available.
04-15 16:17:06.873 534 550 D CompatibilityChangeReporter: Compat change id reported: 168419799; UID 1000; state: DISABLED
04-15 16:17:06.875 534 550 D CompatibilityChangeReporter: Compat change id reported: 273564678; UID 1000; state: DISABLED
04-15 16:17:06.879 1092 1092 I droid.bluetooth: [0415/161706.765444:INFO:btif_config_cache.cc(67)] BtifConfigCache, capacity: 10000
04-15 16:17:06.886 1120 1120 D CompatibilityChangeReporter: Compat change id reported: 171979766; UID 1001; state: ENABLED
04-15 16:17:06.890 1120 1120 D CompatibilityChangeReporter: Compat change id reported: 242716250; UID 1001; state: ENABLED
04-15 16:17:06.912 0 0 I servicemanager: Could not find android.hardware.secure_element.ISecureElement/eSE1 in the VINTF manifest.
04-15 16:17:06.932 133 133 I hwservicemanager: getTransport: Cannot find entry android.hardware.secure_element@1.2::ISecureElement/eSE1 in either framework or device VINTF manifest.
04-15 16:17:06.941 141 141 D vold : fscrypt_set_user_key_protection 0
04-15 16:17:06.949 1107 1107 D SecureElement-Terminal-eSE1: SE Hal V1.2 is not supported
04-15 16:17:06.952 133 133 I hwservicemanager: getTransport: Cannot find entry android.hardware.secure_element@1.1::ISecureElement/eSE1 in either framework or device VINTF manifest.
04-15 16:17:06.962 534 550 W ActivityManager: Slow operation: 85ms so far, now at finishAttachApplicationInner: after mServices.attachApplicationLocked
04-15 16:17:06.962 534 550 W ActivityManager: Slow operation: 85ms so far, now at finishAttachApplicationInner: after dispatching broadcasts
04-15 16:17:06.977 394 394 I BpBinder: onLastStrongRef automatically unlinking death recipients:
04-15 16:17:06.993 1107 1107 D SecureElement-Terminal-eSE1: SE Hal V1.1 is not supported
04-15 16:17:06.994 133 133 I hwservicemanager: getTransport: Cannot find entry android.hardware.secure_element@1.0::ISecureElement/eSE1 in either framework or device VINTF manifest.
04-15 16:17:06.995 1107 1107 I SecureElementService: No HAL implementation for eSE1
04-15 16:17:06.995 1107 1107 I SecureElementService: Check if terminal SIM1 is available.
04-15 16:17:07.005 0 0 I servicemanager: Could not find android.hardware.secure_element.ISecureElement/SIM1 in the VINTF manifest.
04-15 16:17:07.000 133 133 I hwservicemanager: getTransport: Cannot find entry android.hardware.secure_element@1.2::ISecureElement/SIM1 in either framework or device VINTF manifest.
04-15 16:17:07.002 1125 1125 D CompatibilityChangeReporter: Compat change id reported: 171979766; UID 1000; state: ENABLED
04-15 16:17:07.004 1125 1125 D CompatibilityChangeReporter: Compat change id reported: 242716250; UID 1000; state: ENABLED
04-15 16:17:07.024 1107 1107 D SecureElement-Terminal-SIM1: SE Hal V1.2 is not supported
04-15 16:17:07.027 141 141 D vold : Stored key /data/misc/vold/user_keys/ce/0/current
04-15 16:17:07.027 141 141 I vold : Stored CE key for new user 0
04-15 16:17:07.041 133 133 I hwservicemanager: getTransport: Cannot find entry android.hardware.secure_element@1.1::ISecureElement/SIM1 in either framework or device VINTF manifest.
04-15 16:17:07.043 534 534 I LockSettingsService: Sending vendor auth secret to IAuthSecret HAL as user: 0
04-15 16:17:07.045 1107 1107 D SecureElement-Terminal-SIM1: SE Hal V1.1 is not supported
04-15 16:17:07.050 133 133 I hwservicemanager: getTransport: Cannot find entry android.hardware.secure_element@1.0::ISecureElement/SIM1 in either framework or device VINTF manifest.
04-15 16:17:07.050 534 534 I LockSettingsService: Successfully initialized synthetic password for user 0
04-15 16:17:07.053 1107 1107 I SecureElementService: No HAL implementation for SIM1
04-15 16:17:07.064 1125 1125 D CompatibilityChangeReporter: Compat change id reported: 3400644; UID 1000; state: ENABLED
04-15 16:17:07.118 534 534 V SystemServerTiming: LockSettingsThirdPartyAppsStarted took to complete: 918ms
04-15 16:17:07.119 534 534 D SystemServerTiming: StartSystemUI
04-15 16:17:07.148 1125 1125 D nativeloader: Configuring clns-shared-6 for other apk /system/framework/org.apache.http.legacy.jar. target_sdk_version=34, uses_libraries=ALL, library_path=/system_ext/priv-app/Settings/lib/x86_64:/system_ext/priv-app/Settings/Settings.apk!/lib/x86_64:/system/lib64:/system_ext/lib64, permitted_path=/data:/mnt/expand:/data/user_de/0/com.android.settings:/system_ext/priv-app/Settings:/system/lib64:/system_ext/lib64
04-15 16:17:07.173 886 886 V SystemUIBootTiming: StartServices com.android.keyguard.KeyguardBiometricLockoutLogger took to complete: 7ms
04-15 16:17:07.175 1125 1125 D ApplicationLoaders: Returning zygote-cached class loader: /system_ext/framework/androidx.window.extensions.jar
04-15 16:17:07.175 1125 1125 D ApplicationLoaders: Returning zygote-cached class loader: /system_ext/framework/androidx.window.sidecar.jar
04-15 16:17:07.178 886 886 V SystemUIBootTiming: StartServices com.android.systemui.LatencyTester took to complete: 5ms
04-15 16:17:07.237 534 565 W system_server: Long monitor contention with owner main (534) at int com.android.server.am.ActivityManagerService.bindServiceInstance(android.app.IApplicationThread, android.os.IBinder, android.content.Intent, java.lang.String, android.app.IServiceConnection, long, java.lang.String, boolean, int, java.lang.String, android.app.IApplicationThread, java.lang.String, int)(ActivityManagerService.java:13404) waiters=0 in boolean com.android.server.am.BroadcastQueueModernImpl.lambda$new$0(android.os.Message) for 110ms
04-15 16:17:07.239 534 534 V SystemServerTiming: StartSystemUI took to complete: 120ms
04-15 16:17:07.239 534 534 V SystemServerTiming: startOtherServices took to complete: 89916ms
04-15 16:17:07.239 534 534 D SystemServerTiming: startApexServices
04-15 16:17:07.244 534 534 D SystemServerTiming: starting com.android.server.devicelock.DeviceLockService
04-15 16:17:07.246 534 534 I SystemServiceManager: Starting com.android.server.devicelock.DeviceLockService
04-15 16:17:07.246 534 534 D DeviceLockService: DeviceLockService constructor
04-15 16:17:07.280 534 534 I DeviceLockService: Registering device_lock
04-15 16:17:07.290 534 534 V SystemServerTiming: starting com.android.server.devicelock.DeviceLockService took to complete: 46ms
04-15 16:17:07.291 534 534 D SystemServerTiming: starting com.android.server.scheduling.RebootReadinessManagerService$Lifecycle
04-15 16:17:07.311 1120 1120 D nativeloader: Configuring clns-shared-6 for other apk /system/framework/org.apache.http.legacy.jar. target_sdk_version=34, uses_libraries=ALL, library_path=/system/priv-app/TeleService/lib/x86_64:/system/lib64:/system_ext/lib64, permitted_path=/data:/mnt/expand:/data/user_de/0/com.android.phone:/system/priv-app/TeleService:/system/lib64:/system_ext/lib64
04-15 16:17:07.317 886 886 V SystemUIBootTiming: StartServices com.android.systemui.ScreenDecorations took to complete: 139ms
04-15 16:17:07.318 886 886 V SystemUIBootTiming: StartServices com.android.systemui.SliceBroadcastRelayHandler took to complete: 0ms
04-15 16:17:07.361 534 534 I SystemServiceManager: Starting com.android.server.scheduling.RebootReadinessManagerService$Lifecycle
04-15 16:17:07.362 534 534 I SystemServiceManager: Not starting an already started service com.android.server.scheduling.RebootReadinessManagerService$Lifecycle
04-15 16:17:07.370 534 534 V SystemServerTiming: starting com.android.server.scheduling.RebootReadinessManagerService$Lifecycle took to complete: 79ms
04-15 16:17:07.370 534 534 V SystemServerTiming: startApexServices took to complete: 130ms
04-15 16:17:07.370 534 534 D SystemServerTiming: UpdateWatchdogTimeout
04-15 16:17:07.370 534 534 I Watchdog: Watchdog timeout updated to 60000 millis
04-15 16:17:07.371 534 534 V SystemServerTiming: UpdateWatchdogTimeout took to complete: 1ms
04-15 16:17:07.371 534 534 V SystemServerTiming: StartServices took to complete: 105606ms
04-15 16:17:07.381 394 421 E HwcComposer: getDisplayDecorationSupport failed Status(-8, EX_SERVICE_SPECIFIC): '8: '
04-15 16:17:07.381 394 421 E HWComposer: getDisplayDecorationSupport: getDisplayDecorationSupport failed for display 4619827259835644672: Unsupported (8)
04-15 16:17:07.424 534 534 W Looper : Slow delivery took 103665ms main h=android.app.PropertyInvalidatedCache$AutoCorker$1 c=null m=0
04-15 16:17:07.499 534 534 D CompatibilityChangeReporter: Compat change id reported: 289878283; UID 1000; state: ENABLED
04-15 16:17:07.514 534 565 D OomAdjuster: Not killing cached processes
04-15 16:17:07.554 534 555 W QuotaTracker: Alarm not scheduled because boot isn't completed
04-15 16:17:07.602 534 534 W Looper : Slow dispatch took 112ms main h=com.android.providers.settings.SettingsProvider$SettingsRegistry$MyHandler c=null m=2
04-15 16:17:07.632 534 641 E BluetoothManagerService: MESSAGE_TIMEOUT_BIND
04-15 16:17:07.650 1125 1125 D nativeloader: Configuring clns-shared-7 for other apk /system_ext/priv-app/Settings/Settings.apk. target_sdk_version=34, uses_libraries=, library_path=/system_ext/priv-app/Settings/lib/x86_64:/system_ext/priv-app/Settings/Settings.apk!/lib/x86_64:/system/lib64:/system_ext/lib64, permitted_path=/data:/mnt/expand:/data/user_de/0/com.android.settings:/system_ext/priv-app/Settings:/system/lib64:/system_ext/lib64
04-15 16:17:07.767 1125 1125 V GraphicsEnvironment: Currently set values for:
04-15 16:17:07.771 1125 1125 V GraphicsEnvironment: angle_gl_driver_selection_pkgs=[]
04-15 16:17:07.771 1125 1125 V GraphicsEnvironment: angle_gl_driver_selection_values=[]
04-15 16:17:07.773 1125 1125 V GraphicsEnvironment: ANGLE GameManagerService for com.android.settings: false
04-15 16:17:07.774 1125 1125 V GraphicsEnvironment: com.android.settings is not listed in per-application setting
04-15 16:17:07.774 1125 1125 V GraphicsEnvironment: Neither updatable production driver nor prerelease driver is supported.
04-15 16:17:07.785 534 534 W Looper : Slow dispatch took 152ms main h=android.app.ActivityThread$H c=null m=159
04-15 16:17:07.838 1125 1125 D CompatibilityChangeReporter: Compat change id reported: 183155436; UID 1000; state: ENABLED
04-15 16:17:07.875 1125 1125 D BatteryStateDatabase: initialize battery states database
04-15 16:17:07.878 1125 1125 W BatteryUsageContentProvider: create content provider from null
04-15 16:17:07.910 1125 1125 D SettingsSliceProvider: init
04-15 16:17:07.916 1125 1125 D SettingsSliceProvider: onCreateSliceProvider
04-15 16:17:07.951 534 607 D CompatibilityChangeReporter: Compat change id reported: 168419799; UID 10116; state: DISABLED
04-15 16:17:07.957 534 607 D CompatibilityChangeReporter: Compat change id reported: 273564678; UID 10116; state: DISABLED
04-15 16:17:07.975 534 534 W Looper : Slow dispatch took 111ms main h=android.database.sqlite.SQLiteConnectionPool$IdleConnectionHandler c=null m=2
04-15 16:17:07.990 1125 1125 D SpaEnvironment: reset
04-15 16:17:07.996 534 534 D ConditionProviders.SCP: onConnected
04-15 16:17:08.000 534 822 D CompatibilityChangeReporter: Compat change id reported: 150939131; UID 1000; state: ENABLED
04-15 16:17:08.052 1120 1120 D nativeloader: Configuring clns-shared-7 for other apk /system/priv-app/TeleService/TeleService.apk. target_sdk_version=34, uses_libraries=, library_path=/system/priv-app/TeleService/lib/x86_64:/system/lib64:/system_ext/lib64, permitted_path=/data:/mnt/expand:/data/user_de/0/com.android.phone:/system/priv-app/TeleService:/system/lib64:/system_ext/lib64
04-15 16:17:08.105 534 534 W Looper : Slow dispatch took 108ms main h=com.android.providers.settings.SettingsProvider$SettingsRegistry$MyHandler c=null m=1
04-15 16:17:08.133 886 886 D NavigationModeController: getCurrentInteractionMode: mode=0 contextUser=0
04-15 16:17:08.138 534 534 D UaBiometricScheduler/FaceProvider/default/4: [Added] {[0] com.android.server.biometrics.sensors.face.aidl.FaceInternalCleanupClient, proto=7, owner=android, cookie=0, requestId=-1, userId=0}, new queue size: 1
04-15 16:17:08.179 886 886 D OverviewProxyService: disconnectFromLauncherService bound?: false currentProxy: null disconnectReason: startConnectionToCurrentUser
04-15 16:17:08.179 886 886 D OverviewProxyService: java.lang.Throwable
04-15 16:17:08.179 886 886 D OverviewProxyService: at com.android.systemui.recents.OverviewProxyService.disconnectFromLauncherService(go/retraceme bb0c85583bc8cef368173602f8ea06d241ec8a7fed6aca80388046fe2c5dd77a:37)
04-15 16:17:08.179 886 886 D OverviewProxyService: at com.android.systemui.recents.OverviewProxyService.internalConnectToCurrentUser(go/retraceme bb0c85583bc8cef368173602f8ea06d241ec8a7fed6aca80388046fe2c5dd77a:1)
04-15 16:17:08.179 886 886 D OverviewProxyService: at com.android.systemui.recents.OverviewProxyService.startConnectionToCurrentUser(go/retraceme bb0c85583bc8cef368173602f8ea06d241ec8a7fed6aca80388046fe2c5dd77a:22)
04-15 16:17:08.179 886 886 D OverviewProxyService: at com.android.systemui.recents.OverviewProxyService.updateEnabledAndBinding(go/retraceme bb0c85583bc8cef368173602f8ea06d241ec8a7fed6aca80388046fe2c5dd77a:30)
04-15 16:17:08.179 886 886 D OverviewProxyService: at com.android.systemui.recents.OverviewProxyService.(go/retraceme bb0c85583bc8cef368173602f8ea06d241ec8a7fed6aca80388046fe2c5dd77a:324)
04-15 16:17:08.179 886 886 D OverviewProxyService: at com.android.systemui.dagger.DaggerReferenceGlobalRootComponent$ReferenceSysUIComponentImpl$SwitchingProvider.get0(go/retraceme bb0c85583bc8cef368173602f8ea06d241ec8a7fed6aca80388046fe2c5dd77a:11)
04-15 16:17:08.179 886 886 D OverviewProxyService: at com.android.systemui.dagger.DaggerReferenceGlobalRootComponent$ReferenceSysUIComponentImpl$SwitchingProvider.get(go/retraceme bb0c85583bc8cef368173602f8ea06d241ec8a7fed6aca80388046fe2c5dd77a:51)
04-15 16:17:08.179 886 886 D OverviewProxyService: at dagger.internal.DoubleCheck.get(go/retraceme bb0c85583bc8cef368173602f8ea06d241ec8a7fed6aca80388046fe2c5dd77a:14)
04-15 16:17:08.179 886 886 D OverviewProxyService: at com.android.systemui.dagger.DaggerReferenceGlobalRootComponent$ReferenceSysUIComponentImpl$SwitchingProvider.get4(go/retraceme bb0c85583bc8cef368173602f8ea06d241ec8a7fed6aca80388046fe2c5dd77a:30)
04-15 16:17:08.179 886 886 D OverviewProxyService: at com.android.systemui.dagger.DaggerReferenceGlobalRootComponent$ReferenceSysUIComponentImpl$SwitchingProvider.get(go/retraceme bb0c85583bc8cef368173602f8ea06d241ec8a7fed6aca80388046fe2c5dd77a:31)
04-15 16:17:08.179 886 886 D OverviewProxyService: at dagger.internal.DoubleCheck.get(go/retraceme bb0c85583bc8cef368173602f8ea06d241ec8a7fed6aca80388046fe2c5dd77a:14)
04-15 16:17:08.179 886 886 D OverviewProxyService: at com.android.systemui.dagger.ContextComponentResolver.resolve(go/retraceme bb0c85583bc8cef368173602f8ea06d241ec8a7fed6aca80388046fe2c5dd77a:14)
04-15 16:17:08.179 886 886 D OverviewProxyService: at com.android.systemui.recents.RecentsModule_ProvideRecentsImplFactory.provideRecentsImpl(go/retraceme bb0c85583bc8cef368173602f8ea06d241ec8a7fed6aca80388046fe2c5dd77a:20)
04-15 16:17:08.179 886 886 D OverviewProxyService: at com.android.systemui.dagger.DaggerReferenceGlobalRootComponent$ReferenceSysUIComponentImpl.recentsImplementation(go/retraceme bb0c85583bc8cef368173602f8ea06d241ec8a7fed6aca80388046fe2c5dd77a:13)
04-15 16:17:08.179 886 886 D OverviewProxyService: at com.android.systemui.dagger.DaggerReferenceGlobalRootComponent$ReferenceSysUIComponentImpl.-$$Nest$mrecentsImplementation(go/retraceme bb0c85583bc8cef368173602f8ea06d241ec8a7fed6aca80388046fe2c5dd77a:1)
04-15 16:17:08.179 886 886 D OverviewProxyService: at com.android.systemui.dagger.DaggerReferenceGlobalRootComponent$ReferenceSysUIComponentImpl$SwitchingProvider.get1(go/retraceme bb0c85583bc8cef368173602f8ea06d241ec8a7fed6aca80388046fe2c5dd77a:81)
04-15 16:17:08.179 886 886 D OverviewProxyService: at com.android.systemui.dagger.DaggerReferenceGlobalRootComponent$ReferenceSysUIComponentImpl$SwitchingProvider.get(go/retraceme bb0c85583bc8cef368173602f8ea06d241ec8a7fed6aca80388046fe2c5dd77a:46)
04-15 16:17:08.179 886 886 D OverviewProxyService: at dagger.internal.DoubleCheck.get(go/retraceme bb0c85583bc8cef368173602f8ea06d241ec8a7fed6aca80388046fe2c5dd77a:14)
04-15 16:17:08.179 886 886 D OverviewProxyService: at com.android.systemui.dagger.DaggerReferenceGlobalRootComponent$ReferenceSysUIComponentImpl$SwitchingProvider.get1(go/retraceme bb0c85583bc8cef368173602f8ea06d241ec8a7fed6aca80388046fe2c5dd77a:134)
04-15 16:17:08.179 886 886 D OverviewProxyService: at com.android.systemui.dagger.DaggerReferenceGlobalRootComponent$ReferenceSysUIComponentImpl$SwitchingProvider.get(go/retraceme bb0c85583bc8cef368173602f8ea06d241ec8a7fed6aca80388046fe2c5dd77a:46)
04-15 16:17:08.179 886 886 D OverviewProxyService: at dagger.internal.DoubleCheck.get(go/retraceme bb0c85583bc8cef368173602f8ea06d241ec8a7fed6aca80388046fe2c5dd77a:14)
04-15 16:17:08.179 886 886 D OverviewProxyService: at com.android.systemui.SystemUIApplication$$ExternalSyntheticLambda1.run(go/retraceme bb0c85583bc8cef368173602f8ea06d241ec8a7fed6aca80388046fe2c5dd77a:47)
04-15 16:17:08.191 1120 1120 V GraphicsEnvironment: Currently set values for:
04-15 16:17:08.192 1120 1120 V GraphicsEnvironment: angle_gl_driver_selection_pkgs=[]
04-15 16:17:08.193 1120 1120 V GraphicsEnvironment: angle_gl_driver_selection_values=[]
04-15 16:17:08.194 1120 1120 V GraphicsEnvironment: ANGLE GameManagerService for com.android.phone: false
04-15 16:17:08.194 1120 1120 V GraphicsEnvironment: com.android.phone is not listed in per-application setting
04-15 16:17:08.197 1120 1120 V GraphicsEnvironment: Neither updatable production driver nor prerelease driver is supported.
04-15 16:17:08.198 886 886 D OverviewProxyService: at com.android.systemui.SystemUIApplication.timeInitialization(go/retraceme bb0c85583bc8cef368173602f8ea06d241ec8a7fed6aca80388046fe2c5dd77a:28)
04-15 16:17:08.198 886 886 D OverviewProxyService: at com.android.systemui.SystemUIApplication.startServicesIfNeeded(go/retraceme bb0c85583bc8cef368173602f8ea06d241ec8a7fed6aca80388046fe2c5dd77a:18)
04-15 16:17:08.198 886 886 D OverviewProxyService: at com.android.systemui.SystemUIApplication.startServicesIfNeeded(go/retraceme bb0c85583bc8cef368173602f8ea06d241ec8a7fed6aca80388046fe2c5dd77a:6)
04-15 16:17:08.198 886 886 D OverviewProxyService: at com.android.systemui.SystemUIService.onCreate(go/retraceme bb0c85583bc8cef368173602f8ea06d241ec8a7fed6aca80388046fe2c5dd77a:10)
04-15 16:17:08.198 886 886 D OverviewProxyService: at android.app.ActivityThread.handleCreateService(ActivityThread.java:4651)
04-15 16:17:08.198 886 886 D OverviewProxyService: at android.app.ActivityThread.-$$Nest$mhandleCreateService(Unknown Source:0)
04-15 16:17:08.198 886 886 D OverviewProxyService: at android.app.ActivityThread$H.handleMessage(ActivityThread.java:2264)
04-15 16:17:08.198 886 886 D OverviewProxyService: at android.os.Handler.dispatchMessage(Handler.java:106)
04-15 16:17:08.198 886 886 D OverviewProxyService: at android.os.Looper.loopOnce(Looper.java:205)
04-15 16:17:08.198 886 886 D OverviewProxyService: at android.os.Looper.loop(Looper.java:294)
04-15 16:17:08.198 886 886 D OverviewProxyService: at android.app.ActivityThread.main(ActivityThread.java:8177)
04-15 16:17:08.198 886 886 D OverviewProxyService: at java.lang.reflect.Method.invoke(Native Method)
04-15 16:17:08.198 886 886 D OverviewProxyService: at com.android.internal.os.RuntimeInit$MethodAndArgsCaller.run(RuntimeInit.java:552)
04-15 16:17:08.198 886 886 D OverviewProxyService: at com.android.internal.os.ZygoteInit.main(ZygoteInit.java:971)
04-15 16:17:08.204 534 534 D UaBiometricScheduler/FaceProvider/default/4: [Starting User] {[1] com.android.server.biometrics.sensors.face.aidl.FaceStartUserClient, proto=17, owner=android, cookie=0, requestId=-1, userId=0}
04-15 16:17:08.205 534 534 D FaceProvider/default: Daemon was null, reconnecting
04-15 16:17:08.216 0 0 I servicemanager: Found android.hardware.biometrics.face.IFace/default in device VINTF manifest.
04-15 16:17:08.240 534 996 I ActivityManager: Flag disabled. Ignoring finishAttachApplication from uid: 1000. pid: 1125
04-15 16:17:08.253 534 534 D FaceProvider/default/4: New session created for user: 0 with hal version: 3
04-15 16:17:08.253 534 534 W Looper : Slow dispatch took 128ms main h=android.os.Handler c=com.android.server.biometrics.sensors.face.aidl.FaceProvider$$ExternalSyntheticLambda1@fcaa14e m=0
04-15 16:17:08.259 534 534 D UaBiometricScheduler/FingerprintProvider/default/0: [Added] {[2] com.android.server.biometrics.sensors.fingerprint.aidl.FingerprintInternalCleanupClient, proto=7, owner=android, cookie=0, requestId=-1, userId=0}, new queue size: 1
04-15 16:17:08.266 534 534 D UaBiometricScheduler/FingerprintProvider/default/0: [Starting User] {[3] com.android.server.biometrics.sensors.fingerprint.aidl.FingerprintStartUserClient, proto=17, owner=android, cookie=0, requestId=-1, userId=0}
04-15 16:17:08.272 534 534 D FingerprintProvider/default: Daemon was null, reconnecting
04-15 16:17:08.276 534 952 D CompatibilityChangeReporter: Compat change id reported: 135634846; UID 10112; state: DISABLED
04-15 16:17:08.277 534 952 D CompatibilityChangeReporter: Compat change id reported: 177438394; UID 10112; state: DISABLED
04-15 16:17:08.278 534 952 D CompatibilityChangeReporter: Compat change id reported: 135772972; UID 10112; state: DISABLED
04-15 16:17:08.279 534 952 D CompatibilityChangeReporter: Compat change id reported: 135754954; UID 10112; state: ENABLED
04-15 16:17:08.285 534 996 D CoreBackPreview: Window{e457d69 u0 ScreenDecorOverlay}: Setting back callback OnBackInvokedCallbackInfo{mCallback=android.window.IOnBackInvokedCallback$Stub$Proxy@f047075, mPriority=0, mIsAnimationCallback=false}
04-15 16:17:08.286 534 566 D CompatibilityChangeReporter: Compat change id reported: 143937733; UID 10112; state: ENABLED
04-15 16:17:08.287 534 566 W ActivityManager: com.android.launcher3 inode == 0 (b/152760674)
04-15 16:17:08.289 0 0 I servicemanager: Found android.hardware.biometrics.fingerprint.IFingerprint/default in device VINTF manifest.
04-15 16:17:08.292 0 0 I servicemanager: Since 'android.hardware.biometrics.fingerprint.IFingerprint/default' could not be found, trying to start it as a lazy AIDL service. (if it's not configured to be a lazy service, it may be stuck starting or still starting).
04-15 16:17:08.314 0 0 I init : starting service 'vendor.biometrics.fingerprint-service.ranchu'...
04-15 16:17:08.340 1092 1092 W ActivityThread: Failed to find provider info for bluetooth_legacy.provider (user not unlocked)
04-15 16:17:08.341 1092 1092 D DataMigration: Legacy migration skiped: no migration app installed
04-15 16:17:08.385 0 0 I init : ... started service 'vendor.biometrics.fingerprint-service.ranchu' has pid 1166
04-15 16:17:08.385 0 0 I init : Control message: Processed ctl.interface_start for 'aidl/android.hardware.biometrics.fingerprint.IFingerprint/default' from pid: 132 (/system/bin/servicemanager)
04-15 16:17:08.403 1125 1165 D libEGL : loaded /vendor/lib64/egl/libEGL_emulation.so
04-15 16:17:08.418 1125 1165 D libEGL : loaded /vendor/lib64/egl/libGLESv1_CM_emulation.so
04-15 16:17:08.443 1125 1165 D libEGL : loaded /vendor/lib64/egl/libGLESv2_emulation.so
04-15 16:17:08.507 328 328 D Zygote : Forked child process 1169
04-15 16:17:08.546 534 566 W ActivityManager: Slow operation: 283ms so far, now at startProcess: returned from zygote!
04-15 16:17:08.555 534 566 W ActivityManager: Slow operation: 292ms so far, now at startProcess: done updating battery stats
04-15 16:17:08.555 534 566 W ActivityManager: Slow operation: 292ms so far, now at startProcess: building log message
04-15 16:17:08.555 534 566 I ActivityManager: Start proc 1169:com.android.launcher3/u0a112 for service {com.android.launcher3/com.android.quickstep.TouchInteractionService}
04-15 16:17:08.555 534 566 W ActivityManager: Slow operation: 292ms so far, now at startProcess: starting to update pids map
04-15 16:17:08.564 534 566 W ActivityManager: Slow operation: 301ms so far, now at startProcess: done updating pids map
04-15 16:17:08.658 1169 1169 I droid.launcher3: Using CollectorTypeCC GC.
04-15 16:17:08.673 1169 1169 W droid.launcher3: Unexpected CPU variant for x86: x86_64.
04-15 16:17:08.673 1169 1169 W droid.launcher3: Known variants: atom, sandybridge, silvermont, goldmont, goldmont-plus, tremont, kabylake, default
04-15 16:17:08.701 1169 1169 E droid.launcher3: Not starting debugger since process cannot load the jdwp agent.
04-15 16:17:08.720 1166 1166 I AidlLazyServiceRegistrar: Registering service android.hardware.biometrics.fingerprint.IFingerprint/default
04-15 16:17:08.737 0 0 I servicemanager: Found android.hardware.biometrics.fingerprint.IFingerprint/default in device VINTF manifest.
04-15 16:17:08.749 0 0 I BpBinder: onLastStrongRef automatically unlinking death recipients:
04-15 16:17:08.777 1166 1166 E fingerprint-service.ranchu: openFile:48 open('/data/vendor_de/0/fpdata/sensor0.bin', output=0) failed with errno=2
04-15 16:17:08.777 1166 1166 D fingerprint-service.ranchu: 0x73854b42a010:Session: New session: sensorId=0 userId=0
04-15 16:17:08.786 534 534 D FingerprintProvider/default/0: New session created for user: 0 with hal version: 3
04-15 16:17:08.787 534 534 W Looper : Slow dispatch took 528ms main h=android.os.Handler c=com.android.server.biometrics.sensors.fingerprint.aidl.FingerprintProvider$$ExternalSyntheticLambda2@3519bf3 m=0
04-15 16:17:08.807 1092 1092 I BluetoothAvrcpControllerJni: classInitNative: succeeds
04-15 16:17:08.887 534 607 D CoreBackPreview: Window{456c920 u0 ScreenDecorOverlayBottom}: Setting back callback OnBackInvokedCallbackInfo{mCallback=android.window.IOnBackInvokedCallback$Stub$Proxy@f2437ba, mPriority=0, mIsAnimationCallback=false}
04-15 16:17:08.891 534 534 D ConditionProviders.SCP: onSubscribe condition://android/schedule?days=1.2.3.4.5.6.7&start=22.0&end=7.0&exitAtAlarm=true
04-15 16:17:08.899 534 534 D ConditionProviders.SCP: setRegistered true
04-15 16:17:08.919 886 1154 I Choreographer: Skipped 34 frames! The application may be doing too much work on its main thread.
04-15 16:17:08.953 534 819 W ActivityThread: Failed to find provider info for com.android.calendar (user not unlocked)
04-15 16:17:08.958 534 819 W ActivityThread: Failed to find provider info for com.android.calendar (user not unlocked)
04-15 16:17:08.973 1125 1125 D CompatibilityChangeReporter: Compat change id reported: 237531167; UID 1000; state: DISABLED
04-15 16:17:08.985 1125 1125 W OpenGLRenderer: Unknown dataspace 0
04-15 16:17:09.001 534 550 W WindowManager: Failed looking up window session=Session{a374d55 1125:1000} callers=com.android.server.wm.WindowManagerService.windowForClientLocked:6034 com.android.server.wm.Session.updateRequestedVisibleTypes:690 android.view.IWindowSession$Stub.onTransact:1034
04-15 16:17:09.012 1092 1092 D CompatibilityChangeReporter: Compat change id reported: 263076149; UID 1002; state: ENABLED
04-15 16:17:09.018 1092 1092 I BluetoothHidHostServiceJni: classInitNative: succeeds
04-15 16:17:09.036 1092 1092 I BluetoothPanServiceJni: classInitNative(L108): succeeds
04-15 16:17:09.042 534 952 D CompatibilityChangeReporter: Compat change id reported: 168419799; UID 10112; state: DISABLED
04-15 16:17:09.047 1092 1092 I AdapterServiceConfig: init: profile=A2dpService, enabled=true
04-15 16:17:09.048 534 952 D CompatibilityChangeReporter: Compat change id reported: 273564678; UID 10112; state: DISABLED
04-15 16:17:09.048 1092 1092 I AdapterServiceConfig: init: profile=A2dpSinkService, enabled=false
04-15 16:17:09.048 1092 1092 I AdapterServiceConfig: init: profile=AvrcpTargetService, enabled=true
04-15 16:17:09.049 1092 1092 I AdapterServiceConfig: init: profile=AvrcpControllerService, enabled=false
04-15 16:17:09.049 1092 1092 I AdapterServiceConfig: init: profile=BassClientService, enabled=false
04-15 16:17:09.049 1092 1092 I AdapterServiceConfig: init: profile=BatteryService, enabled=false
04-15 16:17:09.049 1092 1092 I AdapterServiceConfig: init: profile=CsipSetCoordinatorService, enabled=false
04-15 16:17:09.049 1092 1092 I AdapterServiceConfig: init: profile=HapClientService, enabled=false
04-15 16:17:09.049 1092 1092 I AdapterServiceConfig: init: profile=HeadsetService, enabled=true
04-15 16:17:09.049 1092 1092 I AdapterServiceConfig: init: profile=HeadsetClientService, enabled=false
04-15 16:17:09.049 1092 1092 I AdapterServiceConfig: init: profile=HearingAidService, enabled=true
04-15 16:17:09.050 1092 1092 I AdapterServiceConfig: init: profile=HidDeviceService, enabled=true
04-15 16:17:09.050 1092 1092 I AdapterServiceConfig: init: profile=HidHostService, enabled=true
04-15 16:17:09.050 1092 1092 I AdapterServiceConfig: init: profile=GattService, enabled=true
04-15 16:17:09.050 1092 1092 I AdapterServiceConfig: init: profile=LeAudioService, enabled=false
04-15 16:17:09.050 1092 1092 I AdapterServiceConfig: init: profile=TbsService, enabled=false
04-15 16:17:09.050 1092 1092 I AdapterServiceConfig: init: profile=BluetoothMapService, enabled=true
04-15 16:17:09.050 1092 1092 I AdapterServiceConfig: init: profile=MapClientService, enabled=false
04-15 16:17:09.050 1092 1092 I AdapterServiceConfig: init: profile=McpService, enabled=true
04-15 16:17:09.050 1092 1092 I AdapterServiceConfig: init: profile=BluetoothOppService, enabled=true
04-15 16:17:09.051 1092 1092 I AdapterServiceConfig: init: profile=PanService, enabled=true
04-15 16:17:09.051 1092 1092 I AdapterServiceConfig: init: profile=BluetoothPbapService, enabled=true
04-15 16:17:09.051 1092 1092 I AdapterServiceConfig: init: profile=PbapClientService, enabled=false
04-15 16:17:09.052 1092 1092 I AdapterServiceConfig: init: profile=SapService, enabled=false
04-15 16:17:09.052 1092 1092 I AdapterServiceConfig: init: profile=VolumeControlService, enabled=false
04-15 16:17:09.067 534 953 I ActivityManager: Flag disabled. Ignoring finishAttachApplication from uid: 1002. pid: 1092
04-15 16:17:09.070 1125 1125 D BatteryUsageBroadcastReceiver: onReceive:android.intent.action.BATTERY_LEVEL_CHANGED
04-15 16:17:09.081 534 952 W ActivityManager: Slow operation: 58ms so far, now at attachApplicationLocked: immediately before bindApplication
04-15 16:17:09.109 534 534 D ConditionProviders.SCP: evaluateSubscriptionLocked cal=ScheduleCalendar[mDays={1, 2, 3, 4, 5, 6, 7}, mSchedule=ScheduleInfo{days=[1, 2, 3, 4, 5, 6, 7], startHour=22, startMinute=0, endHour=7, endMinute=0, exitAtAlarm=true, nextAlarm=Thu Jan 01 00:00:00 UTC 1970 (0)}], now=Wed Apr 15 16:17:08 UTC 2026 (1776269828898), nextUserAlarmTime=Thu Jan 01 00:00:00 UTC 1970 (0)
04-15 16:17:09.113 534 819 D CompatibilityChangeReporter: Compat change id reported: 171306433; UID 1000; state: ENABLED
04-15 16:17:09.113 534 819 D CompatibilityChangeReporter: Compat change id reported: 218533173; UID 1000; state: ENABLED
04-15 16:17:09.115 1120 1120 D nativeloader: Configuring clns-shared-8 for other apk /system/app/Stk/Stk.apk. target_sdk_version=34, uses_libraries=, library_path=/system/app/Stk/lib/x86_64:/system/lib64:/system_ext/lib64, permitted_path=/data:/mnt/expand:/data/user_de/0/com.android.stk:/system/app/Stk:/system/lib64:/system_ext/lib64
04-15 16:17:09.127 1125 1125 D CompatibilityChangeReporter: Compat change id reported: 170233598; UID 1000; state: ENABLED
04-15 16:17:09.133 534 952 W ActivityManager: Slow operation: 61ms so far, now at attachApplicationLocked: immediately after bindApplication
04-15 16:17:09.134 534 952 W ActivityManager: Slow operation: 111ms so far, now at attachApplicationLocked: after updateLruProcessLocked
04-15 16:17:09.163 534 534 D ConditionProviders.SCP: notifyCondition condition://android/schedule?days=1.2.3.4.5.6.7&start=22.0&end=7.0&exitAtAlarm=true STATE_FALSE reason=!meetsSchedule
04-15 16:17:09.171 1125 1125 D BatteryUsageBroadcastReceiver: fetch data because of event: ACTION_BATTERY_LEVEL_CHANGED
04-15 16:17:09.183 1092 1092 I BluetoothMetricsLogger: setCounterMetricsAlarm()
04-15 16:17:09.234 534 952 D CompatibilityChangeReporter: Compat change id reported: 261072174; UID 10116; state: ENABLED
