04-15 16:16:15.416 732 732 W dex2oat64: /apex/com.android.art/bin/dex2oat64 --zip-fd=7 --zip-location=/apex/com.android.extservices/priv-app/ExtServices@UE1A.230829.036.A1/ExtServices.apk --oat-fd=8 --oat-location=/data/dalvik-cache/x86_64/apex@com.android.extservices@priv-app@ExtServices@UE1A.230829.036.A1@ExtServices.apk@classes.dex --output-vdex-fd=9 --swap-fd=10 --class-loader-context=PCL[] --classpath-dir=/apex/com.android.extservices/priv-app/ExtServices@UE1A.230829.036.A1 --instruction-set=x86_64 --instruction-set-features=default --instruction-set-variant=x86_64 --compiler-filter=verify --compilation-reason=first-boot --compact-dex-level=none --max-image-block-size=524288 --resolve-startup-const-strings=true --generate-mini-debug-info --runtime-arg -Xtarget-sdk-version:34 --runtime-arg -Xms64m --runtime-arg -Xmx512m --comments=app-version-name:2019-09,app-version-code:309999900,art-version:342090000
04-15 16:16:15.419 732 732 I dex2oat64: /apex/com.android.art/bin/dex2oat64 --output-vdex-fd=9 --class-loader-context=PCL[] --classpath-dir=/apex/com.android.extservices/priv-app/ExtServices@UE1A.230829.036.A1 --compiler-filter=verify --compilation-reason=first-boot --compact-dex-level=none --max-image-block-size=524288 --resolve-startup-const-strings=true --generate-mini-debug-info --comments=app-version-name:2019-09,app-version-code:309999900,art-version:342090000
04-15 16:16:15.531 732 732 I dex2oat64: Using CollectorTypeCC GC.
04-15 16:16:16.395 534 545 I system_server: Background concurrent copying GC freed 55152(2309KB) AllocSpace objects, 129(2580KB) LOS objects, 49% free, 8020KB/15MB, paused 448us,420us total 310.706ms
04-15 16:16:17.170 732 732 I dex2oat64: dex2oat took 1.824s (1.765s cpu) (threads: 2) arena alloc=0B (0B) java alloc=566KB (579824B) native alloc=1216KB (1246176B) free=784KB (803728B)
04-15 16:16:17.197 659 679 I artd : dex2oat returned code 0
04-15 16:16:17.200 534 642 E ReportEncoder: No watchlist hash
04-15 16:16:17.204 534 657 I ArtService: Dexopt result: [packageName = android.ext.services] DexContainerFileDexoptResult{dexContainerFile=/apex/com.android.extservices/priv-app/ExtServices@UE1A.230829.036.A1/ExtServices.apk, primaryAbi=true, abi=x86_64, actualCompilerFilter=verify, status=PERFORMED, dex2oatWallTimeMillis=2512, dex2oatCpuTimeMillis=2200, sizeBytes=51272, sizeBeforeBytes=0}
04-15 16:16:17.210 659 679 W ziparchive: Unable to open '/apex/com.android.tethering/app/HalfSheetUX@UE1A.230829.036.A1/HalfSheetUX.dm': No such file or directory
04-15 16:16:17.210 659 679 W ziparchive: Unable to open '/apex/com.android.tethering/app/HalfSheetUX@UE1A.230829.036.A1/HalfSheetUX.dm': No such file or directory
04-15 16:16:17.218 534 642 I WatchlistLoggingHandler: Milliseconds spent on tryAggregateRecords(): 38407
04-15 16:16:17.237 659 678 I artd : Running dex2oat: /apex/com.android.art/bin/art_exec --drop-capabilities --keep-fds=7:8:9:10 -- /apex/com.android.art/bin/dex2oat64 --zip-fd=7 --zip-location=/apex/com.android.tethering/app/HalfSheetUX@UE1A.230829.036.A1/HalfSheetUX.apk --oat-fd=8 --oat-location=/data/dalvik-cache/x86_64/apex@com.android.tethering@app@HalfSheetUX@UE1A.230829.036.A1@HalfSheetUX.apk@classes.dex --output-vdex-fd=9 --swap-fd=10 --class-loader-context=PCL[] --classpath-dir=/apex/com.android.tethering/app/HalfSheetUX@UE1A.230829.036.A1 --instruction-set=x86_64 --instruction-set-features=default --instruction-set-variant=x86_64 --compiler-filter=verify --compilation-reason=first-boot --compact-dex-level=none --max-image-block-size=524288 --resolve-startup-const-strings=true --generate-mini-debug-info --runtime-arg -Xtarget-sdk-version:34 --runtime-arg -Xms64m --runtime-arg -Xmx512m --comments=app-version-name:14,app-version-code:34,art-version:342090000
04-15 16:16:17.237 659 678 I artd : Opened FDs: 7:/apex/com.android.tethering/app/HalfSheetUX@UE1A.230829.036.A1/HalfSheetUX.apk 8:/data/dalvik-cache/x86_64/apex@com.android.tethering@app@HalfSheetUX@UE1A.230829.036.A1@HalfSheetUX.apk@classes.dex.gLqonf.tmp 9:/data/dalvik-cache/x86_64/apex@com.android.tethering@app@HalfSheetUX@UE1A.230829.036.A1@HalfSheetUX.apk@classes.vdex.Oh7kBe.tmp 10:/data/dalvik-cache/x86_64/apex@com.android.tethering@app@HalfSheetUX@UE1A.230829.036.A1@HalfSheetUX.apk@classes.dex.swap.cBCaPN.tmp
04-15 16:16:17.246 534 557 I DropBoxManagerService: add tag=system_server_strictmode isTagEnabled=true flags=0x2
04-15 16:16:17.277 534 557 I DropBoxManagerService: add tag=system_server_strictmode isTagEnabled=true flags=0x2
04-15 16:16:17.285 534 557 I DropBoxManagerService: add tag=system_server_strictmode isTagEnabled=true flags=0x2
04-15 16:16:17.292 534 557 I DropBoxManagerService: add tag=system_server_strictmode isTagEnabled=true flags=0x2
04-15 16:16:17.297 534 557 I DropBoxManagerService: add tag=system_server_strictmode isTagEnabled=true flags=0x2
04-15 16:16:17.301 534 557 I DropBoxManagerService: add tag=system_server_strictmode isTagEnabled=true flags=0x2
04-15 16:16:17.305 534 557 I DropBoxManagerService: add tag=system_server_strictmode isTagEnabled=true flags=0x2
04-15 16:16:17.325 534 557 I DropBoxManagerService: add tag=system_server_strictmode isTagEnabled=true flags=0x2
04-15 16:16:17.341 534 557 I DropBoxManagerService: add tag=system_server_strictmode isTagEnabled=true flags=0x2
04-15 16:16:17.359 534 557 I DropBoxManagerService: add tag=system_server_strictmode isTagEnabled=true flags=0x2
04-15 16:16:17.667 738 738 W dex2oat64: Unexpected CPU variant for x86: x86_64.
04-15 16:16:17.667 738 738 W dex2oat64: Known variants: atom, sandybridge, silvermont, goldmont, goldmont-plus, tremont, kabylake, default
04-15 16:16:17.686 738 738 W dex2oat64: Mismatch between dex2oat instruction set features to use (ISA: X86_64 Feature string: -ssse3,-sse4.1,-sse4.2,-avx,-avx2,-popcnt) and those from CPP defines (ISA: X86_64 Feature string: ssse3,sse4.1,sse4.2,-avx,-avx2,popcnt) for the command line:
04-15 16:16:17.686 738 738 W dex2oat64: /apex/com.android.art/bin/dex2oat64 --zip-fd=7 --zip-location=/apex/com.android.tethering/app/HalfSheetUX@UE1A.230829.036.A1/HalfSheetUX.apk --oat-fd=8 --oat-location=/data/dalvik-cache/x86_64/apex@com.android.tethering@app@HalfSheetUX@UE1A.230829.036.A1@HalfSheetUX.apk@classes.dex --output-vdex-fd=9 --swap-fd=10 --class-loader-context=PCL[] --classpath-dir=/apex/com.android.tethering/app/HalfSheetUX@UE1A.230829.036.A1 --instruction-set=x86_64 --instruction-set-features=default --instruction-set-variant=x86_64 --compiler-filter=verify --compilation-reason=first-boot --compact-dex-level=none --max-image-block-size=524288 --resolve-startup-const-strings=true --generate-mini-debug-info --runtime-arg -Xtarget-sdk-version:34 --runtime-arg -Xms64m --runtime-arg -Xmx512m --comments=app-version-name:14,app-version-code:34,art-version:342090000
04-15 16:16:17.690 738 738 I dex2oat64: /apex/com.android.art/bin/dex2oat64 --output-vdex-fd=9 --class-loader-context=PCL[] --classpath-dir=/apex/com.android.tethering/app/HalfSheetUX@UE1A.230829.036.A1 --compiler-filter=verify --compilation-reason=first-boot --compact-dex-level=none --max-image-block-size=524288 --resolve-startup-const-strings=true --generate-mini-debug-info --comments=app-version-name:14,app-version-code:34,art-version:342090000
04-15 16:16:17.751 738 738 I dex2oat64: Using CollectorTypeCC GC.
04-15 16:16:19.246 738 738 I dex2oat64: dex2oat took 1.595s (2.477s cpu) (threads: 2) arena alloc=0B (0B) java alloc=2433KB (2491648B) native alloc=1476KB (1511568B) free=829KB (848928B)
04-15 16:16:19.264 659 678 I artd : dex2oat returned code 0
04-15 16:16:19.267 534 657 I ArtService: Dexopt result: [packageName = com.android.nearby.halfsheet] DexContainerFileDexoptResult{dexContainerFile=/apex/com.android.tethering/app/HalfSheetUX@UE1A.230829.036.A1/HalfSheetUX.apk, primaryAbi=true, abi=x86_64, actualCompilerFilter=verify, status=PERFORMED, dex2oatWallTimeMillis=2029, dex2oatCpuTimeMillis=2840, sizeBytes=68272, sizeBeforeBytes=0}
04-15 16:16:19.273 659 663 W ziparchive: Unable to open '/apex/com.android.tethering/priv-app/TetheringNext@UE1A.230829.036.A1/TetheringNext.dm': No such file or directory
04-15 16:16:19.273 659 663 W ziparchive: Unable to open '/apex/com.android.tethering/priv-app/TetheringNext@UE1A.230829.036.A1/TetheringNext.dm': No such file or directory
04-15 16:16:19.284 659 678 I artd : Running dex2oat: /apex/com.android.art/bin/art_exec --drop-capabilities --keep-fds=7:8:9:10 -- /apex/com.android.art/bin/dex2oat64 --zip-fd=7 --zip-location=/apex/com.android.tethering/priv-app/TetheringNext@UE1A.230829.036.A1/TetheringNext.apk --oat-fd=8 --oat-location=/data/dalvik-cache/x86_64/apex@com.android.tethering@priv-app@TetheringNext@UE1A.230829.036.A1@TetheringNext.apk@classes.dex --output-vdex-fd=9 --swap-fd=10 --class-loader-context=PCL[] --classpath-dir=/apex/com.android.tethering/priv-app/TetheringNext@UE1A.230829.036.A1 --instruction-set=x86_64 --instruction-set-features=default --instruction-set-variant=x86_64 --compiler-filter=verify --compilation-reason=first-boot --compact-dex-level=none --max-image-block-size=524288 --resolve-startup-const-strings=true --generate-mini-debug-info --runtime-arg -Xtarget-sdk-version:34 --runtime-arg -Xms64m --runtime-arg -Xmx512m --comments=app-version-name:14,app-version-code:34,art-version:342090000
04-15 16:16:19.284 659 678 I artd : Opened FDs: 7:/apex/com.android.tethering/priv-app/TetheringNext@UE1A.230829.036.A1/TetheringNext.apk 8:/data/dalvik-cache/x86_64/apex@com.android.tethering@priv-app@TetheringNext@UE1A.230829.036.A1@TetheringNext.apk@classes.dex.HEJWAc.tmp 9:/data/dalvik-cache/x86_64/apex@com.android.tethering@priv-app@TetheringNext@UE1A.230829.036.A1@TetheringNext.apk@classes.vdex.m2bCiL.tmp 10:/data/dalvik-cache/x86_64/apex@com.android.tethering@priv-app@TetheringNext@UE1A.230829.036.A1@TetheringNext.apk@classes.dex.swap.f1jks1.tmp
04-15 16:16:19.506 744 744 W dex2oat64: Unexpected CPU variant for x86: x86_64.
04-15 16:16:19.506 744 744 W dex2oat64: Known variants: atom, sandybridge, silvermont, goldmont, goldmont-plus, tremont, kabylake, default
04-15 16:16:19.523 744 744 W dex2oat64: Mismatch between dex2oat instruction set features to use (ISA: X86_64 Feature string: -ssse3,-sse4.1,-sse4.2,-avx,-avx2,-popcnt) and those from CPP defines (ISA: X86_64 Feature string: ssse3,sse4.1,sse4.2,-avx,-avx2,popcnt) for the command line:
04-15 16:16:19.523 744 744 W dex2oat64: /apex/com.android.art/bin/dex2oat64 --zip-fd=7 --zip-location=/apex/com.android.tethering/priv-app/TetheringNext@UE1A.230829.036.A1/TetheringNext.apk --oat-fd=8 --oat-location=/data/dalvik-cache/x86_64/apex@com.android.tethering@priv-app@TetheringNext@UE1A.230829.036.A1@TetheringNext.apk@classes.dex --output-vdex-fd=9 --swap-fd=10 --class-loader-context=PCL[] --classpath-dir=/apex/com.android.tethering/priv-app/TetheringNext@UE1A.230829.036.A1 --instruction-set=x86_64 --instruction-set-features=default --instruction-set-variant=x86_64 --compiler-filter=verify --compilation-reason=first-boot --compact-dex-level=none --max-image-block-size=524288 --resolve-startup-const-strings=true --generate-mini-debug-info --runtime-arg -Xtarget-sdk-version:34 --runtime-arg -Xms64m --runtime-arg -Xmx512m --comments=app-version-name:14,app-version-code:34,art-version:342090000
04-15 16:16:19.525 744 744 I dex2oat64: /apex/com.android.art/bin/dex2oat64 --output-vdex-fd=9 --class-loader-context=PCL[] --classpath-dir=/apex/com.android.tethering/priv-app/TetheringNext@UE1A.230829.036.A1 --compiler-filter=verify --compilation-reason=first-boot --compact-dex-level=none --max-image-block-size=524288 --resolve-startup-const-strings=true --generate-mini-debug-info --comments=app-version-name:14,app-version-code:34,art-version:342090000
04-15 16:16:19.568 744 744 I dex2oat64: Using CollectorTypeCC GC.
04-15 16:16:20.421 744 744 I dex2oat64: dex2oat took 933.492ms (1.147s cpu) (threads: 2) arena alloc=0B (0B) java alloc=309KB (317152B) native alloc=1169KB (1197200B) free=806KB (826080B)
04-15 16:16:20.439 659 678 I artd : dex2oat returned code 0
04-15 16:16:20.443 534 657 I ArtService: Dexopt result: [packageName = com.android.networkstack.tethering] DexContainerFileDexoptResult{dexContainerFile=/apex/com.android.tethering/priv-app/TetheringNext@UE1A.230829.036.A1/TetheringNext.apk, primaryAbi=true, abi=x86_64, actualCompilerFilter=verify, status=PERFORMED, dex2oatWallTimeMillis=1154, dex2oatCpuTimeMillis=1350, sizeBytes=35208, sizeBeforeBytes=0}
04-15 16:16:20.449 659 678 W ziparchive: Unable to open '/apex/com.android.cellbroadcast/priv-app/CellBroadcastApp@UE1A.230829.036.A1/CellBroadcastApp.dm': No such file or directory
04-15 16:16:20.449 659 678 W ziparchive: Unable to open '/apex/com.android.cellbroadcast/priv-app/CellBroadcastApp@UE1A.230829.036.A1/CellBroadcastApp.dm': No such file or directory
04-15 16:16:20.459 659 678 I artd : Running dex2oat: /apex/com.android.art/bin/art_exec --drop-capabilities --keep-fds=7:8:9:10 -- /apex/com.android.art/bin/dex2oat64 --zip-fd=7 --zip-location=/apex/com.android.cellbroadcast/priv-app/CellBroadcastApp@UE1A.230829.036.A1/CellBroadcastApp.apk --oat-fd=8 --oat-location=/data/dalvik-cache/x86_64/apex@com.android.cellbroadcast@priv-app@CellBroadcastApp@UE1A.230829.036.A1@CellBroadcastApp.apk@classes.dex --output-vdex-fd=9 --swap-fd=10 --class-loader-context=PCL[] --classpath-dir=/apex/com.android.cellbroadcast/priv-app/CellBroadcastApp@UE1A.230829.036.A1 --instruction-set=x86_64 --instruction-set-features=default --instruction-set-variant=x86_64 --compiler-filter=verify --compilation-reason=first-boot --compact-dex-level=none --max-image-block-size=524288 --resolve-startup-const-strings=true --generate-mini-debug-info --runtime-arg -Xtarget-sdk-version:34 --runtime-arg -Xms64m --runtime-arg -Xmx512m --comments=app-version-name:R-initial,app-version-code:300000000,art-version:342090000
04-15 16:16:20.459 659 678 I artd : Opened FDs: 7:/apex/com.android.cellbroadcast/priv-app/CellBroadcastApp@UE1A.230829.036.A1/CellBroadcastApp.apk 8:/data/dalvik-cache/x86_64/apex@com.android.cellbroadcast@priv-app@CellBroadcastApp@UE1A.230829.036.A1@CellBroadcastApp.apk@classes.dex.0m8mYL.tmp 9:/data/dalvik-cache/x86_64/apex@com.android.cellbroadcast@priv-app@CellBroadcastApp@UE1A.230829.036.A1@CellBroadcastApp.apk@classes.vdex.Xxxyn2.tmp 10:/data/dalvik-cache/x86_64/apex@com.android.cellbroadcast@priv-app@CellBroadcastApp@UE1A.230829.036.A1@CellBroadcastApp.apk@classes.dex.swap.5e3sVu.tmp
04-15 16:16:20.704 750 750 W dex2oat64: Unexpected CPU variant for x86: x86_64.
04-15 16:16:20.704 750 750 W dex2oat64: Known variants: atom, sandybridge, silvermont, goldmont, goldmont-plus, tremont, kabylake, default
04-15 16:16:20.721 750 750 W dex2oat64: Mismatch between dex2oat instruction set features to use (ISA: X86_64 Feature string: -ssse3,-sse4.1,-sse4.2,-avx,-avx2,-popcnt) and those from CPP defines (ISA: X86_64 Feature string: ssse3,sse4.1,sse4.2,-avx,-avx2,popcnt) for the command line:
04-15 16:16:20.721 750 750 W dex2oat64: /apex/com.android.art/bin/dex2oat64 --zip-fd=7 --zip-location=/apex/com.android.cellbroadcast/priv-app/CellBroadcastApp@UE1A.230829.036.A1/CellBroadcastApp.apk --oat-fd=8 --oat-location=/data/dalvik-cache/x86_64/apex@com.android.cellbroadcast@priv-app@CellBroadcastApp@UE1A.230829.036.A1@CellBroadcastApp.apk@classes.dex --output-vdex-fd=9 --swap-fd=10 --class-loader-context=PCL[] --classpath-dir=/apex/com.android.cellbroadcast/priv-app/CellBroadcastApp@UE1A.230829.036.A1 --instruction-set=x86_64 --instruction-set-features=default --instruction-set-variant=x86_64 --compiler-filter=verify --compilation-reason=first-boot --compact-dex-level=none --max-image-block-size=524288 --resolve-startup-const-strings=true --generate-mini-debug-info --runtime-arg -Xtarget-sdk-version:34 --runtime-arg -Xms64m --runtime-arg -Xmx512m --comments=app-version-name:R-initial,app-version-code:300000000,art-version:342090000
04-15 16:16:20.723 750 750 I dex2oat64: /apex/com.android.art/bin/dex2oat64 --output-vdex-fd=9 --class-loader-context=PCL[] --classpath-dir=/apex/com.android.cellbroadcast/priv-app/CellBroadcastApp@UE1A.230829.036.A1 --compiler-filter=verify --compilation-reason=first-boot --compact-dex-level=none --max-image-block-size=524288 --resolve-startup-const-strings=true --generate-mini-debug-info --comments=app-version-name:R-initial,app-version-code:300000000,art-version:342090000
04-15 16:16:20.817 750 750 I dex2oat64: Using CollectorTypeCC GC.
04-15 16:16:23.154 750 750 I dex2oat64: dex2oat took 2.467s (3.786s cpu) (threads: 2) arena alloc=0B (0B) java alloc=4714KB (4827264B) native alloc=1648KB (1687952B) free=978KB (1001824B)
04-15 16:16:23.173 659 678 I artd : dex2oat returned code 0
04-15 16:16:23.176 534 657 I ArtService: Dexopt result: [packageName = com.android.cellbroadcastreceiver.module] DexContainerFileDexoptResult{dexContainerFile=/apex/com.android.cellbroadcast/priv-app/CellBroadcastApp@UE1A.230829.036.A1/CellBroadcastApp.apk, primaryAbi=true, abi=x86_64, actualCompilerFilter=verify, status=PERFORMED, dex2oatWallTimeMillis=2719, dex2oatCpuTimeMillis=4010, sizeBytes=104816, sizeBeforeBytes=0}
04-15 16:16:23.182 659 678 W ziparchive: Unable to open '/apex/com.android.adservices/app/SdkSandbox@UE1A.230829.036.A1/SdkSandbox.dm': No such file or directory
04-15 16:16:23.182 659 678 W ziparchive: Unable to open '/apex/com.android.adservices/app/SdkSandbox@UE1A.230829.036.A1/SdkSandbox.dm': No such file or directory
04-15 16:16:23.192 659 678 I artd : Running dex2oat: /apex/com.android.art/bin/art_exec --drop-capabilities --keep-fds=7:8:9:10 -- /apex/com.android.art/bin/dex2oat64 --zip-fd=7 --zip-location=/apex/com.android.adservices/app/SdkSandbox@UE1A.230829.036.A1/SdkSandbox.apk --oat-fd=8 --oat-location=/data/dalvik-cache/x86_64/apex@com.android.adservices@app@SdkSandbox@UE1A.230829.036.A1@SdkSandbox.apk@classes.dex --output-vdex-fd=9 --swap-fd=10 --class-loader-context=PCL[] --classpath-dir=/apex/com.android.adservices/app/SdkSandbox@UE1A.230829.036.A1 --instruction-set=x86_64 --instruction-set-features=default --instruction-set-variant=x86_64 --compiler-filter=verify --compilation-reason=first-boot --compact-dex-level=none --max-image-block-size=524288 --resolve-startup-const-strings=true --generate-mini-debug-info --runtime-arg -Xtarget-sdk-version:34 --runtime-arg -Xhidden-api-policy:enabled --runtime-arg -Xms64m --runtime-arg -Xmx512m --comments=app-version-name:T-initial,app-version-code:1,art-version:342090000
04-15 16:16:23.192 659 678 I artd : Opened FDs: 7:/apex/com.android.adservices/app/SdkSandbox@UE1A.230829.036.A1/SdkSandbox.apk 8:/data/dalvik-cache/x86_64/apex@com.android.adservices@app@SdkSandbox@UE1A.230829.036.A1@SdkSandbox.apk@classes.dex.9YwPOK.tmp 9:/data/dalvik-cache/x86_64/apex@com.android.adservices@app@SdkSandbox@UE1A.230829.036.A1@SdkSandbox.apk@classes.vdex.6z9g2R.tmp 10:/data/dalvik-cache/x86_64/apex@com.android.adservices@app@SdkSandbox@UE1A.230829.036.A1@SdkSandbox.apk@classes.dex.swap.GHvBnm.tmp
04-15 16:16:23.415 756 756 W dex2oat64: Unexpected CPU variant for x86: x86_64.
04-15 16:16:23.415 756 756 W dex2oat64: Known variants: atom, sandybridge, silvermont, goldmont, goldmont-plus, tremont, kabylake, default
04-15 16:16:23.432 756 756 W dex2oat64: Mismatch between dex2oat instruction set features to use (ISA: X86_64 Feature string: -ssse3,-sse4.1,-sse4.2,-avx,-avx2,-popcnt) and those from CPP defines (ISA: X86_64 Feature string: ssse3,sse4.1,sse4.2,-avx,-avx2,popcnt) for the command line:
04-15 16:16:23.432 756 756 W dex2oat64: /apex/com.android.art/bin/dex2oat64 --zip-fd=7 --zip-location=/apex/com.android.adservices/app/SdkSandbox@UE1A.230829.036.A1/SdkSandbox.apk --oat-fd=8 --oat-location=/data/dalvik-cache/x86_64/apex@com.android.adservices@app@SdkSandbox@UE1A.230829.036.A1@SdkSandbox.apk@classes.dex --output-vdex-fd=9 --swap-fd=10 --class-loader-context=PCL[] --classpath-dir=/apex/com.android.adservices/app/SdkSandbox@UE1A.230829.036.A1 --instruction-set=x86_64 --instruction-set-features=default --instruction-set-variant=x86_64 --compiler-filter=verify --compilation-reason=first-boot --compact-dex-level=none --max-image-block-size=524288 --resolve-startup-const-strings=true --generate-mini-debug-info --runtime-arg -Xtarget-sdk-version:34 --runtime-arg -Xhidden-api-policy:enabled --runtime-arg -Xms64m --runtime-arg -Xmx512m --comments=app-version-name:T-initial,app-version-code:1,art-version:342090000
04-15 16:16:23.435 756 756 I dex2oat64: /apex/com.android.art/bin/dex2oat64 --output-vdex-fd=9 --class-loader-context=PCL[] --classpath-dir=/apex/com.android.adservices/app/SdkSandbox@UE1A.230829.036.A1 --compiler-filter=verify --compilation-reason=first-boot --compact-dex-level=none --max-image-block-size=524288 --resolve-startup-const-strings=true --generate-mini-debug-info --comments=app-version-name:T-initial,app-version-code:1,art-version:342090000
04-15 16:16:23.470 756 756 I dex2oat64: Using CollectorTypeCC GC.
04-15 16:16:23.932 756 756 I dex2oat64: dex2oat took 534.362ms (544.655ms cpu) (threads: 2) arena alloc=0B (0B) java alloc=48KB (49152B) native alloc=1106KB (1133136B) free=818KB (838560B)
04-15 16:16:23.948 659 678 I artd : dex2oat returned code 0
04-15 16:16:23.952 534 657 I ArtService: Dexopt result: [packageName = com.android.sdksandbox] DexContainerFileDexoptResult{dexContainerFile=/apex/com.android.adservices/app/SdkSandbox@UE1A.230829.036.A1/SdkSandbox.apk, primaryAbi=true, abi=x86_64, actualCompilerFilter=verify, status=PERFORMED, dex2oatWallTimeMillis=753, dex2oatCpuTimeMillis=750, sizeBytes=18236, sizeBeforeBytes=0}
04-15 16:16:23.957 659 678 W ziparchive: Unable to open '/apex/com.android.mediaprovider/priv-app/MediaProvider@UE1A.230829.036.A1/MediaProvider.dm': No such file or directory
04-15 16:16:23.957 659 678 W ziparchive: Unable to open '/apex/com.android.mediaprovider/priv-app/MediaProvider@UE1A.230829.036.A1/MediaProvider.dm': No such file or directory
04-15 16:16:23.967 659 678 I artd : Running dex2oat: /apex/com.android.art/bin/art_exec --drop-capabilities --keep-fds=7:8:9:10 -- /apex/com.android.art/bin/dex2oat64 --zip-fd=7 --zip-location=/apex/com.android.mediaprovider/priv-app/MediaProvider@UE1A.230829.036.A1/MediaProvider.apk --oat-fd=8 --oat-location=/data/dalvik-cache/x86_64/apex@com.android.mediaprovider@priv-app@MediaProvider@UE1A.230829.036.A1@MediaProvider.apk@classes.dex --output-vdex-fd=9 --swap-fd=10 --class-loader-context=PCL[] --classpath-dir=/apex/com.android.mediaprovider/priv-app/MediaProvider@UE1A.230829.036.A1 --instruction-set=x86_64 --instruction-set-features=default --instruction-set-variant=x86_64 --compiler-filter=verify --compilation-reason=first-boot --compact-dex-level=none --max-image-block-size=524288 --resolve-startup-const-strings=true --generate-mini-debug-info --runtime-arg -Xtarget-sdk-version:34 --runtime-arg -Xms64m --runtime-arg -Xmx512m --comments=app-version-name:14,app-version-code:34,art-version:342090000
04-15 16:16:23.967 659 678 I artd : Opened FDs: 7:/apex/com.android.mediaprovider/priv-app/MediaProvider@UE1A.230829.036.A1/MediaProvider.apk 8:/data/dalvik-cache/x86_64/apex@com.android.mediaprovider@priv-app@MediaProvider@UE1A.230829.036.A1@MediaProvider.apk@classes.dex.rALvzU.tmp 9:/data/dalvik-cache/x86_64/apex@com.android.mediaprovider@priv-app@MediaProvider@UE1A.230829.036.A1@MediaProvider.apk@classes.vdex.tDb8Hp.tmp 10:/data/dalvik-cache/x86_64/apex@com.android.mediaprovider@priv-app@MediaProvider@UE1A.230829.036.A1@MediaProvider.apk@classes.dex.swap.r3WWlt.tmp
04-15 16:16:24.188 760 760 W dex2oat64: Unexpected CPU variant for x86: x86_64.
04-15 16:16:24.188 760 760 W dex2oat64: Known variants: atom, sandybridge, silvermont, goldmont, goldmont-plus, tremont, kabylake, default
04-15 16:16:24.205 760 760 W dex2oat64: Mismatch between dex2oat instruction set features to use (ISA: X86_64 Feature string: -ssse3,-sse4.1,-sse4.2,-avx,-avx2,-popcnt) and those from CPP defines (ISA: X86_64 Feature string: ssse3,sse4.1,sse4.2,-avx,-avx2,popcnt) for the command line:
04-15 16:16:24.205 760 760 W dex2oat64: /apex/com.android.art/bin/dex2oat64 --zip-fd=7 --zip-location=/apex/com.android.mediaprovider/priv-app/MediaProvider@UE1A.230829.036.A1/MediaProvider.apk --oat-fd=8 --oat-location=/data/dalvik-cache/x86_64/apex@com.android.mediaprovider@priv-app@MediaProvider@UE1A.230829.036.A1@MediaProvider.apk@classes.dex --output-vdex-fd=9 --swap-fd=10 --class-loader-context=PCL[] --classpath-dir=/apex/com.android.mediaprovider/priv-app/MediaProvider@UE1A.230829.036.A1 --instruction-set=x86_64 --instruction-set-features=default --instruction-set-variant=x86_64 --compiler-filter=verify --compilation-reason=first-boot --compact-dex-level=none --max-image-block-size=524288 --resolve-startup-const-strings=true --generate-mini-debug-info --runtime-arg -Xtarget-sdk-version:34 --runtime-arg -Xms64m --runtime-arg -Xmx512m --comments=app-version-name:14,app-version-code:34,art-version:342090000
04-15 16:16:24.209 760 760 I dex2oat64: /apex/com.android.art/bin/dex2oat64 --output-vdex-fd=9 --class-loader-context=PCL[] --classpath-dir=/apex/com.android.mediaprovider/priv-app/MediaProvider@UE1A.230829.036.A1 --compiler-filter=verify --compilation-reason=first-boot --compact-dex-level=none --max-image-block-size=524288 --resolve-startup-const-strings=true --generate-mini-debug-info --comments=app-version-name:14,app-version-code:34,art-version:342090000
04-15 16:16:24.356 760 760 I dex2oat64: Using CollectorTypeCC GC.
04-15 16:16:27.425 760 760 I dex2oat64: dex2oat took 3.253s (5.010s cpu) (threads: 2) arena alloc=0B (0B) java alloc=4426KB (4532528B) native alloc=1715KB (1757056B) free=1176KB (1204912B)
04-15 16:16:27.457 659 678 I artd : dex2oat returned code 0
04-15 16:16:27.471 534 657 I ArtService: Dexopt result: [packageName = com.android.providers.media.module] DexContainerFileDexoptResult{dexContainerFile=/apex/com.android.mediaprovider/priv-app/MediaProvider@UE1A.230829.036.A1/MediaProvider.apk, primaryAbi=true, abi=x86_64, actualCompilerFilter=verify, status=PERFORMED, dex2oatWallTimeMillis=3487, dex2oatCpuTimeMillis=5210, sizeBytes=157700, sizeBeforeBytes=0}
04-15 16:16:27.493 659 678 W ziparchive: Unable to open '/apex/com.android.wifi/app/OsuLogin@UE1A.230829.036.A1/OsuLogin.dm': No such file or directory
04-15 16:16:27.493 659 678 W ziparchive: Unable to open '/apex/com.android.wifi/app/OsuLogin@UE1A.230829.036.A1/OsuLogin.dm': No such file or directory
04-15 16:16:27.514 659 678 I artd : Running dex2oat: /apex/com.android.art/bin/art_exec --drop-capabilities --keep-fds=7:8:9:10 -- /apex/com.android.art/bin/dex2oat64 --zip-fd=7 --zip-location=/apex/com.android.wifi/app/OsuLogin@UE1A.230829.036.A1/OsuLogin.apk --oat-fd=8 --oat-location=/data/dalvik-cache/x86_64/apex@com.android.wifi@app@OsuLogin@UE1A.230829.036.A1@OsuLogin.apk@classes.dex --output-vdex-fd=9 --swap-fd=10 --class-loader-context=PCL[] --classpath-dir=/apex/com.android.wifi/app/OsuLogin@UE1A.230829.036.A1 --instruction-set=x86_64 --instruction-set-features=default --instruction-set-variant=x86_64 --compiler-filter=verify --compilation-reason=first-boot --compact-dex-level=none --max-image-block-size=524288 --resolve-startup-const-strings=true --generate-mini-debug-info --runtime-arg -Xtarget-sdk-version:34 --runtime-arg -Xhidden-api-policy:enabled --runtime-arg -Xms64m --runtime-arg -Xmx512m --comments=app-version-name:14,app-version-code:34,art-version:342090000
04-15 16:16:27.514 659 678 I artd : Opened FDs: 7:/apex/com.android.wifi/app/OsuLogin@UE1A.230829.036.A1/OsuLogin.apk 8:/data/dalvik-cache/x86_64/apex@com.android.wifi@app@OsuLogin@UE1A.230829.036.A1@OsuLogin.apk@classes.dex.gJPtQB.tmp 9:/data/dalvik-cache/x86_64/apex@com.android.wifi@app@OsuLogin@UE1A.230829.036.A1@OsuLogin.apk@classes.vdex.dPLO9T.tmp 10:/data/dalvik-cache/x86_64/apex@com.android.wifi@app@OsuLogin@UE1A.230829.036.A1@OsuLogin.apk@classes.dex.swap.Zg6y2L.tmp
04-15 16:16:27.724 768 768 W dex2oat64: Unexpected CPU variant for x86: x86_64.
04-15 16:16:27.724 768 768 W dex2oat64: Known variants: atom, sandybridge, silvermont, goldmont, goldmont-plus, tremont, kabylake, default
04-15 16:16:27.742 768 768 W dex2oat64: Mismatch between dex2oat instruction set features to use (ISA: X86_64 Feature string: -ssse3,-sse4.1,-sse4.2,-avx,-avx2,-popcnt) and those from CPP defines (ISA: X86_64 Feature string: ssse3,sse4.1,sse4.2,-avx,-avx2,popcnt) for the command line:
04-15 16:16:27.742 768 768 W dex2oat64: /apex/com.android.art/bin/dex2oat64 --zip-fd=7 --zip-location=/apex/com.android.wifi/app/OsuLogin@UE1A.230829.036.A1/OsuLogin.apk --oat-fd=8 --oat-location=/data/dalvik-cache/x86_64/apex@com.android.wifi@app@OsuLogin@UE1A.230829.036.A1@OsuLogin.apk@classes.dex --output-vdex-fd=9 --swap-fd=10 --class-loader-context=PCL[] --classpath-dir=/apex/com.android.wifi/app/OsuLogin@UE1A.230829.036.A1 --instruction-set=x86_64 --instruction-set-features=default --instruction-set-variant=x86_64 --compiler-filter=verify --compilation-reason=first-boot --compact-dex-level=none --max-image-block-size=524288 --resolve-startup-const-strings=true --generate-mini-debug-info --runtime-arg -Xtarget-sdk-version:34 --runtime-arg -Xhidden-api-policy:enabled --runtime-arg -Xms64m --runtime-arg -Xmx512m --comments=app-version-name:14,app-version-code:34,art-version:342090000
04-15 16:16:27.745 768 768 I dex2oat64: /apex/com.android.art/bin/dex2oat64 --output-vdex-fd=9 --class-loader-context=PCL[] --classpath-dir=/apex/com.android.wifi/app/OsuLogin@UE1A.230829.036.A1 --compiler-filter=verify --compilation-reason=first-boot --compact-dex-level=none --max-image-block-size=524288 --resolve-startup-const-strings=true --generate-mini-debug-info --comments=app-version-name:14,app-version-code:34,art-version:342090000
04-15 16:16:27.780 768 768 I dex2oat64: Using CollectorTypeCC GC.
04-15 16:16:28.306 768 768 I dex2oat64: dex2oat took 596.346ms (647.567ms cpu) (threads: 2) arena alloc=0B (0B) java alloc=193KB (197920B) native alloc=1122KB (1149184B) free=812KB (832496B)
04-15 16:16:28.321 659 678 I artd : dex2oat returned code 0
04-15 16:16:28.325 534 657 I ArtService: Dexopt result: [packageName = com.android.hotspot2.osulogin] DexContainerFileDexoptResult{dexContainerFile=/apex/com.android.wifi/app/OsuLogin@UE1A.230829.036.A1/OsuLogin.apk, primaryAbi=true, abi=x86_64, actualCompilerFilter=verify, status=PERFORMED, dex2oatWallTimeMillis=806, dex2oatCpuTimeMillis=830, sizeBytes=25360, sizeBeforeBytes=0}
04-15 16:16:28.334 659 678 W ziparchive: Unable to open '/apex/com.android.permission/priv-app/PermissionController@UE1A.230829.036.A1/PermissionController.dm': No such file or directory
04-15 16:16:28.334 659 678 W ziparchive: Unable to open '/apex/com.android.permission/priv-app/PermissionController@UE1A.230829.036.A1/PermissionController.dm': No such file or directory
04-15 16:16:28.346 659 678 I artd : Running dex2oat: /apex/com.android.art/bin/art_exec --drop-capabilities --keep-fds=7:8:9:10:11:12:13 -- /apex/com.android.art/bin/dex2oat64 --zip-fd=7 --zip-location=/apex/com.android.permission/priv-app/PermissionController@UE1A.230829.036.A1/PermissionController.apk --oat-fd=8 --oat-location=/data/dalvik-cache/x86_64/apex@com.android.permission@priv-app@PermissionController@UE1A.230829.036.A1@PermissionController.apk@classes.dex --output-vdex-fd=9 --swap-fd=10 --class-loader-context-fds=11:12:13 --class-loader-context=PCL[]{PCL[/system_ext/framework/androidx.window.extensions.jar]#PCL[/system_ext/framework/androidx.window.sidecar.jar]#PCL[/system/framework/org.apache.http.legacy.jar]} --classpath-dir=/apex/com.android.permission/priv-app/PermissionController@UE1A.230829.036.A1 --instruction-set=x86_64 --instruction-set-features=default --instruction-set-variant=x86_64 --compiler-filter=verify --compilation-reason=first-boot --compact-dex-level=none --max-image-block-size=524288 --resolve-startup-const-strings=true --generate-mini-debug-info --runtime-arg -Xtarget-sdk-version:34 --runtime-arg -Xms64m --runtime-arg -Xmx512m --comments=app-version-name:33 system image,app-version-code:330000000,art-version:342090000
04-15 16:16:28.346 659 678 I artd : Opened FDs: 7:/apex/com.android.permission/priv-app/PermissionController@UE1A.230829.036.A1/PermissionController.apk 8:/data/dalvik-cache/x86_64/apex@com.android.permission@priv-app@PermissionController@UE1A.230829.036.A1@PermissionController.apk@classes.dex.eYTSdQ.tmp 9:/data/dalvik-cache/x86_64/apex@com.android.permission@priv-app@PermissionController@UE1A.230829.036.A1@PermissionController.apk@classes.vdex.PcxLsd.tmp 10:/data/dalvik-cache/x86_64/apex@com.android.permission@priv-app@PermissionController@UE1A.230829.036.A1@PermissionController.apk@classes.dex.swap.lX3lBF.tmp 11:/system/framework/org.apache.http.legacy.jar 12:/system_ext/framework/androidx.window.sidecar.jar 13:/system_ext/framework/androidx.window.extensions.jar
04-15 16:16:28.560 772 772 W dex2oat64: Unexpected CPU variant for x86: x86_64.
04-15 16:16:28.560 772 772 W dex2oat64: Known variants: atom, sandybridge, silvermont, goldmont, goldmont-plus, tremont, kabylake, default
04-15 16:16:28.577 772 772 W dex2oat64: Mismatch between dex2oat instruction set features to use (ISA: X86_64 Feature string: -ssse3,-sse4.1,-sse4.2,-avx,-avx2,-popcnt) and those from CPP defines (ISA: X86_64 Feature string: ssse3,sse4.1,sse4.2,-avx,-avx2,popcnt) for the command line:
04-15 16:16:28.577 772 772 W dex2oat64: /apex/com.android.art/bin/dex2oat64 --zip-fd=7 --zip-location=/apex/com.android.permission/priv-app/PermissionController@UE1A.230829.036.A1/PermissionController.apk --oat-fd=8 --oat-location=/data/dalvik-cache/x86_64/apex@com.android.permission@priv-app@PermissionController@UE1A.230829.036.A1@PermissionController.apk@classes.dex --output-vdex-fd=9 --swap-fd=10 --class-loader-context-fds=11:12:13 --class-loader-context=PCL[]{PCL[/system_ext/framework/androidx.window.extensions.jar]#PCL[/system_ext/framework/androidx.window.sidecar.jar]#PCL[/system/framework/org.apache.http.legacy.jar]} --classpath-dir=/apex/com.android.permission/priv-app/PermissionController@UE1A.230829.036.A1 --instruction-set=x86_64 --instruction-set-features=default --instruction-set-variant=x86_64 --compiler-filter=verify --compilation-reason=first-boot --compact-dex-level=none --max-image-block-size=524288 --resolve-startup-const-strings=true --generate-mini-debug-info --runtime-arg -Xtarget-sdk-version:34 --runtime-arg -Xms64m --runtime-arg -Xmx512m --comments=app-version-name:33 system image,app-version-code:330000000,art-version:342090000
04-15 16:16:28.579 772 772 I dex2oat64: /apex/com.android.art/bin/dex2oat64 --output-vdex-fd=9 --class-loader-context-fds=11:12:13 --class-loader-context=PCL[]{PCL[/system_ext/framework/androidx.window.extensions.jar]#PCL[/system_ext/framework/androidx.window.sidecar.jar]#PCL[/system/framework/org.apache.http.legacy.jar]} --classpath-dir=/apex/com.android.permission/priv-app/PermissionController@UE1A.230829.036.A1 --compiler-filter=verify --compilation-reason=first-boot --compact-dex-level=none --max-image-block-size=524288 --resolve-startup-const-strings=true --generate-mini-debug-info --comments=app-version-name:33 system image,app-version-code:330000000,art-version:342090000
04-15 16:16:28.695 772 772 I dex2oat64: Using CollectorTypeCC GC.
04-15 16:16:32.235 772 772 I dex2oat64: dex2oat took 3.692s (5.877s cpu) (threads: 2) arena alloc=0B (0B) java alloc=6940KB (7107264B) native alloc=1970KB (2017344B) free=1297KB (1328624B)
04-15 16:16:32.261 659 678 I artd : dex2oat returned code 0
04-15 16:16:32.268 534 657 I ArtService: Dexopt result: [packageName = com.android.permissioncontroller] DexContainerFileDexoptResult{dexContainerFile=/apex/com.android.permission/priv-app/PermissionController@UE1A.230829.036.A1/PermissionController.apk, primaryAbi=true, abi=x86_64, actualCompilerFilter=verify, status=PERFORMED, dex2oatWallTimeMillis=3916, dex2oatCpuTimeMillis=6080, sizeBytes=183324, sizeBeforeBytes=0}
04-15 16:16:32.273 659 678 W ziparchive: Unable to open '/apex/com.android.ondevicepersonalization/app/OnDevicePersonalization@UE1A.230829.036.A1/OnDevicePersonalization.dm': No such file or directory
04-15 16:16:32.273 659 678 W ziparchive: Unable to open '/apex/com.android.ondevicepersonalization/app/OnDevicePersonalization@UE1A.230829.036.A1/OnDevicePersonalization.dm': No such file or directory
04-15 16:16:32.284 659 678 I artd : Running dex2oat: /apex/com.android.art/bin/art_exec --drop-capabilities --keep-fds=7:8:9:10 -- /apex/com.android.art/bin/dex2oat64 --zip-fd=7 --zip-location=/apex/com.android.ondevicepersonalization/app/OnDevicePersonalization@UE1A.230829.036.A1/OnDevicePersonalization.apk --oat-fd=8 --oat-location=/data/dalvik-cache/x86_64/apex@com.android.ondevicepersonalization@app@OnDevicePersonalization@UE1A.230829.036.A1@OnDevicePersonalization.apk@classes.dex --output-vdex-fd=9 --swap-fd=10 --class-loader-context=PCL[] --classpath-dir=/apex/com.android.ondevicepersonalization/app/OnDevicePersonalization@UE1A.230829.036.A1 --instruction-set=x86_64 --instruction-set-features=default --instruction-set-variant=x86_64 --compiler-filter=verify --compilation-reason=first-boot --compact-dex-level=none --max-image-block-size=524288 --resolve-startup-const-strings=true --generate-mini-debug-info --runtime-arg -Xtarget-sdk-version:34 --runtime-arg -Xms64m --runtime-arg -Xmx512m --comments=app-version-name:T-initial,app-version-code:1,art-version:342090000
04-15 16:16:32.284 659 678 I artd : Opened FDs: 7:/apex/com.android.ondevicepersonalization/app/OnDevicePersonalization@UE1A.230829.036.A1/OnDevicePersonalization.apk 8:/data/dalvik-cache/x86_64/apex@com.android.ondevicepersonalization@app@OnDevicePersonalization@UE1A.230829.036.A1@OnDevicePersonalization.apk@classes.dex.ra1TID.tmp 9:/data/dalvik-cache/x86_64/apex@com.android.ondevicepersonalization@app@OnDevicePersonalization@UE1A.230829.036.A1@OnDevicePersonalization.apk@classes.vdex.b72ytU.tmp 10:/data/dalvik-cache/x86_64/apex@com.android.ondevicepersonalization@app@OnDevicePersonalization@UE1A.230829.036.A1@OnDevicePersonalization.apk@classes.dex.swap.Rf2GLf.tmp
04-15 16:16:32.497 780 780 W dex2oat64: Unexpected CPU variant for x86: x86_64.
04-15 16:16:32.497 780 780 W dex2oat64: Known variants: atom, sandybridge, silvermont, goldmont, goldmont-plus, tremont, kabylake, default
04-15 16:16:32.514 780 780 W dex2oat64: Mismatch between dex2oat instruction set features to use (ISA: X86_64 Feature string: -ssse3,-sse4.1,-sse4.2,-avx,-avx2,-popcnt) and those from CPP defines (ISA: X86_64 Feature string: ssse3,sse4.1,sse4.2,-avx,-avx2,popcnt) for the command line:
04-15 16:16:32.514 780 780 W dex2oat64: /apex/com.android.art/bin/dex2oat64 --zip-fd=7 --zip-location=/apex/com.android.ondevicepersonalization/app/OnDevicePersonalization@UE1A.230829.036.A1/OnDevicePersonalization.apk --oat-fd=8 --oat-location=/data/dalvik-cache/x86_64/apex@com.android.ondevicepersonalization@app@OnDevicePersonalization@UE1A.230829.036.A1@OnDevicePersonalization.apk@classes.dex --output-vdex-fd=9 --swap-fd=10 --class-loader-context=PCL[] --classpath-dir=/apex/com.android.ondevicepersonalization/app/OnDevicePersonalization@UE1A.230829.036.A1 --instruction-set=x86_64 --instruction-set-features=default --instruction-set-variant=x86_64 --compiler-filter=verify --compilation-reason=first-boot --compact-dex-level=none --max-image-block-size=524288 --resolve-startup-const-strings=true --generate-mini-debug-info --runtime-arg -Xtarget-sdk-version:34 --runtime-arg -Xms64m --runtime-arg -Xmx512m --comments=app-version-name:T-initial,app-version-code:1,art-version:342090000
04-15 16:16:32.518 780 780 I dex2oat64: /apex/com.android.art/bin/dex2oat64 --output-vdex-fd=9 --class-loader-context=PCL[] --classpath-dir=/apex/com.android.ondevicepersonalization/app/OnDevicePersonalization@UE1A.230829.036.A1 --compiler-filter=verify --compilation-reason=first-boot --compact-dex-level=none --max-image-block-size=524288 --resolve-startup-const-strings=true --generate-mini-debug-info --comments=app-version-name:T-initial,app-version-code:1,art-version:342090000
04-15 16:16:32.577 780 780 I dex2oat64: Using CollectorTypeCC GC.
04-15 16:16:33.691 780 780 I dex2oat64: dex2oat took 1.210s (1.810s cpu) (threads: 2) arena alloc=0B (0B) java alloc=1149KB (1176960B) native alloc=1326KB (1358016B) free=1032KB (1057648B)
04-15 16:16:33.708 659 678 I artd : dex2oat returned code 0
04-15 16:16:33.711 534 657 I ArtService: Dexopt result: [packageName = com.android.ondevicepersonalization.services] DexContainerFileDexoptResult{dexContainerFile=/apex/com.android.ondevicepersonalization/app/OnDevicePersonalization@UE1A.230829.036.A1/OnDevicePersonalization.apk, primaryAbi=true, abi=x86_64, actualCompilerFilter=verify, status=PERFORMED, dex2oatWallTimeMillis=1423, dex2oatCpuTimeMillis=2000, sizeBytes=83664, sizeBeforeBytes=0}
04-15 16:16:33.717 659 679 W ziparchive: Unable to open '/apex/com.android.btservices/app/Bluetooth@UE1A.230829.036.A1/Bluetooth.dm': No such file or directory
04-15 16:16:33.717 659 679 W ziparchive: Unable to open '/apex/com.android.btservices/app/Bluetooth@UE1A.230829.036.A1/Bluetooth.dm': No such file or directory
04-15 16:16:33.726 659 678 I artd : Running dex2oat: /apex/com.android.art/bin/art_exec --drop-capabilities --keep-fds=7:8:9:10 -- /apex/com.android.art/bin/dex2oat64 --zip-fd=7 --zip-location=/apex/com.android.btservices/app/Bluetooth@UE1A.230829.036.A1/Bluetooth.apk --oat-fd=8 --oat-location=/data/dalvik-cache/x86_64/apex@com.android.btservices@app@Bluetooth@UE1A.230829.036.A1@Bluetooth.apk@classes.dex --output-vdex-fd=9 --swap-fd=10 --class-loader-context=PCL[] --classpath-dir=/apex/com.android.btservices/app/Bluetooth@UE1A.230829.036.A1 --instruction-set=x86_64 --instruction-set-features=default --instruction-set-variant=x86_64 --compiler-filter=verify --compilation-reason=first-boot --compact-dex-level=none --max-image-block-size=524288 --resolve-startup-const-strings=true --generate-mini-debug-info --runtime-arg -Xtarget-sdk-version:34 --runtime-arg -Xms64m --runtime-arg -Xmx512m --comments=app-version-name:14,app-version-code:34,art-version:342090000
04-15 16:16:33.726 659 678 I artd : Opened FDs: 7:/apex/com.android.btservices/app/Bluetooth@UE1A.230829.036.A1/Bluetooth.apk 8:/data/dalvik-cache/x86_64/apex@com.android.btservices@app@Bluetooth@UE1A.230829.036.A1@Bluetooth.apk@classes.dex.0PLZCM.tmp 9:/data/dalvik-cache/x86_64/apex@com.android.btservices@app@Bluetooth@UE1A.230829.036.A1@Bluetooth.apk@classes.vdex.Pr7uNF.tmp 10:/data/dalvik-cache/x86_64/apex@com.android.btservices@app@Bluetooth@UE1A.230829.036.A1@Bluetooth.apk@classes.dex.swap.tQLOen.tmp
04-15 16:16:33.940 784 784 W dex2oat64: Unexpected CPU variant for x86: x86_64.
04-15 16:16:33.940 784 784 W dex2oat64: Known variants: atom, sandybridge, silvermont, goldmont, goldmont-plus, tremont, kabylake, default
04-15 16:16:33.955 784 784 W dex2oat64: Mismatch between dex2oat instruction set features to use (ISA: X86_64 Feature string: -ssse3,-sse4.1,-sse4.2,-avx,-avx2,-popcnt) and those from CPP defines (ISA: X86_64 Feature string: ssse3,sse4.1,sse4.2,-avx,-avx2,popcnt) for the command line:
04-15 16:16:33.955 784 784 W dex2oat64: /apex/com.android.art/bin/dex2oat64 --zip-fd=7 --zip-location=/apex/com.android.btservices/app/Bluetooth@UE1A.230829.036.A1/Bluetooth.apk --oat-fd=8 --oat-location=/data/dalvik-cache/x86_64/apex@com.android.btservices@app@Bluetooth@UE1A.230829.036.A1@Bluetooth.apk@classes.dex --output-vdex-fd=9 --swap-fd=10 --class-loader-context=PCL[] --classpath-dir=/apex/com.android.btservices/app/Bluetooth@UE1A.230829.036.A1 --instruction-set=x86_64 --instruction-set-features=default --instruction-set-variant=x86_64 --compiler-filter=verify --compilation-reason=first-boot --compact-dex-level=none --max-image-block-size=524288 --resolve-startup-const-strings=true --generate-mini-debug-info --runtime-arg -Xtarget-sdk-version:34 --runtime-arg -Xms64m --runtime-arg -Xmx512m --comments=app-version-name:14,app-version-code:34,art-version:342090000
04-15 16:16:33.958 784 784 I dex2oat64: /apex/com.android.art/bin/dex2oat64 --output-vdex-fd=9 --class-loader-context=PCL[] --classpath-dir=/apex/com.android.btservices/app/Bluetooth@UE1A.230829.036.A1 --compiler-filter=verify --compilation-reason=first-boot --compact-dex-level=none --max-image-block-size=524288 --resolve-startup-const-strings=true --generate-mini-debug-info --comments=app-version-name:14,app-version-code:34,art-version:342090000
04-15 16:16:34.039 784 784 I dex2oat64: Using CollectorTypeCC GC.
04-15 16:16:34.785 534 574 E BluetoothAdapter: Bluetooth service is null
04-15 16:16:35.810 784 784 I dex2oat64: dex2oat took 1.886s (2.917s cpu) (threads: 2) arena alloc=0B (0B) java alloc=1492KB (1528064B) native alloc=1481KB (1517344B) free=837KB (857296B)
04-15 16:16:35.829 659 678 I artd : dex2oat returned code 0
04-15 16:16:35.832 534 657 I ArtService: Dexopt result: [packageName = com.android.bluetooth] DexContainerFileDexoptResult{dexContainerFile=/apex/com.android.btservices/app/Bluetooth@UE1A.230829.036.A1/Bluetooth.apk, primaryAbi=true, abi=x86_64, actualCompilerFilter=verify, status=PERFORMED, dex2oatWallTimeMillis=2105, dex2oatCpuTimeMillis=3110, sizeBytes=68800, sizeBeforeBytes=0}
04-15 16:16:35.840 659 678 W ziparchive: Unable to open '/apex/com.android.devicelock/priv-app/DeviceLockController@UE1A.230829.036.A1/DeviceLockController.dm': No such file or directory
04-15 16:16:35.840 659 678 W ziparchive: Unable to open '/apex/com.android.devicelock/priv-app/DeviceLockController@UE1A.230829.036.A1/DeviceLockController.dm': No such file or directory
04-15 16:16:35.850 659 663 I artd : Running dex2oat: /apex/com.android.art/bin/art_exec --drop-capabilities --keep-fds=7:8:9:10:11 -- /apex/com.android.art/bin/dex2oat64 --zip-fd=7 --zip-location=/apex/com.android.devicelock/priv-app/DeviceLockController@UE1A.230829.036.A1/DeviceLockController.apk --oat-fd=8 --oat-location=/data/dalvik-cache/x86_64/apex@com.android.devicelock@priv-app@DeviceLockController@UE1A.230829.036.A1@DeviceLockController.apk@classes.dex --output-vdex-fd=9 --swap-fd=10 --class-loader-context-fds=11 --class-loader-context=PCL[]{PCL[/system/framework/org.apache.http.legacy.jar]} --classpath-dir=/apex/com.android.devicelock/priv-app/DeviceLockController@UE1A.230829.036.A1 --instruction-set=x86_64 --instruction-set-features=default --instruction-set-variant=x86_64 --compiler-filter=verify --compilation-reason=first-boot --compact-dex-level=none --max-image-block-size=524288 --resolve-startup-const-strings=true --generate-mini-debug-info --runtime-arg -Xtarget-sdk-version:34 --runtime-arg -Xms64m --runtime-arg -Xmx512m --comments=app-version-name:14,app-version-code:34,art-version:342090000
04-15 16:16:35.850 659 663 I artd : Opened FDs: 7:/apex/com.android.devicelock/priv-app/DeviceLockController@UE1A.230829.036.A1/DeviceLockController.apk 8:/data/dalvik-cache/x86_64/apex@com.android.devicelock@priv-app@DeviceLockController@UE1A.230829.036.A1@DeviceLockController.apk@classes.dex.gZsKz9.tmp 9:/data/dalvik-cache/x86_64/apex@com.android.devicelock@priv-app@DeviceLockController@UE1A.230829.036.A1@DeviceLockController.apk@classes.vdex.uBezi8.tmp 10:/data/dalvik-cache/x86_64/apex@com.android.devicelock@priv-app@DeviceLockController@UE1A.230829.036.A1@DeviceLockController.apk@classes.dex.swap.5LpTQH.tmp 11:/system/framework/org.apache.http.legacy.jar
04-15 16:16:36.075 790 790 W dex2oat64: Unexpected CPU variant for x86: x86_64.
04-15 16:16:36.075 790 790 W dex2oat64: Known variants: atom, sandybridge, silvermont, goldmont, goldmont-plus, tremont, kabylake, default
04-15 16:16:36.094 790 790 W dex2oat64: Mismatch between dex2oat instruction set features to use (ISA: X86_64 Feature string: -ssse3,-sse4.1,-sse4.2,-avx,-avx2,-popcnt) and those from CPP defines (ISA: X86_64 Feature string: ssse3,sse4.1,sse4.2,-avx,-avx2,popcnt) for the command line:
04-15 16:16:36.094 790 790 W dex2oat64: /apex/com.android.art/bin/dex2oat64 --zip-fd=7 --zip-location=/apex/com.android.devicelock/priv-app/DeviceLockController@UE1A.230829.036.A1/DeviceLockController.apk --oat-fd=8 --oat-location=/data/dalvik-cache/x86_64/apex@com.android.devicelock@priv-app@DeviceLockController@UE1A.230829.036.A1@DeviceLockController.apk@classes.dex --output-vdex-fd=9 --swap-fd=10 --class-loader-context-fds=11 --class-loader-context=PCL[]{PCL[/system/framework/org.apache.http.legacy.jar]} --classpath-dir=/apex/com.android.devicelock/priv-app/DeviceLockController@UE1A.230829.036.A1 --instruction-set=x86_64 --instruction-set-features=default --instruction-set-variant=x86_64 --compiler-filter=verify --compilation-reason=first-boot --compact-dex-level=none --max-image-block-size=524288 --resolve-startup-const-strings=true --generate-mini-debug-info --runtime-arg -Xtarget-sdk-version:34 --runtime-arg -Xms64m --runtime-arg -Xmx512m --comments=app-version-name:14,app-version-code:34,art-version:342090000
04-15 16:16:36.098 790 790 I dex2oat64: /apex/com.android.art/bin/dex2oat64 --output-vdex-fd=9 --class-loader-context-fds=11 --class-loader-context=PCL[]{PCL[/system/framework/org.apache.http.legacy.jar]} --classpath-dir=/apex/com.android.devicelock/priv-app/DeviceLockController@UE1A.230829.036.A1 --compiler-filter=verify --compilation-reason=first-boot --compact-dex-level=none --max-image-block-size=524288 --resolve-startup-const-strings=true --generate-mini-debug-info --comments=app-version-name:14,app-version-code:34,art-version:342090000
04-15 16:16:36.179 790 790 I dex2oat64: Using CollectorTypeCC GC.
04-15 16:16:38.562 790 790 I dex2oat64: dex2oat took 2.503s (3.912s cpu) (threads: 2) arena alloc=0B (0B) java alloc=3861KB (3954640B) native alloc=1564KB (1601648B) free=984KB (1008320B)
04-15 16:16:38.583 659 663 I artd : dex2oat returned code 0
