04-15 16:16:42.231 534 534 D SystemServerTiming: StartStatsCompanion
04-15 16:16:42.246 534 534 I SystemServiceManager: Starting com.android.server.stats.StatsCompanion$Lifecycle
04-15 16:16:42.302 534 534 W SystemServiceManager: Service com.android.server.stats.StatsCompanion$Lifecycle took 55 ms in onStart
04-15 16:16:42.308 326 334 I ServiceManagerCppClient: Waiting for service 'statscompanion' on '/dev/binder' successful after waiting 652ms
04-15 16:16:42.321 534 534 V SystemServerTiming: StartStatsCompanion took to complete: 90ms
04-15 16:16:42.321 534 534 D SystemServerTiming: StartRebootReadinessManagerService
04-15 16:16:42.323 534 534 I SystemServiceManager: Starting com.android.server.scheduling.RebootReadinessManagerService$Lifecycle
04-15 16:16:42.357 534 534 I TetheringManager: registerTetheringEventCallback:android
04-15 16:16:42.358 534 534 I TetheringManager: registerTetheringEventCallback caller:android
04-15 16:16:42.361 534 534 V SystemServerTiming: StartRebootReadinessManagerService took to complete: 40ms
04-15 16:16:42.362 534 534 D SystemServerTiming: StartStatsPullAtomService
04-15 16:16:42.362 534 534 I SystemServiceManager: Starting com.android.server.stats.pull.StatsPullAtomService
04-15 16:16:42.363 534 534 V SystemServerTiming: StartStatsPullAtomService took to complete: 1ms
04-15 16:16:42.368 534 534 D SystemServerTiming: StatsBootstrapAtomService
04-15 16:16:42.373 534 534 I SystemServiceManager: Starting com.android.server.stats.bootstrap.StatsBootstrapAtomService$Lifecycle
04-15 16:16:42.371 848 848 I AidlLazyServiceRegistrar: Registering service android.hardware.biometrics.fingerprint.IFingerprint/default
04-15 16:16:42.389 0 0 I servicemanager: Found android.hardware.biometrics.fingerprint.IFingerprint/default in device VINTF manifest.
04-15 16:16:42.385 534 534 V SystemServerTiming: StatsBootstrapAtomService took to complete: 12ms
04-15 16:16:42.385 534 534 D SystemServerTiming: StartIncidentCompanionService
04-15 16:16:42.386 534 534 I SystemServiceManager: Starting com.android.server.incident.IncidentCompanionService
04-15 16:16:42.397 0 0 I BpBinder: onLastStrongRef automatically unlinking death recipients:
04-15 16:16:42.392 534 534 V SystemServerTiming: StartIncidentCompanionService took to complete: 7ms
04-15 16:16:42.393 534 534 D SystemServerTiming: StarSdkSandboxManagerService
04-15 16:16:42.394 534 534 I SystemServiceManager: Starting com.android.server.sdksandbox.SdkSandboxManagerService$Lifecycle
04-15 16:16:42.412 534 534 D SdkSandboxManager: Registering callback with StatsManager
04-15 16:16:42.422 534 534 V SystemServerTiming: StarSdkSandboxManagerService took to complete: 29ms
04-15 16:16:42.422 534 534 D SystemServerTiming: StartAdServicesManagerService
04-15 16:16:42.424 534 534 I SystemServiceManager: Starting com.android.server.adservices.AdServicesManagerService$Lifecycle
04-15 16:16:42.430 534 845 D FingerprintProvider/default: Added: ID: 0, Strength: 2, Type: 1
04-15 16:16:42.430 534 845 I FingerprintService: Adding AIDL provider: default
04-15 16:16:42.431 534 845 D BiometricService: Registering ID: 0 Modality: 2 Strength: 15
04-15 16:16:42.438 534 845 D BiometricStrengthController: updateStrengths: revert sensorId=4 to oemStrength=15
04-15 16:16:42.438 534 845 D BiometricService/Sensor: updateStrength: Before(ID(4), oemStrength: 15, updatedStrength: 15, modality 8, state: 0, cookie: 0) After(ID(4), oemStrength: 15, updatedStrength: 15, modality 8, state: 0, cookie: 0)
04-15 16:16:42.438 534 845 D BiometricStrengthController: updateStrengths: revert sensorId=0 to oemStrength=15
04-15 16:16:42.438 534 845 D BiometricService/Sensor: updateStrength: Before(ID(0), oemStrength: 15, updatedStrength: 15, modality 2, state: 0, cookie: 0) After(ID(0), oemStrength: 15, updatedStrength: 15, modality 2, state: 0, cookie: 0)
04-15 16:16:42.441 534 534 D SdkSandboxManager: registerAdServicesManagerService(): published=true
04-15 16:16:42.442 534 534 V SystemServerTiming: StartAdServicesManagerService took to complete: 19ms
04-15 16:16:42.442 534 534 D SystemServerTiming: StartOnDevicePersonalizationSystemService
04-15 16:16:42.446 534 534 I SystemServiceManager: Starting com.android.server.ondevicepersonalization.OnDevicePersonalizationSystemService$Lifecycle
04-15 16:16:42.449 534 534 I OnDevicePersonalizationSystemService: OnDevicePersonalizationSystemService started!
04-15 16:16:42.450 534 534 V SystemServerTiming: StartOnDevicePersonalizationSystemService took to complete: 7ms
04-15 16:16:42.451 534 534 D SystemServerTiming: StartMmsService
04-15 16:16:42.451 534 534 I SystemServiceManager: Starting com.android.server.MmsServiceBroker
04-15 16:16:42.455 534 534 V SystemServerTiming: StartMmsService took to complete: 4ms
04-15 16:16:42.455 534 534 D SystemServerTiming: StartAutoFillService
04-15 16:16:42.457 534 534 I SystemServiceManager: Starting com.android.server.autofill.AutofillManagerService
04-15 16:16:42.463 534 534 D AutofillManagerService: setLogLevelFromSettings(): level=2, debug=true, verbose=false
04-15 16:16:42.464 534 534 D AutofillManagerService: setMaxPartitionsFromSettings(): 10
04-15 16:16:42.465 534 534 D AutofillManagerService: setMaxVisibleDatasetsFromSettings(): 0
04-15 16:16:42.471 534 556 D AutofillUI: destroySaveUiUiThread(): already destroyed
04-15 16:16:42.472 534 534 D AutofillManagerServiceImpl: Reset component for user 0:null
04-15 16:16:42.477 534 534 V SystemServerTiming: StartAutoFillService took to complete: 21ms
04-15 16:16:42.480 534 534 D SystemServerTiming: StartCredentialManagerService
04-15 16:16:42.481 534 534 I SystemServiceManager: Starting com.android.server.credentials.CredentialManagerService
04-15 16:16:42.487 534 534 V SystemServerTiming: StartCredentialManagerService took to complete: 6ms
04-15 16:16:42.488 534 534 D SystemServer: TranslationService not defined by OEM
04-15 16:16:42.488 534 534 D SystemServerTiming: StartSelectionToolbarManagerService
04-15 16:16:42.489 534 534 I SystemServiceManager: Starting com.android.server.selectiontoolbar.SelectionToolbarManagerService
04-15 16:16:42.494 534 534 V SystemServerTiming: StartSelectionToolbarManagerService took to complete: 5ms
04-15 16:16:42.494 534 534 D SystemServerTiming: StartClipboardService
04-15 16:16:42.495 534 534 I SystemServiceManager: Starting com.android.server.clipboard.ClipboardService
04-15 16:16:42.511 534 534 V SystemServerTiming: StartClipboardService took to complete: 16ms
04-15 16:16:42.511 534 534 D SystemServerTiming: AppServiceManager
04-15 16:16:42.513 534 534 I SystemServiceManager: Starting com.android.server.appbinding.AppBindingService$Lifecycle
04-15 16:16:42.516 534 534 V SystemServerTiming: AppServiceManager took to complete: 4ms
04-15 16:16:42.517 534 534 D SystemServerTiming: startTracingServiceProxy
04-15 16:16:42.517 534 534 I SystemServiceManager: Starting com.android.server.tracing.TracingServiceProxy
04-15 16:16:42.522 534 534 V SystemServerTiming: startTracingServiceProxy took to complete: 5ms
04-15 16:16:42.523 534 534 D SystemServerTiming: MakeLockSettingsServiceReady
04-15 16:16:42.570 534 534 I LockSettingsService: Migrated keys to LSS namespace
04-15 16:16:42.583 0 0 I servicemanager: Found android.hardware.authsecret.IAuthSecret/default in device VINTF manifest.
04-15 16:16:42.577 534 534 I LockSettingsService: Device implements AIDL AuthSecret HAL
04-15 16:16:42.590 534 534 V SystemServerTiming: MakeLockSettingsServiceReady took to complete: 67ms
04-15 16:16:42.590 534 534 D SystemServerTiming: StartBootPhaseLockSettingsReady
04-15 16:16:42.591 534 534 I SystemServiceManager: Starting phase 480
04-15 16:16:42.591 534 534 D SystemServerTiming: OnBootPhase_480
04-15 16:16:42.592 534 534 D SystemServerTiming: OnBootPhase_480_com.android.server.security.FileIntegrityService
04-15 16:16:42.593 534 534 V SystemServerTiming: OnBootPhase_480_com.android.server.security.FileIntegrityService took to complete: 0ms
04-15 16:16:42.593 534 534 D SystemServerTiming: OnBootPhase_480_com.android.server.pm.Installer
04-15 16:16:42.594 534 534 V SystemServerTiming: OnBootPhase_480_com.android.server.pm.Installer took to complete: 0ms
04-15 16:16:42.594 534 534 D SystemServerTiming: OnBootPhase_480_com.android.server.os.DeviceIdentifiersPolicyService
04-15 16:16:42.594 534 534 V SystemServerTiming: OnBootPhase_480_com.android.server.os.DeviceIdentifiersPolicyService took to complete: 0ms
04-15 16:16:42.594 534 534 D SystemServerTiming: OnBootPhase_480_com.android.server.uri.UriGrantsManagerService$Lifecycle
04-15 16:16:42.595 534 534 V SystemServerTiming: OnBootPhase_480_com.android.server.uri.UriGrantsManagerService$Lifecycle took to complete: 1ms
04-15 16:16:42.596 534 534 D SystemServerTiming: OnBootPhase_480_com.android.server.powerstats.PowerStatsService
04-15 16:16:42.596 534 534 V SystemServerTiming: OnBootPhase_480_com.android.server.powerstats.PowerStatsService took to complete: 0ms
04-15 16:16:42.596 534 534 D SystemServerTiming: OnBootPhase_480_com.android.server.permission.access.AccessCheckingService
04-15 16:16:42.597 534 534 V SystemServerTiming: OnBootPhase_480_com.android.server.permission.access.AccessCheckingService took to complete: 0ms
04-15 16:16:42.597 534 534 D SystemServerTiming: OnBootPhase_480_com.android.server.wm.ActivityTaskManagerService$Lifecycle
04-15 16:16:42.597 534 534 V SystemServerTiming: OnBootPhase_480_com.android.server.wm.ActivityTaskManagerService$Lifecycle took to complete: 0ms
04-15 16:16:42.598 534 534 D SystemServerTiming: OnBootPhase_480_com.android.server.am.ActivityManagerService$Lifecycle
04-15 16:16:42.598 534 534 V SystemServerTiming: OnBootPhase_480_com.android.server.am.ActivityManagerService$Lifecycle took to complete: 0ms
04-15 16:16:42.598 534 534 D SystemServerTiming: OnBootPhase_480_com.android.server.pm.DataLoaderManagerService
04-15 16:16:42.598 534 534 V SystemServerTiming: OnBootPhase_480_com.android.server.pm.DataLoaderManagerService took to complete: 0ms
04-15 16:16:42.599 534 534 D SystemServerTiming: OnBootPhase_480_com.android.server.power.PowerManagerService
04-15 16:16:42.599 534 534 V SystemServerTiming: OnBootPhase_480_com.android.server.power.PowerManagerService took to complete: 0ms
04-15 16:16:42.599 534 534 D SystemServerTiming: OnBootPhase_480_com.android.server.power.ThermalManagerService
04-15 16:16:42.600 534 534 V SystemServerTiming: OnBootPhase_480_com.android.server.power.ThermalManagerService took to complete: 0ms
04-15 16:16:42.601 534 534 D SystemServerTiming: OnBootPhase_480_com.android.server.power.hint.HintManagerService
04-15 16:16:42.601 534 534 V SystemServerTiming: OnBootPhase_480_com.android.server.power.hint.HintManagerService took to complete: 0ms
04-15 16:16:42.601 534 534 D SystemServerTiming: OnBootPhase_480_com.android.server.recoverysystem.RecoverySystemService$Lifecycle
04-15 16:16:42.602 534 534 V SystemServerTiming: OnBootPhase_480_com.android.server.recoverysystem.RecoverySystemService$Lifecycle took to complete: 0ms
04-15 16:16:42.602 534 534 D SystemServerTiming: OnBootPhase_480_com.android.server.lights.LightsService
04-15 16:16:42.602 534 534 V SystemServerTiming: OnBootPhase_480_com.android.server.lights.LightsService took to complete: 0ms
04-15 16:16:42.603 534 534 D SystemServerTiming: OnBootPhase_480_com.android.server.display.DisplayManagerService
04-15 16:16:42.603 534 534 V SystemServerTiming: OnBootPhase_480_com.android.server.display.DisplayManagerService took to complete: 0ms
04-15 16:16:42.603 534 534 D SystemServerTiming: OnBootPhase_480_com.android.server.pm.verify.domain.DomainVerificationService
04-15 16:16:42.603 534 534 V SystemServerTiming: OnBootPhase_480_com.android.server.pm.verify.domain.DomainVerificationService took to complete: 0ms
04-15 16:16:42.605 534 534 D SystemServerTiming: OnBootPhase_480_com.android.server.pm.PackageInstallerService$Lifecycle
04-15 16:16:42.606 534 534 V SystemServerTiming: OnBootPhase_480_com.android.server.pm.PackageInstallerService$Lifecycle took to complete: 0ms
04-15 16:16:42.606 534 534 D SystemServerTiming: OnBootPhase_480_com.android.server.pm.UserManagerService$LifeCycle
04-15 16:16:42.606 534 534 V SystemServerTiming: OnBootPhase_480_com.android.server.pm.UserManagerService$LifeCycle took to complete: 0ms
04-15 16:16:42.607 534 534 D SystemServerTiming: OnBootPhase_480_com.android.server.om.OverlayManagerService
04-15 16:16:42.607 534 534 V SystemServerTiming: OnBootPhase_480_com.android.server.om.OverlayManagerService took to complete: 0ms
04-15 16:16:42.607 534 534 D SystemServerTiming: OnBootPhase_480_com.android.server.resources.ResourcesManagerService
04-15 16:16:42.607 534 534 V SystemServerTiming: OnBootPhase_480_com.android.server.resources.ResourcesManagerService took to complete: 0ms
04-15 16:16:42.608 534 534 D SystemServerTiming: OnBootPhase_480_com.android.server.sensorprivacy.SensorPrivacyService
04-15 16:16:42.609 534 534 V SystemServerTiming: OnBootPhase_480_com.android.server.sensorprivacy.SensorPrivacyService took to complete: 0ms
04-15 16:16:42.609 534 534 D SystemServerTiming: OnBootPhase_480_com.android.server.sensors.SensorService
04-15 16:16:42.609 534 534 V SystemServerTiming: OnBootPhase_480_com.android.server.sensors.SensorService took to complete: 0ms
04-15 16:16:42.609 534 534 D SystemServerTiming: OnBootPhase_480_com.android.server.SystemConfigService
04-15 16:16:42.610 534 534 V SystemServerTiming: OnBootPhase_480_com.android.server.SystemConfigService took to complete: 0ms
04-15 16:16:42.610 534 534 D SystemServerTiming: OnBootPhase_480_com.android.server.BatteryService
04-15 16:16:42.610 534 534 V SystemServerTiming: OnBootPhase_480_com.android.server.BatteryService took to complete: 0ms
04-15 16:16:42.610 534 534 D SystemServerTiming: OnBootPhase_480_com.android.server.usage.UsageStatsService
04-15 16:16:42.610 534 534 V SystemServerTiming: OnBootPhase_480_com.android.server.usage.UsageStatsService took to complete: 1ms
04-15 16:16:42.611 534 534 D SystemServerTiming: OnBootPhase_480_com.android.server.webkit.WebViewUpdateService
04-15 16:16:42.611 534 534 V SystemServerTiming: OnBootPhase_480_com.android.server.webkit.WebViewUpdateService took to complete: 0ms
04-15 16:16:42.611 534 534 D SystemServerTiming: OnBootPhase_480_com.android.server.CachedDeviceStateService
04-15 16:16:42.611 534 534 V SystemServerTiming: OnBootPhase_480_com.android.server.CachedDeviceStateService took to complete: 0ms
04-15 16:16:42.611 534 534 D SystemServerTiming: OnBootPhase_480_com.android.server.BinderCallsStatsService$LifeCycle
04-15 16:16:42.613 534 534 V SystemServerTiming: OnBootPhase_480_com.android.server.BinderCallsStatsService$LifeCycle took to complete: 0ms
04-15 16:16:42.613 534 534 D SystemServerTiming: OnBootPhase_480_com.android.server.LooperStatsService$Lifecycle
04-15 16:16:42.614 534 534 V SystemServerTiming: OnBootPhase_480_com.android.server.LooperStatsService$Lifecycle took to complete: 0ms
04-15 16:16:42.614 534 534 D SystemServerTiming: OnBootPhase_480_com.android.server.rollback.RollbackManagerService
04-15 16:16:42.614 534 534 V SystemServerTiming: OnBootPhase_480_com.android.server.rollback.RollbackManagerService took to complete: 0ms
04-15 16:16:42.614 534 534 D SystemServerTiming: OnBootPhase_480_com.android.server.os.NativeTombstoneManagerService
04-15 16:16:42.614 534 534 V SystemServerTiming: OnBootPhase_480_com.android.server.os.NativeTombstoneManagerService took to complete: 0ms
04-15 16:16:42.615 534 534 D SystemServerTiming: OnBootPhase_480_com.android.server.os.BugreportManagerService
04-15 16:16:42.616 534 534 V SystemServerTiming: OnBootPhase_480_com.android.server.os.BugreportManagerService took to complete: 0ms
04-15 16:16:42.616 534 534 D SystemServerTiming: OnBootPhase_480_com.android.server.gpu.GpuService
04-15 16:16:42.616 534 534 V SystemServerTiming: OnBootPhase_480_com.android.server.gpu.GpuService took to complete: 0ms
04-15 16:16:42.616 534 534 D SystemServerTiming: OnBootPhase_480_com.android.server.security.rkp.RemoteProvisioningService
04-15 16:16:42.617 534 534 V SystemServerTiming: OnBootPhase_480_com.android.server.security.rkp.RemoteProvisioningService took to complete: 0ms
04-15 16:16:42.617 534 534 D SystemServerTiming: OnBootPhase_480_com.android.server.cpu.CpuMonitorService
04-15 16:16:42.617 534 534 V SystemServerTiming: OnBootPhase_480_com.android.server.cpu.CpuMonitorService took to complete: 0ms
04-15 16:16:42.617 534 534 D SystemServerTiming: OnBootPhase_480_com.android.server.security.KeyChainSystemService
04-15 16:16:42.617 534 534 V SystemServerTiming: OnBootPhase_480_com.android.server.security.KeyChainSystemService took to complete: 0ms
04-15 16:16:42.618 534 534 D SystemServerTiming: OnBootPhase_480_com.android.server.BinaryTransparencyService
04-15 16:16:42.618 534 534 V SystemServerTiming: OnBootPhase_480_com.android.server.BinaryTransparencyService took to complete: 0ms
04-15 16:16:42.618 534 534 D SystemServerTiming: OnBootPhase_480_com.android.server.telecom.TelecomLoaderService
04-15 16:16:42.618 534 534 V SystemServerTiming: OnBootPhase_480_com.android.server.telecom.TelecomLoaderService took to complete: 0ms
04-15 16:16:42.618 534 534 D SystemServerTiming: OnBootPhase_480_com.android.server.accounts.AccountManagerService$Lifecycle
04-15 16:16:42.619 534 534 V SystemServerTiming: OnBootPhase_480_com.android.server.accounts.AccountManagerService$Lifecycle took to complete: 0ms
04-15 16:16:42.619 534 534 D SystemServerTiming: OnBootPhase_480_com.android.server.content.ContentService$Lifecycle
04-15 16:16:42.619 534 534 V SystemServerTiming: OnBootPhase_480_com.android.server.content.ContentService$Lifecycle took to complete: 0ms
04-15 16:16:42.619 534 534 D SystemServerTiming: OnBootPhase_480_com.android.server.deviceconfig.DeviceConfigInit$Lifecycle
04-15 16:16:42.619 534 534 V SystemServerTiming: OnBootPhase_480_com.android.server.deviceconfig.DeviceConfigInit$Lifecycle took to complete: 0ms
04-15 16:16:42.622 534 534 D SystemServerTiming: OnBootPhase_480_com.android.server.DropBoxManagerService
04-15 16:16:42.622 534 534 V SystemServerTiming: OnBootPhase_480_com.android.server.DropBoxManagerService took to complete: 0ms
04-15 16:16:42.622 534 534 D SystemServerTiming: OnBootPhase_480_com.android.role.RoleService
04-15 16:16:42.623 534 534 V SystemServerTiming: OnBootPhase_480_com.android.role.RoleService took to complete: 0ms
04-15 16:16:42.623 534 534 D SystemServerTiming: OnBootPhase_480_com.android.server.vibrator.VibratorManagerService$Lifecycle
04-15 16:16:42.623 534 534 V SystemServerTiming: OnBootPhase_480_com.android.server.vibrator.VibratorManagerService$Lifecycle took to complete: 0ms
04-15 16:16:42.623 534 534 D SystemServerTiming: OnBootPhase_480_com.android.server.tare.InternalResourceService
04-15 16:16:42.623 534 534 V SystemServerTiming: OnBootPhase_480_com.android.server.tare.InternalResourceService took to complete: 0ms
04-15 16:16:42.625 534 534 D SystemServerTiming: OnBootPhase_480_com.android.server.alarm.AlarmManagerService
04-15 16:16:42.625 534 534 V SystemServerTiming: OnBootPhase_480_com.android.server.alarm.AlarmManagerService took to complete: 0ms
04-15 16:16:42.625 534 534 D SystemServerTiming: OnBootPhase_480_com.android.server.devicestate.DeviceStateManagerService
04-15 16:16:42.625 534 534 V SystemServerTiming: OnBootPhase_480_com.android.server.devicestate.DeviceStateManagerService took to complete: 0ms
04-15 16:16:42.625 534 534 D SystemServerTiming: OnBootPhase_480_com.android.server.camera.CameraServiceProxy
04-15 16:16:42.626 534 534 V SystemServerTiming: OnBootPhase_480_com.android.server.camera.CameraServiceProxy took to complete: 0ms
04-15 16:16:42.626 534 534 D SystemServerTiming: OnBootPhase_480_com.android.server.bluetooth.BluetoothService
04-15 16:16:42.626 534 534 V SystemServerTiming: OnBootPhase_480_com.android.server.bluetooth.BluetoothService took to complete: 0ms
04-15 16:16:42.626 534 534 D SystemServerTiming: OnBootPhase_480_com.android.server.connectivity.IpConnectivityMetrics
04-15 16:16:42.628 534 534 V SystemServerTiming: OnBootPhase_480_com.android.server.connectivity.IpConnectivityMetrics took to complete: 0ms
04-15 16:16:42.628 534 534 D SystemServerTiming: OnBootPhase_480_com.android.server.net.watchlist.NetworkWatchlistService$Lifecycle
04-15 16:16:42.628 534 534 V SystemServerTiming: OnBootPhase_480_com.android.server.net.watchlist.NetworkWatchlistService$Lifecycle took to complete: 0ms
04-15 16:16:42.629 534 534 D SystemServerTiming: OnBootPhase_480_com.android.server.PinnerService
04-15 16:16:42.629 534 534 V SystemServerTiming: OnBootPhase_480_com.android.server.PinnerService took to complete: 0ms
04-15 16:16:42.629 534 534 D SystemServerTiming: OnBootPhase_480_com.android.server.integrity.AppIntegrityManagerService
04-15 16:16:42.629 534 534 V SystemServerTiming: OnBootPhase_480_com.android.server.integrity.AppIntegrityManagerService took to complete: 0ms
04-15 16:16:42.629 534 534 D SystemServerTiming: OnBootPhase_480_com.android.server.logcat.LogcatManagerService
04-15 16:16:42.630 534 534 V SystemServerTiming: OnBootPhase_480_com.android.server.logcat.LogcatManagerService took to complete: 0ms
04-15 16:16:42.630 534 534 D SystemServerTiming: OnBootPhase_480_com.android.server.inputmethod.InputMethodManagerService$Lifecycle
04-15 16:16:42.630 534 534 V SystemServerTiming: OnBootPhase_480_com.android.server.inputmethod.InputMethodManagerService$Lifecycle took to complete: 0ms
04-15 16:16:42.630 534 534 D SystemServerTiming: OnBootPhase_480_com.android.server.accessibility.AccessibilityManagerService$Lifecycle
04-15 16:16:42.630 534 534 V SystemServerTiming: OnBootPhase_480_com.android.server.accessibility.AccessibilityManagerService$Lifecycle took to complete: 0ms
04-15 16:16:42.631 534 534 D SystemServerTiming: OnBootPhase_480_com.android.server.StorageManagerService$Lifecycle
04-15 16:16:42.631 534 534 V SystemServerTiming: OnBootPhase_480_com.android.server.StorageManagerService$Lifecycle took to complete: 0ms
04-15 16:16:42.631 534 534 D SystemServerTiming: OnBootPhase_480_com.android.server.usage.StorageStatsService$Lifecycle
04-15 16:16:42.631 534 534 V SystemServerTiming: OnBootPhase_480_com.android.server.usage.StorageStatsService$Lifecycle took to complete: 0ms
04-15 16:16:42.631 534 534 D SystemServerTiming: OnBootPhase_480_com.android.server.UiModeManagerService
04-15 16:16:42.632 534 534 V SystemServerTiming: OnBootPhase_480_com.android.server.UiModeManagerService took to complete: 0ms
04-15 16:16:42.632 534 534 D SystemServerTiming: OnBootPhase_480_com.android.server.locales.LocaleManagerService
04-15 16:16:42.632 534 534 V SystemServerTiming: OnBootPhase_480_com.android.server.locales.LocaleManagerService took to complete: 0ms
04-15 16:16:42.632 534 534 D SystemServerTiming: OnBootPhase_480_com.android.server.grammaticalinflection.GrammaticalInflectionService
04-15 16:16:42.632 534 534 V SystemServerTiming: OnBootPhase_480_com.android.server.grammaticalinflection.GrammaticalInflectionService took to complete: 0ms
04-15 16:16:42.633 534 534 D SystemServerTiming: OnBootPhase_480_com.android.server.apphibernation.AppHibernationService
04-15 16:16:42.633 534 534 V SystemServerTiming: OnBootPhase_480_com.android.server.apphibernation.AppHibernationService took to complete: 0ms
04-15 16:16:42.633 534 534 D SystemServerTiming: OnBootPhase_480_com.android.server.locksettings.LockSettingsService$Lifecycle
04-15 16:16:42.633 534 534 V SystemServerTiming: OnBootPhase_480_com.android.server.locksettings.LockSettingsService$Lifecycle took to complete: 0ms
04-15 16:16:42.633 534 534 D SystemServerTiming: OnBootPhase_480_com.android.server.testharness.TestHarnessModeService
04-15 16:16:42.634 534 534 V SystemServerTiming: OnBootPhase_480_com.android.server.testharness.TestHarnessModeService took to complete: 0ms
04-15 16:16:42.634 534 534 D SystemServerTiming: OnBootPhase_480_com.android.server.DeviceIdleController
04-15 16:16:42.634 534 534 V SystemServerTiming: OnBootPhase_480_com.android.server.DeviceIdleController took to complete: 0ms
04-15 16:16:42.634 534 534 D SystemServerTiming: OnBootPhase_480_com.android.server.devicepolicy.DevicePolicyManagerService$Lifecycle
04-15 16:16:42.654 534 534 I UsbPortManager: USB HAL AIDL version: USB_HAL_V2_0
04-15 16:16:42.676 534 534 V SystemServerTiming: OnBootPhase_480_com.android.server.devicepolicy.DevicePolicyManagerService$Lifecycle took to complete: 42ms
04-15 16:16:42.677 534 534 D SystemServerTiming: OnBootPhase_480_com.android.server.texttospeech.TextToSpeechManagerService
04-15 16:16:42.677 534 534 V SystemServerTiming: OnBootPhase_480_com.android.server.texttospeech.TextToSpeechManagerService took to complete: 0ms
04-15 16:16:42.677 534 534 D SystemServerTiming: OnBootPhase_480_com.android.server.ambientcontext.AmbientContextManagerService
04-15 16:16:42.677 534 534 V SystemServerTiming: OnBootPhase_480_com.android.server.ambientcontext.AmbientContextManagerService took to complete: 0ms
04-15 16:16:42.677 534 534 D SystemServerTiming: OnBootPhase_480_com.android.server.wearable.WearableSensingManagerService
04-15 16:16:42.677 534 534 V SystemServerTiming: OnBootPhase_480_com.android.server.wearable.WearableSensingManagerService took to complete: 0ms
04-15 16:16:42.677 534 534 D SystemServerTiming: OnBootPhase_480_com.android.server.speech.SpeechRecognitionManagerService
04-15 16:16:42.677 534 534 V SystemServerTiming: OnBootPhase_480_com.android.server.speech.SpeechRecognitionManagerService took to complete: 0ms
04-15 16:16:42.677 534 534 D SystemServerTiming: OnBootPhase_480_com.android.server.searchui.SearchUiManagerService
04-15 16:16:42.677 534 534 V SystemServerTiming: OnBootPhase_480_com.android.server.searchui.SearchUiManagerService took to complete: 0ms
04-15 16:16:42.678 534 534 D SystemServerTiming: OnBootPhase_480_com.android.server.smartspace.SmartspaceManagerService
04-15 16:16:42.678 534 534 V SystemServerTiming: OnBootPhase_480_com.android.server.smartspace.SmartspaceManagerService took to complete: 0ms
04-15 16:16:42.678 534 534 D SystemServerTiming: OnBootPhase_480_com.android.server.graphics.fonts.FontManagerService$Lifecycle
04-15 16:16:42.678 534 534 V SystemServerTiming: OnBootPhase_480_com.android.server.graphics.fonts.FontManagerService$Lifecycle took to complete: 0ms
04-15 16:16:42.678 534 534 D SystemServerTiming: OnBootPhase_480_com.android.server.textservices.TextServicesManagerService$Lifecycle
04-15 16:16:42.678 534 534 V SystemServerTiming: OnBootPhase_480_com.android.server.textservices.TextServicesManagerService$Lifecycle took to complete: 0ms
04-15 16:16:42.678 534 534 D SystemServerTiming: OnBootPhase_480_com.android.server.textclassifier.TextClassificationManagerService$Lifecycle
04-15 16:16:42.678 534 534 V SystemServerTiming: OnBootPhase_480_com.android.server.textclassifier.TextClassificationManagerService$Lifecycle took to complete: 0ms
04-15 16:16:42.678 534 534 D SystemServerTiming: OnBootPhase_480_com.android.server.NetworkScoreService$Lifecycle
04-15 16:16:42.678 534 534 V SystemServerTiming: OnBootPhase_480_com.android.server.NetworkScoreService$Lifecycle took to complete: 0ms
04-15 16:16:42.678 534 534 D SystemServerTiming: OnBootPhase_480_com.android.server.NetworkStatsServiceInitializer
04-15 16:16:42.678 534 534 V SystemServerTiming: OnBootPhase_480_com.android.server.NetworkStatsServiceInitializer took to complete: 0ms
04-15 16:16:42.678 534 534 D SystemServerTiming: OnBootPhase_480_com.android.server.wifi.WifiService
04-15 16:16:42.679 534 534 V SystemServerTiming: OnBootPhase_480_com.android.server.wifi.WifiService took to complete: 0ms
04-15 16:16:42.679 534 534 D SystemServerTiming: OnBootPhase_480_com.android.server.wifi.scanner.WifiScanningService
04-15 16:16:42.679 534 534 V SystemServerTiming: OnBootPhase_480_com.android.server.wifi.scanner.WifiScanningService took to complete: 0ms
04-15 16:16:42.679 534 534 D SystemServerTiming: OnBootPhase_480_com.android.server.wifi.p2p.WifiP2pService
04-15 16:16:42.679 534 534 V SystemServerTiming: OnBootPhase_480_com.android.server.wifi.p2p.WifiP2pService took to complete: 0ms
04-15 16:16:42.679 534 534 D SystemServerTiming: OnBootPhase_480_com.android.server.ConnectivityServiceInitializer
04-15 16:16:42.679 534 534 V SystemServerTiming: OnBootPhase_480_com.android.server.ConnectivityServiceInitializer took to complete: 0ms
04-15 16:16:42.679 534 534 D SystemServerTiming: OnBootPhase_480_com.android.server.notification.NotificationManagerService
04-15 16:16:42.679 534 534 V SystemServerTiming: OnBootPhase_480_com.android.server.notification.NotificationManagerService took to complete: 0ms
04-15 16:16:42.679 534 534 D SystemServerTiming: OnBootPhase_480_com.android.server.storage.DeviceStorageMonitorService
04-15 16:16:42.679 534 534 V SystemServerTiming: OnBootPhase_480_com.android.server.storage.DeviceStorageMonitorService took to complete: 0ms
04-15 16:16:42.687 534 534 D SystemServerTiming: OnBootPhase_480_com.android.server.timedetector.TimeDetectorService$Lifecycle
04-15 16:16:42.687 534 534 V SystemServerTiming: OnBootPhase_480_com.android.server.timedetector.TimeDetectorService$Lifecycle took to complete: 1ms
04-15 16:16:42.687 534 534 D SystemServerTiming: OnBootPhase_480_com.android.server.location.LocationManagerService$Lifecycle
04-15 16:16:42.688 534 603 D SystemServerTimingAsync: InitThreadPoolExec:DevicePolicyManager
04-15 16:16:42.688 534 603 D SystemServerInitThreadPool: Started executing DevicePolicyManager
04-15 16:16:42.689 534 603 D SystemServerInitThreadPool: Finished executing DevicePolicyManager
04-15 16:16:42.689 534 603 V SystemServerTimingAsync: InitThreadPoolExec:DevicePolicyManager took to complete: 1ms
04-15 16:16:42.691 534 534 V SystemServerTiming: OnBootPhase_480_com.android.server.location.LocationManagerService$Lifecycle took to complete: 0ms
04-15 16:16:42.691 534 534 D SystemServerTiming: OnBootPhase_480_com.android.server.timezonedetector.TimeZoneDetectorService$Lifecycle
04-15 16:16:42.691 534 534 V SystemServerTiming: OnBootPhase_480_com.android.server.timezonedetector.TimeZoneDetectorService$Lifecycle took to complete: 0ms
04-15 16:16:42.691 534 534 D SystemServerTiming: OnBootPhase_480_com.android.server.location.altitude.AltitudeService$Lifecycle
04-15 16:16:42.691 534 534 V SystemServerTiming: OnBootPhase_480_com.android.server.location.altitude.AltitudeService$Lifecycle took to complete: 0ms
04-15 16:16:42.691 534 534 D SystemServerTiming: OnBootPhase_480_com.android.server.timezonedetector.location.LocationTimeZoneManagerService$Lifecycle
04-15 16:16:42.693 534 534 V SystemServerTiming: OnBootPhase_480_com.android.server.timezonedetector.location.LocationTimeZoneManagerService$Lifecycle took to complete: 1ms
04-15 16:16:42.693 534 534 D SystemServerTiming: OnBootPhase_480_com.android.server.search.SearchManagerService$Lifecycle
04-15 16:16:42.693 534 534 V SystemServerTiming: OnBootPhase_480_com.android.server.search.SearchManagerService$Lifecycle took to complete: 0ms
04-15 16:16:42.693 534 534 D SystemServerTiming: OnBootPhase_480_com.android.server.wallpaper.WallpaperManagerService$Lifecycle
04-15 16:16:42.695 534 534 V SystemServerTiming: OnBootPhase_480_com.android.server.wallpaper.WallpaperManagerService$Lifecycle took to complete: 2ms
04-15 16:16:42.695 534 534 D SystemServerTiming: OnBootPhase_480_com.android.server.wallpapereffectsgeneration.WallpaperEffectsGenerationManagerService
04-15 16:16:42.695 534 534 V SystemServerTiming: OnBootPhase_480_com.android.server.wallpapereffectsgeneration.WallpaperEffectsGenerationManagerService took to complete: 0ms
04-15 16:16:42.695 534 534 D SystemServerTiming: OnBootPhase_480_com.android.server.audio.AudioService$Lifecycle
04-15 16:16:42.695 534 534 V SystemServerTiming: OnBootPhase_480_com.android.server.audio.AudioService$Lifecycle took to complete: 0ms
04-15 16:16:42.695 534 534 D SystemServerTiming: OnBootPhase_480_com.android.server.soundtrigger_middleware.SoundTriggerMiddlewareService$Lifecycle
04-15 16:16:42.695 534 534 V SystemServerTiming: OnBootPhase_480_com.android.server.soundtrigger_middleware.SoundTriggerMiddlewareService$Lifecycle took to complete: 0ms
04-15 16:16:42.695 534 534 D SystemServerTiming: OnBootPhase_480_com.android.server.DockObserver
04-15 16:16:42.695 534 534 V SystemServerTiming: OnBootPhase_480_com.android.server.DockObserver took to complete: 0ms
04-15 16:16:42.696 534 534 D SystemServerTiming: OnBootPhase_480_com.android.server.midi.MidiService$Lifecycle
04-15 16:16:42.698 534 534 V SystemServerTiming: OnBootPhase_480_com.android.server.midi.MidiService$Lifecycle took to complete: 0ms
04-15 16:16:42.698 534 534 D SystemServerTiming: OnBootPhase_480_com.android.server.adb.AdbService$Lifecycle
04-15 16:16:42.698 534 534 V SystemServerTiming: OnBootPhase_480_com.android.server.adb.AdbService$Lifecycle took to complete: 0ms
04-15 16:16:42.698 534 534 D SystemServerTiming: OnBootPhase_480_com.android.server.usb.UsbService$Lifecycle
04-15 16:16:42.698 534 534 V SystemServerTiming: OnBootPhase_480_com.android.server.usb.UsbService$Lifecycle took to complete: 0ms
04-15 16:16:42.700 534 534 D SystemServerTiming: OnBootPhase_480_com.android.server.twilight.TwilightService
04-15 16:16:42.700 534 534 V SystemServerTiming: OnBootPhase_480_com.android.server.twilight.TwilightService took to complete: 0ms
04-15 16:16:42.700 534 534 D SystemServerTiming: OnBootPhase_480_com.android.server.display.color.ColorDisplayService
04-15 16:16:42.700 534 534 V SystemServerTiming: OnBootPhase_480_com.android.server.display.color.ColorDisplayService took to complete: 0ms
04-15 16:16:42.700 534 534 D SystemServerTiming: OnBootPhase_480_com.android.server.job.JobSchedulerService
04-15 16:16:42.700 534 534 V SystemServerTiming: OnBootPhase_480_com.android.server.job.JobSchedulerService took to complete: 0ms
04-15 16:16:42.700 534 534 D SystemServerTiming: OnBootPhase_480_com.android.server.soundtrigger.SoundTriggerService
04-15 16:16:42.701 534 534 D SoundTriggerService: onBootPhase: 480 : false
04-15 16:16:42.703 534 534 V SystemServerTiming: OnBootPhase_480_com.android.server.soundtrigger.SoundTriggerService took to complete: 2ms
04-15 16:16:42.703 534 534 D SystemServerTiming: OnBootPhase_480_com.android.server.trust.TrustManagerService
04-15 16:16:42.703 534 534 V SystemServerTiming: OnBootPhase_480_com.android.server.trust.TrustManagerService took to complete: 0ms
04-15 16:16:42.704 534 534 D SystemServerTiming: OnBootPhase_480_com.android.server.backup.BackupManagerService$Lifecycle
04-15 16:16:42.704 534 534 V SystemServerTiming: OnBootPhase_480_com.android.server.backup.BackupManagerService$Lifecycle took to complete: 0ms
04-15 16:16:42.705 534 534 D SystemServerTiming: OnBootPhase_480_com.android.server.appwidget.AppWidgetService
04-15 16:16:42.705 534 534 V SystemServerTiming: OnBootPhase_480_com.android.server.appwidget.AppWidgetService took to complete: 0ms
04-15 16:16:42.705 534 534 D SystemServerTiming: OnBootPhase_480_com.android.server.voiceinteraction.VoiceInteractionManagerService
04-15 16:16:42.705 534 534 V SystemServerTiming: OnBootPhase_480_com.android.server.voiceinteraction.VoiceInteractionManagerService took to complete: 0ms
04-15 16:16:42.705 534 534 D SystemServerTiming: OnBootPhase_480_com.android.server.GestureLauncherService
04-15 16:16:42.705 534 534 V SystemServerTiming: OnBootPhase_480_com.android.server.GestureLauncherService took to complete: 0ms
04-15 16:16:42.705 534 534 D SystemServerTiming: OnBootPhase_480_com.android.server.SensorNotificationService
04-15 16:16:42.705 534 534 V SystemServerTiming: OnBootPhase_480_com.android.server.SensorNotificationService took to complete: 0ms
04-15 16:16:42.705 534 534 D SystemServerTiming: OnBootPhase_480_com.android.server.emergency.EmergencyAffordanceService
04-15 16:16:42.705 534 534 V SystemServerTiming: OnBootPhase_480_com.android.server.emergency.EmergencyAffordanceService took to complete: 0ms
04-15 16:16:42.705 534 534 D SystemServerTiming: OnBootPhase_480_com.android.server.blob.BlobStoreManagerService
04-15 16:16:42.705 534 534 V SystemServerTiming: OnBootPhase_480_com.android.server.blob.BlobStoreManagerService took to complete: 0ms
04-15 16:16:42.706 534 534 D SystemServerTiming: OnBootPhase_480_com.android.server.dreams.DreamManagerService
04-15 16:16:42.706 534 534 V SystemServerTiming: OnBootPhase_480_com.android.server.dreams.DreamManagerService took to complete: 0ms
04-15 16:16:42.706 534 534 D SystemServerTiming: OnBootPhase_480_com.android.server.print.PrintManagerService
04-15 16:16:42.706 534 534 V SystemServerTiming: OnBootPhase_480_com.android.server.print.PrintManagerService took to complete: 0ms
04-15 16:16:42.706 534 534 D SystemServerTiming: OnBootPhase_480_com.android.server.security.AttestationVerificationManagerService
04-15 16:16:42.706 534 534 V SystemServerTiming: OnBootPhase_480_com.android.server.security.AttestationVerificationManagerService took to complete: 0ms
04-15 16:16:42.706 534 534 D SystemServerTiming: OnBootPhase_480_com.android.server.companion.CompanionDeviceManagerService
04-15 16:16:42.706 534 534 V SystemServerTiming: OnBootPhase_480_com.android.server.companion.CompanionDeviceManagerService took to complete: 0ms
04-15 16:16:42.706 534 534 D SystemServerTiming: OnBootPhase_480_com.android.server.companion.virtual.VirtualDeviceManagerService
04-15 16:16:42.706 534 534 V SystemServerTiming: OnBootPhase_480_com.android.server.companion.virtual.VirtualDeviceManagerService took to complete: 0ms
04-15 16:16:42.706 534 534 D SystemServerTiming: OnBootPhase_480_com.android.server.restrictions.RestrictionsManagerService
04-15 16:16:42.706 534 534 V SystemServerTiming: OnBootPhase_480_com.android.server.restrictions.RestrictionsManagerService took to complete: 0ms
04-15 16:16:42.706 534 534 D SystemServerTiming: OnBootPhase_480_com.android.server.media.MediaSessionService
04-15 16:16:42.707 534 534 V SystemServerTiming: OnBootPhase_480_com.android.server.media.MediaSessionService took to complete: 0ms
04-15 16:16:42.707 534 534 D SystemServerTiming: OnBootPhase_480_com.android.server.media.MediaResourceMonitorService
04-15 16:16:42.707 534 534 V SystemServerTiming: OnBootPhase_480_com.android.server.media.MediaResourceMonitorService took to complete: 0ms
04-15 16:16:42.707 534 534 D SystemServerTiming: OnBootPhase_480_com.android.server.biometrics.sensors.face.FaceService
04-15 16:16:42.707 534 534 V SystemServerTiming: OnBootPhase_480_com.android.server.biometrics.sensors.face.FaceService took to complete: 0ms
04-15 16:16:42.707 534 534 D SystemServerTiming: OnBootPhase_480_com.android.server.biometrics.sensors.fingerprint.FingerprintService
04-15 16:16:42.707 534 534 V SystemServerTiming: OnBootPhase_480_com.android.server.biometrics.sensors.fingerprint.FingerprintService took to complete: 0ms
04-15 16:16:42.707 534 534 D SystemServerTiming: OnBootPhase_480_com.android.server.biometrics.BiometricService
04-15 16:16:42.707 534 534 V SystemServerTiming: OnBootPhase_480_com.android.server.biometrics.BiometricService took to complete: 0ms
04-15 16:16:42.707 534 534 D SystemServerTiming: OnBootPhase_480_com.android.server.biometrics.AuthService
04-15 16:16:42.707 534 534 V SystemServerTiming: OnBootPhase_480_com.android.server.biometrics.AuthService took to complete: 0ms
04-15 16:16:42.710 534 534 D SystemServerTiming: OnBootPhase_480_com.android.server.pm.ShortcutService$Lifecycle
04-15 16:16:42.713 534 534 V SystemServerTiming: OnBootPhase_480_com.android.server.pm.ShortcutService$Lifecycle took to complete: 3ms
04-15 16:16:42.713 534 534 D SystemServerTiming: OnBootPhase_480_com.android.server.pm.LauncherAppsService
04-15 16:16:42.713 534 534 V SystemServerTiming: OnBootPhase_480_com.android.server.pm.LauncherAppsService took to complete: 0ms
04-15 16:16:42.713 534 534 D SystemServerTiming: OnBootPhase_480_com.android.server.pm.CrossProfileAppsService
04-15 16:16:42.713 534 534 V SystemServerTiming: OnBootPhase_480_com.android.server.pm.CrossProfileAppsService took to complete: 0ms
04-15 16:16:42.713 534 534 D SystemServerTiming: OnBootPhase_480_com.android.server.people.PeopleService
04-15 16:16:42.714 534 534 V SystemServerTiming: OnBootPhase_480_com.android.server.people.PeopleService took to complete: 0ms
04-15 16:16:42.714 534 534 D SystemServerTiming: OnBootPhase_480_com.android.server.media.metrics.MediaMetricsManagerService
04-15 16:16:42.714 534 534 V SystemServerTiming: OnBootPhase_480_com.android.server.media.metrics.MediaMetricsManagerService took to complete: 0ms
04-15 16:16:42.714 534 534 D SystemServerTiming: OnBootPhase_480_com.android.server.pm.BackgroundInstallControlService
04-15 16:16:42.714 534 534 V SystemServerTiming: OnBootPhase_480_com.android.server.pm.BackgroundInstallControlService took to complete: 0ms
04-15 16:16:42.714 534 534 D SystemServerTiming: OnBootPhase_480_com.android.server.media.projection.MediaProjectionManagerService
04-15 16:16:42.714 534 534 V SystemServerTiming: OnBootPhase_480_com.android.server.media.projection.MediaProjectionManagerService took to complete: 0ms
04-15 16:16:42.714 534 534 D SystemServerTiming: OnBootPhase_480_com.android.server.slice.SliceManagerService$Lifecycle
04-15 16:16:42.714 534 534 V SystemServerTiming: OnBootPhase_480_com.android.server.slice.SliceManagerService$Lifecycle took to complete: 0ms
04-15 16:16:42.714 534 534 D SystemServerTiming: OnBootPhase_480_com.android.server.stats.StatsCompanion$Lifecycle
04-15 16:16:42.714 534 534 V SystemServerTiming: OnBootPhase_480_com.android.server.stats.StatsCompanion$Lifecycle took to complete: 0ms
04-15 16:16:42.714 534 534 D SystemServerTiming: OnBootPhase_480_com.android.server.scheduling.RebootReadinessManagerService$Lifecycle
04-15 16:16:42.714 534 534 V SystemServerTiming: OnBootPhase_480_com.android.server.scheduling.RebootReadinessManagerService$Lifecycle took to complete: 0ms
04-15 16:16:42.715 534 534 D SystemServerTiming: OnBootPhase_480_com.android.server.stats.pull.StatsPullAtomService
04-15 16:16:42.715 534 534 V SystemServerTiming: OnBootPhase_480_com.android.server.stats.pull.StatsPullAtomService took to complete: 0ms
04-15 16:16:42.715 534 534 D SystemServerTiming: OnBootPhase_480_com.android.server.stats.bootstrap.StatsBootstrapAtomService$Lifecycle
04-15 16:16:42.715 534 534 V SystemServerTiming: OnBootPhase_480_com.android.server.stats.bootstrap.StatsBootstrapAtomService$Lifecycle took to complete: 0ms
04-15 16:16:42.715 534 534 D SystemServerTiming: OnBootPhase_480_com.android.server.incident.IncidentCompanionService
04-15 16:16:42.715 534 534 V SystemServerTiming: OnBootPhase_480_com.android.server.incident.IncidentCompanionService took to complete: 0ms
04-15 16:16:42.715 534 534 D SystemServerTiming: OnBootPhase_480_com.android.server.sdksandbox.SdkSandboxManagerService$Lifecycle
04-15 16:16:42.715 534 534 V SystemServerTiming: OnBootPhase_480_com.android.server.sdksandbox.SdkSandboxManagerService$Lifecycle took to complete: 0ms
04-15 16:16:42.715 534 534 D SystemServerTiming: OnBootPhase_480_com.android.server.adservices.AdServicesManagerService$Lifecycle
04-15 16:16:42.715 534 534 V SystemServerTiming: OnBootPhase_480_com.android.server.adservices.AdServicesManagerService$Lifecycle took to complete: 0ms
04-15 16:16:42.718 534 534 D SystemServerTiming: OnBootPhase_480_com.android.server.ondevicepersonalization.OnDevicePersonalizationSystemService$Lifecycle
04-15 16:16:42.718 534 534 V SystemServerTiming: OnBootPhase_480_com.android.server.ondevicepersonalization.OnDevicePersonalizationSystemService$Lifecycle took to complete: 0ms
04-15 16:16:42.718 534 534 D SystemServerTiming: OnBootPhase_480_com.android.server.MmsServiceBroker
04-15 16:16:42.718 534 534 V SystemServerTiming: OnBootPhase_480_com.android.server.MmsServiceBroker took to complete: 0ms
04-15 16:16:42.718 534 534 D SystemServerTiming: OnBootPhase_480_com.android.server.autofill.AutofillManagerService
04-15 16:16:42.718 534 534 V SystemServerTiming: OnBootPhase_480_com.android.server.autofill.AutofillManagerService took to complete: 0ms
04-15 16:16:42.718 534 534 D SystemServerTiming: OnBootPhase_480_com.android.server.credentials.CredentialManagerService
04-15 16:16:42.718 534 534 V SystemServerTiming: OnBootPhase_480_com.android.server.credentials.CredentialManagerService took to complete: 0ms
04-15 16:16:42.718 534 534 D SystemServerTiming: OnBootPhase_480_com.android.server.selectiontoolbar.SelectionToolbarManagerService
04-15 16:16:42.718 534 534 V SystemServerTiming: OnBootPhase_480_com.android.server.selectiontoolbar.SelectionToolbarManagerService took to complete: 0ms
04-15 16:16:42.718 534 534 D SystemServerTiming: OnBootPhase_480_com.android.server.clipboard.ClipboardService
04-15 16:16:42.719 534 534 V SystemServerTiming: OnBootPhase_480_com.android.server.clipboard.ClipboardService took to complete: 0ms
04-15 16:16:42.719 534 534 D SystemServerTiming: OnBootPhase_480_com.android.server.appbinding.AppBindingService$Lifecycle
04-15 16:16:42.719 534 534 V SystemServerTiming: OnBootPhase_480_com.android.server.appbinding.AppBindingService$Lifecycle took to complete: 0ms
04-15 16:16:42.719 534 534 D SystemServerTiming: OnBootPhase_480_com.android.server.tracing.TracingServiceProxy
04-15 16:16:42.719 534 534 V SystemServerTiming: OnBootPhase_480_com.android.server.tracing.TracingServiceProxy took to complete: 0ms
04-15 16:16:42.719 534 534 V SystemServerTiming: OnBootPhase_480 took to complete: 127ms
04-15 16:16:42.719 534 534 V SystemServerTiming: StartBootPhaseLockSettingsReady took to complete: 128ms
04-15 16:16:42.722 534 534 D SystemServerTiming: StartBootPhaseSystemServicesReady
04-15 16:16:42.722 534 534 I SystemServiceManager: Starting phase 500
04-15 16:16:42.723 534 534 D SystemServerTiming: OnBootPhase_500
04-15 16:16:42.723 534 534 D SystemServerTiming: OnBootPhase_500_com.android.server.security.FileIntegrityService
04-15 16:16:42.723 534 534 V SystemServerTiming: OnBootPhase_500_com.android.server.security.FileIntegrityService took to complete: 0ms
04-15 16:16:42.724 534 534 D SystemServerTiming: OnBootPhase_500_com.android.server.pm.Installer
04-15 16:16:42.724 534 534 V SystemServerTiming: OnBootPhase_500_com.android.server.pm.Installer took to complete: 0ms
04-15 16:16:42.724 534 534 D SystemServerTiming: OnBootPhase_500_com.android.server.os.DeviceIdentifiersPolicyService
04-15 16:16:42.724 534 534 V SystemServerTiming: OnBootPhase_500_com.android.server.os.DeviceIdentifiersPolicyService took to complete: 0ms
04-15 16:16:42.724 534 534 D SystemServerTiming: OnBootPhase_500_com.android.server.uri.UriGrantsManagerService$Lifecycle
04-15 16:16:42.725 534 534 V SystemServerTiming: OnBootPhase_500_com.android.server.uri.UriGrantsManagerService$Lifecycle took to complete: 1ms
04-15 16:16:42.725 534 534 D SystemServerTiming: OnBootPhase_500_com.android.server.powerstats.PowerStatsService
04-15 16:16:42.734 534 534 V SystemServerTiming: OnBootPhase_500_com.android.server.powerstats.PowerStatsService took to complete: 10ms
04-15 16:16:42.735 534 534 D SystemServerTiming: OnBootPhase_500_com.android.server.permission.access.AccessCheckingService
04-15 16:16:42.736 534 534 V SystemServerTiming: OnBootPhase_500_com.android.server.permission.access.AccessCheckingService took to complete: 0ms
04-15 16:16:42.736 534 534 D SystemServerTiming: OnBootPhase_500_com.android.server.wm.ActivityTaskManagerService$Lifecycle
04-15 16:16:42.736 534 534 V SystemServerTiming: OnBootPhase_500_com.android.server.wm.ActivityTaskManagerService$Lifecycle took to complete: 0ms
04-15 16:16:42.736 534 534 D SystemServerTiming: OnBootPhase_500_com.android.server.am.ActivityManagerService$Lifecycle
04-15 16:16:42.738 534 534 W BatteryStatsImpl: Unexpected per uid modem model name ()
04-15 16:16:42.759 534 534 D ConnectivityService: requestNetwork for uid/pid:1000/534 activeRequest: null callbackRequest: 6 [NetworkRequest [ REQUEST id=7, [ Capabilities: INTERNET&NOT_RESTRICTED&TRUSTED&NOT_VCN_MANAGED Uid: 1000 RequestorUid: 1000 RequestorPkg: android UnderlyingNetworks: Null] ]] callback flags: 0 order: 2147483647
04-15 16:16:42.761 534 811 D ConnectivityService: NetReassign [no changes] [c 0] [a 0] [i 0]
04-15 16:16:42.771 534 534 V SystemServerTiming: OnBootPhase_500_com.android.server.am.ActivityManagerService$Lifecycle took to complete: 35ms
04-15 16:16:42.771 534 534 D SystemServerTiming: OnBootPhase_500_com.android.server.pm.DataLoaderManagerService
04-15 16:16:42.771 534 534 V SystemServerTiming: OnBootPhase_500_com.android.server.pm.DataLoaderManagerService took to complete: 0ms
04-15 16:16:42.771 534 534 D SystemServerTiming: OnBootPhase_500_com.android.server.power.PowerManagerService
04-15 16:16:42.776 534 534 I AttentionDetector: readValuesFromDeviceConfig():
04-15 16:16:42.776 534 534 I AttentionDetector: mMaximumExtensionMillis=900000
04-15 16:16:42.776 534 534 I AttentionDetector: mPreDimCheckDurationMillis=2000
04-15 16:16:42.776 534 534 I AttentionDetector: mRequestedPostDimTimeoutMillis=0
04-15 16:16:42.795 534 534 W BrightnessThrottler: DeviceConfig ThermalBrightnessThrottlingData is null
04-15 16:16:42.800 534 534 E DisplayPowerController2[0]: failed to set up display white-balance: java.lang.IllegalStateException: cannot find sensor com.google.sensor.color
04-15 16:16:42.800 534 534 W DisplayPowerController2[0]: Screen brightness nits configuration is unavailable; falling back
04-15 16:16:42.812 373 373 I android.hardware.power-service.example: Power isBoostSupported: 0
04-15 16:16:42.834 534 534 I FaceDownDetector: readValuesFromDeviceConfig():
04-15 16:16:42.834 534 534 I FaceDownDetector: mAccelerationThreshold=0.2
04-15 16:16:42.834 534 534 I FaceDownDetector: mZAccelerationThreshold=-9.5
04-15 16:16:42.834 534 534 I FaceDownDetector: mTimeThreshold=PT1S
04-15 16:16:42.834 534 534 I FaceDownDetector: mIsEnabled=true
