04-15 16:14:14.419 1287 1377 I LatinIME:LogUtils: Dictionary info: dictionary = main:de ; version = 54 ; date = 1414726263
04-15 16:14:14.470 1287 1377 I LatinIME:LogUtils: Dictionary info: dictionary = main:en ; version = 54 ; date = 1414726273
04-15 16:14:14.491 1105 1196 I AdapterState: BLE_TURNING_ON : entered
04-15 16:14:14.493 1105 1196 D AdapterProperties: Setting state to BLE_TURNING_ON
04-15 16:14:14.501 1287 1377 I LatinIME:LogUtils: Dictionary info: dictionary = main:es ; version = 54 ; date = 1414726268
04-15 16:14:14.579 1287 1377 I LatinIME:LogUtils: Dictionary info: dictionary = main:fr ; version = 54 ; date = 1414726264
04-15 16:14:14.587 1105 1196 D BluetoothAdapterService: updateAdapterState() - Broadcasting state BLE_TURNING_ON to 1 receivers.
04-15 16:14:14.628 535 645 D BluetoothManagerService: MESSAGE_GET_NAME_AND_ADDRESS
04-15 16:14:14.716 535 535 W binder:535_4: type=1400 audit(0.0:8): avc: denied { getopt } for scontext=u:r:system_server:s0 tcontext=u:r:shell:s0 tclass=unix_stream_socket permissive=0
04-15 16:14:14.736 1287 1377 I LatinIME:LogUtils: Dictionary info: dictionary = main:it ; version = 54 ; date = 1414726258
04-15 16:14:14.820 1105 1196 D AdapterState: Start Timeout Delay: 4000
04-15 16:14:14.821 1105 1196 D BluetoothAdapterService: bleOnProcessStart()
04-15 16:14:14.822 1105 1196 I AdapterProperties: init(), maxConnectedAudioDevices, default=5, propertyOverlayed=5, finalValue=5
04-15 16:14:14.846 1287 1377 I LatinIME:LogUtils: Dictionary info: dictionary = main:ru ; version = 54 ; date = 1414726277
04-15 16:14:14.882 1287 1377 I BinaryDictionaryFileDumper: reinitializeClientRecordInDictionaryContentProvider() : Insert DictionaryInfo : Id = 'main:de' : Locale=de : Version=54
04-15 16:14:14.909 535 956 W system_server: Long monitor contention with owner android.perm (874) at boolean com.android.server.am.ActivityManagerService.unbindService(android.app.IServiceConnection)(ActivityManagerService.java:13426) waiters=3 in void com.android.server.am.ActivityManagerService.unbindFinished(android.os.IBinder, android.content.Intent, boolean) for 1.037s
04-15 16:14:14.920 535 535 W binder:535_4: type=1400 audit(0.0:9): avc: denied { getopt } for scontext=u:r:system_server:s0 tcontext=u:r:shell:s0 tclass=unix_stream_socket permissive=0
04-15 16:14:14.928 535 535 W binder:535_4: type=1400 audit(0.0:10): avc: denied { getopt } for scontext=u:r:system_server:s0 tcontext=u:r:shell:s0 tclass=unix_stream_socket permissive=0
04-15 16:14:15.319 535 959 W system_server: Long monitor contention with owner android.perm (874) at boolean com.android.server.am.ActivityManagerService.unbindService(android.app.IServiceConnection)(ActivityManagerService.java:13426) waiters=4 in android.content.Intent com.android.server.am.ActivityManagerService.registerReceiverWithFeature(android.app.IApplicationThread, java.lang.String, java.lang.String, java.lang.String, android.content.IIntentReceiver, android.content.IntentFilter, java.lang.String, int, int) for 1.439s
04-15 16:14:15.372 1385 1385 I abb : StartCommandInProcess(7061636b61676500696e7374616c6c00 package.install. [truncated])
04-15 16:14:15.378 893 893 V SystemUIBootTiming: StartServices com.android.systemui.globalactions.GlobalActionsComponent took to complete: 1975ms
04-15 16:14:15.396 893 893 W SystemUIService: Initialization of com.android.systemui.globalactions.GlobalActionsComponent took 1993 ms
04-15 16:14:15.426 893 893 V SystemUIBootTiming: StartServices com.android.systemui.keyboard.KeyboardUI took to complete: 9ms
04-15 16:14:15.476 1134 1142 I m.android.phone: Background concurrent copying GC freed 119651(4737KB) AllocSpace objects, 15(660KB) LOS objects, 49% free, 2429KB/4859KB, paused 147us,52us total 1.864s
04-15 16:14:15.495 1134 1144 W System : A resource failed to call AbstractCursor.close.
04-15 16:14:15.495 1134 1144 W System : A resource failed to call AbstractCursor.close.
04-15 16:14:15.519 535 1354 D CompatibilityChangeReporter: Compat change id reported: 229362273; UID 10109; state: DISABLED
04-15 16:14:15.521 535 957 D WifiNl80211Manager: Scan result ready event
04-15 16:14:15.526 535 957 D WifiNative: Scan result ready event
04-15 16:14:15.563 1134 1134 D SharedPreferencesImpl: Time required to fsync /data/user_de/0/com.android.phone/shared_prefs/pinstorage_prefs.xml: [<1: 0, <2: 0, <4: 0, <8: 0, <16: 0, <32: 0, <64: 0, <128: 0, <256: 0, <512: 1, <1024: 0, <2048: 0, <4096: 0, <8192: 0, <16384: 0, >=16384: 0]
04-15 16:14:15.623 535 1406 D ActivityManager: created ANR temporary file:/data/anr/temp_anr_293141711584999074.txt
04-15 16:14:15.668 1287 1377 I BinaryDictionaryFileDumper: reinitializeClientRecordInDictionaryContentProvider() : Insert DictionaryInfo : Id = 'main:en' : Locale=en : Version=54
04-15 16:14:15.684 535 1406 I ActivityManager: Collecting stacks for pid 535 into temporary file temp_anr_293141711584999074.txt
04-15 16:14:15.752 893 910 D BluetoothAdapter: onBluetoothServiceUp: android.bluetooth.IBluetooth$Stub$Proxy@bbe0ca3
04-15 16:14:15.761 535 1393 I ActivityManager: dumpStackTraces pids={900=true, 1105=true, 1139=true, 1187=true, 1287=true, 1306=true}
04-15 16:14:15.816 535 645 D BluetoothManagerService: Stored Bluetooth name: Android SDK built for x86_64
04-15 16:14:15.817 535 645 D BluetoothManagerService: MESSAGE_BLUETOOTH_STATE_CHANGE: OFF > BLE_TURNING_ON
04-15 16:14:15.818 535 645 D BluetoothManagerService: Sending BLE State Change: OFF > BLE_TURNING_ON
04-15 16:14:15.820 535 645 W BroadcastLoopers: Found previously unknown looper Thread[BluetoothManagerService,5,main]
04-15 16:14:15.840 193 193 I tombstoned: received crash request for pid 893
04-15 16:14:15.841 193 193 I tombstoned: found intercept fd 512 for pid 893 and type kDebuggerdJavaBacktrace
04-15 16:14:15.842 893 893 V SystemUIBootTiming: StartServices com.android.systemui.keyboard.PhysicalKeyboardCoreStartable took to complete: 414ms
04-15 16:14:15.845 893 898 I ndroid.systemui: Wrote stack traces to tombstoned
04-15 16:14:15.848 193 193 W tombstoned: skipping tombstone file creation due to intercept
04-15 16:14:15.860 1105 1196 D BluetoothAdapterService: bleOnProcessStart() - Make Bond State Machine
04-15 16:14:15.861 1105 1196 D BluetoothBondStateMachine: make
04-15 16:14:15.933 893 960 W Looper : Slow dispatch took 1960ms BroadcastRunning h=com.android.systemui.broadcast.BroadcastDispatcher$handler$1 c=null m=0
04-15 16:14:15.992 535 1393 I ActivityManager: Dumping to /data/anr/anr_2026-04-15-16-14-15-762
04-15 16:14:16.022 535 535 W system_server: Long monitor contention with owner appscheduling.default (624) at int com.android.server.job.JobSchedulerService.getUidProcState(int)(JobSchedulerService.java:2305) waiters=0 in android.app.job.JobInfo com.android.server.job.JobSchedulerService.getPendingJob(int, java.lang.String, int) for 1.896s
04-15 16:14:16.023 535 535 W Looper : Slow dispatch took 1897ms main h=com.android.providers.settings.SettingsProvider$SettingsRegistry$MyHandler c=null m=2
04-15 16:14:16.038 1287 1377 I BinaryDictionaryFileDumper: reinitializeClientRecordInDictionaryContentProvider() : Insert DictionaryInfo : Id = 'main:es' : Locale=es : Version=54
04-15 16:14:16.078 1287 1377 I BinaryDictionaryFileDumper: reinitializeClientRecordInDictionaryContentProvider() : Insert DictionaryInfo : Id = 'main:fr' : Locale=fr : Version=54
04-15 16:14:16.113 1105 1407 I BluetoothBondStateMachine: StableState(): Entering Off State
04-15 16:14:16.143 535 1392 I system_server: libdebuggerd_client: done dumping process 893
04-15 16:14:16.168 535 547 I system_server: Background young concurrent copying GC freed 269368(12MB) AllocSpace objects, 20(412KB) LOS objects, 35% free, 16MB/26MB, paused 150.589ms,28.579ms total 13.010s
04-15 16:14:16.175 535 1406 I system_server: libdebuggerd_client: started dumping process 535
04-15 16:14:16.177 535 548 W JavaBinder: BinderProxy is being destroyed but the application did not call unlinkToDeath to unlink all of its death recipients beforehand. Releasing leaked death recipient: com.android.server.am.ActivityManagerService$14
04-15 16:14:16.181 193 193 I tombstoned: registered intercept for pid 535 and type kDebuggerdJavaBacktrace
04-15 16:14:16.193 1287 1377 I BinaryDictionaryFileDumper: reinitializeClientRecordInDictionaryContentProvider() : Insert DictionaryInfo : Id = 'main:it' : Locale=it : Version=54
04-15 16:14:16.228 535 548 I BpBinder: onLastStrongRef automatically unlinking death recipients:
04-15 16:14:16.228 535 548 W JavaBinder: BinderProxy is being destroyed but the application did not call unlinkToDeath to unlink all of its death recipients beforehand. Releasing leaked death recipient: com.android.server.am.ActivityManagerService$14
04-15 16:14:16.228 535 548 I BpBinder: onLastStrongRef automatically unlinking death recipients:
04-15 16:14:16.234 535 544 I system_server: Thread[2,tid=544,WaitingInMainSignalCatcherLoop,Thread*=0x78a36ef306f0,peer=0x144c0000,"Signal Catcher"]: reacting to signal 3
04-15 16:14:16.244 535 544 I system_server:
04-15 16:14:16.258 535 557 V PackageManager: reconcileAppsData finished 203 packages
04-15 16:14:16.259 535 557 V SystemServerTiming: reconcileAppsData-0 took to complete: 9862ms
04-15 16:14:16.259 535 557 V SystemServerTiming: UM.onBeforeUnlockUser-0 took to complete: 11657ms
04-15 16:14:16.259 535 557 I ActivityManager: User 0 state changed from RUNNING_LOCKED to RUNNING_UNLOCKING
04-15 16:14:16.261 535 557 D ActivityManager: Unlocking user 0 progress 20
04-15 16:14:16.262 535 567 D SystemServerTimingAsync: ssm.UnlockingUser-0
04-15 16:14:16.262 535 567 I SystemServiceManager: Calling onUnlockingUser 0
04-15 16:14:16.262 535 567 D SystemServerTimingAsync: ssm.onUnlockingUser-0_com.android.server.security.FileIntegrityService
04-15 16:14:16.263 535 567 V SystemServerTimingAsync: ssm.onUnlockingUser-0_com.android.server.security.FileIntegrityService took to complete: 0ms
04-15 16:14:16.263 535 567 D SystemServerTimingAsync: ssm.onUnlockingUser-0_com.android.server.pm.Installer
04-15 16:14:16.263 535 567 V SystemServerTimingAsync: ssm.onUnlockingUser-0_com.android.server.pm.Installer took to complete: 0ms
04-15 16:14:16.263 535 567 D SystemServerTimingAsync: ssm.onUnlockingUser-0_com.android.server.os.DeviceIdentifiersPolicyService
04-15 16:14:16.278 535 567 V SystemServerTimingAsync: ssm.onUnlockingUser-0_com.android.server.os.DeviceIdentifiersPolicyService took to complete: 0ms
04-15 16:14:16.278 535 567 D SystemServerTimingAsync: ssm.onUnlockingUser-0_com.android.server.uri.UriGrantsManagerService$Lifecycle
04-15 16:14:16.278 535 567 V SystemServerTimingAsync: ssm.onUnlockingUser-0_com.android.server.uri.UriGrantsManagerService$Lifecycle took to complete: 0ms
04-15 16:14:16.278 535 567 D SystemServerTimingAsync: ssm.onUnlockingUser-0_com.android.server.powerstats.PowerStatsService
04-15 16:14:16.278 535 567 V SystemServerTimingAsync: ssm.onUnlockingUser-0_com.android.server.powerstats.PowerStatsService took to complete: 0ms
04-15 16:14:16.278 535 567 D SystemServerTimingAsync: ssm.onUnlockingUser-0_com.android.server.permission.access.AccessCheckingService
04-15 16:14:16.278 535 567 V SystemServerTimingAsync: ssm.onUnlockingUser-0_com.android.server.permission.access.AccessCheckingService took to complete: 0ms
04-15 16:14:16.278 535 567 D SystemServerTimingAsync: ssm.onUnlockingUser-0_com.android.server.wm.ActivityTaskManagerService$Lifecycle
04-15 16:14:16.278 535 567 V SystemServerTimingAsync: ssm.onUnlockingUser-0_com.android.server.wm.ActivityTaskManagerService$Lifecycle took to complete: 0ms
04-15 16:14:16.279 535 567 D SystemServerTimingAsync: ssm.onUnlockingUser-0_com.android.server.am.ActivityManagerService$Lifecycle
04-15 16:14:16.279 535 567 V SystemServerTimingAsync: ssm.onUnlockingUser-0_com.android.server.am.ActivityManagerService$Lifecycle took to complete: 0ms
04-15 16:14:16.279 535 567 D SystemServerTimingAsync: ssm.onUnlockingUser-0_com.android.server.pm.DataLoaderManagerService
04-15 16:14:16.279 535 567 V SystemServerTimingAsync: ssm.onUnlockingUser-0_com.android.server.pm.DataLoaderManagerService took to complete: 0ms
04-15 16:14:16.279 535 567 D SystemServerTimingAsync: ssm.onUnlockingUser-0_com.android.server.power.PowerManagerService
04-15 16:14:16.279 535 567 V SystemServerTimingAsync: ssm.onUnlockingUser-0_com.android.server.power.PowerManagerService took to complete: 0ms
04-15 16:14:16.279 535 567 D SystemServerTimingAsync: ssm.onUnlockingUser-0_com.android.server.power.ThermalManagerService
04-15 16:14:16.279 535 567 V SystemServerTimingAsync: ssm.onUnlockingUser-0_com.android.server.power.ThermalManagerService took to complete: 0ms
04-15 16:14:16.279 535 567 D SystemServerTimingAsync: ssm.onUnlockingUser-0_com.android.server.power.hint.HintManagerService
04-15 16:14:16.279 535 567 V SystemServerTimingAsync: ssm.onUnlockingUser-0_com.android.server.power.hint.HintManagerService took to complete: 0ms
04-15 16:14:16.283 535 557 W Looper : Slow dispatch took 11661ms android.fg h=android.os.Handler c=com.android.server.am.UserController$$ExternalSyntheticLambda2@8e0e6a8 m=0
04-15 16:14:16.299 535 1393 I ActivityManager: Collecting stacks for pid 535
04-15 16:14:16.309 535 567 D SystemServerTimingAsync: ssm.onUnlockingUser-0_com.android.server.recoverysystem.RecoverySystemService$Lifecycle
04-15 16:14:16.309 535 567 V SystemServerTimingAsync: ssm.onUnlockingUser-0_com.android.server.recoverysystem.RecoverySystemService$Lifecycle took to complete: 1ms
04-15 16:14:16.310 535 567 D SystemServerTimingAsync: ssm.onUnlockingUser-0_com.android.server.lights.LightsService
04-15 16:14:16.310 535 567 V SystemServerTimingAsync: ssm.onUnlockingUser-0_com.android.server.lights.LightsService took to complete: 0ms
04-15 16:14:16.310 535 567 D SystemServerTimingAsync: ssm.onUnlockingUser-0_com.android.server.display.DisplayManagerService
04-15 16:14:16.310 535 567 V SystemServerTimingAsync: ssm.onUnlockingUser-0_com.android.server.display.DisplayManagerService took to complete: 0ms
04-15 16:14:16.310 535 567 D SystemServerTimingAsync: ssm.onUnlockingUser-0_com.android.server.pm.verify.domain.DomainVerificationService
04-15 16:14:16.310 535 567 V SystemServerTimingAsync: ssm.onUnlockingUser-0_com.android.server.pm.verify.domain.DomainVerificationService took to complete: 0ms
04-15 16:14:16.310 535 567 D SystemServerTimingAsync: ssm.onUnlockingUser-0_com.android.server.pm.PackageInstallerService$Lifecycle
04-15 16:14:16.310 535 567 V SystemServerTimingAsync: ssm.onUnlockingUser-0_com.android.server.pm.PackageInstallerService$Lifecycle took to complete: 0ms
04-15 16:14:16.310 535 567 D SystemServerTimingAsync: ssm.onUnlockingUser-0_com.android.server.pm.UserManagerService$LifeCycle
04-15 16:14:16.310 535 567 V SystemServerTimingAsync: ssm.onUnlockingUser-0_com.android.server.pm.UserManagerService$LifeCycle took to complete: 0ms
04-15 16:14:16.310 535 567 D SystemServerTimingAsync: ssm.onUnlockingUser-0_com.android.server.om.OverlayManagerService
04-15 16:14:16.311 535 567 V SystemServerTimingAsync: ssm.onUnlockingUser-0_com.android.server.om.OverlayManagerService took to complete: 0ms
04-15 16:14:16.311 535 567 D SystemServerTimingAsync: ssm.onUnlockingUser-0_com.android.server.resources.ResourcesManagerService
04-15 16:14:16.311 535 567 V SystemServerTimingAsync: ssm.onUnlockingUser-0_com.android.server.resources.ResourcesManagerService took to complete: 0ms
04-15 16:14:16.311 535 567 D SystemServerTimingAsync: ssm.onUnlockingUser-0_com.android.server.sensorprivacy.SensorPrivacyService
04-15 16:14:16.311 535 567 V SystemServerTimingAsync: ssm.onUnlockingUser-0_com.android.server.sensorprivacy.SensorPrivacyService took to complete: 0ms
04-15 16:14:16.366 535 1393 I system_server: libdebuggerd_client: started dumping process 535
04-15 16:14:16.372 193 193 W tombstoned: pid 535 already intercepted, type 2
04-15 16:14:16.374 535 1393 E system_server: libdebuggerd_client: unexpected registration response: 0
04-15 16:14:16.409 535 567 D SystemServerTimingAsync: ssm.onUnlockingUser-0_com.android.server.sensors.SensorService
04-15 16:14:16.409 535 567 V SystemServerTimingAsync: ssm.onUnlockingUser-0_com.android.server.sensors.SensorService took to complete: 0ms
04-15 16:14:16.410 535 567 D SystemServerTimingAsync: ssm.onUnlockingUser-0_com.android.server.SystemConfigService
04-15 16:14:16.410 535 567 V SystemServerTimingAsync: ssm.onUnlockingUser-0_com.android.server.SystemConfigService took to complete: 0ms
04-15 16:14:16.410 535 567 D SystemServerTimingAsync: ssm.onUnlockingUser-0_com.android.server.BatteryService
04-15 16:14:16.410 535 567 V SystemServerTimingAsync: ssm.onUnlockingUser-0_com.android.server.BatteryService took to complete: 0ms
04-15 16:14:16.410 535 567 D SystemServerTimingAsync: ssm.onUnlockingUser-0_com.android.server.usage.UsageStatsService
04-15 16:14:16.411 535 567 V SystemServerTimingAsync: ssm.onUnlockingUser-0_com.android.server.usage.UsageStatsService took to complete: 0ms
04-15 16:14:16.411 535 567 D SystemServerTimingAsync: ssm.onUnlockingUser-0_com.android.server.webkit.WebViewUpdateService
04-15 16:14:16.411 535 567 V SystemServerTimingAsync: ssm.onUnlockingUser-0_com.android.server.webkit.WebViewUpdateService took to complete: 0ms
04-15 16:14:16.411 535 567 D SystemServerTimingAsync: ssm.onUnlockingUser-0_com.android.server.CachedDeviceStateService
04-15 16:14:16.417 535 567 V SystemServerTimingAsync: ssm.onUnlockingUser-0_com.android.server.CachedDeviceStateService took to complete: 0ms
04-15 16:14:16.418 535 567 D SystemServerTimingAsync: ssm.onUnlockingUser-0_com.android.server.BinderCallsStatsService$LifeCycle
04-15 16:14:16.418 535 567 V SystemServerTimingAsync: ssm.onUnlockingUser-0_com.android.server.BinderCallsStatsService$LifeCycle took to complete: 0ms
04-15 16:14:16.418 535 567 D SystemServerTimingAsync: ssm.onUnlockingUser-0_com.android.server.LooperStatsService$Lifecycle
04-15 16:14:16.418 535 567 V SystemServerTimingAsync: ssm.onUnlockingUser-0_com.android.server.LooperStatsService$Lifecycle took to complete: 0ms
04-15 16:14:16.419 535 567 D SystemServerTimingAsync: ssm.onUnlockingUser-0_com.android.server.rollback.RollbackManagerService
04-15 16:14:16.438 535 557 W Looper : Slow dispatch took 155ms android.fg h=android.os.Handler c=com.android.server.location.injector.SystemAppForegroundHelper$$ExternalSyntheticLambda1@7b1c554 m=0
04-15 16:14:16.649 893 1413 D MediaCodecList: codecHandlesFormat: no format, so no extra checks
04-15 16:14:16.713 893 1415 D CCodec : allocate(c2.android.vorbis.decoder)
04-15 16:14:16.815 893 1415 I Codec2Client: Available Codec2 services: "default" "software"
04-15 16:14:16.839 893 1415 I CCodec : setting up 'default' as default (vendor) store
04-15 16:14:16.997 893 1415 I CCodec : Created component [c2.android.vorbis.decoder]
04-15 16:14:16.999 893 1415 D CCodecConfig: read media type: audio/vorbis
04-15 16:14:17.036 893 1415 D ReflectedParamUpdater: extent() != 1 for single value type: algo.buffers.max-count.values
04-15 16:14:17.048 893 1415 D ReflectedParamUpdater: extent() != 1 for single value type: output.subscribed-indices.values
04-15 16:14:17.055 893 1415 D ReflectedParamUpdater: extent() != 1 for single value type: input.buffers.allocator-ids.values
04-15 16:14:17.060 893 1415 D ReflectedParamUpdater: extent() != 1 for single value type: output.buffers.allocator-ids.values
04-15 16:14:17.064 893 1415 D ReflectedParamUpdater: extent() != 1 for single value type: algo.buffers.allocator-ids.values
04-15 16:14:17.071 893 1415 D ReflectedParamUpdater: extent() != 1 for single value type: output.buffers.pool-ids.values
04-15 16:14:17.073 893 1415 D ReflectedParamUpdater: extent() != 1 for single value type: algo.buffers.pool-ids.values
04-15 16:14:17.112 893 1415 I CCodecConfig: query failed after returning 7 values (BAD_INDEX)
04-15 16:14:17.113 893 1415 D CCodecConfig: c2 config diff is Dict {
04-15 16:14:17.113 893 1415 D CCodecConfig: c2::u32 coded.bitrate.value = 64000
04-15 16:14:17.113 893 1415 D CCodecConfig: c2::u32 input.buffers.max-size.value = 32768
04-15 16:14:17.113 893 1415 D CCodecConfig: c2::u32 input.delay.value = 0
04-15 16:14:17.113 893 1415 D CCodecConfig: string input.media-type.value = "audio/vorbis"
04-15 16:14:17.113 893 1415 D CCodecConfig: string output.media-type.value = "audio/raw"
04-15 16:14:17.113 893 1415 D CCodecConfig: c2::u32 raw.channel-count.value = 1
04-15 16:14:17.113 893 1415 D CCodecConfig: c2::u32 raw.sample-rate.value = 48000
04-15 16:14:17.113 893 1415 D CCodecConfig: }
04-15 16:14:17.152 893 1415 D MediaCodec: flushMediametrics
04-15 16:14:17.153 893 1415 D CCodec : [c2.android.vorbis.decoder] buffers are bound to CCodec for this session
04-15 16:14:17.154 893 1415 D CCodecConfig: no c2 equivalents for durationUs
04-15 16:14:17.154 893 1415 D CCodecConfig: no c2 equivalents for track-id
04-15 16:14:17.154 893 1415 D CCodecConfig: no c2 equivalents for csd-1
04-15 16:14:17.154 893 1415 D CCodecConfig: no c2 equivalents for flags
04-15 16:14:17.181 893 1415 D CCodecConfig: c2 config diff is c2::u32 coded.bitrate.value = 160000
04-15 16:14:17.181 893 1415 D CCodecConfig: c2::u32 raw.channel-count.value = 2
04-15 16:14:17.181 893 1415 D CCodecConfig: c2::u32 raw.sample-rate.value = 44100
04-15 16:14:17.183 893 1415 W Codec2Client: query -- param skipped: index = 1107298332.
04-15 16:14:17.183 893 1415 D CCodec : encoding statistics level = 0
04-15 16:14:17.188 893 1415 D CCodec : setup formats input: AMessage(what = 0x00000000) = {
04-15 16:14:17.188 893 1415 D CCodec : int32_t bitrate = 160000
04-15 16:14:17.188 893 1415 D CCodec : int32_t channel-count = 2
04-15 16:14:17.188 893 1415 D CCodec : int32_t max-input-size = 32768
04-15 16:14:17.188 893 1415 D CCodec : string mime = "audio/vorbis"
04-15 16:14:17.188 893 1415 D CCodec : int32_t sample-rate = 44100
04-15 16:14:17.188 893 1415 D CCodec : }
04-15 16:14:17.188 893 1415 D CCodec : setup formats output: AMessage(what = 0x00000000) = {
04-15 16:14:17.188 893 1415 D CCodec : int32_t channel-count = 2
04-15 16:14:17.188 893 1415 D CCodec : string mime = "audio/raw"
04-15 16:14:17.188 893 1415 D CCodec : int32_t sample-rate = 44100
04-15 16:14:17.188 893 1415 D CCodec : int32_t channel-mask = 3
04-15 16:14:17.188 893 1415 D CCodec : int32_t android._config-pcm-encoding = 2
04-15 16:14:17.188 893 1415 D CCodec : }
04-15 16:14:17.213 893 1415 I CCodecConfig: query failed after returning 7 values (BAD_INDEX)
04-15 16:14:17.241 893 1415 W Codec2Client: query -- param skipped: index = 1342179345.
04-15 16:14:17.241 893 1415 W Codec2Client: query -- param skipped: index = 2415921170.
04-15 16:14:17.242 893 1415 D C2Store : Using DMABUF Heaps
04-15 16:14:17.270 535 560 I InputManager: Enabling motion classifier because user switched: feature enabled, long press timeout = 400
04-15 16:14:17.271 535 560 I InputProcessor: Enabling motion classifier
04-15 16:14:17.285 535 1424 I InputProcessor: HAL android.hardware.input.processor.IInputProcessor/default is not declared
04-15 16:14:17.293 0 0 I servicemanager: Could not find android.hardware.input.processor.IInputProcessor/default in the VINTF manifest.
04-15 16:14:17.309 535 567 W SystemServiceManager: Service com.android.server.rollback.RollbackManagerService took 890 ms in onUnlockingUser-0
04-15 16:14:17.309 535 567 V SystemServerTimingAsync: ssm.onUnlockingUser-0_com.android.server.rollback.RollbackManagerService took to complete: 890ms
04-15 16:14:17.309 535 567 D SystemServerTimingAsync: ssm.onUnlockingUser-0_com.android.server.os.NativeTombstoneManagerService
04-15 16:14:17.309 535 567 V SystemServerTimingAsync: ssm.onUnlockingUser-0_com.android.server.os.NativeTombstoneManagerService took to complete: 1ms
04-15 16:14:17.310 535 567 D SystemServerTimingAsync: ssm.onUnlockingUser-0_com.android.server.os.BugreportManagerService
04-15 16:14:17.310 535 567 V SystemServerTimingAsync: ssm.onUnlockingUser-0_com.android.server.os.BugreportManagerService took to complete: 0ms
04-15 16:14:17.310 535 567 D SystemServerTimingAsync: ssm.onUnlockingUser-0_com.android.server.gpu.GpuService
04-15 16:14:17.310 535 567 V SystemServerTimingAsync: ssm.onUnlockingUser-0_com.android.server.gpu.GpuService took to complete: 0ms
04-15 16:14:17.310 535 567 D SystemServerTimingAsync: ssm.onUnlockingUser-0_com.android.server.security.rkp.RemoteProvisioningService
04-15 16:14:17.310 535 567 V SystemServerTimingAsync: ssm.onUnlockingUser-0_com.android.server.security.rkp.RemoteProvisioningService took to complete: 0ms
04-15 16:14:17.310 535 567 D SystemServerTimingAsync: ssm.onUnlockingUser-0_com.android.server.cpu.CpuMonitorService
04-15 16:14:17.310 535 567 V SystemServerTimingAsync: ssm.onUnlockingUser-0_com.android.server.cpu.CpuMonitorService took to complete: 0ms
04-15 16:14:17.310 535 567 D SystemServerTimingAsync: ssm.onUnlockingUser-0_com.android.server.security.KeyChainSystemService
04-15 16:14:17.310 535 567 V SystemServerTimingAsync: ssm.onUnlockingUser-0_com.android.server.security.KeyChainSystemService took to complete: 0ms
04-15 16:14:17.310 535 567 D SystemServerTimingAsync: ssm.onUnlockingUser-0_com.android.server.BinaryTransparencyService
04-15 16:14:17.310 535 567 V SystemServerTimingAsync: ssm.onUnlockingUser-0_com.android.server.BinaryTransparencyService took to complete: 0ms
04-15 16:14:17.311 535 567 D SystemServerTimingAsync: ssm.onUnlockingUser-0_com.android.server.telecom.TelecomLoaderService
04-15 16:14:17.311 535 567 V SystemServerTimingAsync: ssm.onUnlockingUser-0_com.android.server.telecom.TelecomLoaderService took to complete: 0ms
04-15 16:14:17.311 535 567 D SystemServerTimingAsync: ssm.onUnlockingUser-0_com.android.server.accounts.AccountManagerService$Lifecycle
04-15 16:14:17.311 535 567 V SystemServerTimingAsync: ssm.onUnlockingUser-0_com.android.server.accounts.AccountManagerService$Lifecycle took to complete: 0ms
04-15 16:14:17.311 535 567 D SystemServerTimingAsync: ssm.onUnlockingUser-0_com.android.server.content.ContentService$Lifecycle
04-15 16:14:17.311 535 567 V SystemServerTimingAsync: ssm.onUnlockingUser-0_com.android.server.content.ContentService$Lifecycle took to complete: 0ms
04-15 16:14:17.311 535 567 D SystemServerTimingAsync: ssm.onUnlockingUser-0_com.android.server.deviceconfig.DeviceConfigInit$Lifecycle
04-15 16:14:17.328 893 1415 D CCodecBufferChannel: [c2.android.vorbis.decoder#605] Created input block pool with allocatorID 16 => poolID 17 - OK (0)
04-15 16:14:17.352 0 0 I apexd : destroyCeSnapshotsNotSpecified() received by ApexService user_id : 0 retain_rollback_ids : []
04-15 16:14:17.377 535 567 V SystemServerTimingAsync: ssm.onUnlockingUser-0_com.android.server.deviceconfig.DeviceConfigInit$Lifecycle took to complete: 65ms
04-15 16:14:17.377 535 567 D SystemServerTimingAsync: ssm.onUnlockingUser-0_com.android.server.DropBoxManagerService
04-15 16:14:17.378 535 567 V SystemServerTimingAsync: ssm.onUnlockingUser-0_com.android.server.DropBoxManagerService took to complete: 0ms
04-15 16:14:17.378 535 567 D SystemServerTimingAsync: ssm.onUnlockingUser-0_com.android.role.RoleService
04-15 16:14:17.378 535 567 V SystemServerTimingAsync: ssm.onUnlockingUser-0_com.android.role.RoleService took to complete: 0ms
04-15 16:14:17.378 535 567 D SystemServerTimingAsync: ssm.onUnlockingUser-0_com.android.server.vibrator.VibratorManagerService$Lifecycle
04-15 16:14:17.378 535 567 V SystemServerTimingAsync: ssm.onUnlockingUser-0_com.android.server.vibrator.VibratorManagerService$Lifecycle took to complete: 0ms
04-15 16:14:17.378 535 567 D SystemServerTimingAsync: ssm.onUnlockingUser-0_com.android.server.tare.InternalResourceService
04-15 16:14:17.378 535 567 V SystemServerTimingAsync: ssm.onUnlockingUser-0_com.android.server.tare.InternalResourceService took to complete: 0ms
04-15 16:14:17.378 535 567 D SystemServerTimingAsync: ssm.onUnlockingUser-0_com.android.server.alarm.AlarmManagerService
04-15 16:14:17.378 535 567 V SystemServerTimingAsync: ssm.onUnlockingUser-0_com.android.server.alarm.AlarmManagerService took to complete: 0ms
04-15 16:14:17.378 535 567 D SystemServerTimingAsync: ssm.onUnlockingUser-0_com.android.server.devicestate.DeviceStateManagerService
04-15 16:14:17.378 535 567 V SystemServerTimingAsync: ssm.onUnlockingUser-0_com.android.server.devicestate.DeviceStateManagerService took to complete: 0ms
04-15 16:14:17.378 535 567 D SystemServerTimingAsync: ssm.onUnlockingUser-0_com.android.server.camera.CameraServiceProxy
04-15 16:14:17.379 535 567 V SystemServerTimingAsync: ssm.onUnlockingUser-0_com.android.server.camera.CameraServiceProxy took to complete: 0ms
04-15 16:14:17.379 535 567 D SystemServerTimingAsync: ssm.onUnlockingUser-0_com.android.server.bluetooth.BluetoothService
04-15 16:14:17.379 535 567 D BluetoothManagerService: User UserHandle{0} unlocked
04-15 16:14:17.410 535 647 D BufferPoolAccessor2.0: bufferpool2 0x78a4def450f8 : 0(0 size) total buffers - 0(0 size) used buffers - 2/7 (recycle/alloc) - 5/24 (fetch/transfer)
04-15 16:14:17.428 535 977 D BufferPoolAccessor2.0: bufferpool2 0x78a4def551a8 : 0(0 size) total buffers - 0(0 size) used buffers - 2/7 (recycle/alloc) - 5/34 (fetch/transfer)
04-15 16:14:17.429 535 991 D BufferPoolAccessor2.0: bufferpool2 0x78a4def46378 : 0(0 size) total buffers - 0(0 size) used buffers - 2/7 (recycle/alloc) - 5/18 (fetch/transfer)
04-15 16:14:17.433 535 647 D BufferPoolAccessor2.0: Destruction - bufferpool2 0x78a4def450f8 cached: 0/0M, 0/0% in use; allocs: 7, 29% recycled; transfers: 24, 79% unfetched
04-15 16:14:17.449 535 977 D BufferPoolAccessor2.0: Destruction - bufferpool2 0x78a4def551a8 cached: 0/0M, 0/0% in use; allocs: 7, 29% recycled; transfers: 34, 85% unfetched
04-15 16:14:17.450 535 991 D BufferPoolAccessor2.0: Destruction - bufferpool2 0x78a4def46378 cached: 0/0M, 0/0% in use; allocs: 7, 29% recycled; transfers: 18, 72% unfetched
04-15 16:14:17.451 535 977 D BufferPoolAccessor2.0: bufferpool2 0x78a4def51c78 : 0(0 size) total buffers - 0(0 size) used buffers - 1/7 (recycle/alloc) - 6/34 (fetch/transfer)
04-15 16:14:17.456 535 977 D BufferPoolAccessor2.0: Destruction - bufferpool2 0x78a4def51c78 cached: 0/0M, 0/0% in use; allocs: 7, 14% recycled; transfers: 34, 82% unfetched
04-15 16:14:17.457 535 991 D BufferPoolAccessor2.0: bufferpool2 0x78a4def53838 : 0(0 size) total buffers - 0(0 size) used buffers - 2/7 (recycle/alloc) - 5/24 (fetch/transfer)
04-15 16:14:17.457 535 991 D BufferPoolAccessor2.0: Destruction - bufferpool2 0x78a4def53838 cached: 0/0M, 0/0% in use; allocs: 7, 29% recycled; transfers: 24, 79% unfetched
04-15 16:14:17.460 535 991 D BufferPoolAccessor2.0: bufferpool2 0x78a4def465c8 : 0(0 size) total buffers - 0(0 size) used buffers - 2/7 (recycle/alloc) - 5/26 (fetch/transfer)
04-15 16:14:17.460 535 991 D BufferPoolAccessor2.0: Destruction - bufferpool2 0x78a4def465c8 cached: 0/0M, 0/0% in use; allocs: 7, 29% recycled; transfers: 26, 81% unfetched
04-15 16:14:17.503 893 1415 I CCodecBufferChannel: [c2.android.vorbis.decoder#605] Created output block pool with allocatorID 16 => poolID 23 - OK
04-15 16:14:17.544 893 1415 D CCodecBufferChannel: [c2.android.vorbis.decoder#605] Configured output block pool ids 23 => OK
04-15 16:14:17.563 893 1415 I DMABUFHEAPS: Using DMA-BUF heap named: system
04-15 16:14:17.673 459 1423 D SimpleC2Component: Using output block pool with poolID 23 => got 23 - 0
04-15 16:14:17.861 535 567 W SystemServiceManager: Service com.android.server.bluetooth.BluetoothService took 482 ms in onUnlockingUser-0
04-15 16:14:17.862 535 567 V SystemServerTimingAsync: ssm.onUnlockingUser-0_com.android.server.bluetooth.BluetoothService took to complete: 483ms
04-15 16:14:17.862 535 567 D SystemServerTimingAsync: ssm.onUnlockingUser-0_com.android.server.connectivity.IpConnectivityMetrics
04-15 16:14:17.863 535 567 V SystemServerTimingAsync: ssm.onUnlockingUser-0_com.android.server.connectivity.IpConnectivityMetrics took to complete: 0ms
04-15 16:14:17.863 535 567 D SystemServerTimingAsync: ssm.onUnlockingUser-0_com.android.server.net.watchlist.NetworkWatchlistService$Lifecycle
04-15 16:14:17.863 535 567 V SystemServerTimingAsync: ssm.onUnlockingUser-0_com.android.server.net.watchlist.NetworkWatchlistService$Lifecycle took to complete: 0ms
04-15 16:14:17.863 535 567 D SystemServerTimingAsync: ssm.onUnlockingUser-0_com.android.server.PinnerService
04-15 16:14:17.863 535 567 V SystemServerTimingAsync: ssm.onUnlockingUser-0_com.android.server.PinnerService took to complete: 0ms
04-15 16:14:17.863 535 567 D SystemServerTimingAsync: ssm.onUnlockingUser-0_com.android.server.integrity.AppIntegrityManagerService
04-15 16:14:17.877 535 567 V SystemServerTimingAsync: ssm.onUnlockingUser-0_com.android.server.integrity.AppIntegrityManagerService took to complete: 0ms
04-15 16:14:17.877 535 567 D SystemServerTimingAsync: ssm.onUnlockingUser-0_com.android.server.logcat.LogcatManagerService
04-15 16:14:17.877 535 567 V SystemServerTimingAsync: ssm.onUnlockingUser-0_com.android.server.logcat.LogcatManagerService took to complete: 0ms
04-15 16:14:17.877 535 567 D SystemServerTimingAsync: ssm.onUnlockingUser-0_com.android.server.inputmethod.InputMethodManagerService$Lifecycle
04-15 16:14:17.877 535 567 V SystemServerTimingAsync: ssm.onUnlockingUser-0_com.android.server.inputmethod.InputMethodManagerService$Lifecycle took to complete: 0ms
04-15 16:14:17.877 535 567 D SystemServerTimingAsync: ssm.onUnlockingUser-0_com.android.server.accessibility.AccessibilityManagerService$Lifecycle
04-15 16:14:17.877 535 567 V SystemServerTimingAsync: ssm.onUnlockingUser-0_com.android.server.accessibility.AccessibilityManagerService$Lifecycle took to complete: 0ms
04-15 16:14:17.877 535 567 D SystemServerTimingAsync: ssm.onUnlockingUser-0_com.android.server.StorageManagerService$Lifecycle
04-15 16:14:17.878 535 567 D StorageManagerService: onUnlockUser 0
04-15 16:14:17.878 535 567 I StorageSessionController: On user unlock 0
04-15 16:14:17.878 535 567 I StorageSessionController: Initialialising...
04-15 16:14:18.068 535 608 W system_server: Long monitor contention with owner android.io (559) at java.lang.Boolean com.android.server.pm.PackageInstallerService.lambda$new$0()(PackageInstallerService.java:277) waiters=0 in com.android.server.pm.PackageInstallerSession com.android.server.pm.PackageInstallerService.getSession(int) for 691ms
04-15 16:14:18.358 535 624 W JobServiceContext: Timed out while trying to bind for 5011ab2 #1000/237039804 android/com.android.server.notification.NotificationHistoryJobService
04-15 16:14:18.765 141 141 I vold : onUserStarted: 0
04-15 16:14:19.105 535 567 W SystemServiceManager: Service com.android.server.StorageManagerService$Lifecycle took 1227 ms in onUnlockingUser-0
04-15 16:14:20.562 0 0 W healthd : battery l=100 v=5000 t=25.0 h=2 st=2 c=900000 fc=3000000 cc=10 chg=a
04-15 16:14:20.569 535 567 V SystemServerTimingAsync: ssm.onUnlockingUser-0_com.android.server.StorageManagerService$Lifecycle took to complete: 2691ms
04-15 16:14:20.725 535 567 D SystemServerTimingAsync: ssm.onUnlockingUser-0_com.android.server.usage.StorageStatsService$Lifecycle
04-15 16:14:20.726 535 567 V SystemServerTimingAsync: ssm.onUnlockingUser-0_com.android.server.usage.StorageStatsService$Lifecycle took to complete: 0ms
04-15 16:14:20.760 535 567 D SystemServerTimingAsync: ssm.onUnlockingUser-0_com.android.server.UiModeManagerService
04-15 16:14:20.761 535 567 V SystemServerTimingAsync: ssm.onUnlockingUser-0_com.android.server.UiModeManagerService took to complete: 0ms
04-15 16:14:20.764 535 567 D SystemServerTimingAsync: ssm.onUnlockingUser-0_com.android.server.locales.LocaleManagerService
04-15 16:14:20.765 535 567 V SystemServerTimingAsync: ssm.onUnlockingUser-0_com.android.server.locales.LocaleManagerService took to complete: 0ms
04-15 16:14:20.765 535 567 D SystemServerTimingAsync: ssm.onUnlockingUser-0_com.android.server.grammaticalinflection.GrammaticalInflectionService
04-15 16:14:20.766 535 567 V SystemServerTimingAsync: ssm.onUnlockingUser-0_com.android.server.grammaticalinflection.GrammaticalInflectionService took to complete: 0ms
04-15 16:14:20.766 535 567 D SystemServerTimingAsync: ssm.onUnlockingUser-0_com.android.server.apphibernation.AppHibernationService
04-15 16:14:20.768 535 609 V StorageManagerService: Found primary storage at VolumeInfo{emulated;0}:
04-15 16:14:20.768 535 609 V StorageManagerService: type=EMULATED diskId=null partGuid= mountFlags=0 mountUserId=0
04-15 16:14:20.768 535 609 V StorageManagerService: state=UNMOUNTED
04-15 16:14:20.768 535 609 V StorageManagerService: fsType=null fsUuid=null fsLabel=null
04-15 16:14:20.768 535 609 V StorageManagerService: path=null internalPath=null
04-15 16:14:20.791 535 567 V SystemServerTimingAsync: ssm.onUnlockingUser-0_com.android.server.apphibernation.AppHibernationService took to complete: 24ms
04-15 16:14:20.797 535 567 D SystemServerTimingAsync: ssm.onUnlockingUser-0_com.android.server.locksettings.LockSettingsService$Lifecycle
04-15 16:14:20.868 535 567 W SystemServiceManager: Service com.android.server.locksettings.LockSettingsService$Lifecycle took 70 ms in onUnlockingUser-0
04-15 16:14:20.870 535 567 V SystemServerTimingAsync: ssm.onUnlockingUser-0_com.android.server.locksettings.LockSettingsService$Lifecycle took to complete: 72ms
04-15 16:14:20.871 535 567 D SystemServerTimingAsync: ssm.onUnlockingUser-0_com.android.server.testharness.TestHarnessModeService
04-15 16:14:20.871 535 567 V SystemServerTimingAsync: ssm.onUnlockingUser-0_com.android.server.testharness.TestHarnessModeService took to complete: 0ms
04-15 16:14:20.914 535 567 D SystemServerTimingAsync: ssm.onUnlockingUser-0_com.android.server.DeviceIdleController
04-15 16:14:20.915 535 567 V SystemServerTimingAsync: ssm.onUnlockingUser-0_com.android.server.DeviceIdleController took to complete: 0ms
04-15 16:14:20.930 535 567 D SystemServerTimingAsync: ssm.onUnlockingUser-0_com.android.server.devicepolicy.DevicePolicyManagerService$Lifecycle
04-15 16:14:20.944 535 804 D LockSettingsService: Hiding encryption notification for user 0
04-15 16:14:20.951 535 567 V SystemServerTimingAsync: ssm.onUnlockingUser-0_com.android.server.devicepolicy.DevicePolicyManagerService$Lifecycle took to complete: 20ms
04-15 16:14:20.951 535 567 D SystemServerTimingAsync: ssm.onUnlockingUser-0_com.android.server.texttospeech.TextToSpeechManagerService
04-15 16:14:20.954 535 567 V SystemServerTimingAsync: ssm.onUnlockingUser-0_com.android.server.texttospeech.TextToSpeechManagerService took to complete: 3ms
04-15 16:14:20.954 535 567 D SystemServerTimingAsync: ssm.onUnlockingUser-0_com.android.server.ambientcontext.AmbientContextManagerService
04-15 16:14:20.954 535 567 I AmbientContextManagerService: serviceNames sent in newServiceListLocked is null, or empty
04-15 16:14:20.954 535 567 V SystemServerTimingAsync: ssm.onUnlockingUser-0_com.android.server.ambientcontext.AmbientContextManagerService took to complete: 0ms
04-15 16:14:20.954 535 567 D SystemServerTimingAsync: ssm.onUnlockingUser-0_com.android.server.wearable.WearableSensingManagerService
04-15 16:14:20.955 535 567 D WearableSensingManagerService: onServiceRemoved
04-15 16:14:20.955 535 567 D WearableSensingManagerPerUserService: Trying to cancel the remote request. Reason: Service destroyed.
04-15 16:14:20.962 535 567 V SystemServerTimingAsync: ssm.onUnlockingUser-0_com.android.server.wearable.WearableSensingManagerService took to complete: 0ms
04-15 16:14:20.975 535 567 D SystemServerTimingAsync: ssm.onUnlockingUser-0_com.android.server.speech.SpeechRecognitionManagerService
04-15 16:14:20.977 535 567 V SystemServerTimingAsync: ssm.onUnlockingUser-0_com.android.server.speech.SpeechRecognitionManagerService took to complete: 2ms
04-15 16:14:20.977 535 567 D SystemServerTimingAsync: ssm.onUnlockingUser-0_com.android.server.searchui.SearchUiManagerService
04-15 16:14:20.993 535 567 V SystemServerTimingAsync: ssm.onUnlockingUser-0_com.android.server.searchui.SearchUiManagerService took to complete: 16ms
04-15 16:14:20.993 535 567 D SystemServerTimingAsync: ssm.onUnlockingUser-0_com.android.server.smartspace.SmartspaceManagerService
04-15 16:14:20.993 535 567 V SystemServerTimingAsync: ssm.onUnlockingUser-0_com.android.server.smartspace.SmartspaceManagerService took to complete: 0ms
04-15 16:14:20.993 535 567 D SystemServerTimingAsync: ssm.onUnlockingUser-0_com.android.server.graphics.fonts.FontManagerService$Lifecycle
04-15 16:14:20.993 535 567 V SystemServerTimingAsync: ssm.onUnlockingUser-0_com.android.server.graphics.fonts.FontManagerService$Lifecycle took to complete: 0ms
04-15 16:14:20.994 535 567 D SystemServerTimingAsync: ssm.onUnlockingUser-0_com.android.server.textservices.TextServicesManagerService$Lifecycle
04-15 16:14:21.029 535 567 V SystemServerTimingAsync: ssm.onUnlockingUser-0_com.android.server.textservices.TextServicesManagerService$Lifecycle took to complete: 35ms
04-15 16:14:21.030 535 567 D SystemServerTimingAsync: ssm.onUnlockingUser-0_com.android.server.textclassifier.TextClassificationManagerService$Lifecycle
04-15 16:14:21.031 535 567 V SystemServerTimingAsync: ssm.onUnlockingUser-0_com.android.server.textclassifier.TextClassificationManagerService$Lifecycle took to complete: 1ms
04-15 16:14:21.032 535 567 D SystemServerTimingAsync: ssm.onUnlockingUser-0_com.android.server.NetworkScoreService$Lifecycle
04-15 16:14:21.033 535 567 V SystemServerTimingAsync: ssm.onUnlockingUser-0_com.android.server.NetworkScoreService$Lifecycle took to complete: 0ms
04-15 16:14:21.033 535 567 D SystemServerTimingAsync: ssm.onUnlockingUser-0_com.android.server.NetworkStatsServiceInitializer
04-15 16:14:21.033 535 567 V SystemServerTimingAsync: ssm.onUnlockingUser-0_com.android.server.NetworkStatsServiceInitializer took to complete: 0ms
04-15 16:14:21.033 535 567 D SystemServerTimingAsync: ssm.onUnlockingUser-0_com.android.server.wifi.WifiService
04-15 16:14:21.033 535 567 D WifiService: Handle user unlock 0
04-15 16:14:21.034 535 567 V SystemServerTimingAsync: ssm.onUnlockingUser-0_com.android.server.wifi.WifiService took to complete: 1ms
04-15 16:14:21.034 535 567 D SystemServerTimingAsync: ssm.onUnlockingUser-0_com.android.server.wifi.scanner.WifiScanningService
04-15 16:14:21.058 0 0 I init : starting service 'idmap2d'...
04-15 16:14:21.088 535 567 W SystemServiceManager: Service com.android.server.wifi.scanner.WifiScanningService took 54 ms in onUnlockingUser-0
04-15 16:14:21.088 535 567 V SystemServerTimingAsync: ssm.onUnlockingUser-0_com.android.server.wifi.scanner.WifiScanningService took to complete: 54ms
04-15 16:14:21.089 535 567 D SystemServerTimingAsync: ssm.onUnlockingUser-0_com.android.server.wifi.p2p.WifiP2pService
04-15 16:14:21.089 535 567 V SystemServerTimingAsync: ssm.onUnlockingUser-0_com.android.server.wifi.p2p.WifiP2pService took to complete: 0ms
04-15 16:14:21.089 535 567 D SystemServerTimingAsync: ssm.onUnlockingUser-0_com.android.server.ConnectivityServiceInitializer
04-15 16:14:21.089 535 567 V SystemServerTimingAsync: ssm.onUnlockingUser-0_com.android.server.ConnectivityServiceInitializer took to complete: 0ms
04-15 16:14:21.089 535 567 D SystemServerTimingAsync: ssm.onUnlockingUser-0_com.android.server.notification.NotificationManagerService
04-15 16:14:21.089 535 567 V SystemServerTimingAsync: ssm.onUnlockingUser-0_com.android.server.notification.NotificationManagerService took to complete: 0ms
04-15 16:14:21.089 535 567 D SystemServerTimingAsync: ssm.onUnlockingUser-0_com.android.server.storage.DeviceStorageMonitorService
04-15 16:14:21.089 535 567 V SystemServerTimingAsync: ssm.onUnlockingUser-0_com.android.server.storage.DeviceStorageMonitorService took to complete: 0ms
04-15 16:14:21.089 535 567 D SystemServerTimingAsync: ssm.onUnlockingUser-0_com.android.server.timedetector.TimeDetectorService$Lifecycle
04-15 16:14:21.089 535 567 V SystemServerTimingAsync: ssm.onUnlockingUser-0_com.android.server.timedetector.TimeDetectorService$Lifecycle took to complete: 0ms
04-15 16:14:21.089 535 567 D SystemServerTimingAsync: ssm.onUnlockingUser-0_com.android.server.location.LocationManagerService$Lifecycle
04-15 16:14:21.089 535 567 V SystemServerTimingAsync: ssm.onUnlockingUser-0_com.android.server.location.LocationManagerService$Lifecycle took to complete: 0ms
04-15 16:14:21.089 535 567 D SystemServerTimingAsync: ssm.onUnlockingUser-0_com.android.server.timezonedetector.TimeZoneDetectorService$Lifecycle
04-15 16:14:21.090 535 567 V SystemServerTimingAsync: ssm.onUnlockingUser-0_com.android.server.timezonedetector.TimeZoneDetectorService$Lifecycle took to complete: 0ms
04-15 16:14:21.090 535 567 D SystemServerTimingAsync: ssm.onUnlockingUser-0_com.android.server.location.altitude.AltitudeService$Lifecycle
04-15 16:14:21.090 535 567 V SystemServerTimingAsync: ssm.onUnlockingUser-0_com.android.server.location.altitude.AltitudeService$Lifecycle took to complete: 0ms
04-15 16:14:21.090 535 567 D SystemServerTimingAsync: ssm.onUnlockingUser-0_com.android.server.timezonedetector.location.LocationTimeZoneManagerService$Lifecycle
04-15 16:14:21.090 535 567 V SystemServerTimingAsync: ssm.onUnlockingUser-0_com.android.server.timezonedetector.location.LocationTimeZoneManagerService$Lifecycle took to complete: 0ms
04-15 16:14:21.090 535 567 D SystemServerTimingAsync: ssm.onUnlockingUser-0_com.android.server.search.SearchManagerService$Lifecycle
04-15 16:14:21.091 535 567 V SystemServerTimingAsync: ssm.onUnlockingUser-0_com.android.server.search.SearchManagerService$Lifecycle took to complete: 1ms
04-15 16:14:21.091 535 567 D SystemServerTimingAsync: ssm.onUnlockingUser-0_com.android.server.wallpaper.WallpaperManagerService$Lifecycle
04-15 16:14:21.091 535 567 V SystemServerTimingAsync: ssm.onUnlockingUser-0_com.android.server.wallpaper.WallpaperManagerService$Lifecycle took to complete: 0ms
04-15 16:14:21.091 535 567 D SystemServerTimingAsync: ssm.onUnlockingUser-0_com.android.server.wallpapereffectsgeneration.WallpaperEffectsGenerationManagerService
04-15 16:14:21.100 535 645 D BluetoothManagerService: MESSAGE_USER_UNLOCKED
04-15 16:14:21.136 0 0 I init : ... started service 'idmap2d' has pid 1481
04-15 16:14:21.136 0 0 I init : Control message: Processed ctl.start for 'idmap2d' from pid: 535 (system_server)
04-15 16:14:21.165 535 657 I StorageManagerService: Mounting volume VolumeInfo{emulated;0}:
04-15 16:14:21.165 535 657 I StorageManagerService: type=EMULATED diskId=null partGuid= mountFlags=PRIMARY|VISIBLE_FOR_WRITE
04-15 16:14:21.165 535 657 I StorageManagerService: mountUserId=0 state=UNMOUNTED
04-15 16:14:21.165 535 657 I StorageManagerService: fsType=null fsUuid=null fsLabel=null
04-15 16:14:21.165 535 657 I StorageManagerService: path=null internalPath=null
04-15 16:14:21.221 1120 1126 I com.android.se: Background concurrent copying GC freed 2463(208KB) AllocSpace objects, 0(0B) LOS objects, 49% free, 1969KB/3939KB, paused 172us,81us total 3.132s
04-15 16:14:21.229 893 893 V SystemUIBootTiming: StartServices com.android.systemui.keyguard.KeyguardViewMediator took to complete: 5386ms
04-15 16:14:21.231 893 893 W SystemUIService: Initialization of com.android.systemui.keyguard.KeyguardViewMediator took 5388 ms
04-15 16:14:21.239 893 893 D ResourceTrimmer: Resource trimmer registered.
04-15 16:14:21.269 535 567 W SystemServiceManager: Service com.android.server.wallpapereffectsgeneration.WallpaperEffectsGenerationManagerService took 178 ms in onUnlockingUser-0
04-15 16:14:21.270 535 567 V SystemServerTimingAsync: ssm.onUnlockingUser-0_com.android.server.wallpapereffectsgeneration.WallpaperEffectsGenerationManagerService took to complete: 179ms
04-15 16:14:21.271 535 567 D SystemServerTimingAsync: ssm.onUnlockingUser-0_com.android.server.audio.AudioService$Lifecycle
04-15 16:14:21.271 535 567 V SystemServerTimingAsync: ssm.onUnlockingUser-0_com.android.server.audio.AudioService$Lifecycle took to complete: 0ms
04-15 16:14:21.274 535 567 D SystemServerTimingAsync: ssm.onUnlockingUser-0_com.android.server.soundtrigger_middleware.SoundTriggerMiddlewareService$Lifecycle
04-15 16:14:21.275 535 567 V SystemServerTimingAsync: ssm.onUnlockingUser-0_com.android.server.soundtrigger_middleware.SoundTriggerMiddlewareService$Lifecycle took to complete: 0ms
04-15 16:14:21.280 535 567 D SystemServerTimingAsync: ssm.onUnlockingUser-0_com.android.server.DockObserver
04-15 16:14:21.281 535 567 V SystemServerTimingAsync: ssm.onUnlockingUser-0_com.android.server.DockObserver took to complete: 0ms
04-15 16:14:21.281 535 567 D SystemServerTimingAsync: ssm.onUnlockingUser-0_com.android.server.midi.MidiService$Lifecycle
04-15 16:14:21.322 141 141 I vold : Mounting emulated fuse volume
04-15 16:14:21.402 141 141 I vold : Bind mounting /data/media to /mnt/pass_through/0/emulated
04-15 16:14:21.547 535 657 I StorageSessionController: On volume mount VolumeInfo{emulated;0}:
04-15 16:14:21.547 535 657 I StorageSessionController: type=EMULATED diskId=null partGuid= mountFlags=PRIMARY|VISIBLE_FOR_WRITE
04-15 16:14:21.547 535 657 I StorageSessionController: mountUserId=0 state=UNMOUNTED
04-15 16:14:21.547 535 657 I StorageSessionController: fsType=null fsUuid=null fsLabel=null
04-15 16:14:21.547 535 657 I StorageSessionController: path=/storage/emulated internalPath=/data/media
04-15 16:14:21.601 1481 1481 I idmap2d : Starting
04-15 16:14:21.623 535 1073 D CompatibilityChangeReporter: Compat change id reported: 124107808; UID 1001; state: ENABLED
04-15 16:14:21.661 535 657 I StorageSessionController: Creating connection for user: 0
04-15 16:14:21.681 535 1293 I HibernationStateDiskStore: No hibernation file on disk for file /data/system_ce/0/hibernation/states
04-15 16:14:21.724 893 1415 D CCodecBufferChannel: [c2.android.vorbis.decoder#605] MediaCodec discarded an unknown buffer
04-15 16:14:21.725 893 1415 D CCodecBufferChannel: [c2.android.vorbis.decoder#605] MediaCodec discarded an unknown buffer
