04-15 16:14:03.505 535 560 D ActivityManagerTiming: OnBootPhase_1000_com.android.server.DockObserver
04-15 16:14:03.505 535 560 V ActivityManagerTiming: OnBootPhase_1000_com.android.server.DockObserver took to complete: 0ms
04-15 16:14:03.505 535 560 D ActivityManagerTiming: OnBootPhase_1000_com.android.server.midi.MidiService$Lifecycle
04-15 16:14:03.506 535 560 V ActivityManagerTiming: OnBootPhase_1000_com.android.server.midi.MidiService$Lifecycle took to complete: 0ms
04-15 16:14:03.506 535 560 D ActivityManagerTiming: OnBootPhase_1000_com.android.server.adb.AdbService$Lifecycle
04-15 16:14:03.506 535 560 V ActivityManagerTiming: OnBootPhase_1000_com.android.server.adb.AdbService$Lifecycle took to complete: 0ms
04-15 16:14:03.506 535 560 D ActivityManagerTiming: OnBootPhase_1000_com.android.server.usb.UsbService$Lifecycle
04-15 16:14:03.507 535 560 V ActivityManagerTiming: OnBootPhase_1000_com.android.server.usb.UsbService$Lifecycle took to complete: 0ms
04-15 16:14:03.507 535 560 D ActivityManagerTiming: OnBootPhase_1000_com.android.server.twilight.TwilightService
04-15 16:14:03.513 535 560 V ActivityManagerTiming: OnBootPhase_1000_com.android.server.twilight.TwilightService took to complete: 6ms
04-15 16:14:03.513 535 560 D ActivityManagerTiming: OnBootPhase_1000_com.android.server.display.color.ColorDisplayService
04-15 16:14:03.513 535 560 V ActivityManagerTiming: OnBootPhase_1000_com.android.server.display.color.ColorDisplayService took to complete: 0ms
04-15 16:14:03.513 535 560 D ActivityManagerTiming: OnBootPhase_1000_com.android.server.job.JobSchedulerService
04-15 16:14:03.513 535 560 V ActivityManagerTiming: OnBootPhase_1000_com.android.server.job.JobSchedulerService took to complete: 0ms
04-15 16:14:03.513 535 560 D ActivityManagerTiming: OnBootPhase_1000_com.android.server.soundtrigger.SoundTriggerService
04-15 16:14:03.513 535 560 D SoundTriggerService: onBootPhase: 1000 : false
04-15 16:14:03.514 535 811 I system_server: IncrementDisableThreadFlip blocked for 80.011ms
04-15 16:14:03.518 535 560 V ActivityManagerTiming: OnBootPhase_1000_com.android.server.soundtrigger.SoundTriggerService took to complete: 5ms
04-15 16:14:03.519 535 560 D ActivityManagerTiming: OnBootPhase_1000_com.android.server.trust.TrustManagerService
04-15 16:14:03.526 535 811 I WifiClientModeImpl: Primary factory MAC address stored in config store: 02:15:b2:00:00:00
04-15 16:14:03.526 535 811 I WifiClientModeImpl: Primary factory MAC address retrieved: 02:15:b2:00:00:00
04-15 16:14:03.540 535 657 I StorageManagerService: Reset vold
04-15 16:14:03.550 893 942 D libEGL : loaded /vendor/lib64/egl/libGLESv1_CM_emulation.so
04-15 16:14:03.555 141 141 I vold : onUserAdded: 0
04-15 16:14:03.593 0 0 I servicemanager: Found android.hardware.radio.data.IRadioData/slot1 in device VINTF manifest.
04-15 16:14:03.607 535 624 D AppStandbyController: Loaded headless system app cache in 593 ms: appIdleEnabled=false
04-15 16:14:03.646 535 557 W Looper : Slow dispatch took 103ms android.fg h=com.android.server.usb.UsbDeviceManager$UsbHandlerLegacy c=null m=4
04-15 16:14:03.673 535 535 W Looper : Slow dispatch took 172ms main h=android.app.ActivityThread$H c=android.app.role.RoleManager$OnRoleHoldersChangedListenerDelegate$$ExternalSyntheticLambda0@aa1e31f m=0
04-15 16:14:03.681 535 560 W SystemServiceManager: Service com.android.server.trust.TrustManagerService took 162 ms in onBootPhase
04-15 16:14:03.681 535 560 V ActivityManagerTiming: OnBootPhase_1000_com.android.server.trust.TrustManagerService took to complete: 162ms
04-15 16:14:03.681 535 560 D ActivityManagerTiming: OnBootPhase_1000_com.android.server.backup.BackupManagerService$Lifecycle
04-15 16:14:03.681 535 560 V ActivityManagerTiming: OnBootPhase_1000_com.android.server.backup.BackupManagerService$Lifecycle took to complete: 0ms
04-15 16:14:03.681 535 560 D ActivityManagerTiming: OnBootPhase_1000_com.android.server.appwidget.AppWidgetService
04-15 16:14:03.681 535 560 V ActivityManagerTiming: OnBootPhase_1000_com.android.server.appwidget.AppWidgetService took to complete: 0ms
04-15 16:14:03.681 535 560 D ActivityManagerTiming: OnBootPhase_1000_com.android.server.voiceinteraction.VoiceInteractionManagerService
04-15 16:14:03.682 535 560 V ActivityManagerTiming: OnBootPhase_1000_com.android.server.voiceinteraction.VoiceInteractionManagerService took to complete: 1ms
04-15 16:14:03.682 535 560 D ActivityManagerTiming: OnBootPhase_1000_com.android.server.GestureLauncherService
04-15 16:14:03.682 535 560 V ActivityManagerTiming: OnBootPhase_1000_com.android.server.GestureLauncherService took to complete: 0ms
04-15 16:14:03.682 535 560 D ActivityManagerTiming: OnBootPhase_1000_com.android.server.SensorNotificationService
04-15 16:14:03.693 535 560 D CompatibilityChangeReporter: Compat change id reported: 168936375; UID 1000; state: ENABLED
04-15 16:14:03.707 1075 1100 I Tethering: USB bcast connected:false configured:false rndis:false ncm:false
04-15 16:14:03.746 0 0 I servicemanager: Found android.hardware.radio.messaging.IRadioMessaging/slot1 in device VINTF manifest.
04-15 16:14:03.764 0 0 I servicemanager: Found android.hardware.radio.network.IRadioNetwork/slot1 in device VINTF manifest.
04-15 16:14:03.770 535 560 D CompatibilityChangeReporter: Compat change id reported: 73144566; UID 1000; state: ENABLED
04-15 16:14:03.787 535 560 W SystemServiceManager: Service com.android.server.SensorNotificationService took 105 ms in onBootPhase
04-15 16:14:03.789 535 560 V ActivityManagerTiming: OnBootPhase_1000_com.android.server.SensorNotificationService took to complete: 106ms
04-15 16:14:03.789 535 560 D ActivityManagerTiming: OnBootPhase_1000_com.android.server.emergency.EmergencyAffordanceService
04-15 16:14:03.792 535 560 V ActivityManagerTiming: OnBootPhase_1000_com.android.server.emergency.EmergencyAffordanceService took to complete: 0ms
04-15 16:14:03.793 535 560 D ActivityManagerTiming: OnBootPhase_1000_com.android.server.blob.BlobStoreManagerService
04-15 16:14:03.826 535 560 V ActivityManagerTiming: OnBootPhase_1000_com.android.server.blob.BlobStoreManagerService took to complete: 23ms
04-15 16:14:03.827 535 560 D ActivityManagerTiming: OnBootPhase_1000_com.android.server.dreams.DreamManagerService
04-15 16:14:03.833 535 560 V ActivityManagerTiming: OnBootPhase_1000_com.android.server.dreams.DreamManagerService took to complete: 0ms
04-15 16:14:03.833 535 560 D ActivityManagerTiming: OnBootPhase_1000_com.android.server.print.PrintManagerService
04-15 16:14:03.833 535 560 V ActivityManagerTiming: OnBootPhase_1000_com.android.server.print.PrintManagerService took to complete: 0ms
04-15 16:14:03.833 535 560 D ActivityManagerTiming: OnBootPhase_1000_com.android.server.security.AttestationVerificationManagerService
04-15 16:14:03.833 535 560 V ActivityManagerTiming: OnBootPhase_1000_com.android.server.security.AttestationVerificationManagerService took to complete: 0ms
04-15 16:14:03.833 535 560 D ActivityManagerTiming: OnBootPhase_1000_com.android.server.companion.CompanionDeviceManagerService
04-15 16:14:03.834 535 560 I CDM_CompanionDeviceManagerService: Scheduling the Association Removal job
04-15 16:14:03.847 535 557 W Looper : Slow dispatch took 186ms android.fg h=com.android.server.adb.AdbDebuggingManager$AdbDebuggingHandler c=null m=1
04-15 16:14:03.850 535 560 V ActivityManagerTiming: OnBootPhase_1000_com.android.server.companion.CompanionDeviceManagerService took to complete: 17ms
04-15 16:14:03.851 535 560 D ActivityManagerTiming: OnBootPhase_1000_com.android.server.companion.virtual.VirtualDeviceManagerService
04-15 16:14:03.851 535 560 V ActivityManagerTiming: OnBootPhase_1000_com.android.server.companion.virtual.VirtualDeviceManagerService took to complete: 0ms
04-15 16:14:03.854 535 560 D ActivityManagerTiming: OnBootPhase_1000_com.android.server.restrictions.RestrictionsManagerService
04-15 16:14:03.854 535 560 V ActivityManagerTiming: OnBootPhase_1000_com.android.server.restrictions.RestrictionsManagerService took to complete: 0ms
04-15 16:14:03.855 535 560 D ActivityManagerTiming: OnBootPhase_1000_com.android.server.media.MediaSessionService
04-15 16:14:03.857 535 811 D WifiService: Handle boot completed
04-15 16:14:03.865 535 811 I WifiScoreCard: Installing MemoryStore
04-15 16:14:03.865 535 811 I WifiHealthMonitor: Installing MemoryStore
04-15 16:14:03.882 535 560 V ActivityManagerTiming: OnBootPhase_1000_com.android.server.media.MediaSessionService took to complete: 27ms
04-15 16:14:03.888 535 560 D ActivityManagerTiming: OnBootPhase_1000_com.android.server.media.MediaResourceMonitorService
04-15 16:14:03.888 535 560 V ActivityManagerTiming: OnBootPhase_1000_com.android.server.media.MediaResourceMonitorService took to complete: 0ms
04-15 16:14:03.889 535 560 D ActivityManagerTiming: OnBootPhase_1000_com.android.server.biometrics.sensors.face.FaceService
04-15 16:14:03.889 535 560 V ActivityManagerTiming: OnBootPhase_1000_com.android.server.biometrics.sensors.face.FaceService took to complete: 0ms
04-15 16:14:03.890 535 560 D ActivityManagerTiming: OnBootPhase_1000_com.android.server.biometrics.sensors.fingerprint.FingerprintService
04-15 16:14:03.890 535 560 V ActivityManagerTiming: OnBootPhase_1000_com.android.server.biometrics.sensors.fingerprint.FingerprintService took to complete: 0ms
04-15 16:14:03.890 535 560 D ActivityManagerTiming: OnBootPhase_1000_com.android.server.biometrics.BiometricService
04-15 16:14:03.891 535 560 V ActivityManagerTiming: OnBootPhase_1000_com.android.server.biometrics.BiometricService took to complete: 0ms
04-15 16:14:03.896 535 560 D ActivityManagerTiming: OnBootPhase_1000_com.android.server.biometrics.AuthService
04-15 16:14:03.896 535 560 V ActivityManagerTiming: OnBootPhase_1000_com.android.server.biometrics.AuthService took to complete: 0ms
04-15 16:14:03.896 535 560 D ActivityManagerTiming: OnBootPhase_1000_com.android.server.pm.ShortcutService$Lifecycle
04-15 16:14:03.897 535 560 V ActivityManagerTiming: OnBootPhase_1000_com.android.server.pm.ShortcutService$Lifecycle took to complete: 0ms
04-15 16:14:03.897 535 560 D ActivityManagerTiming: OnBootPhase_1000_com.android.server.pm.LauncherAppsService
04-15 16:14:03.897 535 560 V ActivityManagerTiming: OnBootPhase_1000_com.android.server.pm.LauncherAppsService took to complete: 0ms
04-15 16:14:03.897 535 560 D ActivityManagerTiming: OnBootPhase_1000_com.android.server.pm.CrossProfileAppsService
04-15 16:14:03.898 535 560 V ActivityManagerTiming: OnBootPhase_1000_com.android.server.pm.CrossProfileAppsService took to complete: 0ms
04-15 16:14:03.898 535 560 D ActivityManagerTiming: OnBootPhase_1000_com.android.server.people.PeopleService
04-15 16:14:03.898 535 560 V ActivityManagerTiming: OnBootPhase_1000_com.android.server.people.PeopleService took to complete: 0ms
04-15 16:14:03.898 535 560 D ActivityManagerTiming: OnBootPhase_1000_com.android.server.media.metrics.MediaMetricsManagerService
04-15 16:14:03.899 535 560 V ActivityManagerTiming: OnBootPhase_1000_com.android.server.media.metrics.MediaMetricsManagerService took to complete: 0ms
04-15 16:14:03.899 535 560 D ActivityManagerTiming: OnBootPhase_1000_com.android.server.pm.BackgroundInstallControlService
04-15 16:14:03.899 535 560 V ActivityManagerTiming: OnBootPhase_1000_com.android.server.pm.BackgroundInstallControlService took to complete: 0ms
04-15 16:14:03.899 535 560 D ActivityManagerTiming: OnBootPhase_1000_com.android.server.media.projection.MediaProjectionManagerService
04-15 16:14:03.901 535 560 V ActivityManagerTiming: OnBootPhase_1000_com.android.server.media.projection.MediaProjectionManagerService took to complete: 0ms
04-15 16:14:03.901 535 560 D ActivityManagerTiming: OnBootPhase_1000_com.android.server.slice.SliceManagerService$Lifecycle
04-15 16:14:03.902 535 560 V ActivityManagerTiming: OnBootPhase_1000_com.android.server.slice.SliceManagerService$Lifecycle took to complete: 0ms
04-15 16:14:03.902 535 560 D ActivityManagerTiming: OnBootPhase_1000_com.android.server.stats.StatsCompanion$Lifecycle
04-15 16:14:03.909 535 560 V ActivityManagerTiming: OnBootPhase_1000_com.android.server.stats.StatsCompanion$Lifecycle took to complete: 7ms
04-15 16:14:03.916 535 560 D ActivityManagerTiming: OnBootPhase_1000_com.android.server.scheduling.RebootReadinessManagerService$Lifecycle
04-15 16:14:03.916 535 560 V ActivityManagerTiming: OnBootPhase_1000_com.android.server.scheduling.RebootReadinessManagerService$Lifecycle took to complete: 0ms
04-15 16:14:03.916 535 560 D ActivityManagerTiming: OnBootPhase_1000_com.android.server.stats.pull.StatsPullAtomService
04-15 16:14:03.917 535 560 V ActivityManagerTiming: OnBootPhase_1000_com.android.server.stats.pull.StatsPullAtomService took to complete: 0ms
04-15 16:14:03.917 535 560 D ActivityManagerTiming: OnBootPhase_1000_com.android.server.stats.bootstrap.StatsBootstrapAtomService$Lifecycle
04-15 16:14:03.917 535 560 V ActivityManagerTiming: OnBootPhase_1000_com.android.server.stats.bootstrap.StatsBootstrapAtomService$Lifecycle took to complete: 0ms
04-15 16:14:03.917 535 560 D ActivityManagerTiming: OnBootPhase_1000_com.android.server.incident.IncidentCompanionService
04-15 16:14:03.918 535 560 V ActivityManagerTiming: OnBootPhase_1000_com.android.server.incident.IncidentCompanionService took to complete: 0ms
04-15 16:14:03.918 535 560 D ActivityManagerTiming: OnBootPhase_1000_com.android.server.sdksandbox.SdkSandboxManagerService$Lifecycle
04-15 16:14:03.918 535 560 V ActivityManagerTiming: OnBootPhase_1000_com.android.server.sdksandbox.SdkSandboxManagerService$Lifecycle took to complete: 0ms
04-15 16:14:03.919 535 560 D ActivityManagerTiming: OnBootPhase_1000_com.android.server.adservices.AdServicesManagerService$Lifecycle
04-15 16:14:03.919 535 560 V ActivityManagerTiming: OnBootPhase_1000_com.android.server.adservices.AdServicesManagerService$Lifecycle took to complete: 0ms
04-15 16:14:03.919 535 560 D ActivityManagerTiming: OnBootPhase_1000_com.android.server.ondevicepersonalization.OnDevicePersonalizationSystemService$Lifecycle
04-15 16:14:03.919 535 560 V ActivityManagerTiming: OnBootPhase_1000_com.android.server.ondevicepersonalization.OnDevicePersonalizationSystemService$Lifecycle took to complete: 0ms
04-15 16:14:03.924 535 560 D ActivityManagerTiming: OnBootPhase_1000_com.android.server.MmsServiceBroker
04-15 16:14:03.924 535 560 V ActivityManagerTiming: OnBootPhase_1000_com.android.server.MmsServiceBroker took to complete: 0ms
04-15 16:14:03.925 535 560 D ActivityManagerTiming: OnBootPhase_1000_com.android.server.autofill.AutofillManagerService
04-15 16:14:03.925 535 560 V ActivityManagerTiming: OnBootPhase_1000_com.android.server.autofill.AutofillManagerService took to complete: 0ms
04-15 16:14:03.925 535 560 D ActivityManagerTiming: OnBootPhase_1000_com.android.server.credentials.CredentialManagerService
04-15 16:14:03.926 535 560 V ActivityManagerTiming: OnBootPhase_1000_com.android.server.credentials.CredentialManagerService took to complete: 0ms
04-15 16:14:03.926 535 560 D ActivityManagerTiming: OnBootPhase_1000_com.android.server.selectiontoolbar.SelectionToolbarManagerService
04-15 16:14:03.926 535 560 V ActivityManagerTiming: OnBootPhase_1000_com.android.server.selectiontoolbar.SelectionToolbarManagerService took to complete: 0ms
04-15 16:14:03.926 535 560 D ActivityManagerTiming: OnBootPhase_1000_com.android.server.clipboard.ClipboardService
04-15 16:14:03.927 535 560 V ActivityManagerTiming: OnBootPhase_1000_com.android.server.clipboard.ClipboardService took to complete: 0ms
04-15 16:14:03.932 535 560 D ActivityManagerTiming: OnBootPhase_1000_com.android.server.appbinding.AppBindingService$Lifecycle
04-15 16:14:03.937 535 560 V ActivityManagerTiming: OnBootPhase_1000_com.android.server.appbinding.AppBindingService$Lifecycle took to complete: 0ms
04-15 16:14:03.937 535 560 D ActivityManagerTiming: OnBootPhase_1000_com.android.server.tracing.TracingServiceProxy
04-15 16:14:03.939 535 560 V ActivityManagerTiming: OnBootPhase_1000_com.android.server.tracing.TracingServiceProxy took to complete: 0ms
04-15 16:14:03.939 535 560 D ActivityManagerTiming: OnBootPhase_1000_com.android.server.policy.PermissionPolicyService
04-15 16:14:03.939 535 560 V ActivityManagerTiming: OnBootPhase_1000_com.android.server.policy.PermissionPolicyService took to complete: 0ms
04-15 16:14:03.939 535 560 D ActivityManagerTiming: OnBootPhase_1000_com.android.server.pm.StagingManager$Lifecycle
04-15 16:14:03.946 535 535 W Looper : Slow dispatch took 116ms main h=android.os.Handler c=null m=1
04-15 16:14:03.953 0 0 I servicemanager: Notifying apexservice they do (previously: don't) have clients when service is guaranteed to be in use
04-15 16:14:03.962 0 0 I apexd : markBootCompleted() received by ApexService
04-15 16:14:03.965 0 0 I AidlLazyServiceRegistrar: Process has 1 (of 1 available) client(s) in use after notification apexservice has clients: 1
04-15 16:14:03.965 0 0 I AidlLazyServiceRegistrar: Shutdown prevented by forcePersist override flag.
04-15 16:14:03.967 0 0 I servicemanager: Found android.hardware.radio.sim.IRadioSim/slot1 in device VINTF manifest.
04-15 16:14:03.955 535 560 V ActivityManagerTiming: OnBootPhase_1000_com.android.server.pm.StagingManager$Lifecycle took to complete: 15ms
04-15 16:14:03.955 535 560 D ActivityManagerTiming: OnBootPhase_1000_com.android.server.app.GameManagerService$Lifecycle
04-15 16:14:03.955 535 560 D GameManagerService: onBootCompleted
04-15 16:14:03.966 535 557 W Looper : Slow delivery took 424ms android.fg h=com.android.server.adb.AdbDebuggingManager$AdbDebuggingHandler c=null m=12
04-15 16:14:03.970 535 560 V ActivityManagerTiming: OnBootPhase_1000_com.android.server.app.GameManagerService$Lifecycle took to complete: 8ms
04-15 16:14:03.970 535 560 D ActivityManagerTiming: OnBootPhase_1000_com.android.safetycenter.SafetyCenterService
04-15 16:14:03.982 535 634 W SafetyCenterService: SafetyCenter is enabled.
04-15 16:14:03.992 0 0 I servicemanager: Found android.hardware.radio.voice.IRadioVoice/slot1 in device VINTF manifest.
04-15 16:14:03.951 893 942 D libEGL : loaded /vendor/lib64/egl/libGLESv2_emulation.so
04-15 16:14:04.005 408 429 I adbd : adbd_auth: received a new framework connection
04-15 16:14:04.009 535 560 V ActivityManagerTiming: OnBootPhase_1000_com.android.safetycenter.SafetyCenterService took to complete: 31ms
04-15 16:14:04.010 535 560 D ActivityManagerTiming: OnBootPhase_1000_com.android.server.appsearch.AppSearchModule$Lifecycle
04-15 16:14:04.011 535 560 V ActivityManagerTiming: OnBootPhase_1000_com.android.server.appsearch.AppSearchModule$Lifecycle took to complete: 1ms
04-15 16:14:04.011 535 560 D ActivityManagerTiming: OnBootPhase_1000_com.android.server.media.MediaCommunicationService
04-15 16:14:04.011 535 560 V ActivityManagerTiming: OnBootPhase_1000_com.android.server.media.MediaCommunicationService took to complete: 0ms
04-15 16:14:04.016 535 560 D ActivityManagerTiming: OnBootPhase_1000_com.android.server.compat.overrides.AppCompatOverridesService$Lifecycle
04-15 16:14:04.016 535 560 V ActivityManagerTiming: OnBootPhase_1000_com.android.server.compat.overrides.AppCompatOverridesService$Lifecycle took to complete: 0ms
04-15 16:14:04.016 535 560 D ActivityManagerTiming: OnBootPhase_1000_com.android.server.healthconnect.HealthConnectManagerService
04-15 16:14:04.016 535 560 V ActivityManagerTiming: OnBootPhase_1000_com.android.server.healthconnect.HealthConnectManagerService took to complete: 0ms
04-15 16:14:04.016 535 560 D ActivityManagerTiming: OnBootPhase_1000_com.android.server.devicelock.DeviceLockService
04-15 16:14:04.016 535 560 D DeviceLockService: onBootPhase: 1000
04-15 16:14:04.016 535 560 V ActivityManagerTiming: OnBootPhase_1000_com.android.server.devicelock.DeviceLockService took to complete: 0ms
04-15 16:14:04.017 535 560 V ActivityManagerTiming: OnBootPhase_1000 took to complete: 1620ms
04-15 16:14:04.017 535 560 V ActivityManagerTiming: TotalBootTime took to complete: 128887ms
04-15 16:14:04.017 535 560 D SystemServerInitThreadPool: Shutdown requested
04-15 16:14:04.017 535 560 D SystemServerTiming: WaitInitThreadPoolShutdown
04-15 16:14:04.033 535 560 D SystemServerInitThreadPool: Shutdown successful
04-15 16:14:04.033 535 560 V SystemServerTiming: WaitInitThreadPoolShutdown took to complete: 16ms
04-15 16:14:04.039 535 560 D CompatibilityChangeReporter: Compat change id reported: 135634846; UID 10132; state: DISABLED
04-15 16:14:04.042 535 568 D CompatibilityChangeReporter: Compat change id reported: 143937733; UID 10132; state: ENABLED
04-15 16:14:04.049 408 429 I adbd : adbd_auth: received new framework fd 21 (current = -1)
04-15 16:14:04.055 0 0 I init : processing action (sys.boot_completed=1) from (/system/etc/init/hw/init.rc:1224)
04-15 16:14:04.054 535 568 W ActivityManager: android.ext.services inode == 0 (b/152760674)
04-15 16:14:04.057 535 560 I ActivityManager: User 0 state changed from BOOTING to RUNNING_LOCKED
04-15 16:14:04.064 0 0 I init : starting service 'exec 20 (/bin/rm -rf /data/per_boot)'...
04-15 16:14:04.095 0 0 I servicemanager: Found android.hardware.radio.ims.IRadioIms/slot1 in device VINTF manifest.
04-15 16:14:04.095 329 329 D Zygote : Forked child process 1306
04-15 16:14:04.128 535 568 W ActivityManager: Slow operation: 94ms so far, now at startProcess: returned from zygote!
04-15 16:14:04.146 0 0 I servicemanager: Found android.hardware.radio.ims.IRadioIms/slot1 in device VINTF manifest.
04-15 16:14:04.192 535 535 W Looper : Slow dispatch took 221ms main h=android.os.Handler c=null m=1
04-15 16:14:04.255 0 0 I init : ... started service 'exec 20 (/bin/rm -rf /data/per_boot)' has pid 1305
04-15 16:14:04.255 0 0 I init : SVC_EXEC service 'exec 20 (/bin/rm -rf /data/per_boot)' pid 1305 (uid 1000 gid 1000+0 context default) started; waiting...
04-15 16:14:04.256 0 0 I init : Command 'exec - system system -- /bin/rm -rf /data/per_boot' action=sys.boot_completed=1 (/system/etc/init/hw/init.rc:1227) took 200ms and succeeded
04-15 16:14:04.302 1306 1306 I id.ext.services: Using CollectorTypeCC GC.
04-15 16:14:04.319 1306 1306 W id.ext.services: Unexpected CPU variant for x86: x86_64.
04-15 16:14:04.319 1306 1306 W id.ext.services: Known variants: atom, sandybridge, silvermont, goldmont, goldmont-plus, tremont, kabylake, default
04-15 16:14:04.351 1306 1306 E id.ext.services: Not starting debugger since process cannot load the jdwp agent.
04-15 16:14:04.450 0 0 I init : Service 'exec 20 (/bin/rm -rf /data/per_boot)' (pid 1305) exited with status 0 waiting took 0.377000 seconds
04-15 16:14:04.453 0 0 I init : Sending signal 9 to service 'exec 20 (/bin/rm -rf /data/per_boot)' (pid 1305) process group...
04-15 16:14:04.453 0 0 I libprocessgroup: Successfully killed process cgroup uid 1000 pid 1305 in 0ms
04-15 16:14:04.443 535 560 D SystemServerTiming: finishUserUnlocking-0
04-15 16:14:04.457 535 560 D ActivityManager: Started unlocking user 0
04-15 16:14:04.459 535 560 D ActivityManager: Unlocking user 0 progress 0
04-15 16:14:04.461 535 560 D ActivityManager: Unlocking user 0 progress 5
04-15 16:14:04.462 535 560 V SystemServerTiming: finishUserUnlocking-0 took to complete: 8ms
04-15 16:14:04.469 535 568 W system_server: Long monitor contention with owner android.display (560) at void com.android.server.am.ActivityManagerService.finishBooting()(ActivityManagerService.java:5094) waiters=0 in void com.android.server.am.ProcessList.lambda$handleProcessStart$1(com.android.server.am.ProcessRecord, java.lang.String, int[], int, int, int, java.lang.String, java.lang.String, java.lang.String, long) for 340ms
04-15 16:14:04.475 535 535 W Looper : Slow dispatch took 253ms main h=android.os.Handler c=null m=1
04-15 16:14:04.486 0 0 I init : Encryption policy of /data/per_boot set to ee079e273d1ecb016a22c333830d89d5 v2 modes 1/4 flags 0x2
04-15 16:14:04.487 0 0 I init : processing action (sys.boot_completed=1) from (/vendor/etc/init/hw/init.ranchu.rc:195)
04-15 16:14:04.493 0 0 I init : processing action (sys.boot_completed=1 && sys.bootstat.first_boot_completed=0) from (/system/etc/init/bootstat.rc:67)
04-15 16:14:04.494 0 0 I init : starting service 'exec 21 (/system/bin/bootstat --record_boot_complete --record_boot_reason --record_time_since_factory_reset -l)'...
04-15 16:14:04.514 0 0 I init : ... started service 'exec 21 (/system/bin/bootstat --record_boot_complete --record_boot_reason --record_time_since_factory_reset -l)' has pid 1319
04-15 16:14:04.541 0 0 I init : processing action (sys.boot_completed=1) from (/system/etc/init/dmesgd.rc:4)
04-15 16:14:04.545 0 0 I init : processing action (sys.boot_completed=1) from (/system/etc/init/flags_health_check.rc:7)
04-15 16:14:04.539 535 568 W ActivityManager: Slow operation: 505ms so far, now at startProcess: done updating battery stats
04-15 16:14:04.539 535 568 W ActivityManager: Slow operation: 505ms so far, now at startProcess: building log message
04-15 16:14:04.539 535 568 I ActivityManager: Start proc 1306:android.ext.services/u0a132 for on-hold
04-15 16:14:04.601 535 557 W Looper : Slow dispatch took 603ms android.fg h=com.android.server.adb.AdbDebuggingManager$AdbDebuggingHandler c=null m=8
04-15 16:14:04.602 535 557 D SystemServerTiming: UM.onBeforeUnlockUser-0
04-15 16:14:04.602 535 557 D SystemServerTiming: prepareUserData-0
04-15 16:14:04.603 141 141 D vold : fscrypt_prepare_user_storage for volume null, user 0, serial 0, flags 2
04-15 16:14:04.609 141 141 D vold : Preparing: /data/system_ce/0
04-15 16:14:04.645 0 0 I init : Command 'setprop persist.device_config.attempted_boot_count 0' action=sys.boot_completed=1 (/system/etc/init/flags_health_check.rc:8) took 99ms and succeeded
04-15 16:14:04.645 0 0 I init : processing action (persist.dbg.keep_debugfs_mounted= && ro.product.debugfs_restrictions.enabled=true && sys.boot_completed=1) from (/system/etc/init/init-debug.rc:15)
04-15 16:14:04.643 141 141 I vold : Encryption policy of /data/system_ce/0 set to de1712480aa014dc4799734235344f7a v2 modes 1/4 flags 0x2
04-15 16:14:04.643 141 141 D vold : Preparing: /data/vendor_ce/0
04-15 16:14:04.668 0 0 I init : processing action (sys.boot_completed=1) from (/system/etc/init/logd.rc:34)
04-15 16:14:04.703 141 141 I vold : Encryption policy of /data/vendor_ce/0 set to de1712480aa014dc4799734235344f7a v2 modes 1/4 flags 0x2
04-15 16:14:04.714 141 141 D vold : Preparing: /data/media/0
04-15 16:14:04.718 1319 1319 I bootstat: Service started: /system/bin/bootstat --record_boot_complete --record_boot_reason --record_time_since_factory_reset -l
04-15 16:14:04.728 1319 1319 E bootstat: Failed to read /data/misc/bootstat/last_boot_time_utc: No such file or directory
04-15 16:14:04.728 1319 1319 E bootstat: Failed to parse boot time record: /data/misc/bootstat/last_boot_time_utc
04-15 16:14:04.729 1319 1319 E bootstat: Failed to read /data/misc/bootstat/build_date: No such file or directory
04-15 16:14:04.729 1319 1319 E bootstat: Failed to parse boot time record: /data/misc/bootstat/build_date
04-15 16:14:04.730 1319 1319 I bootstat: Canonical boot reason: reboot,factory_reset
04-15 16:14:04.742 141 141 I vold : Encryption policy of /data/media/0 set to de1712480aa014dc4799734235344f7a v2 modes 1/4 flags 0x2
04-15 16:14:04.743 141 141 D vold : Preparing: /data/misc_ce/0
04-15 16:14:04.748 535 568 W ActivityManager: Slow operation: 714ms so far, now at startProcess: starting to update pids map
04-15 16:14:04.749 535 568 W ActivityManager: Slow operation: 715ms so far, now at startProcess: done updating pids map
04-15 16:14:04.758 535 811 W system_server: Long monitor contention with owner ActivityManager:procStart (568) at void com.android.server.am.ProcessList.lambda$handleProcessStart$1(com.android.server.am.ProcessRecord, java.lang.String, int[], int, int, int, java.lang.String, java.lang.String, java.lang.String, long)(ProcessList.java:2076) waiters=2 in android.content.Intent com.android.server.am.ActivityManagerService.registerReceiverWithFeature(android.app.IApplicationThread, java.lang.String, java.lang.String, java.lang.String, android.content.IIntentReceiver, android.content.IntentFilter, java.lang.String, int, int) for 269ms
04-15 16:14:04.760 535 560 V ActivityManagerTiming: FinishBooting took to complete: 2409ms
04-15 16:14:04.768 535 811 D WifiNetworkFactory: Registering NetworkFactory
04-15 16:14:04.769 535 811 D UntrustedWifiNetworkFactory: Registering NetworkFactory
04-15 16:14:04.769 535 811 D RestrictedWifiNetworkFactory: Registering NetworkFactory
04-15 16:14:04.769 535 811 D OemPaidWifiNetworkFactory: Registering NetworkFactory
04-15 16:14:04.770 535 811 D MultiInternetWifiNetworkFactory: Registering NetworkFactory
04-15 16:14:04.784 535 818 D ConnectivityService: Got NetworkProvider Messenger for WifiNetworkFactory
04-15 16:14:04.784 535 818 D ConnectivityService: Got NetworkProvider Messenger for UntrustedWifiNetworkFactory
04-15 16:14:04.784 535 818 D ConnectivityService: Got NetworkProvider Messenger for RestrictedWifiNetworkFactory
04-15 16:14:04.785 535 818 D ConnectivityService: Got NetworkProvider Messenger for OemPaidWifiNetworkFactory
04-15 16:14:04.785 535 818 D ConnectivityService: Got NetworkProvider Messenger for MultiInternetWifiNetworkFactory
04-15 16:14:04.793 535 535 W Looper : Slow dispatch took 286ms main h=android.app.ActivityThread$H c=android.app.role.RoleManager$OnRoleHoldersChangedListenerDelegate$$ExternalSyntheticLambda0@e356194 m=0
04-15 16:14:04.853 141 141 I vold : Encryption policy of /data/misc_ce/0 set to de1712480aa014dc4799734235344f7a v2 modes 1/4 flags 0x2
04-15 16:14:04.860 141 141 D vold : Preparing: /data/user/0
04-15 16:14:04.861 141 141 I vold : Verified that /data/user/0 has the encryption policy de1712480aa014dc4799734235344f7a v2 modes 1/4 flags 0x2
04-15 16:14:04.865 0 0 I init : starting service 'logd-auditctl'...
04-15 16:14:04.871 141 141 D vold : Starting restorecon of /data/system_ce/0
04-15 16:14:04.890 0 0 I servicemanager: Found android.hardware.radio.config.IRadioConfig/default in device VINTF manifest.
04-15 16:14:04.893 1319 1319 E bootstat: Failed to read /data/misc/bootstat/factory_reset: No such file or directory
04-15 16:14:04.898 1319 1319 E bootstat: Failed to parse boot time record: /data/misc/bootstat/factory_reset
04-15 16:14:04.903 1319 1319 W bootstat: LogBootEvents, atomInfo not defined for events:last_boot_time_utc,build_date,ro.boottime.init.cold_boot_wait,boot_reason,system_boot_reason
04-15 16:14:04.919 141 141 D vold : Finished restorecon of /data/system_ce/0
04-15 16:14:04.928 141 141 D vold : Starting restorecon of /data/vendor_ce/0
04-15 16:14:04.949 141 141 D vold : Finished restorecon of /data/vendor_ce/0
04-15 16:14:04.949 141 141 D vold : Starting restorecon of /data/misc_ce/0
04-15 16:14:04.961 141 141 D vold : Finished restorecon of /data/misc_ce/0
04-15 16:14:04.961 141 141 D vold : /system/bin/vold_prepare_subdirs
04-15 16:14:04.961 141 141 D vold : prepare
04-15 16:14:04.961 141 141 D vold :
04-15 16:14:04.961 141 141 D vold : 0
04-15 16:14:04.961 141 141 D vold : 2
04-15 16:14:04.984 893 942 W OpenGLRenderer: Failed to initialize 101010-2 format, error = EGL_SUCCESS
04-15 16:14:05.114 0 0 I servicemanager: Could not find android.hardware.graphics.allocator.IAllocator/default in the VINTF manifest.
04-15 16:14:05.117 132 132 I hwservicemanager: getTransport: Cannot find entry android.hardware.graphics.mapper@4.0::IMapper/default in either framework or device VINTF manifest.
04-15 16:14:05.128 893 942 I Gralloc4: mapper 4.x is not supported
04-15 16:14:05.181 0 0 I init : ... started service 'logd-auditctl' has pid 1324
04-15 16:14:05.181 0 0 I init : Command 'start logd-auditctl' action=sys.boot_completed=1 (/system/etc/init/logd.rc:35) took 513ms and succeeded
04-15 16:14:05.182 0 0 I init : Service 'exec 21 (/system/bin/bootstat --record_boot_complete --record_boot_reason --record_time_since_factory_reset -l)' (pid 1319) exited with status 0 oneshot service took 0.677000 seconds in background
04-15 16:14:05.182 0 0 I init : Sending signal 9 to service 'exec 21 (/system/bin/bootstat --record_boot_complete --record_boot_reason --record_time_since_factory_reset -l)' (pid 1319) process group...
04-15 16:14:05.183 0 0 I libprocessgroup: Successfully killed process cgroup uid 1000 pid 1319 in 0ms
04-15 16:14:05.184 0 0 I init : processing action (sys.boot_completed=1) from (/system/etc/init/perfetto.rc:130)
04-15 16:14:05.207 0 0 I init : starting service 'exec 22 (/system/bin/perfetto -c /data/misc/perfetto-configs/stopboottracetrigger.pbtxt --txt)'...
04-15 16:14:05.262 0 0 I init : ... started service 'exec 22 (/system/bin/perfetto -c /data/misc/perfetto-configs/stopboottracetrigger.pbtxt --txt)' has pid 1330
04-15 16:14:05.263 0 0 I init : SVC_EXEC service 'exec 22 (/system/bin/perfetto -c /data/misc/perfetto-configs/stopboottracetrigger.pbtxt --txt)' pid 1330 (uid 0 gid 0+0 context default) started; waiting...
04-15 16:14:05.263 0 0 I init : Command 'exec -- /system/bin/perfetto -c /data/misc/perfetto-configs/stopboottracetrigger.pbtxt --txt' action=sys.boot_completed=1 (/system/etc/init/perfetto.rc:131) took 79ms and succeeded
04-15 16:14:05.318 0 0 I servicemanager: Found android.hardware.wifi.IWifi/default in device VINTF manifest.
04-15 16:14:05.333 535 535 W Looper : Slow dispatch took 423ms main h=android.app.ActivityThread$H c=android.app.role.RoleManager$OnRoleHoldersChangedListenerDelegate$$ExternalSyntheticLambda0@f504df5 m=0
04-15 16:14:05.349 535 552 W system_server: Long monitor contention with owner android.display (560) at void com.android.server.wm.WindowManagerService.reportFocusChanged(android.os.IBinder, android.os.IBinder)(WindowManagerService.java:5335) waiters=0 in android.content.res.CompatibilityInfo com.android.server.wm.ActivityTaskManagerService$LocalService.compatibilityInfoForPackage(android.content.pm.ApplicationInfo) for 517ms
04-15 16:14:05.350 535 552 D CompatibilityChangeReporter: Compat change id reported: 168419799; UID 10109; state: DISABLED
04-15 16:14:05.351 535 552 D CompatibilityChangeReporter: Compat change id reported: 273564678; UID 10109; state: DISABLED
04-15 16:14:05.359 535 552 W ActivityManager: Slow operation: 540ms so far, now at attachApplicationLocked: immediately before bindApplication
04-15 16:14:05.433 535 811 E WifiChipAidlImpl: getUsableChannels failed with service-specific exception: android.os.ServiceSpecificException: (code 4)
04-15 16:14:05.471 535 552 W ActivityManager: Slow operation: 652ms so far, now at attachApplicationLocked: immediately after bindApplication
04-15 16:14:05.471 535 552 W ActivityManager: Slow operation: 652ms so far, now at attachApplicationLocked: after updateLruProcessLocked
04-15 16:14:05.577 0 0 I init : Service 'logd-auditctl' (pid 1324) exited with status 0 oneshot service took 0.685000 seconds in background
04-15 16:14:05.577 0 0 I init : Sending signal 9 to service 'logd-auditctl' (pid 1324) process group...
04-15 16:14:05.578 0 0 I libprocessgroup: Successfully killed process cgroup uid 1036 pid 1324 in 0ms
04-15 16:14:05.652 1328 1328 D vold_prepare_subdirs: Setting up mode 771 uid 1000 gid 1000 context u:object_r:system_data_file:s0:c512,c768 on path: /data/user/0
04-15 16:14:05.653 1328 1328 I vold_prepare_subdirs: Relabelling from u:object_r:system_data_file:s0 to u:object_r:system_data_file:s0:c512,c768: /data/user/0
04-15 16:14:05.670 1328 1328 D vold_prepare_subdirs: Setting up mode 771 uid 1000 gid 1000 context u:object_r:sdk_sandbox_system_data_file:s0:c512,c768 on path: /data/misc_ce/0/sdksandbox
04-15 16:14:05.702 1328 1328 D vold_prepare_subdirs: Setting up mode 700 uid 0 gid 0 context u:object_r:vold_data_file:s0 on path: /data/misc_ce/0/vold
04-15 16:14:05.713 1328 1328 D vold_prepare_subdirs: Setting up mode 700 uid 0 gid 0 context u:object_r:storaged_data_file:s0 on path: /data/misc_ce/0/storaged
04-15 16:14:05.722 1330 1330 E perfetto: perfetto_cmd.cc:385 Could not open /data/misc/perfetto-configs/stopboottracetrigger.pbtxt (errno: 2, No such file or directory)
04-15 16:14:05.732 535 573 W system_server: Long monitor contention with owner binder:535_B (1271) at boolean android.os.MessageQueue.enqueueMessage(android.os.Message, long)(MessageQueue.java:600) waiters=0 in android.os.Message android.os.MessageQueue.next() for 395ms
04-15 16:14:05.746 0 0 I init : Service 'exec 22 (/system/bin/perfetto -c /data/misc/perfetto-configs/stopboottracetrigger.pbtxt --txt)' (pid 1330) exited with status 1 waiting took 0.534000 seconds
04-15 16:14:05.746 0 0 I init : Sending signal 9 to service 'exec 22 (/system/bin/perfetto -c /data/misc/perfetto-configs/stopboottracetrigger.pbtxt --txt)' (pid 1330) process group...
04-15 16:14:05.746 0 0 I libprocessgroup: Successfully killed process cgroup uid 0 pid 1330 in 0ms
04-15 16:14:05.747 0 0 I init : processing action (sys.boot_completed=1 && sys.wifitracing.started=0) from (/system/etc/init/wifi.rc:28)
04-15 16:14:05.748 0 0 E selinux : SELinux: Could not get canonical path for /sys/kernel/debug/tracing/instances/wifi restorecon: No such file or directory.
04-15 16:14:05.771 0 0 I servicemanager: Found android.hardware.wifi.IWifi/default in device VINTF manifest.
04-15 16:14:05.777 1328 1328 D vold_prepare_subdirs: Setting up mode 700 uid 0 gid 0 context u:object_r:rollback_data_file:s0 on path: /data/misc_ce/0/rollback
04-15 16:14:05.793 1328 1328 D vold_prepare_subdirs: Setting up mode 700 uid 0 gid 0 context u:object_r:apex_rollback_data_file:s0 on path: /data/misc_ce/0/apexrollback
04-15 16:14:05.813 535 552 W ActivityManager: Slow operation: 342ms so far, now at finishAttachApplicationInner: after mServices.attachApplicationLocked
04-15 16:14:05.813 535 552 W ActivityManager: Slow operation: 342ms so far, now at finishAttachApplicationInner: after dispatching broadcasts
04-15 16:14:05.817 1328 1328 D vold_prepare_subdirs: Setting up mode 711 uid 0 gid 0 context u:object_r:apex_module_data_file:s0 on path: /data/misc_ce/0/apexdata
04-15 16:14:05.824 535 560 W system_server: Long monitor contention with owner binder:535_2 (552) at void com.android.server.am.ActivityManagerService.finishAttachApplicationInner(long, int, int)(ActivityManagerService.java:4940) waiters=2 in void com.android.server.am.ActivityManagerService$LocalService.updateOomLevelsForDisplay(int) for 532ms
04-15 16:14:05.826 535 958 W system_server: Long monitor contention with owner binder:535_2 (552) at void com.android.server.am.ActivityManagerService.finishAttachApplicationInner(long, int, int)(ActivityManagerService.java:4940) waiters=1 in void com.android.server.am.ActivityManagerService.attachApplication(android.app.IApplicationThread, long) for 680ms
04-15 16:14:05.839 1328 1328 D vold_prepare_subdirs: Setting up mode 771 uid 0 gid 1000 context u:object_r:apex_module_data_file:s0 on path: /data/misc_ce/0/apexdata/com.android.healthfitness
04-15 16:14:05.849 535 958 D CompatibilityChangeReporter: Compat change id reported: 168419799; UID 10132; state: DISABLED
04-15 16:14:05.850 535 958 D CompatibilityChangeReporter: Compat change id reported: 273564678; UID 10132; state: DISABLED
04-15 16:14:05.861 1328 1328 D vold_prepare_subdirs: Setting up mode 771 uid 0 gid 1000 context u:object_r:apex_module_data_file:s0 on path: /data/misc_ce/0/apexdata/com.android.resolv
04-15 16:14:05.863 1328 1328 D vold_prepare_subdirs: Setting up mode 771 uid 0 gid 1000 context u:object_r:apex_module_data_file:s0 on path: /data/misc_ce/0/apexdata/com.android.ipsec
04-15 16:14:05.882 155 1044 I keystore2: system/security/keystore2/src/watchdog.rs:319 - Watchdog thread idle -> terminating. Have a great day.
04-15 16:14:05.883 1328 1328 D vold_prepare_subdirs: Setting up mode 771 uid 0 gid 1000 context u:object_r:apex_module_data_file:s0 on path: /data/misc_ce/0/apexdata/com.android.ondevicepersonalization
04-15 16:14:05.903 1328 1328 D vold_prepare_subdirs: Setting up mode 771 uid 0 gid 1000 context u:object_r:apex_module_data_file:s0 on path: /data/misc_ce/0/apexdata/com.android.mediaprovider
04-15 16:14:05.921 1328 1328 D vold_prepare_subdirs: Setting up mode 771 uid 0 gid 1000 context u:object_r:apex_module_data_file:s0 on path: /data/misc_ce/0/apexdata/com.android.scheduling
04-15 16:14:05.923 1328 1328 D vold_prepare_subdirs: Setting up mode 771 uid 0 gid 1000 context u:object_r:apex_module_data_file:s0 on path: /data/misc_ce/0/apexdata/com.android.media
04-15 16:14:05.927 535 811 E WifiChipAidlImpl: getUsableChannels failed with service-specific exception: android.os.ServiceSpecificException: (code 4)
04-15 16:14:05.929 1287 1287 D CompatibilityChangeReporter: Compat change id reported: 171979766; UID 10109; state: DISABLED
04-15 16:14:05.930 1287 1287 D CompatibilityChangeReporter: Compat change id reported: 242716250; UID 10109; state: DISABLED
04-15 16:14:05.953 1328 1328 D vold_prepare_subdirs: Setting up mode 771 uid 0 gid 1000 context u:object_r:apex_module_data_file:s0 on path: /data/misc_ce/0/apexdata/com.android.conscrypt
04-15 16:14:05.955 1328 1328 D vold_prepare_subdirs: Setting up mode 771 uid 0 gid 1000 context u:object_r:apex_module_data_file:s0 on path: /data/misc_ce/0/apexdata/com.android.extservices
04-15 16:14:05.957 1328 1328 D vold_prepare_subdirs: Setting up mode 771 uid 0 gid 1000 context u:object_r:apex_system_server_data_file:s0 on path: /data/misc_ce/0/apexdata/com.android.uwb
04-15 16:14:05.962 535 552 D CompatibilityChangeReporter: Compat change id reported: 170503758; UID 10109; state: DISABLED
04-15 16:14:05.966 1287 1287 D CompatibilityChangeReporter: Compat change id reported: 3400644; UID 10109; state: DISABLED
04-15 16:14:05.974 1328 1328 D vold_prepare_subdirs: Setting up mode 771 uid 0 gid 1000 context u:object_r:apex_module_data_file:s0 on path: /data/misc_ce/0/apexdata/com.android.tethering
04-15 16:14:05.981 535 559 I DropBoxManagerService: add tag=system_server_strictmode isTagEnabled=true flags=0x2
04-15 16:14:05.985 1328 1328 D vold_prepare_subdirs: Setting up mode 771 uid 0 gid 1000 context u:object_r:apex_module_data_file:s0 on path: /data/misc_ce/0/apexdata/com.android.media.swcodec
04-15 16:14:05.988 1328 1328 D vold_prepare_subdirs: Setting up mode 771 uid 0 gid 1000 context u:object_r:apex_module_data_file:s0 on path: /data/misc_ce/0/apexdata/com.android.adbd
04-15 16:14:05.989 1328 1328 D vold_prepare_subdirs: Setting up mode 771 uid 0 gid 1000 context u:object_r:apex_module_data_file:s0 on path: /data/misc_ce/0/apexdata/com.android.neuralnetworks
04-15 16:14:05.991 1328 1328 D vold_prepare_subdirs: Setting up mode 771 uid 0 gid 1000 context u:object_r:apex_module_data_file:s0 on path: /data/misc_ce/0/apexdata/com.android.cellbroadcast
04-15 16:14:06.009 1328 1328 D vold_prepare_subdirs: Setting up mode 771 uid 0 gid 1000 context u:object_r:apex_module_data_file:s0 on path: /data/misc_ce/0/apexdata/com.android.adservices
04-15 16:14:06.011 1328 1328 D vold_prepare_subdirs: Setting up mode 771 uid 0 gid 1000 context u:object_r:apex_system_server_data_file:s0 on path: /data/misc_ce/0/apexdata/com.android.appsearch
04-15 16:14:06.028 1328 1328 D vold_prepare_subdirs: Setting up mode 771 uid 0 gid 1000 context u:object_r:apex_system_server_data_file:s0 on path: /data/misc_ce/0/apexdata/com.android.wifi
04-15 16:14:06.030 1328 1328 D vold_prepare_subdirs: Setting up mode 771 uid 0 gid 1000 context u:object_r:apex_module_data_file:s0 on path: /data/misc_ce/0/apexdata/com.android.art
04-15 16:14:06.031 1328 1328 D vold_prepare_subdirs: Setting up mode 771 uid 0 gid 1000 context u:object_r:apex_system_server_data_file:s0 on path: /data/misc_ce/0/apexdata/com.android.permission
04-15 16:14:06.056 1287 1287 D nativeloader: InitLlndkLibrariesProduct: libEGL.so:libGLESv1_CM.so:libGLESv2.so:libGLESv3.so:libRS.so:libandroid_net.so:libbinder_ndk.so:libc.so:libcgrouprc.so:libclang_rt.asan-x86_64-android.so:libcom.android.tethering.connectivity_native.so:libdl.so:libft2.so:liblog.so:libm.so:libmediandk.so:libnativewindow.so:libneuralnetworks.so:libselinux.so:libsync.so:libvndksupport.so:libvulkan.so
04-15 16:14:06.057 1287 1287 D nativeloader: Configuring product-clns-6 for unbundled product apk /product/app/LatinIME/LatinIME.apk. target_sdk_version=30, uses_libraries=, library_path=/product/app/LatinIME/lib/x86_64:/product/app/LatinIME/LatinIME.apk!/lib/x86_64:/product/lib64:/system/product/lib64, permitted_path=/data:/mnt/expand:/data/user_de/0/com.android.inputmethod.latin:/product/lib64:/system/product/lib64
04-15 16:14:06.067 1328 1328 D vold_prepare_subdirs: Setting up mode 771 uid 0 gid 1000 context u:object_r:apex_module_data_file:s0 on path: /data/misc_ce/0/apexdata/com.android.configinfrastructure
04-15 16:14:06.074 1328 1328 D vold_prepare_subdirs: Setting up mode 771 uid 0 gid 1000 context u:object_r:apex_module_data_file:s0 on path: /data/misc_ce/0/apexdata/com.android.devicelock
04-15 16:14:06.080 1328 1328 D vold_prepare_subdirs: Setting up mode 771 uid 0 gid 1000 context u:object_r:apex_module_data_file:s0 on path: /data/misc_ce/0/apexdata/com.android.os.statsd
04-15 16:14:06.083 1328 1328 D vold_prepare_subdirs: Setting up mode 771 uid 0 gid 1000 context u:object_r:apex_module_data_file:s0 on path: /data/misc_ce/0/apexdata/com.android.virt
04-15 16:14:06.089 1328 1328 D vold_prepare_subdirs: Setting up mode 771 uid 0 gid 1000 context u:object_r:apex_module_data_file:s0 on path: /data/misc_ce/0/apexdata/com.android.rkpd
04-15 16:14:06.094 1328 1328 D vold_prepare_subdirs: Setting up mode 771 uid 0 gid 1000 context u:object_r:apex_module_data_file:s0 on path: /data/misc_ce/0/apexdata/com.android.apex.cts.shim
04-15 16:14:06.102 1287 1287 D nativeloader: InitVndkspLibrariesProduct: android.hardware.common-V2-ndk.so:android.hardware.common.fmq-V1-ndk.so:android.hardware.graphics.allocator-V2-ndk.so:android.hardware.graphics.common-V4-ndk.so:android.hardware.graphics.common@1.0.so:android.hardware.graphics.common@1.1.so:android.hardware.graphics.common@1.2.so:android.hardware.graphics.composer3-V1-ndk.so:android.hardware.graphics.mapper@2.0.so:android.hardware.graphics.mapper@2.1.so:android.hardware.graphics.mapper@3.0.so:android.hardware.graphics.mapper@4.0.so:android.hardware.renderscript@1.0.so:android.hidl.memory.token@1.0.so:android.hidl.memory@1.0-impl.so:android.hidl.memory@1.0.so:android.hidl.safe_union@1.0.so:libRSCpuRef.so:libRSDriver.so:libRS_internal.so:libbase.so:libbcinfo.so:libblas.so:libc++.so:libcompiler_rt.so:libcutils.so:libdmabufheap.so:libgralloctypes.so:libhardware.so:libhidlbase.so:libhidlmemory.so:libion.so:libjsoncpp.so:liblzma.so:libprocessgroup.so:libunwindstack.so:libutils.so:libutilscallstack.so:libz.so
04-15 16:14:06.107 1328 1328 D vold_prepare_subdirs: Setting up mode 771 uid 0 gid 1000 context u:object_r:apex_module_data_file:s0 on path: /data/misc_ce/0/apexdata/com.android.btservices
04-15 16:14:06.114 1328 1328 D vold_prepare_subdirs: Setting up mode 771 uid 0 gid 1000 context u:object_r:apex_module_data_file:s0 on path: /data/misc_ce/0/apexdata/com.android.sdkext
04-15 16:14:06.124 1328 1328 D vold_prepare_subdirs: Setting up mode 771 uid 0 gid 1000 context u:object_r:apex_module_data_file:s0 on path: /data/misc_ce/0/apexdata/com.android.i18n
04-15 16:14:06.126 1328 1328 D vold_prepare_subdirs: Setting up mode 771 uid 0 gid 1000 context u:object_r:apex_module_data_file:s0 on path: /data/misc_ce/0/apexdata/com.android.runtime
04-15 16:14:06.134 1328 1328 D vold_prepare_subdirs: Setting up mode 771 uid 0 gid 1000 context u:object_r:apex_module_data_file:s0 on path: /data/misc_ce/0/apexdata/com.android.vndk.v34
04-15 16:14:06.140 1328 1328 D vold_prepare_subdirs: Setting up mode 771 uid 0 gid 1000 context u:object_r:apex_module_data_file:s0 on path: /data/misc_ce/0/apexdata/com.android.tzdata
04-15 16:14:06.142 1328 1328 D vold_prepare_subdirs: Setting up mode 771 uid 0 gid 1000 context u:object_r:apex_module_data_file:s0 on path: /data/misc_ce/0/apexdata/sharedlibs
04-15 16:14:06.150 1328 1328 D vold_prepare_subdirs: Setting up mode 770 uid 1000 gid 2001 context u:object_r:checkin_data_file:s0:c512,c768 on path: /data/misc_ce/0/checkin
04-15 16:14:06.156 1328 1328 D vold_prepare_subdirs: Setting up mode 700 uid 1000 gid 1000 context u:object_r:backup_data_file:s0 on path: /data/system_ce/0/backup
04-15 16:14:06.159 1328 1328 D vold_prepare_subdirs: Setting up mode 700 uid 1000 gid 1000 context u:object_r:backup_data_file:s0 on path: /data/system_ce/0/backup_stage
04-15 16:14:06.165 1328 1328 D vold_prepare_subdirs: Setting up mode 700 uid 1000 gid 1000 context u:object_r:face_vendor_data_file:s0 on path: /data/vendor_ce/0/facedata
04-15 16:14:06.190 535 557 V UserDataPreparer: Found /data/user/0 with serial number 0
04-15 16:14:06.245 535 557 V UserDataPreparer: Found /data/system_ce/0 with serial number -1
04-15 16:14:06.245 535 557 D UserDataPreparer: Serial number missing on /data/system_ce/0; assuming current is valid
04-15 16:14:06.263 535 552 W system_server: Long monitor contention with owner main (535) at void com.android.server.power.PowerManagerService.setMaximumScreenOffTimeoutFromDeviceAdminInternal(int, long)(PowerManagerService.java:4014) waiters=0 in void com.android.server.power.PowerManagerService.updateWakeLockWorkSourceInternal(android.os.IBinder, android.os.WorkSource, java.lang.String, int) for 126ms
04-15 16:14:06.264 535 559 I DropBoxManagerService: add tag=system_server_strictmode isTagEnabled=true flags=0x2
04-15 16:14:06.280 535 535 W Looper : Slow dispatch took 717ms main h=android.os.Handler c=android.app.LoadedApk$ReceiverDispatcher$Args$$ExternalSyntheticLambda0@b2a9c78 m=0
04-15 16:14:06.286 1287 1287 V GraphicsEnvironment: Currently set values for:
04-15 16:14:06.288 1287 1287 V GraphicsEnvironment: angle_gl_driver_selection_pkgs=[]
04-15 16:14:06.288 1287 1287 V GraphicsEnvironment: angle_gl_driver_selection_values=[]
