04-15 16:13:50.434 535 535 D SystemServerTimingAsync: ssm.onStartUser-0_com.android.server.policy.PermissionPolicyService
04-15 16:13:50.435 535 535 V SystemServerTimingAsync: ssm.onStartUser-0_com.android.server.policy.PermissionPolicyService took to complete: 0ms
04-15 16:13:50.435 535 535 D SystemServerTimingAsync: ssm.onStartUser-0_com.android.server.pm.StagingManager$Lifecycle
04-15 16:13:50.435 535 535 V SystemServerTimingAsync: ssm.onStartUser-0_com.android.server.pm.StagingManager$Lifecycle took to complete: 0ms
04-15 16:13:50.435 535 535 D SystemServerTimingAsync: ssm.onStartUser-0_com.android.server.app.GameManagerService$Lifecycle
04-15 16:13:50.435 535 535 D GameManagerService: Starting user 0
04-15 16:13:50.455 535 535 V GameManagerService_GameManagerSettings: Settings file doesn't exist, skip reading
04-15 16:13:50.460 535 535 V SystemServerTimingAsync: ssm.onStartUser-0_com.android.server.app.GameManagerService$Lifecycle took to complete: 25ms
04-15 16:13:50.466 535 535 D SystemServerTimingAsync: ssm.onStartUser-0_com.android.safetycenter.SafetyCenterService
04-15 16:13:50.466 535 535 V SystemServerTimingAsync: ssm.onStartUser-0_com.android.safetycenter.SafetyCenterService took to complete: 0ms
04-15 16:13:50.467 535 535 D SystemServerTimingAsync: ssm.onStartUser-0_com.android.server.appsearch.AppSearchModule$Lifecycle
04-15 16:13:50.467 535 535 V SystemServerTimingAsync: ssm.onStartUser-0_com.android.server.appsearch.AppSearchModule$Lifecycle took to complete: 0ms
04-15 16:13:50.472 535 535 D SystemServerTimingAsync: ssm.onStartUser-0_com.android.server.media.MediaCommunicationService
04-15 16:13:50.472 535 535 V SystemServerTimingAsync: ssm.onStartUser-0_com.android.server.media.MediaCommunicationService took to complete: 0ms
04-15 16:13:50.473 535 535 D SystemServerTimingAsync: ssm.onStartUser-0_com.android.server.compat.overrides.AppCompatOverridesService$Lifecycle
04-15 16:13:50.473 535 535 V SystemServerTimingAsync: ssm.onStartUser-0_com.android.server.compat.overrides.AppCompatOverridesService$Lifecycle took to complete: 0ms
04-15 16:13:50.474 535 535 D SystemServerTimingAsync: ssm.onStartUser-0_com.android.server.healthconnect.HealthConnectManagerService
04-15 16:13:50.474 535 535 V SystemServerTimingAsync: ssm.onStartUser-0_com.android.server.healthconnect.HealthConnectManagerService took to complete: 0ms
04-15 16:13:50.475 535 535 V SystemServerTimingAsync: ssm.StartUser-0 took to complete: 3674ms
04-15 16:13:50.476 535 535 D SystemServerTiming: startPersistentApps
04-15 16:13:50.487 535 535 D CompatibilityChangeReporter: Compat change id reported: 135634846; UID 1068; state: DISABLED
04-15 16:13:50.494 535 535 D CompatibilityChangeReporter: Compat change id reported: 135634846; UID 1001; state: DISABLED
04-15 16:13:50.496 535 568 W ActivityManager: com.android.se inode == 0 (b/152760674)
04-15 16:13:50.500 535 535 D CompatibilityChangeReporter: Compat change id reported: 177438394; UID 1001; state: DISABLED
04-15 16:13:50.504 535 535 D CompatibilityChangeReporter: Compat change id reported: 135772972; UID 1001; state: DISABLED
04-15 16:13:50.505 535 535 D CompatibilityChangeReporter: Compat change id reported: 135754954; UID 1001; state: ENABLED
04-15 16:13:50.506 535 535 V SystemServerTiming: startPersistentApps took to complete: 29ms
04-15 16:13:50.507 535 535 D SystemServerTiming: startHomeOnAllDisplays
04-15 16:13:50.536 535 535 D CompatibilityChangeReporter: Compat change id reported: 265464455; UID 1000; state: DISABLED
04-15 16:13:50.538 535 535 D CompatibilityChangeReporter: Compat change id reported: 265452344; UID 1000; state: DISABLED
04-15 16:13:50.539 535 535 D CompatibilityChangeReporter: Compat change id reported: 266124927; UID 1000; state: DISABLED
04-15 16:13:50.540 535 535 D CompatibilityChangeReporter: Compat change id reported: 265451093; UID 1000; state: DISABLED
04-15 16:13:50.541 535 535 D CompatibilityChangeReporter: Compat change id reported: 265456536; UID 1000; state: DISABLED
04-15 16:13:50.542 535 535 D CompatibilityChangeReporter: Compat change id reported: 255940284; UID 1000; state: DISABLED
04-15 16:13:50.546 535 535 D CompatibilityChangeReporter: Compat change id reported: 236283604; UID 1000; state: DISABLED
04-15 16:13:50.547 535 535 D CompatibilityChangeReporter: Compat change id reported: 263959004; UID 1000; state: DISABLED
04-15 16:13:50.548 329 329 D Zygote : Forked child process 1120
04-15 16:13:50.549 535 568 W ActivityManager: Slow operation: 63ms so far, now at startProcess: returned from zygote!
04-15 16:13:50.557 535 535 D CompatibilityChangeReporter: Compat change id reported: 264304459; UID 1000; state: DISABLED
04-15 16:13:50.558 535 535 D CompatibilityChangeReporter: Compat change id reported: 264301586; UID 1000; state: DISABLED
04-15 16:13:50.559 535 535 D CompatibilityChangeReporter: Compat change id reported: 254631730; UID 1000; state: DISABLED
04-15 16:13:50.561 535 535 D CompatibilityChangeReporter: Compat change id reported: 273509367; UID 1000; state: DISABLED
04-15 16:13:50.562 535 535 D CompatibilityChangeReporter: Compat change id reported: 263259275; UID 1000; state: DISABLED
04-15 16:13:50.563 535 535 D CompatibilityChangeReporter: Compat change id reported: 174042980; UID 1000; state: DISABLED
04-15 16:13:50.566 535 535 D CompatibilityChangeReporter: Compat change id reported: 174042936; UID 1000; state: DISABLED
04-15 16:13:50.567 535 535 D CompatibilityChangeReporter: Compat change id reported: 181136395; UID 1000; state: DISABLED
04-15 16:13:50.614 535 535 D CompatibilityChangeReporter: Compat change id reported: 194480991; UID 1000; state: ENABLED
04-15 16:13:50.718 1120 1120 I com.android.se: Using CollectorTypeCC GC.
04-15 16:13:50.730 1120 1120 W com.android.se: Unexpected CPU variant for x86: x86_64.
04-15 16:13:50.730 1120 1120 W com.android.se: Known variants: atom, sandybridge, silvermont, goldmont, goldmont-plus, tremont, kabylake, default
04-15 16:13:50.747 1120 1120 E com.android.se: Not starting debugger since process cannot load the jdwp agent.
04-15 16:13:50.817 535 535 D CompatibilityChangeReporter: Compat change id reported: 197654537; UID 1000; state: ENABLED
04-15 16:13:50.838 380 380 I android.hardware.power-service.example: Power isModeSupported: 5
04-15 16:13:50.878 535 535 I ActivityTaskManager: START u0 {act=android.intent.action.MAIN cat=[android.intent.category.HOME] flg=0x10000100 cmp=com.android.settings/.FallbackHome (has extras)} with LAUNCH_MULTIPLE from uid 0 (BAL_ALLOW_ALLOWLISTED_UID) result code=0
04-15 16:13:50.881 535 561 W system_server: Long monitor contention with owner main (535) at void com.android.server.wm.ActivityTaskManagerService.resumeAppSwitches()(ActivityTaskManagerService.java:3955) waiters=0 in void com.android.server.wm.WindowAnimator.lambda$new$1(long) for 252ms
04-15 16:13:50.901 535 535 V SystemServerTiming: startHomeOnAllDisplays took to complete: 393ms
04-15 16:13:50.902 535 535 D SystemServerTiming: showSystemReadyErrorDialogs
04-15 16:13:50.912 535 535 I system_server: getFrameworkHalManifest: Reading VINTF information.
04-15 16:13:51.013 535 535 I system_server: getDeviceHalManifest: Reading VINTF information.
04-15 16:13:51.231 535 535 I system_server: getDeviceHalManifest: Successfully processed VINTF information
04-15 16:13:51.231 535 535 I system_server: getFrameworkHalManifest: Successfully processed VINTF information
04-15 16:13:51.236 535 535 W system_server: uname() reports kernel level 8 but device manifest sets kernel level 7. Using kernel level 8
04-15 16:13:51.237 535 535 I system_server: getFrameworkCompatibilityMatrix: Reading VINTF information.
04-15 16:13:51.518 535 535 I system_server: getFrameworkCompatibilityMatrix: Successfully processed VINTF information
04-15 16:13:51.519 535 535 I system_server: getDeviceCompatibilityMatrix: Reading VINTF information.
04-15 16:13:51.534 535 535 I system_server: getDeviceCompatibilityMatrix: Successfully processed VINTF information
04-15 16:13:51.549 535 535 V SystemServerTiming: showSystemReadyErrorDialogs took to complete: 646ms
04-15 16:13:51.550 535 535 D SystemServerTiming: sendUserStartBroadcast
04-15 16:13:51.585 535 535 V SystemServerTiming: sendUserStartBroadcast took to complete: 35ms
04-15 16:13:51.586 535 535 D SystemServerTiming: resumeTopActivities
04-15 16:13:51.601 535 535 V SystemServerTiming: resumeTopActivities took to complete: 14ms
04-15 16:13:51.602 535 535 D SystemServerTiming: sendUserSwitchBroadcasts
04-15 16:13:51.606 535 535 V SystemServerTiming: sendUserSwitchBroadcasts took to complete: 4ms
04-15 16:13:51.607 535 535 D SystemServerTiming: setBinderProxies
04-15 16:13:51.613 535 535 V SystemServerTiming: setBinderProxies took to complete: 6ms
04-15 16:13:51.614 535 535 V SystemServerTiming: ActivityManagerStartApps took to complete: 4826ms
04-15 16:13:51.614 535 535 D SystemServerTiming: componentAlias
04-15 16:13:51.616 535 535 D ComponentAliasResolver: Compat listener set.
04-15 16:13:51.617 535 535 V SystemServerTiming: componentAlias took to complete: 3ms
04-15 16:13:51.618 535 535 V SystemServerTiming: PhaseActivityManagerReady took to complete: 23567ms
04-15 16:13:51.618 535 535 D SystemServerTiming: LockSettingsThirdPartyAppsStarted
04-15 16:13:51.620 535 568 W system_server: Long monitor contention with owner main (535) at int com.android.server.am.UserController$Injector.broadcastIntent(android.content.Intent, java.lang.String, android.content.IIntentReceiver, int, java.lang.String, android.os.Bundle, java.lang.String[], int, android.os.Bundle, boolean, boolean, int, int, int, int, int)(UserController.java:3436) waiters=0 in void com.android.server.am.ProcessList.lambda$handleProcessStart$1(com.android.server.am.ProcessRecord, java.lang.String, int[], int, int, int, java.lang.String, java.lang.String, java.lang.String, long) for 1.071s
04-15 16:13:51.621 535 568 W ActivityManager: Slow operation: 1135ms so far, now at startProcess: done updating battery stats
04-15 16:13:51.622 535 568 W ActivityManager: Slow operation: 1136ms so far, now at startProcess: building log message
04-15 16:13:51.622 535 568 I ActivityManager: Start proc 1120:com.android.se/1068 for added application com.android.se
04-15 16:13:51.622 535 568 W ActivityManager: Slow operation: 1136ms so far, now at startProcess: starting to update pids map
04-15 16:13:51.623 535 568 W ActivityManager: Slow operation: 1138ms so far, now at startProcess: done updating pids map
04-15 16:13:51.633 535 535 I LockSettingsService: Migrating unsecured user 0 to SP-based credential
04-15 16:13:51.633 535 535 I LockSettingsService: Initializing synthetic password for user 0
04-15 16:13:51.638 535 560 W system_server: Long monitor contention with owner main (535) at int com.android.server.am.UserController$Injector.broadcastIntent(android.content.Intent, java.lang.String, android.content.IIntentReceiver, int, java.lang.String, android.os.Bundle, java.lang.String[], int, android.os.Bundle, boolean, boolean, int, int, int, int, int)(UserController.java:3436) waiters=1 in void com.android.server.am.ActivityManagerService$LocalService.startProcess(java.lang.String, android.content.pm.ApplicationInfo, boolean, boolean, java.lang.String, android.content.ComponentName) for 765ms
04-15 16:13:51.641 535 568 W ActivityManager: Slow operation: 1148ms so far, now at startProcess: asking zygote to start proc
04-15 16:13:51.641 535 568 W ActivityManager: com.android.stk inode == 0 (b/152760674)
04-15 16:13:51.660 535 552 W system_server: Long monitor contention with owner main (535) at int com.android.server.am.UserController$Injector.broadcastIntent(android.content.Intent, java.lang.String, android.content.IIntentReceiver, int, java.lang.String, android.os.Bundle, java.lang.String[], int, android.os.Bundle, boolean, boolean, int, int, int, int, int)(UserController.java:3436) waiters=2 in void com.android.server.am.ActivityManagerService.attachApplication(android.app.IApplicationThread, long) for 760ms
04-15 16:13:51.687 535 552 D CompatibilityChangeReporter: Compat change id reported: 168419799; UID 1068; state: DISABLED
04-15 16:13:51.689 535 552 D CompatibilityChangeReporter: Compat change id reported: 273564678; UID 1068; state: DISABLED
04-15 16:13:51.703 329 329 D Zygote : Forked child process 1134
04-15 16:13:51.703 535 568 W ActivityManager: Slow operation: 1210ms so far, now at startProcess: returned from zygote!
04-15 16:13:51.750 535 535 I SyntheticPasswordManager: Creating LSKF-based protector e99dfbf27be413c4 for user 0
04-15 16:13:51.761 0 0 I servicemanager: Could not find android.hardware.weaver.IWeaver/default in the VINTF manifest.
04-15 16:13:51.804 1120 1120 D CompatibilityChangeReporter: Compat change id reported: 171979766; UID 1068; state: ENABLED
04-15 16:13:51.806 132 132 I hwservicemanager: getTransport: Cannot find entry android.hardware.weaver@1.0::IWeaver/default in either framework or device VINTF manifest.
04-15 16:13:51.817 535 535 W SyntheticPasswordManager: Device does not support weaver
04-15 16:13:51.821 1120 1120 D CompatibilityChangeReporter: Compat change id reported: 242716250; UID 1068; state: ENABLED
04-15 16:13:51.875 155 164 E keystore2: system/security/keystore2/src/error.rs:180 - system/security/keystore2/src/security_level.rs:681: Trying to call importKey
04-15 16:13:51.875 155 164 E keystore2:
04-15 16:13:51.875 155 164 E keystore2: Caused by:
04-15 16:13:51.875 155 164 E keystore2: Error::Km(r#ROLLBACK_RESISTANCE_UNAVAILABLE)
04-15 16:13:51.880 535 535 W SyntheticPasswordCrypto: Rollback-resistant keys unavailable. Falling back to non-rollback-resistant key
04-15 16:13:51.891 535 558 W Looper : Slow dispatch took 134ms android.ui h=com.android.server.am.ActivityManagerService$UiHandler c=com.android.server.am.UidObserverController$$ExternalSyntheticLambda0@74f0803 m=0
04-15 16:13:51.900 535 568 W ActivityManager: Slow operation: 1407ms so far, now at startProcess: done updating battery stats
04-15 16:13:51.910 535 624 D CompatibilityChangeReporter: Compat change id reported: 265195908; UID 1068; state: ENABLED
04-15 16:13:51.911 535 568 I Watchdog: Interesting Java process com.android.phone started. Pid 1134
04-15 16:13:51.912 535 568 W ActivityManager: Slow operation: 1419ms so far, now at startProcess: building log message
04-15 16:13:51.913 535 568 I ActivityManager: Start proc 1134:com.android.phone/1001 for added application com.android.phone
04-15 16:13:51.913 535 568 W ActivityManager: Slow operation: 1420ms so far, now at startProcess: starting to update pids map
04-15 16:13:51.914 535 568 W ActivityManager: Slow operation: 1421ms so far, now at startProcess: done updating pids map
04-15 16:13:51.914 535 568 W ActivityManager: Slow operation: 275ms so far, now at startProcess: asking zygote to start proc
04-15 16:13:51.915 535 568 W ActivityManager: com.android.emulator.multidisplay inode == 0 (b/152760674)
04-15 16:13:51.941 1134 1134 I m.android.phone: Using CollectorTypeCC GC.
04-15 16:13:51.952 1134 1134 W m.android.phone: Unexpected CPU variant for x86: x86_64.
04-15 16:13:51.952 1134 1134 W m.android.phone: Known variants: atom, sandybridge, silvermont, goldmont, goldmont-plus, tremont, kabylake, default
04-15 16:13:51.981 535 818 D ConnectivityService: Got NetworkProvider Messenger for VpnNetworkProvider:0
04-15 16:13:51.994 329 329 D Zygote : Forked child process 1139
04-15 16:13:52.012 535 568 W ActivityManager: Slow operation: 373ms so far, now at startProcess: returned from zygote!
04-15 16:13:52.013 535 568 W ActivityManager: Slow operation: 374ms so far, now at startProcess: done updating battery stats
04-15 16:13:52.013 535 568 W ActivityManager: Slow operation: 374ms so far, now at startProcess: building log message
04-15 16:13:52.013 535 568 I ActivityManager: Start proc 1139:com.android.settings/1000 for top-activity {com.android.settings/com.android.settings.FallbackHome}
04-15 16:13:52.013 535 568 W ActivityManager: Slow operation: 374ms so far, now at startProcess: starting to update pids map
04-15 16:13:52.026 535 568 W ActivityManager: Slow operation: 387ms so far, now at startProcess: done updating pids map
04-15 16:13:52.039 1120 1120 D CompatibilityChangeReporter: Compat change id reported: 3400644; UID 1068; state: ENABLED
04-15 16:13:52.075 1134 1134 E m.android.phone: Not starting debugger since process cannot load the jdwp agent.
04-15 16:13:52.113 1105 1105 I bt_stack_config: packages/modules/Bluetooth/system/main/stack_config.cc:199 get_pts_broadcast_audio_config_options: Config isn't ready, use default option
04-15 16:13:52.147 1120 1120 D nativeloader: Configuring clns-shared-6 for other apk /system/app/SecureElement/SecureElement.apk. target_sdk_version=34, uses_libraries=, library_path=/system/app/SecureElement/lib/x86_64:/system/lib64:/system_ext/lib64, permitted_path=/data:/mnt/expand:/data/user/0/com.android.se:/system/app/SecureElement:/system/lib64:/system_ext/lib64
04-15 16:13:52.221 535 552 D CompatibilityChangeReporter: Compat change id reported: 168419799; UID 1001; state: DISABLED
04-15 16:13:52.225 535 552 D CompatibilityChangeReporter: Compat change id reported: 273564678; UID 1001; state: DISABLED
04-15 16:13:52.260 1139 1139 I ndroid.settings: Using CollectorTypeCC GC.
04-15 16:13:52.284 535 624 D CompatibilityChangeReporter: Compat change id reported: 265195908; UID 1001; state: ENABLED
04-15 16:13:52.294 1134 1134 D CompatibilityChangeReporter: Compat change id reported: 171979766; UID 1001; state: ENABLED
04-15 16:13:52.295 1134 1134 D CompatibilityChangeReporter: Compat change id reported: 242716250; UID 1001; state: ENABLED
04-15 16:13:52.296 1139 1139 W ndroid.settings: Unexpected CPU variant for x86: x86_64.
04-15 16:13:52.296 1139 1139 W ndroid.settings: Known variants: atom, sandybridge, silvermont, goldmont, goldmont-plus, tremont, kabylake, default
04-15 16:13:52.303 1120 1120 W ContextImpl: Failed to ensure /data/user/0/com.android.se/cache: mkdir failed: ENOENT (No such file or directory)
04-15 16:13:52.303 1120 1120 W ContextImpl: Failed to update user.inode_cache: stat failed: ENOENT (No such file or directory)
04-15 16:13:52.314 1105 1105 I droid.bluetooth: [0415/161352.312175:INFO:btif_config_cache.cc(67)] BtifConfigCache, capacity: 10000
04-15 16:13:52.321 1139 1139 E ndroid.settings: Not starting debugger since process cannot load the jdwp agent.
04-15 16:13:52.332 1120 1120 V GraphicsEnvironment: Currently set values for:
04-15 16:13:52.333 1120 1120 V GraphicsEnvironment: angle_gl_driver_selection_pkgs=[]
04-15 16:13:52.334 1120 1120 V GraphicsEnvironment: angle_gl_driver_selection_values=[]
04-15 16:13:52.334 1120 1120 V GraphicsEnvironment: ANGLE GameManagerService for com.android.se: false
04-15 16:13:52.335 1120 1120 V GraphicsEnvironment: com.android.se is not listed in per-application setting
04-15 16:13:52.336 1120 1120 V GraphicsEnvironment: Neither updatable production driver nor prerelease driver is supported.
04-15 16:13:52.433 141 141 D vold : fscrypt_set_user_key_protection 0
04-15 16:13:52.446 1134 1134 D nativeloader: Configuring clns-shared-6 for other apk /system/framework/org.apache.http.legacy.jar. target_sdk_version=34, uses_libraries=ALL, library_path=/system/priv-app/TeleService/lib/x86_64:/system/lib64:/system_ext/lib64, permitted_path=/data:/mnt/expand:/data/user_de/0/com.android.phone:/system/priv-app/TeleService:/system/lib64:/system_ext/lib64
04-15 16:13:52.454 535 957 I ActivityManager: Flag disabled. Ignoring finishAttachApplication from uid: 1068. pid: 1120
04-15 16:13:52.493 1120 1120 I SecureElementService: main onCreate
04-15 16:13:52.496 535 552 D CompatibilityChangeReporter: Compat change id reported: 168419799; UID 1000; state: DISABLED
04-15 16:13:52.497 535 552 D CompatibilityChangeReporter: Compat change id reported: 273564678; UID 1000; state: DISABLED
04-15 16:13:52.600 141 141 D vold : Stored key /data/misc/vold/user_keys/ce/0/current
04-15 16:13:52.602 141 141 I vold : Stored CE key for new user 0
04-15 16:13:52.665 535 535 I LockSettingsService: Sending vendor auth secret to IAuthSecret HAL as user: 0
04-15 16:13:52.700 535 552 W ActivityManager: Slow operation: 201ms so far, now at finishAttachApplicationInner: after mServices.attachApplicationLocked
04-15 16:13:52.701 535 552 W ActivityManager: Slow operation: 202ms so far, now at finishAttachApplicationInner: after dispatching broadcasts
04-15 16:13:52.717 1139 1139 D CompatibilityChangeReporter: Compat change id reported: 171979766; UID 1000; state: ENABLED
04-15 16:13:52.717 1139 1139 D CompatibilityChangeReporter: Compat change id reported: 242716250; UID 1000; state: ENABLED
04-15 16:13:52.723 535 1073 D CompatibilityChangeReporter: Compat change id reported: 161145287; UID 1068; state: ENABLED
04-15 16:13:52.759 1139 1139 D CompatibilityChangeReporter: Compat change id reported: 3400644; UID 1000; state: ENABLED
04-15 16:13:52.760 395 395 I BpBinder: onLastStrongRef automatically unlinking death recipients:
04-15 16:13:52.803 535 535 I LockSettingsService: Successfully initialized synthetic password for user 0
04-15 16:13:52.894 535 645 E BluetoothManagerService: MESSAGE_TIMEOUT_BIND
04-15 16:13:52.915 1139 1139 D nativeloader: Configuring clns-shared-6 for other apk /system/framework/org.apache.http.legacy.jar. target_sdk_version=34, uses_libraries=ALL, library_path=/system_ext/priv-app/Settings/lib/x86_64:/system_ext/priv-app/Settings/Settings.apk!/lib/x86_64:/system/lib64:/system_ext/lib64, permitted_path=/data:/mnt/expand:/data/user_de/0/com.android.settings:/system_ext/priv-app/Settings:/system/lib64:/system_ext/lib64
04-15 16:13:52.943 1120 1120 I SecureElementService: Check if terminal eSE1 is available.
04-15 16:13:52.954 535 535 V SystemServerTiming: LockSettingsThirdPartyAppsStarted took to complete: 1336ms
04-15 16:13:52.954 535 535 D SystemServerTiming: StartSystemUI
04-15 16:13:52.959 0 0 I servicemanager: Could not find android.hardware.secure_element.ISecureElement/eSE1 in the VINTF manifest.
04-15 16:13:52.961 1139 1139 D ApplicationLoaders: Returning zygote-cached class loader: /system_ext/framework/androidx.window.extensions.jar
04-15 16:13:52.961 1139 1139 D ApplicationLoaders: Returning zygote-cached class loader: /system_ext/framework/androidx.window.sidecar.jar
04-15 16:13:53.049 132 132 I hwservicemanager: getTransport: Cannot find entry android.hardware.secure_element@1.2::ISecureElement/eSE1 in either framework or device VINTF manifest.
04-15 16:13:53.051 1120 1120 D SecureElement-Terminal-eSE1: SE Hal V1.2 is not supported
04-15 16:13:53.061 132 132 I hwservicemanager: getTransport: Cannot find entry android.hardware.secure_element@1.1::ISecureElement/eSE1 in either framework or device VINTF manifest.
04-15 16:13:53.061 1120 1120 D SecureElement-Terminal-eSE1: SE Hal V1.1 is not supported
04-15 16:13:53.062 132 132 I hwservicemanager: getTransport: Cannot find entry android.hardware.secure_element@1.0::ISecureElement/eSE1 in either framework or device VINTF manifest.
04-15 16:13:53.063 1120 1120 I SecureElementService: No HAL implementation for eSE1
04-15 16:13:53.063 1120 1120 I SecureElementService: Check if terminal SIM1 is available.
04-15 16:13:53.067 132 132 I hwservicemanager: getTransport: Cannot find entry android.hardware.secure_element@1.2::ISecureElement/SIM1 in either framework or device VINTF manifest.
04-15 16:13:53.067 1120 1120 D SecureElement-Terminal-SIM1: SE Hal V1.2 is not supported
04-15 16:13:53.067 132 132 I hwservicemanager: getTransport: Cannot find entry android.hardware.secure_element@1.1::ISecureElement/SIM1 in either framework or device VINTF manifest.
04-15 16:13:53.073 0 0 I servicemanager: Could not find android.hardware.secure_element.ISecureElement/SIM1 in the VINTF manifest.
04-15 16:13:53.072 1120 1120 D SecureElement-Terminal-SIM1: SE Hal V1.1 is not supported
04-15 16:13:53.072 132 132 I hwservicemanager: getTransport: Cannot find entry android.hardware.secure_element@1.0::ISecureElement/SIM1 in either framework or device VINTF manifest.
04-15 16:13:53.073 1120 1120 I SecureElementService: No HAL implementation for SIM1
04-15 16:13:53.136 535 535 V SystemServerTiming: StartSystemUI took to complete: 182ms
04-15 16:13:53.137 535 535 V SystemServerTiming: startOtherServices took to complete: 98027ms
04-15 16:13:53.143 535 535 D SystemServerTiming: startApexServices
04-15 16:13:53.143 535 535 D SystemServerTiming: starting com.android.server.devicelock.DeviceLockService
04-15 16:13:53.185 1139 1139 D nativeloader: Configuring clns-shared-7 for other apk /system_ext/priv-app/Settings/Settings.apk. target_sdk_version=34, uses_libraries=, library_path=/system_ext/priv-app/Settings/lib/x86_64:/system_ext/priv-app/Settings/Settings.apk!/lib/x86_64:/system/lib64:/system_ext/lib64, permitted_path=/data:/mnt/expand:/data/user_de/0/com.android.settings:/system_ext/priv-app/Settings:/system/lib64:/system_ext/lib64
04-15 16:13:53.214 1134 1134 D nativeloader: Configuring clns-shared-7 for other apk /system/priv-app/TeleService/TeleService.apk. target_sdk_version=34, uses_libraries=, library_path=/system/priv-app/TeleService/lib/x86_64:/system/lib64:/system_ext/lib64, permitted_path=/data:/mnt/expand:/data/user_de/0/com.android.phone:/system/priv-app/TeleService:/system/lib64:/system_ext/lib64
04-15 16:13:53.236 535 535 I SystemServiceManager: Starting com.android.server.devicelock.DeviceLockService
04-15 16:13:53.279 1105 1105 W ActivityThread: Failed to find provider info for bluetooth_legacy.provider (user not unlocked)
04-15 16:13:53.280 893 893 V SystemUIBootTiming: StartServices com.android.keyguard.KeyguardBiometricLockoutLogger took to complete: 7ms
04-15 16:13:53.282 535 535 D DeviceLockService: DeviceLockService constructor
04-15 16:13:53.291 535 535 I DeviceLockService: Registering device_lock
04-15 16:13:53.292 1105 1105 D DataMigration: Legacy migration skiped: no migration app installed
04-15 16:13:53.297 893 893 V SystemUIBootTiming: StartServices com.android.systemui.LatencyTester took to complete: 17ms
04-15 16:13:53.308 535 535 V SystemServerTiming: starting com.android.server.devicelock.DeviceLockService took to complete: 163ms
04-15 16:13:53.308 535 535 D SystemServerTiming: starting com.android.server.scheduling.RebootReadinessManagerService$Lifecycle
04-15 16:13:53.309 535 535 I SystemServiceManager: Starting com.android.server.scheduling.RebootReadinessManagerService$Lifecycle
04-15 16:13:53.309 535 535 I SystemServiceManager: Not starting an already started service com.android.server.scheduling.RebootReadinessManagerService$Lifecycle
04-15 16:13:53.309 535 535 V SystemServerTiming: starting com.android.server.scheduling.RebootReadinessManagerService$Lifecycle took to complete: 1ms
04-15 16:13:53.310 535 535 V SystemServerTiming: startApexServices took to complete: 167ms
04-15 16:13:53.310 535 535 D SystemServerTiming: UpdateWatchdogTimeout
04-15 16:13:53.311 535 535 I Watchdog: Watchdog timeout updated to 60000 millis
04-15 16:13:53.317 535 535 V SystemServerTiming: UpdateWatchdogTimeout took to complete: 7ms
04-15 16:13:53.317 535 535 V SystemServerTiming: StartServices took to complete: 115475ms
04-15 16:13:53.323 1139 1139 V GraphicsEnvironment: Currently set values for:
04-15 16:13:53.323 1139 1139 V GraphicsEnvironment: angle_gl_driver_selection_pkgs=[]
04-15 16:13:53.323 1139 1139 V GraphicsEnvironment: angle_gl_driver_selection_values=[]
04-15 16:13:53.337 535 535 W Looper : Slow delivery took 113556ms main h=android.app.PropertyInvalidatedCache$AutoCorker$1 c=null m=0
04-15 16:13:53.341 1139 1139 V GraphicsEnvironment: ANGLE GameManagerService for com.android.settings: false
04-15 16:13:53.344 1139 1139 V GraphicsEnvironment: com.android.settings is not listed in per-application setting
04-15 16:13:53.345 1139 1139 V GraphicsEnvironment: Neither updatable production driver nor prerelease driver is supported.
04-15 16:13:53.377 1134 1134 V GraphicsEnvironment: Currently set values for:
04-15 16:13:53.378 1134 1134 V GraphicsEnvironment: angle_gl_driver_selection_pkgs=[]
04-15 16:13:53.385 1134 1134 V GraphicsEnvironment: angle_gl_driver_selection_values=[]
04-15 16:13:53.386 1134 1134 V GraphicsEnvironment: ANGLE GameManagerService for com.android.phone: false
04-15 16:13:53.387 1134 1134 V GraphicsEnvironment: com.android.phone is not listed in per-application setting
04-15 16:13:53.387 1134 1134 V GraphicsEnvironment: Neither updatable production driver nor prerelease driver is supported.
04-15 16:13:53.397 1105 1105 I BluetoothAvrcpControllerJni: classInitNative: succeeds
04-15 16:13:53.401 1105 1105 D CompatibilityChangeReporter: Compat change id reported: 263076149; UID 1002; state: ENABLED
04-15 16:13:53.405 1105 1105 I BluetoothHidHostServiceJni: classInitNative: succeeds
04-15 16:13:53.414 1105 1105 I BluetoothPanServiceJni: classInitNative(L108): succeeds
04-15 16:13:53.444 1139 1139 D CompatibilityChangeReporter: Compat change id reported: 183155436; UID 1000; state: ENABLED
04-15 16:13:53.451 1105 1105 I AdapterServiceConfig: init: profile=A2dpService, enabled=true
04-15 16:13:53.456 1105 1105 I AdapterServiceConfig: init: profile=A2dpSinkService, enabled=false
04-15 16:13:53.465 1105 1105 I AdapterServiceConfig: init: profile=AvrcpTargetService, enabled=true
04-15 16:13:53.465 1105 1105 I AdapterServiceConfig: init: profile=AvrcpControllerService, enabled=false
04-15 16:13:53.466 1105 1105 I AdapterServiceConfig: init: profile=BassClientService, enabled=false
04-15 16:13:53.466 1105 1105 I AdapterServiceConfig: init: profile=BatteryService, enabled=false
04-15 16:13:53.467 1105 1105 I AdapterServiceConfig: init: profile=CsipSetCoordinatorService, enabled=false
04-15 16:13:53.467 1105 1105 I AdapterServiceConfig: init: profile=HapClientService, enabled=false
04-15 16:13:53.468 1105 1105 I AdapterServiceConfig: init: profile=HeadsetService, enabled=true
04-15 16:13:53.468 1105 1105 I AdapterServiceConfig: init: profile=HeadsetClientService, enabled=false
04-15 16:13:53.469 1105 1105 I AdapterServiceConfig: init: profile=HearingAidService, enabled=true
04-15 16:13:53.469 1105 1105 I AdapterServiceConfig: init: profile=HidDeviceService, enabled=true
04-15 16:13:53.469 1105 1105 I AdapterServiceConfig: init: profile=HidHostService, enabled=true
04-15 16:13:53.470 1105 1105 I AdapterServiceConfig: init: profile=GattService, enabled=true
04-15 16:13:53.470 1105 1105 I AdapterServiceConfig: init: profile=LeAudioService, enabled=false
04-15 16:13:53.471 1105 1105 I AdapterServiceConfig: init: profile=TbsService, enabled=false
04-15 16:13:53.471 1105 1105 I AdapterServiceConfig: init: profile=BluetoothMapService, enabled=true
04-15 16:13:53.471 1105 1105 I AdapterServiceConfig: init: profile=MapClientService, enabled=false
04-15 16:13:53.472 1105 1105 I AdapterServiceConfig: init: profile=McpService, enabled=true
04-15 16:13:53.472 1105 1105 I AdapterServiceConfig: init: profile=BluetoothOppService, enabled=true
04-15 16:13:53.480 1105 1105 I AdapterServiceConfig: init: profile=PanService, enabled=true
04-15 16:13:53.480 1105 1105 I AdapterServiceConfig: init: profile=BluetoothPbapService, enabled=true
04-15 16:13:53.481 1105 1105 I AdapterServiceConfig: init: profile=PbapClientService, enabled=false
04-15 16:13:53.481 1105 1105 I AdapterServiceConfig: init: profile=SapService, enabled=false
04-15 16:13:53.482 1105 1105 I AdapterServiceConfig: init: profile=VolumeControlService, enabled=false
04-15 16:13:53.489 535 552 I ActivityManager: Flag disabled. Ignoring finishAttachApplication from uid: 1002. pid: 1105
04-15 16:13:53.503 1139 1139 D BatteryStateDatabase: initialize battery states database
04-15 16:13:53.506 1139 1139 W BatteryUsageContentProvider: create content provider from null
04-15 16:13:53.518 1139 1139 D SettingsSliceProvider: init
04-15 16:13:53.519 1139 1139 D SettingsSliceProvider: onCreateSliceProvider
04-15 16:13:53.533 1105 1105 I BluetoothMetricsLogger: setCounterMetricsAlarm()
04-15 16:13:53.540 1134 1134 D nativeloader: Configuring clns-shared-8 for other apk /system/app/Stk/Stk.apk. target_sdk_version=34, uses_libraries=, library_path=/system/app/Stk/lib/x86_64:/system/lib64:/system_ext/lib64, permitted_path=/data:/mnt/expand:/data/user_de/0/com.android.stk:/system/app/Stk:/system/lib64:/system_ext/lib64
04-15 16:13:53.555 1105 1105 W BluetoothMetricsLogger: MetricsLogger is creating a new Bloomfilter file
04-15 16:13:53.583 535 535 W Looper : Slow dispatch took 245ms main h=com.android.server.pm.UserManagerService$MainHandler c=null m=2
04-15 16:13:53.593 1139 1139 D SpaEnvironment: reset
04-15 16:13:53.631 535 567 D OomAdjuster: Not killing cached processes
04-15 16:13:53.647 893 893 V SystemUIBootTiming: StartServices com.android.systemui.ScreenDecorations took to complete: 349ms
04-15 16:13:53.655 893 893 V SystemUIBootTiming: StartServices com.android.systemui.SliceBroadcastRelayHandler took to complete: 8ms
04-15 16:13:53.689 535 557 W QuotaTracker: Alarm not scheduled because boot isn't completed
04-15 16:13:53.744 1134 1134 D nativeloader: Configuring clns-shared-9 for other apk /system/priv-app/TelephonyProvider/TelephonyProvider.apk. target_sdk_version=34, uses_libraries=, library_path=/system/priv-app/TelephonyProvider/lib/x86_64:/system/lib64:/system_ext/lib64, permitted_path=/data:/mnt/expand:/data/user_de/0/com.android.providers.telephony:/system/priv-app/TelephonyProvider:/system/lib64:/system_ext/lib64
04-15 16:13:53.745 395 414 E HwcComposer: getDisplayDecorationSupport failed Status(-8, EX_SERVICE_SPECIFIC): '8: '
04-15 16:13:53.749 395 414 E HWComposer: getDisplayDecorationSupport: getDisplayDecorationSupport failed for display 4619827259835644672: Unsupported (8)
04-15 16:13:53.770 535 552 I ActivityManager: Flag disabled. Ignoring finishAttachApplication from uid: 1000. pid: 1139
04-15 16:13:53.772 535 535 D CompatibilityChangeReporter: Compat change id reported: 289878283; UID 1000; state: ENABLED
04-15 16:13:53.807 1134 1134 D CarrierProvider: onCreate
04-15 16:13:53.856 1134 1134 D CompatibilityChangeReporter: Compat change id reported: 263076149; UID 1001; state: ENABLED
04-15 16:13:53.871 535 535 W Looper : Slow dispatch took 228ms main h=com.android.providers.settings.SettingsProvider$SettingsRegistry$MyHandler c=null m=2
04-15 16:13:53.885 1134 1134 D DeferredSmsMmsRestoreService: startIfFilesExist: no files to restore
04-15 16:13:53.885 1134 1134 D DeferredSmsMmsRestoreService: addAllSharedPrefToLocalLog
04-15 16:13:53.910 1139 1179 D libEGL : loaded /vendor/lib64/egl/libEGL_emulation.so
04-15 16:13:53.941 1139 1179 D libEGL : loaded /vendor/lib64/egl/libGLESv1_CM_emulation.so
04-15 16:13:53.966 1139 1179 D libEGL : loaded /vendor/lib64/egl/libGLESv2_emulation.so
04-15 16:13:53.971 535 956 D CompatibilityChangeReporter: Compat change id reported: 161145287; UID 1001; state: ENABLED
04-15 16:13:54.039 1134 1134 D CarrierIdProvider: onCreate
04-15 16:13:54.070 1134 1134 D CarrierIdDatabaseHelper: CarrierIdDatabaseHelper: 5
04-15 16:13:54.086 893 893 D NavigationModeController: getCurrentInteractionMode: mode=0 contextUser=0
04-15 16:13:54.121 893 893 D OverviewProxyService: disconnectFromLauncherService bound?: false currentProxy: null disconnectReason: startConnectionToCurrentUser
04-15 16:13:54.121 893 893 D OverviewProxyService: java.lang.Throwable
04-15 16:13:54.121 893 893 D OverviewProxyService: at com.android.systemui.recents.OverviewProxyService.disconnectFromLauncherService(go/retraceme bb0c85583bc8cef368173602f8ea06d241ec8a7fed6aca80388046fe2c5dd77a:37)
04-15 16:13:54.121 893 893 D OverviewProxyService: at com.android.systemui.recents.OverviewProxyService.internalConnectToCurrentUser(go/retraceme bb0c85583bc8cef368173602f8ea06d241ec8a7fed6aca80388046fe2c5dd77a:1)
04-15 16:13:54.121 893 893 D OverviewProxyService: at com.android.systemui.recents.OverviewProxyService.startConnectionToCurrentUser(go/retraceme bb0c85583bc8cef368173602f8ea06d241ec8a7fed6aca80388046fe2c5dd77a:22)
04-15 16:13:54.121 893 893 D OverviewProxyService: at com.android.systemui.recents.OverviewProxyService.updateEnabledAndBinding(go/retraceme bb0c85583bc8cef368173602f8ea06d241ec8a7fed6aca80388046fe2c5dd77a:30)
04-15 16:13:54.121 893 893 D OverviewProxyService: at com.android.systemui.recents.OverviewProxyService.(go/retraceme bb0c85583bc8cef368173602f8ea06d241ec8a7fed6aca80388046fe2c5dd77a:324)
04-15 16:13:54.121 893 893 D OverviewProxyService: at com.android.systemui.dagger.DaggerReferenceGlobalRootComponent$ReferenceSysUIComponentImpl$SwitchingProvider.get0(go/retraceme bb0c85583bc8cef368173602f8ea06d241ec8a7fed6aca80388046fe2c5dd77a:11)
04-15 16:13:54.121 893 893 D OverviewProxyService: at com.android.systemui.dagger.DaggerReferenceGlobalRootComponent$ReferenceSysUIComponentImpl$SwitchingProvider.get(go/retraceme bb0c85583bc8cef368173602f8ea06d241ec8a7fed6aca80388046fe2c5dd77a:51)
04-15 16:13:54.121 893 893 D OverviewProxyService: at dagger.internal.DoubleCheck.get(go/retraceme bb0c85583bc8cef368173602f8ea06d241ec8a7fed6aca80388046fe2c5dd77a:14)
04-15 16:13:54.121 893 893 D OverviewProxyService: at com.android.systemui.dagger.DaggerReferenceGlobalRootComponent$ReferenceSysUIComponentImpl$SwitchingProvider.get4(go/retraceme bb0c85583bc8cef368173602f8ea06d241ec8a7fed6aca80388046fe2c5dd77a:30)
04-15 16:13:54.121 893 893 D OverviewProxyService: at com.android.systemui.dagger.DaggerReferenceGlobalRootComponent$ReferenceSysUIComponentImpl$SwitchingProvider.get(go/retraceme bb0c85583bc8cef368173602f8ea06d241ec8a7fed6aca80388046fe2c5dd77a:31)
04-15 16:13:54.121 893 893 D OverviewProxyService: at dagger.internal.DoubleCheck.get(go/retraceme bb0c85583bc8cef368173602f8ea06d241ec8a7fed6aca80388046fe2c5dd77a:14)
04-15 16:13:54.121 893 893 D OverviewProxyService: at com.android.systemui.dagger.ContextComponentResolver.resolve(go/retraceme bb0c85583bc8cef368173602f8ea06d241ec8a7fed6aca80388046fe2c5dd77a:14)
04-15 16:13:54.121 893 893 D OverviewProxyService: at com.android.systemui.recents.RecentsModule_ProvideRecentsImplFactory.provideRecentsImpl(go/retraceme bb0c85583bc8cef368173602f8ea06d241ec8a7fed6aca80388046fe2c5dd77a:20)
04-15 16:13:54.121 893 893 D OverviewProxyService: at com.android.systemui.dagger.DaggerReferenceGlobalRootComponent$ReferenceSysUIComponentImpl.recentsImplementation(go/retraceme bb0c85583bc8cef368173602f8ea06d241ec8a7fed6aca80388046fe2c5dd77a:13)
04-15 16:13:54.121 893 893 D OverviewProxyService: at com.android.systemui.dagger.DaggerReferenceGlobalRootComponent$ReferenceSysUIComponentImpl.-$$Nest$mrecentsImplementation(go/retraceme bb0c85583bc8cef368173602f8ea06d241ec8a7fed6aca80388046fe2c5dd77a:1)
04-15 16:13:54.121 893 893 D OverviewProxyService: at com.android.systemui.dagger.DaggerReferenceGlobalRootComponent$ReferenceSysUIComponentImpl$SwitchingProvider.get1(go/retraceme bb0c85583bc8cef368173602f8ea06d241ec8a7fed6aca80388046fe2c5dd77a:81)
04-15 16:13:54.121 893 893 D OverviewProxyService: at com.android.systemui.dagger.DaggerReferenceGlobalRootComponent$ReferenceSysUIComponentImpl$SwitchingProvider.get(go/retraceme bb0c85583bc8cef368173602f8ea06d241ec8a7fed6aca80388046fe2c5dd77a:46)
04-15 16:13:54.121 893 893 D OverviewProxyService: at dagger.internal.DoubleCheck.get(go/retraceme bb0c85583bc8cef368173602f8ea06d241ec8a7fed6aca80388046fe2c5dd77a:14)
04-15 16:13:54.121 893 893 D OverviewProxyService: at com.android.systemui.dagger.DaggerReferenceGlobalRootComponent$ReferenceSysUIComponentImpl$SwitchingProvider.get1(go/retraceme bb0c85583bc8cef368173602f8ea06d241ec8a7fed6aca80388046fe2c5dd77a:134)
04-15 16:13:54.121 893 893 D OverviewProxyService: at com.android.systemui.dagger.DaggerReferenceGlobalRootComponent$ReferenceSysUIComponentImpl$SwitchingProvider.get(go/retraceme bb0c85583bc8cef368173602f8ea06d241ec8a7fed6aca80388046fe2c5dd77a:46)
04-15 16:13:54.121 893 893 D OverviewProxyService: at dagger.internal.DoubleCheck.get(go/retraceme bb0c85583bc8cef368173602f8ea06d241ec8a7fed6aca80388046fe2c5dd77a:14)
04-15 16:13:54.121 893 893 D OverviewProxyService: at com.android.systemui.SystemUIApplication$$ExternalSyntheticLambda1.run(go/retraceme bb0c85583bc8cef368173602f8ea06d241ec8a7fed6aca80388046fe2c5dd77a:47)
04-15 16:13:54.121 893 893 D OverviewProxyService: at com.android.systemui.SystemUIApplication.timeInitialization(go/retraceme bb0c85583bc8cef368173602f8ea06d241ec8a7fed6aca80388046fe2c5dd77a:28)
04-15 16:13:54.121 893 893 D OverviewProxyService: at com.android.systemui.SystemUIApplication.startServicesIfNeeded(go/retraceme bb0c85583bc8cef368173602f8ea06d241ec8a7fed6aca80388046fe2c5dd77a:18)
04-15 16:13:54.121 893 893 D OverviewProxyService: at com.android.systemui.SystemUIApplication.startServicesIfNeeded(go/retraceme bb0c85583bc8cef368173602f8ea06d241ec8a7fed6aca80388046fe2c5dd77a:6)
04-15 16:13:54.121 893 893 D OverviewProxyService: at com.android.systemui.SystemUIService.onCreate(go/retraceme bb0c85583bc8cef368173602f8ea06d241ec8a7fed6aca80388046fe2c5dd77a:10)
04-15 16:13:54.121 893 893 D OverviewProxyService: at android.app.ActivityThread.handleCreateService(ActivityThread.java:4651)
04-15 16:13:54.121 893 893 D OverviewProxyService: at android.app.ActivityThread.-$$Nest$mhandleCreateService(Unknown Source:0)
04-15 16:13:54.121 893 893 D OverviewProxyService: at android.app.ActivityThread$H.handleMessage(ActivityThread.java:2264)
04-15 16:13:54.121 893 893 D OverviewProxyService: at android.os.Handler.dispatchMessage(Handler.java:106)
04-15 16:13:54.121 893 893 D OverviewProxyService: at android.os.Looper.loopOnce(Looper.java:205)
04-15 16:13:54.121 893 893 D OverviewProxyService: at android.os.Looper.loop(Looper.java:294)
04-15 16:13:54.121 893 893 D OverviewProxyService: at android.app.ActivityThread.main(ActivityThread.java:8177)
04-15 16:13:54.121 893 893 D OverviewProxyService: at java.lang.reflect.Method.invoke(Native Method)
04-15 16:13:54.121 893 893 D OverviewProxyService: at com.android.internal.os.RuntimeInit$MethodAndArgsCaller.run(RuntimeInit.java:552)
04-15 16:13:54.121 893 893 D OverviewProxyService: at com.android.internal.os.ZygoteInit.main(ZygoteInit.java:971)
04-15 16:13:54.139 1105 1105 D BluetoothAdapterService: onCreate()
04-15 16:13:54.161 535 535 W Looper : Slow dispatch took 158ms main h=android.database.sqlite.SQLiteConnectionPool$IdleConnectionHandler c=null m=2
04-15 16:13:54.197 1139 1139 D CompatibilityChangeReporter: Compat change id reported: 237531167; UID 1000; state: DISABLED
04-15 16:13:54.211 1139 1139 W OpenGLRenderer: Unknown dataspace 0
04-15 16:13:54.240 535 958 D CompatibilityChangeReporter: Compat change id reported: 168419799; UID 10117; state: DISABLED
04-15 16:13:54.242 535 958 D CompatibilityChangeReporter: Compat change id reported: 273564678; UID 10117; state: DISABLED
04-15 16:13:54.290 535 551 W WindowManager: Failed looking up window session=Session{60f0939 1139:1000} callers=com.android.server.wm.WindowManagerService.windowForClientLocked:6034 com.android.server.wm.Session.updateRequestedVisibleTypes:690 android.view.IWindowSession$Stub.onTransact:1034
04-15 16:13:54.323 1139 1139 D BatteryUsageBroadcastReceiver: onReceive:android.intent.action.BATTERY_LEVEL_CHANGED
04-15 16:13:54.329 535 956 W ActivityManager: Slow operation: 84ms so far, now at startProcess: done creating new process record
04-15 16:13:54.330 535 956 W ActivityManager: Slow operation: 85ms so far, now at startProcess: stepping in to startProcess
04-15 16:13:54.374 535 956 D CompatibilityChangeReporter: Compat change id reported: 135634846; UID 10112; state: DISABLED
04-15 16:13:54.380 535 956 D CompatibilityChangeReporter: Compat change id reported: 177438394; UID 10112; state: DISABLED
04-15 16:13:54.380 535 956 D CompatibilityChangeReporter: Compat change id reported: 135772972; UID 10112; state: DISABLED
04-15 16:13:54.392 535 956 D CompatibilityChangeReporter: Compat change id reported: 135754954; UID 10112; state: ENABLED
04-15 16:13:54.394 535 568 W ActivityManager: Slow operation: 59ms so far, now at startProcess: asking zygote to start proc
04-15 16:13:54.394 535 568 D CompatibilityChangeReporter: Compat change id reported: 143937733; UID 10112; state: ENABLED
04-15 16:13:54.395 535 568 W ActivityManager: com.android.launcher3 inode == 0 (b/152760674)
04-15 16:13:54.409 535 956 W ActivityManager: Slow operation: 164ms so far, now at startProcess: done starting proc!
04-15 16:13:54.437 535 552 W system_server: Long monitor contention with owner binder:535_6 (956) at int com.android.server.am.ActivityManagerService.bindServiceInstance(android.app.IApplicationThread, android.os.IBinder, android.content.Intent, java.lang.String, android.app.IServiceConnection, long, java.lang.String, boolean, int, java.lang.String, android.app.IApplicationThread, java.lang.String, int)(ActivityManagerService.java:13404) waiters=0 in android.app.ContentProviderHolder com.android.server.am.ContentProviderHelper.getContentProviderImpl(android.app.IApplicationThread, java.lang.String, android.os.IBinder, int, java.lang.String, java.lang.String, boolean, int) for 268ms
04-15 16:13:54.461 535 535 W Looper : Slow dispatch took 279ms main h=android.service.notification.ConditionProviderService$H c=null m=1
04-15 16:13:54.472 535 535 D ConditionProviders.SCP: onConnected
04-15 16:13:54.477 535 829 D CompatibilityChangeReporter: Compat change id reported: 150939131; UID 1000; state: ENABLED
04-15 16:13:54.517 1139 1139 D CompatibilityChangeReporter: Compat change id reported: 170233598; UID 1000; state: ENABLED
04-15 16:13:54.594 1139 1139 D BatteryUsageBroadcastReceiver: fetch data because of event: ACTION_BATTERY_LEVEL_CHANGED
04-15 16:13:54.609 535 535 D UaBiometricScheduler/FaceProvider/default/4: [Added] {[0] com.android.server.biometrics.sensors.face.aidl.FaceInternalCleanupClient, proto=7, owner=android, cookie=0, requestId=-1, userId=0}, new queue size: 1
04-15 16:13:54.668 329 329 D Zygote : Forked child process 1187
04-15 16:13:54.674 535 535 D UaBiometricScheduler/FaceProvider/default/4: [Starting User] {[1] com.android.server.biometrics.sensors.face.aidl.FaceStartUserClient, proto=17, owner=android, cookie=0, requestId=-1, userId=0}
04-15 16:13:54.675 535 535 D FaceProvider/default: Daemon was null, reconnecting
04-15 16:13:54.687 0 0 I servicemanager: Found android.hardware.biometrics.face.IFace/default in device VINTF manifest.
04-15 16:13:54.684 1139 1139 D BatteryUsageBroadcastReceiver: cancel sendBroadcastToFetchUsageData when broadcastDelay is 2201247ms.
04-15 16:13:54.693 535 568 W ActivityManager: Slow operation: 358ms so far, now at startProcess: returned from zygote!
04-15 16:13:54.695 893 1175 I Choreographer: Skipped 36 frames! The application may be doing too much work on its main thread.
04-15 16:13:54.710 535 568 W ActivityManager: Slow operation: 375ms so far, now at startProcess: done updating battery stats
04-15 16:13:54.710 535 568 W ActivityManager: Slow operation: 375ms so far, now at startProcess: building log message
04-15 16:13:54.711 535 568 I ActivityManager: Start proc 1187:com.android.launcher3/u0a112 for service {com.android.launcher3/com.android.quickstep.TouchInteractionService}
04-15 16:13:54.711 535 568 W ActivityManager: Slow operation: 376ms so far, now at startProcess: starting to update pids map
04-15 16:13:54.719 535 551 D CoreBackPreview: Window{d9207e2 u0 com.android.settings/com.android.settings.FallbackHome}: Setting back callback OnBackInvokedCallbackInfo{mCallback=android.window.IOnBackInvokedCallback$Stub$Proxy@fcd99af, mPriority=-1, mIsAnimationCallback=false}
04-15 16:13:54.722 535 568 W ActivityManager: Slow operation: 387ms so far, now at startProcess: done updating pids map
04-15 16:13:54.744 535 551 D CoreBackPreview: Window{add73fb u0 ScreenDecorOverlay}: Setting back callback OnBackInvokedCallbackInfo{mCallback=android.window.IOnBackInvokedCallback$Stub$Proxy@bb7f1bc, mPriority=0, mIsAnimationCallback=false}
04-15 16:13:54.792 535 535 D FaceProvider/default/4: New session created for user: 0 with hal version: 3
04-15 16:13:54.793 535 535 W Looper : Slow dispatch took 277ms main h=android.os.Handler c=com.android.server.biometrics.sensors.face.aidl.FaceProvider$$ExternalSyntheticLambda1@ab1549a m=0
04-15 16:13:54.794 535 535 D UaBiometricScheduler/FingerprintProvider/default/0: [Added] {[2] com.android.server.biometrics.sensors.fingerprint.aidl.FingerprintInternalCleanupClient, proto=7, owner=android, cookie=0, requestId=-1, userId=0}, new queue size: 1
04-15 16:13:54.795 535 535 D UaBiometricScheduler/FingerprintProvider/default/0: [Starting User] {[3] com.android.server.biometrics.sensors.fingerprint.aidl.FingerprintStartUserClient, proto=17, owner=android, cookie=0, requestId=-1, userId=0}
04-15 16:13:54.795 535 535 D FingerprintProvider/default: Daemon was null, reconnecting
04-15 16:13:54.818 535 958 D CompatibilityChangeReporter: Compat change id reported: 161145287; UID 1002; state: ENABLED
04-15 16:13:54.837 0 0 I servicemanager: Found android.hardware.biometrics.fingerprint.IFingerprint/default in device VINTF manifest.
04-15 16:13:54.851 0 0 I servicemanager: Since 'android.hardware.biometrics.fingerprint.IFingerprint/default' could not be found, trying to start it as a lazy AIDL service. (if it's not configured to be a lazy service, it may be stuck starting or still starting).
04-15 16:13:54.871 0 0 I init : starting service 'vendor.biometrics.fingerprint-service.ranchu'...
04-15 16:13:54.953 1105 1105 D AdapterState: make() - Creating AdapterState
04-15 16:13:54.967 1105 1196 I AdapterState: OFF : entered
04-15 16:13:54.973 1105 1196 D AdapterProperties: Setting state to OFF
04-15 16:13:54.982 1105 1105 D BluetoothKeystoreService: new BluetoothKeystoreService isCommonCriteriaMode: false
04-15 16:13:55.047 1139 1177 W OpenGLRenderer: Failed to initialize 101010-2 format, error = EGL_SUCCESS
04-15 16:13:55.078 1187 1187 I droid.launcher3: Using CollectorTypeCC GC.
