04-15 16:13:31.163 459 493 D C2SoftH263Enc: Given level 3004 does not cover current configuration: adjusting to 3003
04-15 16:13:31.168 893 893 V WindowManagerShell: Adding init callback for RecentTasksController
04-15 16:13:31.177 535 552 I ActivityManager: Flag disabled. Ignoring finishAttachApplication from uid: 10138. pid: 900
04-15 16:13:31.209 893 893 V WindowManagerShell: Adding init callback for ShellTaskOrganizer
04-15 16:13:31.305 900 932 I RuntimePermissions: observing UserPackageInfoLiveData for 0 in RuntimePermissionsUpgradeController
04-15 16:13:31.318 459 493 I mediaswcodec: missing struct descriptor #Param::CoreIndex(--004) for field values of struct #Param::CoreIndex(F-12004)
04-15 16:13:31.334 459 493 I mediaswcodec: missing struct descriptor #Param::CoreIndex(--1812) for field values of struct #Param::CoreIndex(F-11812)
04-15 16:13:31.353 893 893 V WindowManagerShell: Adding init callback for OneHandedController
04-15 16:13:31.454 893 893 V WindowManagerShell: Adding init callback for DefaultTransitionHandler
04-15 16:13:31.455 893 893 V WindowManagerShell: addHandler: Default
04-15 16:13:31.458 893 893 V WindowManagerShell: addHandler: Remote
04-15 16:13:31.459 893 893 V WindowManagerShell: Adding init callback for Transitions
04-15 16:13:31.496 893 893 V WindowManagerShell: Adding init callback for BubbleController
04-15 16:13:31.501 893 893 V WindowManagerShell: Adding init callback for SplitScreenController
04-15 16:13:31.522 535 609 D CompatibilityChangeReporter: Compat change id reported: 161145287; UID 10117; state: ENABLED
04-15 16:13:31.525 893 893 D CompatibilityChangeReporter: Compat change id reported: 160794467; UID 10117; state: ENABLED
04-15 16:13:31.558 893 893 V WindowManagerShell: Adding init callback for PipTransition
04-15 16:13:31.598 893 893 V WindowManagerShell: Adding init callback for PipTouchHandler
04-15 16:13:31.601 893 893 V WindowManagerShell: Adding init callback for DevicePostureController
04-15 16:13:31.602 893 893 V WindowManagerShell: Adding init callback for TabletopModeController
04-15 16:13:31.608 893 893 V WindowManagerShell: Adding init callback for PipController
04-15 16:13:31.619 893 893 V WindowManagerShell: Adding init callback for FullscreenTaskListener
04-15 16:13:31.635 893 893 V WindowManagerShell: Adding init callback for FreeformTaskTransitionHandler
04-15 16:13:31.641 893 893 V WindowManagerShell: Adding init callback for RecentsTransitionHandler
04-15 16:13:31.666 893 893 V WindowManagerShell: Adding init callback for ActivityEmbeddingController
04-15 16:13:31.709 893 893 V WindowManagerShell: Adding init callback for StartingWindowController
04-15 16:13:31.710 893 893 V WindowManagerShell: Adding init callback for ProtoLogController
04-15 16:13:31.711 893 893 V WindowManagerShell: Adding init callback for KeyguardTransitionHandler
04-15 16:13:31.716 893 893 V WindowManagerShell: Adding init callback for DefaultMixedHandler
04-15 16:13:31.742 893 893 V WindowManagerShell: Adding init callback for BackAnimationController
04-15 16:13:31.747 459 493 I C2SoftVpxEnc: setting temporal layering 0 + 0
04-15 16:13:31.753 893 928 V WindowManagerShell: Initializing Shell Components: 28
04-15 16:13:31.759 893 928 V WindowManagerShell: DisplayChangeController init took 4ms
04-15 16:13:31.767 893 928 V WindowManagerShell: DisplayController init took 8ms
04-15 16:13:31.770 893 928 V WindowManagerShell: DisplayInsetsController init took 2ms
04-15 16:13:31.771 893 928 V WindowManagerShell: DisplayImeController init took 0ms
04-15 16:13:31.775 893 928 V WindowManagerShell: Adding dump callback for ShellController
04-15 16:13:31.780 893 928 V WindowManagerShell: ShellController init took 5ms
04-15 16:13:31.789 893 928 V WindowManagerShell: Adding external interface from DragAndDropController with key extra_shell_drag_and_drop
04-15 16:13:31.789 893 928 V WindowManagerShell: Adding dump callback for DragAndDropController
04-15 16:13:31.790 893 928 V WindowManagerShell: DragAndDropController init took 2ms
04-15 16:13:31.791 893 928 V WindowManagerShell: Adding command class compatui for CompatUIShellCommandHandler
04-15 16:13:31.791 893 928 V WindowManagerShell: CompatUIController init took 1ms
04-15 16:13:31.796 893 928 V WindowManagerShell: Adding external interface from RecentTasksController with key extra_shell_recent_tasks
04-15 16:13:31.797 893 928 V WindowManagerShell: Adding dump callback for RecentTasksController
04-15 16:13:31.799 893 928 V WindowManagerShell: RecentTasksController init took 8ms
04-15 16:13:31.804 893 928 V WindowManagerShell: Adding dump callback for ShellTaskOrganizer
04-15 16:13:31.816 893 928 V WindowManagerShell: ShellTaskOrganizer init took 17ms
04-15 16:13:31.817 893 928 V WindowManagerShell: Adding dump callback for OneHandedController
04-15 16:13:31.840 459 493 I C2SoftVpxEnc: setting temporal layering 0 + 0
04-15 16:13:31.851 395 414 D PermissionCache: checking android.permission.ROTATE_SURFACE_FLINGER for uid=10117 => granted (7377 us)
04-15 16:13:31.853 395 414 D PermissionCache: checking android.permission.INTERNAL_SYSTEM_WINDOW for uid=10117 => granted (1450 us)
04-15 16:13:31.854 395 414 D PermissionCache: checking android.permission.ACCESS_SURFACE_FLINGER for uid=10117 => granted (630 us)
04-15 16:13:31.861 452 496 D MediaCodecsXmlParser: parsing /apex/com.android.media.swcodec/etc/media_codecs.xml...
04-15 16:13:31.891 893 928 V WindowManagerShell: Adding external interface from OneHandedController with key extra_shell_one_handed
04-15 16:13:31.896 893 928 V WindowManagerShell: OneHandedController init took 80ms
04-15 16:13:31.919 893 928 V WindowManagerShell: DefaultTransitionHandler init took 22ms
04-15 16:13:31.925 893 928 V WindowManagerShell: Adding external interface from Transitions with key extra_shell_shell_transitions
04-15 16:13:31.939 452 496 D MediaCodecsXmlParser: disabling c2.android.gsm.decoder
04-15 16:13:31.941 893 928 V WindowManagerShell: Adding command class transitions for Transitions
04-15 16:13:31.948 893 928 V WindowManagerShell: Transitions init took 24ms
04-15 16:13:31.966 893 928 V WindowManagerShell: Adding external interface from BubbleController with key extra_shell_bubbles
04-15 16:13:31.966 893 928 V WindowManagerShell: Adding dump callback for BubbleController
04-15 16:13:31.967 893 928 V WindowManagerShell: BubbleController init took 19ms
04-15 16:13:31.967 893 928 V WindowManagerShell: Adding dump callback for SplitScreenController
04-15 16:13:31.972 893 928 V WindowManagerShell: Adding command class splitscreen for SplitScreenController
04-15 16:13:31.972 893 928 V WindowManagerShell: Adding external interface from SplitScreenController with key extra_shell_split_screen
04-15 16:13:31.993 452 496 D MediaCodecsXmlParser: disabling c2.android.mpeg2.decoder
04-15 16:13:32.038 452 496 D MediaCodecsXmlParser: disabling c2.android.av1.encoder
04-15 16:13:32.039 452 496 I MediaCodecsXmlParser: codec c2.android.av1.encoder enabled, device sdk 35 >= required 34
04-15 16:13:32.055 452 496 I MediaCodecsXmlParser: Did not find media_codecs_performance.xml in search path
04-15 16:13:32.056 452 496 I MediaCodecsXmlParser: Did not find media_codecs_c2.xml in search path
04-15 16:13:32.066 452 496 D MediaCodecsXmlParser: parsing /vendor/etc/media_codecs_performance_c2.xml...
04-15 16:13:32.070 535 592 W BroadcastLoopers: Found previously unknown looper Thread[PackageManager,5,main]
04-15 16:13:32.079 452 496 D MediaCodecsXmlParser: parsing /vendor/etc/media_codecs.xml...
04-15 16:13:32.119 452 496 D MediaCodecsXmlParser: Ignoring unrecognized tag at line 85 of /vendor/etc/media_codecs.xml
04-15 16:13:32.130 452 496 D MediaCodecsXmlParser: Ignoring unrecognized tag at line 88 of /vendor/etc/media_codecs.xml
04-15 16:13:32.130 452 496 D MediaCodecsXmlParser: Ignoring unrecognized tag at line 91 of /vendor/etc/media_codecs.xml
04-15 16:13:32.131 452 496 D MediaCodecsXmlParser: Ignoring unrecognized tag at line 95 of /vendor/etc/media_codecs.xml
04-15 16:13:32.131 452 496 D MediaCodecsXmlParser: Ignoring unrecognized tag at line 98 of /vendor/etc/media_codecs.xml
04-15 16:13:32.131 452 496 D MediaCodecsXmlParser: Ignoring unrecognized tag at line 101 of /vendor/etc/media_codecs.xml
04-15 16:13:32.142 452 496 D MediaCodecsXmlParser: Ignoring unrecognized tag at line 104 of /vendor/etc/media_codecs.xml
04-15 16:13:32.142 452 496 D MediaCodecsXmlParser: parsing /vendor/etc/media_codecs_google_tv.xml...
04-15 16:13:32.143 452 496 D MediaCodecsXmlParser: unable to open media codecs configuration xml file: /vendor/etc/media_codecs_google_tv.xml
04-15 16:13:32.143 452 496 D MediaCodecsXmlParser: parsing /vendor/etc/media_codecs_google_audio.xml...
04-15 16:13:32.174 893 928 V WindowManagerShell: addHandler: StageCoordinator
04-15 16:13:32.178 452 496 D MediaCodecsXmlParser: parsing /vendor/etc/media_codecs_google_telephony.xml...
04-15 16:13:32.184 452 496 D MediaCodecsXmlParser: parsing /vendor/etc/media_codecs_google_video.xml...
04-15 16:13:32.198 893 928 D CompatibilityChangeReporter: Compat change id reported: 147798919; UID 10117; state: ENABLED
04-15 16:13:32.199 893 928 V WindowManagerShell: SplitScreenController init took 232ms
04-15 16:13:32.204 893 928 V WindowManagerShell: addHandler: PipTransition
04-15 16:13:32.204 893 928 V WindowManagerShell: PipTransition init took 0ms
04-15 16:13:32.297 452 496 D MediaCodecsXmlParser: parsing /vendor/etc/media_codecs_performance.xml...
04-15 16:13:32.309 452 496 I MediaCodecsXmlParser: Did not find media_codecs_shaping.xml in search path
04-15 16:13:32.325 452 496 I MediaCodecsXmlParser: Did not find media_codecs_shaping.xml in search path
04-15 16:13:32.342 341 398 I GoldfishComponentStore: in init
04-15 16:13:32.342 341 398 I GoldfishComponentStore: loading dll of path libcodec2_goldfish_avcdec.so
04-15 16:13:32.353 341 398 I GoldfishComponentStore: Create()
04-15 16:13:32.357 341 398 I GoldfishComponentStore: created interface
04-15 16:13:32.367 341 398 I GoldfishComponentStore: created interface
04-15 16:13:32.370 341 398 E Codec2-FilterWrapper: plugin not OK: -19
04-15 16:13:32.382 452 496 I Codec2InfoBuilder: adding type 'video/avc'
04-15 16:13:32.422 893 928 V WindowManagerShell: PipTouchHandler init took 216ms
04-15 16:13:32.423 893 928 V WindowManagerShell: DevicePostureController init took 1ms
04-15 16:13:32.425 893 928 V WindowManagerShell: TabletopModeController init took 1ms
04-15 16:13:32.426 893 928 V WindowManagerShell: Adding dump callback for PipController
04-15 16:13:32.467 893 928 V WindowManagerShell: Adding external interface from PipController with key extra_shell_pip
04-15 16:13:32.480 893 928 V WindowManagerShell: PipController init took 55ms
04-15 16:13:32.481 893 928 V WindowManagerShell: FullscreenTaskListener init took 0ms
04-15 16:13:32.482 893 928 V WindowManagerShell: FreeformTaskTransitionHandler init took 0ms
04-15 16:13:32.483 893 928 V WindowManagerShell: addHandler: RecentsTransitionHandler
04-15 16:13:32.488 893 928 V WindowManagerShell: RecentsTransitionHandler init took 1ms
04-15 16:13:32.488 893 928 V WindowManagerShell: addHandler: ActivityEmbeddingController
04-15 16:13:32.489 893 928 V WindowManagerShell: ActivityEmbeddingController init took 1ms
04-15 16:13:32.490 893 928 V WindowManagerShell: Adding external interface from StartingWindowController with key extra_shell_starting_window
04-15 16:13:32.490 893 928 V WindowManagerShell: StartingWindowController init took 1ms
04-15 16:13:32.491 893 928 V WindowManagerShell: Adding command class protolog for ProtoLogController
04-15 16:13:32.491 893 928 V WindowManagerShell: ProtoLogController init took 0ms
04-15 16:13:32.496 893 928 V WindowManagerShell: addHandler: KeyguardTransitionHandler
04-15 16:13:32.508 893 928 V WindowManagerShell: KeyguardTransitionHandler init took 12ms
04-15 16:13:32.509 893 928 V WindowManagerShell: addHandler: DefaultMixedHandler
04-15 16:13:32.510 893 928 V WindowManagerShell: DefaultMixedHandler init took 1ms
04-15 16:13:32.519 341 398 I GoldfishComponentStore: in ~ComponentModule
04-15 16:13:32.524 341 398 I GoldfishComponentStore: unloading dll
04-15 16:13:32.528 341 341 I GoldfishComponentStore: in init
04-15 16:13:32.528 341 341 I GoldfishComponentStore: loading dll of path libcodec2_goldfish_hevcdec.so
04-15 16:13:32.529 341 341 I GoldfishComponentStore: Create()
04-15 16:13:32.531 341 341 I GoldfishComponentStore: created interface
04-15 16:13:32.538 341 341 I GoldfishComponentStore: created interface
04-15 16:13:32.548 893 928 D ShellBackPreview: Back animation enabled=false
04-15 16:13:32.553 893 928 V WindowManagerShell: Adding external interface from BackAnimationController with key extra_shell_back_animation
04-15 16:13:32.569 452 496 I Codec2InfoBuilder: adding type 'video/hevc'
04-15 16:13:32.581 893 928 V WindowManagerShell: BackAnimationController init took 70ms
04-15 16:13:32.588 893 928 W Looper : Slow dispatch took 840ms wmshell.main h=android.os.Handler c=com.android.wm.shell.common.ShellExecutor$$ExternalSyntheticLambda0@eae8395 m=0
04-15 16:13:32.590 893 928 V WindowManagerShell: Display added: 0
04-15 16:13:32.623 341 940 I GoldfishComponentStore: in ~ComponentModule
04-15 16:13:32.623 341 940 I GoldfishComponentStore: unloading dll
04-15 16:13:32.632 341 940 I GoldfishComponentStore: in init
04-15 16:13:32.632 341 940 I GoldfishComponentStore: loading dll of path libcodec2_goldfish_vp8dec.so
04-15 16:13:32.634 341 940 I GoldfishComponentStore: Create()
04-15 16:13:32.634 341 940 I C2GoldfishVpxDec: platform store is 0x7415bdc49c28, reflector is 0x74174dc47258
04-15 16:13:32.656 341 940 I GoldfishComponentStore: created interface
04-15 16:13:32.664 341 940 I GoldfishComponentStore: created interface
04-15 16:13:32.696 452 496 I Codec2InfoBuilder: adding type 'video/x-vnd.on2.vp8'
04-15 16:13:32.710 535 566 W BroadcastLoopers: Found previously unknown looper Thread[android.bg,5,main]
04-15 16:13:32.713 341 341 I GoldfishComponentStore: in ~ComponentModule
04-15 16:13:32.713 341 341 I GoldfishComponentStore: unloading dll
04-15 16:13:32.714 341 341 I GoldfishComponentStore: in init
04-15 16:13:32.714 341 341 I GoldfishComponentStore: loading dll of path libcodec2_goldfish_vp9dec.so
04-15 16:13:32.715 341 341 I GoldfishComponentStore: Create()
04-15 16:13:32.720 341 341 I C2GoldfishVpxDec: platform store is 0x7415bdc47708, reflector is 0x74174dc47258
04-15 16:13:32.722 341 341 I GoldfishComponentStore: created interface
04-15 16:13:32.739 341 341 I GoldfishComponentStore: created interface
04-15 16:13:32.745 452 496 I Codec2InfoBuilder: adding type 'video/x-vnd.on2.vp9'
04-15 16:13:32.767 341 940 I GoldfishComponentStore: in ~ComponentModule
04-15 16:13:32.767 341 940 I GoldfishComponentStore: unloading dll
04-15 16:13:32.768 893 928 D CompatibilityChangeReporter: Compat change id reported: 237531167; UID 10117; state: DISABLED
04-15 16:13:32.777 893 928 W OpenGLRenderer: Unknown dataspace 0
04-15 16:13:32.845 535 609 D CompatibilityChangeReporter: Compat change id reported: 171306433; UID 1000; state: ENABLED
04-15 16:13:32.871 452 496 I Codec2InfoBuilder: adding type 'audio/mp4a-latm'
04-15 16:13:32.882 535 551 D GameManagerService: User ID '0' does not have a Game Mode selected for package: 'com.android.systemui'
04-15 16:13:32.909 0 0 I servicemanager: Notifying android.hardware.biometrics.fingerprint.IFingerprint/default they don't (previously: do) have clients when we now have no record of a client
04-15 16:13:32.904 855 886 I AidlLazyServiceRegistrar: Process has 0 (of 1 available) client(s) in use after notification android.hardware.biometrics.fingerprint.IFingerprint/default has clients: 0
04-15 16:13:32.904 855 886 I AidlLazyServiceRegistrar: Trying to shut down the service. No clients in use for any service in process.
04-15 16:13:32.916 0 0 I servicemanager: Unregistering android.hardware.biometrics.fingerprint.IFingerprint/default
04-15 16:13:32.918 0 0 I BpBinder: onLastStrongRef automatically unlinking death recipients:
04-15 16:13:32.910 855 886 I AidlLazyServiceRegistrar: Unregistered all clients and exiting
04-15 16:13:32.928 0 0 I init : Service 'vendor.biometrics.fingerprint-service.ranchu' (pid 855) exited with status 0 oneshot service took 9.613000 seconds in background
04-15 16:13:32.928 0 0 I init : Sending signal 9 to service 'vendor.biometrics.fingerprint-service.ranchu' (pid 855) process group...
04-15 16:13:32.928 0 0 I libprocessgroup: Successfully killed process cgroup uid 1000 pid 855 in 0ms
04-15 16:13:32.937 452 496 I Codec2InfoBuilder: adding type 'audio/mp4a-latm'
04-15 16:13:33.029 452 496 I Codec2InfoBuilder: adding type 'audio/3gpp'
04-15 16:13:33.043 893 928 W Looper : Slow delivery took 801ms wmshell.main h=android.os.Handler c=com.android.wm.shell.draganddrop.DragAndDropController$$ExternalSyntheticLambda0@fdb9813 m=0
04-15 16:13:33.049 893 928 W Looper : Slow dispatch took 454ms wmshell.main h=android.os.Handler c=com.android.wm.shell.draganddrop.DragAndDropController$$ExternalSyntheticLambda0@fdb9813 m=0
04-15 16:13:33.054 452 496 I Codec2InfoBuilder: adding type 'audio/3gpp'
04-15 16:13:33.092 452 496 I Codec2InfoBuilder: adding type 'audio/amr-wb'
04-15 16:13:33.103 893 928 W Looper : Slow dispatch took 32ms wmshell.main h=android.os.Handler c=android.window.TaskOrganizer$1$$ExternalSyntheticLambda5@8b87c05 m=0
04-15 16:13:33.122 452 496 I Codec2InfoBuilder: adding type 'audio/amr-wb'
04-15 16:13:33.155 452 496 I Codec2InfoBuilder: adding type 'video/av01'
04-15 16:13:33.161 893 928 W Looper : Slow dispatch took 49ms wmshell.main h=android.os.Handler c=android.window.TaskOrganizer$1$$ExternalSyntheticLambda5@aa68c26 m=0
04-15 16:13:33.208 535 551 D CoreBackPreview: Window{e7ec51a u0 ShellDropTarget}: Setting back callback OnBackInvokedCallbackInfo{mCallback=android.window.IOnBackInvokedCallback$Stub$Proxy@4083e6c, mPriority=0, mIsAnimationCallback=false}
04-15 16:13:33.226 893 928 W Looper : Slow dispatch took 63ms wmshell.main h=android.view.Choreographer$FrameHandler c=android.view.Choreographer$FrameDisplayEventReceiver@e866e14 m=0
04-15 16:13:33.246 452 496 I Codec2InfoBuilder: adding type 'video/av01'
04-15 16:13:33.271 893 928 W Looper : Slow dispatch took 30ms wmshell.main h=android.os.Handler c=com.android.wm.shell.common.SyncTransactionQueue$SyncCallback$$ExternalSyntheticLambda0@a665780 m=0
04-15 16:13:33.307 452 496 I Codec2InfoBuilder: adding type 'video/avc'
04-15 16:13:33.347 459 492 I mediaswcodec: missing struct descriptor #Param::CoreIndex(--004) for field values of struct #Param::CoreIndex(F-12004)
04-15 16:13:33.351 459 492 I mediaswcodec: missing struct descriptor #Param::CoreIndex(--1812) for field values of struct #Param::CoreIndex(F-11812)
04-15 16:13:33.362 459 492 I mediaswcodec: missing struct descriptor #Param::CoreIndex(--004) for field values of struct #Param::CoreIndex(F-12004)
04-15 16:13:33.363 459 492 I mediaswcodec: missing struct descriptor #Param::CoreIndex(--1812) for field values of struct #Param::CoreIndex(F-11812)
04-15 16:13:33.371 452 496 I Codec2InfoBuilder: adding type 'video/avc'
04-15 16:13:33.377 459 493 D C2SoftAvcEnc: Given level 0 does not cover current configuration: adjusting to 5000
04-15 16:13:33.380 535 551 D CompatibilityChangeReporter: Compat change id reported: 161145287; UID 10138; state: ENABLED
04-15 16:13:33.416 452 496 I Codec2InfoBuilder: adding type 'audio/flac'
04-15 16:13:33.478 452 496 I Codec2InfoBuilder: adding type 'audio/flac'
04-15 16:13:33.495 452 496 I Codec2InfoBuilder: adding type 'audio/g711-alaw'
04-15 16:13:33.523 452 496 I Codec2InfoBuilder: adding type 'audio/g711-mlaw'
04-15 16:13:33.569 452 496 D Codec2InfoBuilder: codec entry for 'c2.android.gsm.decoder' is disabled
04-15 16:13:33.613 452 496 I Codec2InfoBuilder: adding type 'video/3gpp'
04-15 16:13:33.631 459 492 D C2SoftH263Enc: Given level 3004 does not cover current configuration: adjusting to 3003
04-15 16:13:33.646 459 492 D C2SoftH263Enc: Given level 3004 does not cover current configuration: adjusting to 3003
04-15 16:13:33.677 452 496 I Codec2InfoBuilder: adding type 'video/3gpp'
04-15 16:13:33.679 459 948 D C2SoftH263Enc: Given level 0 does not cover current configuration: adjusting to 3003
04-15 16:13:33.761 452 496 I Codec2InfoBuilder: adding type 'video/hevc'
04-15 16:13:33.778 459 492 I mediaswcodec: missing struct descriptor #Param::CoreIndex(--004) for field values of struct #Param::CoreIndex(F-12004)
04-15 16:13:33.805 459 492 I mediaswcodec: missing struct descriptor #Param::CoreIndex(--1812) for field values of struct #Param::CoreIndex(F-11812)
04-15 16:13:33.807 459 492 I mediaswcodec: missing struct descriptor #Param::CoreIndex(--004) for field values of struct #Param::CoreIndex(F-12004)
04-15 16:13:33.814 459 492 I mediaswcodec: missing struct descriptor #Param::CoreIndex(--1812) for field values of struct #Param::CoreIndex(F-11812)
04-15 16:13:33.833 452 496 I Codec2InfoBuilder: adding type 'video/hevc'
04-15 16:13:33.848 459 492 D C2SoftHevcEnc: Given level 0 does not cover current configuration: adjusting to 6000
04-15 16:13:33.907 452 496 I Codec2InfoBuilder: adding type 'audio/mpeg'
04-15 16:13:33.910 535 551 D PackageManager: Instant App installer not found with android.intent.action.INSTALL_INSTANT_APP_PACKAGE
04-15 16:13:33.910 535 551 D PackageManager: Clear ephemeral installer activity
04-15 16:13:33.936 452 496 D Codec2InfoBuilder: codec entry for 'c2.android.mpeg2.decoder' is disabled
04-15 16:13:33.956 452 496 I Codec2InfoBuilder: adding type 'video/mp4v-es'
04-15 16:13:34.001 452 496 I Codec2InfoBuilder: adding type 'video/mp4v-es'
04-15 16:13:34.010 459 948 D C2SoftMpeg4Enc: Given level 0 does not cover current configuration: adjusting to 4003
04-15 16:13:34.014 900 900 I RuntimePermissions: observing PreinstalledUserPackageInfoLiveData for 0 in RuntimePermissionsUpgradeController
04-15 16:13:34.031 452 496 I Codec2InfoBuilder: adding type 'audio/opus'
04-15 16:13:34.051 452 496 I Codec2InfoBuilder: adding type 'audio/opus'
04-15 16:13:34.070 452 496 I Codec2InfoBuilder: adding type 'audio/raw'
04-15 16:13:34.085 452 496 I Codec2InfoBuilder: adding type 'audio/vorbis'
04-15 16:13:34.098 452 496 I Codec2InfoBuilder: adding type 'video/x-vnd.on2.vp8'
04-15 16:13:34.138 459 948 I C2SoftVpxEnc: setting temporal layering 0 + 0
04-15 16:13:34.153 459 948 I C2SoftVpxEnc: setting temporal layering 0 + 0
04-15 16:13:34.169 452 496 I Codec2InfoBuilder: adding type 'video/x-vnd.on2.vp8'
04-15 16:13:34.234 452 496 I Codec2InfoBuilder: adding type 'video/x-vnd.on2.vp9'
04-15 16:13:34.283 459 492 I C2SoftVpxEnc: setting temporal layering 0 + 0
04-15 16:13:34.297 459 492 I C2SoftVpxEnc: setting temporal layering 0 + 0
04-15 16:13:34.308 452 496 I Codec2InfoBuilder: adding type 'video/x-vnd.on2.vp9'
04-15 16:13:34.328 459 948 D C2SoftVpxEnc: Given level 0 does not cover current configuration: adjusting to 7000
04-15 16:13:34.376 535 906 D MediaCodecList: codecHandlesFormat: no format, so no extra checks
04-15 16:13:34.500 535 922 D CCodec : allocate(c2.android.vorbis.decoder)
04-15 16:13:34.515 893 893 D CompatibilityChangeReporter: Compat change id reported: 183155436; UID 10117; state: ENABLED
04-15 16:13:34.516 535 922 I Codec2Client: Available Codec2 services: "default" "software"
04-15 16:13:34.550 535 922 I CCodec : setting up 'default' as default (vendor) store
04-15 16:13:34.661 535 922 I CCodec : Created component [c2.android.vorbis.decoder]
04-15 16:13:34.667 535 922 D CCodecConfig: read media type: audio/vorbis
04-15 16:13:34.721 535 551 D CompatibilityChangeReporter: Compat change id reported: 157233955; UID 10117; state: ENABLED
04-15 16:13:34.824 535 922 D ReflectedParamUpdater: extent() != 1 for single value type: algo.buffers.max-count.values
04-15 16:13:34.850 535 922 D ReflectedParamUpdater: extent() != 1 for single value type: output.subscribed-indices.values
04-15 16:13:34.856 535 922 D ReflectedParamUpdater: extent() != 1 for single value type: input.buffers.allocator-ids.values
04-15 16:13:34.860 535 922 D ReflectedParamUpdater: extent() != 1 for single value type: output.buffers.allocator-ids.values
04-15 16:13:34.868 535 922 D ReflectedParamUpdater: extent() != 1 for single value type: algo.buffers.allocator-ids.values
04-15 16:13:34.876 535 922 D ReflectedParamUpdater: extent() != 1 for single value type: output.buffers.pool-ids.values
04-15 16:13:34.884 535 922 D ReflectedParamUpdater: extent() != 1 for single value type: algo.buffers.pool-ids.values
04-15 16:13:34.946 0 0 I init : starting service 'idmap2d'...
04-15 16:13:34.972 535 922 I CCodecConfig: query failed after returning 7 values (BAD_INDEX)
04-15 16:13:34.981 535 922 D CCodecConfig: c2 config diff is Dict {
04-15 16:13:34.981 535 922 D CCodecConfig: c2::u32 coded.bitrate.value = 64000
04-15 16:13:34.981 535 922 D CCodecConfig: c2::u32 input.buffers.max-size.value = 32768
04-15 16:13:34.981 535 922 D CCodecConfig: c2::u32 input.delay.value = 0
04-15 16:13:34.981 535 922 D CCodecConfig: string input.media-type.value = "audio/vorbis"
04-15 16:13:34.981 535 922 D CCodecConfig: string output.media-type.value = "audio/raw"
04-15 16:13:34.981 535 922 D CCodecConfig: c2::u32 raw.channel-count.value = 1
04-15 16:13:34.981 535 922 D CCodecConfig: c2::u32 raw.sample-rate.value = 48000
04-15 16:13:34.981 535 922 D CCodecConfig: }
04-15 16:13:35.007 0 0 I init : ... started service 'idmap2d' has pid 974
04-15 16:13:35.007 0 0 I init : Control message: Processed ctl.start for 'idmap2d' from pid: 535 (system_server)
04-15 16:13:35.063 535 922 D MediaCodec: flushMediametrics
04-15 16:13:35.090 535 922 D CCodec : [c2.android.vorbis.decoder] buffers are bound to CCodec for this session
04-15 16:13:35.090 535 922 D CCodecConfig: no c2 equivalents for durationUs
04-15 16:13:35.090 535 922 D CCodecConfig: no c2 equivalents for track-id
04-15 16:13:35.091 535 922 D CCodecConfig: no c2 equivalents for csd-1
04-15 16:13:35.091 535 922 D CCodecConfig: no c2 equivalents for flags
04-15 16:13:35.140 535 922 D CCodecConfig: c2 config diff is c2::u32 coded.bitrate.value = 96000
04-15 16:13:35.140 535 922 D CCodecConfig: c2::u32 raw.channel-count.value = 2
04-15 16:13:35.153 535 922 W Codec2Client: query -- param skipped: index = 1107298332.
04-15 16:13:35.156 535 922 D CCodec : encoding statistics level = 0
04-15 16:13:35.156 535 922 D CCodec : setup formats input: AMessage(what = 0x00000000) = {
04-15 16:13:35.156 535 922 D CCodec : int32_t bitrate = 96000
04-15 16:13:35.156 535 922 D CCodec : int32_t channel-count = 2
04-15 16:13:35.156 535 922 D CCodec : int32_t max-input-size = 32768
04-15 16:13:35.156 535 922 D CCodec : string mime = "audio/vorbis"
04-15 16:13:35.156 535 922 D CCodec : int32_t sample-rate = 48000
04-15 16:13:35.156 535 922 D CCodec : }
04-15 16:13:35.156 535 922 D CCodec : setup formats output: AMessage(what = 0x00000000) = {
04-15 16:13:35.156 535 922 D CCodec : int32_t channel-count = 2
04-15 16:13:35.156 535 922 D CCodec : string mime = "audio/raw"
04-15 16:13:35.156 535 922 D CCodec : int32_t sample-rate = 48000
04-15 16:13:35.156 535 922 D CCodec : int32_t channel-mask = 3
04-15 16:13:35.156 535 922 D CCodec : int32_t android._config-pcm-encoding = 2
04-15 16:13:35.156 535 922 D CCodec : }
04-15 16:13:35.173 535 922 I CCodecConfig: query failed after returning 7 values (BAD_INDEX)
04-15 16:13:35.209 535 922 W Codec2Client: query -- param skipped: index = 1342179345.
04-15 16:13:35.209 535 922 W Codec2Client: query -- param skipped: index = 2415921170.
04-15 16:13:35.216 535 922 D C2Store : Using DMABUF Heaps
04-15 16:13:35.268 535 922 D CCodecBufferChannel: [c2.android.vorbis.decoder#469] Created input block pool with allocatorID 16 => poolID 17 - OK (0)
04-15 16:13:35.288 459 973 D C2Store : Using DMABUF Heaps
04-15 16:13:35.350 535 922 I CCodecBufferChannel: [c2.android.vorbis.decoder#469] Created output block pool with allocatorID 16 => poolID 17 - OK
04-15 16:13:35.385 535 552 W system_server: Long monitor contention with owner ActivityManager (567) at void com.android.server.am.BroadcastQueueModernImpl.checkPendingColdStartValidity()(BroadcastQueueModernImpl.java:551) waiters=0 in android.content.Intent com.android.server.am.ActivityManagerService.registerReceiverWithFeature(android.app.IApplicationThread, java.lang.String, java.lang.String, java.lang.String, android.content.IIntentReceiver, android.content.IntentFilter, java.lang.String, int, int) for 445ms
04-15 16:13:35.388 535 922 D CCodecBufferChannel: [c2.android.vorbis.decoder#469] Configured output block pool ids 17 => OK
04-15 16:13:35.405 535 922 I DMABUFHEAPS: Using DMA-BUF heap named: system
04-15 16:13:35.410 893 960 W Looper : Slow dispatch took 1085ms BroadcastRunning h=com.android.systemui.broadcast.BroadcastDispatcher$handler$1 c=null m=0
04-15 16:13:35.457 459 970 D SimpleC2Component: Using output block pool with poolID 17 => got 17 - 0
04-15 16:13:35.560 974 974 I idmap2d : Starting
04-15 16:13:35.567 893 893 I FalsingManager: xdpi, ydpi: 420.0, 420.0
04-15 16:13:35.571 893 893 I FalsingManager: width, height: 1080, 2400
04-15 16:13:35.583 459 970 I DMABUFHEAPS: Using DMA-BUF heap named: system
04-15 16:13:35.593 974 979 W idmap2d : failed to parse idmap header of '/data/resource-cache/vendor@overlay@SystemUI__auto_generated_rro_vendor.apk@idmap'
04-15 16:13:35.665 974 979 W idmap2d : failed to find resource 'bool/config_show4GForLTE'
04-15 16:13:35.670 974 979 E idmap2d : no resources were overlaid
04-15 16:13:35.912 893 928 W Looper : Drained
04-15 16:13:36.016 535 922 D CCodecBufferChannel: [c2.android.vorbis.decoder#469] MediaCodec discarded an unknown buffer
04-15 16:13:36.017 535 922 D CCodecBufferChannel: [c2.android.vorbis.decoder#469] MediaCodec discarded an unknown buffer
04-15 16:13:36.017 535 922 D CCodecBufferChannel: [c2.android.vorbis.decoder#469] MediaCodec discarded an unknown buffer
04-15 16:13:36.081 535 987 I hw-BpHwBinder: onLastStrongRef automatically unlinking death recipients
04-15 16:13:36.096 459 973 I hw-BpHwBinder: onLastStrongRef automatically unlinking death recipients
04-15 16:13:36.097 459 973 I hw-BpHwBinder: onLastStrongRef automatically unlinking death recipients
04-15 16:13:36.101 535 906 D MediaCodec: flushMediametrics
04-15 16:13:36.135 893 960 W Looper : Slow delivery took 1379ms BroadcastRunning h=com.android.systemui.broadcast.BroadcastDispatcher$handler$1 c=null m=0
04-15 16:13:36.198 893 893 W Settings: Setting secure_frp_mode has moved from android.provider.Settings.Secure to android.provider.Settings.Global, returning global URI.
04-15 16:13:36.263 535 906 D MediaCodecList: codecHandlesFormat: no format, so no extra checks
04-15 16:13:36.295 535 989 D CCodec : allocate(c2.android.vorbis.decoder)
04-15 16:13:36.324 535 989 I CCodec : setting up 'default' as default (vendor) store
04-15 16:13:36.345 535 989 I CCodec : Created component [c2.android.vorbis.decoder]
04-15 16:13:36.348 535 989 D CCodecConfig: read media type: audio/vorbis
04-15 16:13:36.363 535 989 D ReflectedParamUpdater: extent() != 1 for single value type: algo.buffers.max-count.values
04-15 16:13:36.365 535 989 D ReflectedParamUpdater: extent() != 1 for single value type: output.subscribed-indices.values
04-15 16:13:36.366 535 989 D ReflectedParamUpdater: extent() != 1 for single value type: input.buffers.allocator-ids.values
04-15 16:13:36.367 535 989 D ReflectedParamUpdater: extent() != 1 for single value type: output.buffers.allocator-ids.values
04-15 16:13:36.370 535 989 D ReflectedParamUpdater: extent() != 1 for single value type: algo.buffers.allocator-ids.values
04-15 16:13:36.371 535 989 D ReflectedParamUpdater: extent() != 1 for single value type: output.buffers.pool-ids.values
04-15 16:13:36.375 535 989 D ReflectedParamUpdater: extent() != 1 for single value type: algo.buffers.pool-ids.values
04-15 16:13:36.378 535 989 I CCodecConfig: query failed after returning 7 values (BAD_INDEX)
04-15 16:13:36.379 535 989 D CCodecConfig: c2 config diff is Dict {
04-15 16:13:36.379 535 989 D CCodecConfig: c2::u32 coded.bitrate.value = 64000
04-15 16:13:36.379 535 989 D CCodecConfig: c2::u32 input.buffers.max-size.value = 32768
04-15 16:13:36.379 535 989 D CCodecConfig: c2::u32 input.delay.value = 0
04-15 16:13:36.379 535 989 D CCodecConfig: string input.media-type.value = "audio/vorbis"
04-15 16:13:36.379 535 989 D CCodecConfig: string output.media-type.value = "audio/raw"
04-15 16:13:36.379 535 989 D CCodecConfig: c2::u32 raw.channel-count.value = 1
04-15 16:13:36.379 535 989 D CCodecConfig: c2::u32 raw.sample-rate.value = 48000
04-15 16:13:36.379 535 989 D CCodecConfig: }
04-15 16:13:36.392 535 551 W system_server: Long monitor contention with owner binder:535_8 (958) at com.android.server.pm.Computer com.android.server.pm.PackageManagerService.snapshotComputer(boolean)(PackageManagerService.java:1195) waiters=0 in com.android.server.pm.Computer com.android.server.pm.PackageManagerService.snapshotComputer(boolean) for 158ms
04-15 16:13:36.395 535 618 W system_server: Long monitor contention with owner binder:535_8 (958) at com.android.server.pm.Computer com.android.server.pm.PackageManagerService.snapshotComputer(boolean)(PackageManagerService.java:1195) waiters=1 in com.android.server.pm.Computer com.android.server.pm.PackageManagerService.snapshotComputer(boolean) for 154ms
04-15 16:13:36.429 535 989 D MediaCodec: flushMediametrics
04-15 16:13:36.430 535 989 D CCodec : [c2.android.vorbis.decoder] buffers are bound to CCodec for this session
04-15 16:13:36.431 535 989 D CCodecConfig: no c2 equivalents for durationUs
04-15 16:13:36.431 535 989 D CCodecConfig: no c2 equivalents for track-id
04-15 16:13:36.436 535 989 D CCodecConfig: no c2 equivalents for csd-1
04-15 16:13:36.436 535 989 D CCodecConfig: no c2 equivalents for flags
04-15 16:13:36.456 535 989 D CCodecConfig: c2 config diff is c2::u32 coded.bitrate.value = 140000
04-15 16:13:36.472 535 989 W Codec2Client: query -- param skipped: index = 1107298332.
04-15 16:13:36.473 535 989 D CCodec : encoding statistics level = 0
04-15 16:13:36.476 535 989 D CCodec : setup formats input: AMessage(what = 0x00000000) = {
04-15 16:13:36.476 535 989 D CCodec : int32_t bitrate = 140000
04-15 16:13:36.476 535 989 D CCodec : int32_t channel-count = 1
04-15 16:13:36.476 535 989 D CCodec : int32_t max-input-size = 32768
04-15 16:13:36.476 535 989 D CCodec : string mime = "audio/vorbis"
04-15 16:13:36.476 535 989 D CCodec : int32_t sample-rate = 48000
04-15 16:13:36.476 535 989 D CCodec : }
04-15 16:13:36.477 535 989 D CCodec : setup formats output: AMessage(what = 0x00000000) = {
04-15 16:13:36.477 535 989 D CCodec : int32_t channel-count = 1
04-15 16:13:36.477 535 989 D CCodec : string mime = "audio/raw"
04-15 16:13:36.477 535 989 D CCodec : int32_t sample-rate = 48000
04-15 16:13:36.477 535 989 D CCodec : int32_t channel-mask = 1
04-15 16:13:36.477 535 989 D CCodec : int32_t android._config-pcm-encoding = 2
04-15 16:13:36.477 535 989 D CCodec : }
04-15 16:13:36.488 535 989 I CCodecConfig: query failed after returning 7 values (BAD_INDEX)
04-15 16:13:36.520 535 989 W Codec2Client: query -- param skipped: index = 1342179345.
04-15 16:13:36.521 535 989 W Codec2Client: query -- param skipped: index = 2415921170.
04-15 16:13:36.530 535 989 D CCodecBufferChannel: [c2.android.vorbis.decoder#0] Created input block pool with allocatorID 16 => poolID 18 - OK (0)
04-15 16:13:36.560 535 989 I CCodecBufferChannel: [c2.android.vorbis.decoder#0] Created output block pool with allocatorID 16 => poolID 18 - OK
04-15 16:13:36.568 535 989 D CCodecBufferChannel: [c2.android.vorbis.decoder#0] Configured output block pool ids 18 => OK
04-15 16:13:36.589 459 990 D SimpleC2Component: Using output block pool with poolID 18 => got 18 - 0
04-15 16:13:36.633 893 893 D NavigationModeController: getCurrentUserContext: contextUser=0 currentUser=0
04-15 16:13:36.635 893 893 D NavigationModeController: getCurrentInteractionMode: mode=0 contextUser=0
04-15 16:13:36.662 893 893 D NavigationModeController: updateCurrentInteractionMode: mode=0
04-15 16:13:36.662 893 893 D NavigationModeController: contextUser=0
04-15 16:13:36.662 893 893 D NavigationModeController: assetPaths=
04-15 16:13:36.662 893 893 D NavigationModeController: and /system/framework/framework-res.apk
04-15 16:13:36.662 893 893 D NavigationModeController: /vendor/overlay/framework-res__auto_generated_rro_vendor.apk
04-15 16:13:36.662 893 893 D NavigationModeController: and /system_ext/priv-app/SystemUI/SystemUI.apk
04-15 16:13:36.824 535 989 D CCodecBufferChannel: [c2.android.vorbis.decoder#0] MediaCodec discarded an unknown buffer
04-15 16:13:36.860 535 989 I hw-BpHwBinder: onLastStrongRef automatically unlinking death recipients
04-15 16:13:36.873 893 955 V MediaRouter: Selecting route: RouteInfo{ name=Phone, description=null, status=null, category=RouteCategory{ name=System types=ROUTE_TYPE_LIVE_AUDIO ROUTE_TYPE_LIVE_VIDEO groupable=false }, supportedTypes=ROUTE_TYPE_LIVE_AUDIO ROUTE_TYPE_LIVE_VIDEO , presentationDisplay=null }
04-15 16:13:36.879 459 973 I hw-BpHwBinder: onLastStrongRef automatically unlinking death recipients
04-15 16:13:36.879 459 973 I hw-BpHwBinder: onLastStrongRef automatically unlinking death recipients
04-15 16:13:36.881 893 955 I MediaRouter: Skip setBluetoothA2dpOn(): types=8388615, isPlaybackActive()=false, BT route=null
04-15 16:13:36.887 893 893 D NavigationModeController: getCurrentInteractionMode: mode=0 contextUser=0
04-15 16:13:36.891 535 906 D MediaCodec: flushMediametrics
04-15 16:13:36.949 893 893 D CompatibilityChangeReporter: Compat change id reported: 247079863; UID 10117; state: ENABLED
04-15 16:13:37.116 535 906 D MediaCodecList: codecHandlesFormat: no format, so no extra checks
04-15 16:13:37.130 535 997 D CCodec : allocate(c2.android.vorbis.decoder)
04-15 16:13:37.192 535 997 I CCodec : setting up 'default' as default (vendor) store
04-15 16:13:37.210 535 997 I CCodec : Created component [c2.android.vorbis.decoder]
04-15 16:13:37.232 535 997 D CCodecConfig: read media type: audio/vorbis
04-15 16:13:37.270 535 997 D ReflectedParamUpdater: extent() != 1 for single value type: algo.buffers.max-count.values
04-15 16:13:37.275 535 997 D ReflectedParamUpdater: extent() != 1 for single value type: output.subscribed-indices.values
04-15 16:13:37.275 535 997 D ReflectedParamUpdater: extent() != 1 for single value type: input.buffers.allocator-ids.values
04-15 16:13:37.277 535 997 D ReflectedParamUpdater: extent() != 1 for single value type: output.buffers.allocator-ids.values
04-15 16:13:37.277 535 997 D ReflectedParamUpdater: extent() != 1 for single value type: algo.buffers.allocator-ids.values
04-15 16:13:37.278 535 997 D ReflectedParamUpdater: extent() != 1 for single value type: output.buffers.pool-ids.values
04-15 16:13:37.278 535 997 D ReflectedParamUpdater: extent() != 1 for single value type: algo.buffers.pool-ids.values
04-15 16:13:37.286 535 997 I CCodecConfig: query failed after returning 7 values (BAD_INDEX)
04-15 16:13:37.287 535 997 D CCodecConfig: c2 config diff is Dict {
04-15 16:13:37.287 535 997 D CCodecConfig: c2::u32 coded.bitrate.value = 64000
04-15 16:13:37.287 535 997 D CCodecConfig: c2::u32 input.buffers.max-size.value = 32768
04-15 16:13:37.287 535 997 D CCodecConfig: c2::u32 input.delay.value = 0
04-15 16:13:37.287 535 997 D CCodecConfig: string input.media-type.value = "audio/vorbis"
04-15 16:13:37.287 535 997 D CCodecConfig: string output.media-type.value = "audio/raw"
04-15 16:13:37.287 535 997 D CCodecConfig: c2::u32 raw.channel-count.value = 1
04-15 16:13:37.287 535 997 D CCodecConfig: c2::u32 raw.sample-rate.value = 48000
04-15 16:13:37.287 535 997 D CCodecConfig: }
04-15 16:13:37.299 535 997 D MediaCodec: flushMediametrics
04-15 16:13:37.302 535 997 D CCodec : [c2.android.vorbis.decoder] buffers are bound to CCodec for this session
04-15 16:13:37.302 535 997 D CCodecConfig: no c2 equivalents for durationUs
04-15 16:13:37.302 535 997 D CCodecConfig: no c2 equivalents for track-id
04-15 16:13:37.302 535 997 D CCodecConfig: no c2 equivalents for csd-1
04-15 16:13:37.303 535 997 D CCodecConfig: no c2 equivalents for flags
04-15 16:13:37.306 535 997 D CCodecConfig: c2 config diff is c2::u32 coded.bitrate.value = 140000
04-15 16:13:37.307 535 997 W Codec2Client: query -- param skipped: index = 1107298332.
04-15 16:13:37.312 535 997 D CCodec : encoding statistics level = 0
04-15 16:13:37.312 535 997 D CCodec : setup formats input: AMessage(what = 0x00000000) = {
04-15 16:13:37.312 535 997 D CCodec : int32_t bitrate = 140000
04-15 16:13:37.312 535 997 D CCodec : int32_t channel-count = 1
04-15 16:13:37.312 535 997 D CCodec : int32_t max-input-size = 32768
04-15 16:13:37.312 535 997 D CCodec : string mime = "audio/vorbis"
04-15 16:13:37.312 535 997 D CCodec : int32_t sample-rate = 48000
04-15 16:13:37.312 535 997 D CCodec : }
04-15 16:13:37.313 535 997 D CCodec : setup formats output: AMessage(what = 0x00000000) = {
04-15 16:13:37.313 535 997 D CCodec : int32_t channel-count = 1
04-15 16:13:37.313 535 997 D CCodec : string mime = "audio/raw"
04-15 16:13:37.313 535 997 D CCodec : int32_t sample-rate = 48000
04-15 16:13:37.313 535 997 D CCodec : int32_t channel-mask = 1
04-15 16:13:37.313 535 997 D CCodec : int32_t android._config-pcm-encoding = 2
04-15 16:13:37.313 535 997 D CCodec : }
04-15 16:13:37.313 535 997 I CCodecConfig: query failed after returning 7 values (BAD_INDEX)
04-15 16:13:37.315 535 997 W Codec2Client: query -- param skipped: index = 1342179345.
04-15 16:13:37.320 535 997 W Codec2Client: query -- param skipped: index = 2415921170.
04-15 16:13:37.323 535 997 D CCodecBufferChannel: [c2.android.vorbis.decoder#176] Created input block pool with allocatorID 16 => poolID 19 - OK (0)
04-15 16:13:37.330 535 997 I CCodecBufferChannel: [c2.android.vorbis.decoder#176] Created output block pool with allocatorID 16 => poolID 19 - OK
04-15 16:13:37.331 535 997 D CCodecBufferChannel: [c2.android.vorbis.decoder#176] Configured output block pool ids 19 => OK
04-15 16:13:37.343 459 998 D SimpleC2Component: Using output block pool with poolID 19 => got 19 - 0
04-15 16:13:37.579 535 997 D CCodecBufferChannel: [c2.android.vorbis.decoder#176] MediaCodec discarded an unknown buffer
04-15 16:13:37.584 535 997 D CCodecBufferChannel: [c2.android.vorbis.decoder#176] MediaCodec discarded an unknown buffer
04-15 16:13:37.602 535 997 I hw-BpHwBinder: onLastStrongRef automatically unlinking death recipients
04-15 16:13:37.609 459 459 I hw-BpHwBinder: onLastStrongRef automatically unlinking death recipients
04-15 16:13:37.609 459 459 I hw-BpHwBinder: onLastStrongRef automatically unlinking death recipients
04-15 16:13:37.614 535 906 D MediaCodec: flushMediametrics
04-15 16:13:37.684 535 906 D MediaCodecList: codecHandlesFormat: no format, so no extra checks
04-15 16:13:37.690 535 1000 D CCodec : allocate(c2.android.vorbis.decoder)
04-15 16:13:37.695 535 1000 I CCodec : setting up 'default' as default (vendor) store
04-15 16:13:37.716 535 1000 I CCodec : Created component [c2.android.vorbis.decoder]
04-15 16:13:37.718 535 1000 D CCodecConfig: read media type: audio/vorbis
04-15 16:13:37.731 535 1000 D ReflectedParamUpdater: extent() != 1 for single value type: algo.buffers.max-count.values
04-15 16:13:37.734 535 1000 D ReflectedParamUpdater: extent() != 1 for single value type: output.subscribed-indices.values
04-15 16:13:37.735 535 1000 D ReflectedParamUpdater: extent() != 1 for single value type: input.buffers.allocator-ids.values
04-15 16:13:37.735 535 1000 D ReflectedParamUpdater: extent() != 1 for single value type: output.buffers.allocator-ids.values
04-15 16:13:37.740 535 1000 D ReflectedParamUpdater: extent() != 1 for single value type: algo.buffers.allocator-ids.values
04-15 16:13:37.741 535 1000 D ReflectedParamUpdater: extent() != 1 for single value type: output.buffers.pool-ids.values
04-15 16:13:37.742 535 1000 D ReflectedParamUpdater: extent() != 1 for single value type: algo.buffers.pool-ids.values
04-15 16:13:37.777 535 1000 I CCodecConfig: query failed after returning 7 values (BAD_INDEX)
04-15 16:13:37.783 535 1000 D CCodecConfig: c2 config diff is Dict {
04-15 16:13:37.783 535 1000 D CCodecConfig: c2::u32 coded.bitrate.value = 64000
04-15 16:13:37.783 535 1000 D CCodecConfig: c2::u32 input.buffers.max-size.value = 32768
04-15 16:13:37.783 535 1000 D CCodecConfig: c2::u32 input.delay.value = 0
04-15 16:13:37.783 535 1000 D CCodecConfig: string input.media-type.value = "audio/vorbis"
04-15 16:13:37.783 535 1000 D CCodecConfig: string output.media-type.value = "audio/raw"
04-15 16:13:37.783 535 1000 D CCodecConfig: c2::u32 raw.channel-count.value = 1
04-15 16:13:37.783 535 1000 D CCodecConfig: c2::u32 raw.sample-rate.value = 48000
04-15 16:13:37.783 535 1000 D CCodecConfig: }
04-15 16:13:37.811 535 1000 D MediaCodec: flushMediametrics
04-15 16:13:37.818 535 1000 D CCodec : [c2.android.vorbis.decoder] buffers are bound to CCodec for this session
04-15 16:13:37.819 535 1000 D CCodecConfig: no c2 equivalents for durationUs
04-15 16:13:37.819 535 1000 D CCodecConfig: no c2 equivalents for track-id
04-15 16:13:37.824 535 1000 D CCodecConfig: no c2 equivalents for csd-1
04-15 16:13:37.825 535 1000 D CCodecConfig: no c2 equivalents for flags
04-15 16:13:37.840 535 1000 D CCodecConfig: c2 config diff is c2::u32 coded.bitrate.value = 140000
04-15 16:13:37.842 535 1000 W Codec2Client: query -- param skipped: index = 1107298332.
04-15 16:13:37.842 535 1000 D CCodec : encoding statistics level = 0
04-15 16:13:37.843 535 1000 D CCodec : setup formats input: AMessage(what = 0x00000000) = {
04-15 16:13:37.843 535 1000 D CCodec : int32_t bitrate = 140000
04-15 16:13:37.843 535 1000 D CCodec : int32_t channel-count = 1
04-15 16:13:37.843 535 1000 D CCodec : int32_t max-input-size = 32768
04-15 16:13:37.843 535 1000 D CCodec : string mime = "audio/vorbis"
04-15 16:13:37.843 535 1000 D CCodec : int32_t sample-rate = 48000
04-15 16:13:37.843 535 1000 D CCodec : }
04-15 16:13:37.843 535 1000 D CCodec : setup formats output: AMessage(what = 0x00000000) = {
04-15 16:13:37.843 535 1000 D CCodec : int32_t channel-count = 1
04-15 16:13:37.843 535 1000 D CCodec : string mime = "audio/raw"
04-15 16:13:37.843 535 1000 D CCodec : int32_t sample-rate = 48000
04-15 16:13:37.843 535 1000 D CCodec : int32_t channel-mask = 1
04-15 16:13:37.843 535 1000 D CCodec : int32_t android._config-pcm-encoding = 2
04-15 16:13:37.843 535 1000 D CCodec : }
04-15 16:13:37.849 535 1000 I CCodecConfig: query failed after returning 7 values (BAD_INDEX)
04-15 16:13:37.851 535 1000 W Codec2Client: query -- param skipped: index = 1342179345.
04-15 16:13:37.852 535 1000 W Codec2Client: query -- param skipped: index = 2415921170.
04-15 16:13:37.855 535 1000 D CCodecBufferChannel: [c2.android.vorbis.decoder#469] Created input block pool with allocatorID 16 => poolID 20 - OK (0)
04-15 16:13:37.873 535 1000 I CCodecBufferChannel: [c2.android.vorbis.decoder#469] Created output block pool with allocatorID 16 => poolID 20 - OK
04-15 16:13:37.874 535 1000 D CCodecBufferChannel: [c2.android.vorbis.decoder#469] Configured output block pool ids 20 => OK
04-15 16:13:37.883 459 1002 D SimpleC2Component: Using output block pool with poolID 20 => got 20 - 0
04-15 16:13:38.135 535 1000 D CCodecBufferChannel: [c2.android.vorbis.decoder#469] MediaCodec discarded an unknown buffer
04-15 16:13:38.141 535 1000 D CCodecBufferChannel: [c2.android.vorbis.decoder#469] MediaCodec discarded an unknown buffer
04-15 16:13:38.141 535 1000 D CCodecBufferChannel: [c2.android.vorbis.decoder#469] MediaCodec discarded an unknown buffer
04-15 16:13:38.170 893 893 D MediaResumeListener: loaded resume components for 0: []
04-15 16:13:38.179 893 893 D CompatibilityChangeReporter: Compat change id reported: 263076149; UID 10117; state: ENABLED
04-15 16:13:38.182 535 1010 I hw-BpHwBinder: onLastStrongRef automatically unlinking death recipients
04-15 16:13:38.185 893 960 W Looper : Drained
04-15 16:13:38.190 459 971 I hw-BpHwBinder: onLastStrongRef automatically unlinking death recipients
04-15 16:13:38.192 459 971 I hw-BpHwBinder: onLastStrongRef automatically unlinking death recipients
04-15 16:13:38.201 893 893 D LocalBluetoothProfileManager: LocalBluetoothProfileManager construction complete
04-15 16:13:38.202 893 893 D LocalBluetoothProfileManager: Adding local Hearing Aid profile
04-15 16:13:38.208 893 893 D BluetoothHearingAid: Binding service...
04-15 16:13:38.209 535 958 D BluetoothManagerService: Trying to bind to profile: 21, while Bluetooth was disabled
04-15 16:13:38.216 535 906 D MediaCodec: flushMediametrics
04-15 16:13:38.228 535 958 I MR2ServiceImpl: registerManager | uid: 10117, pid: 893, package: com.android.systemui, user: 0
04-15 16:13:38.533 535 906 D MediaCodecList: codecHandlesFormat: no format, so no extra checks
04-15 16:13:38.562 535 1013 D CCodec : allocate(c2.android.vorbis.decoder)
04-15 16:13:38.604 535 1013 I CCodec : setting up 'default' as default (vendor) store
04-15 16:13:38.609 893 893 D KeyguardBouncerRepositoryImpl: Keyguard Bouncer is hiding.
04-15 16:13:38.625 535 1013 I CCodec : Created component [c2.android.vorbis.decoder]
04-15 16:13:38.627 535 1013 D CCodecConfig: read media type: audio/vorbis
04-15 16:13:38.734 535 1013 D ReflectedParamUpdater: extent() != 1 for single value type: algo.buffers.max-count.values
04-15 16:13:38.748 535 1013 D ReflectedParamUpdater: extent() != 1 for single value type: output.subscribed-indices.values
04-15 16:13:38.756 535 1013 D ReflectedParamUpdater: extent() != 1 for single value type: input.buffers.allocator-ids.values
04-15 16:13:38.764 535 1013 D ReflectedParamUpdater: extent() != 1 for single value type: output.buffers.allocator-ids.values
04-15 16:13:38.768 535 1013 D ReflectedParamUpdater: extent() != 1 for single value type: algo.buffers.allocator-ids.values
