04-15 16:14:26.407 893 1413 D MediaCodecList: codecHandlesFormat: no format, so no extra checks
04-15 16:14:26.437 535 811 D WifiConfigStore: Writing to stores completed in 519 ms.
04-15 16:14:26.473 193 193 I tombstoned: registered intercept for pid 155 and type kDebuggerdNativeBacktrace
04-15 16:14:26.485 155 155 I libc : Requested dump for pid 155 (binder:155_2)
04-15 16:14:26.540 893 1524 D CCodec : allocate(c2.android.vorbis.decoder)
04-15 16:14:26.543 535 1406 I system_server: libdebuggerd_client: started dumping process 535
04-15 16:14:26.579 193 193 I tombstoned: registered intercept for pid 535 and type kDebuggerdNativeBacktrace
04-15 16:14:26.595 893 1524 I CCodec : setting up 'default' as default (vendor) store
04-15 16:14:26.606 893 941 W Looper : Slow dispatch took 3869ms SysUiBg h=android.os.Handler c=android.net.wifi.WifiManager$ScanResultsCallback$ScanResultsCallbackProxy$$ExternalSyntheticLambda0@60db6ef m=0
04-15 16:14:26.625 893 893 D BouncerMessageAuditLogger: biometricMessage: null
04-15 16:14:26.636 893 893 D BouncerMessageAuditLogger: primaryAuthMessage: null
04-15 16:14:26.637 893 893 D BouncerMessageAuditLogger: customMessage: null
04-15 16:14:26.638 893 893 D BouncerMessageAuditLogger: faceAcquisitionMessage: null
04-15 16:14:26.638 893 893 D BouncerMessageAuditLogger: fingerprintAcquisitionMessage: null
04-15 16:14:26.638 893 893 D BouncerMessageAuditLogger: authFlagsMessage: null
04-15 16:14:26.847 893 1524 I CCodec : Created component [c2.android.vorbis.decoder]
04-15 16:14:26.854 893 1524 D CCodecConfig: read media type: audio/vorbis
04-15 16:14:26.867 1528 1528 I crash_dump64: obtaining output fd from tombstoned, type: kDebuggerdNativeBacktrace
04-15 16:14:26.877 193 193 I tombstoned: received crash request for pid 155
04-15 16:14:26.878 193 193 I tombstoned: found intercept fd 512 for pid 155 and type kDebuggerdNativeBacktrace
04-15 16:14:26.884 1528 1528 I crash_dump64: performing dump of process 155 (target tid = 155)
04-15 16:14:26.888 893 1524 D ReflectedParamUpdater: extent() != 1 for single value type: algo.buffers.max-count.values
04-15 16:14:26.889 893 1524 D ReflectedParamUpdater: extent() != 1 for single value type: output.subscribed-indices.values
04-15 16:14:26.890 893 1524 D ReflectedParamUpdater: extent() != 1 for single value type: input.buffers.allocator-ids.values
04-15 16:14:26.890 893 1524 D ReflectedParamUpdater: extent() != 1 for single value type: output.buffers.allocator-ids.values
04-15 16:14:26.890 893 1524 D ReflectedParamUpdater: extent() != 1 for single value type: algo.buffers.allocator-ids.values
04-15 16:14:26.891 893 1524 D ReflectedParamUpdater: extent() != 1 for single value type: output.buffers.pool-ids.values
04-15 16:14:26.891 893 1524 D ReflectedParamUpdater: extent() != 1 for single value type: algo.buffers.pool-ids.values
04-15 16:14:26.910 893 1524 I CCodecConfig: query failed after returning 7 values (BAD_INDEX)
04-15 16:14:26.911 893 1524 D CCodecConfig: c2 config diff is Dict {
04-15 16:14:26.911 893 1524 D CCodecConfig: c2::u32 coded.bitrate.value = 64000
04-15 16:14:26.911 893 1524 D CCodecConfig: c2::u32 input.buffers.max-size.value = 32768
04-15 16:14:26.911 893 1524 D CCodecConfig: c2::u32 input.delay.value = 0
04-15 16:14:26.911 893 1524 D CCodecConfig: string input.media-type.value = "audio/vorbis"
04-15 16:14:26.911 893 1524 D CCodecConfig: string output.media-type.value = "audio/raw"
04-15 16:14:26.911 893 1524 D CCodecConfig: c2::u32 raw.channel-count.value = 1
04-15 16:14:26.911 893 1524 D CCodecConfig: c2::u32 raw.sample-rate.value = 48000
04-15 16:14:26.911 893 1524 D CCodecConfig: }
04-15 16:14:26.919 535 535 I libc : Requested dump for pid 535 (system_server)
04-15 16:14:26.925 893 893 D BiometricsRepositoryImpl: currentUser authFlags changed, new value: AuthenticationFlags(userId=0, flag=1)
04-15 16:14:26.980 535 544 W system_server: Suspending all threads took: 136.756ms
04-15 16:14:27.068 193 193 W tombstoned: skipping tombstone file creation due to intercept
04-15 16:14:27.097 0 0 I init : Untracked pid 1530 exited with status 0
04-15 16:14:27.097 0 0 I init : Untracked pid 1530 did not have an associated service entry and will not be reaped
04-15 16:14:27.097 0 0 I init : Untracked pid 1528 exited with status 0
04-15 16:14:27.097 0 0 I init : Untracked pid 1528 did not have an associated service entry and will not be reaped
04-15 16:14:27.102 893 893 D BouncerMessageAuditLogger: interactor.bouncerMessage: BouncerMessageModel(message=Message(message=, messageResId=null, colorState=null, formatterArgs=null, animate=true), secondaryMessage=Message(message=, messageResId=null, colorState=null, formatterArgs=null, animate=true))
04-15 16:14:27.102 893 893 V SystemUIBootTiming: StartServices com.android.systemui.keyguard.bouncer.domain.interactor.BouncerMessageAuditLogger took to complete: 1352ms
04-15 16:14:27.102 893 893 W SystemUIService: Initialization of com.android.systemui.keyguard.bouncer.domain.interactor.BouncerMessageAuditLogger took 1352 ms
04-15 16:14:27.132 893 1524 D MediaCodec: flushMediametrics
04-15 16:14:27.133 893 1524 D CCodec : [c2.android.vorbis.decoder] buffers are bound to CCodec for this session
04-15 16:14:27.134 893 1524 D CCodecConfig: no c2 equivalents for durationUs
04-15 16:14:27.134 893 1524 D CCodecConfig: no c2 equivalents for track-id
04-15 16:14:27.134 893 1524 D CCodecConfig: no c2 equivalents for csd-1
04-15 16:14:27.134 893 1524 D CCodecConfig: no c2 equivalents for flags
04-15 16:14:27.136 535 544 W system_server: Suspending all threads took: 151.912ms
04-15 16:14:27.143 893 1524 D CCodecConfig: c2 config diff is c2::u32 coded.bitrate.value = 160000
04-15 16:14:27.143 893 1524 D CCodecConfig: c2::u32 raw.channel-count.value = 2
04-15 16:14:27.152 893 1524 W Codec2Client: query -- param skipped: index = 1107298332.
04-15 16:14:27.152 893 1524 D CCodec : encoding statistics level = 0
04-15 16:14:27.152 893 1524 D CCodec : setup formats input: AMessage(what = 0x00000000) = {
04-15 16:14:27.152 893 1524 D CCodec : int32_t bitrate = 160000
04-15 16:14:27.152 893 1524 D CCodec : int32_t channel-count = 2
04-15 16:14:27.152 893 1524 D CCodec : int32_t max-input-size = 32768
04-15 16:14:27.152 893 1524 D CCodec : string mime = "audio/vorbis"
04-15 16:14:27.152 893 1524 D CCodec : int32_t sample-rate = 48000
04-15 16:14:27.152 893 1524 D CCodec : }
04-15 16:14:27.152 893 1524 D CCodec : setup formats output: AMessage(what = 0x00000000) = {
04-15 16:14:27.152 893 1524 D CCodec : int32_t channel-count = 2
04-15 16:14:27.152 893 1524 D CCodec : string mime = "audio/raw"
04-15 16:14:27.152 893 1524 D CCodec : int32_t sample-rate = 48000
04-15 16:14:27.152 893 1524 D CCodec : int32_t channel-mask = 3
04-15 16:14:27.152 893 1524 D CCodec : int32_t android._config-pcm-encoding = 2
04-15 16:14:27.152 893 1524 D CCodec : }
04-15 16:14:27.153 893 1524 I CCodecConfig: query failed after returning 7 values (BAD_INDEX)
04-15 16:14:27.156 893 1524 W Codec2Client: query -- param skipped: index = 1342179345.
04-15 16:14:27.156 893 1524 W Codec2Client: query -- param skipped: index = 2415921170.
04-15 16:14:27.166 893 1524 D CCodecBufferChannel: [c2.android.vorbis.decoder#79] Created input block pool with allocatorID 16 => poolID 19 - OK (0)
04-15 16:14:27.173 459 971 D BufferPoolAccessor2.0: bufferpool2 0x73554d7a0a08 : 0(0 size) total buffers - 0(0 size) used buffers - 12/16 (recycle/alloc) - 4/15 (fetch/transfer)
04-15 16:14:27.173 459 971 D BufferPoolAccessor2.0: Destruction - bufferpool2 0x73554d7a0a08 cached: 0/0M, 0/0% in use; allocs: 16, 75% recycled; transfers: 15, 73% unfetched
04-15 16:14:27.192 535 1393 I system_server: libdebuggerd_client: done dumping process 155
04-15 16:14:27.200 893 1420 D BufferPoolAccessor2.0: bufferpool2 0x78a4def3c3e8 : 0(0 size) total buffers - 0(0 size) used buffers - 1/7 (recycle/alloc) - 6/36 (fetch/transfer)
04-15 16:14:27.203 893 1524 I CCodecBufferChannel: [c2.android.vorbis.decoder#79] Created output block pool with allocatorID 16 => poolID 25 - OK
04-15 16:14:27.208 893 1524 D CCodecBufferChannel: [c2.android.vorbis.decoder#79] Configured output block pool ids 25 => OK
04-15 16:14:27.209 893 1420 D BufferPoolAccessor2.0: Destruction - bufferpool2 0x78a4def3c3e8 cached: 0/0M, 0/0% in use; allocs: 7, 14% recycled; transfers: 36, 83% unfetched
04-15 16:14:27.257 459 1527 D SimpleC2Component: Using output block pool with poolID 25 => got 25 - 0
04-15 16:14:27.272 193 193 I tombstoned: received crash request for pid 535
04-15 16:14:27.273 193 193 W tombstoned: found non-matching intercept of type kDebuggerdNativeBacktrace for requested type: kDebuggerdJavaBacktrace
04-15 16:14:27.390 535 544 I system_server: Wrote stack traces to tombstoned
04-15 16:14:27.399 193 193 E tombstoned: Traces for pid 535 written to: trace_00
04-15 16:14:27.495 893 941 I CameraManagerGlobal: Connecting to camera service
04-15 16:14:27.669 535 1393 I ActivityManager: Collecting stacks for native pid 327
04-15 16:14:27.771 535 1393 I system_server: libdebuggerd_client: started dumping process 327
04-15 16:14:27.781 193 193 I tombstoned: registered intercept for pid 327 and type kDebuggerdNativeBacktrace
04-15 16:14:27.787 327 327 I libc : Requested dump for pid 327 (binder:327_2)
04-15 16:14:27.990 535 557 V ActivityTaskManager: Sending to IME proc com.android.inputmethod.latin new config {1.0 ?mcc0mnc [en_US] ldltr sw411dp w411dp h914dp 420dpi nrml long port finger qwerty/v/v -nav/h winConfig={ mBounds=Rect(0, 0 - 1080, 2400) mAppBounds=Rect(0, 0 - 1080, 2400) mMaxBounds=Rect(0, 0 - 1080, 2400) mDisplayRotation=ROTATION_0 mWindowingMode=fullscreen mDisplayWindowingMode=fullscreen mActivityType=undefined mAlwaysOnTop=undefined mRotation=ROTATION_0} as.2 s.12 fontWeightAdjustment=0}
04-15 16:14:28.286 535 1493 E system_server: No package ID 7f found for resource ID 0x7f08025b.
04-15 16:14:28.287 535 1493 E system_server: No package ID 7f found for resource ID 0x7f1315be.
04-15 16:14:28.355 535 1493 E system_server: No package ID 7f found for resource ID 0x7f08025a.
04-15 16:14:28.355 535 1493 E system_server: No package ID 7f found for resource ID 0x7f13067c.
04-15 16:14:28.420 535 557 I WindowManager: Override config changes=80000000 {1.0 ?mcc0mnc [en_US] ldltr sw411dp w411dp h914dp 420dpi nrml long port finger qwerty/v/v -nav/h winConfig={ mBounds=Rect(0, 0 - 1080, 2400) mAppBounds=Rect(0, 0 - 1080, 2400) mMaxBounds=Rect(0, 0 - 1080, 2400) mDisplayRotation=ROTATION_0 mWindowingMode=fullscreen mDisplayWindowingMode=fullscreen mActivityType=undefined mAlwaysOnTop=undefined mRotation=ROTATION_0} as.2 s.10 fontWeightAdjustment=0} for displayId=0
04-15 16:14:28.441 1540 1540 I crash_dump64: obtaining output fd from tombstoned, type: kDebuggerdNativeBacktrace
04-15 16:14:28.446 193 193 I tombstoned: received crash request for pid 327
04-15 16:14:28.446 193 193 I tombstoned: found intercept fd 512 for pid 327 and type kDebuggerdNativeBacktrace
04-15 16:14:28.452 1540 1540 I crash_dump64: performing dump of process 327 (target tid = 327)
04-15 16:14:28.528 535 1493 E system_server: No package ID 7f found for resource ID 0x7f080259.
04-15 16:14:28.529 535 1493 E system_server: No package ID 7f found for resource ID 0x7f130e50.
04-15 16:14:28.582 535 1406 E system_server: libdebuggerd_client: failed to read status response from tombstoned: Try again
04-15 16:14:28.583 193 193 I tombstoned: intercept for pid 535 and type kDebuggerdNativeBacktrace terminated: due to input
04-15 16:14:28.600 193 193 W tombstoned: skipping tombstone file creation due to intercept
04-15 16:14:28.610 535 1393 I system_server: libdebuggerd_client: done dumping process 327
04-15 16:14:28.624 0 0 W binder_debug: 31 callbacks suppressed
04-15 16:14:28.624 0 0 I binder : 959:535 cannot find target node
04-15 16:14:28.624 0 0 I binder : 535:959 transaction async to 0:0 failed 30714/29189/-22, size 104-0 line 3210
04-15 16:14:28.625 535 1406 W ActivityManager: Native stack dump failed!
04-15 16:14:28.626 535 1406 E ActivityManager: Aborted stack trace dump (current primary pid=535); deadline exceeded.
04-15 16:14:28.649 0 0 I init : Untracked pid 1540 exited with status 0
04-15 16:14:28.649 0 0 I init : Untracked pid 1540 did not have an associated service entry and will not be reaped
04-15 16:14:28.657 0 0 I init : Untracked pid 1542 exited with status 0
04-15 16:14:28.657 0 0 I init : Untracked pid 1542 did not have an associated service entry and will not be reaped
04-15 16:14:28.650 893 928 V WindowManagerShell: Transition requested: android.os.BinderProxy@ac039df TransitionRequestInfo { type = CHANGE, triggerTask = null, remoteTransition = null, displayChange = null }
04-15 16:14:28.668 535 959 E IPCThreadState: Binder transaction failure: 30714/29189/-22
04-15 16:14:28.671 893 1524 D CCodecBufferChannel: [c2.android.vorbis.decoder#79] MediaCodec discarded an unknown buffer
04-15 16:14:28.680 893 1524 D CCodecBufferChannel: [c2.android.vorbis.decoder#79] MediaCodec discarded an unknown buffer
04-15 16:14:28.681 893 1524 D CCodecBufferChannel: [c2.android.vorbis.decoder#79] MediaCodec discarded an unknown buffer
04-15 16:14:28.710 459 973 I hw-BpHwBinder: onLastStrongRef automatically unlinking death recipients
04-15 16:14:28.711 459 973 I hw-BpHwBinder: onLastStrongRef automatically unlinking death recipients
04-15 16:14:28.716 893 1543 I hw-BpHwBinder: onLastStrongRef automatically unlinking death recipients
04-15 16:14:28.718 893 1413 D MediaCodec: flushMediametrics
04-15 16:14:28.764 893 910 W ndroid.systemui: Long monitor contention with owner SysUiBg (941) at java.lang.String[] android.hardware.camera2.CameraManager$CameraManagerGlobal.getCameraIdList()(CameraManager.java:2128) waiters=0 in void android.hardware.camera2.CameraManager$CameraManagerGlobal.onTorchStatusChanged(int, java.lang.String) for 338ms
04-15 16:14:28.768 0 0 I binder : 959:535 reply target not found
04-15 16:14:28.775 0 0 I binder : 535:959 transaction reply to 0:0 failed 30733/29189/0, size 4-0 line 3140
04-15 16:14:28.775 0 0 I binder : send failed reply for transaction 29498, target dead
04-15 16:14:28.783 535 1393 I ActivityManager: Collecting stacks for native pid 328
04-15 16:14:28.825 395 415 D PermissionCache: checking android.permission.READ_FRAME_BUFFER for uid=1000 => granted (194533 us)
04-15 16:14:28.856 0 0 I binder : release 1512:1512 transaction 30130 out, still active
04-15 16:14:28.856 0 0 I binder : undelivered TRANSACTION_COMPLETE
04-15 16:14:29.022 535 1393 I system_server: libdebuggerd_client: started dumping process 328
04-15 16:14:29.034 193 193 I tombstoned: registered intercept for pid 328 and type kDebuggerdNativeBacktrace
04-15 16:14:29.050 328 328 I libc : Requested dump for pid 328 (binder:328_4)
04-15 16:14:29.070 0 0 I servicemanager: Could not find android.hardware.graphics.allocator.IAllocator/default in the VINTF manifest.
04-15 16:14:29.115 132 132 I hwservicemanager: getTransport: Cannot find entry android.hardware.graphics.mapper@4.0::IMapper/default in either framework or device VINTF manifest.
04-15 16:14:29.174 535 811 E WifiScoringParams: Invalid frequency(-1), using 5G as default rssi array
04-15 16:14:29.205 535 803 I Gralloc4: mapper 4.x is not supported
04-15 16:14:29.243 893 1533 W ndroid.systemui: Long monitor contention with owner DefaultDispatcher-worker-5 (1532) at int kotlinx.coroutines.scheduling.CoroutineScheduler.createNewWorker()(go/retraceme bb0c85583bc8cef368173602f8ea06d241ec8a7fed6aca80388046fe2c5dd77a:120) waiters=2 in int kotlinx.coroutines.scheduling.CoroutineScheduler.createNewWorker() for 321ms
04-15 16:14:29.341 535 1500 W system_server: Long monitor contention with owner binder:535_E (1468) at com.android.server.pm.Computer com.android.server.pm.PackageManagerService.snapshotComputer(boolean)(PackageManagerService.java:1195) waiters=0 in com.android.server.pm.Computer com.android.server.pm.PackageManagerService.snapshotComputer(boolean) for 681ms
04-15 16:14:29.346 535 1520 W system_server: Long monitor contention with owner binder:535_E (1468) at com.android.server.pm.Computer com.android.server.pm.PackageManagerService.snapshotComputer(boolean)(PackageManagerService.java:1195) waiters=1 in com.android.server.pm.Computer com.android.server.pm.PackageManagerService.snapshotComputer(boolean) for 431ms
04-15 16:14:29.348 535 1493 W system_server: Long monitor contention with owner binder:535_E (1468) at com.android.server.pm.Computer com.android.server.pm.PackageManagerService.snapshotComputer(boolean)(PackageManagerService.java:1195) waiters=2 in com.android.server.pm.Computer com.android.server.pm.PackageManagerService.snapshotComputer(boolean) for 425ms
04-15 16:14:29.361 535 959 W system_server: Long monitor contention with owner binder:535_E (1468) at com.android.server.pm.Computer com.android.server.pm.PackageManagerService.snapshotComputer(boolean)(PackageManagerService.java:1195) waiters=3 in com.android.server.pm.Computer com.android.server.pm.PackageManagerService.snapshotComputer(boolean) for 415ms
04-15 16:14:29.375 535 957 W system_server: Long monitor contention with owner binder:535_E (1468) at com.android.server.pm.Computer com.android.server.pm.PackageManagerService.snapshotComputer(boolean)(PackageManagerService.java:1195) waiters=4 in com.android.server.pm.Computer com.android.server.pm.PackageManagerService.snapshotComputer(boolean) for 384ms
04-15 16:14:29.392 535 608 W system_server: Long monitor contention with owner binder:535_E (1468) at com.android.server.pm.Computer com.android.server.pm.PackageManagerService.snapshotComputer(boolean)(PackageManagerService.java:1195) waiters=5 in com.android.server.pm.Computer com.android.server.pm.PackageManagerService.snapshotComputer(boolean) for 306ms
04-15 16:14:29.514 893 1534 W ndroid.systemui: Long monitor contention with owner DefaultDispatcher-worker-5 (1532) at int kotlinx.coroutines.scheduling.CoroutineScheduler.createNewWorker()(go/retraceme bb0c85583bc8cef368173602f8ea06d241ec8a7fed6aca80388046fe2c5dd77a:120) waiters=3 in int kotlinx.coroutines.scheduling.CoroutineScheduler.createNewWorker() for 591ms
04-15 16:14:29.563 0 0 E binder : invalid inc weak node for 29466
04-15 16:14:29.563 0 0 I binder : 535:1468 IncRefs 0 refcount change on invalid ref 543 ret -22
04-15 16:14:29.563 0 0 E binder : invalid inc weak node for 29468
04-15 16:14:29.563 0 0 I binder : 535:1468 IncRefs 0 refcount change on invalid ref 544 ret -22
04-15 16:14:29.646 459 891 D BufferPoolAccessor2.0: bufferpool2 0x73554d7a2cb8 : 0(0 size) total buffers - 0(0 size) used buffers - 14/17 (recycle/alloc) - 3/16 (fetch/transfer)
04-15 16:14:29.647 459 891 D BufferPoolAccessor2.0: evictor expired: 1, evicted: 1
04-15 16:14:29.659 1557 1557 I crash_dump64: obtaining output fd from tombstoned, type: kDebuggerdNativeBacktrace
04-15 16:14:29.674 193 193 I tombstoned: received crash request for pid 328
04-15 16:14:29.674 193 193 I tombstoned: found intercept fd 512 for pid 328 and type kDebuggerdNativeBacktrace
04-15 16:14:29.677 1557 1557 I crash_dump64: performing dump of process 328 (target tid = 328)
04-15 16:14:29.861 0 0 I init : Untracked pid 1512 received signal 1
04-15 16:14:29.862 0 0 I init : Untracked pid 1512 did not have an associated service entry and will not be reaped
04-15 16:14:29.888 893 893 V SystemUIBootTiming: StartServices com.android.systemui.keyguard.data.quickaffordance.MuteQuickAffordanceCoreStartable took to complete: 2781ms
04-15 16:14:29.889 893 893 W SystemUIService: Initialization of com.android.systemui.keyguard.data.quickaffordance.MuteQuickAffordanceCoreStartable took 2786 ms
04-15 16:14:29.893 893 893 D KeyguardTransitionCoreStartable: Started com.android.systemui.keyguard.domain.interactor.FromLockscreenTransitionInteractor@c5d51ad
04-15 16:14:29.984 193 193 W tombstoned: skipping tombstone file creation due to intercept
04-15 16:14:30.002 535 1393 I system_server: libdebuggerd_client: done dumping process 328
04-15 16:14:30.009 0 0 I init : Untracked pid 1571 exited with status 0
04-15 16:14:30.009 0 0 I init : Untracked pid 1571 did not have an associated service entry and will not be reaped
04-15 16:14:30.010 0 0 I init : Untracked pid 1557 exited with status 0
04-15 16:14:30.010 0 0 I init : Untracked pid 1557 did not have an associated service entry and will not be reaped
04-15 16:14:30.036 535 1393 I ActivityManager: Collecting stacks for native pid 392
04-15 16:14:30.076 535 1393 I system_server: libdebuggerd_client: started dumping process 392
04-15 16:14:30.097 193 193 I tombstoned: registered intercept for pid 392 and type kDebuggerdNativeBacktrace
04-15 16:14:30.105 392 392 I libc : Requested dump for pid 392 (audioserver)
04-15 16:14:30.240 535 1468 E IPCThreadState: Binder transaction failure: 30839/29189/-22
04-15 16:14:30.244 0 0 I binder : 1468:535 cannot find target node
04-15 16:14:30.244 0 0 I binder : 535:1468 transaction async to 0:0 failed 30839/29189/-22, size 104-0 line 3210
04-15 16:14:30.250 0 0 I binder : 1468:535 reply target not found
04-15 16:14:30.263 0 0 E binder : invalid inc weak node for 29539
04-15 16:14:30.263 0 0 I binder : 535:1483 IncRefs 0 refcount change on invalid ref 553 ret -22
04-15 16:14:30.263 0 0 E binder : invalid inc weak node for 29541
04-15 16:14:30.263 0 0 I binder : 535:1483 IncRefs 0 refcount change on invalid ref 554 ret -22
04-15 16:14:30.548 535 1483 E IPCThreadState: Binder transaction failure: 30876/29189/-22
04-15 16:14:30.559 0 0 E binder : invalid inc weak node for 29477
04-15 16:14:30.594 0 0 I binder : 535:1480 IncRefs 0 refcount change on invalid ref 545 ret -22
04-15 16:14:30.594 0 0 E binder : invalid inc weak node for 29479
04-15 16:14:30.594 0 0 I binder : 535:1480 IncRefs 0 refcount change on invalid ref 546 ret -22
04-15 16:14:30.621 893 1419 D BufferPoolAccessor2.0: bufferpool2 0x78a4def35e28 : 0(0 size) total buffers - 0(0 size) used buffers - 2/7 (recycle/alloc) - 5/38 (fetch/transfer)
04-15 16:14:30.625 893 1419 D BufferPoolAccessor2.0: evictor expired: 1, evicted: 1
04-15 16:14:30.697 535 1483 I ActivityManager: Broadcasting: Intent { act=com.android.emulator.multidisplay.START flg=0x400000 cmp=com.android.emulator.multidisplay/.MultiDisplayServiceReceiver }
04-15 16:14:30.874 535 1493 E system_server: No package ID 7f found for resource ID 0x7f080077.
04-15 16:14:30.877 535 1493 E system_server: No package ID 7f found for resource ID 0x7f110261.
04-15 16:14:31.363 893 941 W Looper : Slow dispatch took 3868ms SysUiBg h=android.os.Handler c=com.android.systemui.statusbar.policy.FlashlightControllerImpl$$ExternalSyntheticLambda0@a229463 m=0
04-15 16:14:31.398 893 893 D KeyguardTransitionCoreStartable: Started com.android.systemui.keyguard.domain.interactor.FromDreamingTransitionInteractor@e72f330
04-15 16:14:31.470 893 893 D KeyguardTransitionCoreStartable: Started com.android.systemui.keyguard.domain.interactor.FromDozingTransitionInteractor@bacb52e
04-15 16:14:31.498 893 893 D KeyguardTransitionCoreStartable: Started com.android.systemui.keyguard.domain.interactor.FromPrimaryBouncerTransitionInteractor@347aec4
04-15 16:14:31.590 893 893 D KeyguardTransitionCoreStartable: Started com.android.systemui.keyguard.domain.interactor.FromOccludedTransitionInteractor@42a5ba9
04-15 16:14:31.662 893 893 D KeyguardTransitionCoreStartable: Started com.android.systemui.keyguard.domain.interactor.FromGoneTransitionInteractor@2bea873
04-15 16:14:31.881 1539 1539 I crash_dump64: obtaining output fd from tombstoned, type: kDebuggerdNativeBacktrace
04-15 16:14:31.899 0 0 E binder : invalid inc weak node for 29549
04-15 16:14:31.900 0 0 I binder : 535:551 IncRefs 0 refcount change on invalid ref 555 ret -22
04-15 16:14:31.900 0 0 E binder : invalid inc weak node for 29551
04-15 16:14:31.900 0 0 I binder : 535:551 IncRefs 0 refcount change on invalid ref 556 ret -22
04-15 16:14:31.979 193 193 I tombstoned: received crash request for pid 535
04-15 16:14:31.979 193 193 E tombstoned: failed to get crash output for type kDebuggerdNativeBacktrace
04-15 16:14:31.985 1539 1539 E libc : failed to read response to DumpRequest packet: No message of desired type
04-15 16:14:31.986 1539 1539 I crash_dump64: performing dump of process 535 (target tid = 535)
04-15 16:14:32.082 535 1480 E IPCThreadState: Binder transaction failure: 30982/29189/-22
04-15 16:14:32.163 893 893 D KeyguardTransitionCoreStartable: Started com.android.systemui.keyguard.domain.interactor.FromAodTransitionInteractor@b6cace2
04-15 16:14:32.343 535 1493 E system_server: No package ID 7f found for resource ID 0x7f07009e.
04-15 16:14:32.352 535 1493 E system_server: No package ID 7f found for resource ID 0x7f120096.
04-15 16:14:32.410 535 557 D CompatibilityChangeReporter: Compat change id reported: 197654537; UID 1000; state: ENABLED
04-15 16:14:32.440 1187 1187 D b/254119092: TaskbarManager#mComponentCallbacks.onConfigurationChanged: {1.0 ?mcc0mnc [en_US] ldltr sw411dp w411dp h914dp 420dpi nrml long port finger qwerty/v/v -nav/h winConfig={ mBounds=Rect(0, 0 - 1080, 2400) mAppBounds=Rect(0, 0 - 1080, 2400) mMaxBounds=Rect(0, 0 - 1080, 2400) mDisplayRotation=ROTATION_0 mWindowingMode=fullscreen mDisplayWindowingMode=fullscreen mActivityType=undefined mAlwaysOnTop=undefined mRotation=ROTATION_0} as.2 s.10 fontWeightAdjustment=0}
04-15 16:14:32.440 1187 1187 D b/254119092: mActivity and mContext agree taskbarIsPresent=false
04-15 16:14:32.491 1187 1187 D b/254119092: ComponentCallbacks#onConfigurationChanged() configDiffForRecreate={}
04-15 16:14:32.491 1187 1187 D b/254119092: mActivity and mContext agree taskbarIsPresent=false
04-15 16:14:32.509 535 551 E IPCThreadState: Binder transaction failure: 31032/29189/-22
04-15 16:14:32.520 0 0 E binder : invalid inc weak node for 29534
04-15 16:14:32.520 0 0 I binder : 535:1073 IncRefs 0 refcount change on invalid ref 551 ret -22
04-15 16:14:32.520 0 0 E binder : invalid inc weak node for 29536
04-15 16:14:32.520 0 0 I binder : 535:1073 IncRefs 0 refcount change on invalid ref 552 ret -22
04-15 16:14:32.570 1187 1187 D b/254119092: DisplayController#onConfigurationChanged: {1.0 ?mcc0mnc [en_US] ldltr sw411dp w411dp h914dp 420dpi nrml long port finger qwerty/v/v -nav/h winConfig={ mBounds=Rect(0, 0 - 1080, 2400) mAppBounds=Rect(0, 0 - 1080, 2400) mMaxBounds=Rect(0, 0 - 1080, 2400) mDisplayRotation=ROTATION_0 mWindowingMode=fullscreen mDisplayWindowingMode=fullscreen mActivityType=undefined mAlwaysOnTop=undefined mRotation=ROTATION_0} as.2 s.10 fontWeightAdjustment=0}
04-15 16:14:32.632 893 1419 D BufferPoolAccessor2.0: evictor expired: 1, evicted: 0
04-15 16:14:32.650 893 893 D KeyguardTransitionCoreStartable: Started com.android.systemui.keyguard.domain.interactor.FromAlternateBouncerTransitionInteractor@75158cf
04-15 16:14:32.668 459 891 D BufferPoolAccessor2.0: evictor expired: 1, evicted: 0
04-15 16:14:32.776 1139 1139 W WindowOnBackDispatcher: sendCancelIfRunning: isInProgress=falsecallback=android.app.Activity$$ExternalSyntheticLambda0@cb62b7c
04-15 16:14:32.903 0 0 E binder : invalid inc weak node for 29427
04-15 16:14:32.903 0 0 E binder : invalid inc weak node for 29429
04-15 16:14:32.897 535 1073 E IPCThreadState: Binder transaction failure: 31078/29189/-22
04-15 16:14:32.957 1583 1583 I crash_dump64: obtaining output fd from tombstoned, type: kDebuggerdNativeBacktrace
04-15 16:14:32.986 193 193 I tombstoned: received crash request for pid 392
04-15 16:14:32.986 193 193 I tombstoned: found intercept fd 512 for pid 392 and type kDebuggerdNativeBacktrace
04-15 16:14:32.989 535 1393 E system_server: libdebuggerd_client: timeout expired
04-15 16:14:33.017 535 1393 I ActivityManager: Collecting stacks for native pid 395
04-15 16:14:33.023 535 1393 I system_server: libdebuggerd_client: started dumping process 395
04-15 16:14:33.045 193 193 I tombstoned: registered intercept for pid 395 and type kDebuggerdNativeBacktrace
04-15 16:14:33.052 395 395 I libc : Requested dump for pid 395 (surfaceflinger)
04-15 16:14:33.086 535 557 W ActivityTaskManager: Current config: {1.0 ?mcc0mnc [en_US] ldltr sw411dp w411dp h914dp 420dpi nrml long port finger qwerty/v/v -nav/h winConfig={ mBounds=Rect(0, 0 - 1080, 2400) mAppBounds=Rect(0, 0 - 1080, 2400) mMaxBounds=Rect(0, 0 - 1080, 2400) mDisplayRotation=ROTATION_0 mWindowingMode=fullscreen mDisplayWindowingMode=fullscreen mActivityType=undefined mAlwaysOnTop=undefined mRotation=ROTATION_0} as.2 s.10 fontWeightAdjustment=0} unchanged for IME proc com.android.inputmethod.latin
04-15 16:14:33.101 1583 1583 I crash_dump64: performing dump of process 392 (target tid = 392)
04-15 16:14:33.153 535 1500 W system_server: Long monitor contention with owner android.fg (557) at boolean com.android.server.wm.ActivityTaskManagerService.updateConfiguration(android.content.res.Configuration)(ActivityTaskManagerService.java:3753) waiters=0 in android.os.IBinder com.android.server.wm.WindowOrganizerController.startTransition(int, android.os.IBinder, android.window.WindowContainerTransaction) for 3.808s
04-15 16:14:33.178 535 609 W system_server: Long monitor contention with owner android.fg (557) at void com.android.server.am.ActivityManagerService.scheduleApplicationInfoChanged(java.util.List, int)(ActivityManagerService.java:19335) waiters=1 in java.util.List com.android.server.am.ActivityManagerService.getRunningAppProcesses() for 5.811s
04-15 16:14:33.185 535 624 W system_server: Long monitor contention with owner android.fg (557) at void com.android.server.am.ActivityManagerService.scheduleApplicationInfoChanged(java.util.List, int)(ActivityManagerService.java:19335) waiters=0 in void com.android.server.am.ProcessList.updateLruProcessLocked(com.android.server.am.ProcessRecord, boolean, com.android.server.am.ProcessRecord) for 8.442s
04-15 16:14:33.203 535 568 W ActivityManager: Slow operation: 9781ms so far, now at startProcess: done updating battery stats
04-15 16:14:33.209 535 568 I Watchdog: Interesting Java process com.android.providers.media.module started. Pid 1497
04-15 16:14:33.209 535 568 W ActivityManager: Slow operation: 9787ms so far, now at startProcess: building log message
04-15 16:14:33.209 535 568 I ActivityManager: Start proc 1497:com.android.providers.media.module/u0a139 for service {com.android.providers.media.module/com.android.providers.media.fuse.ExternalStorageServiceImpl}
04-15 16:14:33.209 535 568 W ActivityManager: Slow operation: 9787ms so far, now at startProcess: starting to update pids map
04-15 16:14:33.233 535 815 W system_server: Long monitor contention with owner android.fg (557) at void com.android.server.am.ActivityManagerService.scheduleApplicationInfoChanged(java.util.List, int)(ActivityManagerService.java:19335) waiters=2 in boolean com.android.server.am.ActivityManagerService.isAppStartModeDisabled(int, java.lang.String) for 3.599s
04-15 16:14:33.315 893 928 W Looper : Slow delivery took 132ms wmshell.main h=android.os.Handler c=com.android.wm.shell.transition.Transitions$TransitionPlayerImpl$$ExternalSyntheticLambda1@94b6aaf m=0
04-15 16:14:33.317 893 928 W Looper : Slow dispatch took 4672ms wmshell.main h=android.os.Handler c=com.android.wm.shell.transition.Transitions$TransitionPlayerImpl$$ExternalSyntheticLambda1@94b6aaf m=0
04-15 16:14:33.364 1588 1588 I crash_dump64: obtaining output fd from tombstoned, type: kDebuggerdNativeBacktrace
04-15 16:14:33.382 193 193 I tombstoned: received crash request for pid 395
04-15 16:14:33.383 193 193 I tombstoned: enqueueing crash request for pid 395
04-15 16:14:33.386 395 395 I BpBinder: onLastStrongRef automatically unlinking death recipients:
04-15 16:14:33.421 535 1468 D CoreBackPreview: Window{d9207e2 u0 com.android.settings/com.android.settings.FallbackHome}: Setting back callback null
04-15 16:14:33.445 535 609 D WifiNl80211Manager: Scan result ready event
04-15 16:14:33.469 893 928 V WindowManagerShell: Display changed: 0
04-15 16:14:33.473 535 609 D WifiNative: Scan result ready event
04-15 16:14:33.475 893 928 W Looper : Slow dispatch took 154ms wmshell.main h=android.os.Handler c=com.android.wm.shell.common.DisplayController$DisplayWindowListenerImpl$$ExternalSyntheticLambda3@6e02cb m=0
04-15 16:14:33.573 535 568 W system_server: Long monitor contention with owner binder:535_18 (1500) at android.os.IBinder com.android.server.wm.WindowOrganizerController.startTransition(int, android.os.IBinder, android.window.WindowContainerTransaction)(WindowOrganizerController.java:329) waiters=2 in void com.android.server.wm.ActivityTaskManagerService$LocalService.onProcessMapped(int, com.android.server.wm.WindowProcessController) for 319ms
04-15 16:14:33.600 535 568 W ActivityManager: Slow operation: 10169ms so far, now at startProcess: done updating pids map
04-15 16:14:33.641 893 928 W Looper : Drained
04-15 16:14:33.642 893 928 W Looper : Slow dispatch took 159ms wmshell.main h=android.view.Choreographer$FrameHandler c=android.view.Choreographer$FrameDisplayEventReceiver@e866e14 m=0
04-15 16:14:33.663 535 560 W BLASTSyncEngine: Sync group 2 timeout
04-15 16:14:33.666 535 560 I BLASTSyncEngine: Unfinished container: Task{d6cbe6f #5 type=home A=1000:com.android.settings.FallbackHome}
04-15 16:14:33.672 459 891 D BufferPoolAccessor2.0: bufferpool2 0x73554d7a0a08 : 0(0 size) total buffers - 0(0 size) used buffers - 6/7 (recycle/alloc) - 1/6 (fetch/transfer)
04-15 16:14:33.673 459 891 D BufferPoolAccessor2.0: evictor expired: 1, evicted: 1
04-15 16:14:33.737 535 618 D CompatibilityChangeReporter: Compat change id reported: 168419799; UID 10139; state: DISABLED
04-15 16:14:33.743 535 618 D CompatibilityChangeReporter: Compat change id reported: 273564678; UID 10139; state: DISABLED
04-15 16:14:33.751 535 618 W ActivityManager: Slow operation: 78ms so far, now at attachApplicationLocked: immediately before bindApplication
04-15 16:14:33.771 0 0 W binder_debug: 22 callbacks suppressed
04-15 16:14:33.771 0 0 I binder : 958:535 cannot find target node
04-15 16:14:33.771 0 0 I binder : 535:958 transaction async to 0:0 failed 31190/29189/-22, size 104-0 line 3210
04-15 16:14:33.774 535 559 W system_server: Long monitor contention with owner appscheduling.default (624) at int com.android.server.job.JobSchedulerService.getUidProcState(int)(JobSchedulerService.java:2305) waiters=0 in void com.android.server.job.JobStore$2.run() for 13.281s
04-15 16:14:33.775 535 624 W Looper : Slow dispatch took 15395ms appscheduling.default h=com.android.server.job.JobServiceContext$JobServiceHandler c=null m=0
04-15 16:14:33.779 535 1346 W system_server: Long monitor contention with owner binder:535_5 (803) at boolean com.android.server.om.OverlayManagerService$1.setEnabledExclusiveInCategory(java.lang.String, int)(OverlayManagerService.java:718) waiters=9 in boolean com.android.server.om.OverlayManagerService$1.setEnabledExclusiveInCategory(java.lang.String, int) for 10.280s
04-15 16:14:33.811 535 958 E IPCThreadState: Binder transaction failure: 31190/29189/-22
04-15 16:14:33.828 0 0 I binder : 958:535 reply target not found
04-15 16:14:33.828 0 0 I binder : 535:958 transaction reply to 0:0 failed 31205/29189/0, size 4-0 line 3140
04-15 16:14:33.828 0 0 I binder : send failed reply for transaction 29426, target dead
04-15 16:14:33.838 0 0 E binder : invalid inc weak node for 29416
04-15 16:14:33.838 0 0 E binder : invalid inc weak node for 29418
04-15 16:14:33.910 535 618 W ActivityManager: Slow operation: 236ms so far, now at attachApplicationLocked: immediately after bindApplication
04-15 16:14:33.954 535 618 W ActivityManager: Slow operation: 281ms so far, now at attachApplicationLocked: after updateLruProcessLocked
04-15 16:14:34.097 893 928 V WindowManagerShell: onTransitionReady android.os.BinderProxy@ac039df: {id=2 t=CHANGE f=0x0 trk=0 r=[0@Point(0, 0)] c=[{WCT{android.window.IWindowContainerToken$Stub$Proxy@658b6c0} m=CHANGE f=IS_DISPLAY leash=Surface(name=WindowedMagnification:0:31)/@0x7b33aa8 sb=Rect(0, 0 - 1080, 2400) eb=Rect(0, 0 - 1080, 2400) d=0 snapshot=Surface(name=transition snapshot: Display{#0 state=ON size=1080x2400 ROTATION_0})/@0x91f59c1}]}
04-15 16:14:34.105 893 928 V WindowManagerShell: Playing animation for (#2)android.os.BinderProxy@ac039df@0
04-15 16:14:34.107 893 928 V WindowManagerShell: try handler com.android.wm.shell.transition.DefaultMixedHandler@3f47ff9
04-15 16:14:34.112 893 928 V WindowManagerShell: try handler com.android.wm.shell.keyguard.KeyguardTransitionHandler@1ae8b3e
04-15 16:14:34.113 893 928 V WindowManagerShell: try handler com.android.wm.shell.activityembedding.ActivityEmbeddingController@5b25d9f
04-15 16:14:34.113 893 928 V WindowManagerShell: try handler com.android.wm.shell.recents.RecentsTransitionHandler@d727eec
04-15 16:14:34.114 893 928 V ShellRecents: RecentsTransitionHandler.startAnimation: no controller found
04-15 16:14:34.116 893 928 V WindowManagerShell: try handler com.android.wm.shell.pip.PipTransition@2f422b5
04-15 16:14:34.117 893 928 V WindowManagerShell: try handler com.android.wm.shell.splitscreen.StageCoordinator@1841d4a
04-15 16:14:34.117 893 928 V WindowManagerShell: try handler com.android.wm.shell.transition.RemoteTransitionHandler@76934bb
04-15 16:14:34.118 893 928 V WindowManagerShell: try handler com.android.wm.shell.transition.DefaultTransitionHandler@97e9dd8
04-15 16:14:34.119 893 928 V WindowManagerShell: start default transition animation, info = {id=2 t=CHANGE f=0x0 trk=0 r=[0@Point(0, 0)] c=[{WCT{android.window.IWindowContainerToken$Stub$Proxy@658b6c0} m=CHANGE f=IS_DISPLAY leash=Surface(name=WindowedMagnification:0:31)/@0x7b33aa8 sb=Rect(0, 0 - 1080, 2400) eb=Rect(0, 0 - 1080, 2400) d=0 snapshot=Surface(name=transition snapshot: Display{#0 state=ON size=1080x2400 ROTATION_0})/@0x91f59c1}]}
04-15 16:14:34.126 893 928 V WindowManagerShell: Display is changing, resolve the animation hint.
04-15 16:14:34.243 535 566 W system_server: Long monitor contention with owner appscheduling.default (624) at int com.android.server.job.JobSchedulerService.getUidProcState(int)(JobSchedulerService.java:2305) waiters=1 in int com.android.server.job.JobSchedulerService.scheduleAsPackage(android.app.job.JobInfo, android.app.job.JobWorkItem, int, java.lang.String, int, java.lang.String, java.lang.String) for 13.002s
04-15 16:14:34.278 535 566 I UsageStatsService: Starting migration to system CE for user 0
04-15 16:14:34.298 893 893 V SystemUIBootTiming: StartServices com.android.systemui.keyguard.domain.interactor.KeyguardTransitionCoreStartable took to complete: 4409ms
04-15 16:14:34.305 893 893 W SystemUIService: Initialization of com.android.systemui.keyguard.domain.interactor.KeyguardTransitionCoreStartable took 4411 ms
04-15 16:14:34.453 535 618 W ActivityManager: Slow operation: 498ms so far, now at finishAttachApplicationInner: after mServices.attachApplicationLocked
04-15 16:14:34.453 535 618 W ActivityManager: Slow operation: 499ms so far, now at finishAttachApplicationInner: after dispatching broadcasts
04-15 16:14:34.459 893 893 V SystemUIBootTiming: StartServices com.android.systemui.keyguard.domain.interactor.SystemUIKeyguardFaceAuthInteractor took to complete: 153ms
04-15 16:14:34.489 893 893 V SystemUIBootTiming: StartServices com.android.systemui.log.SessionTracker took to complete: 1ms
04-15 16:14:34.526 1497 1497 D CompatibilityChangeReporter: Compat change id reported: 171979766; UID 10139; state: ENABLED
04-15 16:14:34.540 1497 1497 D CompatibilityChangeReporter: Compat change id reported: 242716250; UID 10139; state: ENABLED
04-15 16:14:34.557 893 934 W Looper : Slow delivery took 70ms wmshell.anim h=android.os.Handler c=com.android.wm.shell.transition.DefaultTransitionHandler$$ExternalSyntheticLambda0@f323fee m=0
04-15 16:14:34.571 893 934 W Looper : Slow dispatch took 47ms wmshell.anim h=android.os.Handler c=com.android.wm.shell.transition.DefaultTransitionHandler$$ExternalSyntheticLambda0@f323fee m=0
04-15 16:14:34.583 893 928 V WindowManagerShell: animated by com.android.wm.shell.transition.DefaultTransitionHandler@97e9dd8
04-15 16:14:34.646 893 1419 D BufferPoolAccessor2.0: bufferpool2 0x78a4def32fe8 : 0(0 size) total buffers - 0(0 size) used buffers - 2/7 (recycle/alloc) - 5/18 (fetch/transfer)
04-15 16:14:34.649 893 1419 D BufferPoolAccessor2.0: evictor expired: 1, evicted: 1
04-15 16:14:34.668 0 0 I binder : 1346:535 cannot find target node
04-15 16:14:34.668 0 0 I binder : 535:1346 transaction async to 0:0 failed 31339/29189/-22, size 104-0 line 3210
04-15 16:14:34.690 893 928 W Looper : Slow dispatch took 594ms wmshell.main h=android.os.Handler c=com.android.wm.shell.transition.Transitions$TransitionPlayerImpl$$ExternalSyntheticLambda0@a066cfa m=0
04-15 16:14:34.703 893 934 W Looper : Drained
04-15 16:14:34.705 893 934 W Looper : Slow dispatch took 124ms wmshell.anim h=android.view.Choreographer$FrameHandler c=android.view.Choreographer$FrameDisplayEventReceiver@d4cc2ab m=0
04-15 16:14:34.706 535 1346 E IPCThreadState: Binder transaction failure: 31339/29189/-22
04-15 16:14:34.713 893 893 V SystemUIBootTiming: StartServices com.android.systemui.media.RingtonePlayer took to complete: 98ms
04-15 16:14:34.726 0 0 E binder : invalid inc weak node for 29488
04-15 16:14:34.727 0 0 W binder_user_error: 4 callbacks suppressed
04-15 16:14:34.727 0 0 I binder : 535:1482 IncRefs 0 refcount change on invalid ref 547 ret -22
04-15 16:14:34.727 0 0 E binder : invalid inc weak node for 29490
04-15 16:14:34.727 0 0 I binder : 535:1482 IncRefs 0 refcount change on invalid ref 548 ret -22
04-15 16:14:34.778 893 928 V WindowManagerShell: Transition animation finished (aborted=false), notifying core (#2)android.os.BinderProxy@ac039df@0
04-15 16:14:34.793 893 893 V SystemUIBootTiming: StartServices com.android.systemui.media.dialog.MediaOutputSwitcherDialogUI took to complete: 79ms
04-15 16:14:34.838 893 893 V SystemUIBootTiming: StartServices com.android.systemui.media.taptotransfer.MediaTttCommandLineHelper took to complete: 1ms
04-15 16:14:34.886 0 0 I binder : release 1576:1576 transaction 30888 out, still active
04-15 16:14:34.886 0 0 I binder : undelivered TRANSACTION_COMPLETE
04-15 16:14:34.948 0 0 I binder : 1346:535 reply target not found
04-15 16:14:34.990 893 928 V WindowManagerShell: Track 0 became idle
04-15 16:14:34.991 893 928 V WindowManagerShell: All active transition animations finished
04-15 16:14:35.001 893 928 W Looper : Slow dispatch took 253ms wmshell.main h=android.os.Handler c=com.android.wm.shell.transition.DefaultTransitionHandler$$ExternalSyntheticLambda7@8412d08 m=0
04-15 16:14:35.022 535 1346 D CompatibilityChangeReporter: Compat change id reported: 170503758; UID 10139; state: ENABLED
04-15 16:14:35.026 535 566 I UsageStatsService: Finished migration to system CE for user 0
04-15 16:14:35.067 893 893 V SystemUIBootTiming: StartServices com.android.systemui.media.taptotransfer.receiver.MediaTttChipControllerReceiver took to complete: 228ms
04-15 16:14:35.094 893 893 V SystemUIBootTiming: StartServices com.android.systemui.media.taptotransfer.sender.MediaTttSenderCoordinator took to complete: 24ms
04-15 16:14:35.103 893 893 V SystemUIBootTiming: StartServices com.android.systemui.motiontool.MotionToolStartable took to complete: 8ms
04-15 16:14:35.113 1497 1497 D CompatibilityChangeReporter: Compat change id reported: 3400644; UID 10139; state: ENABLED
04-15 16:14:35.141 535 1393 E system_server: libdebuggerd_client: failed to read status response from tombstoned: Try again
04-15 16:14:35.142 193 193 I tombstoned: intercept for pid 395 and type kDebuggerdNativeBacktrace terminated: due to input
04-15 16:14:35.144 535 567 D CompatibilityChangeReporter: Compat change id reported: 135634846; UID 1000; state: DISABLED
04-15 16:14:35.151 535 568 W ActivityManager: Slow operation: 371ms so far, now at startProcess: asking zygote to start proc
04-15 16:14:35.160 535 567 W BroadcastLoopers: Found previously unknown looper Thread[ActivityManager,5,main]
04-15 16:14:35.166 535 567 I PreBootBroadcaster: Pre-boot of {com.android.documentsui/com.android.documentsui.PreBootReceiver} for user 0
04-15 16:14:35.213 1287 1377 W BinaryDictionaryFileDumper: Missing metadata.json resource
04-15 16:14:35.218 329 329 D Zygote : Forked child process 1597
04-15 16:14:35.228 535 568 W ActivityManager: Slow operation: 448ms so far, now at startProcess: returned from zygote!
04-15 16:14:35.229 535 1393 I ActivityManager: Collecting stacks for native pid 423
04-15 16:14:35.231 535 1393 I system_server: libdebuggerd_client: started dumping process 423
04-15 16:14:35.260 193 193 I tombstoned: registered intercept for pid 423 and type kDebuggerdNativeBacktrace
04-15 16:14:35.275 423 423 I libc : Requested dump for pid 423 (binder:423_2)
04-15 16:14:35.276 535 1491 D OomAdjuster: Not killing cached processes
04-15 16:14:35.286 1105 1105 W GattService: doStop() called, but the profile is not running.
04-15 16:14:35.314 535 1492 D CompatibilityChangeReporter: Compat change id reported: 161145287; UID 10132; state: ENABLED
04-15 16:14:35.363 535 624 W BroadcastLoopers: Found previously unknown looper Thread[appscheduling.default,5,main]
04-15 16:14:35.457 1105 1105 D BtGatt.GattService: stop()
04-15 16:14:35.458 1105 1105 D BtGatt.GattService: setGattService(): set to: null
04-15 16:14:35.458 1105 1105 D BtGatt.GattService: cleanup()
04-15 16:14:35.601 1105 1196 I AdapterState: OFF : entered
04-15 16:14:35.609 1105 1196 D AdapterProperties: Setting state to OFF
04-15 16:14:35.618 1105 1196 D BluetoothAdapterService: updateAdapterState() - Broadcasting state OFF to 1 receivers.
04-15 16:14:35.631 1497 1497 D nativeloader: Configuring clns-shared-6 for other apk /apex/com.android.mediaprovider/priv-app/MediaProvider@UE1A.230829.036.A1/MediaProvider.apk. target_sdk_version=34, uses_libraries=, library_path=/apex/com.android.mediaprovider/priv-app/MediaProvider@UE1A.230829.036.A1/lib/x86_64:/apex/com.android.mediaprovider/priv-app/MediaProvider@UE1A.230829.036.A1/MediaProvider.apk!/lib/x86_64:/system/lib64:/system_ext/lib64, permitted_path=/data:/mnt/expand:/data/user/0/com.android.providers.media.module:/apex/com.android.mediaprovider/priv-app/MediaProvider@UE1A.230829.036.A1:/system/lib64:/system_ext/lib64
04-15 16:14:35.638 1287 1377 I LatinIME:LogUtils: Dictionary info: dictionary = main:en ; version = 54 ; date = 1414726273
04-15 16:14:35.779 535 874 W Looper : Slow dispatch took 10264ms android.perm h=android.os.Handler c=com.android.internal.infra.ServiceConnector$Impl$$ExternalSyntheticLambda2@fa73071 m=0
04-15 16:14:35.822 535 568 W ActivityManager: Slow operation: 1015ms so far, now at startProcess: done updating battery stats
04-15 16:14:35.830 535 568 W ActivityManager: Slow operation: 1050ms so far, now at startProcess: building log message
04-15 16:14:35.831 535 568 I ActivityManager: Start proc 1597:com.android.emulator.multidisplay/1000 for added application com.android.emulator.multidisplay
04-15 16:14:35.831 535 568 W ActivityManager: Slow operation: 1051ms so far, now at startProcess: starting to update pids map
04-15 16:14:35.838 535 568 W ActivityManager: Slow operation: 1058ms so far, now at startProcess: done updating pids map
04-15 16:14:35.861 1287 1377 I LatinIME:LogUtils: Dictionary info: dictionary = main:en ; version = 54 ; date = 1414726273
04-15 16:14:35.901 535 645 D BluetoothManagerService: MESSAGE_BLUETOOTH_STATE_CHANGE: BLE_TURNING_OFF > OFF
04-15 16:14:35.903 535 645 D BluetoothManagerService: Bluetooth is complete send Service Down
04-15 16:14:35.905 535 645 D BluetoothManagerService: Broadcasting onBluetoothServiceDown() to 3 receivers.
04-15 16:14:35.909 893 920 D BluetoothAdapter: onBluetoothServiceDown
04-15 16:14:35.911 535 645 D BluetoothAdapter: onBluetoothServiceDown
04-15 16:14:35.937 0 0 I init : Untracked pid 1576 received signal 1
04-15 16:14:35.937 0 0 I init : Untracked pid 1576 did not have an associated service entry and will not be reaped
04-15 16:14:35.939 1105 1115 D BluetoothAdapter: onBluetoothServiceDown
04-15 16:14:35.942 535 645 D BluetoothManagerService: unbindAndFinish(): android.bluetooth.IBluetooth$Stub$Proxy@5144815 mBinding = false mUnbinding = false
04-15 16:14:36.026 1600 1600 I crash_dump64: obtaining output fd from tombstoned, type: kDebuggerdNativeBacktrace
04-15 16:14:36.069 193 193 I tombstoned: received crash request for pid 423
04-15 16:14:36.069 193 193 I tombstoned: enqueueing crash request for pid 423
04-15 16:14:36.116 1597 1597 I or.multidisplay: Using CollectorTypeCC GC.
04-15 16:14:36.134 1597 1597 W or.multidisplay: Unexpected CPU variant for x86: x86_64.
04-15 16:14:36.134 1597 1597 W or.multidisplay: Known variants: atom, sandybridge, silvermont, goldmont, goldmont-plus, tremont, kabylake, default
04-15 16:14:36.159 535 566 I UsageStatsDatabase: Upgrading from version 0 to 5
04-15 16:14:36.189 1597 1597 E or.multidisplay: Not starting debugger since process cannot load the jdwp agent.
04-15 16:14:36.309 1287 1377 I LatinIME:LogUtils: Dictionary info: dictionary = main:en ; version = 54 ; date = 1414726273
04-15 16:14:36.312 535 1494 I AppSearchIcing: document-store.cc:348: Starting Document Store Recovery with cause=0, and create result { new_file=1, preeisting_file_version=1, data_loss=0} and kCurrentVersion=1
04-15 16:14:36.383 535 567 V SystemServerTiming: finishUserUnlocked-0 took to complete: 12893ms
04-15 16:14:36.398 535 567 W ActivityManager: Timeout executing service: ServiceRecord{e7d5163 u0 android.ext.services/.notification.Assistant}
04-15 16:14:36.412 535 557 W Looper : Slow dispatch took 11701ms android.fg h=android.os.Handler c=com.android.server.om.OverlayManagerService$$ExternalSyntheticLambda0@453a65 m=0
04-15 16:14:36.443 535 558 W Looper : Slow dispatch took 2348ms android.ui h=com.android.server.am.ActivityManagerService$UiHandler c=com.android.server.am.UidObserverController$$ExternalSyntheticLambda0@74f0803 m=0
