04-15 16:13:46.471 535 535 D SystemServerTiming: OnBootPhase_600_com.android.server.clipboard.ClipboardService
04-15 16:13:46.471 535 535 V SystemServerTiming: OnBootPhase_600_com.android.server.clipboard.ClipboardService took to complete: 0ms
04-15 16:13:46.472 535 535 D SystemServerTiming: OnBootPhase_600_com.android.server.appbinding.AppBindingService$Lifecycle
04-15 16:13:46.473 535 535 V SystemServerTiming: OnBootPhase_600_com.android.server.appbinding.AppBindingService$Lifecycle took to complete: 1ms
04-15 16:13:46.473 535 535 D SystemServerTiming: OnBootPhase_600_com.android.server.tracing.TracingServiceProxy
04-15 16:13:46.473 535 535 V SystemServerTiming: OnBootPhase_600_com.android.server.tracing.TracingServiceProxy took to complete: 0ms
04-15 16:13:46.474 535 535 D SystemServerTiming: OnBootPhase_600_com.android.server.policy.PermissionPolicyService
04-15 16:13:46.474 535 535 V SystemServerTiming: OnBootPhase_600_com.android.server.policy.PermissionPolicyService took to complete: 0ms
04-15 16:13:46.474 535 535 D SystemServerTiming: OnBootPhase_600_com.android.server.pm.StagingManager$Lifecycle
04-15 16:13:46.474 535 535 V SystemServerTiming: OnBootPhase_600_com.android.server.pm.StagingManager$Lifecycle took to complete: 0ms
04-15 16:13:46.475 535 535 D SystemServerTiming: OnBootPhase_600_com.android.server.app.GameManagerService$Lifecycle
04-15 16:13:46.475 535 535 V SystemServerTiming: OnBootPhase_600_com.android.server.app.GameManagerService$Lifecycle took to complete: 0ms
04-15 16:13:46.475 535 535 D SystemServerTiming: OnBootPhase_600_com.android.safetycenter.SafetyCenterService
04-15 16:13:46.475 535 535 V SystemServerTiming: OnBootPhase_600_com.android.safetycenter.SafetyCenterService took to complete: 0ms
04-15 16:13:46.476 535 535 D SystemServerTiming: OnBootPhase_600_com.android.server.appsearch.AppSearchModule$Lifecycle
04-15 16:13:46.478 535 535 V SystemServerTiming: OnBootPhase_600_com.android.server.appsearch.AppSearchModule$Lifecycle took to complete: 0ms
04-15 16:13:46.478 535 535 D SystemServerTiming: OnBootPhase_600_com.android.server.media.MediaCommunicationService
04-15 16:13:46.478 535 535 V SystemServerTiming: OnBootPhase_600_com.android.server.media.MediaCommunicationService took to complete: 0ms
04-15 16:13:46.478 535 535 D SystemServerTiming: OnBootPhase_600_com.android.server.compat.overrides.AppCompatOverridesService$Lifecycle
04-15 16:13:46.479 535 535 V SystemServerTiming: OnBootPhase_600_com.android.server.compat.overrides.AppCompatOverridesService$Lifecycle took to complete: 0ms
04-15 16:13:46.479 535 535 D SystemServerTiming: OnBootPhase_600_com.android.server.healthconnect.HealthConnectManagerService
04-15 16:13:46.479 535 535 V SystemServerTiming: OnBootPhase_600_com.android.server.healthconnect.HealthConnectManagerService took to complete: 0ms
04-15 16:13:46.479 535 535 V SystemServerTiming: OnBootPhase_600 took to complete: 2226ms
04-15 16:13:46.492 535 535 V SystemServerTiming: PhaseThirdPartyAppsCanStart took to complete: 2240ms
04-15 16:13:46.493 535 535 D SystemServerTiming: StartNetworkStack
04-15 16:13:46.494 535 535 D ConnectivityModuleConnector: Starting networking module android.net.INetworkStackConnector
04-15 16:13:46.501 535 535 D ConnectivityModuleConnector: Starting networking module in network_stack process
04-15 16:13:46.538 535 535 D CompatibilityChangeReporter: Compat change id reported: 135634846; UID 1073; state: DISABLED
04-15 16:13:46.540 535 568 W ActivityManager: com.android.networkstack.tethering inode == 0 (b/152760674)
04-15 16:13:46.557 535 535 D ConnectivityModuleConnector: Networking module service start requested
04-15 16:13:46.561 535 535 D NetworkStackClient: Network stack service start requested
04-15 16:13:46.562 535 535 V SystemServerTiming: StartNetworkStack took to complete: 69ms
04-15 16:13:46.563 535 535 D SystemServerTiming: StartTethering
04-15 16:13:46.581 535 535 D ConnectivityModuleConnector: Starting networking module android.net.ITetheringConnector
04-15 16:13:46.585 535 535 D ConnectivityModuleConnector: Starting networking module in network_stack process
04-15 16:13:46.592 535 547 I system_server: Background concurrent copying GC freed 269968(11MB) AllocSpace objects, 7(964KB) LOS objects, 49% free, 13MB/26MB, paused 11.703ms,229us total 2.867s
04-15 16:13:46.609 329 329 I Zygote : Entering forkRepeatedly native zygote loop
04-15 16:13:46.633 535 535 D ConnectivityModuleConnector: Networking module service start requested
04-15 16:13:46.633 535 535 V SystemServerTiming: StartTethering took to complete: 53ms
04-15 16:13:46.634 535 535 D SystemServerTiming: MakeCountryDetectionServiceReady
04-15 16:13:46.634 535 535 V SystemServerTiming: MakeCountryDetectionServiceReady took to complete: 1ms
04-15 16:13:46.635 535 535 D SystemServerTiming: MakeNetworkTimeUpdateReady
04-15 16:13:46.650 535 535 D ConnectivityService: requestNetwork for uid/pid:1000/535 activeRequest: null callbackRequest: 14 [NetworkRequest [ REQUEST id=15, [ Capabilities: INTERNET&NOT_RESTRICTED&TRUSTED&NOT_VCN_MANAGED Uid: 1000 RequestorUid: 1000 RequestorPkg: android UnderlyingNetworks: Null] ]] callback flags: 0 order: 2147483647
04-15 16:13:46.655 535 535 V SystemServerTiming: MakeNetworkTimeUpdateReady took to complete: 20ms
04-15 16:13:46.655 535 535 D SystemServerTiming: MakeInputManagerServiceReady
04-15 16:13:46.658 535 818 D ConnectivityService: NetReassign [no changes] [c 0] [a 0] [i 0]
04-15 16:13:46.673 329 329 D Zygote : Forked child process 1075
04-15 16:13:46.681 535 568 W ActivityManager: Slow operation: 162ms so far, now at startProcess: returned from zygote!
04-15 16:13:46.687 535 535 I InputManager: Enabling motion classifier because just booted: feature enabled, long press timeout = 400
04-15 16:13:46.687 535 535 I InputProcessor: Enabling motion classifier
04-15 16:13:46.706 0 0 I servicemanager: Could not find android.hardware.input.processor.IInputProcessor/default in the VINTF manifest.
04-15 16:13:46.700 535 1076 I InputProcessor: HAL android.hardware.input.processor.IInputProcessor/default is not declared
04-15 16:13:46.707 535 568 W ActivityManager: Slow operation: 188ms so far, now at startProcess: done updating battery stats
04-15 16:13:46.714 535 568 W ActivityManager: Slow operation: 195ms so far, now at startProcess: building log message
04-15 16:13:46.714 535 568 I ActivityManager: Start proc 1075:com.android.networkstack.process/1073 for service {com.android.networkstack/com.android.server.NetworkStackService}
04-15 16:13:46.724 535 568 W ActivityManager: Slow operation: 205ms so far, now at startProcess: starting to update pids map
04-15 16:13:46.725 535 568 W ActivityManager: Slow operation: 206ms so far, now at startProcess: done updating pids map
04-15 16:13:46.731 535 535 V SystemServerTiming: MakeInputManagerServiceReady took to complete: 76ms
04-15 16:13:46.747 535 584 W system_server: Long monitor contention with owner android.fg (557) at void com.android.server.power.PowerManagerService.releaseWakeLockInternal(android.os.IBinder, int)(PowerManagerService.java:1768) waiters=1 in void com.android.server.power.PowerManagerService.handleSandman(int) for 282ms
04-15 16:13:46.747 535 644 I InputReader: Reconfiguring input devices, changes=DEVICE_ALIAS
04-15 16:13:46.761 535 535 D SystemServerTiming: MakeTelephonyRegistryReady
04-15 16:13:46.762 535 535 V SystemServerTiming: MakeTelephonyRegistryReady took to complete: 1ms
04-15 16:13:46.762 535 535 D SystemServerTiming: MakeMediaRouterServiceReady
04-15 16:13:46.763 535 535 I MR2ServiceImpl: switchUser | user: 0
04-15 16:13:46.763 535 535 V SystemServerTiming: MakeMediaRouterServiceReady took to complete: 1ms
04-15 16:13:46.763 535 535 D SystemServerTiming: MakeMmsServiceReady
04-15 16:13:46.772 535 566 W BestClock: java.time.DateTimeException: Missing network time fix
04-15 16:13:46.776 535 535 I MmsServiceBroker: Delay connecting to MmsService until an API is called
04-15 16:13:46.776 535 535 V SystemServerTiming: MakeMmsServiceReady took to complete: 12ms
04-15 16:13:46.777 535 535 D SystemServerTiming: IncidentDaemonReady
04-15 16:13:46.786 535 535 V SystemServerTiming: IncidentDaemonReady took to complete: 9ms
04-15 16:13:46.786 535 535 D SystemServerTiming: MakeIncrementalServiceReady
04-15 16:13:46.786 535 535 V SystemServerTiming: MakeIncrementalServiceReady took to complete: 0ms
04-15 16:13:46.786 535 535 D SystemServerTiming: OdsignStatsLogger
04-15 16:13:46.787 535 535 V SystemServerTiming: OdsignStatsLogger took to complete: 0ms
04-15 16:13:46.787 535 535 D SystemServerTiming: getCurrentUser
04-15 16:13:46.787 535 535 I ActivityManager: Current user:0
04-15 16:13:46.787 535 535 V SystemServerTiming: getCurrentUser took to complete: 0ms
04-15 16:13:46.787 535 535 D SystemServerTiming: ActivityManagerStartApps
04-15 16:13:46.801 535 535 D SystemServerTimingAsync: ssm.StartUser-0
04-15 16:13:46.801 535 535 I SystemServiceManager: Calling onStartUser 0
04-15 16:13:46.802 535 535 D SystemServerTimingAsync: ssm.onStartUser-0_com.android.server.security.FileIntegrityService
04-15 16:13:46.802 535 535 V SystemServerTimingAsync: ssm.onStartUser-0_com.android.server.security.FileIntegrityService took to complete: 0ms
04-15 16:13:46.802 535 535 D SystemServerTimingAsync: ssm.onStartUser-0_com.android.server.pm.Installer
04-15 16:13:46.802 535 535 V SystemServerTimingAsync: ssm.onStartUser-0_com.android.server.pm.Installer took to complete: 0ms
04-15 16:13:46.802 535 535 D SystemServerTimingAsync: ssm.onStartUser-0_com.android.server.os.DeviceIdentifiersPolicyService
04-15 16:13:46.802 535 535 V SystemServerTimingAsync: ssm.onStartUser-0_com.android.server.os.DeviceIdentifiersPolicyService took to complete: 0ms
04-15 16:13:46.802 535 535 D SystemServerTimingAsync: ssm.onStartUser-0_com.android.server.uri.UriGrantsManagerService$Lifecycle
04-15 16:13:46.802 535 535 V SystemServerTimingAsync: ssm.onStartUser-0_com.android.server.uri.UriGrantsManagerService$Lifecycle took to complete: 0ms
04-15 16:13:46.802 535 535 D SystemServerTimingAsync: ssm.onStartUser-0_com.android.server.powerstats.PowerStatsService
04-15 16:13:46.802 535 535 V SystemServerTimingAsync: ssm.onStartUser-0_com.android.server.powerstats.PowerStatsService took to complete: 0ms
04-15 16:13:46.802 535 535 D SystemServerTimingAsync: ssm.onStartUser-0_com.android.server.permission.access.AccessCheckingService
04-15 16:13:46.803 535 535 V SystemServerTimingAsync: ssm.onStartUser-0_com.android.server.permission.access.AccessCheckingService took to complete: 0ms
04-15 16:13:46.803 535 535 D SystemServerTimingAsync: ssm.onStartUser-0_com.android.server.wm.ActivityTaskManagerService$Lifecycle
04-15 16:13:46.803 535 535 V SystemServerTimingAsync: ssm.onStartUser-0_com.android.server.wm.ActivityTaskManagerService$Lifecycle took to complete: 0ms
04-15 16:13:46.803 535 535 D SystemServerTimingAsync: ssm.onStartUser-0_com.android.server.am.ActivityManagerService$Lifecycle
04-15 16:13:46.803 535 535 V SystemServerTimingAsync: ssm.onStartUser-0_com.android.server.am.ActivityManagerService$Lifecycle took to complete: 0ms
04-15 16:13:46.803 535 535 D SystemServerTimingAsync: ssm.onStartUser-0_com.android.server.pm.DataLoaderManagerService
04-15 16:13:46.803 535 535 V SystemServerTimingAsync: ssm.onStartUser-0_com.android.server.pm.DataLoaderManagerService took to complete: 0ms
04-15 16:13:46.803 535 535 D SystemServerTimingAsync: ssm.onStartUser-0_com.android.server.power.PowerManagerService
04-15 16:13:46.803 535 535 V SystemServerTimingAsync: ssm.onStartUser-0_com.android.server.power.PowerManagerService took to complete: 0ms
04-15 16:13:46.803 535 535 D SystemServerTimingAsync: ssm.onStartUser-0_com.android.server.power.ThermalManagerService
04-15 16:13:46.803 535 535 V SystemServerTimingAsync: ssm.onStartUser-0_com.android.server.power.ThermalManagerService took to complete: 0ms
04-15 16:13:46.803 535 535 D SystemServerTimingAsync: ssm.onStartUser-0_com.android.server.power.hint.HintManagerService
04-15 16:13:46.803 535 535 V SystemServerTimingAsync: ssm.onStartUser-0_com.android.server.power.hint.HintManagerService took to complete: 0ms
04-15 16:13:46.819 328 328 I netd : tetherGetStats() -> {[]} <2.55ms>
04-15 16:13:46.819 535 535 D SystemServerTimingAsync: ssm.onStartUser-0_com.android.server.recoverysystem.RecoverySystemService$Lifecycle
04-15 16:13:46.828 535 535 V SystemServerTimingAsync: ssm.onStartUser-0_com.android.server.recoverysystem.RecoverySystemService$Lifecycle took to complete: 0ms
04-15 16:13:46.828 535 535 D SystemServerTimingAsync: ssm.onStartUser-0_com.android.server.lights.LightsService
04-15 16:13:46.828 535 535 V SystemServerTimingAsync: ssm.onStartUser-0_com.android.server.lights.LightsService took to complete: 0ms
04-15 16:13:46.828 535 535 D SystemServerTimingAsync: ssm.onStartUser-0_com.android.server.display.DisplayManagerService
04-15 16:13:46.828 535 535 V SystemServerTimingAsync: ssm.onStartUser-0_com.android.server.display.DisplayManagerService took to complete: 0ms
04-15 16:13:46.829 535 535 D SystemServerTimingAsync: ssm.onStartUser-0_com.android.server.pm.verify.domain.DomainVerificationService
04-15 16:13:46.829 535 535 V SystemServerTimingAsync: ssm.onStartUser-0_com.android.server.pm.verify.domain.DomainVerificationService took to complete: 0ms
04-15 16:13:46.829 535 535 D SystemServerTimingAsync: ssm.onStartUser-0_com.android.server.pm.PackageInstallerService$Lifecycle
04-15 16:13:46.829 535 535 V SystemServerTimingAsync: ssm.onStartUser-0_com.android.server.pm.PackageInstallerService$Lifecycle took to complete: 0ms
04-15 16:13:46.829 535 535 D SystemServerTimingAsync: ssm.onStartUser-0_com.android.server.pm.UserManagerService$LifeCycle
04-15 16:13:46.829 535 535 V SystemServerTimingAsync: ssm.onStartUser-0_com.android.server.pm.UserManagerService$LifeCycle took to complete: 0ms
04-15 16:13:46.829 535 535 D SystemServerTimingAsync: ssm.onStartUser-0_com.android.server.om.OverlayManagerService
04-15 16:13:46.843 535 566 W BestClock: java.time.DateTimeException: Missing network time fix
04-15 16:13:46.847 0 0 I init : starting service 'idmap2d'...
04-15 16:13:46.877 535 644 I InputReader: Reconfiguring input devices, changes=KEYBOARD_LAYOUTS
04-15 16:13:46.912 0 0 I init : ... started service 'idmap2d' has pid 1079
04-15 16:13:46.912 0 0 I init : Control message: Processed ctl.start for 'idmap2d' from pid: 535 (system_server)
04-15 16:13:46.937 1075 1075 I rkstack.process: Using CollectorTypeCC GC.
04-15 16:13:46.946 1075 1075 W rkstack.process: Unexpected CPU variant for x86: x86_64.
04-15 16:13:46.946 1075 1075 W rkstack.process: Known variants: atom, sandybridge, silvermont, goldmont, goldmont-plus, tremont, kabylake, default
04-15 16:13:47.038 1075 1075 E rkstack.process: Not starting debugger since process cannot load the jdwp agent.
04-15 16:13:47.108 535 573 W system_server: Long monitor contention with owner android.bg (566) at boolean android.os.MessageQueue.enqueueMessage(android.os.Message, long)(MessageQueue.java:600) waiters=0 in android.os.Message android.os.MessageQueue.next() for 154ms
04-15 16:13:47.184 535 559 I DropBoxManagerService: add tag=system_server_strictmode isTagEnabled=true flags=0x2
04-15 16:13:47.197 535 559 I DropBoxManagerService: add tag=system_server_strictmode isTagEnabled=true flags=0x2
04-15 16:13:47.206 535 559 I DropBoxManagerService: add tag=system_server_strictmode isTagEnabled=true flags=0x2
04-15 16:13:47.245 535 559 I DropBoxManagerService: add tag=system_server_strictmode isTagEnabled=true flags=0x2
04-15 16:13:47.253 535 559 I DropBoxManagerService: add tag=system_server_strictmode isTagEnabled=true flags=0x2
04-15 16:13:47.263 535 559 I DropBoxManagerService: add tag=system_server_strictmode isTagEnabled=true flags=0x2
04-15 16:13:47.278 535 1073 D GameManagerService: User ID '0' does not have a Game Mode selected for package: 'com.android.networkstack'
04-15 16:13:47.285 535 1073 D CompatibilityChangeReporter: Compat change id reported: 168419799; UID 1073; state: DISABLED
04-15 16:13:47.286 535 1073 D CompatibilityChangeReporter: Compat change id reported: 273564678; UID 1073; state: DISABLED
04-15 16:13:47.309 535 557 W Looper : Drained
04-15 16:13:47.344 535 559 I DropBoxManagerService: add tag=system_server_strictmode isTagEnabled=true flags=0x2
04-15 16:13:47.360 535 1073 W ActivityManager: Slow operation: 59ms so far, now at finishAttachApplicationInner: after mServices.attachApplicationLocked
04-15 16:13:47.361 535 1073 W ActivityManager: Slow operation: 60ms so far, now at finishAttachApplicationInner: after dispatching broadcasts
04-15 16:13:47.376 535 624 D CompatibilityChangeReporter: Compat change id reported: 265195908; UID 1073; state: ENABLED
04-15 16:13:47.380 1079 1079 I idmap2d : Starting
04-15 16:13:47.385 1075 1075 D CompatibilityChangeReporter: Compat change id reported: 171979766; UID 1073; state: ENABLED
04-15 16:13:47.386 1075 1075 D CompatibilityChangeReporter: Compat change id reported: 242716250; UID 1073; state: ENABLED
04-15 16:13:47.416 535 566 W BestClock: java.time.DateTimeException: Missing network time fix
04-15 16:13:47.419 1075 1075 D CompatibilityChangeReporter: Compat change id reported: 3400644; UID 1073; state: ENABLED
04-15 16:13:47.443 1075 1075 W rkstack.process: ClassLoaderContext shared library size mismatch. Expected=1, found=0 (PCL[]{PCL[/system/framework/android.net.ipsec.ike.jar*3039086002]} | PCL[])
04-15 16:13:47.485 328 328 I netd : tetherGetStats() -> {[]} <22.80ms>
04-15 16:13:47.499 535 566 W BestClock: java.time.DateTimeException: Missing network time fix
04-15 16:13:47.526 1075 1075 D nativeloader: Configuring clns-shared-6 for other apk /system/priv-app/NetworkStack/NetworkStack.apk. target_sdk_version=34, uses_libraries=, library_path=/system/priv-app/NetworkStack/lib/x86_64:/system/priv-app/NetworkStack/NetworkStack.apk!/lib/x86_64:/system/lib64:/system_ext/lib64, permitted_path=/data:/mnt/expand:/data/user_de/0/com.android.networkstack:/system/priv-app/NetworkStack:/system/lib64:/system_ext/lib64
04-15 16:13:47.597 1075 1075 V GraphicsEnvironment: Currently set values for:
04-15 16:13:47.597 1075 1075 V GraphicsEnvironment: angle_gl_driver_selection_pkgs=[]
04-15 16:13:47.597 1075 1075 V GraphicsEnvironment: angle_gl_driver_selection_values=[]
04-15 16:13:47.598 1075 1075 V GraphicsEnvironment: ANGLE GameManagerService for com.android.networkstack: false
04-15 16:13:47.598 1075 1075 V GraphicsEnvironment: com.android.networkstack is not listed in per-application setting
04-15 16:13:47.598 1075 1075 V GraphicsEnvironment: Neither updatable production driver nor prerelease driver is supported.
04-15 16:13:47.602 1079 1092 W idmap2d : failed to parse idmap header of '/data/resource-cache/vendor@overlay@SystemUI__auto_generated_rro_vendor.apk@idmap'
04-15 16:13:47.620 535 566 W BestClock: java.time.DateTimeException: Missing network time fix
04-15 16:13:47.642 1079 1092 W idmap2d : failed to find resource 'bool/config_show4GForLTE'
04-15 16:13:47.643 1079 1092 E idmap2d : no resources were overlaid
04-15 16:13:47.650 1075 1075 D nativeloader: Configuring clns-shared-7 for other apk /apex/com.android.cellbroadcast/priv-app/CellBroadcastServiceModule@UE1A.230829.036.A1/CellBroadcastServiceModule.apk. target_sdk_version=34, uses_libraries=, library_path=/apex/com.android.cellbroadcast/priv-app/CellBroadcastServiceModule@UE1A.230829.036.A1/lib/x86_64:/apex/com.android.cellbroadcast/priv-app/CellBroadcastServiceModule@UE1A.230829.036.A1/CellBroadcastServiceModule.apk!/lib/x86_64:/system/lib64:/system_ext/lib64, permitted_path=/data:/mnt/expand:/data/user_de/0/com.android.cellbroadcastservice:/apex/com.android.cellbroadcast/priv-app/CellBroadcastServiceModule@UE1A.230829.036.A1:/system/lib64:/system_ext/lib64
04-15 16:13:47.659 1075 1075 D nativeloader: InitApexLibraries:
04-15 16:13:47.659 1075 1075 D nativeloader: com_android_adservices: libhpke_jni.so:libtflite_support_classifiers_native.so
04-15 16:13:47.659 1075 1075 D nativeloader: com_android_appsearch: libicing.so
04-15 16:13:47.659 1075 1075 D nativeloader: com_android_art: libartservice.so
04-15 16:13:47.659 1075 1075 D nativeloader: com_android_btservices: libbluetooth_jni.so
04-15 16:13:47.659 1075 1075 D nativeloader: com_android_conscrypt: libjavacrypto.so
04-15 16:13:47.659 1075 1075 D nativeloader: com_android_extservices: libtflite_support_classifiers_native.so
04-15 16:13:47.659 1075 1075 D nativeloader: com_android_os_statsd: libstats_jni.so
04-15 16:13:47.659 1075 1075 D nativeloader: com_android_tethering: libandroid_net_connectivity_com_android_net_module_util_jni.so:libcronet.114.0.5735.84.so:libframework-connectivity-jni.so:libframework-connectivity-tiramisu-jni.so:libservice-connectivity.so
04-15 16:13:47.659 1075 1075 D nativeloader: com_android_uwb: libuwb_uci_jni_rust.so
04-15 16:13:47.659 1075 1075 D nativeloader: com_android_virt: libvirtualizationservice_jni.so:libvirtualmachine_jni.so
04-15 16:13:47.662 328 328 I netd : tetherGetStats() -> {[]} <6.93ms>
04-15 16:13:47.674 535 566 W BestClock: java.time.DateTimeException: Missing network time fix
04-15 16:13:47.693 535 1073 I ActivityManager: Flag disabled. Ignoring finishAttachApplication from uid: 1073. pid: 1075
04-15 16:13:47.789 442 442 D incidentd: WorkDirectory::getReports
04-15 16:13:47.805 535 566 W BestClock: java.time.DateTimeException: Missing network time fix
04-15 16:13:47.841 328 328 I netd : tetherGetStats() -> {[]} <13.96ms>
04-15 16:13:47.855 535 566 W BestClock: java.time.DateTimeException: Missing network time fix
04-15 16:13:47.888 535 566 W BestClock: java.time.DateTimeException: Missing network time fix
04-15 16:13:47.908 0 0 I servicemanager: Notifying android.hardware.gnss.IGnss/default they do (previously: don't) have clients when we now have a record of a client
04-15 16:13:47.907 1067 1069 I AidlLazyServiceRegistrar: Process has 1 (of 1 available) client(s) in use after notification android.hardware.gnss.IGnss/default has clients: 1
04-15 16:13:47.931 328 328 I netd : tetherGetStats() -> {[]} <5.38ms>
04-15 16:13:47.954 535 535 W SystemServiceManager: Service com.android.server.om.OverlayManagerService took 1125 ms in onStartUser-0
04-15 16:13:47.960 535 535 V SystemServerTimingAsync: ssm.onStartUser-0_com.android.server.om.OverlayManagerService took to complete: 1131ms
04-15 16:13:47.961 535 535 D SystemServerTimingAsync: ssm.onStartUser-0_com.android.server.resources.ResourcesManagerService
04-15 16:13:47.961 535 535 V SystemServerTimingAsync: ssm.onStartUser-0_com.android.server.resources.ResourcesManagerService took to complete: 0ms
04-15 16:13:47.962 535 535 D SystemServerTimingAsync: ssm.onStartUser-0_com.android.server.sensorprivacy.SensorPrivacyService
04-15 16:13:47.971 535 535 V SystemServerTimingAsync: ssm.onStartUser-0_com.android.server.sensorprivacy.SensorPrivacyService took to complete: 9ms
04-15 16:13:47.974 535 535 D SystemServerTimingAsync: ssm.onStartUser-0_com.android.server.sensors.SensorService
04-15 16:13:47.975 535 535 V SystemServerTimingAsync: ssm.onStartUser-0_com.android.server.sensors.SensorService took to complete: 0ms
04-15 16:13:47.975 535 535 D SystemServerTimingAsync: ssm.onStartUser-0_com.android.server.SystemConfigService
04-15 16:13:47.977 535 535 V SystemServerTimingAsync: ssm.onStartUser-0_com.android.server.SystemConfigService took to complete: 0ms
04-15 16:13:47.977 535 535 D SystemServerTimingAsync: ssm.onStartUser-0_com.android.server.BatteryService
04-15 16:13:47.978 535 535 V SystemServerTimingAsync: ssm.onStartUser-0_com.android.server.BatteryService took to complete: 0ms
04-15 16:13:47.978 535 535 D SystemServerTimingAsync: ssm.onStartUser-0_com.android.server.usage.UsageStatsService
04-15 16:13:47.978 535 535 V SystemServerTimingAsync: ssm.onStartUser-0_com.android.server.usage.UsageStatsService took to complete: 0ms
04-15 16:13:47.979 535 535 D SystemServerTimingAsync: ssm.onStartUser-0_com.android.server.webkit.WebViewUpdateService
04-15 16:13:47.979 535 535 V SystemServerTimingAsync: ssm.onStartUser-0_com.android.server.webkit.WebViewUpdateService took to complete: 0ms
04-15 16:13:47.979 535 535 D SystemServerTimingAsync: ssm.onStartUser-0_com.android.server.CachedDeviceStateService
04-15 16:13:47.980 535 535 V SystemServerTimingAsync: ssm.onStartUser-0_com.android.server.CachedDeviceStateService took to complete: 0ms
04-15 16:13:47.980 535 535 D SystemServerTimingAsync: ssm.onStartUser-0_com.android.server.BinderCallsStatsService$LifeCycle
04-15 16:13:47.981 535 535 V SystemServerTimingAsync: ssm.onStartUser-0_com.android.server.BinderCallsStatsService$LifeCycle took to complete: 0ms
04-15 16:13:47.981 535 535 D SystemServerTimingAsync: ssm.onStartUser-0_com.android.server.LooperStatsService$Lifecycle
04-15 16:13:47.981 535 535 V SystemServerTimingAsync: ssm.onStartUser-0_com.android.server.LooperStatsService$Lifecycle took to complete: 0ms
04-15 16:13:47.982 535 535 D SystemServerTimingAsync: ssm.onStartUser-0_com.android.server.rollback.RollbackManagerService
04-15 16:13:47.983 535 535 V SystemServerTimingAsync: ssm.onStartUser-0_com.android.server.rollback.RollbackManagerService took to complete: 0ms
04-15 16:13:47.983 535 535 D SystemServerTimingAsync: ssm.onStartUser-0_com.android.server.os.NativeTombstoneManagerService
04-15 16:13:47.983 535 535 V SystemServerTimingAsync: ssm.onStartUser-0_com.android.server.os.NativeTombstoneManagerService took to complete: 0ms
04-15 16:13:47.983 535 535 D SystemServerTimingAsync: ssm.onStartUser-0_com.android.server.os.BugreportManagerService
04-15 16:13:47.984 535 535 V SystemServerTimingAsync: ssm.onStartUser-0_com.android.server.os.BugreportManagerService took to complete: 0ms
04-15 16:13:47.984 535 535 D SystemServerTimingAsync: ssm.onStartUser-0_com.android.server.gpu.GpuService
04-15 16:13:47.984 535 535 V SystemServerTimingAsync: ssm.onStartUser-0_com.android.server.gpu.GpuService took to complete: 0ms
04-15 16:13:47.985 535 535 D SystemServerTimingAsync: ssm.onStartUser-0_com.android.server.security.rkp.RemoteProvisioningService
04-15 16:13:47.985 535 535 V SystemServerTimingAsync: ssm.onStartUser-0_com.android.server.security.rkp.RemoteProvisioningService took to complete: 0ms
04-15 16:13:47.985 535 535 D SystemServerTimingAsync: ssm.onStartUser-0_com.android.server.cpu.CpuMonitorService
04-15 16:13:47.986 535 535 V SystemServerTimingAsync: ssm.onStartUser-0_com.android.server.cpu.CpuMonitorService took to complete: 0ms
04-15 16:13:47.986 535 535 D SystemServerTimingAsync: ssm.onStartUser-0_com.android.server.security.KeyChainSystemService
04-15 16:13:47.986 535 535 V SystemServerTimingAsync: ssm.onStartUser-0_com.android.server.security.KeyChainSystemService took to complete: 0ms
04-15 16:13:47.986 535 535 D SystemServerTimingAsync: ssm.onStartUser-0_com.android.server.BinaryTransparencyService
04-15 16:13:47.987 535 535 V SystemServerTimingAsync: ssm.onStartUser-0_com.android.server.BinaryTransparencyService took to complete: 0ms
04-15 16:13:47.987 535 535 D SystemServerTimingAsync: ssm.onStartUser-0_com.android.server.telecom.TelecomLoaderService
04-15 16:13:47.987 535 535 V SystemServerTimingAsync: ssm.onStartUser-0_com.android.server.telecom.TelecomLoaderService took to complete: 0ms
04-15 16:13:47.987 535 535 D SystemServerTimingAsync: ssm.onStartUser-0_com.android.server.accounts.AccountManagerService$Lifecycle
04-15 16:13:47.988 535 535 V SystemServerTimingAsync: ssm.onStartUser-0_com.android.server.accounts.AccountManagerService$Lifecycle took to complete: 0ms
04-15 16:13:47.988 535 535 D SystemServerTimingAsync: ssm.onStartUser-0_com.android.server.content.ContentService$Lifecycle
04-15 16:13:47.989 535 535 V SystemServerTimingAsync: ssm.onStartUser-0_com.android.server.content.ContentService$Lifecycle took to complete: 0ms
04-15 16:13:47.993 535 535 D SystemServerTimingAsync: ssm.onStartUser-0_com.android.server.deviceconfig.DeviceConfigInit$Lifecycle
04-15 16:13:47.993 535 535 V SystemServerTimingAsync: ssm.onStartUser-0_com.android.server.deviceconfig.DeviceConfigInit$Lifecycle took to complete: 0ms
04-15 16:13:47.993 535 535 D SystemServerTimingAsync: ssm.onStartUser-0_com.android.server.DropBoxManagerService
04-15 16:13:47.993 535 535 V SystemServerTimingAsync: ssm.onStartUser-0_com.android.server.DropBoxManagerService took to complete: 0ms
04-15 16:13:47.993 535 535 D SystemServerTimingAsync: ssm.onStartUser-0_com.android.role.RoleService
04-15 16:13:48.004 535 566 W BestClock: java.time.DateTimeException: Missing network time fix
04-15 16:13:48.026 535 535 I RoleService: Granting default roles...
04-15 16:13:48.039 1075 1075 D CompatibilityChangeReporter: Compat change id reported: 194532703; UID 1073; state: ENABLED
04-15 16:13:48.042 1075 1075 D CompatibilityChangeReporter: Compat change id reported: 253665015; UID 1073; state: ENABLED
04-15 16:13:48.044 535 1073 D CompatibilityChangeReporter: Compat change id reported: 253665015; UID 1073; state: ENABLED
04-15 16:13:48.045 535 1073 D CompatibilityChangeReporter: Compat change id reported: 194532703; UID 1073; state: ENABLED
04-15 16:13:48.078 535 957 D ConnectivityService: requestNetwork for uid/pid:1073/1075 activeRequest: null callbackRequest: 16 [NetworkRequest [ REQUEST id=17, [ Capabilities: INTERNET&NOT_RESTRICTED&TRUSTED&NOT_VCN_MANAGED Uid: 1073 RequestorUid: 1073 RequestorPkg: com.android.networkstack UnderlyingNetworks: Null] ]] callback flags: 0 order: 2147483647
04-15 16:13:48.086 535 818 D ConnectivityService: NetReassign [no changes] [c 0] [a 0] [i 0]
04-15 16:13:48.093 535 566 W BestClock: java.time.DateTimeException: Missing network time fix
04-15 16:13:48.115 328 328 I netd : tetherGetStats() -> {[]} <5.95ms>
04-15 16:13:48.117 535 818 D ConnectivityService: NetReassign [no changes] [c 0] [a 0] [i 0]
04-15 16:13:48.138 328 328 I netd : registerUnsolicitedEventListener(interface:0x71ea24c889b0) <0.15ms>
04-15 16:13:48.154 535 566 W BestClock: java.time.DateTimeException: Missing network time fix
04-15 16:13:48.157 535 957 I RoleUserState: Added new role: android.app.role.SYSTEM_CONTACTS
04-15 16:13:48.157 535 957 I RoleUserState: Added new role: android.app.role.FINANCED_DEVICE_KIOSK
04-15 16:13:48.157 535 957 I RoleUserState: Added new role: android.app.role.SYSTEM_SETTINGS_INTELLIGENCE
04-15 16:13:48.157 535 957 I RoleUserState: Added new role: android.app.role.SYSTEM_SUPERVISION
04-15 16:13:48.157 535 957 I RoleUserState: Added new role: android.app.role.SYSTEM_CALL_STREAMING
04-15 16:13:48.157 535 957 I RoleUserState: Added new role: android.app.role.DEVICE_POLICY_MANAGEMENT
04-15 16:13:48.157 535 957 I RoleUserState: Added new role: android.app.role.COMPANION_DEVICE_WATCH
04-15 16:13:48.157 535 957 I RoleUserState: Added new role: android.app.role.COMPANION_DEVICE_GLASSES
04-15 16:13:48.157 535 957 I RoleUserState: Added new role: android.app.role.CALL_SCREENING
04-15 16:13:48.157 535 957 I RoleUserState: Added new role: android.app.role.SYSTEM_NOTIFICATION_INTELLIGENCE
04-15 16:13:48.158 535 957 I RoleUserState: Added new role: android.app.role.SYSTEM_BLUETOOTH_STACK
04-15 16:13:48.158 535 957 I RoleUserState: Added new role: android.app.role.COMPANION_DEVICE_APP_STREAMING
04-15 16:13:48.158 535 957 I RoleUserState: Added new role: android.app.role.SYSTEM_DOCUMENT_MANAGER
04-15 16:13:48.158 535 957 I RoleUserState: Added new role: android.app.role.SYSTEM_GALLERY
04-15 16:13:48.158 535 957 I RoleUserState: Added new role: android.app.role.SYSTEM_APP_PROTECTION_SERVICE
04-15 16:13:48.158 535 957 I RoleUserState: Added new role: android.app.role.SYSTEM_SHELL
04-15 16:13:48.158 535 957 I RoleUserState: Added new role: android.app.role.SYSTEM_WELLBEING
04-15 16:13:48.158 535 957 I RoleUserState: Added new role: android.app.role.SYSTEM_VISUAL_INTELLIGENCE
04-15 16:13:48.158 535 957 I RoleUserState: Added new role: android.app.role.SYSTEM_TEXT_INTELLIGENCE
04-15 16:13:48.158 535 957 I RoleUserState: Added new role: android.app.role.SYSTEM_AUTOMOTIVE_PROJECTION
04-15 16:13:48.158 535 957 I RoleUserState: Added new role: android.app.role.SYSTEM_ACTIVITY_RECOGNIZER
04-15 16:13:48.158 535 957 I RoleUserState: Added new role: android.app.role.SYSTEM_COMPANION_DEVICE_PROVIDER
04-15 16:13:48.158 535 957 I RoleUserState: Added new role: android.app.role.SMS
04-15 16:13:48.158 535 957 I RoleUserState: Added new role: android.app.role.SYSTEM_UI_INTELLIGENCE
04-15 16:13:48.159 535 957 I RoleUserState: Added new role: android.app.role.DIALER
04-15 16:13:48.159 535 957 I RoleUserState: Added new role: android.app.role.HOME
04-15 16:13:48.159 535 957 I RoleUserState: Added new role: android.app.role.SYSTEM_SPEECH_RECOGNIZER
04-15 16:13:48.159 535 957 I RoleUserState: Added new role: android.app.role.COMPANION_DEVICE_NEARBY_DEVICE_STREAMING
04-15 16:13:48.159 535 957 I RoleUserState: Added new role: android.app.role.COMPANION_DEVICE_COMPUTER
04-15 16:13:48.159 535 957 I RoleUserState: Added new role: android.app.role.SYSTEM_UI
04-15 16:13:48.159 535 957 I RoleUserState: Added new role: android.app.role.SYSTEM_WIFI_COEX_MANAGER
04-15 16:13:48.159 535 957 I RoleUserState: Added new role: android.app.role.ASSISTANT
04-15 16:13:48.159 535 957 I RoleUserState: Added new role: android.app.role.SYSTEM_FINANCED_DEVICE_CONTROLLER
04-15 16:13:48.159 535 957 I RoleUserState: Added new role: android.app.role.SYSTEM_AMBIENT_AUDIO_INTELLIGENCE
04-15 16:13:48.159 535 957 I RoleUserState: Added new role: android.app.role.EMERGENCY
04-15 16:13:48.159 535 957 I RoleUserState: Added new role: android.app.role.CALL_REDIRECTION
04-15 16:13:48.159 535 957 I RoleUserState: Added new role: android.app.role.SYSTEM_AUDIO_INTELLIGENCE
04-15 16:13:48.160 535 957 I RoleUserState: Added new role: android.app.role.BROWSER
04-15 16:13:48.182 900 1097 I RoleControllerServiceImpl: Adding package as default/fallback role holder, package: com.android.contacts, role: android.app.role.SYSTEM_CONTACTS
04-15 16:13:48.194 1075 1075 D nativeloader: Configuring clns-shared-8 for other apk /apex/com.android.tethering/priv-app/TetheringNext@UE1A.230829.036.A1/TetheringNext.apk. target_sdk_version=34, uses_libraries=, library_path=/apex/com.android.tethering/priv-app/TetheringNext@UE1A.230829.036.A1/lib/x86_64:/apex/com.android.tethering/priv-app/TetheringNext@UE1A.230829.036.A1/TetheringNext.apk!/lib/x86_64:/system/lib64:/system_ext/lib64, permitted_path=/data:/mnt/expand:/data/user_de/0/com.android.networkstack.tethering:/apex/com.android.tethering/priv-app/TetheringNext@UE1A.230829.036.A1:/system/lib64:/system_ext/lib64
04-15 16:13:48.281 535 566 D CountryDetector: Using custom country detector class: com.android.server.location.ComprehensiveCountryDetector
04-15 16:13:48.282 535 566 E CountryDetector: Could not instantiate the custom country detector class
04-15 16:13:48.283 535 566 D CountryDetector: Using default country detector
04-15 16:13:48.305 535 609 D NetworkStats: registerNetworkStatsProvider from OffloadController uid/pid=1073/1075
04-15 16:13:48.307 900 1097 I RoleControllerServiceImpl: Adding package as default/fallback role holder, package: com.android.settings.intelligence, role: android.app.role.SYSTEM_SETTINGS_INTELLIGENCE
04-15 16:13:48.313 535 609 D CompatibilityChangeReporter: Compat change id reported: 161145287; UID 1073; state: ENABLED
04-15 16:13:48.489 1075 1075 D CompatibilityChangeReporter: Compat change id reported: 183155436; UID 1073; state: ENABLED
04-15 16:13:48.510 1075 1075 E SystemServiceRegistry: No service published for: ethernet
04-15 16:13:48.510 1075 1075 E SystemServiceRegistry: android.os.ServiceManager$ServiceNotFoundException: No service published for: ethernet
04-15 16:13:48.510 1075 1075 E SystemServiceRegistry: at android.os.ServiceManager.getServiceOrThrow(ServiceManager.java:166)
04-15 16:13:48.510 1075 1075 E SystemServiceRegistry: at android.app.SystemServiceRegistry$139.createService(SystemServiceRegistry.java:1872)
04-15 16:13:48.510 1075 1075 E SystemServiceRegistry: at android.app.SystemServiceRegistry$CachedServiceFetcher.getService(SystemServiceRegistry.java:1971)
04-15 16:13:48.510 1075 1075 E SystemServiceRegistry: at android.app.SystemServiceRegistry.getSystemService(SystemServiceRegistry.java:1645)
04-15 16:13:48.510 1075 1075 E SystemServiceRegistry: at android.app.ContextImpl.getSystemService(ContextImpl.java:2212)
04-15 16:13:48.510 1075 1075 E SystemServiceRegistry: at android.content.ContextWrapper.getSystemService(ContextWrapper.java:934)
04-15 16:13:48.510 1075 1075 E SystemServiceRegistry: at com.android.networkstack.tethering.Tethering.isEthernetSupported(Tethering.java:1582)
04-15 16:13:48.510 1075 1075 E SystemServiceRegistry: at com.android.networkstack.tethering.Tethering.makeSupportedDownstreams(Tethering.java:2550)
04-15 16:13:48.510 1075 1075 E SystemServiceRegistry: at com.android.networkstack.tethering.Tethering.updateSupportedDownstreams(Tethering.java:2524)
04-15 16:13:48.510 1075 1075 E SystemServiceRegistry: at com.android.networkstack.tethering.Tethering.updateConfiguration(Tethering.java:546)
04-15 16:13:48.510 1075 1075 E SystemServiceRegistry: at com.android.networkstack.tethering.Tethering.(Tethering.java:362)
04-15 16:13:48.510 1075 1075 E SystemServiceRegistry: at com.android.networkstack.tethering.TetheringService.makeTethering(TetheringService.java:88)
04-15 16:13:48.510 1075 1075 E SystemServiceRegistry: at com.android.networkstack.tethering.TetheringService.onCreate(TetheringService.java:78)
04-15 16:13:48.510 1075 1075 E SystemServiceRegistry: at android.app.ActivityThread.handleCreateService(ActivityThread.java:4651)
04-15 16:13:48.510 1075 1075 E SystemServiceRegistry: at android.app.ActivityThread.-$$Nest$mhandleCreateService(Unknown Source:0)
04-15 16:13:48.510 1075 1075 E SystemServiceRegistry: at android.app.ActivityThread$H.handleMessage(ActivityThread.java:2264)
04-15 16:13:48.510 1075 1075 E SystemServiceRegistry: at android.os.Handler.dispatchMessage(Handler.java:106)
04-15 16:13:48.510 1075 1075 E SystemServiceRegistry: at android.os.Looper.loopOnce(Looper.java:205)
04-15 16:13:48.510 1075 1075 E SystemServiceRegistry: at android.os.Looper.loop(Looper.java:294)
04-15 16:13:48.510 1075 1075 E SystemServiceRegistry: at android.app.ActivityThread.main(ActivityThread.java:8177)
04-15 16:13:48.510 1075 1075 E SystemServiceRegistry: at java.lang.reflect.Method.invoke(Native Method)
04-15 16:13:48.510 1075 1075 E SystemServiceRegistry: at com.android.internal.os.RuntimeInit$MethodAndArgsCaller.run(RuntimeInit.java:552)
04-15 16:13:48.510 1075 1075 E SystemServiceRegistry: at com.android.internal.os.ZygoteInit.main(ZygoteInit.java:971)
04-15 16:13:48.538 900 1097 I RoleControllerServiceImpl: Adding package as default/fallback role holder, package: com.android.bluetooth, role: android.app.role.SYSTEM_BLUETOOTH_STACK
04-15 16:13:48.543 1075 1075 D CompatibilityChangeReporter: Compat change id reported: 247079863; UID 1073; state: ENABLED
04-15 16:13:48.556 1075 1075 W rkstack.process: type=1400 audit(0.0:5): avc: granted { read } for name="psched" dev="proc" ino=4026532021 scontext=u:r:network_stack:s0 tcontext=u:object_r:proc_net:s0 tclass=file
04-15 16:13:48.556 1075 1075 W rkstack.process: type=1400 audit(0.0:6): avc: granted { read open } for path="/proc/1075/net/psched" dev="proc" ino=4026532021 scontext=u:r:network_stack:s0 tcontext=u:object_r:proc_net:s0 tclass=file
04-15 16:13:48.556 1075 1075 W rkstack.process: type=1400 audit(0.0:7): avc: granted { getattr } for path="/proc/1075/net/psched" dev="proc" ino=4026532021 scontext=u:r:network_stack:s0 tcontext=u:object_r:proc_net:s0 tclass=file
04-15 16:13:48.572 535 609 D NetworkStats: registerNetworkStatsProvider from BpfCoordinator uid/pid=1073/1075
04-15 16:13:48.600 328 328 I netd : registerUnsolicitedEventListener(interface:0x71ea24c88640) <0.12ms>
04-15 16:13:48.621 1075 1075 D CompatibilityChangeReporter: Compat change id reported: 147600208; UID 1073; state: ENABLED
04-15 16:13:48.625 535 1073 D CompatibilityChangeReporter: Compat change id reported: 182478738; UID 1073; state: ENABLED
04-15 16:13:48.662 1075 1075 V WifiManager: registerSoftApCallback: callback=com.android.networkstack.tethering.Tethering$TetheringSoftApCallback@6dfc920, executor=com.android.networkstack.tethering.Tethering$TetheringThreadExecutor@b5092d9
04-15 16:13:48.678 1075 1075 V WifiManager: registerLocalOnlyHotspotSoftApCallback: callback=com.android.networkstack.tethering.Tethering$LocalOnlyHotspotCallback@ae2d49e, executor=com.android.networkstack.tethering.Tethering$TetheringThreadExecutor@b5092d9
04-15 16:13:48.681 535 811 D ApConfigUtil: Update Softap capability, add client control feature support
04-15 16:13:48.681 535 811 D ApConfigUtil: Update Softap capability, add MAC customization support
04-15 16:13:48.682 535 811 D ApConfigUtil: Update Softap capability, add 2.4G support
04-15 16:13:48.682 535 811 D ApConfigUtil: Update Softap capability, max client = 16
04-15 16:13:48.682 535 811 D WifiCountryCode: Reading country code from telephony
04-15 16:13:48.699 535 811 D WifiCountryCode: Set telephony country code to:
04-15 16:13:48.700 900 1097 I RoleControllerServiceImpl: Adding package as default/fallback role holder, package: com.android.documentsui, role: android.app.role.SYSTEM_DOCUMENT_MANAGER
04-15 16:13:48.707 1075 1089 V WifiManager: SoftApCallbackProxy on mode 2, send InfoChanged, newInfo: SoftApInfo{bandwidth= 0, frequency= 0, wifiStandard= 0, mApInstanceIdentifier= null, mIdleShutdownTimeoutMillis= 0}
04-15 16:13:48.707 1075 1089 V WifiManager: SoftApCallbackProxy on mode 2, send InfoChanged, changedInfoList: []
04-15 16:13:48.707 1075 1089 V WifiManager: SoftApCallbackProxy on mode 2, send onConnectedClientsChanged(clients): []
04-15 16:13:48.707 535 811 D ApConfigUtil: Update Softap capability, add client control feature support
04-15 16:13:48.707 535 811 D ApConfigUtil: Update Softap capability, add MAC customization support
04-15 16:13:48.714 1075 1090 V WifiManager: SoftApCallbackProxy on mode 1, send InfoChanged, newInfo: SoftApInfo{bandwidth= 0, frequency= 0, wifiStandard= 0, mApInstanceIdentifier= null, mIdleShutdownTimeoutMillis= 0}
04-15 16:13:48.714 1075 1090 V WifiManager: SoftApCallbackProxy on mode 1, send InfoChanged, changedInfoList: []
04-15 16:13:48.714 1075 1090 V WifiManager: SoftApCallbackProxy on mode 1, send onConnectedClientsChanged(clients): []
04-15 16:13:48.715 535 811 D ApConfigUtil: Update Softap capability, add 2.4G support
04-15 16:13:48.715 535 811 D ApConfigUtil: Update Softap capability, max client = 16
04-15 16:13:48.715 535 811 D WifiCountryCode: Reading country code from telephony
04-15 16:13:48.719 535 609 D ConnectivityService: requestNetwork for uid/pid:1073/1075 activeRequest: null callbackRequest: 19 [NetworkRequest [ TRACK_SYSTEM_DEFAULT id=19, [ Capabilities: INTERNET&NOT_RESTRICTED&TRUSTED&NOT_VPN&NOT_VCN_MANAGED RequestorUid: 1073 RequestorPkg: com.android.networkstack.tethering UnderlyingNetworks: Null] ]] callback flags: 0 order: 2147483647
04-15 16:13:48.722 535 811 D WifiCountryCode: Set telephony country code to:
04-15 16:13:48.725 535 818 D ConnectivityService: NetReassign [no changes] [c 0] [a 0] [i 0]
04-15 16:13:48.757 900 1097 I RoleControllerServiceImpl: Adding package as default/fallback role holder, package: com.android.gallery3d, role: android.app.role.SYSTEM_GALLERY
04-15 16:13:48.921 900 1097 I RoleControllerServiceImpl: Adding package as default/fallback role holder, package: com.android.shell, role: android.app.role.SYSTEM_SHELL
04-15 16:13:49.099 900 1097 I RoleControllerServiceImpl: Adding package as default/fallback role holder, package: com.android.messaging, role: android.app.role.SMS
04-15 16:13:49.286 900 1097 I RoleControllerServiceImpl: Adding package as default/fallback role holder, package: com.android.dialer, role: android.app.role.DIALER
04-15 16:13:49.527 535 567 I ActivityManager: Test idle passed
04-15 16:13:49.594 900 1097 I RoleControllerServiceImpl: Adding package as default/fallback role holder, package: com.android.sdksetup, role: android.app.role.HOME
04-15 16:13:49.621 900 1097 I RoleControllerServiceImpl: Adding package as default/fallback role holder, package: com.android.systemui, role: android.app.role.SYSTEM_UI
04-15 16:13:49.719 900 1097 I RoleControllerServiceImpl: Adding package as default/fallback role holder, package: com.android.devicelockcontroller, role: android.app.role.SYSTEM_FINANCED_DEVICE_CONTROLLER
04-15 16:13:49.802 900 1097 I RoleControllerServiceImpl: Adding package as default/fallback role holder, package: com.android.emergency, role: android.app.role.EMERGENCY
04-15 16:13:49.826 900 1097 I RoleControllerServiceImpl: Adding package as default/fallback role holder, package: org.chromium.webview_shell, role: android.app.role.BROWSER
04-15 16:13:49.863 535 535 W SystemServiceManager: Service com.android.role.RoleService took 1870 ms in onStartUser-0
04-15 16:13:49.865 535 535 V SystemServerTimingAsync: ssm.onStartUser-0_com.android.role.RoleService took to complete: 1872ms
04-15 16:13:49.865 535 535 D SystemServerTimingAsync: ssm.onStartUser-0_com.android.server.vibrator.VibratorManagerService$Lifecycle
04-15 16:13:49.865 535 535 V SystemServerTimingAsync: ssm.onStartUser-0_com.android.server.vibrator.VibratorManagerService$Lifecycle took to complete: 0ms
04-15 16:13:49.865 535 535 D SystemServerTimingAsync: ssm.onStartUser-0_com.android.server.tare.InternalResourceService
04-15 16:13:49.865 535 535 V SystemServerTimingAsync: ssm.onStartUser-0_com.android.server.tare.InternalResourceService took to complete: 0ms
04-15 16:13:49.865 535 535 D SystemServerTimingAsync: ssm.onStartUser-0_com.android.server.alarm.AlarmManagerService
04-15 16:13:49.866 535 535 V SystemServerTimingAsync: ssm.onStartUser-0_com.android.server.alarm.AlarmManagerService took to complete: 1ms
04-15 16:13:49.866 535 535 D SystemServerTimingAsync: ssm.onStartUser-0_com.android.server.devicestate.DeviceStateManagerService
04-15 16:13:49.866 535 535 V SystemServerTimingAsync: ssm.onStartUser-0_com.android.server.devicestate.DeviceStateManagerService took to complete: 0ms
04-15 16:13:49.866 535 535 D SystemServerTimingAsync: ssm.onStartUser-0_com.android.server.camera.CameraServiceProxy
04-15 16:13:49.870 535 535 V SystemServerTimingAsync: ssm.onStartUser-0_com.android.server.camera.CameraServiceProxy took to complete: 4ms
04-15 16:13:49.870 535 535 D SystemServerTimingAsync: ssm.onStartUser-0_com.android.server.bluetooth.BluetoothService
04-15 16:13:49.871 535 535 D BluetoothManagerService: Bluetooth boot completed
04-15 16:13:49.871 535 535 D BluetoothManagerService: Auto-enabling Bluetooth.
04-15 16:13:49.878 535 645 D BluetoothManagerService: MESSAGE_ENABLE(0): mBluetooth =null
04-15 16:13:49.879 535 645 D BluetoothManagerService: Persisting Bluetooth Setting: 1
04-15 16:13:49.886 535 645 D BluetoothManagerService: binding Bluetooth service
04-15 16:13:49.906 535 535 D BluetoothA2dp: Binding service...
04-15 16:13:49.907 535 535 D BluetoothManagerService: Trying to bind to profile: 2, while Bluetooth was disabled
04-15 16:13:49.907 535 535 D BluetoothHearingAid: Binding service...
04-15 16:13:49.912 535 535 D BluetoothManagerService: Trying to bind to profile: 21, while Bluetooth was disabled
04-15 16:13:49.912 535 535 D BluetoothLeAudio: Binding service...
04-15 16:13:49.913 535 535 D BluetoothManagerService: Trying to bind to profile: 22, while Bluetooth was disabled
04-15 16:13:49.913 535 535 I BluetoothAirplaneModeListener: start
04-15 16:13:49.920 535 645 D CompatibilityChangeReporter: Compat change id reported: 135634846; UID 1002; state: DISABLED
04-15 16:13:49.921 535 568 W ActivityManager: com.android.bluetooth inode == 0 (b/152760674)
04-15 16:13:49.934 535 535 W SystemServiceManager: Service com.android.server.bluetooth.BluetoothService took 63 ms in onStartUser-0
04-15 16:13:49.935 535 535 V SystemServerTimingAsync: ssm.onStartUser-0_com.android.server.bluetooth.BluetoothService took to complete: 64ms
04-15 16:13:49.935 535 535 D SystemServerTimingAsync: ssm.onStartUser-0_com.android.server.connectivity.IpConnectivityMetrics
04-15 16:13:49.935 535 535 V SystemServerTimingAsync: ssm.onStartUser-0_com.android.server.connectivity.IpConnectivityMetrics took to complete: 0ms
04-15 16:13:49.936 535 535 D SystemServerTimingAsync: ssm.onStartUser-0_com.android.server.net.watchlist.NetworkWatchlistService$Lifecycle
04-15 16:13:49.936 535 535 V SystemServerTimingAsync: ssm.onStartUser-0_com.android.server.net.watchlist.NetworkWatchlistService$Lifecycle took to complete: 0ms
04-15 16:13:49.936 535 535 D SystemServerTimingAsync: ssm.onStartUser-0_com.android.server.PinnerService
04-15 16:13:49.937 535 535 V SystemServerTimingAsync: ssm.onStartUser-0_com.android.server.PinnerService took to complete: 0ms
04-15 16:13:49.937 535 535 D SystemServerTimingAsync: ssm.onStartUser-0_com.android.server.integrity.AppIntegrityManagerService
04-15 16:13:49.937 535 535 V SystemServerTimingAsync: ssm.onStartUser-0_com.android.server.integrity.AppIntegrityManagerService took to complete: 0ms
04-15 16:13:49.938 535 535 D SystemServerTimingAsync: ssm.onStartUser-0_com.android.server.logcat.LogcatManagerService
04-15 16:13:49.938 535 535 V SystemServerTimingAsync: ssm.onStartUser-0_com.android.server.logcat.LogcatManagerService took to complete: 0ms
04-15 16:13:49.938 535 535 D SystemServerTimingAsync: ssm.onStartUser-0_com.android.server.inputmethod.InputMethodManagerService$Lifecycle
04-15 16:13:49.938 535 535 V SystemServerTimingAsync: ssm.onStartUser-0_com.android.server.inputmethod.InputMethodManagerService$Lifecycle took to complete: 0ms
04-15 16:13:49.939 535 535 D SystemServerTimingAsync: ssm.onStartUser-0_com.android.server.accessibility.AccessibilityManagerService$Lifecycle
