04-15 16:10:51.061 0 0 I dlkm_loader: Loading module /vendor/lib/modules/system_heap.ko with args ''
04-15 16:10:51.066 0 0 I e2fsck : /dev/block/vdc: 39/393216 files (0.0% non-contiguous), 52372/1572864 blocks
04-15 16:10:51.069 0 0 I dlkm_loader: Loaded kernel module /vendor/lib/modules/system_heap.ko
04-15 16:10:51.070 0 0 I dlkm_loader: Loading module /vendor/lib/modules/test_meminit.ko with args ''
04-15 16:10:51.087 0 0 I init : [libfs_mgr] superblock s_max_mnt_count:65535,/dev/block/vdc
04-15 16:10:51.087 0 0 W init : [libfs_mgr] Reserved blocks 32768 is too large; capping to 31457
04-15 16:10:51.088 0 0 I init : [libfs_mgr] Setting reserved block count on /dev/block/vdc to 31457
04-15 16:10:51.106 0 0 I test_meminit: all 10 tests in test_pages passed
04-15 16:10:51.119 0 0 I test_meminit: all 40 tests in test_kvmalloc passed
04-15 16:10:51.219 0 0 I tune2fs : tune2fs 1.46.6 (1-Feb-2023)
04-15 16:10:51.229 0 0 I tune2fs : Setting reserved blocks gid to 1065
04-15 16:10:51.229 0 0 I tune2fs : Setting reserved blocks count to 31457
04-15 16:10:51.248 0 0 I init : [libfs_mgr] Enabling ext4 flags encrypt on /dev/block/vdc
04-15 16:10:51.369 0 0 I tune2fs : tune2fs 1.46.6 (1-Feb-2023)
04-15 16:10:51.412 0 0 I init : [libfs_mgr] Enabling ext4 verity on /dev/block/vdc
04-15 16:10:51.486 0 0 I test_meminit: all 70 tests in test_kmemcache passed
04-15 16:10:51.490 0 0 I test_meminit: all 10 tests in test_rcu_persistent passed
04-15 16:10:51.490 0 0 I test_meminit: all 130 tests passed!
04-15 16:10:51.493 0 0 I dlkm_loader: Loaded kernel module /vendor/lib/modules/test_meminit.ko
04-15 16:10:51.494 0 0 I dlkm_loader: Loading module /vendor/lib/modules/usbip-core.ko with args ''
04-15 16:10:51.522 0 0 I tune2fs : tune2fs 1.46.6 (1-Feb-2023)
04-15 16:10:51.535 0 0 I init : [libfs_mgr] Enabling ext4 casefold on /dev/block/vdc
04-15 16:10:51.541 0 0 I dlkm_loader: Loaded kernel module /vendor/lib/modules/usbip-core.ko
04-15 16:10:51.542 0 0 I dlkm_loader: Loading module /vendor/lib/modules/vhci-hcd.ko with args ''
04-15 16:10:51.549 0 0 I vhci_hcd.0: USB/IP Virtual Host Controller
04-15 16:10:51.549 0 0 I vhci_hcd.0: new USB bus registered, assigned bus number 2
04-15 16:10:51.550 0 0 I vhci_hcd: created sysfs vhci_hcd.0
04-15 16:10:51.550 0 0 I usb2 : New USB device found, idVendor=1d6b, idProduct=0002, bcdDevice= 6.01
04-15 16:10:51.550 0 0 I usb2 : New USB device strings: Mfr=3, Product=2, SerialNumber=1
04-15 16:10:51.550 0 0 I usb2 : Product: USB/IP Virtual Host Controller
04-15 16:10:51.550 0 0 I usb2 : Manufacturer: Linux 6.1.23-android14-4-00257-g7e35917775b8-ab9964412 vhci_hcd
04-15 16:10:51.550 0 0 I usb2 : SerialNumber: vhci_hcd.0
04-15 16:10:51.551 0 0 I hub 2-0 : 1.0: USB hub found
04-15 16:10:51.551 0 0 I hub 2-0 : 1.0: 8 ports detected
04-15 16:10:51.561 0 0 I vhci_hcd.0: USB/IP Virtual Host Controller
04-15 16:10:51.561 0 0 I vhci_hcd.0: new USB bus registered, assigned bus number 3
04-15 16:10:51.562 0 0 I usb3 : We don't know the algorithms for LPM for this host, disabling LPM.
04-15 16:10:51.562 0 0 I usb3 : New USB device found, idVendor=1d6b, idProduct=0003, bcdDevice= 6.01
04-15 16:10:51.562 0 0 I usb3 : New USB device strings: Mfr=3, Product=2, SerialNumber=1
04-15 16:10:51.562 0 0 I usb3 : Product: USB/IP Virtual Host Controller
04-15 16:10:51.562 0 0 I usb3 : Manufacturer: Linux 6.1.23-android14-4-00257-g7e35917775b8-ab9964412 vhci_hcd
04-15 16:10:51.562 0 0 I usb3 : SerialNumber: vhci_hcd.0
04-15 16:10:51.563 0 0 I hub 3-0 : 1.0: USB hub found
04-15 16:10:51.563 0 0 I hub 3-0 : 1.0: 8 ports detected
04-15 16:10:51.569 0 0 I dlkm_loader: Loaded kernel module /vendor/lib/modules/vhci-hcd.ko
04-15 16:10:51.570 0 0 I dlkm_loader: Loading module /vendor/lib/modules/virt_wifi.ko with args ''
04-15 16:10:51.609 0 0 I dlkm_loader: Loaded kernel module /vendor/lib/modules/virt_wifi.ko
04-15 16:10:51.609 0 0 I dlkm_loader: Loading module /vendor/lib/modules/virtio-gpu.ko with args ''
04-15 16:10:51.647 0 0 I tune2fs : tune2fs 1.46.6 (1-Feb-2023)
04-15 16:10:51.652 0 0 I tune2fs : Setting encoding to 'utf8'
04-15 16:10:51.665 0 0 I dlkm_loader: Loaded kernel module /vendor/lib/modules/virtio-gpu.ko
04-15 16:10:51.666 0 0 I dlkm_loader: Loading module /vendor/lib/modules/virtio_balloon.ko with args ''
04-15 16:10:51.667 0 0 W EXT4-fs : Ignoring removed nomblk_io_submit option
04-15 16:10:51.670 0 0 I EXT4-fs (vdc): Using encoding defined by superblock: utf8-12.1.0 with flags 0x0
04-15 16:10:51.677 0 0 I dlkm_loader: Loaded kernel module /vendor/lib/modules/virtio_balloon.ko
04-15 16:10:51.678 0 0 I dlkm_loader: Loading module /vendor/lib/modules/virtio_input.ko with args ''
04-15 16:10:51.680 0 0 I EXT4-fs (vdc): mounted filesystem with ordered data mode. Quota mode: journalled.
04-15 16:10:51.682 0 0 I init : [libfs_mgr] __mount(source=/dev/block/vdc,target=/data,type=ext4)=0: Success
04-15 16:10:51.687 0 0 I input : virtio_input_multi_touch_1 as /devices/pci0000:00/0000:00:0d.0/virtio10/input/input3
04-15 16:10:51.693 0 0 I input : virtio_input_multi_touch_2 as /devices/pci0000:00/0000:00:0e.0/virtio11/input/input4
04-15 16:10:51.694 0 0 I input : virtio_input_multi_touch_3 as /devices/pci0000:00/0000:00:0f.0/virtio12/input/input5
04-15 16:10:51.696 0 0 I input : virtio_input_multi_touch_4 as /devices/pci0000:00/0000:00:10.0/virtio13/input/input6
04-15 16:10:51.697 0 0 I input : virtio_input_multi_touch_5 as /devices/pci0000:00/0000:00:11.0/virtio14/input/input7
04-15 16:10:51.698 0 0 I input : virtio_input_multi_touch_6 as /devices/pci0000:00/0000:00:12.0/virtio15/input/input8
04-15 16:10:51.699 0 0 I input : virtio_input_multi_touch_7 as /devices/pci0000:00/0000:00:13.0/virtio16/input/input9
04-15 16:10:51.700 0 0 I input : virtio_input_multi_touch_8 as /devices/pci0000:00/0000:00:14.0/virtio17/input/input10
04-15 16:10:51.702 0 0 I input : virtio_input_multi_touch_9 as /devices/pci0000:00/0000:00:15.0/virtio18/input/input11
04-15 16:10:51.703 0 0 I input : virtio_input_multi_touch_10 as /devices/pci0000:00/0000:00:16.0/virtio19/input/input12
04-15 16:10:51.704 0 0 I input : virtio_input_multi_touch_11 as /devices/pci0000:00/0000:00:17.0/virtio20/input/input13
04-15 16:10:51.707 0 0 I dlkm_loader: Loaded kernel module /vendor/lib/modules/virtio_input.ko
04-15 16:10:51.707 0 0 I dlkm_loader: Loading module /vendor/lib/modules/virtio_net.ko with args ''
04-15 16:10:51.717 0 0 I EXT4-fs (vdc): unmounting filesystem.
04-15 16:10:51.737 0 0 I dlkm_loader: Loaded kernel module /vendor/lib/modules/virtio_net.ko
04-15 16:10:51.738 0 0 I dlkm_loader: Loading module /vendor/lib/modules/virtio_pmem.ko with args ''
04-15 16:10:51.761 0 0 I init : [libfs_mgr] umount_retry(): unmount(/data) succeeded
04-15 16:10:51.762 0 0 I init : Calling: /system/bin/vdc cryptfs encryptFstab /dev/block/vdc /data false ext4
04-15 16:10:51.797 0 0 I dlkm_loader: Loaded kernel module /vendor/lib/modules/virtio_pmem.ko
04-15 16:10:51.798 0 0 I dlkm_loader: Loading module /vendor/lib/modules/virtio_snd.ko with args ''
04-15 16:10:51.837 0 0 I dlkm_loader: Loaded kernel module /vendor/lib/modules/virtio_snd.ko
04-15 16:10:51.837 0 0 I dlkm_loader: module vkms is blocklisted
04-15 16:10:51.837 0 0 E dlkm_loader: LoadWithAliases was unable to load vkms
04-15 16:10:51.838 0 0 I dlkm_loader: module load count is 43
04-15 16:10:51.844 0 0 I : dlkm_loader (120) used greatest stack depth: 10904 bytes left
04-15 16:10:51.907 0 0 D vdc : Waited 0ms for vold
04-15 16:10:51.904 141 141 D vold : fscrypt_mount_metadata_encrypted: /data encrypt: 1 format: 0 with ext4 block device: /dev/block/vdc and zoned device:
04-15 16:10:51.905 141 141 D vold : metadata_key_dir/key: /metadata/vold/metadata_encryption/key
04-15 16:10:51.910 141 141 D vold : Created directory /metadata/vold/metadata_encryption
04-15 16:10:51.911 141 141 D vold : Metadata key does not exist but ro.crypto.metadata_init_delete_all_keys.enabled is false
04-15 16:10:51.911 141 141 I vold : Creating new key in /metadata/vold/metadata_encryption/key
04-15 16:10:51.911 141 141 D vold : Generating standard storage key
04-15 16:10:51.929 141 141 D vold : Generating "key storage" key
04-15 16:10:51.936 155 155 I SELinux : SELinux: Loaded keystore2 context from:
04-15 16:10:51.937 155 155 I SELinux : /system/etc/selinux/plat_keystore2_key_contexts
04-15 16:10:51.947 155 155 E keystore2: system/security/keystore2/src/error.rs:180 - system/security/keystore2/src/security_level.rs:622
04-15 16:10:51.947 155 155 E keystore2:
04-15 16:10:51.947 155 155 E keystore2: Caused by:
04-15 16:10:51.947 155 155 E keystore2: 0: system/security/keystore2/src/security_level.rs:620: While generating Key without explicit attestation key.
04-15 16:10:51.947 155 155 E keystore2: 1: Error::Km(r#ROLLBACK_RESISTANCE_UNAVAILABLE)
04-15 16:10:51.949 141 141 E vold : keystore2 Keystore generateKey returned service specific error: -67
04-15 16:10:51.950 141 141 W vold : Failed to generate rollback-resistant key. This is expected if keystore doesn't support rollback resistance. Falling back to non-rollback-resistant key.
04-15 16:10:51.958 0 0 E vold : keystore2 Keystore generateKey returned service specific error: -67
04-15 16:10:51.959 0 0 W vold : Failed to generate rollback-resistant key. This is expected if keystore doesn't support rollback resistance. Falling back to non-rollback-resistant key.
04-15 16:10:51.978 141 141 D vold : Stored key /metadata/vold/metadata_encryption/key
04-15 16:10:51.993 141 141 D vold : encrypt_inplace(/dev/block/dm-38, /dev/block/vdc, 12582912)
04-15 16:10:51.995 141 141 D vold : ext4 filesystem has 48 block groups
04-15 16:10:51.995 141 141 I vold : Encrypting ext4 filesystem on /dev/block/vdc in-place via /dev/block/dm-38
04-15 16:10:51.996 141 141 I vold : 52372 blocks (214 MB) of 1572864 blocks are in-use
04-15 16:10:52.237 141 141 D vold : Encrypted 10000 of 52372 blocks
04-15 16:10:52.486 141 141 D vold : Encrypted 20000 of 52372 blocks
04-15 16:10:52.783 141 141 D vold : Encrypted 30000 of 52372 blocks
04-15 16:10:53.057 141 141 D vold : Encrypted 40000 of 52372 blocks
04-15 16:10:53.901 141 141 D vold : Encrypted 50000 of 52372 blocks
04-15 16:10:56.161 141 141 D vold : Encrypted 52372 of 52372 blocks
04-15 16:10:56.162 141 141 I vold : Successfully encrypted ext4 filesystem on /dev/block/vdc
04-15 16:10:56.284 141 141 D vold : Mounting metadata-encrypted filesystem:/data
04-15 16:10:56.289 141 141 I vold : [libfs_mgr] superblock s_max_mnt_count:65535,/dev/block/dm-38
04-15 16:10:56.299 0 0 W EXT4-fs : Ignoring removed nomblk_io_submit option
04-15 16:10:56.300 0 0 I EXT4-fs (dm-38): Using encoding defined by superblock: utf8-12.1.0 with flags 0x0
04-15 16:10:56.298 141 141 I vold : [libfs_mgr] check_fs(): mount(/dev/block/dm-38,/data,ext4)=0: Success
04-15 16:10:56.307 0 0 I EXT4-fs (dm-38): mounted filesystem with ordered data mode. Quota mode: journalled.
04-15 16:10:56.308 0 0 I EXT4-fs (dm-38): unmounting filesystem.
04-15 16:10:56.326 141 141 I vold : [libfs_mgr] umount_retry(): unmount(/data) succeeded
04-15 16:10:56.327 141 141 I vold : [libfs_mgr] Running /system/bin/e2fsck on /dev/block/dm-38
04-15 16:10:56.424 0 0 I e2fsck : e2fsck 1.46.6 (1-Feb-2023)
04-15 16:10:56.441 0 0 I e2fsck : /dev/block/dm-38: clean, 39/393216 files, 52372/1572864 blocks
04-15 16:10:56.441 141 141 W libc : Unable to set property "ro.boottime.init.fsck.data" to "147": error code: 0xb
04-15 16:10:56.442 141 141 I vold : [libfs_mgr] superblock s_max_mnt_count:65535,/dev/block/dm-38
04-15 16:10:56.443 141 141 W vold : [libfs_mgr] Reserved blocks 32768 is too large; capping to 31457
04-15 16:10:56.449 0 0 E init : Unable to set property 'ro.boottime.init.fsck.data' from uid:0 gid:0 pid:141: Read-only property was already set
04-15 16:10:56.452 0 0 W vold : [libfs_mgr] Reserved blocks 32768 is too large; capping to 31457
04-15 16:10:56.454 0 0 W EXT4-fs : Ignoring removed nomblk_io_submit option
04-15 16:10:56.455 0 0 I EXT4-fs (dm-38): Using encoding defined by superblock: utf8-12.1.0 with flags 0x0
04-15 16:10:56.451 141 141 I vold : [libfs_mgr] __mount(source=/dev/block/dm-38,target=/data,type=ext4)=0: Success
04-15 16:10:56.453 141 141 W libc : Unable to set property "ro.boottime.init.mount.data" to "6": error code: 0xb
04-15 16:10:56.454 141 141 D vold : Mounted /data
04-15 16:10:56.460 0 0 I EXT4-fs (dm-38): mounted filesystem with ordered data mode. Quota mode: journalled.
04-15 16:10:56.462 0 0 E init : Unable to set property 'ro.boottime.init.mount.data' from uid:0 gid:0 pid:141: Read-only property was already set
04-15 16:10:56.489 0 0 I init : Userdata mounted using /vendor/etc/fstab.ranchu result : 6
04-15 16:10:56.490 0 0 I init : Keyring created with id 471634421 in process 1
04-15 16:10:56.491 0 0 I init : Command 'mount_all /vendor/etc/fstab.ranchu --late' action=late-fs (/vendor/etc/init/hw/init.ranchu.rc:9) took 6204ms and succeeded
04-15 16:10:56.491 0 0 I init : Service 'vendor.dlkm_loader' (pid 120) exited with status 0 oneshot service took 10.292000 seconds in background
04-15 16:10:56.491 0 0 I init : Sending signal 9 to service 'vendor.dlkm_loader' (pid 120) process group...
04-15 16:10:56.492 0 0 I libprocessgroup: Successfully killed process cgroup uid 0 pid 120 in 0ms
04-15 16:10:56.842 0 0 I init : processing action (post-fs-data) from (/system/etc/init/hw/init.rc:678)
04-15 16:10:56.844 0 0 I init : starting service 'exec 5 (/system/bin/vdc checkpoint prepareCheckpoint)'...
04-15 16:10:56.871 0 0 I init : ... started service 'exec 5 (/system/bin/vdc checkpoint prepareCheckpoint)' has pid 188
04-15 16:10:56.871 0 0 I init : SVC_EXEC service 'exec 5 (/system/bin/vdc checkpoint prepareCheckpoint)' pid 188 (uid 1000 gid 1000+0 context default) started; waiting...
04-15 16:10:56.957 141 141 I Checkpoint: cp_prepareCheckpoint called
04-15 16:10:56.972 0 0 I init : Service 'exec 5 (/system/bin/vdc checkpoint prepareCheckpoint)' (pid 188) exited with status 0 waiting took 0.124000 seconds
04-15 16:10:56.973 0 0 I init : Sending signal 9 to service 'exec 5 (/system/bin/vdc checkpoint prepareCheckpoint)' (pid 188) process group...
04-15 16:10:56.974 0 0 I libprocessgroup: Successfully killed process cgroup uid 1000 pid 188 in 0ms
04-15 16:10:56.988 0 0 I init : starting service 'exec 6 (/system/bin/vdc --wait cryptfs enablefilecrypto)'...
04-15 16:10:57.014 0 0 I init : ... started service 'exec 6 (/system/bin/vdc --wait cryptfs enablefilecrypto)' has pid 190
04-15 16:10:57.015 0 0 I init : SVC_EXEC service 'exec 6 (/system/bin/vdc --wait cryptfs enablefilecrypto)' pid 190 (uid 0 gid 0+0 context default) started; waiting...
04-15 16:10:57.091 141 141 I vold : fscrypt_initialize_systemwide_keys
04-15 16:10:57.092 141 141 I vold : Creating new key in /data/unencrypted/key
04-15 16:10:57.093 141 141 D vold : Generating standard storage key
04-15 16:10:57.099 0 0 D vdc : Waited 0ms for vold
04-15 16:10:57.105 141 141 D vold : Generating "key storage" key
04-15 16:10:57.108 155 164 E keystore2: system/security/keystore2/src/error.rs:180 - system/security/keystore2/src/security_level.rs:622
04-15 16:10:57.108 155 164 E keystore2:
04-15 16:10:57.108 155 164 E keystore2: Caused by:
04-15 16:10:57.108 155 164 E keystore2: 0: system/security/keystore2/src/security_level.rs:620: While generating Key without explicit attestation key.
04-15 16:10:57.108 155 164 E keystore2: 1: Error::Km(r#ROLLBACK_RESISTANCE_UNAVAILABLE)
04-15 16:10:57.108 141 141 E vold : keystore2 Keystore generateKey returned service specific error: -67
04-15 16:10:57.110 141 141 W vold : Failed to generate rollback-resistant key. This is expected if keystore doesn't support rollback resistance. Falling back to non-rollback-resistant key.
04-15 16:10:57.119 0 0 E vold : keystore2 Keystore generateKey returned service specific error: -67
04-15 16:10:57.120 0 0 W vold : Failed to generate rollback-resistant key. This is expected if keystore doesn't support rollback resistance. Falling back to non-rollback-resistant key.
04-15 16:10:57.128 141 141 D vold : Stored key /data/unencrypted/key
04-15 16:10:57.131 141 141 D vold : Installed fscrypt key with ref 134fc2db29265e18f65709d2c2a7aa5c to /data
04-15 16:10:57.132 141 141 D vold : Added fscrypt-provisioning key for 134fc2db29265e18f65709d2c2a7aa5c to session keyring
04-15 16:10:57.138 141 141 I vold : Wrote system DE key reference to:/data/unencrypted/ref
04-15 16:10:57.138 141 141 D vold : Generating standard storage key
04-15 16:10:57.139 141 141 D vold : Installed fscrypt key with ref ee079e273d1ecb016a22c333830d89d5 to /data
04-15 16:10:57.139 141 141 D vold : Added fscrypt-provisioning key for ee079e273d1ecb016a22c333830d89d5 to session keyring
04-15 16:10:57.143 141 141 I vold : Wrote per boot key reference to:/data/unencrypted/per_boot_ref
04-15 16:10:57.158 0 0 I init : Service 'exec 6 (/system/bin/vdc --wait cryptfs enablefilecrypto)' (pid 190) exited with status 0 waiting took 0.165000 seconds
04-15 16:10:57.158 0 0 I init : Sending signal 9 to service 'exec 6 (/system/bin/vdc --wait cryptfs enablefilecrypto)' (pid 190) process group...
04-15 16:10:57.159 0 0 I libprocessgroup: Successfully killed process cgroup uid 0 pid 190 in 0ms
04-15 16:10:57.167 0 0 I init : Encryption policy of /data/bootchart set to 134fc2db29265e18f65709d2c2a7aa5c v2 modes 1/4 flags 0x2
04-15 16:10:57.169 0 0 I fscrypt : AES-256-CTS-CBC using implementation "cts-cbc-aes-aesni"
04-15 16:10:57.169 0 0 I init : Command 'copy /data/system/entropy.dat /dev/urandom' action=post-fs-data (/system/etc/init/hw/init.rc:700) took 0ms and failed: Could not read input file '/data/system/entropy.dat': open() failed: No such file or directory
04-15 16:10:57.175 0 0 I init : Encryption policy of /data/vendor set to 134fc2db29265e18f65709d2c2a7aa5c v2 modes 1/4 flags 0x2
04-15 16:10:57.180 0 0 I init : Encryption policy of /data/anr set to 134fc2db29265e18f65709d2c2a7aa5c v2 modes 1/4 flags 0x2
04-15 16:10:57.183 0 0 I init : Encryption policy of /data/tombstones set to 134fc2db29265e18f65709d2c2a7aa5c v2 modes 1/4 flags 0x2
04-15 16:10:57.189 0 0 I init : starting service 'tombstoned'...
04-15 16:10:57.190 0 0 I init : Created socket '/dev/socket/tombstoned_crash', mode 666, user 1000, group 1000
04-15 16:10:57.191 0 0 I init : Created socket '/dev/socket/tombstoned_intercept', mode 666, user 1000, group 1000
04-15 16:10:57.192 0 0 I init : Created socket '/dev/socket/tombstoned_java_trace', mode 666, user 1000, group 1000
04-15 16:10:57.230 0 0 I init : ... started service 'tombstoned' has pid 193
04-15 16:10:57.231 0 0 I init : Switched to default mount namespace
04-15 16:10:57.232 0 0 E init : Failed to set encryption policy of /data/misc to 134fc2db29265e18f65709d2c2a7aa5c v2 modes 1/4 flags 0x2: Directory not empty
04-15 16:10:57.252 194 194 W init : type=1400 audit(0.0:4): avc: denied { execute_no_trans } for path="/vendor/bin/toybox_vendor" dev="dm-4" ino=222 scontext=u:r:init:s0 tcontext=u:object_r:vendor_toolbox_exec:s0 tclass=file permissive=0 bug=b/183668221
04-15 16:10:57.274 0 0 E logwrapper: executing ls failed: Permission denied
04-15 16:10:57.274 0 0 E logwrapper:
04-15 16:10:57.281 0 0 I ls : executing ls failed: Permission denied
04-15 16:10:57.281 0 0 I ls : ls terminated by exit(255)
04-15 16:10:57.281 0 0 I ls :
04-15 16:10:57.282 0 0 E init : ls -laZ /data/misc returned failure: 255
04-15 16:10:57.282 0 0 E init : Setting 134fc2db29265e18f65709d2c2a7aa5c policy on /data/misc failed!
04-15 16:10:57.282 0 0 E init : Rebooting into recovery
04-15 16:10:57.290 0 0 I init : Command 'mkdir /data/misc 01771 system misc encryption=Require' action=post-fs-data (/system/etc/init/hw/init.rc:717) took 58ms and failed: Failed to set bootloader message: failed to find /misc partition
04-15 16:10:57.304 0 0 I init : starting service 'exec 7 (/system/bin/vdc keymaster earlyBootEnded)'...
04-15 16:10:57.338 0 0 I init : ... started service 'exec 7 (/system/bin/vdc keymaster earlyBootEnded)' has pid 195
04-15 16:10:57.338 0 0 I init : SVC_EXEC service 'exec 7 (/system/bin/vdc keymaster earlyBootEnded)' pid 195 (uid 1000 gid 1000+0 context default) started; waiting...
04-15 16:10:57.347 193 193 I tombstoned: tombstoned successfully initialized
04-15 16:10:57.434 141 141 I incfs : Initial API level of the device: 34
04-15 16:10:57.435 141 141 I incfs : ro.incremental.enable: yes
04-15 16:10:57.435 141 141 I incfs : isFsAvailable: true
04-15 16:10:57.436 141 141 I incfs : isFsAvailable: true
04-15 16:10:57.436 141 141 I incfs : IncFs_Features: v2
04-15 16:10:57.443 155 164 I keystore2: system/security/keystore2/src/maintenance.rs:206 - In early_boot_ended.
04-15 16:10:57.538 155 164 E keystore2: system/security/keystore2/src/keystore2_main.rs:69 - [SQLITE3] 17: statement aborts at 28: [CREATE TABLE IF NOT EXISTS persistent.version (
04-15 16:10:57.538 155 164 E keystore2: id INTEGER PRIMARY KEY,
04-15 16:10:57.538 155 164 E keystore2: version INTEGER);] database schema has changed
04-15 16:10:57.541 155 164 I keystore2: system/security/keystore2/src/globals.rs:66 - Touching Keystore 2.0 database for this first time since boot.
04-15 16:10:57.542 155 164 I keystore2: system/security/keystore2/src/globals.rs:68 - Calling cleanup leftovers.
04-15 16:10:57.543 155 164 I keystore2: system/security/keystore2/src/boot_level_keys.rs:57 - ro.keystore.boot_level_key.strategy not set, inferring from installed KM instances
04-15 16:10:57.546 155 164 I keystore2: system/security/keystore2/src/boot_level_keys.rs:115 - In get_level_zero_key: security_level=r#SOFTWARE, deny_later_strategy=EarlyBootOnly
04-15 16:10:57.595 155 164 I keystore2: system/security/keystore2/src/super_key.rs:293 - Starting boot level watcher.
04-15 16:10:57.599 155 197 I keystore2: system/security/keystore2/src/super_key.rs:325 - Read keystore.boot_level value 30
04-15 16:10:57.600 155 164 I keystore2: system/security/keystore2/src/maintenance.rs:187 - Call to earlyBootEnded succeeded for security level TRUSTED_ENVIRONMENT.
04-15 16:10:57.606 155 197 I keystore2: system/security/keystore2/src/super_key.rs:325 - Read keystore.boot_level value 30
04-15 16:10:57.611 132 132 I hwservicemanager: getTransport: Cannot find entry android.hardware.keymaster@4.0::IKeymasterDevice/default in either framework or device VINTF manifest.
04-15 16:10:57.613 132 132 I hwservicemanager: getTransport: Cannot find entry android.hardware.keymaster@3.0::IKeymasterDevice/default in either framework or device VINTF manifest.
04-15 16:10:57.613 155 164 E keystore2: system/security/keystore2/src/maintenance.rs:192 - Call to earlyBootEnded failed for security level STRONGBOX: system/security/keystore2/src/maintenance.rs:167: getting keymint device.
04-15 16:10:57.614 155 164 E keystore2: system/security/keystore2/src/error.rs:180 - system/security/keystore2/src/maintenance.rs:167: getting keymint device
04-15 16:10:57.614 155 164 E keystore2:
04-15 16:10:57.614 155 164 E keystore2: Caused by:
04-15 16:10:57.614 155 164 E keystore2: 0: system/security/keystore2/src/globals.rs:335: Cannot connect to Keymint
04-15 16:10:57.614 155 164 E keystore2: 1: system/security/keystore2/src/globals.rs:246: Trying to get Legacy wrapper.
04-15 16:10:57.614 155 164 E keystore2: 2: Error::Km(r#HARDWARE_TYPE_UNAVAILABLE)
04-15 16:10:57.615 141 141 E vold : keystore2 Keystore earlyBootEnded returned service specific error: -68
04-15 16:10:57.624 0 0 E vold : keystore2 Keystore earlyBootEnded returned service specific error: -68
04-15 16:10:57.631 0 0 I init : Service 'exec 7 (/system/bin/vdc keymaster earlyBootEnded)' (pid 195) exited with status 0 waiting took 0.318000 seconds
04-15 16:10:57.631 0 0 I init : Sending signal 9 to service 'exec 7 (/system/bin/vdc keymaster earlyBootEnded)' (pid 195) process group...
04-15 16:10:57.632 0 0 I libprocessgroup: Successfully killed process cgroup uid 1000 pid 195 in 0ms
04-15 16:10:57.638 0 0 I init : Encryption policy of /data/property set to 134fc2db29265e18f65709d2c2a7aa5c v2 modes 1/4 flags 0x2
04-15 16:10:57.644 0 0 E init : Could not set 'ro.logd.size' to '2M' in /data/local.prop: Read-only property was already set
04-15 16:10:57.646 0 0 E init : Could not load single persistent property file, trying legacy directory: Unable to read persistent property file: open() failed: No such file or directory
04-15 16:10:57.647 0 0 I fscrypt : AES-256-XTS using implementation "xts-aes-aesni"
04-15 16:10:57.654 0 0 I init : Wait for property 'ro.persistent_properties.ready=true' took 10ms
04-15 16:10:57.655 0 0 I init : service 'logd' requested start, but it is already running (flags: 4)
04-15 16:10:57.656 0 0 I init : starting service 'logd-reinit'...
04-15 16:10:57.685 0 0 I init : ... started service 'logd-reinit' has pid 198
04-15 16:10:57.686 0 0 I init : Not setting encryption policy on: /data/apex
04-15 16:10:57.697 0 0 I init : Encryption policy of /data/apex/decompressed set to 134fc2db29265e18f65709d2c2a7aa5c v2 modes 1/4 flags 0x2
04-15 16:10:57.703 0 0 I init : Encryption policy of /data/app-staging set to 134fc2db29265e18f65709d2c2a7aa5c v2 modes 1/4 flags 0x2
04-15 16:10:57.710 0 0 I init : Encryption policy of /data/apex/ota_reserved set to 134fc2db29265e18f65709d2c2a7aa5c v2 modes 1/4 flags 0x2
04-15 16:10:57.714 0 0 I init : starting service 'apexd'...
04-15 16:10:57.785 0 0 I init : ... started service 'apexd' has pid 199
04-15 16:10:57.785 0 0 I init : Command 'restart apexd' action=post-fs-data (/system/etc/init/hw/init.rc:770) took 72ms and succeeded
04-15 16:10:57.788 0 0 I init : Command 'copy /data/misc/recovery/ro.build.fingerprint /data/misc/recovery/ro.build.fingerprint.1' action=post-fs-data (/system/etc/init/hw/init.rc:774) took 0ms and failed: Could not read input file '/data/misc/recovery/ro.build.fingerprint': open() failed: No such file or directory
04-15 16:10:57.796 0 0 I init : Command 'copy /data/misc/recovery/proc/version /data/misc/recovery/proc/version.1' action=post-fs-data (/system/etc/init/hw/init.rc:781) took 0ms and failed: Could not read input file '/data/misc/recovery/proc/version': open() failed: No such file or directory
04-15 16:10:57.855 0 0 I logd : logd reinit
04-15 16:10:57.856 0 0 E logd : Cannot read /data/misc/logd/event-log-tags
04-15 16:10:57.871 0 0 E logd : FrameworkListener: read() failed (Connection reset by peer)
04-15 16:10:57.881 0 0 I init : Service 'logd-reinit' (pid 198) exited with status 0 oneshot service took 0.220000 seconds in background
04-15 16:10:57.881 0 0 I init : Sending signal 9 to service 'logd-reinit' (pid 198) process group...
04-15 16:10:57.882 0 0 I libprocessgroup: Successfully killed process cgroup uid 1036 pid 198 in 0ms
04-15 16:10:57.931 0 0 I init : Encryption policy of /data/local set to 134fc2db29265e18f65709d2c2a7aa5c v2 modes 1/4 flags 0x2
04-15 16:10:57.971 0 0 I init : starting service 'exec 8 (/bin/rm -rf /data/misc/virtualizationservice)'...
04-15 16:10:58.010 0 0 I apexd : Scanning /system/apex for pre-installed ApexFiles
04-15 16:10:58.011 0 0 I apexd : Found pre-installed APEX /system/apex/com.android.permission.capex
04-15 16:10:58.015 0 0 I apexd : Found pre-installed APEX /system/apex/com.android.appsearch.capex
04-15 16:10:58.021 0 0 I apexd : Found pre-installed APEX /system/apex/com.android.sdkext.apex
04-15 16:10:58.024 0 0 I apexd : Found pre-installed APEX /system/apex/com.android.vndk.current.apex
04-15 16:10:58.025 0 0 I init : ... started service 'exec 8 (/bin/rm -rf /data/misc/virtualizationservice)' has pid 200
04-15 16:10:58.025 0 0 I init : SVC_EXEC service 'exec 8 (/bin/rm -rf /data/misc/virtualizationservice)' pid 200 (uid 1081 gid 1000+0 context default) started; waiting...
04-15 16:10:58.025 0 0 I init : Command 'exec - virtualizationservice system -- /bin/rm -rf /data/misc/virtualizationservice' action=post-fs-data (/system/etc/init/hw/init.rc:854) took 55ms and succeeded
04-15 16:10:58.030 0 0 I apexd : Found pre-installed APEX /system/apex/com.android.neuralnetworks.capex
04-15 16:10:58.032 0 0 I apexd : Found pre-installed APEX /system/apex/com.android.healthfitness.apex
04-15 16:10:58.038 0 0 I apexd : Found pre-installed APEX /system/apex/com.android.wifi.capex
04-15 16:10:58.040 0 0 I apexd : Found pre-installed APEX /system/apex/com.android.os.statsd.apex
04-15 16:10:58.046 0 0 I apexd : Found pre-installed APEX /system/apex/com.android.tethering.capex
04-15 16:10:58.047 0 0 I apexd : Found pre-installed APEX /system/apex/com.android.i18n.apex
04-15 16:10:58.053 0 0 I apexd : Found pre-installed APEX /system/apex/com.android.media.capex
04-15 16:10:58.054 0 0 I apexd : Found pre-installed APEX /system/apex/com.android.rkpd.apex
04-15 16:10:58.055 0 0 I apexd : Found pre-installed APEX /system/apex/com.android.adservices.capex
04-15 16:10:58.056 0 0 I apexd : Found pre-installed APEX /system/apex/com.android.mediaprovider.capex
04-15 16:10:58.062 0 0 I apexd : Found pre-installed APEX /system/apex/com.android.apex.cts.shim.apex
04-15 16:10:58.063 0 0 I apexd : Found pre-installed APEX /system/apex/com.android.media.swcodec.capex
04-15 16:10:58.064 0 0 I apexd : Found pre-installed APEX /system/apex/com.android.virt.apex
04-15 16:10:58.070 0 0 I apexd : Found pre-installed APEX /system/apex/com.android.cellbroadcast.capex
04-15 16:10:58.071 0 0 I apexd : Found pre-installed APEX /system/apex/com.android.conscrypt.capex
04-15 16:10:58.072 0 0 I apexd : Found pre-installed APEX /system/apex/com.android.adbd.capex
04-15 16:10:58.078 0 0 I apexd : Found pre-installed APEX /system/apex/com.android.scheduling.capex
04-15 16:10:58.079 0 0 I apexd : Found pre-installed APEX /system/apex/com.android.resolv.capex
04-15 16:10:58.080 0 0 I apexd : Found pre-installed APEX /system/apex/com.android.art.capex
04-15 16:10:58.086 0 0 I apexd : Found pre-installed APEX /system/apex/com.android.configinfrastructure.capex
04-15 16:10:58.087 0 0 I apexd : Found pre-installed APEX /system/apex/com.android.tzdata.apex
04-15 16:10:58.088 0 0 I apexd : Found pre-installed APEX /system/apex/com.android.extservices.capex
04-15 16:10:58.094 0 0 I apexd : Found pre-installed APEX /system/apex/com.android.btservices.apex
04-15 16:10:58.095 0 0 I apexd : Found pre-installed APEX /system/apex/com.android.runtime.apex
04-15 16:10:58.096 0 0 I apexd : Found pre-installed APEX /system/apex/com.android.devicelock.apex
04-15 16:10:58.102 0 0 I apexd : Found pre-installed APEX /system/apex/com.android.uwb.capex
04-15 16:10:58.103 0 0 I apexd : Found pre-installed APEX /system/apex/com.android.ipsec.capex
04-15 16:10:58.104 0 0 I apexd : Found pre-installed APEX /system/apex/com.android.ondevicepersonalization.capex
04-15 16:10:58.109 0 0 I apexd : Scanning /system_ext/apex for pre-installed ApexFiles
04-15 16:10:58.110 0 0 W apexd : /system_ext/apex does not exist. Skipping
04-15 16:10:58.110 0 0 I apexd : Scanning /product/apex for pre-installed ApexFiles
04-15 16:10:58.110 0 0 W apexd : /product/apex does not exist. Skipping
04-15 16:10:58.110 0 0 I apexd : Scanning /vendor/apex for pre-installed ApexFiles
04-15 16:10:58.110 0 0 W apexd : /vendor/apex does not exist. Skipping
04-15 16:10:58.110 0 0 I apexd : No block apex metadata partition found, not adding block apexes
04-15 16:10:58.110 0 0 I apexd : Populating APEX database from mounts...
04-15 16:10:58.112 0 0 I apexd : 0 packages restored.
04-15 16:10:58.121 0 0 I apexd : Marking APEXd as starting
04-15 16:10:58.133 0 0 I apexd : Scanning /metadata/apex/sessions looking for sessions to be activated.
04-15 16:10:58.134 0 0 I apexd : Scanning /data/apex/active for data ApexFiles
04-15 16:10:58.135 0 0 I apexd : Selecting APEX for activation
04-15 16:10:58.135 0 0 I apexd : Processing compressed APEX
04-15 16:10:58.135 0 0 I apexd : Processing compressed APEX /system/apex/com.android.permission.capex
04-15 16:10:58.143 0 0 I apexd : Decompressing/system/apex/com.android.permission.capex to /data/apex/decompressed/com.android.permission@342090000.decompressed.apex
04-15 16:10:58.244 0 0 I init : Service 'exec 8 (/bin/rm -rf /data/misc/virtualizationservice)' (pid 200) exited with status 0 waiting took 0.260000 seconds
04-15 16:10:58.244 0 0 I init : Sending signal 9 to service 'exec 8 (/bin/rm -rf /data/misc/virtualizationservice)' (pid 200) process group...
04-15 16:10:58.250 0 0 I libprocessgroup: Successfully killed process cgroup uid 1081 pid 200 in 5ms
04-15 16:10:58.257 0 0 I init : Not setting encryption policy on: /data/preloads
04-15 16:10:58.272 0 0 I init : Encryption policy of /data/app-private set to 134fc2db29265e18f65709d2c2a7aa5c v2 modes 1/4 flags 0x2
04-15 16:10:58.288 0 0 I init : Encryption policy of /data/app-ephemeral set to 134fc2db29265e18f65709d2c2a7aa5c v2 modes 1/4 flags 0x2
04-15 16:10:58.299 0 0 I init : Encryption policy of /data/app-asec set to 134fc2db29265e18f65709d2c2a7aa5c v2 modes 1/4 flags 0x2
04-15 16:10:58.309 0 0 I init : Encryption policy of /data/app-lib set to 134fc2db29265e18f65709d2c2a7aa5c v2 modes 1/4 flags 0x2
04-15 16:10:58.312 0 0 I init : Encryption policy of /data/app set to 134fc2db29265e18f65709d2c2a7aa5c v2 modes 1/4 flags 0x2
04-15 16:10:58.318 0 0 I init : Encryption policy of /data/fonts set to 134fc2db29265e18f65709d2c2a7aa5c v2 modes 1/4 flags 0x2
04-15 16:10:58.351 0 0 I init : Encryption policy of /data/dalvik-cache set to 134fc2db29265e18f65709d2c2a7aa5c v2 modes 1/4 flags 0x2
04-15 16:10:58.352 0 0 I init : Encryption policy of /data/ota set to 134fc2db29265e18f65709d2c2a7aa5c v2 modes 1/4 flags 0x2
04-15 16:10:58.364 0 0 I init : Encryption policy of /data/ota_package set to 134fc2db29265e18f65709d2c2a7aa5c v2 modes 1/4 flags 0x2
04-15 16:10:58.375 0 0 I init : Encryption policy of /data/resource-cache set to 134fc2db29265e18f65709d2c2a7aa5c v2 modes 1/4 flags 0x2
04-15 16:10:58.375 0 0 I init : Not setting encryption policy on: /data/lost+found
04-15 16:10:58.378 0 0 I init : Encryption policy of /data/drm set to 134fc2db29265e18f65709d2c2a7aa5c v2 modes 1/4 flags 0x2
04-15 16:10:58.380 0 0 I init : Encryption policy of /data/mediadrm set to 134fc2db29265e18f65709d2c2a7aa5c v2 modes 1/4 flags 0x2
04-15 16:10:58.390 0 0 I init : Encryption policy of /data/nfc set to 134fc2db29265e18f65709d2c2a7aa5c v2 modes 1/4 flags 0x2
04-15 16:10:58.395 0 0 I init : Encryption policy of /data/backup set to 134fc2db29265e18f65709d2c2a7aa5c v2 modes 1/4 flags 0x2
04-15 16:10:58.405 0 0 I init : Encryption policy of /data/ss set to 134fc2db29265e18f65709d2c2a7aa5c v2 modes 1/4 flags 0x2
04-15 16:10:58.407 0 0 I init : Encryption policy of /data/system set to 134fc2db29265e18f65709d2c2a7aa5c v2 modes 1/4 flags 0x2
04-15 16:10:58.430 0 0 I init : Not setting encryption policy on: /data/media
04-15 16:10:58.439 0 0 I init : Not setting encryption policy on: /data/misc_ce
04-15 16:10:58.451 0 0 I init : Not setting encryption policy on: /data/misc_de
04-15 16:10:58.459 0 0 I init : Not setting encryption policy on: /data/system_ce
04-15 16:10:58.474 0 0 I init : Not setting encryption policy on: /data/system_de
04-15 16:10:58.478 0 0 I init : Not setting encryption policy on: /data/user
04-15 16:10:58.480 0 0 I init : Not setting encryption policy on: /data/user_de
04-15 16:10:58.483 0 0 I init : Not setting encryption policy on: /data/vendor_ce
04-15 16:10:58.486 0 0 I init : Not setting encryption policy on: /data/vendor_de
04-15 16:10:58.489 0 0 I init : starting service 'exec 9 (/system/bin/chattr +F /data/media)'...
04-15 16:10:58.539 0 0 I init : ... started service 'exec 9 (/system/bin/chattr +F /data/media)' has pid 201
04-15 16:10:58.539 0 0 I init : SVC_EXEC service 'exec 9 (/system/bin/chattr +F /data/media)' pid 201 (uid 1023 gid 1023+0 context default) started; waiting...
04-15 16:10:58.540 0 0 I init : Command 'exec - media_rw media_rw -- /system/bin/chattr +F /data/media' action=post-fs-data (/system/etc/init/hw/init.rc:955) took 52ms and succeeded
04-15 16:10:58.916 0 0 I init : Service 'exec 9 (/system/bin/chattr +F /data/media)' (pid 201) exited with status 0 waiting took 0.418000 seconds
04-15 16:10:58.916 0 0 I init : Sending signal 9 to service 'exec 9 (/system/bin/chattr +F /data/media)' (pid 201) process group...
04-15 16:10:58.922 0 0 I libprocessgroup: Successfully killed process cgroup uid 1023 pid 201 in 5ms
04-15 16:10:58.966 0 0 I apexd : Processing compressed APEX /system/apex/com.android.art.capex
04-15 16:10:58.967 0 0 I apexd : Decompressing/system/apex/com.android.art.capex to /data/apex/decompressed/com.android.art@342090000.decompressed.apex
04-15 16:10:59.045 0 0 I init : Encryption policy of /data/cache set to 134fc2db29265e18f65709d2c2a7aa5c v2 modes 1/4 flags 0x2
04-15 16:10:59.056 0 0 I init : Encryption policy of /data/rollback set to 134fc2db29265e18f65709d2c2a7aa5c v2 modes 1/4 flags 0x2
04-15 16:10:59.059 0 0 I init : Encryption policy of /data/rollback-observer set to 134fc2db29265e18f65709d2c2a7aa5c v2 modes 1/4 flags 0x2
04-15 16:10:59.066 0 0 I init : Encryption policy of /data/rollback-history set to 134fc2db29265e18f65709d2c2a7aa5c v2 modes 1/4 flags 0x2
04-15 16:10:59.068 0 0 I init : Encryption policy of /data/incremental set to 134fc2db29265e18f65709d2c2a7aa5c v2 modes 1/4 flags 0x2
04-15 16:10:59.890 0 0 I apexd : Processing compressed APEX /system/apex/com.android.wifi.capex
04-15 16:10:59.891 0 0 I apexd : Decompressing/system/apex/com.android.wifi.capex to /data/apex/decompressed/com.android.wifi@342090000.decompressed.apex
04-15 16:11:00.077 0 0 I apexd : Processing compressed APEX /system/apex/com.android.appsearch.capex
04-15 16:11:00.078 0 0 I apexd : Decompressing/system/apex/com.android.appsearch.capex to /data/apex/decompressed/com.android.appsearch@342090000.decompressed.apex
04-15 16:11:00.202 0 0 I apexd : Processing compressed APEX /system/apex/com.android.media.capex
04-15 16:11:00.202 0 0 I apexd : Decompressing/system/apex/com.android.media.capex to /data/apex/decompressed/com.android.media@342090000.decompressed.apex
04-15 16:11:00.379 0 0 I apexd : Processing compressed APEX /system/apex/com.android.adservices.capex
04-15 16:11:00.380 0 0 I apexd : Decompressing/system/apex/com.android.adservices.capex to /data/apex/decompressed/com.android.adservices@342090000.decompressed.apex
04-15 16:11:00.991 0 0 I apexd : Processing compressed APEX /system/apex/com.android.cellbroadcast.capex
04-15 16:11:00.992 0 0 I apexd : Decompressing/system/apex/com.android.cellbroadcast.capex to /data/apex/decompressed/com.android.cellbroadcast@342090000.decompressed.apex
04-15 16:11:01.339 0 0 I apexd : Processing compressed APEX /system/apex/com.android.neuralnetworks.capex
04-15 16:11:01.339 0 0 I apexd : Decompressing/system/apex/com.android.neuralnetworks.capex to /data/apex/decompressed/com.android.neuralnetworks@342090000.decompressed.apex
04-15 16:11:01.462 0 0 I apexd : Processing compressed APEX /system/apex/com.android.adbd.capex
04-15 16:11:01.462 0 0 I apexd : Decompressing/system/apex/com.android.adbd.capex to /data/apex/decompressed/com.android.adbd@342090000.decompressed.apex
04-15 16:11:01.636 0 0 I apexd : Processing compressed APEX /system/apex/com.android.media.swcodec.capex
04-15 16:11:01.637 0 0 I apexd : Decompressing/system/apex/com.android.media.swcodec.capex to /data/apex/decompressed/com.android.media.swcodec@342090000.decompressed.apex
04-15 16:11:02.262 0 0 I apexd : Processing compressed APEX /system/apex/com.android.tethering.capex
04-15 16:11:02.263 0 0 I apexd : Decompressing/system/apex/com.android.tethering.capex to /data/apex/decompressed/com.android.tethering@342090000.decompressed.apex
04-15 16:11:02.774 0 0 I apexd : Processing compressed APEX /system/apex/com.android.uwb.capex
04-15 16:11:02.774 0 0 I apexd : Decompressing/system/apex/com.android.uwb.capex to /data/apex/decompressed/com.android.uwb@342090000.decompressed.apex
04-15 16:11:02.882 0 0 I apexd : Processing compressed APEX /system/apex/com.android.extservices.capex
04-15 16:11:02.883 0 0 I apexd : Decompressing/system/apex/com.android.extservices.capex to /data/apex/decompressed/com.android.extservices@342090000.decompressed.apex
04-15 16:11:03.156 0 0 I apexd : Processing compressed APEX /system/apex/com.android.conscrypt.capex
04-15 16:11:03.157 0 0 I apexd : Decompressing/system/apex/com.android.conscrypt.capex to /data/apex/decompressed/com.android.conscrypt@342090000.decompressed.apex
04-15 16:11:03.376 0 0 I apexd : Processing compressed APEX /system/apex/com.android.scheduling.capex
04-15 16:11:03.377 0 0 I apexd : Decompressing/system/apex/com.android.scheduling.capex to /data/apex/decompressed/com.android.scheduling@342090000.decompressed.apex
04-15 16:11:03.396 0 0 I apexd : Processing compressed APEX /system/apex/com.android.mediaprovider.capex
04-15 16:11:03.396 0 0 I apexd : Decompressing/system/apex/com.android.mediaprovider.capex to /data/apex/decompressed/com.android.mediaprovider@342090000.decompressed.apex
04-15 16:11:03.721 0 0 I apexd : Processing compressed APEX /system/apex/com.android.ondevicepersonalization.capex
04-15 16:11:03.722 0 0 I apexd : Decompressing/system/apex/com.android.ondevicepersonalization.capex to /data/apex/decompressed/com.android.ondevicepersonalization@342090000.decompressed.apex
04-15 16:11:03.782 0 0 I apexd : Processing compressed APEX /system/apex/com.android.ipsec.capex
04-15 16:11:03.783 0 0 I apexd : Decompressing/system/apex/com.android.ipsec.capex to /data/apex/decompressed/com.android.ipsec@342090000.decompressed.apex
04-15 16:11:03.809 0 0 I apexd : Processing compressed APEX /system/apex/com.android.resolv.capex
04-15 16:11:03.809 0 0 I apexd : Decompressing/system/apex/com.android.resolv.capex to /data/apex/decompressed/com.android.resolv@342090000.decompressed.apex
04-15 16:11:04.017 0 0 I apexd : Processing compressed APEX /system/apex/com.android.configinfrastructure.capex
04-15 16:11:04.018 0 0 I apexd : Decompressing/system/apex/com.android.configinfrastructure.capex to /data/apex/decompressed/com.android.configinfrastructure@342090000.decompressed.apex
04-15 16:11:04.055 0 0 I loop4 : detected capacity change from 0 to 1544
04-15 16:11:04.081 0 0 I loop5 : detected capacity change from 0 to 50960
04-15 16:11:04.095 0 0 I loop6 : detected capacity change from 0 to 71872
04-15 16:11:04.101 0 0 I loop7 : detected capacity change from 0 to 52360
04-15 16:11:04.143 0 0 I EXT4-fs (loop6): mounted filesystem without journal. Quota mode: none.
04-15 16:11:04.149 0 0 I apexd : Successfully mounted package /system/apex/com.android.i18n.apex on /apex/com.android.i18n@1 duration=78
04-15 16:11:04.178 0 0 I EXT4-fs (loop7): mounted filesystem without journal. Quota mode: none.
04-15 16:11:04.178 0 0 I apexd : Successfully mounted package /system/apex/com.android.vndk.current.apex on /apex/com.android.vndk.v34@1 duration=111
04-15 16:11:04.181 0 0 I EXT4-fs (loop5): mounted filesystem without journal. Quota mode: none.
04-15 16:11:04.181 0 0 I apexd : Successfully mounted package /system/apex/com.android.btservices.apex on /apex/com.android.btservices@342090000 duration=123
04-15 16:11:04.183 0 0 I EXT4-fs (loop4): mounted filesystem without journal. Quota mode: none.
04-15 16:11:04.183 0 0 I apexd : Successfully mounted package /system/apex/com.android.sdkext.apex on /apex/com.android.sdkext@342090000 duration=129
04-15 16:11:04.233 0 0 I loop8 : detected capacity change from 0 to 536
04-15 16:11:04.241 0 0 I loop9 : detected capacity change from 0 to 6288
04-15 16:11:04.252 0 0 I loop10 : detected capacity change from 0 to 2192
04-15 16:11:04.269 0 0 I loop11 : detected capacity change from 0 to 11672
04-15 16:11:04.278 0 0 I loop12 : detected capacity change from 0 to 536
04-15 16:11:04.289 0 0 I loop13 : detected capacity change from 0 to 1616
04-15 16:11:04.301 0 0 I loop14 : detected capacity change from 0 to 648
04-15 16:11:04.310 0 0 I loop15 : detected capacity change from 0 to 8944
04-15 16:11:04.349 0 0 I loop16 : detected capacity change from 0 to 36680
04-15 16:11:04.367 0 0 I EXT4-fs (loop12): mounted filesystem without journal. Quota mode: none.
04-15 16:11:04.368 0 0 I apexd : Successfully mounted package /system/apex/com.android.apex.cts.shim.apex on /apex/com.android.apex.cts.shim@1 duration=298
04-15 16:11:04.469 0 0 I EXT4-fs (loop9): mounted filesystem without journal. Quota mode: none.
04-15 16:11:04.469 0 0 I apexd : Successfully mounted package /system/apex/com.android.os.statsd.apex on /apex/com.android.os.statsd@342090000 duration=402
04-15 16:11:04.470 0 0 I EXT4-fs (loop10): mounted filesystem without journal. Quota mode: none.
04-15 16:11:04.470 0 0 I apexd : Successfully mounted package /system/apex/com.android.rkpd.apex on /apex/com.android.rkpd@1 duration=402
04-15 16:11:04.485 0 0 I EXT4-fs (loop14): mounted filesystem without journal. Quota mode: none.
04-15 16:11:04.486 0 0 I apexd : Successfully mounted package /system/apex/com.android.virt.apex on /apex/com.android.virt@2 duration=415
04-15 16:11:04.494 0 0 I EXT4-fs (loop11): mounted filesystem without journal. Quota mode: none.
04-15 16:11:04.495 0 0 I apexd : Successfully mounted package /system/apex/com.android.devicelock.apex on /apex/com.android.devicelock@1 duration=426
04-15 16:11:04.504 0 0 I device-mapper: verity: sha256 using implementation "sha256-ssse3"
04-15 16:11:04.523 0 0 I device-mapper: verity: sha256 using implementation "sha256-ssse3"
04-15 16:11:04.525 0 0 I EXT4-fs (loop13): mounted filesystem without journal. Quota mode: none.
04-15 16:11:04.525 0 0 I apexd : Successfully mounted package /system/apex/com.android.tzdata.apex on /apex/com.android.tzdata@342090000 duration=456
04-15 16:11:04.558 0 0 I EXT4-fs (dm-11): mounted filesystem without journal. Quota mode: none.
04-15 16:11:04.558 0 0 I apexd : Successfully mounted package /data/apex/decompressed/com.android.configinfrastructure@342090000.decompressed.apex on /apex/com.android.configinfrastructure@342090000 duration=449
04-15 16:11:04.562 0 0 I EXT4-fs (loop15): mounted filesystem without journal. Quota mode: none.
04-15 16:11:04.562 0 0 I apexd : Successfully mounted package /system/apex/com.android.runtime.apex on /apex/com.android.runtime@1 duration=491
04-15 16:11:04.584 0 0 I loop17 : detected capacity change from 0 to 64992
04-15 16:11:04.612 0 0 I device-mapper: verity: sha256 using implementation "sha256-ssse3"
04-15 16:11:04.621 0 0 I EXT4-fs (dm-37): mounted filesystem without journal. Quota mode: none.
04-15 16:11:04.621 0 0 I apexd : Successfully mounted package /data/apex/decompressed/com.android.permission@342090000.decompressed.apex on /apex/com.android.permission@342090000 duration=550
04-15 16:11:04.662 0 0 I EXT4-fs (dm-36): mounted filesystem without journal. Quota mode: none.
04-15 16:11:04.663 0 0 I apexd : Successfully mounted package /data/apex/decompressed/com.android.art@342090000.decompressed.apex on /apex/com.android.art@342090000 duration=591
04-15 16:11:04.716 0 0 I loop18 : detected capacity change from 0 to 17152
04-15 16:11:04.734 0 0 I device-mapper: verity: sha256 using implementation "sha256-ssse3"
04-15 16:11:04.770 0 0 I EXT4-fs (dm-34): mounted filesystem without journal. Quota mode: none.
04-15 16:11:04.770 0 0 I apexd : Successfully mounted package /data/apex/decompressed/com.android.wifi@342090000.decompressed.apex on /apex/com.android.wifi@342090000 duration=698
04-15 16:11:04.787 0 0 I loop19 : detected capacity change from 0 to 7424
04-15 16:11:04.804 0 0 I device-mapper: verity: sha256 using implementation "sha256-ssse3"
04-15 16:11:04.851 0 0 I EXT4-fs (dm-30): mounted filesystem without journal. Quota mode: none.
04-15 16:11:04.853 0 0 I apexd : Successfully mounted package /data/apex/decompressed/com.android.appsearch@342090000.decompressed.apex on /apex/com.android.appsearch@342090000 duration=780
04-15 16:11:05.039 0 0 I loop20 : detected capacity change from 0 to 45144
04-15 16:11:05.062 0 0 I device-mapper: verity: sha256 using implementation "sha256-ssse3"
04-15 16:11:05.104 0 0 I EXT4-fs (dm-23): mounted filesystem without journal. Quota mode: none.
04-15 16:11:05.109 0 0 I apexd : Successfully mounted package /data/apex/decompressed/com.android.adservices@342090000.decompressed.apex on /apex/com.android.adservices@342090000 duration=1036
04-15 16:11:05.219 0 0 I loop21 : detected capacity change from 0 to 31552
04-15 16:11:05.245 0 0 I device-mapper: verity: sha256 using implementation "sha256-ssse3"
04-15 16:11:05.304 0 0 I EXT4-fs (dm-21): mounted filesystem without journal. Quota mode: none.
04-15 16:11:05.306 0 0 I apexd : Successfully mounted package /data/apex/decompressed/com.android.cellbroadcast@342090000.decompressed.apex on /apex/com.android.cellbroadcast@342090000 duration=1232
04-15 16:11:05.311 0 0 I loop22 : detected capacity change from 0 to 10520
04-15 16:11:05.339 0 0 I device-mapper: verity: sha256 using implementation "sha256-ssse3"
04-15 16:11:05.382 0 0 I EXT4-fs (dm-20): mounted filesystem without journal. Quota mode: none.
04-15 16:11:05.382 0 0 I apexd : Successfully mounted package /data/apex/decompressed/com.android.neuralnetworks@342090000.decompressed.apex on /apex/com.android.neuralnetworks@342090000 duration=1308
04-15 16:11:05.427 0 0 I loop23 : detected capacity change from 0 to 12792
04-15 16:11:05.452 0 0 I device-mapper: verity: sha256 using implementation "sha256-ssse3"
04-15 16:11:05.506 0 0 I EXT4-fs (dm-17): mounted filesystem without journal. Quota mode: none.
04-15 16:11:05.506 0 0 I apexd : Successfully mounted package /data/apex/decompressed/com.android.adbd@342090000.decompressed.apex on /apex/com.android.adbd@342090000 duration=1431
04-15 16:11:05.715 0 0 I loop24 : detected capacity change from 0 to 55672
04-15 16:11:05.758 0 0 I device-mapper: verity: sha256 using implementation "sha256-ssse3"
04-15 16:11:05.832 0 0 I EXT4-fs (dm-18): mounted filesystem without journal. Quota mode: none.
