04-15 16:13:25.373 535 535 V SystemServerTiming: OnBootPhase_500_com.android.server.sdksandbox.SdkSandboxManagerService$Lifecycle took to complete: 0ms
04-15 16:13:25.373 535 535 D SystemServerTiming: OnBootPhase_500_com.android.server.adservices.AdServicesManagerService$Lifecycle
04-15 16:13:25.373 535 535 V SystemServerTiming: OnBootPhase_500_com.android.server.adservices.AdServicesManagerService$Lifecycle took to complete: 0ms
04-15 16:13:25.373 535 535 D SystemServerTiming: OnBootPhase_500_com.android.server.ondevicepersonalization.OnDevicePersonalizationSystemService$Lifecycle
04-15 16:13:25.373 535 535 V SystemServerTiming: OnBootPhase_500_com.android.server.ondevicepersonalization.OnDevicePersonalizationSystemService$Lifecycle took to complete: 0ms
04-15 16:13:25.373 535 535 D SystemServerTiming: OnBootPhase_500_com.android.server.MmsServiceBroker
04-15 16:13:25.373 535 535 V SystemServerTiming: OnBootPhase_500_com.android.server.MmsServiceBroker took to complete: 0ms
04-15 16:13:25.373 535 535 D SystemServerTiming: OnBootPhase_500_com.android.server.autofill.AutofillManagerService
04-15 16:13:25.373 535 535 V SystemServerTiming: OnBootPhase_500_com.android.server.autofill.AutofillManagerService took to complete: 0ms
04-15 16:13:25.373 535 535 D SystemServerTiming: OnBootPhase_500_com.android.server.credentials.CredentialManagerService
04-15 16:13:25.374 535 535 V SystemServerTiming: OnBootPhase_500_com.android.server.credentials.CredentialManagerService took to complete: 0ms
04-15 16:13:25.374 535 535 D SystemServerTiming: OnBootPhase_500_com.android.server.selectiontoolbar.SelectionToolbarManagerService
04-15 16:13:25.374 535 535 V SystemServerTiming: OnBootPhase_500_com.android.server.selectiontoolbar.SelectionToolbarManagerService took to complete: 0ms
04-15 16:13:25.374 535 535 D SystemServerTiming: OnBootPhase_500_com.android.server.clipboard.ClipboardService
04-15 16:13:25.374 535 535 V SystemServerTiming: OnBootPhase_500_com.android.server.clipboard.ClipboardService took to complete: 0ms
04-15 16:13:25.374 535 535 D SystemServerTiming: OnBootPhase_500_com.android.server.appbinding.AppBindingService$Lifecycle
04-15 16:13:25.374 535 535 V SystemServerTiming: OnBootPhase_500_com.android.server.appbinding.AppBindingService$Lifecycle took to complete: 0ms
04-15 16:13:25.374 535 535 D SystemServerTiming: OnBootPhase_500_com.android.server.tracing.TracingServiceProxy
04-15 16:13:25.374 535 535 V SystemServerTiming: OnBootPhase_500_com.android.server.tracing.TracingServiceProxy took to complete: 0ms
04-15 16:13:25.374 535 535 V SystemServerTiming: OnBootPhase_500 took to complete: 947ms
04-15 16:13:25.374 535 535 V SystemServerTiming: StartBootPhaseSystemServicesReady took to complete: 947ms
04-15 16:13:25.374 535 535 D SystemServerTiming: MakeWindowManagerServiceReady
04-15 16:13:25.383 535 811 I WifiHalAidlImpl: Initialization is complete
04-15 16:13:25.390 353 353 W android.hardware.wifi-service: Duplicate death notification registration
04-15 16:13:25.392 535 811 D WifiNl80211Manager: tearing down interfaces in wificond
04-15 16:13:25.409 535 811 D WifiAdaptConnObserver: Adaptive connectivity status initialized to: true
04-15 16:13:25.411 535 811 D WifiController: EnabledState.enter()
04-15 16:13:25.417 535 811 D WifiClientModeManager[169404:unknown]: entering IdleState
04-15 16:13:25.420 535 535 V SystemServerTiming: MakeWindowManagerServiceReady took to complete: 46ms
04-15 16:13:25.420 535 535 D SystemServerTiming: RegisterLogMteState
04-15 16:13:25.421 535 535 V SystemServerTiming: RegisterLogMteState took to complete: 1ms
04-15 16:13:25.430 535 811 W FileUtils: Failed to chmod(/data/misc/apexdata/com.android.wifi/WifiConfigStore.xml, 384):
04-15 16:13:25.430 535 811 W FileUtils: android.system.ErrnoException: chmod failed: ENOENT (No such file or directory)
04-15 16:13:25.430 535 811 W FileUtils: at libcore.io.Linux.chmod(Native Method)
04-15 16:13:25.430 535 811 W FileUtils: at libcore.io.ForwardingOs.chmod(ForwardingOs.java:165)
04-15 16:13:25.430 535 811 W FileUtils: at libcore.io.BlockGuardOs.chmod(BlockGuardOs.java:83)
04-15 16:13:25.430 535 811 W FileUtils: at android.system.Os.chmod(Os.java:119)
04-15 16:13:25.430 535 811 W FileUtils: at com.android.server.wifi.util.FileUtils.chmod(FileUtils.java:44)
04-15 16:13:25.430 535 811 W FileUtils: at com.android.server.wifi.WifiConfigStore$StoreFile.writeBufferedRawData(WifiConfigStore.java:941)
04-15 16:13:25.430 535 811 W FileUtils: at com.android.server.wifi.WifiConfigStore.writeBufferedData(WifiConfigStore.java:506)
04-15 16:13:25.430 535 811 W FileUtils: at com.android.server.wifi.WifiConfigStore.write(WifiConfigStore.java:430)
04-15 16:13:25.430 535 811 W FileUtils: at com.android.server.wifi.WifiConfigManager.saveToStore(WifiConfigManager.java:3688)
04-15 16:13:25.430 535 811 W FileUtils: at com.android.server.wifi.WifiSettingsConfigStore.lambda$triggerSaveToStoreAndInvokeAllListeners$1(WifiSettingsConfigStore.java:253)
04-15 16:13:25.430 535 811 W FileUtils: at com.android.server.wifi.WifiSettingsConfigStore.$r8$lambda$RgVMOoSeRTFMZVvRnH2K_mlfH0M(WifiSettingsConfigStore.java:0)
04-15 16:13:25.430 535 811 W FileUtils: at com.android.server.wifi.WifiSettingsConfigStore$$ExternalSyntheticLambda3.run(R8$$SyntheticClass:0)
04-15 16:13:25.430 535 811 W FileUtils: at android.os.Handler.handleCallback(Handler.java:958)
04-15 16:13:25.430 535 811 W FileUtils: at android.os.Handler.dispatchMessage(Handler.java:99)
04-15 16:13:25.430 535 811 W FileUtils: at com.android.server.wifi.RunnerHandler.dispatchMessage(RunnerHandler.java:122)
04-15 16:13:25.430 535 811 W FileUtils: at android.os.Looper.loopOnce(Looper.java:205)
04-15 16:13:25.430 535 811 W FileUtils: at android.os.Looper.loop(Looper.java:294)
04-15 16:13:25.430 535 811 W FileUtils: at android.os.HandlerThread.run(HandlerThread.java:67)
04-15 16:13:25.456 535 535 D SystemServerTiming: StartPermissionPolicyService
04-15 16:13:25.458 535 535 I SystemServiceManager: Starting com.android.server.policy.PermissionPolicyService
04-15 16:13:25.463 535 811 D WifiConfigStore: Writing to stores completed in 37 ms.
04-15 16:13:25.495 0 0 I servicemanager: Found android.hardware.wifi.IWifi/default in device VINTF manifest.
04-15 16:13:25.487 535 813 I WifiContext: Got resolveInfos for com.android.server.wifi.intent.action.SERVICE_WIFI_RESOURCES_APK: [ResolveInfo{8d7544d com.android.wifi.resources/android.app.Activity m=0x108000 userHandle=UserHandle{0}}]
04-15 16:13:25.488 535 813 I WifiContext: Found Wifi Resources APK at: com.android.wifi.resources
04-15 16:13:25.495 535 811 I WifiHalAidlImpl: Service is already initialized
04-15 16:13:25.510 535 535 V SystemServerTiming: StartPermissionPolicyService took to complete: 53ms
04-15 16:13:25.510 535 535 D SystemServerTiming: MakePackageManagerServiceReady
04-15 16:13:25.530 353 353 I android.hardware.wifi-service: Wifi HAL started
04-15 16:13:25.542 0 0 I servicemanager: Found android.hardware.health.IHealth/default in device VINTF manifest.
04-15 16:13:25.559 535 566 I HealthServiceWrapperAidl: health: HealthServiceWrapper listening to AIDL HAL
04-15 16:13:25.567 535 535 V HistoricalRegistry: Interaction before persistence initialized
04-15 16:13:25.574 535 535 V HistoricalRegistry: Interaction before persistence initialized
04-15 16:13:25.591 535 811 E WifiChipAidlImpl: getMode failed with service-specific exception: android.os.ServiceSpecificException: (code 5)
04-15 16:13:25.598 353 353 W android.hardware.wifi-service: No active wlan interfaces in use! Using default
04-15 16:13:25.598 353 353 E android.hardware.wifi-service: Unknown iface name: wlan0
04-15 16:13:25.598 353 353 E android.hardware.wifi-service: Unknown iface name: wlan0
04-15 16:13:25.605 535 566 D StatsPullAtomService: Registering pullers with statsd
04-15 16:13:25.618 535 818 D ConnectivityService: NetReassign [no changes] [c 0] [a 0] [i 0]
04-15 16:13:25.619 535 566 I StatsPullAtomService: register thermal listener successfully
04-15 16:13:25.625 535 811 I WifiVendorHal: Vendor Hal started successfully
04-15 16:13:25.635 0 0 I servicemanager: Found android.hardware.wifi.IWifi/default in device VINTF manifest.
04-15 16:13:25.634 535 535 V UserDataPreparer: Found /data/user_de/0 with serial number -1
04-15 16:13:25.634 535 535 D UserDataPreparer: Serial number missing on /data/user_de/0; assuming current is valid
04-15 16:13:25.635 535 535 V UserDataPreparer: Found /data/user/0 with serial number -1
04-15 16:13:25.635 535 535 D UserDataPreparer: Serial number missing on /data/user/0; assuming current is valid
04-15 16:13:25.638 535 535 V UserDataPreparer: Found /data/system_de/0 with serial number -1
04-15 16:13:25.638 535 535 D UserDataPreparer: Serial number missing on /data/system_de/0; assuming current is valid
04-15 16:13:25.639 535 535 I PermissionManager: Permission ownership changed. Updating all permissions.
04-15 16:13:25.643 535 535 W PermissionManager: Package com.android.adservices.api is an APK in APEX, but has permission allowlist on the system image. Please bundle the allowlist in the com.android.adservices APEX instead.
04-15 16:13:25.648 535 811 E WifiChipAidlImpl: getMode failed with service-specific exception: android.os.ServiceSpecificException: (code 5)
04-15 16:13:25.649 353 353 W android.hardware.wifi-service: No active wlan interfaces in use! Using default
04-15 16:13:25.649 353 353 E android.hardware.wifi-service: Unknown iface name: wlan0
04-15 16:13:25.649 353 353 E android.hardware.wifi-service: Unknown iface name: wlan0
04-15 16:13:25.669 535 811 I HalDevMgr: currentModeId=0, requestModeId=0, currentModeIdValid=false
04-15 16:13:25.684 353 353 I android.hardware.wifi-service: Adding interface handle for wlan0
04-15 16:13:25.685 353 353 W android.hardware.wifi-service: No active wlan interfaces in use! Using default
04-15 16:13:25.685 353 353 E android.hardware.wifi-service: Failed to register radio mode change callback
04-15 16:13:25.686 353 353 W android.hardware.wifi-service: No active wlan interfaces in use! Using default
04-15 16:13:25.696 353 353 E android.hardware.wifi-service: Failed to get SupportedIfaceCombinations matrix from legacy HAL: NOT_SUPPORTED
04-15 16:13:25.697 353 353 I android.hardware.wifi-service: Configured chip in mode 0
04-15 16:13:25.697 353 353 W android.hardware.wifi-service: No active wlan interfaces in use! Using default
04-15 16:13:25.724 353 353 W android.hardware.wifi-service: No active wlan interfaces in use! Using default
04-15 16:13:25.748 353 353 I android.hardware.wifi-service: Adding interface handle for wlan0
04-15 16:13:25.754 353 353 E android.hardware.wifi-service: Failed to set DFS flag; DFS channels may be unavailable.
04-15 16:13:25.762 535 811 D HalDevMgr: updateRttController: no one is interested in RTT controllers
04-15 16:13:25.796 353 353 E android.hardware.wifi-service: Failed to get chip capabilities from legacy HAL: NOT_SUPPORTED
04-15 16:13:25.798 535 535 W PermissionManager: Package com.android.providers.media.module is an APK in APEX, but has permission allowlist on the system image. Please bundle the allowlist in the com.android.mediaprovider APEX instead.
04-15 16:13:25.798 535 535 W PermissionManager: Package com.android.providers.media.module is an APK in APEX, but has permission allowlist on the system image. Please bundle the allowlist in the com.android.mediaprovider APEX instead.
04-15 16:13:25.798 535 535 W PermissionManager: Package com.android.providers.media.module is an APK in APEX, but has permission allowlist on the system image. Please bundle the allowlist in the com.android.mediaprovider APEX instead.
04-15 16:13:25.799 535 535 W PermissionManager: Package com.android.providers.media.module is an APK in APEX, but has permission allowlist on the system image. Please bundle the allowlist in the com.android.mediaprovider APEX instead.
04-15 16:13:25.799 535 535 W PermissionManager: Package com.android.providers.media.module is an APK in APEX, but has permission allowlist on the system image. Please bundle the allowlist in the com.android.mediaprovider APEX instead.
04-15 16:13:25.799 535 535 W PermissionManager: Package com.android.providers.media.module is an APK in APEX, but has permission allowlist on the system image. Please bundle the allowlist in the com.android.mediaprovider APEX instead.
04-15 16:13:25.801 535 811 E WifiChipAidlImpl: getWifiChipCapabilities failed with service-specific exception: android.os.ServiceSpecificException: (code 4)
04-15 16:13:25.803 535 535 W PermissionManager: Package com.android.providers.media.module is an APK in APEX, but has permission allowlist on the system image. Please bundle the allowlist in the com.android.mediaprovider APEX instead.
04-15 16:13:25.803 535 535 W PermissionManager: Package com.android.providers.media.module is an APK in APEX, but has permission allowlist on the system image. Please bundle the allowlist in the com.android.mediaprovider APEX instead.
04-15 16:13:25.803 535 535 W PermissionManager: Package com.android.providers.media.module is an APK in APEX, but has permission allowlist on the system image. Please bundle the allowlist in the com.android.mediaprovider APEX instead.
04-15 16:13:25.803 535 535 W PermissionManager: Package com.android.providers.media.module is an APK in APEX, but has permission allowlist on the system image. Please bundle the allowlist in the com.android.mediaprovider APEX instead.
04-15 16:13:25.805 535 535 W PermissionManager: Package com.android.providers.media.module is an APK in APEX, but has permission allowlist on the system image. Please bundle the allowlist in the com.android.mediaprovider APEX instead.
04-15 16:13:25.806 535 535 W PermissionManager: Package com.android.providers.media.module is an APK in APEX, but has permission allowlist on the system image. Please bundle the allowlist in the com.android.mediaprovider APEX instead.
04-15 16:13:25.806 535 535 W PermissionManager: Package com.android.providers.media.module is an APK in APEX, but has permission allowlist on the system image. Please bundle the allowlist in the com.android.mediaprovider APEX instead.
04-15 16:13:25.809 535 811 D WifiNl80211Manager: Setting up interface for client mode: wlan0
04-15 16:13:25.815 457 457 I wificond: createClientInterface: wiphy_index 1 iface_name wlan0
04-15 16:13:25.840 457 457 I wificond: create scanner for interface with index: 16
04-15 16:13:25.841 457 457 I wificond: subscribe scan result for interface with index: 16
04-15 16:13:25.850 457 457 I wificond: add channel type 0 support at wiphy index: 1
04-15 16:13:25.851 457 457 I wificond: add channel type 1 support at wiphy index: 1
04-15 16:13:25.869 535 535 I DefaultPermGrantPolicy: Granting permissions to platform components for user 0
04-15 16:13:25.881 328 328 I netd : interfaceGetCfg(wlan0) -> {InterfaceConfigurationParcel{ifName: wlan0, hwAddr: 02:15:b2:00:00:00, ipv4Addr: 0.0.0.0, prefixLength: 0, flags: [up, broadcast, multicast]}} <3.49ms>
04-15 16:13:25.890 535 811 I WifiNative: Interface state changed on Iface:{Name=wlan0,Id=0,Type=STA_SCAN}, isUp=true
04-15 16:13:25.892 535 811 I WifiNative: Successfully setup Iface:{Name=wlan0,Id=0,Type=STA_SCAN}
04-15 16:13:25.894 535 811 E SupplicantStaIfaceHalAidlImpl: Can't call getKeyMgmtCapabilities, ISupplicantStaIface is null for iface=wlan0
04-15 16:13:25.906 0 0 I servicemanager: Found android.hardware.wifi.IWifi/default in device VINTF manifest.
04-15 16:13:25.911 353 353 E android.hardware.wifi-service: Failed to get SupportedRadioCombinations matrix from legacy HAL: NOT_SUPPORTED
04-15 16:13:25.916 535 811 E WifiChipAidlImpl: getSupportedRadioCombinations failed with service-specific exception: android.os.ServiceSpecificException: (code 4)
04-15 16:13:25.918 535 811 E SupplicantStaIfaceHalAidlImpl: Can't call getWpaDriverCapabilities, ISupplicantStaIface is null for iface=wlan0
04-15 16:13:25.919 535 811 E WifiChipAidlImpl: getUsableChannels failed with service-specific exception: android.os.ServiceSpecificException: (code 4)
04-15 16:13:25.931 535 535 W DefaultPermGrantPolicy: Permission not found: com.google.android.googleapps.permission.GOOGLE_AUTH
04-15 16:13:25.931 535 535 W DefaultPermGrantPolicy: Permission not found: com.android.launcher.permission.READ_SETTINGS
04-15 16:13:25.934 535 535 W DefaultPermGrantPolicy: Permission not found: com.android.launcher.permission.WRITE_SETTINGS
04-15 16:13:25.938 535 535 W DefaultPermGrantPolicy: Permission not found: com.android.smspush.WAPPUSH_MANAGER_BIND
04-15 16:13:25.947 535 535 W DefaultPermGrantPolicy: Permission not found: android.permission.MANAGE_WIFI_WHEN_WIRELESS_CONSENT_REQUIRED
04-15 16:13:25.950 535 535 W DefaultPermGrantPolicy: Permission not found: com.android.providers.tv.permission.ACCESS_WATCHED_PROGRAMS
04-15 16:13:25.951 535 535 W DefaultPermGrantPolicy: Permission not found: com.android.providers.tv.permission.WRITE_EPG_DATA
04-15 16:13:25.951 535 535 W DefaultPermGrantPolicy: Permission not found: android.permission.SUGGEST_MANUAL_TIME
04-15 16:13:25.952 535 535 W DefaultPermGrantPolicy: Permission not found: android.permission.SUGGEST_TELEPHONY_TIME
04-15 16:13:25.953 535 535 W DefaultPermGrantPolicy: Permission not found: android.permission.SUGGEST_NETWORK_TIME
04-15 16:13:25.953 535 535 W DefaultPermGrantPolicy: Permission not found: android.permission.SUGGEST_GNSS_TIME
04-15 16:13:25.960 535 811 E WifiChipAidlImpl: enableStaChannelForPeerNetwork failed with service-specific exception: android.os.ServiceSpecificException: (code 4)
04-15 16:13:25.961 535 811 D WifiNative: setWifiNativeInterfaceEventCallback
04-15 16:13:25.963 535 811 D WifiClientModeManager[169404:wlan0]: entering StartedState
04-15 16:13:25.965 328 328 I netd : interfaceGetCfg(wlan0) -> {InterfaceConfigurationParcel{ifName: wlan0, hwAddr: 02:15:b2:00:00:00, ipv4Addr: 0.0.0.0, prefixLength: 0, flags: [up, broadcast, multicast]}} <0.98ms>
04-15 16:13:25.978 535 535 W DefaultPermGrantPolicy: Permission not found: android.car.permission.CONTROL_CAR_CLIMATE
04-15 16:13:25.979 535 535 W DefaultPermGrantPolicy: Permission not found: android.car.permission.CAR_CONTROL_AUDIO_VOLUME
04-15 16:13:25.987 535 535 I DefaultPermGrantPolicy: Granting permissions to default platform handlers for user 0
04-15 16:13:25.990 535 535 W VoiceInteractionManager: no available voice interaction services found for user 0
04-15 16:13:25.991 535 811 D WifiConfigStore: Writing to stores completed in 19 ms.
04-15 16:13:25.994 535 535 W VoiceInteractionManager: no available voice recognition services found for user 0
04-15 16:13:26.008 0 0 I servicemanager: Found android.hardware.wifi.IWifi/default in device VINTF manifest.
04-15 16:13:26.006 535 811 I SupplicantStaIfaceHalAidlImpl: Clearing internal state
04-15 16:13:26.015 0 0 I servicemanager: Found android.hardware.wifi.supplicant.ISupplicant/default in device VINTF manifest.
04-15 16:13:26.016 0 0 I servicemanager: Found android.hardware.wifi.supplicant.ISupplicant/default in device VINTF manifest.
04-15 16:13:26.025 535 535 I SyncManager: No initial accounts
04-15 16:13:26.029 0 0 I servicemanager: Since 'android.hardware.wifi.supplicant.ISupplicant/default' could not be found, trying to start it as a lazy AIDL service. (if it's not configured to be a lazy service, it may be stuck starting or still starting).
04-15 16:13:26.039 0 0 I init : starting service 'wpa_supplicant'...
04-15 16:13:26.054 0 0 I init : Created socket '/dev/socket/wpa_wlan0', mode 660, user 1010, group 1010
04-15 16:13:26.076 535 535 W DefaultPermGrantPolicy: Permission not found: com.google.android.permission.INSTALL_WEARABLE_PACKAGES
04-15 16:13:26.077 535 535 W DefaultPermGrantPolicy: Permission not found: android.permission.WRITE_SYSTEM_SETTINGS
04-15 16:13:26.078 535 535 E DefaultPermGrantPolicy: Package not found:
04-15 16:13:26.105 0 0 I init : ... started service 'wpa_supplicant' has pid 879
04-15 16:13:26.106 0 0 I init : Control message: Processed ctl.interface_start for 'aidl/android.hardware.wifi.supplicant.ISupplicant/default' from pid: 131 (/system/bin/servicemanager)
04-15 16:13:26.103 535 535 W DefaultPermGrantPolicy: Permission not found: com.android.dialer.permission.DIALER_ORIGIN
04-15 16:13:26.103 535 535 W DefaultPermGrantPolicy: Permission not found: com.sec.android.provider.badge.permission.READ
04-15 16:13:26.103 535 535 W DefaultPermGrantPolicy: Permission not found: com.sec.android.provider.badge.permission.WRITE
04-15 16:13:26.103 535 535 W DefaultPermGrantPolicy: Permission not found: com.htc.launcher.permission.READ_SETTINGS
04-15 16:13:26.108 535 535 W DefaultPermGrantPolicy: Permission not found: com.htc.launcher.permission.UPDATE_SHORTCUT
04-15 16:13:26.108 535 535 W DefaultPermGrantPolicy: Permission not found: com.sonyericsson.home.permission.BROADCAST_BADGE
04-15 16:13:26.108 535 535 W DefaultPermGrantPolicy: Permission not found: com.sonymobile.home.permission.PROVIDER_INSERT_BADGE
04-15 16:13:26.108 535 535 W DefaultPermGrantPolicy: Permission not found: com.anddoes.launcher.permission.UPDATE_COUNT
04-15 16:13:26.109 535 535 W DefaultPermGrantPolicy: Permission not found: com.majeur.launcher.permission.UPDATE_BADGE
04-15 16:13:26.109 535 535 W DefaultPermGrantPolicy: Permission not found: com.huawei.android.launcher.permission.CHANGE_BADGE
04-15 16:13:26.109 535 535 W DefaultPermGrantPolicy: Permission not found: com.huawei.android.launcher.permission.READ_SETTINGS
04-15 16:13:26.109 535 535 W DefaultPermGrantPolicy: Permission not found: com.huawei.android.launcher.permission.WRITE_SETTINGS
04-15 16:13:26.109 535 535 W DefaultPermGrantPolicy: Permission not found: android.permission.READ_APP_BADGE
04-15 16:13:26.109 535 535 W DefaultPermGrantPolicy: Permission not found: com.oppo.launcher.permission.READ_SETTINGS
04-15 16:13:26.110 535 535 W DefaultPermGrantPolicy: Permission not found: com.oppo.launcher.permission.WRITE_SETTINGS
04-15 16:13:26.110 535 535 W DefaultPermGrantPolicy: Permission not found: com.cequint.ecid.CALLER_ID_LOOKUP
04-15 16:13:26.110 535 535 W DefaultPermGrantPolicy: Permission not found: com.motorola.incallui.permission.INCOMING_CALL_VISIBILITY_CHANGED
04-15 16:13:26.119 535 535 W DefaultPermGrantPolicy: Permission not found: com.google.android.googleapps.permission.GOOGLE_AUTH.mail
04-15 16:13:26.124 535 535 W DefaultPermGrantPolicy: Permission not found: com.google.android.googleapps.permission.GOOGLE_AUTH.cl
04-15 16:13:26.130 535 535 W DefaultPermGrantPolicy: Permission not found: com.google.android.setupwizard.SETUP_COMPAT_SERVICE
04-15 16:13:26.145 535 535 I DefaultPermGrantPolicy: Granting Notification permissions to platform signature apps for user 0
04-15 16:13:26.438 0 0 I capability: warning: `wpa_supplicant' uses 32-bit capabilities (legacy support in use)
04-15 16:13:26.488 879 879 I wpa_supplicant: Processing aidl events on FD 3
04-15 16:13:26.489 879 879 I wpa_supplicant: Starting AIDL supplicant
04-15 16:13:26.489 879 879 I wpa_supplicant: Interface version: 2
04-15 16:13:26.507 879 879 I wpa_supplicant: Successfully initialized wpa_supplicant
04-15 16:13:26.515 0 0 I servicemanager: Found android.hardware.wifi.supplicant.ISupplicant/default in device VINTF manifest.
04-15 16:13:26.515 535 811 I SupplicantStaIfaceHalAidlImpl: Obtained ISupplicant binder.
04-15 16:13:26.521 0 0 I BpBinder: onLastStrongRef automatically unlinking death recipients:
04-15 16:13:26.518 535 811 I SupplicantStaIfaceHalAidlImpl: Local Version: 2
04-15 16:13:26.543 879 879 I wpa_supplicant: rfkill: Cannot open RFKILL control device
04-15 16:13:26.632 879 879 I wpa_supplicant: Init sm=0x7d803b0e1d50
04-15 16:13:26.658 879 879 I wpa_supplicant: rfkill: Cannot get wiphy information
04-15 16:13:26.667 879 879 I wpa_supplicant: Init sm=0x7d803b0defd0
04-15 16:13:26.703 535 811 I SupplicantStaIfaceHalAidlImpl: Remote service version was cached
04-15 16:13:26.710 535 811 I SupplicantStaIfaceHalAidlImpl: Remote Version: 2
04-15 16:13:26.739 535 811 I SupplicantStaIfaceHalAidlImpl: Non-standard cert callback was registered
04-15 16:13:26.745 879 879 I wpa_supplicant: Iface already exists, return existing
04-15 16:13:26.793 0 0 I servicemanager: Found android.hardware.wifi.IWifi/default in device VINTF manifest.
04-15 16:13:26.802 535 811 I WifiNative: Supported features is updated in config store: 116391864461951001
04-15 16:13:26.804 535 811 E WifiChipAidlImpl: getUsableChannels failed with service-specific exception: android.os.ServiceSpecificException: (code 4)
04-15 16:13:26.841 535 811 I WifiNative: Successfully switched to connectivity mode on iface=Iface:{Name=wlan0,Id=0,Type=STA_CONNECTIVITY}
04-15 16:13:26.842 535 811 D WifiClientModeManager[169404:wlan0]: entering ConnectModeState, starting ClientModeImpl
04-15 16:13:26.899 535 811 D WifiNative: enableVerboseLogging false hal false
04-15 16:13:26.923 535 811 D WifiScoreReport: setShouldReduceNetworkScore=false mNetworkAgent is null? true
04-15 16:13:26.935 535 811 D WifiScanRequestProxy: Sending scan available broadcast: true
04-15 16:13:26.942 535 815 I WifiScanningService: Received a request to enable scanning, UID = 1000
04-15 16:13:26.943 535 811 I WifiScanRequestProxy: Scanning is enabled
04-15 16:13:26.943 535 811 I WifiScanRequestProxy: Scanning for hidden networks is enabled
04-15 16:13:26.968 535 815 E WifiStaIfaceAidlImpl: getBackgroundScanCapabilities failed with service-specific exception: android.os.ServiceSpecificException: (code 4)
04-15 16:13:27.019 535 811 E WifiChipAidlImpl: setMultiStaUseCase failed with service-specific exception: android.os.ServiceSpecificException: (code 4)
04-15 16:13:27.034 0 0 I servicemanager: Notifying apexservice they do (previously: don't) have clients when service is guaranteed to be in use
04-15 16:13:27.038 0 0 I AidlLazyServiceRegistrar: Process has 1 (of 1 available) client(s) in use after notification apexservice has clients: 1
04-15 16:13:27.038 0 0 I AidlLazyServiceRegistrar: Shutdown prevented by forcePersist override flag.
04-15 16:13:27.040 535 535 V StagingManagerTiming: restoreSessions took to complete: 48ms
04-15 16:13:27.045 0 0 I apexd : getSessions() received by ApexService
04-15 16:13:27.046 535 535 V SystemServerTiming: MakePackageManagerServiceReady took to complete: 1536ms
04-15 16:13:27.047 535 535 D SystemServerTiming: MakeDisplayManagerServiceReady
04-15 16:13:27.056 535 815 I WifiScanningService: Created a new impl for wlan0
04-15 16:13:27.058 535 815 I WifiScanningService: wifi driver loaded with scan capabilities: max buckets=16
04-15 16:13:27.069 535 811 E WifiChipAidlImpl: setMultiStaPrimaryConnection failed with service-specific exception: android.os.ServiceSpecificException: (code 4)
04-15 16:13:27.113 535 811 D WifiCountryCode: evaluateAllCmmStateAndApplyIfAllReady: {ConcreteClientModeManager{id=169404 iface=wlan0 role=ROLE_CLIENT_PRIMARY}=true}
04-15 16:13:27.133 535 560 E DisplayModeDirector: Asked about unknown display, returning empty display mode specs!(id=0)
04-15 16:13:27.134 535 560 E DisplayModeDirector: Asked about unknown display, returning empty display mode specs!(id=0)
04-15 16:13:27.141 535 811 D WifiCountryCode: Reading country code from telephony
04-15 16:13:27.143 535 811 D WifiCountryCode: Set telephony country code to:
04-15 16:13:27.166 535 811 D WifiCountryCode: updateCountryCode to null
04-15 16:13:27.167 535 811 D WakeupController: onWifiEnabled()
04-15 16:13:27.168 535 535 I BrightnessSynchronizer: Initial brightness readings: 102(int), 0.39763778(float)
04-15 16:13:27.186 535 811 I WifiActiveModeWarden: Supported STA bands is updated in config store: 1
04-15 16:13:27.194 535 811 D WifiClientModeImpl[170920:wlan0]: entering ConnectableState: ifaceName = wlan0
04-15 16:13:27.196 395 395 I RefreshRateSelector: Display 4619827259835644672 policy changed
04-15 16:13:27.196 395 395 I RefreshRateSelector: Previous: {defaultModeId=0, allowGroupSwitching=false, primaryRanges={physical=[0.00 Hz, 340282346638528859811704183484516925440.00 Hz], render=[0.00 Hz, 340282346638528859811704183484516925440.00 Hz]}, appRequestRanges={physical=[0.00 Hz, 340282346638528859811704183484516925440.00 Hz], render=[0.00 Hz, 340282346638528859811704183484516925440.00 Hz]}}
04-15 16:13:27.196 395 395 I RefreshRateSelector: Current: DisplayManagerPolicy{defaultModeId=0, allowGroupSwitching=false, primaryRanges={physical=[0.00 Hz, inf Hz], render=[0.00 Hz, 60.00 Hz]}, appRequestRanges={physical=[0.00 Hz, inf Hz], render=[0.00 Hz, inf Hz]}}
04-15 16:13:27.196 395 395 I RefreshRateSelector: 0 mode changes were performed under the previous policy
04-15 16:13:27.226 535 535 V SystemServerTiming: MakeDisplayManagerServiceReady took to complete: 174ms
04-15 16:13:27.227 535 535 D SystemServerTiming: StartDeviceSpecificServices
04-15 16:13:27.227 535 535 V SystemServerTiming: StartDeviceSpecificServices took to complete: 0ms
04-15 16:13:27.227 535 535 D SystemServerTiming: GameManagerService
04-15 16:13:27.227 535 535 I SystemServiceManager: Starting com.android.server.app.GameManagerService$Lifecycle
04-15 16:13:27.234 535 535 W FileUtils: Failed to chmod(/data/system/game_mode_intervention.list): android.system.ErrnoException: chmod failed: ENOENT (No such file or directory)
04-15 16:13:27.235 535 535 V HistoricalRegistry: Interaction before persistence initialized
04-15 16:13:27.251 535 535 V SystemServerTiming: GameManagerService took to complete: 24ms
04-15 16:13:27.251 535 535 D SystemServerTiming: StartBootPhaseDeviceSpecificServicesReady
04-15 16:13:27.257 535 535 I SystemServiceManager: Starting phase 520
04-15 16:13:27.257 535 535 D SystemServerTiming: OnBootPhase_520
04-15 16:13:27.257 535 535 D SystemServerTiming: OnBootPhase_520_com.android.server.security.FileIntegrityService
04-15 16:13:27.257 535 535 V SystemServerTiming: OnBootPhase_520_com.android.server.security.FileIntegrityService took to complete: 1ms
04-15 16:13:27.261 535 535 D SystemServerTiming: OnBootPhase_520_com.android.server.pm.Installer
04-15 16:13:27.261 535 535 V SystemServerTiming: OnBootPhase_520_com.android.server.pm.Installer took to complete: 0ms
04-15 16:13:27.261 535 535 D SystemServerTiming: OnBootPhase_520_com.android.server.os.DeviceIdentifiersPolicyService
04-15 16:13:27.261 535 535 V SystemServerTiming: OnBootPhase_520_com.android.server.os.DeviceIdentifiersPolicyService took to complete: 0ms
04-15 16:13:27.261 535 535 D SystemServerTiming: OnBootPhase_520_com.android.server.uri.UriGrantsManagerService$Lifecycle
04-15 16:13:27.261 535 535 V SystemServerTiming: OnBootPhase_520_com.android.server.uri.UriGrantsManagerService$Lifecycle took to complete: 0ms
04-15 16:13:27.261 535 535 D SystemServerTiming: OnBootPhase_520_com.android.server.powerstats.PowerStatsService
04-15 16:13:27.261 535 535 V SystemServerTiming: OnBootPhase_520_com.android.server.powerstats.PowerStatsService took to complete: 0ms
04-15 16:13:27.261 535 535 D SystemServerTiming: OnBootPhase_520_com.android.server.permission.access.AccessCheckingService
04-15 16:13:27.261 535 535 V SystemServerTiming: OnBootPhase_520_com.android.server.permission.access.AccessCheckingService took to complete: 0ms
04-15 16:13:27.261 535 535 D SystemServerTiming: OnBootPhase_520_com.android.server.wm.ActivityTaskManagerService$Lifecycle
04-15 16:13:27.261 535 535 V SystemServerTiming: OnBootPhase_520_com.android.server.wm.ActivityTaskManagerService$Lifecycle took to complete: 0ms
04-15 16:13:27.262 535 535 D SystemServerTiming: OnBootPhase_520_com.android.server.am.ActivityManagerService$Lifecycle
04-15 16:13:27.262 535 535 V SystemServerTiming: OnBootPhase_520_com.android.server.am.ActivityManagerService$Lifecycle took to complete: 0ms
04-15 16:13:27.262 535 535 D SystemServerTiming: OnBootPhase_520_com.android.server.pm.DataLoaderManagerService
04-15 16:13:27.262 535 535 V SystemServerTiming: OnBootPhase_520_com.android.server.pm.DataLoaderManagerService took to complete: 0ms
04-15 16:13:27.262 535 535 D SystemServerTiming: OnBootPhase_520_com.android.server.power.PowerManagerService
04-15 16:13:27.262 535 535 V SystemServerTiming: OnBootPhase_520_com.android.server.power.PowerManagerService took to complete: 0ms
04-15 16:13:27.262 535 535 D SystemServerTiming: OnBootPhase_520_com.android.server.power.ThermalManagerService
04-15 16:13:27.262 535 535 V SystemServerTiming: OnBootPhase_520_com.android.server.power.ThermalManagerService took to complete: 0ms
04-15 16:13:27.262 535 535 D SystemServerTiming: OnBootPhase_520_com.android.server.power.hint.HintManagerService
04-15 16:13:27.262 535 535 V SystemServerTiming: OnBootPhase_520_com.android.server.power.hint.HintManagerService took to complete: 0ms
04-15 16:13:27.262 535 535 D SystemServerTiming: OnBootPhase_520_com.android.server.recoverysystem.RecoverySystemService$Lifecycle
04-15 16:13:27.262 535 535 V SystemServerTiming: OnBootPhase_520_com.android.server.recoverysystem.RecoverySystemService$Lifecycle took to complete: 0ms
04-15 16:13:27.262 535 535 D SystemServerTiming: OnBootPhase_520_com.android.server.lights.LightsService
04-15 16:13:27.263 535 535 V SystemServerTiming: OnBootPhase_520_com.android.server.lights.LightsService took to complete: 0ms
04-15 16:13:27.263 535 535 D SystemServerTiming: OnBootPhase_520_com.android.server.display.DisplayManagerService
04-15 16:13:27.263 535 535 V SystemServerTiming: OnBootPhase_520_com.android.server.display.DisplayManagerService took to complete: 0ms
04-15 16:13:27.263 535 535 D SystemServerTiming: OnBootPhase_520_com.android.server.pm.verify.domain.DomainVerificationService
04-15 16:13:27.263 535 535 V SystemServerTiming: OnBootPhase_520_com.android.server.pm.verify.domain.DomainVerificationService took to complete: 0ms
04-15 16:13:27.263 535 535 D SystemServerTiming: OnBootPhase_520_com.android.server.pm.PackageInstallerService$Lifecycle
04-15 16:13:27.263 535 535 V SystemServerTiming: OnBootPhase_520_com.android.server.pm.PackageInstallerService$Lifecycle took to complete: 0ms
04-15 16:13:27.263 535 535 D SystemServerTiming: OnBootPhase_520_com.android.server.pm.UserManagerService$LifeCycle
04-15 16:13:27.263 535 535 V SystemServerTiming: OnBootPhase_520_com.android.server.pm.UserManagerService$LifeCycle took to complete: 0ms
04-15 16:13:27.263 535 535 D SystemServerTiming: OnBootPhase_520_com.android.server.om.OverlayManagerService
04-15 16:13:27.263 535 535 V SystemServerTiming: OnBootPhase_520_com.android.server.om.OverlayManagerService took to complete: 0ms
04-15 16:13:27.263 535 535 D SystemServerTiming: OnBootPhase_520_com.android.server.resources.ResourcesManagerService
04-15 16:13:27.264 535 535 V SystemServerTiming: OnBootPhase_520_com.android.server.resources.ResourcesManagerService took to complete: 0ms
04-15 16:13:27.268 535 535 D SystemServerTiming: OnBootPhase_520_com.android.server.sensorprivacy.SensorPrivacyService
04-15 16:13:27.268 535 535 V SystemServerTiming: OnBootPhase_520_com.android.server.sensorprivacy.SensorPrivacyService took to complete: 0ms
04-15 16:13:27.268 535 535 D SystemServerTiming: OnBootPhase_520_com.android.server.sensors.SensorService
04-15 16:13:27.268 535 535 V SystemServerTiming: OnBootPhase_520_com.android.server.sensors.SensorService took to complete: 0ms
04-15 16:13:27.268 535 535 D SystemServerTiming: OnBootPhase_520_com.android.server.SystemConfigService
04-15 16:13:27.268 535 535 V SystemServerTiming: OnBootPhase_520_com.android.server.SystemConfigService took to complete: 0ms
04-15 16:13:27.268 535 535 D SystemServerTiming: OnBootPhase_520_com.android.server.BatteryService
04-15 16:13:27.268 535 535 V SystemServerTiming: OnBootPhase_520_com.android.server.BatteryService took to complete: 0ms
04-15 16:13:27.268 535 535 D SystemServerTiming: OnBootPhase_520_com.android.server.usage.UsageStatsService
04-15 16:13:27.269 535 535 V SystemServerTiming: OnBootPhase_520_com.android.server.usage.UsageStatsService took to complete: 0ms
04-15 16:13:27.269 535 535 D SystemServerTiming: OnBootPhase_520_com.android.server.webkit.WebViewUpdateService
04-15 16:13:27.269 535 535 V SystemServerTiming: OnBootPhase_520_com.android.server.webkit.WebViewUpdateService took to complete: 0ms
04-15 16:13:27.269 535 535 D SystemServerTiming: OnBootPhase_520_com.android.server.CachedDeviceStateService
04-15 16:13:27.269 535 535 V SystemServerTiming: OnBootPhase_520_com.android.server.CachedDeviceStateService took to complete: 0ms
04-15 16:13:27.269 535 535 D SystemServerTiming: OnBootPhase_520_com.android.server.BinderCallsStatsService$LifeCycle
04-15 16:13:27.269 535 535 V SystemServerTiming: OnBootPhase_520_com.android.server.BinderCallsStatsService$LifeCycle took to complete: 0ms
04-15 16:13:27.269 535 535 D SystemServerTiming: OnBootPhase_520_com.android.server.LooperStatsService$Lifecycle
04-15 16:13:27.269 535 535 V SystemServerTiming: OnBootPhase_520_com.android.server.LooperStatsService$Lifecycle took to complete: 0ms
04-15 16:13:27.269 535 535 D SystemServerTiming: OnBootPhase_520_com.android.server.rollback.RollbackManagerService
04-15 16:13:27.269 535 535 V SystemServerTiming: OnBootPhase_520_com.android.server.rollback.RollbackManagerService took to complete: 0ms
04-15 16:13:27.270 535 535 D SystemServerTiming: OnBootPhase_520_com.android.server.os.NativeTombstoneManagerService
04-15 16:13:27.270 535 535 V SystemServerTiming: OnBootPhase_520_com.android.server.os.NativeTombstoneManagerService took to complete: 0ms
04-15 16:13:27.270 535 535 D SystemServerTiming: OnBootPhase_520_com.android.server.os.BugreportManagerService
04-15 16:13:27.270 535 535 V SystemServerTiming: OnBootPhase_520_com.android.server.os.BugreportManagerService took to complete: 0ms
04-15 16:13:27.270 535 535 D SystemServerTiming: OnBootPhase_520_com.android.server.gpu.GpuService
04-15 16:13:27.270 535 535 V SystemServerTiming: OnBootPhase_520_com.android.server.gpu.GpuService took to complete: 0ms
04-15 16:13:27.270 535 535 D SystemServerTiming: OnBootPhase_520_com.android.server.security.rkp.RemoteProvisioningService
04-15 16:13:27.270 535 535 V SystemServerTiming: OnBootPhase_520_com.android.server.security.rkp.RemoteProvisioningService took to complete: 0ms
04-15 16:13:27.270 535 535 D SystemServerTiming: OnBootPhase_520_com.android.server.cpu.CpuMonitorService
04-15 16:13:27.270 535 535 V SystemServerTiming: OnBootPhase_520_com.android.server.cpu.CpuMonitorService took to complete: 0ms
04-15 16:13:27.270 535 535 D SystemServerTiming: OnBootPhase_520_com.android.server.security.KeyChainSystemService
04-15 16:13:27.270 535 535 V SystemServerTiming: OnBootPhase_520_com.android.server.security.KeyChainSystemService took to complete: 0ms
04-15 16:13:27.270 535 535 D SystemServerTiming: OnBootPhase_520_com.android.server.BinaryTransparencyService
04-15 16:13:27.270 535 535 V SystemServerTiming: OnBootPhase_520_com.android.server.BinaryTransparencyService took to complete: 0ms
04-15 16:13:27.271 535 535 D SystemServerTiming: OnBootPhase_520_com.android.server.telecom.TelecomLoaderService
04-15 16:13:27.271 535 535 V SystemServerTiming: OnBootPhase_520_com.android.server.telecom.TelecomLoaderService took to complete: 0ms
04-15 16:13:27.271 535 535 D SystemServerTiming: OnBootPhase_520_com.android.server.accounts.AccountManagerService$Lifecycle
04-15 16:13:27.271 535 535 V SystemServerTiming: OnBootPhase_520_com.android.server.accounts.AccountManagerService$Lifecycle took to complete: 0ms
04-15 16:13:27.271 535 535 D SystemServerTiming: OnBootPhase_520_com.android.server.content.ContentService$Lifecycle
04-15 16:13:27.271 535 535 V SystemServerTiming: OnBootPhase_520_com.android.server.content.ContentService$Lifecycle took to complete: 0ms
04-15 16:13:27.271 535 535 D SystemServerTiming: OnBootPhase_520_com.android.server.deviceconfig.DeviceConfigInit$Lifecycle
04-15 16:13:27.271 535 535 V SystemServerTiming: OnBootPhase_520_com.android.server.deviceconfig.DeviceConfigInit$Lifecycle took to complete: 0ms
04-15 16:13:27.271 535 535 D SystemServerTiming: OnBootPhase_520_com.android.server.DropBoxManagerService
04-15 16:13:27.271 535 535 V SystemServerTiming: OnBootPhase_520_com.android.server.DropBoxManagerService took to complete: 0ms
04-15 16:13:27.271 535 535 D SystemServerTiming: OnBootPhase_520_com.android.role.RoleService
04-15 16:13:27.271 535 535 V SystemServerTiming: OnBootPhase_520_com.android.role.RoleService took to complete: 0ms
04-15 16:13:27.272 535 535 D SystemServerTiming: OnBootPhase_520_com.android.server.vibrator.VibratorManagerService$Lifecycle
04-15 16:13:27.284 535 535 V SystemServerTiming: OnBootPhase_520_com.android.server.vibrator.VibratorManagerService$Lifecycle took to complete: 0ms
04-15 16:13:27.284 535 535 D SystemServerTiming: OnBootPhase_520_com.android.server.tare.InternalResourceService
04-15 16:13:27.284 535 535 V SystemServerTiming: OnBootPhase_520_com.android.server.tare.InternalResourceService took to complete: 0ms
04-15 16:13:27.284 535 535 D SystemServerTiming: OnBootPhase_520_com.android.server.alarm.AlarmManagerService
04-15 16:13:27.284 535 535 V SystemServerTiming: OnBootPhase_520_com.android.server.alarm.AlarmManagerService took to complete: 0ms
04-15 16:13:27.284 535 535 D SystemServerTiming: OnBootPhase_520_com.android.server.devicestate.DeviceStateManagerService
04-15 16:13:27.284 535 535 V SystemServerTiming: OnBootPhase_520_com.android.server.devicestate.DeviceStateManagerService took to complete: 0ms
04-15 16:13:27.285 535 535 D SystemServerTiming: OnBootPhase_520_com.android.server.camera.CameraServiceProxy
04-15 16:13:27.285 535 535 V SystemServerTiming: OnBootPhase_520_com.android.server.camera.CameraServiceProxy took to complete: 0ms
04-15 16:13:27.285 535 535 D SystemServerTiming: OnBootPhase_520_com.android.server.bluetooth.BluetoothService
04-15 16:13:27.285 535 535 V SystemServerTiming: OnBootPhase_520_com.android.server.bluetooth.BluetoothService took to complete: 0ms
04-15 16:13:27.285 535 535 D SystemServerTiming: OnBootPhase_520_com.android.server.connectivity.IpConnectivityMetrics
04-15 16:13:27.285 535 535 V SystemServerTiming: OnBootPhase_520_com.android.server.connectivity.IpConnectivityMetrics took to complete: 0ms
04-15 16:13:27.285 535 535 D SystemServerTiming: OnBootPhase_520_com.android.server.net.watchlist.NetworkWatchlistService$Lifecycle
04-15 16:13:27.285 535 535 V SystemServerTiming: OnBootPhase_520_com.android.server.net.watchlist.NetworkWatchlistService$Lifecycle took to complete: 0ms
04-15 16:13:27.285 535 535 D SystemServerTiming: OnBootPhase_520_com.android.server.PinnerService
04-15 16:13:27.285 535 535 V SystemServerTiming: OnBootPhase_520_com.android.server.PinnerService took to complete: 0ms
04-15 16:13:27.285 535 535 D SystemServerTiming: OnBootPhase_520_com.android.server.integrity.AppIntegrityManagerService
04-15 16:13:27.285 535 535 V SystemServerTiming: OnBootPhase_520_com.android.server.integrity.AppIntegrityManagerService took to complete: 0ms
04-15 16:13:27.285 535 535 D SystemServerTiming: OnBootPhase_520_com.android.server.logcat.LogcatManagerService
04-15 16:13:27.286 535 535 V SystemServerTiming: OnBootPhase_520_com.android.server.logcat.LogcatManagerService took to complete: 0ms
04-15 16:13:27.286 535 535 D SystemServerTiming: OnBootPhase_520_com.android.server.inputmethod.InputMethodManagerService$Lifecycle
04-15 16:13:27.286 535 535 V SystemServerTiming: OnBootPhase_520_com.android.server.inputmethod.InputMethodManagerService$Lifecycle took to complete: 0ms
04-15 16:13:27.286 535 535 D SystemServerTiming: OnBootPhase_520_com.android.server.accessibility.AccessibilityManagerService$Lifecycle
04-15 16:13:27.286 535 535 V SystemServerTiming: OnBootPhase_520_com.android.server.accessibility.AccessibilityManagerService$Lifecycle took to complete: 0ms
04-15 16:13:27.286 535 535 D SystemServerTiming: OnBootPhase_520_com.android.server.StorageManagerService$Lifecycle
04-15 16:13:27.286 535 535 V SystemServerTiming: OnBootPhase_520_com.android.server.StorageManagerService$Lifecycle took to complete: 0ms
04-15 16:13:27.286 535 535 D SystemServerTiming: OnBootPhase_520_com.android.server.usage.StorageStatsService$Lifecycle
04-15 16:13:27.286 535 535 V SystemServerTiming: OnBootPhase_520_com.android.server.usage.StorageStatsService$Lifecycle took to complete: 0ms
04-15 16:13:27.286 535 535 D SystemServerTiming: OnBootPhase_520_com.android.server.UiModeManagerService
04-15 16:13:27.286 535 535 V SystemServerTiming: OnBootPhase_520_com.android.server.UiModeManagerService took to complete: 0ms
04-15 16:13:27.286 535 535 D SystemServerTiming: OnBootPhase_520_com.android.server.locales.LocaleManagerService
04-15 16:13:27.286 535 535 V SystemServerTiming: OnBootPhase_520_com.android.server.locales.LocaleManagerService took to complete: 0ms
04-15 16:13:27.287 535 535 D SystemServerTiming: OnBootPhase_520_com.android.server.grammaticalinflection.GrammaticalInflectionService
04-15 16:13:27.287 535 535 V SystemServerTiming: OnBootPhase_520_com.android.server.grammaticalinflection.GrammaticalInflectionService took to complete: 0ms
04-15 16:13:27.287 535 535 D SystemServerTiming: OnBootPhase_520_com.android.server.apphibernation.AppHibernationService
04-15 16:13:27.287 535 535 V SystemServerTiming: OnBootPhase_520_com.android.server.apphibernation.AppHibernationService took to complete: 0ms
04-15 16:13:27.287 535 535 D SystemServerTiming: OnBootPhase_520_com.android.server.locksettings.LockSettingsService$Lifecycle
04-15 16:13:27.287 535 535 V SystemServerTiming: OnBootPhase_520_com.android.server.locksettings.LockSettingsService$Lifecycle took to complete: 0ms
04-15 16:13:27.287 535 535 D SystemServerTiming: OnBootPhase_520_com.android.server.testharness.TestHarnessModeService
04-15 16:13:27.287 535 535 V SystemServerTiming: OnBootPhase_520_com.android.server.testharness.TestHarnessModeService took to complete: 0ms
04-15 16:13:27.287 535 535 D SystemServerTiming: OnBootPhase_520_com.android.server.DeviceIdleController
04-15 16:13:27.287 535 535 V SystemServerTiming: OnBootPhase_520_com.android.server.DeviceIdleController took to complete: 0ms
04-15 16:13:27.287 535 535 D SystemServerTiming: OnBootPhase_520_com.android.server.devicepolicy.DevicePolicyManagerService$Lifecycle
04-15 16:13:27.287 535 535 V SystemServerTiming: OnBootPhase_520_com.android.server.devicepolicy.DevicePolicyManagerService$Lifecycle took to complete: 0ms
04-15 16:13:27.288 535 535 D SystemServerTiming: OnBootPhase_520_com.android.server.texttospeech.TextToSpeechManagerService
04-15 16:13:27.300 535 535 V SystemServerTiming: OnBootPhase_520_com.android.server.texttospeech.TextToSpeechManagerService took to complete: 0ms
04-15 16:13:27.300 535 535 D SystemServerTiming: OnBootPhase_520_com.android.server.ambientcontext.AmbientContextManagerService
04-15 16:13:27.300 535 535 V SystemServerTiming: OnBootPhase_520_com.android.server.ambientcontext.AmbientContextManagerService took to complete: 0ms
04-15 16:13:27.300 535 535 D SystemServerTiming: OnBootPhase_520_com.android.server.wearable.WearableSensingManagerService
04-15 16:13:27.300 535 535 V SystemServerTiming: OnBootPhase_520_com.android.server.wearable.WearableSensingManagerService took to complete: 0ms
04-15 16:13:27.300 535 535 D SystemServerTiming: OnBootPhase_520_com.android.server.speech.SpeechRecognitionManagerService
04-15 16:13:27.300 535 535 V SystemServerTiming: OnBootPhase_520_com.android.server.speech.SpeechRecognitionManagerService took to complete: 0ms
04-15 16:13:27.300 535 535 D SystemServerTiming: OnBootPhase_520_com.android.server.searchui.SearchUiManagerService
04-15 16:13:27.301 535 535 V SystemServerTiming: OnBootPhase_520_com.android.server.searchui.SearchUiManagerService took to complete: 0ms
04-15 16:13:27.301 535 535 D SystemServerTiming: OnBootPhase_520_com.android.server.smartspace.SmartspaceManagerService
04-15 16:13:27.301 535 535 V SystemServerTiming: OnBootPhase_520_com.android.server.smartspace.SmartspaceManagerService took to complete: 0ms
04-15 16:13:27.301 535 535 D SystemServerTiming: OnBootPhase_520_com.android.server.graphics.fonts.FontManagerService$Lifecycle
04-15 16:13:27.301 535 535 V SystemServerTiming: OnBootPhase_520_com.android.server.graphics.fonts.FontManagerService$Lifecycle took to complete: 0ms
04-15 16:13:27.301 535 535 D SystemServerTiming: OnBootPhase_520_com.android.server.textservices.TextServicesManagerService$Lifecycle
04-15 16:13:27.301 535 535 V SystemServerTiming: OnBootPhase_520_com.android.server.textservices.TextServicesManagerService$Lifecycle took to complete: 0ms
04-15 16:13:27.301 535 535 D SystemServerTiming: OnBootPhase_520_com.android.server.textclassifier.TextClassificationManagerService$Lifecycle
04-15 16:13:27.301 535 535 V SystemServerTiming: OnBootPhase_520_com.android.server.textclassifier.TextClassificationManagerService$Lifecycle took to complete: 0ms
04-15 16:13:27.301 535 535 D SystemServerTiming: OnBootPhase_520_com.android.server.NetworkScoreService$Lifecycle
04-15 16:13:27.301 535 535 V SystemServerTiming: OnBootPhase_520_com.android.server.NetworkScoreService$Lifecycle took to complete: 0ms
04-15 16:13:27.301 535 535 D SystemServerTiming: OnBootPhase_520_com.android.server.NetworkStatsServiceInitializer
04-15 16:13:27.301 535 535 V SystemServerTiming: OnBootPhase_520_com.android.server.NetworkStatsServiceInitializer took to complete: 0ms
04-15 16:13:27.302 535 535 D SystemServerTiming: OnBootPhase_520_com.android.server.wifi.WifiService
04-15 16:13:27.302 535 535 V SystemServerTiming: OnBootPhase_520_com.android.server.wifi.WifiService took to complete: 0ms
04-15 16:13:27.302 535 535 D SystemServerTiming: OnBootPhase_520_com.android.server.wifi.scanner.WifiScanningService
04-15 16:13:27.302 535 535 V SystemServerTiming: OnBootPhase_520_com.android.server.wifi.scanner.WifiScanningService took to complete: 0ms
04-15 16:13:27.302 535 535 D SystemServerTiming: OnBootPhase_520_com.android.server.wifi.p2p.WifiP2pService
