04-15 16:13:44.253 535 535 D SystemServerTiming: OnBootPhase_600
04-15 16:13:44.254 535 535 D SystemServerTiming: OnBootPhase_600_com.android.server.security.FileIntegrityService
04-15 16:13:44.254 535 535 V SystemServerTiming: OnBootPhase_600_com.android.server.security.FileIntegrityService took to complete: 0ms
04-15 16:13:44.254 535 535 D SystemServerTiming: OnBootPhase_600_com.android.server.pm.Installer
04-15 16:13:44.255 535 535 V SystemServerTiming: OnBootPhase_600_com.android.server.pm.Installer took to complete: 0ms
04-15 16:13:44.258 535 535 D SystemServerTiming: OnBootPhase_600_com.android.server.os.DeviceIdentifiersPolicyService
04-15 16:13:44.258 535 535 V SystemServerTiming: OnBootPhase_600_com.android.server.os.DeviceIdentifiersPolicyService took to complete: 0ms
04-15 16:13:44.259 535 535 D SystemServerTiming: OnBootPhase_600_com.android.server.uri.UriGrantsManagerService$Lifecycle
04-15 16:13:44.259 535 535 V SystemServerTiming: OnBootPhase_600_com.android.server.uri.UriGrantsManagerService$Lifecycle took to complete: 0ms
04-15 16:13:44.264 535 535 D SystemServerTiming: OnBootPhase_600_com.android.server.powerstats.PowerStatsService
04-15 16:13:44.264 535 535 V SystemServerTiming: OnBootPhase_600_com.android.server.powerstats.PowerStatsService took to complete: 0ms
04-15 16:13:44.264 535 535 D SystemServerTiming: OnBootPhase_600_com.android.server.permission.access.AccessCheckingService
04-15 16:13:44.265 535 535 V SystemServerTiming: OnBootPhase_600_com.android.server.permission.access.AccessCheckingService took to complete: 0ms
04-15 16:13:44.268 535 535 D SystemServerTiming: OnBootPhase_600_com.android.server.wm.ActivityTaskManagerService$Lifecycle
04-15 16:13:44.269 535 535 V SystemServerTiming: OnBootPhase_600_com.android.server.wm.ActivityTaskManagerService$Lifecycle took to complete: 0ms
04-15 16:13:44.269 535 535 D SystemServerTiming: OnBootPhase_600_com.android.server.am.ActivityManagerService$Lifecycle
04-15 16:13:44.297 535 535 I ExplicitHealthCheckController: Explicit health checks enabled.
04-15 16:13:44.297 535 535 I PackageWatchdog: Syncing state, reason: health check state enabled
04-15 16:13:44.298 535 535 I PackageWatchdog: Not pruning observers, elapsed time: 0ms
04-15 16:13:44.298 535 535 I PackageWatchdog: Cancelling state sync, nothing to sync
04-15 16:13:44.299 535 535 V SystemServerTiming: OnBootPhase_600_com.android.server.am.ActivityManagerService$Lifecycle took to complete: 30ms
04-15 16:13:44.299 535 535 D SystemServerTiming: OnBootPhase_600_com.android.server.pm.DataLoaderManagerService
04-15 16:13:44.301 535 535 V SystemServerTiming: OnBootPhase_600_com.android.server.pm.DataLoaderManagerService took to complete: 0ms
04-15 16:13:44.301 535 535 D SystemServerTiming: OnBootPhase_600_com.android.server.power.PowerManagerService
04-15 16:13:44.304 535 968 D BufferPoolAccessor2.0: bufferpool2 0x78a4def551a8 : 0(0 size) total buffers - 0(0 size) used buffers - 2/7 (recycle/alloc) - 5/34 (fetch/transfer)
04-15 16:13:44.305 535 968 D BufferPoolAccessor2.0: evictor expired: 1, evicted: 1
04-15 16:13:44.306 535 566 I PackageWatchdog: Saving observer state to file
04-15 16:13:44.309 535 535 V SystemServerTiming: OnBootPhase_600_com.android.server.power.PowerManagerService took to complete: 7ms
04-15 16:13:44.310 535 535 D SystemServerTiming: OnBootPhase_600_com.android.server.power.ThermalManagerService
04-15 16:13:44.310 535 535 V SystemServerTiming: OnBootPhase_600_com.android.server.power.ThermalManagerService took to complete: 0ms
04-15 16:13:44.310 535 535 D SystemServerTiming: OnBootPhase_600_com.android.server.power.hint.HintManagerService
04-15 16:13:44.310 535 535 V SystemServerTiming: OnBootPhase_600_com.android.server.power.hint.HintManagerService took to complete: 0ms
04-15 16:13:44.311 535 535 D SystemServerTiming: OnBootPhase_600_com.android.server.recoverysystem.RecoverySystemService$Lifecycle
04-15 16:13:44.311 535 535 V SystemServerTiming: OnBootPhase_600_com.android.server.recoverysystem.RecoverySystemService$Lifecycle took to complete: 0ms
04-15 16:13:44.311 535 535 D SystemServerTiming: OnBootPhase_600_com.android.server.lights.LightsService
04-15 16:13:44.311 535 535 V SystemServerTiming: OnBootPhase_600_com.android.server.lights.LightsService took to complete: 0ms
04-15 16:13:44.316 535 535 D SystemServerTiming: OnBootPhase_600_com.android.server.display.DisplayManagerService
04-15 16:13:44.316 535 535 V SystemServerTiming: OnBootPhase_600_com.android.server.display.DisplayManagerService took to complete: 0ms
04-15 16:13:44.316 535 535 D SystemServerTiming: OnBootPhase_600_com.android.server.pm.verify.domain.DomainVerificationService
04-15 16:13:44.316 535 535 V SystemServerTiming: OnBootPhase_600_com.android.server.pm.verify.domain.DomainVerificationService took to complete: 0ms
04-15 16:13:44.316 535 535 D SystemServerTiming: OnBootPhase_600_com.android.server.pm.PackageInstallerService$Lifecycle
04-15 16:13:44.316 535 535 V SystemServerTiming: OnBootPhase_600_com.android.server.pm.PackageInstallerService$Lifecycle took to complete: 0ms
04-15 16:13:44.316 535 535 D SystemServerTiming: OnBootPhase_600_com.android.server.pm.UserManagerService$LifeCycle
04-15 16:13:44.316 535 535 V SystemServerTiming: OnBootPhase_600_com.android.server.pm.UserManagerService$LifeCycle took to complete: 0ms
04-15 16:13:44.317 535 535 D SystemServerTiming: OnBootPhase_600_com.android.server.om.OverlayManagerService
04-15 16:13:44.317 535 535 V SystemServerTiming: OnBootPhase_600_com.android.server.om.OverlayManagerService took to complete: 0ms
04-15 16:13:44.317 535 535 D SystemServerTiming: OnBootPhase_600_com.android.server.resources.ResourcesManagerService
04-15 16:13:44.317 535 535 V SystemServerTiming: OnBootPhase_600_com.android.server.resources.ResourcesManagerService took to complete: 0ms
04-15 16:13:44.317 535 535 D SystemServerTiming: OnBootPhase_600_com.android.server.sensorprivacy.SensorPrivacyService
04-15 16:13:44.317 535 535 V SystemServerTiming: OnBootPhase_600_com.android.server.sensorprivacy.SensorPrivacyService took to complete: 0ms
04-15 16:13:44.317 535 535 D SystemServerTiming: OnBootPhase_600_com.android.server.sensors.SensorService
04-15 16:13:44.317 535 535 V SystemServerTiming: OnBootPhase_600_com.android.server.sensors.SensorService took to complete: 0ms
04-15 16:13:44.317 535 535 D SystemServerTiming: OnBootPhase_600_com.android.server.SystemConfigService
04-15 16:13:44.317 535 535 V SystemServerTiming: OnBootPhase_600_com.android.server.SystemConfigService took to complete: 0ms
04-15 16:13:44.317 535 535 D SystemServerTiming: OnBootPhase_600_com.android.server.BatteryService
04-15 16:13:44.317 535 535 V SystemServerTiming: OnBootPhase_600_com.android.server.BatteryService took to complete: 0ms
04-15 16:13:44.317 535 535 D SystemServerTiming: OnBootPhase_600_com.android.server.usage.UsageStatsService
04-15 16:13:44.318 535 535 V SystemServerTiming: OnBootPhase_600_com.android.server.usage.UsageStatsService took to complete: 0ms
04-15 16:13:44.318 535 535 D SystemServerTiming: OnBootPhase_600_com.android.server.webkit.WebViewUpdateService
04-15 16:13:44.318 535 535 V SystemServerTiming: OnBootPhase_600_com.android.server.webkit.WebViewUpdateService took to complete: 0ms
04-15 16:13:44.318 535 535 D SystemServerTiming: OnBootPhase_600_com.android.server.CachedDeviceStateService
04-15 16:13:44.318 535 535 V SystemServerTiming: OnBootPhase_600_com.android.server.CachedDeviceStateService took to complete: 0ms
04-15 16:13:44.318 535 535 D SystemServerTiming: OnBootPhase_600_com.android.server.BinderCallsStatsService$LifeCycle
04-15 16:13:44.318 535 535 V SystemServerTiming: OnBootPhase_600_com.android.server.BinderCallsStatsService$LifeCycle took to complete: 0ms
04-15 16:13:44.318 535 535 D SystemServerTiming: OnBootPhase_600_com.android.server.LooperStatsService$Lifecycle
04-15 16:13:44.318 535 535 V SystemServerTiming: OnBootPhase_600_com.android.server.LooperStatsService$Lifecycle took to complete: 0ms
04-15 16:13:44.318 535 535 D SystemServerTiming: OnBootPhase_600_com.android.server.rollback.RollbackManagerService
04-15 16:13:44.318 535 535 V SystemServerTiming: OnBootPhase_600_com.android.server.rollback.RollbackManagerService took to complete: 0ms
04-15 16:13:44.318 535 535 D SystemServerTiming: OnBootPhase_600_com.android.server.os.NativeTombstoneManagerService
04-15 16:13:44.318 535 535 V SystemServerTiming: OnBootPhase_600_com.android.server.os.NativeTombstoneManagerService took to complete: 0ms
04-15 16:13:44.319 535 535 D SystemServerTiming: OnBootPhase_600_com.android.server.os.BugreportManagerService
04-15 16:13:44.319 535 535 V SystemServerTiming: OnBootPhase_600_com.android.server.os.BugreportManagerService took to complete: 0ms
04-15 16:13:44.319 535 535 D SystemServerTiming: OnBootPhase_600_com.android.server.gpu.GpuService
04-15 16:13:44.319 535 535 V SystemServerTiming: OnBootPhase_600_com.android.server.gpu.GpuService took to complete: 0ms
04-15 16:13:44.319 535 535 D SystemServerTiming: OnBootPhase_600_com.android.server.security.rkp.RemoteProvisioningService
04-15 16:13:44.319 535 535 V SystemServerTiming: OnBootPhase_600_com.android.server.security.rkp.RemoteProvisioningService took to complete: 0ms
04-15 16:13:44.319 535 535 D SystemServerTiming: OnBootPhase_600_com.android.server.cpu.CpuMonitorService
04-15 16:13:44.319 535 535 V SystemServerTiming: OnBootPhase_600_com.android.server.cpu.CpuMonitorService took to complete: 0ms
04-15 16:13:44.319 535 535 D SystemServerTiming: OnBootPhase_600_com.android.server.security.KeyChainSystemService
04-15 16:13:44.319 535 535 V SystemServerTiming: OnBootPhase_600_com.android.server.security.KeyChainSystemService took to complete: 0ms
04-15 16:13:44.319 535 535 D SystemServerTiming: OnBootPhase_600_com.android.server.BinaryTransparencyService
04-15 16:13:44.319 535 535 V SystemServerTiming: OnBootPhase_600_com.android.server.BinaryTransparencyService took to complete: 0ms
04-15 16:13:44.319 535 535 D SystemServerTiming: OnBootPhase_600_com.android.server.telecom.TelecomLoaderService
04-15 16:13:44.320 535 535 V SystemServerTiming: OnBootPhase_600_com.android.server.telecom.TelecomLoaderService took to complete: 0ms
04-15 16:13:44.346 329 329 I Zygote : Process 1033 exited cleanly (0)
04-15 16:13:44.357 535 958 I ActivityManager: Process WebViewLoader-x86_64 (pid 1033) has died: psvc PER
04-15 16:13:44.366 535 558 D DisplayManagerService: Drop pending events for gone uid 1037
04-15 16:13:44.373 459 891 D BufferPoolAccessor2.0: bufferpool2 0x73554d79f9d8 : 0(0 size) total buffers - 0(0 size) used buffers - 12/15 (recycle/alloc) - 3/14 (fetch/transfer)
04-15 16:13:44.380 459 891 D BufferPoolAccessor2.0: evictor expired: 1, evicted: 1
04-15 16:13:44.391 535 535 D SystemServerTiming: OnBootPhase_600_com.android.server.accounts.AccountManagerService$Lifecycle
04-15 16:13:44.399 535 535 V SystemServerTiming: OnBootPhase_600_com.android.server.accounts.AccountManagerService$Lifecycle took to complete: 0ms
04-15 16:13:44.404 535 535 D SystemServerTiming: OnBootPhase_600_com.android.server.content.ContentService$Lifecycle
04-15 16:13:44.404 535 535 V SystemServerTiming: OnBootPhase_600_com.android.server.content.ContentService$Lifecycle took to complete: 0ms
04-15 16:13:44.404 535 535 D SystemServerTiming: OnBootPhase_600_com.android.server.deviceconfig.DeviceConfigInit$Lifecycle
04-15 16:13:44.405 535 535 V SystemServerTiming: OnBootPhase_600_com.android.server.deviceconfig.DeviceConfigInit$Lifecycle took to complete: 0ms
04-15 16:13:44.405 535 535 D SystemServerTiming: OnBootPhase_600_com.android.server.DropBoxManagerService
04-15 16:13:44.405 535 535 V SystemServerTiming: OnBootPhase_600_com.android.server.DropBoxManagerService took to complete: 0ms
04-15 16:13:44.405 535 535 D SystemServerTiming: OnBootPhase_600_com.android.role.RoleService
04-15 16:13:44.405 535 535 V SystemServerTiming: OnBootPhase_600_com.android.role.RoleService took to complete: 0ms
04-15 16:13:44.405 535 535 D SystemServerTiming: OnBootPhase_600_com.android.server.vibrator.VibratorManagerService$Lifecycle
04-15 16:13:44.405 535 535 V SystemServerTiming: OnBootPhase_600_com.android.server.vibrator.VibratorManagerService$Lifecycle took to complete: 0ms
04-15 16:13:44.405 535 535 D SystemServerTiming: OnBootPhase_600_com.android.server.tare.InternalResourceService
04-15 16:13:44.405 535 535 V SystemServerTiming: OnBootPhase_600_com.android.server.tare.InternalResourceService took to complete: 0ms
04-15 16:13:44.405 535 535 D SystemServerTiming: OnBootPhase_600_com.android.server.alarm.AlarmManagerService
04-15 16:13:44.405 535 535 V SystemServerTiming: OnBootPhase_600_com.android.server.alarm.AlarmManagerService took to complete: 0ms
04-15 16:13:44.405 535 535 D SystemServerTiming: OnBootPhase_600_com.android.server.devicestate.DeviceStateManagerService
04-15 16:13:44.406 535 535 V SystemServerTiming: OnBootPhase_600_com.android.server.devicestate.DeviceStateManagerService took to complete: 0ms
04-15 16:13:44.406 535 535 D SystemServerTiming: OnBootPhase_600_com.android.server.camera.CameraServiceProxy
04-15 16:13:44.406 535 535 V SystemServerTiming: OnBootPhase_600_com.android.server.camera.CameraServiceProxy took to complete: 0ms
04-15 16:13:44.406 535 535 D SystemServerTiming: OnBootPhase_600_com.android.server.bluetooth.BluetoothService
04-15 16:13:44.406 535 535 V SystemServerTiming: OnBootPhase_600_com.android.server.bluetooth.BluetoothService took to complete: 0ms
04-15 16:13:44.406 535 535 D SystemServerTiming: OnBootPhase_600_com.android.server.connectivity.IpConnectivityMetrics
04-15 16:13:44.406 535 535 V SystemServerTiming: OnBootPhase_600_com.android.server.connectivity.IpConnectivityMetrics took to complete: 0ms
04-15 16:13:44.406 535 535 D SystemServerTiming: OnBootPhase_600_com.android.server.net.watchlist.NetworkWatchlistService$Lifecycle
04-15 16:13:44.406 535 535 V SystemServerTiming: OnBootPhase_600_com.android.server.net.watchlist.NetworkWatchlistService$Lifecycle took to complete: 0ms
04-15 16:13:44.406 535 535 D SystemServerTiming: OnBootPhase_600_com.android.server.PinnerService
04-15 16:13:44.406 535 535 V SystemServerTiming: OnBootPhase_600_com.android.server.PinnerService took to complete: 0ms
04-15 16:13:44.406 535 535 D SystemServerTiming: OnBootPhase_600_com.android.server.integrity.AppIntegrityManagerService
04-15 16:13:44.407 535 535 V SystemServerTiming: OnBootPhase_600_com.android.server.integrity.AppIntegrityManagerService took to complete: 0ms
04-15 16:13:44.407 535 535 D SystemServerTiming: OnBootPhase_600_com.android.server.logcat.LogcatManagerService
04-15 16:13:44.407 535 535 V SystemServerTiming: OnBootPhase_600_com.android.server.logcat.LogcatManagerService took to complete: 0ms
04-15 16:13:44.407 535 535 D SystemServerTiming: OnBootPhase_600_com.android.server.inputmethod.InputMethodManagerService$Lifecycle
04-15 16:13:44.407 535 535 V SystemServerTiming: OnBootPhase_600_com.android.server.inputmethod.InputMethodManagerService$Lifecycle took to complete: 0ms
04-15 16:13:44.407 535 535 D SystemServerTiming: OnBootPhase_600_com.android.server.accessibility.AccessibilityManagerService$Lifecycle
04-15 16:13:44.425 535 535 V SystemServerTiming: OnBootPhase_600_com.android.server.accessibility.AccessibilityManagerService$Lifecycle took to complete: 18ms
04-15 16:13:44.427 535 535 D SystemServerTiming: OnBootPhase_600_com.android.server.StorageManagerService$Lifecycle
04-15 16:13:44.432 535 535 V SystemServerTiming: OnBootPhase_600_com.android.server.StorageManagerService$Lifecycle took to complete: 0ms
04-15 16:13:44.432 535 535 D SystemServerTiming: OnBootPhase_600_com.android.server.usage.StorageStatsService$Lifecycle
04-15 16:13:44.433 535 535 V SystemServerTiming: OnBootPhase_600_com.android.server.usage.StorageStatsService$Lifecycle took to complete: 0ms
04-15 16:13:44.433 535 535 D SystemServerTiming: OnBootPhase_600_com.android.server.UiModeManagerService
04-15 16:13:44.433 535 535 V SystemServerTiming: OnBootPhase_600_com.android.server.UiModeManagerService took to complete: 0ms
04-15 16:13:44.434 535 535 D SystemServerTiming: OnBootPhase_600_com.android.server.locales.LocaleManagerService
04-15 16:13:44.434 535 535 V SystemServerTiming: OnBootPhase_600_com.android.server.locales.LocaleManagerService took to complete: 0ms
04-15 16:13:44.434 535 535 D SystemServerTiming: OnBootPhase_600_com.android.server.grammaticalinflection.GrammaticalInflectionService
04-15 16:13:44.434 535 535 V SystemServerTiming: OnBootPhase_600_com.android.server.grammaticalinflection.GrammaticalInflectionService took to complete: 0ms
04-15 16:13:44.435 535 535 D SystemServerTiming: OnBootPhase_600_com.android.server.apphibernation.AppHibernationService
04-15 16:13:44.435 535 535 V SystemServerTiming: OnBootPhase_600_com.android.server.apphibernation.AppHibernationService took to complete: 0ms
04-15 16:13:44.435 535 535 D SystemServerTiming: OnBootPhase_600_com.android.server.locksettings.LockSettingsService$Lifecycle
04-15 16:13:44.435 535 535 V SystemServerTiming: OnBootPhase_600_com.android.server.locksettings.LockSettingsService$Lifecycle took to complete: 0ms
04-15 16:13:44.440 535 535 D SystemServerTiming: OnBootPhase_600_com.android.server.testharness.TestHarnessModeService
04-15 16:13:44.441 535 535 V SystemServerTiming: OnBootPhase_600_com.android.server.testharness.TestHarnessModeService took to complete: 0ms
04-15 16:13:44.441 535 535 D SystemServerTiming: OnBootPhase_600_com.android.server.DeviceIdleController
04-15 16:13:44.441 535 535 V SystemServerTiming: OnBootPhase_600_com.android.server.DeviceIdleController took to complete: 0ms
04-15 16:13:44.442 535 535 D SystemServerTiming: OnBootPhase_600_com.android.server.devicepolicy.DevicePolicyManagerService$Lifecycle
04-15 16:13:44.442 535 535 V SystemServerTiming: OnBootPhase_600_com.android.server.devicepolicy.DevicePolicyManagerService$Lifecycle took to complete: 0ms
04-15 16:13:44.442 535 535 D SystemServerTiming: OnBootPhase_600_com.android.server.texttospeech.TextToSpeechManagerService
04-15 16:13:44.448 535 557 W Looper : Slow dispatch took 160ms android.fg h=android.os.Handler c= m=0
04-15 16:13:44.458 535 958 D OomAdjuster: Not killing cached processes
04-15 16:13:44.469 535 569 I libprocessgroup: Successfully killed process cgroup uid 1037 pid 1033 in 129ms
04-15 16:13:44.480 535 535 V SystemServerTiming: OnBootPhase_600_com.android.server.texttospeech.TextToSpeechManagerService took to complete: 37ms
04-15 16:13:44.481 535 535 D SystemServerTiming: OnBootPhase_600_com.android.server.ambientcontext.AmbientContextManagerService
04-15 16:13:44.481 535 535 V SystemServerTiming: OnBootPhase_600_com.android.server.ambientcontext.AmbientContextManagerService took to complete: 0ms
04-15 16:13:44.482 535 535 D SystemServerTiming: OnBootPhase_600_com.android.server.wearable.WearableSensingManagerService
04-15 16:13:44.482 535 535 V SystemServerTiming: OnBootPhase_600_com.android.server.wearable.WearableSensingManagerService took to complete: 0ms
04-15 16:13:44.482 535 535 D SystemServerTiming: OnBootPhase_600_com.android.server.speech.SpeechRecognitionManagerService
04-15 16:13:44.483 535 535 V SystemServerTiming: OnBootPhase_600_com.android.server.speech.SpeechRecognitionManagerService took to complete: 1ms
04-15 16:13:44.488 535 535 D SystemServerTiming: OnBootPhase_600_com.android.server.searchui.SearchUiManagerService
04-15 16:13:44.489 535 535 V SystemServerTiming: OnBootPhase_600_com.android.server.searchui.SearchUiManagerService took to complete: 1ms
04-15 16:13:44.489 535 535 D SystemServerTiming: OnBootPhase_600_com.android.server.smartspace.SmartspaceManagerService
04-15 16:13:44.490 535 535 V SystemServerTiming: OnBootPhase_600_com.android.server.smartspace.SmartspaceManagerService took to complete: 0ms
04-15 16:13:44.491 535 535 D SystemServerTiming: OnBootPhase_600_com.android.server.graphics.fonts.FontManagerService$Lifecycle
04-15 16:13:44.496 535 535 V SystemServerTiming: OnBootPhase_600_com.android.server.graphics.fonts.FontManagerService$Lifecycle took to complete: 0ms
04-15 16:13:44.496 535 535 D SystemServerTiming: OnBootPhase_600_com.android.server.textservices.TextServicesManagerService$Lifecycle
04-15 16:13:44.496 535 535 V SystemServerTiming: OnBootPhase_600_com.android.server.textservices.TextServicesManagerService$Lifecycle took to complete: 0ms
04-15 16:13:44.496 535 535 D SystemServerTiming: OnBootPhase_600_com.android.server.textclassifier.TextClassificationManagerService$Lifecycle
04-15 16:13:44.496 535 535 V SystemServerTiming: OnBootPhase_600_com.android.server.textclassifier.TextClassificationManagerService$Lifecycle took to complete: 0ms
04-15 16:13:44.496 535 535 D SystemServerTiming: OnBootPhase_600_com.android.server.NetworkScoreService$Lifecycle
04-15 16:13:44.496 535 535 V SystemServerTiming: OnBootPhase_600_com.android.server.NetworkScoreService$Lifecycle took to complete: 0ms
04-15 16:13:44.497 535 535 D SystemServerTiming: OnBootPhase_600_com.android.server.NetworkStatsServiceInitializer
04-15 16:13:44.497 535 535 V SystemServerTiming: OnBootPhase_600_com.android.server.NetworkStatsServiceInitializer took to complete: 0ms
04-15 16:13:44.497 535 535 D SystemServerTiming: OnBootPhase_600_com.android.server.wifi.WifiService
04-15 16:13:44.497 535 535 V SystemServerTiming: OnBootPhase_600_com.android.server.wifi.WifiService took to complete: 0ms
04-15 16:13:44.497 535 535 D SystemServerTiming: OnBootPhase_600_com.android.server.wifi.scanner.WifiScanningService
04-15 16:13:44.497 535 535 V SystemServerTiming: OnBootPhase_600_com.android.server.wifi.scanner.WifiScanningService took to complete: 0ms
04-15 16:13:44.497 535 535 D SystemServerTiming: OnBootPhase_600_com.android.server.wifi.p2p.WifiP2pService
04-15 16:13:44.497 535 535 V SystemServerTiming: OnBootPhase_600_com.android.server.wifi.p2p.WifiP2pService took to complete: 0ms
04-15 16:13:44.497 535 535 D SystemServerTiming: OnBootPhase_600_com.android.server.ConnectivityServiceInitializer
04-15 16:13:44.545 535 624 D CompatibilityChangeReporter: Compat change id reported: 265195908; UID 10132; state: ENABLED
04-15 16:13:44.555 535 535 D FastPairService: fail to initiate the fast pair proxy provider
04-15 16:13:44.558 535 535 W FastPairDataProvider: no proxy fast pair data provider found
04-15 16:13:44.559 535 535 W SystemServiceManager: Service com.android.server.ConnectivityServiceInitializer took 62 ms in onBootPhase
04-15 16:13:44.564 535 535 V SystemServerTiming: OnBootPhase_600_com.android.server.ConnectivityServiceInitializer took to complete: 63ms
04-15 16:13:44.572 535 535 D SystemServerTiming: OnBootPhase_600_com.android.server.notification.NotificationManagerService
04-15 16:13:44.613 535 557 W Looper : Slow dispatch took 158ms android.fg h=android.os.Handler c= m=0
04-15 16:13:44.705 535 535 D CompatibilityChangeReporter: Compat change id reported: 253665015; UID 1000; state: ENABLED
04-15 16:13:44.733 329 329 W Zygote : forkRepeatedly terminated due to non-simple command
04-15 16:13:44.733 329 329 D Zygote : mbuffer starts with 14, nice name is webview_zygote, mEnd = 394, mNext = 165, mLinesLeft = 6, mFd = 6
04-15 16:13:44.755 535 535 D CompatibilityChangeReporter: Compat change id reported: 194532703; UID 1000; state: ENABLED
04-15 16:13:44.834 535 535 D NotificationService: Reset NAS setting and migrate to new default
04-15 16:13:44.851 535 535 D NotificationAssistants: Approving default notification assistant for user 0
04-15 16:13:44.861 329 329 D Zygote : Forked child process 1056
04-15 16:13:44.868 535 535 I ConditionProviders: Allowing condition provider android.ext.services/android.ext.services.notification.Assistant (userSet: true)
04-15 16:13:44.880 535 535 W SystemServiceManager: Service com.android.server.notification.NotificationManagerService took 308 ms in onBootPhase
04-15 16:13:44.881 535 535 V SystemServerTiming: OnBootPhase_600_com.android.server.notification.NotificationManagerService took to complete: 308ms
04-15 16:13:44.881 535 535 D SystemServerTiming: OnBootPhase_600_com.android.server.storage.DeviceStorageMonitorService
04-15 16:13:44.881 535 535 V SystemServerTiming: OnBootPhase_600_com.android.server.storage.DeviceStorageMonitorService took to complete: 0ms
04-15 16:13:44.882 535 535 D SystemServerTiming: OnBootPhase_600_com.android.server.timedetector.TimeDetectorService$Lifecycle
04-15 16:13:44.886 535 535 V SystemServerTiming: OnBootPhase_600_com.android.server.timedetector.TimeDetectorService$Lifecycle took to complete: 0ms
04-15 16:13:44.898 535 535 D SystemServerTiming: OnBootPhase_600_com.android.server.location.LocationManagerService$Lifecycle
04-15 16:13:44.909 535 535 W LocationManagerService: no network location provider found
04-15 16:13:44.993 535 535 I ServiceWatcher: [fused] chose new implementation 1000/com.android.location.fused/.FusedLocationService@0
04-15 16:13:44.996 1056 1056 I webview_zygote: Using CollectorTypeCC GC.
04-15 16:13:45.031 0 0 I servicemanager: Found android.hardware.gnss.IGnss/default in device VINTF manifest.
04-15 16:13:45.032 0 0 I servicemanager: Since 'android.hardware.gnss.IGnss/default' could not be found, trying to start it as a lazy AIDL service. (if it's not configured to be a lazy service, it may be stuck starting or still starting).
04-15 16:13:45.049 0 0 I init : starting service 'vendor.gnss.ranchu'...
04-15 16:13:45.070 1056 1056 I WebViewZygoteInit: Starting WebViewZygoteInit
04-15 16:13:45.077 535 557 D CompatibilityChangeReporter: Compat change id reported: 261072174; UID 1000; state: ENABLED
04-15 16:13:45.126 0 0 I init : ... started service 'vendor.gnss.ranchu' has pid 1067
04-15 16:13:45.127 0 0 I init : Control message: Processed ctl.interface_start for 'aidl/android.hardware.gnss.IGnss/default' from pid: 131 (/system/bin/servicemanager)
04-15 16:13:45.123 1056 1056 I WebViewZygoteInit: Beginning application preload for com.android.webview
04-15 16:13:45.250 1056 1056 D nativeloader: InitLlndkLibrariesProduct: libEGL.so:libGLESv1_CM.so:libGLESv2.so:libGLESv3.so:libRS.so:libandroid_net.so:libbinder_ndk.so:libc.so:libcgrouprc.so:libclang_rt.asan-x86_64-android.so:libcom.android.tethering.connectivity_native.so:libdl.so:libft2.so:liblog.so:libm.so:libmediandk.so:libnativewindow.so:libneuralnetworks.so:libselinux.so:libsync.so:libvndksupport.so:libvulkan.so
04-15 16:13:45.251 1056 1056 D nativeloader: Configuring product-clns-6 for unbundled product apk /product/app/webview/webview.apk. target_sdk_version=34, uses_libraries=, library_path=/product/app/webview/lib/x86_64:/product/app/webview/webview.apk!/lib/x86_64:/product/lib64:/system/product/lib64, permitted_path=/data:/mnt/expand:/product/lib64:/system/product/lib64
04-15 16:13:45.259 1056 1056 D nativeloader: InitVndkspLibrariesProduct: android.hardware.common-V2-ndk.so:android.hardware.common.fmq-V1-ndk.so:android.hardware.graphics.allocator-V2-ndk.so:android.hardware.graphics.common-V4-ndk.so:android.hardware.graphics.common@1.0.so:android.hardware.graphics.common@1.1.so:android.hardware.graphics.common@1.2.so:android.hardware.graphics.composer3-V1-ndk.so:android.hardware.graphics.mapper@2.0.so:android.hardware.graphics.mapper@2.1.so:android.hardware.graphics.mapper@3.0.so:android.hardware.graphics.mapper@4.0.so:android.hardware.renderscript@1.0.so:android.hidl.memory.token@1.0.so:android.hidl.memory@1.0-impl.so:android.hidl.memory@1.0.so:android.hidl.safe_union@1.0.so:libRSCpuRef.so:libRSDriver.so:libRS_internal.so:libbase.so:libbcinfo.so:libblas.so:libc++.so:libcompiler_rt.so:libcutils.so:libdmabufheap.so:libgralloctypes.so:libhardware.so:libhidlbase.so:libhidlmemory.so:libion.so:libjsoncpp.so:liblzma.so:libprocessgroup.so:libunwindstack.so:libutils.so:libutilscallstack.so:libz.so
04-15 16:13:45.308 535 968 D BufferPoolAccessor2.0: bufferpool2 0x78a4def51c78 : 0(0 size) total buffers - 0(0 size) used buffers - 1/7 (recycle/alloc) - 6/34 (fetch/transfer)
04-15 16:13:45.310 535 968 D BufferPoolAccessor2.0: evictor expired: 1, evicted: 1
04-15 16:13:45.384 459 891 D BufferPoolAccessor2.0: bufferpool2 0x73554d7a0568 : 0(0 size) total buffers - 0(0 size) used buffers - 14/15 (recycle/alloc) - 1/14 (fetch/transfer)
04-15 16:13:45.385 459 891 D BufferPoolAccessor2.0: evictor expired: 1, evicted: 1
04-15 16:13:45.386 535 557 W Looper : Slow dispatch took 155ms android.fg h=android.os.Handler c= m=0
04-15 16:13:45.500 535 557 W Looper : Slow dispatch took 108ms android.fg h=android.os.Handler c= m=0
04-15 16:13:45.506 1067 1067 I AidlLazyServiceRegistrar: Registering service android.hardware.gnss.IGnss/default
04-15 16:13:45.535 0 0 I servicemanager: Found android.hardware.gnss.IGnss/default in device VINTF manifest.
04-15 16:13:45.542 0 0 I BpBinder: onLastStrongRef automatically unlinking death recipients:
04-15 16:13:45.545 535 535 D GnssJni : Successfully got GNSS AIDL handle. Version=2.
04-15 16:13:45.595 535 535 D CompatibilityChangeReporter: Compat change id reported: 157233955; UID 1000; state: ENABLED
04-15 16:13:45.663 1056 1056 I WebViewZygoteInit: Application preload done
04-15 16:13:45.711 535 535 D GnssJni : Successfully linked to GNSS AIDL HAl death notification
04-15 16:13:45.737 535 535 D GnssCallbackJni: gnssSetCapabilitiesCb: 65u
04-15 16:13:45.739 535 535 I GnssManager: gnss capabilities changed to [SCHEDULING]
04-15 16:13:45.746 535 535 D GnssCallbackJni: gnssSetSystemInfoCb: yearOfHw=2023, name=Android Studio Emulator GPS
04-15 16:13:45.766 535 535 I GnssLocationProviderJni: Unable to initialize IGnssNi interface.
04-15 16:13:45.777 535 535 D GnssLocationProviderJni: GnssPowerIndicationCallback::setCapabilitiesCb: 63u
04-15 16:13:45.778 535 535 I GnssManager: gnss capabilities changed to [SCHEDULING TOTAL_POWER SINGLEBAND_TRACKING_POWER MULTIBAND_TRACKING_POWER SINGLEBAND_ACQUISITION_POWER MULTIBAND_ACQUISITION_POWER OTHER_MODES_POWER]
04-15 16:13:45.785 535 535 I GnssManager: gnss hal initialized
04-15 16:13:45.786 535 535 I GnssManager: gnss hal started
04-15 16:13:45.847 535 535 E LocationManagerService: no geocoder provider found
04-15 16:13:45.856 535 535 E ActivityRecognitionHardware: activity_recognition HAL is deprecated. is_supported is effectively a no-op
04-15 16:13:45.869 535 535 E LocationManagerService: unable to bind ActivityRecognitionProxy
04-15 16:13:45.871 535 535 E LocationManagerService: unable to bind to GeofenceProxy
04-15 16:13:45.871 535 535 W SystemServiceManager: Service com.android.server.location.LocationManagerService$Lifecycle took 973 ms in onBootPhase
04-15 16:13:45.873 535 535 V SystemServerTiming: OnBootPhase_600_com.android.server.location.LocationManagerService$Lifecycle took to complete: 968ms
04-15 16:13:45.874 535 535 D SystemServerTiming: OnBootPhase_600_com.android.server.timezonedetector.TimeZoneDetectorService$Lifecycle
04-15 16:13:45.876 535 535 V SystemServerTiming: OnBootPhase_600_com.android.server.timezonedetector.TimeZoneDetectorService$Lifecycle took to complete: 0ms
04-15 16:13:45.877 535 535 D SystemServerTiming: OnBootPhase_600_com.android.server.location.altitude.AltitudeService$Lifecycle
04-15 16:13:45.877 535 535 V SystemServerTiming: OnBootPhase_600_com.android.server.location.altitude.AltitudeService$Lifecycle took to complete: 0ms
04-15 16:13:45.878 535 535 D SystemServerTiming: OnBootPhase_600_com.android.server.timezonedetector.location.LocationTimeZoneManagerService$Lifecycle
04-15 16:13:45.878 535 535 V SystemServerTiming: OnBootPhase_600_com.android.server.timezonedetector.location.LocationTimeZoneManagerService$Lifecycle took to complete: 0ms
04-15 16:13:45.879 535 535 D SystemServerTiming: OnBootPhase_600_com.android.server.search.SearchManagerService$Lifecycle
04-15 16:13:45.879 535 535 V SystemServerTiming: OnBootPhase_600_com.android.server.search.SearchManagerService$Lifecycle took to complete: 0ms
04-15 16:13:45.882 535 535 D SystemServerTiming: OnBootPhase_600_com.android.server.wallpaper.WallpaperManagerService$Lifecycle
04-15 16:13:45.889 535 535 D WallpaperManagerService: Wallpaper_switch-user-0
04-15 16:13:45.890 535 535 V WallpaperManagerService: bindWallpaperComponentLocked: componentName=null
04-15 16:13:45.891 535 535 D WallpaperManagerService: WPMS.bindWallpaperComponentLocked-null
04-15 16:13:45.892 535 535 V WallpaperManagerService: No default component; using image wallpaper
04-15 16:13:45.909 535 535 V WallpaperManagerService: WPMS.bindWallpaperComponentLocked-null took to complete: 17ms
04-15 16:13:45.910 535 535 V WallpaperManagerService: Wallpaper_switch-user-0 took to complete: 21ms
04-15 16:13:45.910 535 535 V SystemServerTiming: OnBootPhase_600_com.android.server.wallpaper.WallpaperManagerService$Lifecycle took to complete: 28ms
04-15 16:13:45.911 535 535 D SystemServerTiming: OnBootPhase_600_com.android.server.wallpapereffectsgeneration.WallpaperEffectsGenerationManagerService
04-15 16:13:45.916 535 535 V SystemServerTiming: OnBootPhase_600_com.android.server.wallpapereffectsgeneration.WallpaperEffectsGenerationManagerService took to complete: 5ms
04-15 16:13:45.917 535 535 D SystemServerTiming: OnBootPhase_600_com.android.server.audio.AudioService$Lifecycle
04-15 16:13:45.918 535 535 V SystemServerTiming: OnBootPhase_600_com.android.server.audio.AudioService$Lifecycle took to complete: 0ms
04-15 16:13:45.918 535 535 D SystemServerTiming: OnBootPhase_600_com.android.server.soundtrigger_middleware.SoundTriggerMiddlewareService$Lifecycle
04-15 16:13:45.918 535 535 V SystemServerTiming: OnBootPhase_600_com.android.server.soundtrigger_middleware.SoundTriggerMiddlewareService$Lifecycle took to complete: 0ms
04-15 16:13:45.919 535 535 D SystemServerTiming: OnBootPhase_600_com.android.server.DockObserver
04-15 16:13:45.919 535 535 V SystemServerTiming: OnBootPhase_600_com.android.server.DockObserver took to complete: 0ms
04-15 16:13:45.925 535 535 D SystemServerTiming: OnBootPhase_600_com.android.server.midi.MidiService$Lifecycle
04-15 16:13:45.926 535 535 V SystemServerTiming: OnBootPhase_600_com.android.server.midi.MidiService$Lifecycle took to complete: 0ms
04-15 16:13:45.926 535 535 D SystemServerTiming: OnBootPhase_600_com.android.server.adb.AdbService$Lifecycle
04-15 16:13:45.927 535 535 V SystemServerTiming: OnBootPhase_600_com.android.server.adb.AdbService$Lifecycle took to complete: 0ms
04-15 16:13:45.927 535 535 D SystemServerTiming: OnBootPhase_600_com.android.server.usb.UsbService$Lifecycle
04-15 16:13:45.927 535 535 V SystemServerTiming: OnBootPhase_600_com.android.server.usb.UsbService$Lifecycle took to complete: 0ms
04-15 16:13:45.932 535 535 D SystemServerTiming: OnBootPhase_600_com.android.server.twilight.TwilightService
04-15 16:13:45.933 535 535 V SystemServerTiming: OnBootPhase_600_com.android.server.twilight.TwilightService took to complete: 0ms
04-15 16:13:45.933 535 535 D SystemServerTiming: OnBootPhase_600_com.android.server.display.color.ColorDisplayService
04-15 16:13:45.933 535 535 V SystemServerTiming: OnBootPhase_600_com.android.server.display.color.ColorDisplayService took to complete: 0ms
04-15 16:13:45.934 535 535 D SystemServerTiming: OnBootPhase_600_com.android.server.job.JobSchedulerService
04-15 16:13:45.975 535 535 V SystemServerTiming: OnBootPhase_600_com.android.server.job.JobSchedulerService took to complete: 41ms
04-15 16:13:45.980 535 535 D SystemServerTiming: OnBootPhase_600_com.android.server.soundtrigger.SoundTriggerService
04-15 16:13:45.981 535 535 D SoundTriggerService: onBootPhase: 600 : false
04-15 16:13:45.999 535 535 V SystemServerTiming: OnBootPhase_600_com.android.server.soundtrigger.SoundTriggerService took to complete: 18ms
04-15 16:13:45.999 535 535 D SystemServerTiming: OnBootPhase_600_com.android.server.trust.TrustManagerService
04-15 16:13:46.006 535 535 D BiometricService: Sensor ID(4), oemStrength: 15, updatedStrength: 15, modality 8, state: 0, cookie: 0, sensorId 4, hasEnrollments: false cannot participate in Keystore operations
04-15 16:13:46.007 535 535 D BiometricService: Sensor ID(0), oemStrength: 15, updatedStrength: 15, modality 2, state: 0, cookie: 0, sensorId 0, hasEnrollments: false cannot participate in Keystore operations
04-15 16:13:46.034 155 164 I keystore2: system/security/keystore2/src/authorization.rs:143 - on_lock_screen_event(r#UNLOCK, user_id=0, password.is_some()=false, unlocking_sids=Some([]))
04-15 16:13:46.044 535 535 V SystemServerTiming: OnBootPhase_600_com.android.server.trust.TrustManagerService took to complete: 40ms
04-15 16:13:46.045 535 535 D SystemServerTiming: OnBootPhase_600_com.android.server.backup.BackupManagerService$Lifecycle
04-15 16:13:46.046 535 535 V SystemServerTiming: OnBootPhase_600_com.android.server.backup.BackupManagerService$Lifecycle took to complete: 0ms
04-15 16:13:46.046 535 535 D SystemServerTiming: OnBootPhase_600_com.android.server.appwidget.AppWidgetService
04-15 16:13:46.047 535 535 V SystemServerTiming: OnBootPhase_600_com.android.server.appwidget.AppWidgetService took to complete: 0ms
04-15 16:13:46.047 535 535 D SystemServerTiming: OnBootPhase_600_com.android.server.voiceinteraction.VoiceInteractionManagerService
04-15 16:13:46.060 535 535 V SystemServerTiming: OnBootPhase_600_com.android.server.voiceinteraction.VoiceInteractionManagerService took to complete: 8ms
04-15 16:13:46.060 535 535 D SystemServerTiming: OnBootPhase_600_com.android.server.GestureLauncherService
04-15 16:13:46.102 535 535 V SystemServerTiming: OnBootPhase_600_com.android.server.GestureLauncherService took to complete: 41ms
04-15 16:13:46.128 535 535 D SystemServerTiming: OnBootPhase_600_com.android.server.SensorNotificationService
04-15 16:13:46.133 535 535 V SystemServerTiming: OnBootPhase_600_com.android.server.SensorNotificationService took to complete: 4ms
04-15 16:13:46.134 535 535 D SystemServerTiming: OnBootPhase_600_com.android.server.emergency.EmergencyAffordanceService
04-15 16:13:46.137 535 818 D ConnectivityService: NetReassign [no changes] [c 0] [a 0] [i 0]
04-15 16:13:46.146 535 557 D GnssCallbackJni: gnssSetCapabilitiesCb: 65u
04-15 16:13:46.153 535 557 D GnssCallbackJni: gnssSetSystemInfoCb: yearOfHw=2023, name=Android Studio Emulator GPS
04-15 16:13:46.161 535 535 V SystemServerTiming: OnBootPhase_600_com.android.server.emergency.EmergencyAffordanceService took to complete: 27ms
04-15 16:13:46.162 535 535 D SystemServerTiming: OnBootPhase_600_com.android.server.blob.BlobStoreManagerService
04-15 16:13:46.194 535 557 I GnssLocationProviderJni: Unable to initialize IGnssNi interface.
04-15 16:13:46.200 535 535 V SystemServerTiming: OnBootPhase_600_com.android.server.blob.BlobStoreManagerService took to complete: 30ms
04-15 16:13:46.200 535 535 D SystemServerTiming: OnBootPhase_600_com.android.server.dreams.DreamManagerService
04-15 16:13:46.211 535 557 D GnssLocationProviderJni: GnssPowerIndicationCallback::setCapabilitiesCb: 63u
04-15 16:13:46.219 535 557 I GnssVisibilityControl: Updating non-framework location access proxy apps in the GNSS HAL to: []
04-15 16:13:46.224 535 557 W Looper : Slow dispatch took 406ms android.fg h=android.os.Handler c=com.android.server.location.gnss.GnssLocationProvider$$ExternalSyntheticLambda8@3555594 m=0
04-15 16:13:46.236 535 535 V SystemServerTiming: OnBootPhase_600_com.android.server.dreams.DreamManagerService took to complete: 35ms
04-15 16:13:46.237 535 535 D SystemServerTiming: OnBootPhase_600_com.android.server.print.PrintManagerService
04-15 16:13:46.238 535 535 V SystemServerTiming: OnBootPhase_600_com.android.server.print.PrintManagerService took to complete: 0ms
04-15 16:13:46.239 535 535 D SystemServerTiming: OnBootPhase_600_com.android.server.security.AttestationVerificationManagerService
04-15 16:13:46.239 535 535 V SystemServerTiming: OnBootPhase_600_com.android.server.security.AttestationVerificationManagerService took to complete: 0ms
04-15 16:13:46.240 535 535 D SystemServerTiming: OnBootPhase_600_com.android.server.companion.CompanionDeviceManagerService
04-15 16:13:46.241 535 535 V SystemServerTiming: OnBootPhase_600_com.android.server.companion.CompanionDeviceManagerService took to complete: 0ms
04-15 16:13:46.244 535 535 D SystemServerTiming: OnBootPhase_600_com.android.server.companion.virtual.VirtualDeviceManagerService
04-15 16:13:46.245 535 535 V SystemServerTiming: OnBootPhase_600_com.android.server.companion.virtual.VirtualDeviceManagerService took to complete: 0ms
04-15 16:13:46.245 535 535 D SystemServerTiming: OnBootPhase_600_com.android.server.restrictions.RestrictionsManagerService
04-15 16:13:46.246 535 535 V SystemServerTiming: OnBootPhase_600_com.android.server.restrictions.RestrictionsManagerService took to complete: 0ms
04-15 16:13:46.246 535 535 D SystemServerTiming: OnBootPhase_600_com.android.server.media.MediaSessionService
04-15 16:13:46.247 535 535 V SystemServerTiming: OnBootPhase_600_com.android.server.media.MediaSessionService took to complete: 0ms
04-15 16:13:46.247 535 535 D SystemServerTiming: OnBootPhase_600_com.android.server.media.MediaResourceMonitorService
04-15 16:13:46.247 535 535 V SystemServerTiming: OnBootPhase_600_com.android.server.media.MediaResourceMonitorService took to complete: 0ms
04-15 16:13:46.247 535 535 D SystemServerTiming: OnBootPhase_600_com.android.server.biometrics.sensors.face.FaceService
04-15 16:13:46.252 535 557 I GnssBlocklistHelper: Update GNSS satellite blocklist:
04-15 16:13:46.253 535 557 W Looper : Slow delivery took 437ms android.fg h=android.os.Handler c=com.android.server.location.gnss.GnssLocationProvider$$ExternalSyntheticLambda9@2627871 m=0
04-15 16:13:46.262 535 535 V SystemServerTiming: OnBootPhase_600_com.android.server.biometrics.sensors.face.FaceService took to complete: 0ms
04-15 16:13:46.262 535 535 D SystemServerTiming: OnBootPhase_600_com.android.server.biometrics.sensors.fingerprint.FingerprintService
04-15 16:13:46.263 535 535 V SystemServerTiming: OnBootPhase_600_com.android.server.biometrics.sensors.fingerprint.FingerprintService took to complete: 0ms
04-15 16:13:46.263 535 535 D SystemServerTiming: OnBootPhase_600_com.android.server.biometrics.BiometricService
04-15 16:13:46.263 535 535 V SystemServerTiming: OnBootPhase_600_com.android.server.biometrics.BiometricService took to complete: 0ms
04-15 16:13:46.263 535 535 D SystemServerTiming: OnBootPhase_600_com.android.server.biometrics.AuthService
04-15 16:13:46.264 535 535 V SystemServerTiming: OnBootPhase_600_com.android.server.biometrics.AuthService took to complete: 0ms
04-15 16:13:46.264 535 535 D SystemServerTiming: OnBootPhase_600_com.android.server.pm.ShortcutService$Lifecycle
04-15 16:13:46.265 535 535 V SystemServerTiming: OnBootPhase_600_com.android.server.pm.ShortcutService$Lifecycle took to complete: 0ms
04-15 16:13:46.265 535 535 D SystemServerTiming: OnBootPhase_600_com.android.server.pm.LauncherAppsService
04-15 16:13:46.265 535 535 V SystemServerTiming: OnBootPhase_600_com.android.server.pm.LauncherAppsService took to complete: 0ms
04-15 16:13:46.266 535 535 D SystemServerTiming: OnBootPhase_600_com.android.server.pm.CrossProfileAppsService
04-15 16:13:46.266 535 535 V SystemServerTiming: OnBootPhase_600_com.android.server.pm.CrossProfileAppsService took to complete: 0ms
04-15 16:13:46.266 535 535 D SystemServerTiming: OnBootPhase_600_com.android.server.people.PeopleService
04-15 16:13:46.267 535 535 V SystemServerTiming: OnBootPhase_600_com.android.server.people.PeopleService took to complete: 0ms
04-15 16:13:46.267 535 535 D SystemServerTiming: OnBootPhase_600_com.android.server.media.metrics.MediaMetricsManagerService
04-15 16:13:46.267 535 535 V SystemServerTiming: OnBootPhase_600_com.android.server.media.metrics.MediaMetricsManagerService took to complete: 0ms
04-15 16:13:46.267 535 535 D SystemServerTiming: OnBootPhase_600_com.android.server.pm.BackgroundInstallControlService
04-15 16:13:46.268 535 535 V SystemServerTiming: OnBootPhase_600_com.android.server.pm.BackgroundInstallControlService took to complete: 0ms
04-15 16:13:46.269 535 535 D SystemServerTiming: OnBootPhase_600_com.android.server.media.projection.MediaProjectionManagerService
04-15 16:13:46.269 535 535 V SystemServerTiming: OnBootPhase_600_com.android.server.media.projection.MediaProjectionManagerService took to complete: 0ms
04-15 16:13:46.269 535 535 D SystemServerTiming: OnBootPhase_600_com.android.server.slice.SliceManagerService$Lifecycle
04-15 16:13:46.269 535 535 V SystemServerTiming: OnBootPhase_600_com.android.server.slice.SliceManagerService$Lifecycle took to complete: 0ms
04-15 16:13:46.270 535 535 D SystemServerTiming: OnBootPhase_600_com.android.server.stats.StatsCompanion$Lifecycle
04-15 16:13:46.273 535 535 W AlarmManager: Unrecognized alarm listener com.android.server.stats.StatsCompanionService$PullingAlarmListener@d05e656
04-15 16:13:46.274 535 535 W AlarmManager: Unrecognized alarm listener com.android.server.stats.StatsCompanionService$PeriodicAlarmListener@43576d7
04-15 16:13:46.373 0 0 I init : Sending signal 9 to service 'idmap2d' (pid 974) process group...
04-15 16:13:46.381 0 0 I libprocessgroup: Successfully killed process cgroup uid 1000 pid 974 in 7ms
04-15 16:13:46.390 535 552 W OverlayManager: service 'idmap' died
04-15 16:13:46.410 0 0 I init : Control message: Processed ctl.stop for 'idmap2d' from pid: 535 (system_server)
04-15 16:13:46.411 0 0 I init : Service 'idmap2d' (pid 974) received signal 9
04-15 16:13:46.435 893 893 D Tonal : Tonal Palette - index: 4. Main color: ff343e65
04-15 16:13:46.435 893 893 D Tonal : Colors: ff0b0c16, ff141627, ff1d2138, ff272d4c, ff343e65, ff41477e, ff4e5597, ff8184a4, ff898cc3, ff9e9ecd, ffb7b6d9, ffd9d7eb, ffefeef7
04-15 16:13:46.435 893 893 D Tonal : Gradients:
04-15 16:13:46.435 893 893 D Tonal : Normal GradientColors(ff343e65, ff343e65)
04-15 16:13:46.435 893 893 D Tonal : Dark GradientColors(ff272d4c, ff272d4c)
04-15 16:13:46.435 893 893 D Tonal : Extra dark: GradientColors(ff1d2138, ff1d2138)
04-15 16:13:46.435 893 893 D Tonal : Tonal Palette - index: 4. Main color: ff343e65
04-15 16:13:46.435 893 893 D Tonal : Colors: ff0b0c16, ff141627, ff1d2138, ff272d4c, ff343e65, ff41477e, ff4e5597, ff8184a4, ff898cc3, ff9e9ecd, ffb7b6d9, ffd9d7eb, ffefeef7
04-15 16:13:46.435 893 893 D Tonal : Gradients:
04-15 16:13:46.435 893 893 D Tonal : Normal GradientColors(ff343e65, ff343e65)
04-15 16:13:46.435 893 893 D Tonal : Dark GradientColors(ff272d4c, ff272d4c)
04-15 16:13:46.435 893 893 D Tonal : Extra dark: GradientColors(ff1d2138, ff1d2138)
04-15 16:13:46.446 535 535 I StatsCompanionService: Told statsd that StatsCompanionService is alive.
04-15 16:13:46.447 535 535 W SystemServiceManager: Service com.android.server.stats.StatsCompanion$Lifecycle took 177 ms in onBootPhase
04-15 16:13:46.448 535 535 V SystemServerTiming: OnBootPhase_600_com.android.server.stats.StatsCompanion$Lifecycle took to complete: 178ms
04-15 16:13:46.449 535 535 D SystemServerTiming: OnBootPhase_600_com.android.server.scheduling.RebootReadinessManagerService$Lifecycle
04-15 16:13:46.450 535 535 V SystemServerTiming: OnBootPhase_600_com.android.server.scheduling.RebootReadinessManagerService$Lifecycle took to complete: 0ms
04-15 16:13:46.450 535 535 D SystemServerTiming: OnBootPhase_600_com.android.server.stats.pull.StatsPullAtomService
04-15 16:13:46.451 535 535 V SystemServerTiming: OnBootPhase_600_com.android.server.stats.pull.StatsPullAtomService took to complete: 1ms
04-15 16:13:46.451 535 535 D SystemServerTiming: OnBootPhase_600_com.android.server.stats.bootstrap.StatsBootstrapAtomService$Lifecycle
04-15 16:13:46.452 535 535 V SystemServerTiming: OnBootPhase_600_com.android.server.stats.bootstrap.StatsBootstrapAtomService$Lifecycle took to complete: 0ms
04-15 16:13:46.452 535 535 D SystemServerTiming: OnBootPhase_600_com.android.server.incident.IncidentCompanionService
04-15 16:13:46.453 535 535 V SystemServerTiming: OnBootPhase_600_com.android.server.incident.IncidentCompanionService took to complete: 0ms
04-15 16:13:46.453 535 535 D SystemServerTiming: OnBootPhase_600_com.android.server.sdksandbox.SdkSandboxManagerService$Lifecycle
04-15 16:13:46.453 535 535 V SystemServerTiming: OnBootPhase_600_com.android.server.sdksandbox.SdkSandboxManagerService$Lifecycle took to complete: 0ms
04-15 16:13:46.454 535 535 D SystemServerTiming: OnBootPhase_600_com.android.server.adservices.AdServicesManagerService$Lifecycle
04-15 16:13:46.454 535 535 V SystemServerTiming: OnBootPhase_600_com.android.server.adservices.AdServicesManagerService$Lifecycle took to complete: 0ms
04-15 16:13:46.454 535 535 D SystemServerTiming: OnBootPhase_600_com.android.server.ondevicepersonalization.OnDevicePersonalizationSystemService$Lifecycle
04-15 16:13:46.454 535 535 V SystemServerTiming: OnBootPhase_600_com.android.server.ondevicepersonalization.OnDevicePersonalizationSystemService$Lifecycle took to complete: 0ms
04-15 16:13:46.455 535 535 D SystemServerTiming: OnBootPhase_600_com.android.server.MmsServiceBroker
04-15 16:13:46.455 535 535 V SystemServerTiming: OnBootPhase_600_com.android.server.MmsServiceBroker took to complete: 0ms
04-15 16:13:46.455 535 535 D SystemServerTiming: OnBootPhase_600_com.android.server.autofill.AutofillManagerService
04-15 16:13:46.460 535 566 D StatsPullAtomService: Registering NetworkStats pullers with statsd
04-15 16:13:46.466 535 535 V SystemServerTiming: OnBootPhase_600_com.android.server.autofill.AutofillManagerService took to complete: 7ms
04-15 16:13:46.469 535 535 D SystemServerTiming: OnBootPhase_600_com.android.server.credentials.CredentialManagerService
04-15 16:13:46.470 535 535 V SystemServerTiming: OnBootPhase_600_com.android.server.credentials.CredentialManagerService took to complete: 1ms
04-15 16:13:46.470 535 535 D SystemServerTiming: OnBootPhase_600_com.android.server.selectiontoolbar.SelectionToolbarManagerService
04-15 16:13:46.471 535 535 V SystemServerTiming: OnBootPhase_600_com.android.server.selectiontoolbar.SelectionToolbarManagerService took to complete: 1ms
