04-15 16:13:28.587 535 535 V SystemServerTiming: OnBootPhase_550_com.android.server.deviceconfig.DeviceConfigInit$Lifecycle took to complete: 0ms
04-15 16:13:28.587 535 535 D SystemServerTiming: OnBootPhase_550_com.android.server.DropBoxManagerService
04-15 16:13:28.587 535 535 V SystemServerTiming: OnBootPhase_550_com.android.server.DropBoxManagerService took to complete: 0ms
04-15 16:13:28.590 535 535 D SystemServerTiming: OnBootPhase_550_com.android.role.RoleService
04-15 16:13:28.590 535 535 V SystemServerTiming: OnBootPhase_550_com.android.role.RoleService took to complete: 0ms
04-15 16:13:28.591 535 535 D SystemServerTiming: OnBootPhase_550_com.android.server.vibrator.VibratorManagerService$Lifecycle
04-15 16:13:28.591 535 535 V SystemServerTiming: OnBootPhase_550_com.android.server.vibrator.VibratorManagerService$Lifecycle took to complete: 0ms
04-15 16:13:28.591 535 535 D SystemServerTiming: OnBootPhase_550_com.android.server.tare.InternalResourceService
04-15 16:13:28.591 535 535 V SystemServerTiming: OnBootPhase_550_com.android.server.tare.InternalResourceService took to complete: 0ms
04-15 16:13:28.592 535 535 D SystemServerTiming: OnBootPhase_550_com.android.server.alarm.AlarmManagerService
04-15 16:13:28.592 535 535 V SystemServerTiming: OnBootPhase_550_com.android.server.alarm.AlarmManagerService took to complete: 0ms
04-15 16:13:28.592 535 535 D SystemServerTiming: OnBootPhase_550_com.android.server.devicestate.DeviceStateManagerService
04-15 16:13:28.592 535 535 V SystemServerTiming: OnBootPhase_550_com.android.server.devicestate.DeviceStateManagerService took to complete: 0ms
04-15 16:13:28.592 535 535 D SystemServerTiming: OnBootPhase_550_com.android.server.camera.CameraServiceProxy
04-15 16:13:28.592 535 535 V SystemServerTiming: OnBootPhase_550_com.android.server.camera.CameraServiceProxy took to complete: 0ms
04-15 16:13:28.592 535 535 D SystemServerTiming: OnBootPhase_550_com.android.server.bluetooth.BluetoothService
04-15 16:13:28.592 535 535 V SystemServerTiming: OnBootPhase_550_com.android.server.bluetooth.BluetoothService took to complete: 0ms
04-15 16:13:28.592 535 535 D SystemServerTiming: OnBootPhase_550_com.android.server.connectivity.IpConnectivityMetrics
04-15 16:13:28.592 535 535 V SystemServerTiming: OnBootPhase_550_com.android.server.connectivity.IpConnectivityMetrics took to complete: 0ms
04-15 16:13:28.592 535 535 D SystemServerTiming: OnBootPhase_550_com.android.server.net.watchlist.NetworkWatchlistService$Lifecycle
04-15 16:13:28.607 535 535 V SystemServerTiming: OnBootPhase_550_com.android.server.net.watchlist.NetworkWatchlistService$Lifecycle took to complete: 14ms
04-15 16:13:28.607 535 535 D SystemServerTiming: OnBootPhase_550_com.android.server.PinnerService
04-15 16:13:28.607 535 535 V SystemServerTiming: OnBootPhase_550_com.android.server.PinnerService took to complete: 0ms
04-15 16:13:28.607 535 535 D SystemServerTiming: OnBootPhase_550_com.android.server.integrity.AppIntegrityManagerService
04-15 16:13:28.617 535 535 V SystemServerTiming: OnBootPhase_550_com.android.server.integrity.AppIntegrityManagerService took to complete: 0ms
04-15 16:13:28.617 535 535 D SystemServerTiming: OnBootPhase_550_com.android.server.logcat.LogcatManagerService
04-15 16:13:28.618 535 535 V SystemServerTiming: OnBootPhase_550_com.android.server.logcat.LogcatManagerService took to complete: 0ms
04-15 16:13:28.618 535 535 D SystemServerTiming: OnBootPhase_550_com.android.server.inputmethod.InputMethodManagerService$Lifecycle
04-15 16:13:28.621 535 605 D SystemServerTimingAsync: InitThreadPoolExec:Lazily initialize IMMS#mImeDrawsImeNavBarRes
04-15 16:13:28.622 535 605 D SystemServerInitThreadPool: Started executing Lazily initialize IMMS#mImeDrawsImeNavBarRes
04-15 16:13:28.768 535 535 W SystemServiceManager: Service com.android.server.inputmethod.InputMethodManagerService$Lifecycle took 150 ms in onBootPhase
04-15 16:13:28.769 535 535 V SystemServerTiming: OnBootPhase_550_com.android.server.inputmethod.InputMethodManagerService$Lifecycle took to complete: 150ms
04-15 16:13:28.770 535 535 D SystemServerTiming: OnBootPhase_550_com.android.server.accessibility.AccessibilityManagerService$Lifecycle
04-15 16:13:28.770 535 535 V SystemServerTiming: OnBootPhase_550_com.android.server.accessibility.AccessibilityManagerService$Lifecycle took to complete: 0ms
04-15 16:13:28.771 535 535 D SystemServerTiming: OnBootPhase_550_com.android.server.StorageManagerService$Lifecycle
04-15 16:13:28.771 535 535 V SystemServerTiming: OnBootPhase_550_com.android.server.StorageManagerService$Lifecycle took to complete: 0ms
04-15 16:13:28.776 535 535 D SystemServerTiming: OnBootPhase_550_com.android.server.usage.StorageStatsService$Lifecycle
04-15 16:13:28.776 535 535 V SystemServerTiming: OnBootPhase_550_com.android.server.usage.StorageStatsService$Lifecycle took to complete: 0ms
04-15 16:13:28.776 535 535 D SystemServerTiming: OnBootPhase_550_com.android.server.UiModeManagerService
04-15 16:13:28.776 535 535 V SystemServerTiming: OnBootPhase_550_com.android.server.UiModeManagerService took to complete: 0ms
04-15 16:13:28.777 535 535 D SystemServerTiming: OnBootPhase_550_com.android.server.locales.LocaleManagerService
04-15 16:13:28.777 535 535 V SystemServerTiming: OnBootPhase_550_com.android.server.locales.LocaleManagerService took to complete: 0ms
04-15 16:13:28.777 535 535 D SystemServerTiming: OnBootPhase_550_com.android.server.grammaticalinflection.GrammaticalInflectionService
04-15 16:13:28.777 535 535 V SystemServerTiming: OnBootPhase_550_com.android.server.grammaticalinflection.GrammaticalInflectionService took to complete: 0ms
04-15 16:13:28.777 535 535 D SystemServerTiming: OnBootPhase_550_com.android.server.apphibernation.AppHibernationService
04-15 16:13:28.777 535 535 V SystemServerTiming: OnBootPhase_550_com.android.server.apphibernation.AppHibernationService took to complete: 0ms
04-15 16:13:28.777 535 535 D SystemServerTiming: OnBootPhase_550_com.android.server.locksettings.LockSettingsService$Lifecycle
04-15 16:13:28.780 535 605 W system_server: Long monitor contention with owner main (535) at void com.android.server.inputmethod.InputMethodManagerService.systemRunning()(InputMethodManagerService.java:1991) waiters=0 in void com.android.server.inputmethod.InputMethodManagerService.lambda$systemRunning$2(int) for 144ms
04-15 16:13:28.820 535 605 D SystemServerInitThreadPool: Finished executing Lazily initialize IMMS#mImeDrawsImeNavBarRes
04-15 16:13:28.820 535 605 V SystemServerTimingAsync: InitThreadPoolExec:Lazily initialize IMMS#mImeDrawsImeNavBarRes took to complete: 198ms
04-15 16:13:28.829 452 496 D MediaCodecList: Allowing only non-surface-encoder OMX codecs
04-15 16:13:28.839 132 132 I hwservicemanager: getTransport: Cannot find entry android.hardware.media.omx@1.0::IOmxStore/default in either framework or device VINTF manifest.
04-15 16:13:28.841 452 496 E OmxInfoBuilder: Cannot find an IOmxStore service.
04-15 16:13:28.841 452 496 D MediaCodecList: ignored failed builder
04-15 16:13:28.848 535 535 I RebootEscrowManager: No reboot escrow data found for users, skipping loading escrow data
04-15 16:13:28.855 535 535 W SystemServiceManager: Service com.android.server.locksettings.LockSettingsService$Lifecycle took 78 ms in onBootPhase
04-15 16:13:28.856 452 496 I Codec2Client: Available Codec2 services: "default" "software"
04-15 16:13:28.860 535 535 V SystemServerTiming: OnBootPhase_550_com.android.server.locksettings.LockSettingsService$Lifecycle took to complete: 79ms
04-15 16:13:28.860 535 535 D SystemServerTiming: OnBootPhase_550_com.android.server.testharness.TestHarnessModeService
04-15 16:13:28.860 535 535 V SystemServerTiming: OnBootPhase_550_com.android.server.testharness.TestHarnessModeService took to complete: 0ms
04-15 16:13:28.861 535 535 D SystemServerTiming: OnBootPhase_550_com.android.server.DeviceIdleController
04-15 16:13:28.861 535 535 V SystemServerTiming: OnBootPhase_550_com.android.server.DeviceIdleController took to complete: 0ms
04-15 16:13:28.861 535 535 D SystemServerTiming: OnBootPhase_550_com.android.server.devicepolicy.DevicePolicyManagerService$Lifecycle
04-15 16:13:28.862 535 535 I DevicePolicyManager: Started device policies migration to the device policy engine.
04-15 16:13:28.870 535 535 V SystemServerTiming: OnBootPhase_550_com.android.server.devicepolicy.DevicePolicyManagerService$Lifecycle took to complete: 9ms
04-15 16:13:28.872 535 535 D SystemServerTiming: OnBootPhase_550_com.android.server.texttospeech.TextToSpeechManagerService
04-15 16:13:28.872 535 535 V SystemServerTiming: OnBootPhase_550_com.android.server.texttospeech.TextToSpeechManagerService took to complete: 0ms
04-15 16:13:28.872 535 535 D SystemServerTiming: OnBootPhase_550_com.android.server.ambientcontext.AmbientContextManagerService
04-15 16:13:28.872 535 535 V SystemServerTiming: OnBootPhase_550_com.android.server.ambientcontext.AmbientContextManagerService took to complete: 0ms
04-15 16:13:28.872 535 535 D SystemServerTiming: OnBootPhase_550_com.android.server.wearable.WearableSensingManagerService
04-15 16:13:28.872 535 535 V SystemServerTiming: OnBootPhase_550_com.android.server.wearable.WearableSensingManagerService took to complete: 0ms
04-15 16:13:28.872 535 535 D SystemServerTiming: OnBootPhase_550_com.android.server.speech.SpeechRecognitionManagerService
04-15 16:13:28.872 535 535 V SystemServerTiming: OnBootPhase_550_com.android.server.speech.SpeechRecognitionManagerService took to complete: 0ms
04-15 16:13:28.872 535 535 D SystemServerTiming: OnBootPhase_550_com.android.server.searchui.SearchUiManagerService
04-15 16:13:28.872 535 535 V SystemServerTiming: OnBootPhase_550_com.android.server.searchui.SearchUiManagerService took to complete: 0ms
04-15 16:13:28.873 535 535 D SystemServerTiming: OnBootPhase_550_com.android.server.smartspace.SmartspaceManagerService
04-15 16:13:28.873 535 535 V SystemServerTiming: OnBootPhase_550_com.android.server.smartspace.SmartspaceManagerService took to complete: 0ms
04-15 16:13:28.873 535 535 D SystemServerTiming: OnBootPhase_550_com.android.server.graphics.fonts.FontManagerService$Lifecycle
04-15 16:13:28.873 535 535 V SystemServerTiming: OnBootPhase_550_com.android.server.graphics.fonts.FontManagerService$Lifecycle took to complete: 0ms
04-15 16:13:28.873 535 535 D SystemServerTiming: OnBootPhase_550_com.android.server.textservices.TextServicesManagerService$Lifecycle
04-15 16:13:28.873 535 535 V SystemServerTiming: OnBootPhase_550_com.android.server.textservices.TextServicesManagerService$Lifecycle took to complete: 0ms
04-15 16:13:28.873 535 535 D SystemServerTiming: OnBootPhase_550_com.android.server.textclassifier.TextClassificationManagerService$Lifecycle
04-15 16:13:28.873 535 535 V SystemServerTiming: OnBootPhase_550_com.android.server.textclassifier.TextClassificationManagerService$Lifecycle took to complete: 0ms
04-15 16:13:28.873 535 535 D SystemServerTiming: OnBootPhase_550_com.android.server.NetworkScoreService$Lifecycle
04-15 16:13:28.873 535 535 V SystemServerTiming: OnBootPhase_550_com.android.server.NetworkScoreService$Lifecycle took to complete: 0ms
04-15 16:13:28.873 535 535 D SystemServerTiming: OnBootPhase_550_com.android.server.NetworkStatsServiceInitializer
04-15 16:13:28.879 341 398 I GoldfishComponentStore: in init
04-15 16:13:28.881 341 398 I GoldfishComponentStore: loading dll of path libcodec2_goldfish_avcdec.so
04-15 16:13:28.927 341 398 I GoldfishComponentStore: Create()
04-15 16:13:28.950 341 398 I GoldfishComponentStore: created interface
04-15 16:13:28.956 341 398 I GoldfishComponentStore: in ~ComponentModule
04-15 16:13:28.957 341 398 I GoldfishComponentStore: unloading dll
04-15 16:13:28.958 341 398 I GoldfishComponentStore: in init
04-15 16:13:28.958 341 398 I GoldfishComponentStore: loading dll of path libcodec2_goldfish_hevcdec.so
04-15 16:13:28.970 535 535 I NetworkStats: Starting import : attempts 0/1
04-15 16:13:28.976 341 398 I GoldfishComponentStore: Create()
04-15 16:13:28.982 535 535 I NetworkStats: Importing platform collection for prefix dev
04-15 16:13:28.986 341 398 I GoldfishComponentStore: created interface
04-15 16:13:28.987 341 398 I GoldfishComponentStore: in ~ComponentModule
04-15 16:13:28.987 341 398 I GoldfishComponentStore: unloading dll
04-15 16:13:28.987 341 398 I GoldfishComponentStore: in init
04-15 16:13:28.987 341 398 I GoldfishComponentStore: loading dll of path libcodec2_goldfish_vp8dec.so
04-15 16:13:28.989 535 535 I NetworkStats: Successfully read platform collection spanning from +292278994-08-17T07:12:55.807Z to -292275055-05-16T16:47:04.192Z
04-15 16:13:28.989 535 535 I NetworkStats: Importing platform collection for prefix xt
04-15 16:13:28.990 535 535 I NetworkStats: Successfully read platform collection spanning from +292278994-08-17T07:12:55.807Z to -292275055-05-16T16:47:04.192Z
04-15 16:13:28.991 535 535 I NetworkStats: Importing platform collection for prefix uid
04-15 16:13:28.993 535 535 I NetworkStats: Successfully read platform collection spanning from +292278994-08-17T07:12:55.807Z to -292275055-05-16T16:47:04.192Z
04-15 16:13:28.993 535 535 I NetworkStats: Importing platform collection for prefix uid_tag
04-15 16:13:28.994 535 535 I NetworkStats: Successfully read platform collection spanning from +292278994-08-17T07:12:55.807Z to -292275055-05-16T16:47:04.192Z
04-15 16:13:28.994 535 535 I NetworkStats: Rewriting data with imported collections with cutoff -292275055-05-16T16:47:04.192Z
04-15 16:13:29.007 535 535 I NetworkStats: Successfully imported platform collections
04-15 16:13:29.015 341 398 I GoldfishComponentStore: Create()
04-15 16:13:29.019 341 398 I C2GoldfishVpxDec: platform store is 0x7415bdc49548, reflector is 0x74174dc47258
04-15 16:13:29.022 535 535 W BestClock: java.time.DateTimeException: Missing network time fix
04-15 16:13:29.035 341 398 I GoldfishComponentStore: created interface
04-15 16:13:29.038 341 398 I GoldfishComponentStore: in ~ComponentModule
04-15 16:13:29.039 341 398 I GoldfishComponentStore: unloading dll
04-15 16:13:29.039 341 398 I GoldfishComponentStore: in init
04-15 16:13:29.040 341 398 I GoldfishComponentStore: loading dll of path libcodec2_goldfish_vp9dec.so
04-15 16:13:29.046 341 398 I GoldfishComponentStore: Create()
04-15 16:13:29.047 341 398 I C2GoldfishVpxDec: platform store is 0x7415bdc4a308, reflector is 0x74174dc48058
04-15 16:13:29.056 341 398 I GoldfishComponentStore: created interface
04-15 16:13:29.057 341 398 I GoldfishComponentStore: in ~ComponentModule
04-15 16:13:29.057 341 398 I GoldfishComponentStore: unloading dll
04-15 16:13:29.077 328 328 I netd : tetherGetStats() -> {[]} <13.47ms>
04-15 16:13:29.100 535 535 I TetheringManager: registerTetheringEventCallback caller:android
04-15 16:13:29.109 328 328 I netd : registerUnsolicitedEventListener(interface:0x71ea24c88c70) <0.48ms>
04-15 16:13:29.149 328 328 I netd : bandwidthSetGlobalAlert(2097152) <25.56ms>
04-15 16:13:29.151 535 535 W SystemServiceManager: Service com.android.server.NetworkStatsServiceInitializer took 278 ms in onBootPhase
04-15 16:13:29.151 535 535 V SystemServerTiming: OnBootPhase_550_com.android.server.NetworkStatsServiceInitializer took to complete: 278ms
04-15 16:13:29.157 535 535 D SystemServerTiming: OnBootPhase_550_com.android.server.wifi.WifiService
04-15 16:13:29.157 535 535 V SystemServerTiming: OnBootPhase_550_com.android.server.wifi.WifiService took to complete: 0ms
04-15 16:13:29.157 535 535 D SystemServerTiming: OnBootPhase_550_com.android.server.wifi.scanner.WifiScanningService
04-15 16:13:29.158 535 535 V SystemServerTiming: OnBootPhase_550_com.android.server.wifi.scanner.WifiScanningService took to complete: 0ms
04-15 16:13:29.158 535 535 D SystemServerTiming: OnBootPhase_550_com.android.server.wifi.p2p.WifiP2pService
04-15 16:13:29.159 535 535 V SystemServerTiming: OnBootPhase_550_com.android.server.wifi.p2p.WifiP2pService took to complete: 0ms
04-15 16:13:29.159 535 535 D SystemServerTiming: OnBootPhase_550_com.android.server.ConnectivityServiceInitializer
04-15 16:13:29.159 535 535 V SystemServerTiming: OnBootPhase_550_com.android.server.ConnectivityServiceInitializer took to complete: 0ms
04-15 16:13:29.159 535 535 D SystemServerTiming: OnBootPhase_550_com.android.server.notification.NotificationManagerService
04-15 16:13:29.160 535 535 V SystemServerTiming: OnBootPhase_550_com.android.server.notification.NotificationManagerService took to complete: 0ms
04-15 16:13:29.160 535 535 D SystemServerTiming: OnBootPhase_550_com.android.server.storage.DeviceStorageMonitorService
04-15 16:13:29.161 535 535 V SystemServerTiming: OnBootPhase_550_com.android.server.storage.DeviceStorageMonitorService took to complete: 0ms
04-15 16:13:29.161 535 535 D SystemServerTiming: OnBootPhase_550_com.android.server.timedetector.TimeDetectorService$Lifecycle
04-15 16:13:29.161 535 535 V SystemServerTiming: OnBootPhase_550_com.android.server.timedetector.TimeDetectorService$Lifecycle took to complete: 0ms
04-15 16:13:29.161 535 535 D SystemServerTiming: OnBootPhase_550_com.android.server.location.LocationManagerService$Lifecycle
04-15 16:13:29.162 535 535 V SystemServerTiming: OnBootPhase_550_com.android.server.location.LocationManagerService$Lifecycle took to complete: 0ms
04-15 16:13:29.162 535 535 D SystemServerTiming: OnBootPhase_550_com.android.server.timezonedetector.TimeZoneDetectorService$Lifecycle
04-15 16:13:29.162 535 535 V SystemServerTiming: OnBootPhase_550_com.android.server.timezonedetector.TimeZoneDetectorService$Lifecycle took to complete: 0ms
04-15 16:13:29.162 535 535 D SystemServerTiming: OnBootPhase_550_com.android.server.location.altitude.AltitudeService$Lifecycle
04-15 16:13:29.163 535 535 V SystemServerTiming: OnBootPhase_550_com.android.server.location.altitude.AltitudeService$Lifecycle took to complete: 0ms
04-15 16:13:29.163 535 535 D SystemServerTiming: OnBootPhase_550_com.android.server.timezonedetector.location.LocationTimeZoneManagerService$Lifecycle
04-15 16:13:29.163 535 535 V SystemServerTiming: OnBootPhase_550_com.android.server.timezonedetector.location.LocationTimeZoneManagerService$Lifecycle took to complete: 0ms
04-15 16:13:29.165 535 535 D SystemServerTiming: OnBootPhase_550_com.android.server.search.SearchManagerService$Lifecycle
04-15 16:13:29.165 535 535 V SystemServerTiming: OnBootPhase_550_com.android.server.search.SearchManagerService$Lifecycle took to complete: 0ms
04-15 16:13:29.166 535 535 D SystemServerTiming: OnBootPhase_550_com.android.server.wallpaper.WallpaperManagerService$Lifecycle
04-15 16:13:29.168 535 535 V WallpaperManagerService: bindWallpaperComponentLocked: componentName=ComponentInfo{com.android.systemui/com.android.systemui.wallpapers.ImageWallpaper}
04-15 16:13:29.171 535 535 D WallpaperManagerService: WPMS.bindWallpaperComponentLocked-ComponentInfo{com.android.systemui/com.android.systemui.wallpapers.ImageWallpaper}
04-15 16:13:29.211 535 535 D CompatibilityChangeReporter: Compat change id reported: 135634846; UID 10117; state: DISABLED
04-15 16:13:29.229 535 535 D CompatibilityChangeReporter: Compat change id reported: 177438394; UID 10117; state: DISABLED
04-15 16:13:29.231 535 535 D CompatibilityChangeReporter: Compat change id reported: 135772972; UID 10117; state: DISABLED
04-15 16:13:29.237 535 535 D CompatibilityChangeReporter: Compat change id reported: 135754954; UID 10117; state: ENABLED
04-15 16:13:29.247 535 811 I WifiClientModeImpl[170920:wlan0]: disconnectedstate enter
04-15 16:13:29.251 535 811 W WifiConnectivityManager: mConnectedSingleSavedNetworkSingleScanScheduleSec is not configured! Using default scan schedule
04-15 16:13:29.251 535 811 W WifiConnectivityManager: mConnectedSingleSavedNetworkSingleScanType is not configured! Using default scan types
04-15 16:13:29.276 535 568 W ActivityManager: Slow operation: 62ms so far, now at startProcess: asking zygote to start proc
04-15 16:13:29.279 535 568 D CompatibilityChangeReporter: Compat change id reported: 143937733; UID 10117; state: ENABLED
04-15 16:13:29.285 535 568 W ActivityManager: com.android.systemui inode == 0 (b/152760674)
04-15 16:13:29.292 535 535 W ActivityManager: Slow operation: 65ms so far, now at startProcess: done starting proc!
04-15 16:13:29.294 535 535 V WallpaperManagerService: WPMS.bindWallpaperComponentLocked-ComponentInfo{com.android.systemui/com.android.systemui.wallpapers.ImageWallpaper} took to complete: 114ms
04-15 16:13:29.314 535 535 I WallpaperDataParser: No static wallpaper imagery; defaults will be shown
04-15 16:13:29.322 535 535 W WallpaperDataParser: no current wallpaper -- first boot?
04-15 16:13:29.351 535 535 W SystemServiceManager: Service com.android.server.wallpaper.WallpaperManagerService$Lifecycle took 185 ms in onBootPhase
04-15 16:13:29.366 535 535 V SystemServerTiming: OnBootPhase_550_com.android.server.wallpaper.WallpaperManagerService$Lifecycle took to complete: 200ms
04-15 16:13:29.367 535 535 D SystemServerTiming: OnBootPhase_550_com.android.server.wallpapereffectsgeneration.WallpaperEffectsGenerationManagerService
04-15 16:13:29.367 535 535 V SystemServerTiming: OnBootPhase_550_com.android.server.wallpapereffectsgeneration.WallpaperEffectsGenerationManagerService took to complete: 0ms
04-15 16:13:29.367 535 535 D SystemServerTiming: OnBootPhase_550_com.android.server.audio.AudioService$Lifecycle
04-15 16:13:29.381 535 811 D WifiConfigStore: Writing to stores completed in 50 ms.
04-15 16:13:29.388 535 535 V SystemServerTiming: OnBootPhase_550_com.android.server.audio.AudioService$Lifecycle took to complete: 21ms
04-15 16:13:29.388 535 535 D SystemServerTiming: OnBootPhase_550_com.android.server.soundtrigger_middleware.SoundTriggerMiddlewareService$Lifecycle
04-15 16:13:29.388 535 535 V SystemServerTiming: OnBootPhase_550_com.android.server.soundtrigger_middleware.SoundTriggerMiddlewareService$Lifecycle took to complete: 0ms
04-15 16:13:29.388 535 535 D SystemServerTiming: OnBootPhase_550_com.android.server.DockObserver
04-15 16:13:29.390 535 535 V SystemServerTiming: OnBootPhase_550_com.android.server.DockObserver took to complete: 1ms
04-15 16:13:29.390 535 535 D SystemServerTiming: OnBootPhase_550_com.android.server.midi.MidiService$Lifecycle
04-15 16:13:29.390 535 535 V SystemServerTiming: OnBootPhase_550_com.android.server.midi.MidiService$Lifecycle took to complete: 0ms
04-15 16:13:29.390 535 535 D SystemServerTiming: OnBootPhase_550_com.android.server.adb.AdbService$Lifecycle
04-15 16:13:29.399 535 535 V SystemServerTiming: OnBootPhase_550_com.android.server.adb.AdbService$Lifecycle took to complete: 9ms
04-15 16:13:29.399 535 535 D SystemServerTiming: OnBootPhase_550_com.android.server.usb.UsbService$Lifecycle
04-15 16:13:29.405 535 535 V SystemServerTiming: OnBootPhase_550_com.android.server.usb.UsbService$Lifecycle took to complete: 1ms
04-15 16:13:29.405 535 535 D SystemServerTiming: OnBootPhase_550_com.android.server.twilight.TwilightService
04-15 16:13:29.405 535 535 V SystemServerTiming: OnBootPhase_550_com.android.server.twilight.TwilightService took to complete: 0ms
04-15 16:13:29.405 535 535 D SystemServerTiming: OnBootPhase_550_com.android.server.display.color.ColorDisplayService
04-15 16:13:29.405 535 535 V SystemServerTiming: OnBootPhase_550_com.android.server.display.color.ColorDisplayService took to complete: 0ms
04-15 16:13:29.405 535 535 D SystemServerTiming: OnBootPhase_550_com.android.server.job.JobSchedulerService
04-15 16:13:29.405 535 535 V SystemServerTiming: OnBootPhase_550_com.android.server.job.JobSchedulerService took to complete: 0ms
04-15 16:13:29.405 535 535 D SystemServerTiming: OnBootPhase_550_com.android.server.soundtrigger.SoundTriggerService
04-15 16:13:29.406 535 535 D SoundTriggerService: onBootPhase: 550 : false
04-15 16:13:29.410 535 564 D SystemServerTimingAsync: InitThreadPoolExec:UsbService$Lifecycle#onBootPhase
04-15 16:13:29.411 535 564 D SystemServerInitThreadPool: Started executing UsbService$Lifecycle#onBootPhase
04-15 16:13:29.412 535 535 V SystemServerTiming: OnBootPhase_550_com.android.server.soundtrigger.SoundTriggerService took to complete: 7ms
04-15 16:13:29.412 535 535 D SystemServerTiming: OnBootPhase_550_com.android.server.trust.TrustManagerService
04-15 16:13:29.412 535 535 V SystemServerTiming: OnBootPhase_550_com.android.server.trust.TrustManagerService took to complete: 0ms
04-15 16:13:29.412 535 535 D SystemServerTiming: OnBootPhase_550_com.android.server.backup.BackupManagerService$Lifecycle
04-15 16:13:29.413 535 535 V SystemServerTiming: OnBootPhase_550_com.android.server.backup.BackupManagerService$Lifecycle took to complete: 0ms
04-15 16:13:29.413 535 535 D SystemServerTiming: OnBootPhase_550_com.android.server.appwidget.AppWidgetService
04-15 16:13:29.413 535 535 V SystemServerTiming: OnBootPhase_550_com.android.server.appwidget.AppWidgetService took to complete: 0ms
04-15 16:13:29.413 535 535 D SystemServerTiming: OnBootPhase_550_com.android.server.voiceinteraction.VoiceInteractionManagerService
04-15 16:13:29.413 535 535 V SystemServerTiming: OnBootPhase_550_com.android.server.voiceinteraction.VoiceInteractionManagerService took to complete: 0ms
04-15 16:13:29.413 535 535 D SystemServerTiming: OnBootPhase_550_com.android.server.GestureLauncherService
04-15 16:13:29.413 535 535 V SystemServerTiming: OnBootPhase_550_com.android.server.GestureLauncherService took to complete: 0ms
04-15 16:13:29.413 535 535 D SystemServerTiming: OnBootPhase_550_com.android.server.SensorNotificationService
04-15 16:13:29.413 535 535 V SystemServerTiming: OnBootPhase_550_com.android.server.SensorNotificationService took to complete: 0ms
04-15 16:13:29.413 535 535 D SystemServerTiming: OnBootPhase_550_com.android.server.emergency.EmergencyAffordanceService
04-15 16:13:29.413 535 535 V SystemServerTiming: OnBootPhase_550_com.android.server.emergency.EmergencyAffordanceService took to complete: 0ms
04-15 16:13:29.413 535 535 D SystemServerTiming: OnBootPhase_550_com.android.server.blob.BlobStoreManagerService
04-15 16:13:29.423 535 535 V SystemServerTiming: OnBootPhase_550_com.android.server.blob.BlobStoreManagerService took to complete: 10ms
04-15 16:13:29.423 535 535 D SystemServerTiming: OnBootPhase_550_com.android.server.dreams.DreamManagerService
04-15 16:13:29.424 535 535 V SystemServerTiming: OnBootPhase_550_com.android.server.dreams.DreamManagerService took to complete: 0ms
04-15 16:13:29.425 535 535 D SystemServerTiming: OnBootPhase_550_com.android.server.print.PrintManagerService
04-15 16:13:29.425 535 535 V SystemServerTiming: OnBootPhase_550_com.android.server.print.PrintManagerService took to complete: 0ms
04-15 16:13:29.425 535 535 D SystemServerTiming: OnBootPhase_550_com.android.server.security.AttestationVerificationManagerService
04-15 16:13:29.425 535 535 V SystemServerTiming: OnBootPhase_550_com.android.server.security.AttestationVerificationManagerService took to complete: 0ms
04-15 16:13:29.425 535 535 D SystemServerTiming: OnBootPhase_550_com.android.server.companion.CompanionDeviceManagerService
04-15 16:13:29.425 535 535 V SystemServerTiming: OnBootPhase_550_com.android.server.companion.CompanionDeviceManagerService took to complete: 0ms
04-15 16:13:29.425 535 535 D SystemServerTiming: OnBootPhase_550_com.android.server.companion.virtual.VirtualDeviceManagerService
04-15 16:13:29.425 535 535 V SystemServerTiming: OnBootPhase_550_com.android.server.companion.virtual.VirtualDeviceManagerService took to complete: 0ms
04-15 16:13:29.425 535 535 D SystemServerTiming: OnBootPhase_550_com.android.server.restrictions.RestrictionsManagerService
04-15 16:13:29.425 535 535 V SystemServerTiming: OnBootPhase_550_com.android.server.restrictions.RestrictionsManagerService took to complete: 0ms
04-15 16:13:29.425 535 535 D SystemServerTiming: OnBootPhase_550_com.android.server.media.MediaSessionService
04-15 16:13:29.433 535 535 V SystemServerTiming: OnBootPhase_550_com.android.server.media.MediaSessionService took to complete: 8ms
04-15 16:13:29.433 535 535 D SystemServerTiming: OnBootPhase_550_com.android.server.media.MediaResourceMonitorService
04-15 16:13:29.433 535 535 V SystemServerTiming: OnBootPhase_550_com.android.server.media.MediaResourceMonitorService took to complete: 0ms
04-15 16:13:29.433 535 535 D SystemServerTiming: OnBootPhase_550_com.android.server.biometrics.sensors.face.FaceService
04-15 16:13:29.433 535 535 V SystemServerTiming: OnBootPhase_550_com.android.server.biometrics.sensors.face.FaceService took to complete: 0ms
04-15 16:13:29.433 535 535 D SystemServerTiming: OnBootPhase_550_com.android.server.biometrics.sensors.fingerprint.FingerprintService
04-15 16:13:29.434 535 535 V SystemServerTiming: OnBootPhase_550_com.android.server.biometrics.sensors.fingerprint.FingerprintService took to complete: 0ms
04-15 16:13:29.434 535 535 D SystemServerTiming: OnBootPhase_550_com.android.server.biometrics.BiometricService
04-15 16:13:29.434 535 535 V SystemServerTiming: OnBootPhase_550_com.android.server.biometrics.BiometricService took to complete: 0ms
04-15 16:13:29.434 535 535 D SystemServerTiming: OnBootPhase_550_com.android.server.biometrics.AuthService
04-15 16:13:29.434 535 535 V SystemServerTiming: OnBootPhase_550_com.android.server.biometrics.AuthService took to complete: 0ms
04-15 16:13:29.434 535 535 D SystemServerTiming: OnBootPhase_550_com.android.server.pm.ShortcutService$Lifecycle
04-15 16:13:29.434 535 535 V SystemServerTiming: OnBootPhase_550_com.android.server.pm.ShortcutService$Lifecycle took to complete: 0ms
04-15 16:13:29.434 535 535 D SystemServerTiming: OnBootPhase_550_com.android.server.pm.LauncherAppsService
04-15 16:13:29.434 535 535 V SystemServerTiming: OnBootPhase_550_com.android.server.pm.LauncherAppsService took to complete: 0ms
04-15 16:13:29.434 535 535 D SystemServerTiming: OnBootPhase_550_com.android.server.pm.CrossProfileAppsService
04-15 16:13:29.434 535 535 V SystemServerTiming: OnBootPhase_550_com.android.server.pm.CrossProfileAppsService took to complete: 0ms
04-15 16:13:29.434 535 535 D SystemServerTiming: OnBootPhase_550_com.android.server.people.PeopleService
04-15 16:13:29.434 535 535 V SystemServerTiming: OnBootPhase_550_com.android.server.people.PeopleService took to complete: 0ms
04-15 16:13:29.435 535 535 D SystemServerTiming: OnBootPhase_550_com.android.server.media.metrics.MediaMetricsManagerService
04-15 16:13:29.435 535 535 V SystemServerTiming: OnBootPhase_550_com.android.server.media.metrics.MediaMetricsManagerService took to complete: 0ms
04-15 16:13:29.435 535 535 D SystemServerTiming: OnBootPhase_550_com.android.server.pm.BackgroundInstallControlService
04-15 16:13:29.435 535 535 V SystemServerTiming: OnBootPhase_550_com.android.server.pm.BackgroundInstallControlService took to complete: 0ms
04-15 16:13:29.435 535 535 D SystemServerTiming: OnBootPhase_550_com.android.server.media.projection.MediaProjectionManagerService
04-15 16:13:29.435 535 535 V SystemServerTiming: OnBootPhase_550_com.android.server.media.projection.MediaProjectionManagerService took to complete: 0ms
04-15 16:13:29.435 535 535 D SystemServerTiming: OnBootPhase_550_com.android.server.slice.SliceManagerService$Lifecycle
04-15 16:13:29.435 535 535 V SystemServerTiming: OnBootPhase_550_com.android.server.slice.SliceManagerService$Lifecycle took to complete: 0ms
04-15 16:13:29.435 535 535 D SystemServerTiming: OnBootPhase_550_com.android.server.stats.StatsCompanion$Lifecycle
04-15 16:13:29.435 535 535 V SystemServerTiming: OnBootPhase_550_com.android.server.stats.StatsCompanion$Lifecycle took to complete: 0ms
04-15 16:13:29.435 535 535 D SystemServerTiming: OnBootPhase_550_com.android.server.scheduling.RebootReadinessManagerService$Lifecycle
04-15 16:13:29.435 535 535 V SystemServerTiming: OnBootPhase_550_com.android.server.scheduling.RebootReadinessManagerService$Lifecycle took to complete: 0ms
04-15 16:13:29.435 535 535 D SystemServerTiming: OnBootPhase_550_com.android.server.stats.pull.StatsPullAtomService
04-15 16:13:29.440 535 535 V SystemServerTiming: OnBootPhase_550_com.android.server.stats.pull.StatsPullAtomService took to complete: 0ms
04-15 16:13:29.440 535 535 D SystemServerTiming: OnBootPhase_550_com.android.server.stats.bootstrap.StatsBootstrapAtomService$Lifecycle
04-15 16:13:29.440 535 535 V SystemServerTiming: OnBootPhase_550_com.android.server.stats.bootstrap.StatsBootstrapAtomService$Lifecycle took to complete: 0ms
04-15 16:13:29.440 535 535 D SystemServerTiming: OnBootPhase_550_com.android.server.incident.IncidentCompanionService
04-15 16:13:29.440 535 535 V SystemServerTiming: OnBootPhase_550_com.android.server.incident.IncidentCompanionService took to complete: 0ms
04-15 16:13:29.440 535 535 D SystemServerTiming: OnBootPhase_550_com.android.server.sdksandbox.SdkSandboxManagerService$Lifecycle
04-15 16:13:29.440 535 535 V SystemServerTiming: OnBootPhase_550_com.android.server.sdksandbox.SdkSandboxManagerService$Lifecycle took to complete: 0ms
04-15 16:13:29.440 535 535 D SystemServerTiming: OnBootPhase_550_com.android.server.adservices.AdServicesManagerService$Lifecycle
04-15 16:13:29.440 535 535 V SystemServerTiming: OnBootPhase_550_com.android.server.adservices.AdServicesManagerService$Lifecycle took to complete: 0ms
04-15 16:13:29.441 535 535 D SystemServerTiming: OnBootPhase_550_com.android.server.ondevicepersonalization.OnDevicePersonalizationSystemService$Lifecycle
04-15 16:13:29.441 535 535 V SystemServerTiming: OnBootPhase_550_com.android.server.ondevicepersonalization.OnDevicePersonalizationSystemService$Lifecycle took to complete: 0ms
04-15 16:13:29.441 535 535 D SystemServerTiming: OnBootPhase_550_com.android.server.MmsServiceBroker
04-15 16:13:29.441 535 535 V SystemServerTiming: OnBootPhase_550_com.android.server.MmsServiceBroker took to complete: 0ms
04-15 16:13:29.441 535 535 D SystemServerTiming: OnBootPhase_550_com.android.server.autofill.AutofillManagerService
04-15 16:13:29.441 535 535 V SystemServerTiming: OnBootPhase_550_com.android.server.autofill.AutofillManagerService took to complete: 0ms
04-15 16:13:29.441 535 535 D SystemServerTiming: OnBootPhase_550_com.android.server.credentials.CredentialManagerService
04-15 16:13:29.441 535 535 V SystemServerTiming: OnBootPhase_550_com.android.server.credentials.CredentialManagerService took to complete: 0ms
04-15 16:13:29.441 535 535 D SystemServerTiming: OnBootPhase_550_com.android.server.selectiontoolbar.SelectionToolbarManagerService
04-15 16:13:29.441 535 535 V SystemServerTiming: OnBootPhase_550_com.android.server.selectiontoolbar.SelectionToolbarManagerService took to complete: 0ms
04-15 16:13:29.441 535 535 D SystemServerTiming: OnBootPhase_550_com.android.server.clipboard.ClipboardService
04-15 16:13:29.441 535 535 V SystemServerTiming: OnBootPhase_550_com.android.server.clipboard.ClipboardService took to complete: 0ms
04-15 16:13:29.441 535 535 D SystemServerTiming: OnBootPhase_550_com.android.server.appbinding.AppBindingService$Lifecycle
04-15 16:13:29.443 535 535 I AppBindingService: Updating constants with: null
04-15 16:13:29.448 535 535 V SystemServerTiming: OnBootPhase_550_com.android.server.appbinding.AppBindingService$Lifecycle took to complete: 6ms
04-15 16:13:29.448 535 535 D SystemServerTiming: OnBootPhase_550_com.android.server.tracing.TracingServiceProxy
04-15 16:13:29.448 535 535 V SystemServerTiming: OnBootPhase_550_com.android.server.tracing.TracingServiceProxy took to complete: 0ms
04-15 16:13:29.448 535 535 D SystemServerTiming: OnBootPhase_550_com.android.server.policy.PermissionPolicyService
04-15 16:13:29.448 535 535 D SystemServerTiming: Permission_grant_default_permissions-0
04-15 16:13:29.457 329 329 I Zygote : Entering forkRepeatedly native zygote loop
04-15 16:13:29.472 535 535 D SystemServerTiming: Permission_callback_waiting-0
04-15 16:13:29.474 535 874 D CompatibilityChangeReporter: Compat change id reported: 135634846; UID 10138; state: DISABLED
04-15 16:13:29.475 535 874 D CompatibilityChangeReporter: Compat change id reported: 177438394; UID 10138; state: DISABLED
04-15 16:13:29.475 535 874 D CompatibilityChangeReporter: Compat change id reported: 135772972; UID 10138; state: DISABLED
04-15 16:13:29.480 535 874 D CompatibilityChangeReporter: Compat change id reported: 135754954; UID 10138; state: ENABLED
04-15 16:13:29.530 535 609 I UsbPortManager: all: opID:1 successful
04-15 16:13:29.531 329 329 D Zygote : Forked child process 893
04-15 16:13:29.545 535 568 W ActivityManager: Slow operation: 345ms so far, now at startProcess: returned from zygote!
04-15 16:13:29.547 535 568 W ActivityManager: Slow operation: 348ms so far, now at startProcess: done updating battery stats
04-15 16:13:29.560 535 568 W ActivityManager: Slow operation: 361ms so far, now at startProcess: building log message
04-15 16:13:29.561 535 568 I ActivityManager: Start proc 893:com.android.systemui/u0a117 for service {com.android.systemui/com.android.systemui.wallpapers.ImageWallpaper}
04-15 16:13:29.561 535 568 W ActivityManager: Slow operation: 362ms so far, now at startProcess: starting to update pids map
04-15 16:13:29.562 535 568 W ActivityManager: Slow operation: 363ms so far, now at startProcess: done updating pids map
04-15 16:13:29.563 535 568 W ActivityManager: Slow operation: 96ms so far, now at startProcess: asking zygote to start proc
04-15 16:13:29.586 535 564 D SystemServerInitThreadPool: Finished executing UsbService$Lifecycle#onBootPhase
04-15 16:13:29.594 535 564 V SystemServerTimingAsync: InitThreadPoolExec:UsbService$Lifecycle#onBootPhase took to complete: 183ms
04-15 16:13:29.594 535 568 D CompatibilityChangeReporter: Compat change id reported: 143937733; UID 10138; state: ENABLED
04-15 16:13:29.595 535 568 W ActivityManager: com.android.permissioncontroller inode == 0 (b/152760674)
04-15 16:13:29.625 459 493 I mediaswcodec: missing struct descriptor #Param::CoreIndex(--001) for field red of struct #Param::CoreIndex(--002)
04-15 16:13:29.626 459 493 I mediaswcodec: missing struct descriptor #Param::CoreIndex(--001) for field green of struct #Param::CoreIndex(--002)
04-15 16:13:29.627 459 493 I mediaswcodec: missing struct descriptor #Param::CoreIndex(--001) for field blue of struct #Param::CoreIndex(--002)
04-15 16:13:29.627 459 493 I mediaswcodec: missing struct descriptor #Param::CoreIndex(--001) for field white of struct #Param::CoreIndex(--002)
04-15 16:13:29.645 535 829 D BluetoothHeadset: Binding service...
04-15 16:13:29.646 535 829 D BluetoothManagerService: Trying to bind to profile: 1, while Bluetooth was disabled
04-15 16:13:29.647 535 829 D BluetoothA2dp: Binding service...
04-15 16:13:29.647 535 829 D BluetoothManagerService: Trying to bind to profile: 2, while Bluetooth was disabled
04-15 16:13:29.650 535 829 D BluetoothHearingAid: Binding service...
04-15 16:13:29.651 535 829 D BluetoothManagerService: Trying to bind to profile: 21, while Bluetooth was disabled
04-15 16:13:29.651 535 829 D BluetoothLeAudio: Binding service...
04-15 16:13:29.652 535 829 D BluetoothManagerService: Trying to bind to profile: 22, while Bluetooth was disabled
04-15 16:13:29.680 0 0 I servicemanager: Could not find android.hardware.graphics.allocator.IAllocator/default in the VINTF manifest.
04-15 16:13:29.681 392 610 I AudioFlinger: systemReady
04-15 16:13:29.722 535 830 W BroadcastLoopers: Found previously unknown looper Thread[AudioDeviceBroker,5,main]
04-15 16:13:29.742 535 811 D WifiConfigStore: Writing to stores completed in 276 ms.
04-15 16:13:29.751 132 132 I hwservicemanager: getTransport: Cannot find entry android.hardware.graphics.mapper@4.0::IMapper/default in either framework or device VINTF manifest.
04-15 16:13:29.775 459 493 I Gralloc4: mapper 4.x is not supported
04-15 16:13:29.837 535 811 D WifiConfigStore: Writing to stores completed in 82 ms.
04-15 16:13:29.847 328 328 I netd : interfaceGetCfg(wlan0) -> {InterfaceConfigurationParcel{ifName: wlan0, hwAddr: 02:15:b2:00:00:00, ipv4Addr: 0.0.0.0, prefixLength: 0, flags: [up, broadcast, multicast]}} <6.16ms>
04-15 16:13:29.876 893 893 I ndroid.systemui: Using CollectorTypeCC GC.
04-15 16:13:29.911 893 893 W ndroid.systemui: Unexpected CPU variant for x86: x86_64.
04-15 16:13:29.911 893 893 W ndroid.systemui: Known variants: atom, sandybridge, silvermont, goldmont, goldmont-plus, tremont, kabylake, default
04-15 16:13:29.948 535 558 W WindowManager: Keyguard drawn timeout. Setting mKeyguardDrawComplete
04-15 16:13:29.953 535 558 W Looper : Slow dispatch took 280ms android.ui h=com.android.server.policy.PhoneWindowManager$PolicyHandler c=null m=6
04-15 16:13:29.961 893 893 E ndroid.systemui: Not starting debugger since process cannot load the jdwp agent.
04-15 16:13:29.963 329 329 D Zygote : Forked child process 900
04-15 16:13:29.984 535 568 W ActivityManager: Slow operation: 517ms so far, now at startProcess: returned from zygote!
04-15 16:13:29.986 535 568 W ActivityManager: Slow operation: 519ms so far, now at startProcess: done updating battery stats
04-15 16:13:29.986 535 568 W ActivityManager: Slow operation: 519ms so far, now at startProcess: building log message
04-15 16:13:29.987 535 568 I ActivityManager: Start proc 900:com.android.permissioncontroller/u0a138 for service {com.android.permissioncontroller/com.android.permissioncontroller.permission.service.PermissionControllerServiceImpl}
04-15 16:13:29.987 535 568 W ActivityManager: Slow operation: 520ms so far, now at startProcess: starting to update pids map
04-15 16:13:29.987 535 568 W ActivityManager: Slow operation: 520ms so far, now at startProcess: done updating pids map
04-15 16:13:30.147 900 900 I ssioncontroller: Using CollectorTypeCC GC.
04-15 16:13:30.154 900 900 W ssioncontroller: Unexpected CPU variant for x86: x86_64.
04-15 16:13:30.154 900 900 W ssioncontroller: Known variants: atom, sandybridge, silvermont, goldmont, goldmont-plus, tremont, kabylake, default
04-15 16:13:30.192 900 900 E ssioncontroller: Not starting debugger since process cannot load the jdwp agent.
04-15 16:13:30.218 535 552 D GameManagerService: User ID '0' does not have a Game Mode selected for package: 'com.android.systemui'
04-15 16:13:30.222 535 552 D CompatibilityChangeReporter: Compat change id reported: 168419799; UID 10117; state: DISABLED
04-15 16:13:30.225 535 552 D CompatibilityChangeReporter: Compat change id reported: 273564678; UID 10117; state: DISABLED
04-15 16:13:30.327 535 552 W ActivityManager: Slow operation: 118ms so far, now at attachApplicationLocked: immediately after bindApplication
04-15 16:13:30.332 535 552 W ActivityManager: Slow operation: 123ms so far, now at attachApplicationLocked: after updateLruProcessLocked
04-15 16:13:30.385 535 609 D GameManagerService: User ID '0' does not have a Game Mode selected for package: 'com.android.permissioncontroller'
04-15 16:13:30.386 535 609 D CompatibilityChangeReporter: Compat change id reported: 168419799; UID 10138; state: DISABLED
04-15 16:13:30.386 535 609 D CompatibilityChangeReporter: Compat change id reported: 273564678; UID 10138; state: DISABLED
04-15 16:13:30.397 893 893 D CompatibilityChangeReporter: Compat change id reported: 171979766; UID 10117; state: ENABLED
04-15 16:13:30.406 893 893 D CompatibilityChangeReporter: Compat change id reported: 242716250; UID 10117; state: ENABLED
04-15 16:13:30.430 535 624 D CompatibilityChangeReporter: Compat change id reported: 265195908; UID 10117; state: ENABLED
04-15 16:13:30.431 535 624 D CompatibilityChangeReporter: Compat change id reported: 265195908; UID 10138; state: ENABLED
04-15 16:13:30.442 900 900 D CompatibilityChangeReporter: Compat change id reported: 171979766; UID 10138; state: ENABLED
04-15 16:13:30.443 900 900 D CompatibilityChangeReporter: Compat change id reported: 242716250; UID 10138; state: ENABLED
04-15 16:13:30.479 535 552 D CompatibilityChangeReporter: Compat change id reported: 170503758; UID 10117; state: ENABLED
04-15 16:13:30.489 535 609 D CompatibilityChangeReporter: Compat change id reported: 170503758; UID 10138; state: ENABLED
04-15 16:13:30.493 900 900 D CompatibilityChangeReporter: Compat change id reported: 3400644; UID 10138; state: ENABLED
04-15 16:13:30.501 893 893 D CompatibilityChangeReporter: Compat change id reported: 3400644; UID 10117; state: ENABLED
04-15 16:13:30.509 893 893 D ApplicationLoaders: Returning zygote-cached class loader: /system_ext/framework/androidx.window.extensions.jar
04-15 16:13:30.510 893 893 D ApplicationLoaders: Returning zygote-cached class loader: /system_ext/framework/androidx.window.sidecar.jar
04-15 16:13:30.514 900 900 D ApplicationLoaders: Returning zygote-cached class loader: /system_ext/framework/androidx.window.extensions.jar
04-15 16:13:30.514 900 900 D ApplicationLoaders: Returning zygote-cached class loader: /system_ext/framework/androidx.window.sidecar.jar
04-15 16:13:30.593 893 893 D nativeloader: Configuring clns-shared-6 for other apk /system_ext/priv-app/SystemUI/SystemUI.apk. target_sdk_version=34, uses_libraries=, library_path=/system_ext/priv-app/SystemUI/lib/x86_64:/system/lib64:/system_ext/lib64, permitted_path=/data:/mnt/expand:/data/user_de/0/com.android.systemui:/system_ext/priv-app/SystemUI:/system/lib64:/system_ext/lib64
04-15 16:13:30.610 900 900 D nativeloader: Configuring clns-shared-6 for other apk /system/framework/org.apache.http.legacy.jar. target_sdk_version=34, uses_libraries=ALL, library_path=/apex/com.android.permission/priv-app/PermissionController@UE1A.230829.036.A1/lib/x86_64:/system/lib64:/system_ext/lib64, permitted_path=/data:/mnt/expand:/data/user_de/0/com.android.permissioncontroller:/apex/com.android.permission/priv-app/PermissionController@UE1A.230829.036.A1:/system/lib64:/system_ext/lib64
04-15 16:13:30.671 900 900 D nativeloader: Configuring clns-shared-7 for other apk /apex/com.android.permission/priv-app/PermissionController@UE1A.230829.036.A1/PermissionController.apk. target_sdk_version=34, uses_libraries=, library_path=/apex/com.android.permission/priv-app/PermissionController@UE1A.230829.036.A1/lib/x86_64:/system/lib64:/system_ext/lib64, permitted_path=/data:/mnt/expand:/data/user_de/0/com.android.permissioncontroller:/apex/com.android.permission/priv-app/PermissionController@UE1A.230829.036.A1:/system/lib64:/system_ext/lib64
04-15 16:13:30.682 900 900 D nativeloader: InitApexLibraries:
04-15 16:13:30.682 900 900 D nativeloader: com_android_adservices: libhpke_jni.so:libtflite_support_classifiers_native.so
04-15 16:13:30.682 900 900 D nativeloader: com_android_appsearch: libicing.so
04-15 16:13:30.682 900 900 D nativeloader: com_android_art: libartservice.so
04-15 16:13:30.682 900 900 D nativeloader: com_android_btservices: libbluetooth_jni.so
04-15 16:13:30.682 900 900 D nativeloader: com_android_conscrypt: libjavacrypto.so
04-15 16:13:30.682 900 900 D nativeloader: com_android_extservices: libtflite_support_classifiers_native.so
04-15 16:13:30.682 900 900 D nativeloader: com_android_os_statsd: libstats_jni.so
04-15 16:13:30.682 900 900 D nativeloader: com_android_tethering: libandroid_net_connectivity_com_android_net_module_util_jni.so:libcronet.114.0.5735.84.so:libframework-connectivity-jni.so:libframework-connectivity-tiramisu-jni.so:libservice-connectivity.so
04-15 16:13:30.682 900 900 D nativeloader: com_android_uwb: libuwb_uci_jni_rust.so
04-15 16:13:30.682 900 900 D nativeloader: com_android_virt: libvirtualizationservice_jni.so:libvirtualmachine_jni.so
04-15 16:13:30.759 459 493 I mediaswcodec: missing struct descriptor #Param::CoreIndex(--004) for field values of struct #Param::CoreIndex(F-12004)
04-15 16:13:30.760 459 493 I mediaswcodec: missing struct descriptor #Param::CoreIndex(--1812) for field values of struct #Param::CoreIndex(F-11812)
04-15 16:13:30.778 900 900 V GraphicsEnvironment: Currently set values for:
04-15 16:13:30.779 900 900 V GraphicsEnvironment: angle_gl_driver_selection_pkgs=[]
04-15 16:13:30.780 893 893 V GraphicsEnvironment: Currently set values for:
04-15 16:13:30.781 893 893 V GraphicsEnvironment: angle_gl_driver_selection_pkgs=[]
04-15 16:13:30.781 893 893 V GraphicsEnvironment: angle_gl_driver_selection_values=[]
04-15 16:13:30.783 900 900 V GraphicsEnvironment: angle_gl_driver_selection_values=[]
04-15 16:13:30.784 893 893 V GraphicsEnvironment: ANGLE GameManagerService for com.android.systemui: false
04-15 16:13:30.784 893 893 V GraphicsEnvironment: com.android.systemui is not listed in per-application setting
04-15 16:13:30.785 893 893 V GraphicsEnvironment: Neither updatable production driver nor prerelease driver is supported.
04-15 16:13:30.801 900 900 V GraphicsEnvironment: ANGLE GameManagerService for com.android.permissioncontroller: false
04-15 16:13:30.803 900 900 V GraphicsEnvironment: com.android.permissioncontroller is not listed in per-application setting
04-15 16:13:30.807 900 900 V GraphicsEnvironment: Neither updatable production driver nor prerelease driver is supported.
04-15 16:13:30.847 535 552 W StorageManagerService: No primary storage defined yet; hacking together a stub
04-15 16:13:30.936 900 927 I carui : CarUi plugin is disabled
04-15 16:13:30.983 893 893 V WindowManagerShell: Adding init callback for DisplayChangeController
04-15 16:13:30.985 893 893 V WindowManagerShell: Adding init callback for DisplayController
04-15 16:13:30.986 893 893 V WindowManagerShell: Adding init callback for DisplayInsetsController
04-15 16:13:30.987 893 893 V WindowManagerShell: Adding init callback for DisplayImeController
04-15 16:13:30.990 893 893 V WindowManagerShell: Adding init callback for ShellController
04-15 16:13:31.016 893 893 V WindowManagerShell: Adding init callback for DragAndDropController
04-15 16:13:31.066 535 551 D PackageManager: Instant App installer not found with android.intent.action.INSTALL_INSTANT_APP_PACKAGE
04-15 16:13:31.066 535 551 D PackageManager: Clear ephemeral installer activity
04-15 16:13:31.131 893 893 V WindowManagerShell: Adding init callback for CompatUIController
