04-15 16:14:21.726 893 1415 D CCodecBufferChannel: [c2.android.vorbis.decoder#605] MediaCodec discarded an unknown buffer
04-15 16:14:21.846 535 657 I StorageSessionController: Creating and starting session with id: emulated;0
04-15 16:14:21.896 459 459 I hw-BpHwBinder: onLastStrongRef automatically unlinking death recipients
04-15 16:14:21.902 535 1354 W system_server: Long monitor contention with owner main (535) at com.android.server.pm.Computer com.android.server.pm.PackageManagerService.snapshotComputer(boolean)(PackageManagerService.java:1195) waiters=1 in com.android.server.pm.Computer com.android.server.pm.PackageManagerService.snapshotComputer(boolean) for 1.019s
04-15 16:14:21.905 459 459 I hw-BpHwBinder: onLastStrongRef automatically unlinking death recipients
04-15 16:14:21.910 893 1485 I hw-BpHwBinder: onLastStrongRef automatically unlinking death recipients
04-15 16:14:21.912 535 1393 W ActivityManager: Dumping Java threads failed, initiating native stack dump.
04-15 16:14:21.942 535 657 I StorageUserConnection: Binding to the ExternalStorageService for user 0
04-15 16:14:21.950 535 644 I InputReader: Reconfiguring input devices, changes=KEYBOARD_LAYOUTS
04-15 16:14:21.956 893 1413 D MediaCodec: flushMediametrics
04-15 16:14:21.983 893 902 I ndroid.systemui: Background young concurrent copying GC freed 12427(1665KB) AllocSpace objects, 10(520KB) LOS objects, 29% free, 5498KB/7785KB, paused 184us,124us total 4.058s
04-15 16:14:22.018 535 956 W system_server: Long monitor contention with owner main (535) at com.android.server.pm.Computer com.android.server.pm.PackageManagerService.snapshotComputer(boolean)(PackageManagerService.java:1195) waiters=2 in com.android.server.pm.Computer com.android.server.pm.PackageManagerService.snapshotComputer(boolean) for 5.562s
04-15 16:14:22.157 535 1393 E system_server: libdebuggerd_client: failed to read "/proc/535/task/1333/wchan": No such file or directory
04-15 16:14:22.159 535 1393 E system_server: libdebuggerd_client: failed to read "/proc/535/task/1362/wchan": No such file or directory
04-15 16:14:22.165 535 1393 I system_server: libdebuggerd_client: started dumping process 535
04-15 16:14:22.167 193 193 W tombstoned: pid 535 already intercepted, type 0
04-15 16:14:22.168 535 1393 E system_server: libdebuggerd_client: unexpected registration response: 0
04-15 16:14:22.194 535 1393 W ActivityManager: Native stack dump failed!
04-15 16:14:22.211 535 1393 I ActivityManager: Collecting stacks for pid 1134
04-15 16:14:22.222 893 1413 D MediaCodecList: codecHandlesFormat: no format, so no extra checks
04-15 16:14:22.239 893 1488 D CCodec : allocate(c2.android.vorbis.decoder)
04-15 16:14:22.255 893 1488 I CCodec : setting up 'default' as default (vendor) store
04-15 16:14:22.270 893 1488 I CCodec : Created component [c2.android.vorbis.decoder]
04-15 16:14:22.271 893 1488 D CCodecConfig: read media type: audio/vorbis
04-15 16:14:22.280 893 1488 D ReflectedParamUpdater: extent() != 1 for single value type: algo.buffers.max-count.values
04-15 16:14:22.281 893 1488 D ReflectedParamUpdater: extent() != 1 for single value type: output.subscribed-indices.values
04-15 16:14:22.282 893 1488 D ReflectedParamUpdater: extent() != 1 for single value type: input.buffers.allocator-ids.values
04-15 16:14:22.282 893 1488 D ReflectedParamUpdater: extent() != 1 for single value type: output.buffers.allocator-ids.values
04-15 16:14:22.282 893 1488 D ReflectedParamUpdater: extent() != 1 for single value type: algo.buffers.allocator-ids.values
04-15 16:14:22.283 893 1488 D ReflectedParamUpdater: extent() != 1 for single value type: output.buffers.pool-ids.values
04-15 16:14:22.283 893 1488 D ReflectedParamUpdater: extent() != 1 for single value type: algo.buffers.pool-ids.values
04-15 16:14:22.291 893 1488 I CCodecConfig: query failed after returning 7 values (BAD_INDEX)
04-15 16:14:22.293 893 1488 D CCodecConfig: c2 config diff is Dict {
04-15 16:14:22.293 893 1488 D CCodecConfig: c2::u32 coded.bitrate.value = 64000
04-15 16:14:22.293 893 1488 D CCodecConfig: c2::u32 input.buffers.max-size.value = 32768
04-15 16:14:22.293 893 1488 D CCodecConfig: c2::u32 input.delay.value = 0
04-15 16:14:22.293 893 1488 D CCodecConfig: string input.media-type.value = "audio/vorbis"
04-15 16:14:22.293 893 1488 D CCodecConfig: string output.media-type.value = "audio/raw"
04-15 16:14:22.293 893 1488 D CCodecConfig: c2::u32 raw.channel-count.value = 1
04-15 16:14:22.293 893 1488 D CCodecConfig: c2::u32 raw.sample-rate.value = 48000
04-15 16:14:22.293 893 1488 D CCodecConfig: }
04-15 16:14:22.352 535 957 W system_server: Long monitor contention with owner binder:535_D (1354) at android.content.ComponentName com.android.server.am.ActivityManagerService.startService(android.app.IApplicationThread, android.content.Intent, java.lang.String, boolean, java.lang.String, java.lang.String, int, boolean, int, java.lang.String, java.lang.String)(ActivityManagerService.java:13195) waiters=0 in int com.android.server.am.ActivityManagerService.broadcastIntentWithFeature(android.app.IApplicationThread, java.lang.String, android.content.Intent, java.lang.String, android.content.IIntentReceiver, int, java.lang.String, android.os.Bundle, java.lang.String[], java.lang.String[], java.lang.String[], int, android.os.Bundle, boolean, boolean, int) for 6.039s
04-15 16:14:22.360 535 557 W system_server: Long monitor contention with owner binder:535_D (1354) at android.content.ComponentName com.android.server.am.ActivityManagerService.startService(android.app.IApplicationThread, android.content.Intent, java.lang.String, boolean, java.lang.String, java.lang.String, int, boolean, int, java.lang.String, java.lang.String)(ActivityManagerService.java:13195) waiters=1 in int com.android.server.am.ActivityManagerService.broadcastIntentWithFeature(android.app.IApplicationThread, java.lang.String, android.content.Intent, java.lang.String, android.content.IIntentReceiver, int, java.lang.String, android.os.Bundle, java.lang.String[], java.lang.String[], java.lang.String[], int, android.os.Bundle, boolean, boolean, int) for 5.896s
04-15 16:14:22.369 893 1488 D MediaCodec: flushMediametrics
04-15 16:14:22.370 893 1488 D CCodec : [c2.android.vorbis.decoder] buffers are bound to CCodec for this session
04-15 16:14:22.370 893 1488 D CCodecConfig: no c2 equivalents for durationUs
04-15 16:14:22.371 893 1488 D CCodecConfig: no c2 equivalents for track-id
04-15 16:14:22.371 893 1488 D CCodecConfig: no c2 equivalents for csd-1
04-15 16:14:22.372 893 1488 D CCodecConfig: no c2 equivalents for flags
04-15 16:14:22.378 1105 1196 E AdapterState: BLE_TURNING_ON : BLE_START_TIMEOUT
04-15 16:14:22.379 1105 1196 I AdapterState: BLE_TURNING_OFF : entered
04-15 16:14:22.381 1287 1377 I BinaryDictionaryFileDumper: reinitializeClientRecordInDictionaryContentProvider() : Insert DictionaryInfo : Id = 'main:ru' : Locale=ru : Version=54
04-15 16:14:22.385 1105 1196 D AdapterProperties: Setting state to BLE_TURNING_OFF
04-15 16:14:22.391 893 1488 D CCodecConfig: c2 config diff is c2::u32 coded.bitrate.value = 160000
04-15 16:14:22.391 893 1488 D CCodecConfig: c2::u32 raw.channel-count.value = 2
04-15 16:14:22.391 893 1488 D CCodecConfig: c2::u32 raw.sample-rate.value = 44100
04-15 16:14:22.402 893 1488 W Codec2Client: query -- param skipped: index = 1107298332.
04-15 16:14:22.402 893 1488 D CCodec : encoding statistics level = 0
04-15 16:14:22.403 893 1488 D CCodec : setup formats input: AMessage(what = 0x00000000) = {
04-15 16:14:22.403 893 1488 D CCodec : int32_t bitrate = 160000
04-15 16:14:22.403 893 1488 D CCodec : int32_t channel-count = 2
04-15 16:14:22.403 893 1488 D CCodec : int32_t max-input-size = 32768
04-15 16:14:22.403 893 1488 D CCodec : string mime = "audio/vorbis"
04-15 16:14:22.403 893 1488 D CCodec : int32_t sample-rate = 44100
04-15 16:14:22.403 893 1488 D CCodec : }
04-15 16:14:22.405 893 1488 D CCodec : setup formats output: AMessage(what = 0x00000000) = {
04-15 16:14:22.405 893 1488 D CCodec : int32_t channel-count = 2
04-15 16:14:22.405 893 1488 D CCodec : string mime = "audio/raw"
04-15 16:14:22.405 893 1488 D CCodec : int32_t sample-rate = 44100
04-15 16:14:22.405 893 1488 D CCodec : int32_t channel-mask = 3
04-15 16:14:22.405 893 1488 D CCodec : int32_t android._config-pcm-encoding = 2
04-15 16:14:22.405 893 1488 D CCodec : }
04-15 16:14:22.408 535 552 W system_server: Long monitor contention with owner binder:535_D (1354) at android.content.ComponentName com.android.server.am.ActivityManagerService.startService(android.app.IApplicationThread, android.content.Intent, java.lang.String, boolean, java.lang.String, java.lang.String, int, boolean, int, java.lang.String, java.lang.String)(ActivityManagerService.java:13195) waiters=2 in int com.android.server.am.ActivityManagerService.broadcastIntentWithFeature(android.app.IApplicationThread, java.lang.String, android.content.Intent, java.lang.String, android.content.IIntentReceiver, int, java.lang.String, android.os.Bundle, java.lang.String[], java.lang.String[], java.lang.String[], int, android.os.Bundle, boolean, boolean, int) for 5.128s
04-15 16:14:22.409 535 557 W Looper : Slow dispatch took 5945ms android.fg h=com.android.server.DropBoxManagerService$DropBoxManagerBroadcastHandler c=null m=2
04-15 16:14:22.411 1105 1196 D BluetoothAdapterService: updateAdapterState() - Broadcasting state BLE_TURNING_OFF to 1 receivers.
04-15 16:14:22.413 893 1488 I CCodecConfig: query failed after returning 7 values (BAD_INDEX)
04-15 16:14:22.425 893 1488 W Codec2Client: query -- param skipped: index = 1342179345.
04-15 16:14:22.425 893 1488 W Codec2Client: query -- param skipped: index = 2415921170.
04-15 16:14:22.430 893 1488 D CCodecBufferChannel: [c2.android.vorbis.decoder#957] Created input block pool with allocatorID 16 => poolID 18 - OK (0)
04-15 16:14:22.441 535 624 W system_server: Long monitor contention with owner binder:535_D (1354) at android.content.ComponentName com.android.server.am.ActivityManagerService.startService(android.app.IApplicationThread, android.content.Intent, java.lang.String, boolean, java.lang.String, java.lang.String, int, boolean, int, java.lang.String, java.lang.String)(ActivityManagerService.java:13195) waiters=3 in void com.android.server.am.ActivityManagerService.appNotResponding(java.lang.String, int, com.android.internal.os.TimeoutRecord) for 4.052s
04-15 16:14:22.450 535 1486 I ActivityManager: Broadcasting: Intent { act=com.android.emulator.multidisplay.START flg=0x400000 cmp=com.android.emulator.multidisplay/.MultiDisplayServiceReceiver }
04-15 16:14:22.463 893 1488 I CCodecBufferChannel: [c2.android.vorbis.decoder#957] Created output block pool with allocatorID 16 => poolID 24 - OK
04-15 16:14:22.469 893 1488 D CCodecBufferChannel: [c2.android.vorbis.decoder#957] Configured output block pool ids 24 => OK
04-15 16:14:22.473 535 1393 I system_server: libdebuggerd_client: started dumping process 1134
04-15 16:14:22.480 193 193 I tombstoned: registered intercept for pid 1134 and type kDebuggerdJavaBacktrace
04-15 16:14:22.492 459 1490 D SimpleC2Component: Using output block pool with poolID 24 => got 24 - 0
04-15 16:14:22.495 1134 1138 I m.android.phone: Thread[4,tid=1138,WaitingInMainSignalCatcherLoop,Thread*=0x78a36ef322c0,peer=0x134409e0,"Signal Catcher"]: reacting to signal 3
04-15 16:14:22.495 1134 1138 I m.android.phone:
04-15 16:14:22.503 535 624 I ActivityManager: Skip ANR being predumped, pid=535 Timed out while trying to bind
04-15 16:14:22.522 535 575 W system_server: Long monitor contention with owner binder:535_D (1354) at android.content.ComponentName com.android.server.am.ActivityManagerService.startService(android.app.IApplicationThread, android.content.Intent, java.lang.String, boolean, java.lang.String, java.lang.String, int, boolean, int, java.lang.String, java.lang.String)(ActivityManagerService.java:13195) waiters=4 in boolean com.android.server.am.ActivityManagerService$LocalService.isProfileOwner(int) for 3.799s
04-15 16:14:22.535 0 0 I binder : release 1426:1426 transaction 29407 out, still active
04-15 16:14:22.535 0 0 I binder : undelivered TRANSACTION_COMPLETE
04-15 16:14:22.558 0 0 I binder : release 1428:1428 transaction 29415 out, still active
04-15 16:14:22.558 0 0 I binder : undelivered TRANSACTION_COMPLETE
04-15 16:14:22.576 0 0 I binder : release 1430:1430 transaction 29426 out, still active
04-15 16:14:22.576 0 0 I binder : undelivered TRANSACTION_COMPLETE
04-15 16:14:22.576 535 968 D BufferPoolAccessor2.0: evictor expired: 6, evicted: 0
04-15 16:14:22.592 0 0 I binder : release 1432:1432 transaction 29437 out, still active
04-15 16:14:22.596 0 0 I binder : undelivered TRANSACTION_COMPLETE
04-15 16:14:22.620 0 0 I binder : release 1434:1434 transaction 29452 out, still active
04-15 16:14:22.620 0 0 I binder : undelivered TRANSACTION_COMPLETE
04-15 16:14:22.709 535 811 W system_server: Long monitor contention with owner binder:535_D (1354) at android.content.ComponentName com.android.server.am.ActivityManagerService.startService(android.app.IApplicationThread, android.content.Intent, java.lang.String, boolean, java.lang.String, java.lang.String, int, boolean, int, java.lang.String, java.lang.String)(ActivityManagerService.java:13195) waiters=5 in int com.android.server.am.ActivityManagerService.broadcastIntentWithFeature(android.app.IApplicationThread, java.lang.String, android.content.Intent, java.lang.String, android.content.IIntentReceiver, int, java.lang.String, android.os.Bundle, java.lang.String[], java.lang.String[], java.lang.String[], int, android.os.Bundle, boolean, boolean, int) for 1.579s
04-15 16:14:22.712 535 567 W system_server: Long monitor contention with owner binder:535_D (1354) at android.content.ComponentName com.android.server.am.ActivityManagerService.startService(android.app.IApplicationThread, android.content.Intent, java.lang.String, boolean, java.lang.String, java.lang.String, int, boolean, int, java.lang.String, java.lang.String)(ActivityManagerService.java:13195) waiters=6 in android.content.Intent com.android.server.am.ActivityManagerService.registerReceiverWithFeature(android.app.IApplicationThread, java.lang.String, java.lang.String, java.lang.String, android.content.IIntentReceiver, android.content.IntentFilter, java.lang.String, int, int) for 1.388s
04-15 16:14:22.714 535 567 W SystemServiceManager: Service com.android.server.midi.MidiService$Lifecycle took 1433 ms in onUnlockingUser-0
04-15 16:14:22.714 535 567 V SystemServerTimingAsync: ssm.onUnlockingUser-0_com.android.server.midi.MidiService$Lifecycle took to complete: 1433ms
04-15 16:14:22.714 535 567 D SystemServerTimingAsync: ssm.onUnlockingUser-0_com.android.server.adb.AdbService$Lifecycle
04-15 16:14:22.714 535 567 V SystemServerTimingAsync: ssm.onUnlockingUser-0_com.android.server.adb.AdbService$Lifecycle took to complete: 0ms
04-15 16:14:22.715 535 567 D SystemServerTimingAsync: ssm.onUnlockingUser-0_com.android.server.usb.UsbService$Lifecycle
04-15 16:14:22.715 535 567 V SystemServerTimingAsync: ssm.onUnlockingUser-0_com.android.server.usb.UsbService$Lifecycle took to complete: 0ms
04-15 16:14:22.715 535 567 D SystemServerTimingAsync: ssm.onUnlockingUser-0_com.android.server.twilight.TwilightService
04-15 16:14:22.715 535 567 V SystemServerTimingAsync: ssm.onUnlockingUser-0_com.android.server.twilight.TwilightService took to complete: 0ms
04-15 16:14:22.715 535 567 D SystemServerTimingAsync: ssm.onUnlockingUser-0_com.android.server.display.color.ColorDisplayService
04-15 16:14:22.715 535 567 V SystemServerTimingAsync: ssm.onUnlockingUser-0_com.android.server.display.color.ColorDisplayService took to complete: 0ms
04-15 16:14:22.878 1287 1296 W putmethod.latin: Cleared Reference was only reachable from finalizer (only reported once)
04-15 16:14:22.905 1287 1296 I putmethod.latin: Background concurrent copying GC freed 10148(640KB) AllocSpace objects, 1(20KB) LOS objects, 49% free, 2173KB/4346KB, paused 327us,105us total 107.203ms
04-15 16:14:22.981 1105 1196 D AdapterState: Stop Timeout Delay: 4000
04-15 16:14:22.983 1105 1196 D AdapterProperties: onBleDisable
04-15 16:14:22.984 535 645 D BluetoothManagerService: MESSAGE_BLUETOOTH_STATE_CHANGE: BLE_TURNING_ON > BLE_TURNING_OFF
04-15 16:14:22.985 535 645 D BluetoothManagerService: Sending BLE State Change: BLE_TURNING_ON > BLE_TURNING_OFF
04-15 16:14:22.996 535 657 W system_server: Long monitor contention with owner binder:535_D (1354) at android.content.ComponentName com.android.server.am.ActivityManagerService.startService(android.app.IApplicationThread, android.content.Intent, java.lang.String, boolean, java.lang.String, java.lang.String, int, boolean, int, java.lang.String, java.lang.String)(ActivityManagerService.java:13195) waiters=7 in int com.android.server.am.ActivityManagerService.bindServiceInstance(android.app.IApplicationThread, android.os.IBinder, android.content.Intent, java.lang.String, android.app.IServiceConnection, long, java.lang.String, boolean, int, java.lang.String, android.app.IApplicationThread, java.lang.String, int) for 708ms
04-15 16:14:23.003 1105 1196 D BluetoothAdapterService: stopGattProfileService() - No profiles services to stop.
04-15 16:14:23.044 535 567 D SystemServerTimingAsync: ssm.onUnlockingUser-0_com.android.server.job.JobSchedulerService
04-15 16:14:23.044 535 584 W system_server: Long monitor contention with owner appscheduling.default (624) at boolean android.os.MessageQueue.enqueueMessage(android.os.Message, long)(MessageQueue.java:600) waiters=0 in android.os.Message android.os.MessageQueue.next() for 525ms
04-15 16:14:23.045 535 567 V SystemServerTimingAsync: ssm.onUnlockingUser-0_com.android.server.job.JobSchedulerService took to complete: 0ms
04-15 16:14:23.045 535 567 D SystemServerTimingAsync: ssm.onUnlockingUser-0_com.android.server.soundtrigger.SoundTriggerService
04-15 16:14:23.045 535 567 V SystemServerTimingAsync: ssm.onUnlockingUser-0_com.android.server.soundtrigger.SoundTriggerService took to complete: 0ms
04-15 16:14:23.045 535 567 D SystemServerTimingAsync: ssm.onUnlockingUser-0_com.android.server.trust.TrustManagerService
04-15 16:14:23.045 535 567 V SystemServerTimingAsync: ssm.onUnlockingUser-0_com.android.server.trust.TrustManagerService took to complete: 0ms
04-15 16:14:23.045 535 567 D SystemServerTimingAsync: ssm.onUnlockingUser-0_com.android.server.backup.BackupManagerService$Lifecycle
04-15 16:14:23.046 535 567 V SystemServerTimingAsync: ssm.onUnlockingUser-0_com.android.server.backup.BackupManagerService$Lifecycle took to complete: 1ms
04-15 16:14:23.046 535 567 D SystemServerTimingAsync: ssm.onUnlockingUser-0_com.android.server.appwidget.AppWidgetService
04-15 16:14:23.046 535 567 V SystemServerTimingAsync: ssm.onUnlockingUser-0_com.android.server.appwidget.AppWidgetService took to complete: 0ms
04-15 16:14:23.046 535 567 D SystemServerTimingAsync: ssm.onUnlockingUser-0_com.android.server.voiceinteraction.VoiceInteractionManagerService
04-15 16:14:23.064 535 567 W VoiceInteractionManager: no available voice recognition services found for user 0
04-15 16:14:23.065 535 567 V SystemServerTimingAsync: ssm.onUnlockingUser-0_com.android.server.voiceinteraction.VoiceInteractionManagerService took to complete: 18ms
04-15 16:14:23.065 535 567 D SystemServerTimingAsync: ssm.onUnlockingUser-0_com.android.server.GestureLauncherService
04-15 16:14:23.065 535 567 V SystemServerTimingAsync: ssm.onUnlockingUser-0_com.android.server.GestureLauncherService took to complete: 0ms
04-15 16:14:23.065 535 567 D SystemServerTimingAsync: ssm.onUnlockingUser-0_com.android.server.SensorNotificationService
04-15 16:14:23.065 535 567 V SystemServerTimingAsync: ssm.onUnlockingUser-0_com.android.server.SensorNotificationService took to complete: 0ms
04-15 16:14:23.066 535 567 D SystemServerTimingAsync: ssm.onUnlockingUser-0_com.android.server.emergency.EmergencyAffordanceService
04-15 16:14:23.066 535 567 V SystemServerTimingAsync: ssm.onUnlockingUser-0_com.android.server.emergency.EmergencyAffordanceService took to complete: 0ms
04-15 16:14:23.066 535 567 D SystemServerTimingAsync: ssm.onUnlockingUser-0_com.android.server.blob.BlobStoreManagerService
04-15 16:14:23.066 535 567 V SystemServerTimingAsync: ssm.onUnlockingUser-0_com.android.server.blob.BlobStoreManagerService took to complete: 0ms
04-15 16:14:23.066 535 567 D SystemServerTimingAsync: ssm.onUnlockingUser-0_com.android.server.dreams.DreamManagerService
04-15 16:14:23.066 535 567 V SystemServerTimingAsync: ssm.onUnlockingUser-0_com.android.server.dreams.DreamManagerService took to complete: 0ms
04-15 16:14:23.066 535 567 D SystemServerTimingAsync: ssm.onUnlockingUser-0_com.android.server.print.PrintManagerService
04-15 16:14:23.066 535 567 V SystemServerTimingAsync: ssm.onUnlockingUser-0_com.android.server.print.PrintManagerService took to complete: 0ms
04-15 16:14:23.066 535 567 D SystemServerTimingAsync: ssm.onUnlockingUser-0_com.android.server.security.AttestationVerificationManagerService
04-15 16:14:23.067 535 567 V SystemServerTimingAsync: ssm.onUnlockingUser-0_com.android.server.security.AttestationVerificationManagerService took to complete: 0ms
04-15 16:14:23.067 535 567 D SystemServerTimingAsync: ssm.onUnlockingUser-0_com.android.server.companion.CompanionDeviceManagerService
04-15 16:14:23.067 535 567 V SystemServerTimingAsync: ssm.onUnlockingUser-0_com.android.server.companion.CompanionDeviceManagerService took to complete: 0ms
04-15 16:14:23.067 535 567 D SystemServerTimingAsync: ssm.onUnlockingUser-0_com.android.server.companion.virtual.VirtualDeviceManagerService
04-15 16:14:23.067 535 567 V SystemServerTimingAsync: ssm.onUnlockingUser-0_com.android.server.companion.virtual.VirtualDeviceManagerService took to complete: 0ms
04-15 16:14:23.067 535 567 D SystemServerTimingAsync: ssm.onUnlockingUser-0_com.android.server.restrictions.RestrictionsManagerService
04-15 16:14:23.067 535 567 V SystemServerTimingAsync: ssm.onUnlockingUser-0_com.android.server.restrictions.RestrictionsManagerService took to complete: 0ms
04-15 16:14:23.067 535 567 D SystemServerTimingAsync: ssm.onUnlockingUser-0_com.android.server.media.MediaSessionService
04-15 16:14:23.067 535 567 V SystemServerTimingAsync: ssm.onUnlockingUser-0_com.android.server.media.MediaSessionService took to complete: 0ms
04-15 16:14:23.067 535 567 D SystemServerTimingAsync: ssm.onUnlockingUser-0_com.android.server.media.MediaResourceMonitorService
04-15 16:14:23.067 535 567 V SystemServerTimingAsync: ssm.onUnlockingUser-0_com.android.server.media.MediaResourceMonitorService took to complete: 0ms
04-15 16:14:23.067 535 567 D SystemServerTimingAsync: ssm.onUnlockingUser-0_com.android.server.biometrics.sensors.face.FaceService
04-15 16:14:23.067 535 567 V SystemServerTimingAsync: ssm.onUnlockingUser-0_com.android.server.biometrics.sensors.face.FaceService took to complete: 0ms
04-15 16:14:23.072 535 567 D SystemServerTimingAsync: ssm.onUnlockingUser-0_com.android.server.biometrics.sensors.fingerprint.FingerprintService
04-15 16:14:23.072 535 567 V SystemServerTimingAsync: ssm.onUnlockingUser-0_com.android.server.biometrics.sensors.fingerprint.FingerprintService took to complete: 0ms
04-15 16:14:23.072 535 567 D SystemServerTimingAsync: ssm.onUnlockingUser-0_com.android.server.biometrics.BiometricService
04-15 16:14:23.072 535 567 V SystemServerTimingAsync: ssm.onUnlockingUser-0_com.android.server.biometrics.BiometricService took to complete: 0ms
04-15 16:14:23.072 535 567 D SystemServerTimingAsync: ssm.onUnlockingUser-0_com.android.server.biometrics.AuthService
04-15 16:14:23.072 535 567 V SystemServerTimingAsync: ssm.onUnlockingUser-0_com.android.server.biometrics.AuthService took to complete: 0ms
04-15 16:14:23.072 535 567 D SystemServerTimingAsync: ssm.onUnlockingUser-0_com.android.server.pm.ShortcutService$Lifecycle
04-15 16:14:23.074 535 567 V SystemServerTimingAsync: ssm.onUnlockingUser-0_com.android.server.pm.ShortcutService$Lifecycle took to complete: 2ms
04-15 16:14:23.074 535 567 D SystemServerTimingAsync: ssm.onUnlockingUser-0_com.android.server.pm.LauncherAppsService
04-15 16:14:23.074 535 567 V SystemServerTimingAsync: ssm.onUnlockingUser-0_com.android.server.pm.LauncherAppsService took to complete: 0ms
04-15 16:14:23.074 535 567 D SystemServerTimingAsync: ssm.onUnlockingUser-0_com.android.server.pm.CrossProfileAppsService
04-15 16:14:23.074 535 567 V SystemServerTimingAsync: ssm.onUnlockingUser-0_com.android.server.pm.CrossProfileAppsService took to complete: 0ms
04-15 16:14:23.074 535 567 D SystemServerTimingAsync: ssm.onUnlockingUser-0_com.android.server.people.PeopleService
04-15 16:14:23.076 535 567 V SystemServerTimingAsync: ssm.onUnlockingUser-0_com.android.server.people.PeopleService took to complete: 0ms
04-15 16:14:23.076 535 567 D SystemServerTimingAsync: ssm.onUnlockingUser-0_com.android.server.media.metrics.MediaMetricsManagerService
04-15 16:14:23.076 535 567 V SystemServerTimingAsync: ssm.onUnlockingUser-0_com.android.server.media.metrics.MediaMetricsManagerService took to complete: 0ms
04-15 16:14:23.076 535 567 D SystemServerTimingAsync: ssm.onUnlockingUser-0_com.android.server.pm.BackgroundInstallControlService
04-15 16:14:23.076 535 567 V SystemServerTimingAsync: ssm.onUnlockingUser-0_com.android.server.pm.BackgroundInstallControlService took to complete: 0ms
04-15 16:14:23.076 535 567 D SystemServerTimingAsync: ssm.onUnlockingUser-0_com.android.server.media.projection.MediaProjectionManagerService
04-15 16:14:23.076 535 567 V SystemServerTimingAsync: ssm.onUnlockingUser-0_com.android.server.media.projection.MediaProjectionManagerService took to complete: 0ms
04-15 16:14:23.076 535 567 D SystemServerTimingAsync: ssm.onUnlockingUser-0_com.android.server.slice.SliceManagerService$Lifecycle
04-15 16:14:23.076 535 567 V SystemServerTimingAsync: ssm.onUnlockingUser-0_com.android.server.slice.SliceManagerService$Lifecycle took to complete: 0ms
04-15 16:14:23.077 535 567 D SystemServerTimingAsync: ssm.onUnlockingUser-0_com.android.server.stats.StatsCompanion$Lifecycle
04-15 16:14:23.077 535 567 V SystemServerTimingAsync: ssm.onUnlockingUser-0_com.android.server.stats.StatsCompanion$Lifecycle took to complete: 0ms
04-15 16:14:23.077 535 567 D SystemServerTimingAsync: ssm.onUnlockingUser-0_com.android.server.scheduling.RebootReadinessManagerService$Lifecycle
04-15 16:14:23.077 535 567 V SystemServerTimingAsync: ssm.onUnlockingUser-0_com.android.server.scheduling.RebootReadinessManagerService$Lifecycle took to complete: 0ms
04-15 16:14:23.077 535 567 D SystemServerTimingAsync: ssm.onUnlockingUser-0_com.android.server.stats.pull.StatsPullAtomService
04-15 16:14:23.077 535 567 V SystemServerTimingAsync: ssm.onUnlockingUser-0_com.android.server.stats.pull.StatsPullAtomService took to complete: 0ms
04-15 16:14:23.077 535 567 D SystemServerTimingAsync: ssm.onUnlockingUser-0_com.android.server.stats.bootstrap.StatsBootstrapAtomService$Lifecycle
04-15 16:14:23.077 535 567 V SystemServerTimingAsync: ssm.onUnlockingUser-0_com.android.server.stats.bootstrap.StatsBootstrapAtomService$Lifecycle took to complete: 0ms
04-15 16:14:23.077 535 567 D SystemServerTimingAsync: ssm.onUnlockingUser-0_com.android.server.incident.IncidentCompanionService
04-15 16:14:23.077 535 567 V SystemServerTimingAsync: ssm.onUnlockingUser-0_com.android.server.incident.IncidentCompanionService took to complete: 0ms
04-15 16:14:23.077 535 567 D SystemServerTimingAsync: ssm.onUnlockingUser-0_com.android.server.sdksandbox.SdkSandboxManagerService$Lifecycle
04-15 16:14:23.078 535 567 I SdkSandboxManager: onUserUnlocking 0
04-15 16:14:23.079 535 567 V SystemServerTimingAsync: ssm.onUnlockingUser-0_com.android.server.sdksandbox.SdkSandboxManagerService$Lifecycle took to complete: 2ms
04-15 16:14:23.079 535 567 D SystemServerTimingAsync: ssm.onUnlockingUser-0_com.android.server.adservices.AdServicesManagerService$Lifecycle
04-15 16:14:23.079 535 567 V SystemServerTimingAsync: ssm.onUnlockingUser-0_com.android.server.adservices.AdServicesManagerService$Lifecycle took to complete: 0ms
04-15 16:14:23.079 535 567 D SystemServerTimingAsync: ssm.onUnlockingUser-0_com.android.server.ondevicepersonalization.OnDevicePersonalizationSystemService$Lifecycle
04-15 16:14:23.079 535 567 V SystemServerTimingAsync: ssm.onUnlockingUser-0_com.android.server.ondevicepersonalization.OnDevicePersonalizationSystemService$Lifecycle took to complete: 0ms
04-15 16:14:23.079 535 567 D SystemServerTimingAsync: ssm.onUnlockingUser-0_com.android.server.MmsServiceBroker
04-15 16:14:23.087 535 567 V SystemServerTimingAsync: ssm.onUnlockingUser-0_com.android.server.MmsServiceBroker took to complete: 0ms
04-15 16:14:23.087 535 567 D SystemServerTimingAsync: ssm.onUnlockingUser-0_com.android.server.autofill.AutofillManagerService
04-15 16:14:23.090 535 567 D AutofillManagerServiceImpl: Reset component for user 0:null
04-15 16:14:23.090 535 567 D FieldClassificationStrategy: reset(): service is not bound. Do nothing.
04-15 16:14:23.091 535 567 V SystemServerTimingAsync: ssm.onUnlockingUser-0_com.android.server.autofill.AutofillManagerService took to complete: 4ms
04-15 16:14:23.091 535 567 D SystemServerTimingAsync: ssm.onUnlockingUser-0_com.android.server.credentials.CredentialManagerService
04-15 16:14:23.094 535 567 V SystemServerTimingAsync: ssm.onUnlockingUser-0_com.android.server.credentials.CredentialManagerService took to complete: 3ms
04-15 16:14:23.094 535 567 D SystemServerTimingAsync: ssm.onUnlockingUser-0_com.android.server.selectiontoolbar.SelectionToolbarManagerService
04-15 16:14:23.096 535 558 D AutofillUI: destroySaveUiUiThread(): already destroyed
04-15 16:14:23.108 535 567 V SystemServerTimingAsync: ssm.onUnlockingUser-0_com.android.server.selectiontoolbar.SelectionToolbarManagerService took to complete: 14ms
04-15 16:14:23.109 535 567 D SystemServerTimingAsync: ssm.onUnlockingUser-0_com.android.server.clipboard.ClipboardService
04-15 16:14:23.109 535 567 V SystemServerTimingAsync: ssm.onUnlockingUser-0_com.android.server.clipboard.ClipboardService took to complete: 0ms
04-15 16:14:23.109 535 567 D SystemServerTimingAsync: ssm.onUnlockingUser-0_com.android.server.appbinding.AppBindingService$Lifecycle
04-15 16:14:23.110 535 567 V SystemServerTimingAsync: ssm.onUnlockingUser-0_com.android.server.appbinding.AppBindingService$Lifecycle took to complete: 1ms
04-15 16:14:23.110 535 567 D SystemServerTimingAsync: ssm.onUnlockingUser-0_com.android.server.tracing.TracingServiceProxy
04-15 16:14:23.110 535 567 V SystemServerTimingAsync: ssm.onUnlockingUser-0_com.android.server.tracing.TracingServiceProxy took to complete: 0ms
04-15 16:14:23.110 535 567 D SystemServerTimingAsync: ssm.onUnlockingUser-0_com.android.server.policy.PermissionPolicyService
04-15 16:14:23.110 535 567 V SystemServerTimingAsync: ssm.onUnlockingUser-0_com.android.server.policy.PermissionPolicyService took to complete: 0ms
04-15 16:14:23.110 535 567 D SystemServerTimingAsync: ssm.onUnlockingUser-0_com.android.server.pm.StagingManager$Lifecycle
04-15 16:14:23.110 535 567 V SystemServerTimingAsync: ssm.onUnlockingUser-0_com.android.server.pm.StagingManager$Lifecycle took to complete: 0ms
04-15 16:14:23.111 535 567 D SystemServerTimingAsync: ssm.onUnlockingUser-0_com.android.server.app.GameManagerService$Lifecycle
04-15 16:14:23.111 535 567 V SystemServerTimingAsync: ssm.onUnlockingUser-0_com.android.server.app.GameManagerService$Lifecycle took to complete: 0ms
04-15 16:14:23.111 535 567 D SystemServerTimingAsync: ssm.onUnlockingUser-0_com.android.safetycenter.SafetyCenterService
04-15 16:14:23.111 535 567 V SystemServerTimingAsync: ssm.onUnlockingUser-0_com.android.safetycenter.SafetyCenterService took to complete: 0ms
04-15 16:14:23.111 535 567 D SystemServerTimingAsync: ssm.onUnlockingUser-0_com.android.server.appsearch.AppSearchModule$Lifecycle
04-15 16:14:23.134 535 1494 I AppSearchUserInstanceMa: Creating new AppSearch instance at: /data/system_ce/0/appsearch/icing
04-15 16:14:23.169 535 843 I BackupManagerService: Starting service for user: 0
04-15 16:14:23.218 535 803 W system_server: Long monitor contention with owner binder:535_4 (618) at java.util.List com.android.server.om.OverlayManagerService.updatePackageManagerLocked(java.util.Collection, int)(OverlayManagerService.java:1534) waiters=0 in boolean com.android.server.om.OverlayManagerService$1.setEnabledExclusiveInCategory(java.lang.String, int) for 2.121s
04-15 16:14:23.221 535 618 E IPCThreadState: Binder transaction failure: 30044/29189/-22
04-15 16:14:23.234 535 956 I SELinux : SELinux: Loaded file context from:
04-15 16:14:23.280 535 956 I SELinux : /system/etc/selinux/plat_file_contexts
04-15 16:14:23.280 535 956 I SELinux : /vendor/etc/selinux/vendor_file_contexts
04-15 16:14:23.314 193 193 I tombstoned: received crash request for pid 1134
04-15 16:14:23.314 193 193 I tombstoned: found intercept fd 513 for pid 1134 and type kDebuggerdJavaBacktrace
04-15 16:14:23.317 193 193 W tombstoned: skipping tombstone file creation due to intercept
04-15 16:14:23.320 1134 1138 I m.android.phone: Wrote stack traces to tombstoned
04-15 16:14:23.325 535 1393 I system_server: libdebuggerd_client: done dumping process 1134
04-15 16:14:23.345 535 843 V BackupManagerService: [UserID:0] Starting with transport com.android.localtransport/.LocalTransport
04-15 16:14:23.345 535 1393 I ActivityManager: Collecting stacks for pid 1120
04-15 16:14:23.357 535 608 W system_server: Long monitor contention with owner binder:535_6 (956) at android.content.pm.IPackageInstallerSession com.android.server.pm.PackageInstallerService.openSessionInternal(int)(PackageInstallerService.java:1052) waiters=0 in com.android.server.pm.PackageInstallerSession com.android.server.pm.PackageInstallerService.getSession(int) for 1.232s
04-15 16:14:23.367 535 1393 I system_server: libdebuggerd_client: started dumping process 1120
04-15 16:14:23.373 193 193 I tombstoned: registered intercept for pid 1120 and type kDebuggerdJavaBacktrace
04-15 16:14:23.400 535 803 W system_server: Long monitor contention with owner StorageManagerService (657) at com.android.server.pm.Computer com.android.server.pm.PackageManagerService.snapshotComputer(boolean)(PackageManagerService.java:1195) waiters=0 in com.android.server.pm.Computer com.android.server.pm.PackageManagerService.snapshotComputer(boolean) for 181ms
04-15 16:14:23.424 0 0 E binder : invalid inc weak node for 29408
04-15 16:14:23.424 0 0 I binder : 535:803 IncRefs 0 refcount change on invalid ref 134 ret -22
04-15 16:14:23.424 0 0 E binder : invalid inc weak node for 29410
04-15 16:14:23.424 0 0 I binder : 535:803 IncRefs 0 refcount change on invalid ref 159 ret -22
04-15 16:14:23.415 535 618 W system_server: Long monitor contention with owner StorageManagerService (657) at com.android.server.pm.Computer com.android.server.pm.PackageManagerService.snapshotComputer(boolean)(PackageManagerService.java:1195) waiters=1 in com.android.server.pm.Computer com.android.server.pm.PackageManagerService.snapshotComputer(boolean) for 192ms
04-15 16:14:23.433 535 657 D CompatibilityChangeReporter: Compat change id reported: 135634846; UID 10139; state: DISABLED
04-15 16:14:23.437 535 568 D CompatibilityChangeReporter: Compat change id reported: 143937733; UID 10139; state: ENABLED
04-15 16:14:23.452 1120 1123 I com.android.se: Thread[2,tid=1123,WaitingInMainSignalCatcherLoop,Thread*=0x78a36ef2cf50,peer=0x12e001c8,"Signal Catcher"]: reacting to signal 3
04-15 16:14:23.453 1120 1123 I com.android.se:
04-15 16:14:23.483 535 567 W SystemServiceManager: Service com.android.server.appsearch.AppSearchModule$Lifecycle took 372 ms in onUnlockingUser-0
04-15 16:14:23.483 535 567 V SystemServerTimingAsync: ssm.onUnlockingUser-0_com.android.server.appsearch.AppSearchModule$Lifecycle took to complete: 372ms
04-15 16:14:23.483 535 567 D SystemServerTimingAsync: ssm.onUnlockingUser-0_com.android.server.media.MediaCommunicationService
04-15 16:14:23.483 535 567 V SystemServerTimingAsync: ssm.onUnlockingUser-0_com.android.server.media.MediaCommunicationService took to complete: 0ms
04-15 16:14:23.483 535 567 D SystemServerTimingAsync: ssm.onUnlockingUser-0_com.android.server.compat.overrides.AppCompatOverridesService$Lifecycle
04-15 16:14:23.486 535 567 V SystemServerTimingAsync: ssm.onUnlockingUser-0_com.android.server.compat.overrides.AppCompatOverridesService$Lifecycle took to complete: 0ms
04-15 16:14:23.486 535 567 D SystemServerTimingAsync: ssm.onUnlockingUser-0_com.android.server.healthconnect.HealthConnectManagerService
04-15 16:14:23.486 535 567 V SystemServerTimingAsync: ssm.onUnlockingUser-0_com.android.server.healthconnect.HealthConnectManagerService took to complete: 0ms
04-15 16:14:23.486 535 567 D SystemServerTimingAsync: ssm.onUnlockingUser-0_com.android.server.devicelock.DeviceLockService
04-15 16:14:23.486 535 567 D DeviceLockService: onUserUnlocking
04-15 16:14:23.486 535 567 V SystemServerTimingAsync: ssm.onUnlockingUser-0_com.android.server.devicelock.DeviceLockService took to complete: 0ms
04-15 16:14:23.486 535 567 V SystemServerTimingAsync: ssm.UnlockingUser-0 took to complete: 7224ms
04-15 16:14:23.490 535 567 D SystemServerTiming: finishUserUnlocked-0
04-15 16:14:23.490 535 567 I ActivityManager: User 0 state changed from RUNNING_UNLOCKING to RUNNING_UNLOCKED
04-15 16:14:23.536 535 657 I StorageUserConnection: Bound to the ExternalStorageService for user 0
04-15 16:14:23.600 155 1381 I keystore2: system/security/keystore2/src/watchdog.rs:319 - Watchdog thread idle -> terminating. Have a great day.
04-15 16:14:23.599 329 329 D Zygote : Forked child process 1497
04-15 16:14:23.662 535 568 W ActivityManager: Slow operation: 240ms so far, now at startProcess: returned from zygote!
04-15 16:14:23.718 193 193 I tombstoned: received crash request for pid 1120
04-15 16:14:23.718 193 193 I tombstoned: found intercept fd 513 for pid 1120 and type kDebuggerdJavaBacktrace
04-15 16:14:23.722 193 193 W tombstoned: skipping tombstone file creation due to intercept
04-15 16:14:23.722 1120 1123 I com.android.se: Wrote stack traces to tombstoned
04-15 16:14:23.738 535 843 D BackupManagerService: [UserID:0] Started thread backup-0
04-15 16:14:23.766 535 567 V SystemServerTiming: SystemUserUnlock took to complete: 19307ms
04-15 16:14:23.769 535 557 W Looper : Slow dispatch took 1359ms android.fg h=com.android.server.DropBoxManagerService$DropBoxManagerBroadcastHandler c=null m=2
04-15 16:14:23.775 535 1486 D CompatibilityChangeReporter: Compat change id reported: 161252188; UID 1000; state: DISABLED
04-15 16:14:23.826 535 1486 I ActivityManager: Enqueued broadcast Intent { act=com.android.emulator.multidisplay.START flg=0x400000 cmp=com.android.emulator.multidisplay/.MultiDisplayServiceReceiver }: 0
04-15 16:14:23.820 0 0 I init : Untracked pid 1477 received signal 1
04-15 16:14:23.841 0 0 I init : Untracked pid 1477 did not have an associated service entry and will not be reaped
04-15 16:14:23.841 1287 1377 I BinaryDictionaryFileDumper: reinitializeClientRecordInDictionaryContentProvider() : Insert DictionaryInfo : Id = 'main:en_us' : Locale=en_US : Version=-1
04-15 16:14:23.845 535 1393 I system_server: libdebuggerd_client: done dumping process 1120
04-15 16:14:23.849 1497 1497 I rs.media.module: Using CollectorTypeCC GC.
04-15 16:14:24.005 1497 1497 W rs.media.module: Unexpected CPU variant for x86: x86_64.
04-15 16:14:24.005 1497 1497 W rs.media.module: Known variants: atom, sandybridge, silvermont, goldmont, goldmont-plus, tremont, kabylake, default
04-15 16:14:24.151 1497 1497 E rs.media.module: Not starting debugger since process cannot load the jdwp agent.
04-15 16:14:24.370 535 1393 I ActivityManager: Collecting stacks for pid 1075
04-15 16:14:24.633 535 624 W system_server: Long monitor contention with owner binder:535_17 (1499) at void com.android.server.am.BatteryStatsService$LocalService.noteBinderThreadNativeIds(int[])(BatteryStatsService.java:531) waiters=1 in void com.android.server.am.BatteryStatsService.noteServiceStopLaunch(int, java.lang.String, java.lang.String) for 430ms
04-15 16:14:24.703 535 557 W Looper : Slow dispatch took 782ms android.fg h=com.android.server.dreams.DreamManagerService$DreamHandler c=android.app.LoadedApk$ReceiverDispatcher$Args$$ExternalSyntheticLambda0@7a86d25 m=0
04-15 16:14:24.721 1105 1105 W GattService: Unexpectedly do Start, don't start
04-15 16:14:24.762 535 1393 I system_server: libdebuggerd_client: started dumping process 1075
04-15 16:14:24.770 193 193 I tombstoned: registered intercept for pid 1075 and type kDebuggerdJavaBacktrace
04-15 16:14:24.774 1075 1082 I rkstack.process: Thread[2,tid=1082,WaitingInMainSignalCatcherLoop,Thread*=0x78a36ef2cf50,peer=0x130001c8,"Signal Catcher"]: reacting to signal 3
04-15 16:14:24.780 1075 1082 I rkstack.process:
04-15 16:14:24.989 535 1494 W system_server: Core platform API violation: Llibcore/io/Memory;->pokeByte(JB)V from Lcom/android/server/appsearch/protobuf/UnsafeUtil; using reflection
04-15 16:14:24.989 535 1494 W system_server: Core platform API violation: Llibcore/io/Memory;->peekByte(J)B from Lcom/android/server/appsearch/protobuf/UnsafeUtil; using reflection
04-15 16:14:25.061 535 1489 I ActivityManager: Broadcasting: Intent { act=com.android.emulator.multidisplay.START flg=0x400000 cmp=com.android.emulator.multidisplay/.MultiDisplayServiceReceiver }
04-15 16:14:25.064 535 811 D WakeupConfigStoreData: WifiWake user data has been read
04-15 16:14:25.134 535 811 D WifiConfigStore: Reading from user stores completed in 379 ms.
04-15 16:14:25.166 535 803 E IPCThreadState: Binder transaction failure: 30197/29189/-22
04-15 16:14:25.252 0 0 E binder : invalid inc weak node for 29453
04-15 16:14:25.252 0 0 I binder : 535:609 IncRefs 0 refcount change on invalid ref 411 ret -22
04-15 16:14:25.274 193 193 I tombstoned: received crash request for pid 1075
04-15 16:14:25.275 193 193 I tombstoned: found intercept fd 513 for pid 1075 and type kDebuggerdJavaBacktrace
04-15 16:14:25.282 193 193 W tombstoned: skipping tombstone file creation due to intercept
04-15 16:14:25.287 1075 1082 I rkstack.process: Wrote stack traces to tombstoned
04-15 16:14:25.294 535 1393 I system_server: libdebuggerd_client: done dumping process 1075
04-15 16:14:25.320 535 1393 I ActivityManager: dumpStackTraces nativepids=[141, 155, 327, 328, 392, 395, 423, 445, 450, 452, 459, 1105]
04-15 16:14:25.321 535 1393 I ActivityManager: Collecting stacks for native pid 141
04-15 16:14:25.325 535 1393 I system_server: libdebuggerd_client: started dumping process 141
04-15 16:14:25.327 193 193 I tombstoned: registered intercept for pid 141 and type kDebuggerdNativeBacktrace
04-15 16:14:25.335 141 141 I libc : Requested dump for pid 141 (binder:141_2)
04-15 16:14:25.353 0 0 E binder : invalid inc weak node for 29455
04-15 16:14:25.353 0 0 I binder : 535:609 IncRefs 0 refcount change on invalid ref 542 ret -22
04-15 16:14:25.373 893 1488 D CCodecBufferChannel: [c2.android.vorbis.decoder#957] MediaCodec discarded an unknown buffer
04-15 16:14:25.373 893 1488 D CCodecBufferChannel: [c2.android.vorbis.decoder#957] MediaCodec discarded an unknown buffer
04-15 16:14:25.374 893 1488 D CCodecBufferChannel: [c2.android.vorbis.decoder#957] MediaCodec discarded an unknown buffer
04-15 16:14:25.523 893 1519 I hw-BpHwBinder: onLastStrongRef automatically unlinking death recipients
04-15 16:14:25.527 459 973 I hw-BpHwBinder: onLastStrongRef automatically unlinking death recipients
04-15 16:14:25.542 893 1413 D MediaCodec: flushMediametrics
04-15 16:14:25.559 459 973 I hw-BpHwBinder: onLastStrongRef automatically unlinking death recipients
04-15 16:14:25.729 900 900 W System : ClassLoader referenced unknown path:
04-15 16:14:25.731 900 900 D nativeloader: Configuring clns-shared-8 for other apk . target_sdk_version=34, uses_libraries=, library_path=/apex/com.android.permission/priv-app/PermissionController@UE1A.230829.036.A1/lib/x86_64:/system/lib64:/system_ext/lib64, permitted_path=/data:/mnt/expand:/data/user_de/0/com.android.permissioncontroller:/apex/com.android.permission/priv-app/PermissionController@UE1A.230829.036.A1:/system/lib64:/system_ext/lib64
04-15 16:14:25.749 893 893 V SystemUIBootTiming: StartServices com.android.systemui.keyguard.ResourceTrimmer took to complete: 4511ms
04-15 16:14:25.750 893 893 W SystemUIService: Initialization of com.android.systemui.keyguard.ResourceTrimmer took 4513 ms
04-15 16:14:25.957 1521 1521 I crash_dump64: obtaining output fd from tombstoned, type: kDebuggerdNativeBacktrace
04-15 16:14:25.969 535 843 E BackupPasswordManager: Unable to read backup pw version
04-15 16:14:25.971 535 843 E BackupPasswordManager: Unable to read saved backup pw hash
04-15 16:14:25.979 193 193 I tombstoned: received crash request for pid 141
04-15 16:14:25.979 193 193 I tombstoned: found intercept fd 513 for pid 141 and type kDebuggerdNativeBacktrace
04-15 16:14:25.985 1521 1521 I crash_dump64: performing dump of process 141 (target tid = 141)
04-15 16:14:26.167 193 193 W tombstoned: skipping tombstone file creation due to intercept
04-15 16:14:26.192 193 193 I tombstoned: intercept for pid 535 and type kDebuggerdJavaBacktrace terminated: due to timeout
04-15 16:14:26.211 0 0 I init : Untracked pid 1521 exited with status 0
04-15 16:14:26.212 0 0 I init : Untracked pid 1521 did not have an associated service entry and will not be reaped
04-15 16:14:26.212 0 0 I init : Untracked pid 1523 exited with status 0
04-15 16:14:26.212 0 0 I init : Untracked pid 1523 did not have an associated service entry and will not be reaped
04-15 16:14:26.204 1075 1075 W System : ClassLoader referenced unknown path:
04-15 16:14:26.206 1075 1075 D nativeloader: Configuring clns-shared-9 for other apk . target_sdk_version=34, uses_libraries=, library_path=/system/priv-app/NetworkStack/lib/x86_64:/system/priv-app/NetworkStack/NetworkStack.apk!/lib/x86_64:/system/lib64:/system_ext/lib64, permitted_path=/data:/mnt/expand:/data/user_de/0/com.android.networkstack:/system/priv-app/NetworkStack:/system/lib64:/system_ext/lib64
04-15 16:14:26.258 535 1393 I system_server: libdebuggerd_client: done dumping process 141
04-15 16:14:26.267 535 1406 E system_server: libdebuggerd_client: failed to read status response from tombstoned: timeout reached?
04-15 16:14:26.309 535 1406 W ActivityManager: Dumping Java threads failed, initiating native stack dump.
04-15 16:14:26.332 535 1393 I ActivityManager: Collecting stacks for native pid 155
04-15 16:14:26.349 535 1393 I system_server: libdebuggerd_client: started dumping process 155
04-15 16:14:26.391 0 0 E binder : invalid inc weak node for 29499
04-15 16:14:26.392 0 0 I binder : 535:959 IncRefs 0 refcount change on invalid ref 549 ret -22
04-15 16:14:26.392 0 0 E binder : invalid inc weak node for 29501
04-15 16:14:26.392 0 0 I binder : 535:959 IncRefs 0 refcount change on invalid ref 550 ret -22
04-15 16:14:26.400 535 609 E IPCThreadState: Binder transaction failure: 30362/29189/-22
04-15 16:14:26.402 535 557 I ActivityTaskManager: Config changes=80000000 {1.0 ?mcc0mnc [en_US] ldltr sw411dp w411dp h914dp 420dpi nrml long port finger qwerty/v/v -nav/h winConfig={ mBounds=Rect(0, 0 - 1080, 2400) mAppBounds=Rect(0, 0 - 1080, 2400) mMaxBounds=Rect(0, 0 - 1080, 2400) mDisplayRotation=ROTATION_0 mWindowingMode=fullscreen mDisplayWindowingMode=fullscreen mActivityType=undefined mAlwaysOnTop=undefined mRotation=ROTATION_0} as.2 s.10 fontWeightAdjustment=0}
04-15 16:14:26.403 535 811 W FileUtils: Failed to chmod(/data/misc_ce/0/apexdata/com.android.wifi/WifiConfigStore.xml, 384):
04-15 16:14:26.403 535 811 W FileUtils: android.system.ErrnoException: chmod failed: ENOENT (No such file or directory)
04-15 16:14:26.403 535 811 W FileUtils: at libcore.io.Linux.chmod(Native Method)
04-15 16:14:26.403 535 811 W FileUtils: at libcore.io.ForwardingOs.chmod(ForwardingOs.java:165)
04-15 16:14:26.403 535 811 W FileUtils: at libcore.io.BlockGuardOs.chmod(BlockGuardOs.java:83)
04-15 16:14:26.403 535 811 W FileUtils: at android.system.Os.chmod(Os.java:119)
04-15 16:14:26.403 535 811 W FileUtils: at com.android.server.wifi.util.FileUtils.chmod(FileUtils.java:44)
04-15 16:14:26.403 535 811 W FileUtils: at com.android.server.wifi.WifiConfigStore$StoreFile.writeBufferedRawData(WifiConfigStore.java:941)
04-15 16:14:26.403 535 811 W FileUtils: at com.android.server.wifi.WifiConfigStore.writeBufferedData(WifiConfigStore.java:510)
04-15 16:14:26.403 535 811 W FileUtils: at com.android.server.wifi.WifiConfigStore.write(WifiConfigStore.java:430)
04-15 16:14:26.403 535 811 W FileUtils: at com.android.server.wifi.WifiConfigManager.saveToStore(WifiConfigManager.java:3688)
04-15 16:14:26.403 535 811 W FileUtils: at com.android.server.wifi.WifiConfigManager.handleUserUnlockOrSwitch(WifiConfigManager.java:3229)
04-15 16:14:26.403 535 811 W FileUtils: at com.android.server.wifi.WifiConfigManager.handleUserUnlock(WifiConfigManager.java:3308)
04-15 16:14:26.403 535 811 W FileUtils: at com.android.server.wifi.WifiServiceImpl.lambda$handleUserUnlock$4(WifiServiceImpl.java:862)
04-15 16:14:26.403 535 811 W FileUtils: at com.android.server.wifi.WifiServiceImpl.$r8$lambda$iCwaHj3x8XNFAdDU5jx297GHjjE(WifiServiceImpl.java:0)
04-15 16:14:26.403 535 811 W FileUtils: at com.android.server.wifi.WifiServiceImpl$$ExternalSyntheticLambda124.run(R8$$SyntheticClass:0)
04-15 16:14:26.403 535 811 W FileUtils: at android.os.Handler.handleCallback(Handler.java:958)
04-15 16:14:26.403 535 811 W FileUtils: at android.os.Handler.dispatchMessage(Handler.java:99)
04-15 16:14:26.403 535 811 W FileUtils: at com.android.server.wifi.RunnerHandler.dispatchMessage(RunnerHandler.java:122)
04-15 16:14:26.403 535 811 W FileUtils: at android.os.Looper.loopOnce(Looper.java:205)
04-15 16:14:26.403 535 811 W FileUtils: at android.os.Looper.loop(Looper.java:294)
04-15 16:14:26.403 535 811 W FileUtils: at android.os.HandlerThread.run(HandlerThread.java:67)
