04-15 16:11:38.811 445 445 W mediaextractor: libminijail[445]: compile_file: /apex/com.android.media/etc/seccomp_policy/crash_dump.x86_64.policy(6): syscall clock_gettime redefined here
04-15 16:11:38.811 445 445 W mediaextractor: libminijail[445]: compile_file: (15): previous definition here
04-15 16:11:38.811 445 445 W mediaextractor: libminijail[445]: compile_file: /apex/com.android.media/etc/seccomp_policy/crash_dump.x86_64.policy(8): syscall futex redefined here
04-15 16:11:38.811 445 445 W mediaextractor: libminijail[445]: compile_file: (4): previous definition here
04-15 16:11:38.816 459 459 I CodecServiceRegistrant: Creating software Codec2 service...
04-15 16:11:38.847 459 459 D C2Store : Default ION heapmask = -1
04-15 16:11:38.847 459 459 D C2Store : Default ION flags = 0
04-15 16:11:38.850 392 392 D APM_EngineLoader: Loaded engine from libaudiopolicyenginedefault.so
04-15 16:11:38.853 445 445 W mediaextractor: libminijail[445]: compile_file: /apex/com.android.media/etc/seccomp_policy/crash_dump.x86_64.policy(9): syscall getrandom redefined here
04-15 16:11:38.853 445 445 W mediaextractor: libminijail[445]: compile_file: (36): previous definition here
04-15 16:11:38.853 445 445 W mediaextractor: libminijail[445]: compile_file: /apex/com.android.media/etc/seccomp_policy/crash_dump.x86_64.policy(10): syscall getpid redefined here
04-15 16:11:38.853 445 445 W mediaextractor: libminijail[445]: compile_file: (53): previous definition here
04-15 16:11:38.854 445 445 W mediaextractor: libminijail[445]: compile_file: /apex/com.android.media/etc/seccomp_policy/crash_dump.x86_64.policy(11): syscall gettid redefined here
04-15 16:11:38.854 445 445 W mediaextractor: libminijail[445]: compile_file: (51): previous definition here
04-15 16:11:38.854 445 445 W mediaextractor: libminijail[445]: compile_file: /apex/com.android.media/etc/seccomp_policy/crash_dump.x86_64.policy(14): syscall openat redefined here
04-15 16:11:38.854 445 445 W mediaextractor: libminijail[445]: compile_file: (13): previous definition here
04-15 16:11:38.854 445 445 W mediaextractor: libminijail[445]: compile_file: /apex/com.android.media/etc/seccomp_policy/crash_dump.x86_64.policy(15): syscall dup redefined here
04-15 16:11:38.854 445 445 W mediaextractor: libminijail[445]: compile_file: (9): previous definition here
04-15 16:11:38.854 445 445 W mediaextractor: libminijail[445]: compile_file: /apex/com.android.media/etc/seccomp_policy/crash_dump.x86_64.policy(16): syscall close redefined here
04-15 16:11:38.855 445 445 W mediaextractor: libminijail[445]: compile_file: (8): previous definition here
04-15 16:11:38.855 445 445 W mediaextractor: libminijail[445]: compile_file: /apex/com.android.media/etc/seccomp_policy/crash_dump.x86_64.policy(17): syscall lseek redefined here
04-15 16:11:38.855 445 445 W mediaextractor: libminijail[445]: compile_file: (20): previous definition here
04-15 16:11:38.855 445 445 W mediaextractor: libminijail[445]: compile_file: /apex/com.android.media/etc/seccomp_policy/crash_dump.x86_64.policy(18): syscall getdents64 redefined here
04-15 16:11:38.855 445 445 W mediaextractor: libminijail[445]: compile_file: (42): previous definition here
04-15 16:11:38.855 445 445 W mediaextractor: libminijail[445]: compile_file: /apex/com.android.media/etc/seccomp_policy/crash_dump.x86_64.policy(19): syscall faccessat redefined here
04-15 16:11:38.855 445 445 W mediaextractor: libminijail[445]: compile_file: (32): previous definition here
04-15 16:11:38.872 459 459 D C2Store : Default ION align = 0
04-15 16:11:38.905 445 445 W mediaextractor: libminijail[445]: compile_file: /apex/com.android.media/etc/seccomp_policy/crash_dump.x86_64.policy(28): syscall prctl redefined here
04-15 16:11:38.906 445 445 W mediaextractor: libminijail[445]: compile_file: (5): previous definition here
04-15 16:11:38.907 445 445 W mediaextractor: libminijail[445]: compile_file: /apex/com.android.media/etc/seccomp_policy/crash_dump.x86_64.policy(29): syscall madvise redefined here
04-15 16:11:38.929 445 445 W mediaextractor: libminijail[445]: compile_file: (12): previous definition here
04-15 16:11:38.930 445 445 W mediaextractor: libminijail[445]: compile_file: /apex/com.android.media/etc/seccomp_policy/crash_dump.x86_64.policy(30): syscall mprotect redefined here
04-15 16:11:38.930 445 445 W mediaextractor: libminijail[445]: compile_file: (18): previous definition here
04-15 16:11:38.953 392 392 D APM::AudioPolicyEngine/Base: loadAudioPolicyEngineConfig: No configuration found, using default matching phone experience.
04-15 16:11:38.970 445 445 W mediaextractor: libminijail[445]: compile_file: /apex/com.android.media/etc/seccomp_policy/crash_dump.x86_64.policy(31): syscall munmap redefined here
04-15 16:11:38.971 445 445 W mediaextractor: libminijail[445]: compile_file: (10): previous definition here
04-15 16:11:38.971 445 445 W mediaextractor: libminijail[445]: compile_file: /apex/com.android.media/etc/seccomp_policy/crash_dump.x86_64.policy(32): syscall getuid redefined here
04-15 16:11:38.993 445 445 W mediaextractor: libminijail[445]: compile_file: (22): previous definition here
04-15 16:11:39.002 445 445 W mediaextractor: libminijail[445]: compile_file: /apex/com.android.media/etc/seccomp_policy/crash_dump.x86_64.policy(33): syscall fstat redefined here
04-15 16:11:39.003 445 445 W mediaextractor: libminijail[445]: compile_file: (25): previous definition here
04-15 16:11:39.003 445 445 W mediaextractor: libminijail[445]: compile_file: /apex/com.android.media/etc/seccomp_policy/crash_dump.x86_64.policy(34): syscall mmap redefined here
04-15 16:11:39.005 445 445 W mediaextractor: libminijail[445]: compile_file: (11): previous definition here
04-15 16:11:39.033 445 445 W mediaextractor: libminijail[445]: logging seccomp filter failures
04-15 16:11:39.040 459 459 I HidlServiceManagement: Registered android.hardware.media.c2@1.2::IComponentStore/software
04-15 16:11:39.085 459 459 I CodecServiceRegistrant: Preferred Codec2 store is set to "default".
04-15 16:11:39.086 459 459 I CodecServiceRegistrant: Software Codec2 service created and registered.
04-15 16:11:39.525 392 392 W APM::AudioPolicyEngine/Base: loadAudioPolicyEngineConfig: No configuration of AUDIO_STREAM_CALL_ASSISTANT found, using default volume configuration
04-15 16:11:39.781 392 392 D AudioFlinger::MelReporter: activateHalSoundDoseComputation: Forcing use of internal MEL computation.
04-15 16:11:39.781 392 392 W AudioFlinger: loadHwModule() sound dose reporting is not available
04-15 16:11:39.797 392 392 I AudioFlinger: loadHwModule() Loaded primary audio interface, handle 10
04-15 16:11:39.990 445 445 I MediaExtractorFactory: plugin directory not present (/system/lib64/extractors)
04-15 16:11:39.991 445 445 I MediaExtractorFactory: plugin directory not present (/system_ext/lib64/extractors)
04-15 16:11:40.082 452 452 I mediaserver: ServiceManager: 0x7e965b7b7a20
04-15 16:11:40.112 452 452 W BatteryNotifier: batterystats service unavailable!
04-15 16:11:40.136 452 452 W BatteryNotifier: batterystats service unavailable!
04-15 16:11:40.139 392 392 I AudioFlinger: openOutput() this 0x7cd1fef5ca20, module 10 Device AUDIO_DEVICE_OUT_SPEAKER, @:, SamplingRate 48000, Format 0x000001, Channels 0x3, flags 0x2
04-15 16:11:40.254 392 392 I AudioFlinger: HAL output buffer size 1088 frames, normal sink buffer size 1088 frames
04-15 16:11:40.289 132 132 I hwservicemanager: getTransport: Cannot find entry android.hardware.audio.effect@7.1::IEffectsFactory/default in either framework or device VINTF manifest.
04-15 16:11:40.717 329 329 D nativeloader: InitDefaultPublicLibraries for_preload=1: libandroid.so:libaaudio.so:libamidi.so:libbinder_ndk.so:libc.so:libcamera2ndk.so:libdl.so:libEGL.so:libGLESv1_CM.so:libGLESv2.so:libGLESv3.so:libicu.so:libicui18n.so:libicuuc.so:libjnigraphics.so:liblog.so:libmediandk.so:libm.so:libnativehelper.so:libnativewindow.so:libOpenMAXAL.so:libOpenSLES.so:libRS.so:libstdc++.so:libsync.so:libvulkan.so:libwebviewchromium_plat_support.so:libz.so
04-15 16:11:40.777 454 454 W ServiceManagerCppClient: Service package_native didn't start. Returning NULL
04-15 16:11:40.777 454 454 E storaged: getService package_native failed
04-15 16:11:40.836 392 392 I BufferProvider: found effect "Multichannel Downmix To Stereo" from The Android Open Source Project
04-15 16:11:40.899 392 392 D AudioFlinger: Failed to add event callback
04-15 16:11:40.905 392 497 I AudioFlinger: AudioFlinger's thread 0x7cd41139c930 tid=497 ready to run
04-15 16:11:40.944 392 497 W AudioFlinger: no wake lock to update, system not ready yet
04-15 16:11:40.945 392 497 D AudioFlinger: ro.audio.silent is ignored since no output device is set
04-15 16:11:40.947 331 331 E android.hardware.audio@7.1-impl.ranchu: getPresentationPosition:510 failure: Result::INVALID_STATE
04-15 16:11:40.966 454 454 W BpBinder: Linking to death on android.hardware.health.IHealth but there are no threads (yet?) listening to incoming transactions. See ProcessState::startThreadPool and ProcessState::setThreadPoolMaxThreadCount. Generally you should setup the binder threadpool before other initialization steps.
04-15 16:11:41.023 454 498 I storaged: storaged: Start
04-15 16:11:41.088 454 498 I ServiceManagerCppClient: Waiting for service 'package_native' on '/dev/binder'...
04-15 16:11:41.233 392 392 E APM_AudioPolicyManager: invalid volume index range
04-15 16:11:41.234 392 392 E APM_AudioPolicyManager: invalid volume index range
04-15 16:11:41.234 392 392 E APM_AudioPolicyManager: invalid volume index range
04-15 16:11:41.234 392 392 V APM_AudioPolicyManager: checkAndSetVolume cannot set volume group 4 volume when is not requested for comm
04-15 16:11:41.234 392 392 E APM_AudioPolicyManager: invalid volume index range
04-15 16:11:41.234 392 392 E APM_AudioPolicyManager: invalid volume index range
04-15 16:11:41.234 392 392 E APM_AudioPolicyManager: invalid volume index range
04-15 16:11:41.234 392 392 E APM_AudioPolicyManager: invalid volume index range
04-15 16:11:41.294 392 497 W AudioFlinger: no wake lock to update, system not ready yet
04-15 16:11:41.295 392 497 D AudioFlinger: ro.audio.silent is ignored since no output device is set
04-15 16:11:41.324 392 392 E APM_AudioPolicyManager: invalid volume index range
04-15 16:11:41.329 392 392 E APM_AudioPolicyManager: invalid volume index range
04-15 16:11:41.329 392 392 E APM_AudioPolicyManager: invalid volume index range
04-15 16:11:41.330 392 392 E APM_AudioPolicyManager: invalid volume index range
04-15 16:11:41.373 392 392 W AudioFlinger: moveEffects() bad srcOutput 0
04-15 16:11:41.384 392 392 V APM_AudioPolicyManager: selectOutputForMusicEffects selected output 13
04-15 16:11:41.391 392 392 V APM_AudioPolicyManager: setOutputDevices device {AUDIO_DEVICE_OUT_SPEAKER, @:} delayMs 0
04-15 16:11:41.395 392 392 V APM_AudioPolicyManager: setOutputDevices() prevDevice {AUDIO_DEVICE_OUT_SPEAKER, @:}
04-15 16:11:41.401 392 392 I APM::AudioPolicyEngine: getDevicesForStrategyInt no device found for strategy 9
04-15 16:11:41.402 392 392 V APM_AudioPolicyManager: setOutputDevices changing device to {AUDIO_DEVICE_OUT_SPEAKER, @:}
04-15 16:11:41.473 392 497 D AudioFlinger: updateHalSupportedLatencyModes_l: thread(13) status -38 supported latency modes: { }
04-15 16:11:41.486 392 392 V APM_AudioPolicyManager: setOutputDevices() AF::createAudioPatch returned 0 patchHandle 12 num_sources 1 num_sinks 1
04-15 16:11:41.509 392 392 E APM_AudioPolicyManager: invalid volume index range
04-15 16:11:41.518 392 392 E APM_AudioPolicyManager: invalid volume index range
04-15 16:11:41.521 392 392 E APM_AudioPolicyManager: invalid volume index range
04-15 16:11:41.535 392 392 V APM_AudioPolicyManager: checkAndSetVolume cannot set volume group 4 volume when is not requested for comm
04-15 16:11:41.541 392 392 E APM_AudioPolicyManager: invalid volume index range
04-15 16:11:41.542 392 392 E APM_AudioPolicyManager: invalid volume index range
04-15 16:11:41.542 392 392 E APM_AudioPolicyManager: invalid volume index range
04-15 16:11:41.542 392 392 E APM_AudioPolicyManager: invalid volume index range
04-15 16:11:41.542 392 392 E APM_AudioPolicyManager: invalid volume index range
04-15 16:11:41.542 392 392 E APM_AudioPolicyManager: invalid volume index range
04-15 16:11:41.542 392 392 E APM_AudioPolicyManager: invalid volume index range
04-15 16:11:41.542 392 392 E APM_AudioPolicyManager: invalid volume index range
04-15 16:11:41.543 392 392 I AudioFlinger: openOutput() this 0x7cd1fef5ca20, module 10 Device AUDIO_DEVICE_OUT_TELEPHONY_TX, @:, SamplingRate 48000, Format 0x000001, Channels 0x3, flags 0
04-15 16:11:41.712 392 392 I AudioFlinger: HAL output buffer size 1088 frames, normal sink buffer size 1088 frames
04-15 16:11:41.856 392 392 D AudioFlinger: Failed to add event callback
04-15 16:11:41.864 392 505 I AudioFlinger: AudioFlinger's thread 0x7cd411349930 tid=505 ready to run
04-15 16:11:41.912 392 505 W AudioFlinger: no wake lock to update, system not ready yet
04-15 16:11:41.920 392 505 D AudioFlinger: ro.audio.silent is ignored since no output device is set
04-15 16:11:41.921 331 331 E android.hardware.audio@7.1-impl.ranchu: getPresentationPosition:510 failure: Result::INVALID_STATE
04-15 16:11:42.036 329 329 D zygote64: Time zone APEX ICU file found: /apex/com.android.tzdata/etc/icu/icu_tzdata.dat
04-15 16:11:42.092 329 329 D zygote64: I18n APEX ICU file found: /apex/com.android.i18n/etc/icu/icudt72l.dat
04-15 16:11:42.161 392 392 E APM_AudioPolicyManager: invalid volume index range
04-15 16:11:42.162 392 392 E APM_AudioPolicyManager: invalid volume index range
04-15 16:11:42.162 392 392 E APM_AudioPolicyManager: invalid volume index range
04-15 16:11:42.163 392 392 V APM_AudioPolicyManager: checkAndSetVolume cannot set volume group 4 volume when is not requested for comm
04-15 16:11:42.172 392 392 E APM_AudioPolicyManager: invalid volume index range
04-15 16:11:42.176 392 392 E APM_AudioPolicyManager: invalid volume index range
04-15 16:11:42.176 392 392 E APM_AudioPolicyManager: invalid volume index range
04-15 16:11:42.177 392 392 E APM_AudioPolicyManager: invalid volume index range
04-15 16:11:42.219 392 505 W AudioFlinger: no wake lock to update, system not ready yet
04-15 16:11:42.219 392 505 D AudioFlinger: ro.audio.silent is ignored since no output device is set
04-15 16:11:42.253 392 392 E APM_AudioPolicyManager: invalid volume index range
04-15 16:11:42.253 392 392 E APM_AudioPolicyManager: invalid volume index range
04-15 16:11:42.253 392 392 E APM_AudioPolicyManager: invalid volume index range
04-15 16:11:42.253 392 392 E APM_AudioPolicyManager: invalid volume index range
04-15 16:11:42.294 466 466 W ServiceManagerCppClient: Service android.hardware.gatekeeper.IGatekeeper/default didn't start. Returning NULL
04-15 16:11:42.328 392 392 V APM_AudioPolicyManager: selectOutputForMusicEffects selected output 13
04-15 16:11:42.329 392 392 V APM_AudioPolicyManager: setOutputDevices device {AUDIO_DEVICE_OUT_TELEPHONY_TX, @:} delayMs 0
04-15 16:11:42.330 392 392 V APM_AudioPolicyManager: setOutputDevices() prevDevice {AUDIO_DEVICE_OUT_TELEPHONY_TX, @:}
04-15 16:11:42.333 392 392 V APM_AudioPolicyManager: setOutputDevices changing device to {AUDIO_DEVICE_OUT_TELEPHONY_TX, @:}
04-15 16:11:42.415 392 505 D AudioFlinger: updateHalSupportedLatencyModes_l: thread(21) status -38 supported latency modes: { }
04-15 16:11:42.448 392 392 V APM_AudioPolicyManager: setOutputDevices() AF::createAudioPatch returned 0 patchHandle 20 num_sources 1 num_sinks 1
04-15 16:11:42.450 392 392 E APM_AudioPolicyManager: invalid volume index range
04-15 16:11:42.467 392 392 E APM_AudioPolicyManager: invalid volume index range
04-15 16:11:42.472 392 392 E APM_AudioPolicyManager: invalid volume index range
04-15 16:11:42.484 392 392 E APM_AudioPolicyManager: invalid volume index range
04-15 16:11:42.501 392 392 E APM_AudioPolicyManager: invalid volume index range
04-15 16:11:42.501 392 392 E APM_AudioPolicyManager: invalid volume index range
04-15 16:11:42.502 392 392 E APM_AudioPolicyManager: invalid volume index range
04-15 16:11:42.503 392 392 E APM_AudioPolicyManager: invalid volume index range
04-15 16:11:42.564 392 392 E APM_AudioPolicyManager: invalid volume index range
04-15 16:11:42.565 392 392 E APM_AudioPolicyManager: invalid volume index range
04-15 16:11:42.569 392 392 E APM_AudioPolicyManager: invalid volume index range
04-15 16:11:42.576 392 392 E APM_AudioPolicyManager: invalid volume index range
04-15 16:11:42.948 392 507 I AudioFlinger: AudioFlinger's thread 0x7cd4112dfbb0 tid=507 ready to run
04-15 16:11:42.958 392 507 W AudioFlinger: no wake lock to update, system not ready yet
04-15 16:11:42.959 481 481 I BootAnimation: boot animation disabled
04-15 16:11:43.069 392 507 W AudioFlinger: no wake lock to update, system not ready yet
04-15 16:11:43.161 392 509 I AudioFlinger: AudioFlinger's thread 0x7cd4112dfbb0 tid=509 ready to run
04-15 16:11:43.178 392 509 W AudioFlinger: no wake lock to update, system not ready yet
04-15 16:11:43.179 392 509 W AudioFlinger: no wake lock to update, system not ready yet
04-15 16:11:43.250 329 329 I zygote64: Using memfd for future sealing
04-15 16:11:43.340 392 511 I AudioFlinger: AudioFlinger's thread 0x7cd4112dfbb0 tid=511 ready to run
04-15 16:11:43.420 329 329 W zygote64: Unexpected CPU variant for x86: x86_64.
04-15 16:11:43.420 329 329 W zygote64: Known variants: atom, sandybridge, silvermont, goldmont, goldmont-plus, tremont, kabylake, default
04-15 16:11:43.433 392 511 W AudioFlinger: no wake lock to update, system not ready yet
04-15 16:11:43.511 0 0 I init : Service 'bootanim' (pid 481) exited with status 0 oneshot service took 7.998000 seconds in background
04-15 16:11:43.512 0 0 I init : Sending signal 9 to service 'bootanim' (pid 481) process group...
04-15 16:11:43.512 0 0 I libprocessgroup: Successfully killed process cgroup uid 1003 pid 481 in 0ms
04-15 16:11:43.543 331 391 I r_submix: adev_open(name=audio_hw_if)
04-15 16:11:43.555 392 392 D AudioFlinger::MelReporter: activateHalSoundDoseComputation: Forcing use of internal MEL computation.
04-15 16:11:43.572 392 392 W AudioFlinger: loadHwModule() sound dose reporting is not available
04-15 16:11:43.576 331 391 I r_submix: adev_init_check()
04-15 16:11:43.604 392 392 I AudioFlinger: loadHwModule() Loaded r_submix audio interface, handle 18
04-15 16:11:43.607 331 391 D r_submix: adev_open_input_stream(addr=0)
04-15 16:11:43.607 331 391 I r_submix: adev_open_input_stream(): about to create pipe at index 9, rate 48000, pipe size 4096
04-15 16:11:43.607 331 391 D r_submix: submix_audio_device_create_pipe_l(addr=0, idx=9)
04-15 16:11:43.607 331 391 D r_submix: now using address 0 for route 9
04-15 16:11:43.764 392 514 I AudioFlinger: AudioFlinger's thread 0x7cd4112dfbb0 tid=514 ready to run
04-15 16:11:43.768 331 331 I r_submix: in_standby()
04-15 16:11:43.769 392 514 W AudioFlinger: no wake lock to update, system not ready yet
04-15 16:11:43.770 331 331 I r_submix: in_standby()
04-15 16:11:43.771 392 514 W AudioFlinger: no wake lock to update, system not ready yet
04-15 16:11:43.785 331 331 D r_submix: adev_close_input_stream()
04-15 16:11:43.785 331 331 D r_submix: submix_audio_device_release_pipe_l(idx=9) addr=0
04-15 16:11:43.786 331 331 D r_submix: submix_audio_device_destroy_pipe_l(): pipe destroyed
04-15 16:11:44.034 392 392 D AudioFlinger::MelReporter: activateHalSoundDoseComputation: Forcing use of internal MEL computation.
04-15 16:11:44.034 392 392 W AudioFlinger: loadHwModule() sound dose reporting is not available
04-15 16:11:44.037 392 392 I AudioFlinger: loadHwModule() Loaded bluetooth audio interface, handle 26
04-15 16:11:44.127 132 132 I hwservicemanager: getTransport: Cannot find entry android.hardware.audio.effect@7.1::IEffectsFactory/default in either framework or device VINTF manifest.
04-15 16:11:44.184 392 392 I audioserver: Waiting for activity service
04-15 16:11:45.289 329 329 D Zygote : begin preload
04-15 16:11:45.312 329 329 I Zygote : Calling ZygoteHooks.beginPreload()
04-15 16:11:45.457 423 423 I cameraserver: ServiceManager: 0x746f05053860
04-15 16:11:45.470 423 423 I CameraService: CameraService started (pid=423)
04-15 16:11:45.471 423 423 I CameraService: CameraService process starting
04-15 16:11:45.557 423 423 W BatteryNotifier: batterystats service unavailable!
04-15 16:11:45.595 423 423 W BatteryNotifier: batterystats service unavailable!
04-15 16:11:45.773 423 423 I cameraserver: Connecting to new camera provider: internal/0, isRemote? 1
04-15 16:11:46.160 454 498 W ServiceManagerCppClient: Service package_native didn't start. Returning NULL
04-15 16:11:46.162 454 498 E storaged: getService package_native failed
04-15 16:11:46.234 423 423 W BpBinder: Linking to death on android.hardware.camera.provider.ICameraProvider but there are no threads (yet?) listening to incoming transactions. See ProcessState::startThreadPool and ProcessState::setThreadPoolMaxThreadCount. Generally you should setup the binder threadpool before other initialization steps.
04-15 16:11:46.312 423 423 I CameraProviderManager: Enumerating new camera device: device@1.1/internal/1
04-15 16:11:46.323 337 337 W StreamConfigurationMap: StreamConfigurationMap: ANDROID_SCALER_AVAILABLE_STREAM_CONFIGURATIONS missing, maxResolution ? true!
04-15 16:11:46.329 337 337 W StreamConfigurationMap: StreamConfigurationMap: ANDROID_SCALER_AVAILABLE_MIN_FRAME_DURATIONS missing!, max resolution ? true
04-15 16:11:46.329 337 337 W StreamConfigurationMap: StreamConfigurationMap: ANDROID_SCALER_AVAILABLE_STALL_DURATIONS missing! maxResolution ? true
04-15 16:11:46.330 337 337 I EmulatedCameraDeviceHwlImpl: Create: Created EmulatedCameraDeviceHwlImpl for camera 1
04-15 16:11:46.336 337 337 D GCH_Utils: FindLibraryPaths: Unable to open directory /vendor/lib64/camera/capture_sessions/ (No such file or directory)
04-15 16:11:46.337 337 337 I GCH_CameraDevice: Create: Created a camera device for public(1)
04-15 16:11:46.372 329 329 V Zygote64Timing: BeginPreload took to complete: 1077ms
04-15 16:11:46.373 329 329 I Zygote : Preloading classes...
04-15 16:11:46.608 423 423 W CameraProviderManager: Camera provider internal/0 says an unknown camera device@1.1/internal/1 now has torch status 1. Curious.
04-15 16:11:46.610 423 423 I CameraProviderManager: Camera provider internal/0 ready with 1 camera devices
04-15 16:11:46.694 423 423 I cameraserver: Connecting to new camera provider: internal/1, isRemote? 1
04-15 16:11:46.712 423 423 W BpBinder: Linking to death on android.hardware.camera.provider.ICameraProvider but there are no threads (yet?) listening to incoming transactions. See ProcessState::startThreadPool and ProcessState::setThreadPoolMaxThreadCount. Generally you should setup the binder threadpool before other initialization steps.
04-15 16:11:46.784 423 423 I CameraProviderManager: Camera provider internal/1 ready with 0 camera devices
04-15 16:11:46.786 423 423 I CameraService: onDeviceStatusChanged: Status changed for cameraId=1, newStatus=1
04-15 16:11:46.786 423 423 I CameraService: onDeviceStatusChanged: Unknown camera ID 1, a new camera is added
04-15 16:11:46.896 423 423 I HidlServiceManagement: Registered android.frameworks.cameraservice.service@2.2::ICameraService/default
04-15 16:11:46.958 329 513 W zygote64: Verification of android.widget.ListView$ArrowScrollFocusResult android.widget.ListView.arrowScrollFocused(int) took 114.482ms (1799.40 bytecodes/s) (5768B approximate peak alloc)
04-15 16:11:46.963 0 0 I servicemanager: Found android.frameworks.cameraservice.service.ICameraService/default in framework VINTF manifest.
04-15 16:11:46.964 0 0 I servicemanager: Found android.frameworks.cameraservice.service.ICameraService/default in framework VINTF manifest.
04-15 16:11:47.016 423 423 I CameraService: CameraService pinged cameraservice proxy
04-15 16:11:47.048 423 423 I cameraserver: ServiceManager: 0x746f05053860 done instantiate
04-15 16:11:47.050 423 423 W CameraProviderManager: addAidlProviderLocked: Camera provider HAL with name 'android.hardware.camera.provider.ICameraProvider/internal/0' already registered
04-15 16:11:47.050 423 423 W CameraProviderManager: addAidlProviderLocked: Camera provider HAL with name 'android.hardware.camera.provider.ICameraProvider/internal/1' already registered
04-15 16:11:47.405 329 329 W Zygote : Class not found for preloading: android.content.res.AssetFileDescriptor$AutoCloseInputStream$OffsetCorrectFileChannel
04-15 16:11:47.482 329 329 I Typeface: Preloading /system/fonts/Roboto-Regular.ttf
04-15 16:11:47.492 329 329 I Typeface: Preloading /system/fonts/RobotoStatic-Regular.ttf
04-15 16:11:47.535 329 329 W System : No Compatibility callbacks set! Querying change 247079863
04-15 16:11:47.552 329 329 W System : No Compatibility callbacks set! Querying change 247079863
04-15 16:11:47.553 329 329 W System : No Compatibility callbacks set! Querying change 247079863
04-15 16:11:47.554 329 329 W System : No Compatibility callbacks set! Querying change 247079863
04-15 16:11:47.554 329 329 W System : No Compatibility callbacks set! Querying change 247079863
04-15 16:11:47.554 329 329 W System : No Compatibility callbacks set! Querying change 247079863
04-15 16:11:47.555 329 329 W System : No Compatibility callbacks set! Querying change 247079863
04-15 16:11:47.555 329 329 W System : No Compatibility callbacks set! Querying change 247079863
04-15 16:11:47.568 329 329 W System : No Compatibility callbacks set! Querying change 247079863
04-15 16:11:47.569 329 329 W System : No Compatibility callbacks set! Querying change 247079863
04-15 16:11:47.570 329 329 W System : No Compatibility callbacks set! Querying change 247079863
04-15 16:11:47.571 329 329 W System : No Compatibility callbacks set! Querying change 247079863
04-15 16:11:47.577 329 329 W System : No Compatibility callbacks set! Querying change 247079863
04-15 16:11:47.578 329 329 W System : No Compatibility callbacks set! Querying change 247079863
04-15 16:11:47.579 329 329 W System : No Compatibility callbacks set! Querying change 247079863
04-15 16:11:47.592 329 329 W System : No Compatibility callbacks set! Querying change 247079863
04-15 16:11:47.593 329 329 W System : No Compatibility callbacks set! Querying change 247079863
04-15 16:11:47.594 329 329 W System : No Compatibility callbacks set! Querying change 247079863
04-15 16:11:47.595 329 329 W System : No Compatibility callbacks set! Querying change 247079863
04-15 16:11:47.605 329 329 W System : No Compatibility callbacks set! Querying change 247079863
04-15 16:11:47.606 329 329 W System : No Compatibility callbacks set! Querying change 247079863
04-15 16:11:47.607 329 329 W System : No Compatibility callbacks set! Querying change 247079863
04-15 16:11:47.612 329 329 W System : No Compatibility callbacks set! Querying change 247079863
04-15 16:11:47.613 329 329 W System : No Compatibility callbacks set! Querying change 247079863
04-15 16:11:47.614 329 329 W System : No Compatibility callbacks set! Querying change 247079863
04-15 16:11:47.615 329 329 W System : No Compatibility callbacks set! Querying change 247079863
04-15 16:11:47.615 329 329 W System : No Compatibility callbacks set! Querying change 247079863
04-15 16:11:47.617 329 329 W System : No Compatibility callbacks set! Querying change 247079863
04-15 16:11:47.618 329 329 W System : No Compatibility callbacks set! Querying change 247079863
04-15 16:11:47.619 329 329 W System : No Compatibility callbacks set! Querying change 247079863
04-15 16:11:47.640 329 329 W System : No Compatibility callbacks set! Querying change 247079863
04-15 16:11:47.644 329 329 W System : No Compatibility callbacks set! Querying change 247079863
04-15 16:11:47.645 329 329 W System : No Compatibility callbacks set! Querying change 247079863
04-15 16:11:47.648 329 329 W System : No Compatibility callbacks set! Querying change 247079863
04-15 16:11:47.656 329 329 W System : No Compatibility callbacks set! Querying change 247079863
04-15 16:11:47.657 329 329 W System : No Compatibility callbacks set! Querying change 247079863
04-15 16:11:47.662 329 329 W System : No Compatibility callbacks set! Querying change 247079863
04-15 16:11:47.679 329 329 W System : No Compatibility callbacks set! Querying change 247079863
04-15 16:11:47.685 329 329 W System : No Compatibility callbacks set! Querying change 247079863
04-15 16:11:47.693 329 329 W System : No Compatibility callbacks set! Querying change 247079863
04-15 16:11:47.695 329 329 W System : No Compatibility callbacks set! Querying change 247079863
04-15 16:11:47.695 329 329 W System : No Compatibility callbacks set! Querying change 247079863
04-15 16:11:47.710 329 329 W System : No Compatibility callbacks set! Querying change 247079863
04-15 16:11:47.711 329 329 W System : No Compatibility callbacks set! Querying change 247079863
04-15 16:11:47.713 329 329 W System : No Compatibility callbacks set! Querying change 247079863
04-15 16:11:47.714 329 329 W System : No Compatibility callbacks set! Querying change 247079863
04-15 16:11:47.715 329 329 W System : No Compatibility callbacks set! Querying change 247079863
04-15 16:11:47.716 395 430 D RenderEngine: Shader cache generated 92 shaders in 12361.995117 ms
04-15 16:11:47.717 329 329 W System : No Compatibility callbacks set! Querying change 247079863
04-15 16:11:47.718 329 329 W System : No Compatibility callbacks set! Querying change 247079863
04-15 16:11:47.722 329 329 W System : No Compatibility callbacks set! Querying change 247079863
04-15 16:11:47.722 329 329 W System : No Compatibility callbacks set! Querying change 247079863
04-15 16:11:47.723 329 329 W System : No Compatibility callbacks set! Querying change 247079863
04-15 16:11:47.729 329 329 W System : No Compatibility callbacks set! Querying change 247079863
04-15 16:11:47.729 329 329 W System : No Compatibility callbacks set! Querying change 247079863
04-15 16:11:47.730 329 329 W System : No Compatibility callbacks set! Querying change 247079863
04-15 16:11:47.731 329 329 W System : No Compatibility callbacks set! Querying change 247079863
04-15 16:11:47.737 329 329 W System : No Compatibility callbacks set! Querying change 247079863
04-15 16:11:47.738 329 329 W System : No Compatibility callbacks set! Querying change 247079863
04-15 16:11:47.738 329 329 W System : No Compatibility callbacks set! Querying change 247079863
04-15 16:11:47.739 329 329 W System : No Compatibility callbacks set! Querying change 247079863
04-15 16:11:47.745 329 329 W System : No Compatibility callbacks set! Querying change 247079863
04-15 16:11:47.746 329 329 W System : No Compatibility callbacks set! Querying change 247079863
04-15 16:11:47.746 329 329 W System : No Compatibility callbacks set! Querying change 247079863
04-15 16:11:47.749 329 329 W System : No Compatibility callbacks set! Querying change 247079863
04-15 16:11:47.750 329 329 W System : No Compatibility callbacks set! Querying change 247079863
04-15 16:11:47.751 329 329 W System : No Compatibility callbacks set! Querying change 247079863
04-15 16:11:47.751 329 329 W System : No Compatibility callbacks set! Querying change 247079863
04-15 16:11:47.759 329 329 W System : No Compatibility callbacks set! Querying change 247079863
04-15 16:11:47.759 329 329 W System : No Compatibility callbacks set! Querying change 247079863
04-15 16:11:47.764 329 329 W System : No Compatibility callbacks set! Querying change 247079863
04-15 16:11:47.765 329 329 W System : No Compatibility callbacks set! Querying change 247079863
04-15 16:11:47.766 329 329 W System : No Compatibility callbacks set! Querying change 247079863
04-15 16:11:47.767 329 329 W System : No Compatibility callbacks set! Querying change 247079863
04-15 16:11:47.778 329 329 W System : No Compatibility callbacks set! Querying change 247079863
04-15 16:11:47.778 329 329 W System : No Compatibility callbacks set! Querying change 247079863
04-15 16:11:47.779 329 329 W System : No Compatibility callbacks set! Querying change 247079863
04-15 16:11:47.779 329 329 W System : No Compatibility callbacks set! Querying change 247079863
04-15 16:11:47.779 329 329 W System : No Compatibility callbacks set! Querying change 247079863
04-15 16:11:47.779 329 329 W System : No Compatibility callbacks set! Querying change 247079863
04-15 16:11:47.780 329 329 W System : No Compatibility callbacks set! Querying change 247079863
04-15 16:11:47.784 329 329 W System : No Compatibility callbacks set! Querying change 247079863
04-15 16:11:47.788 329 329 W System : No Compatibility callbacks set! Querying change 247079863
04-15 16:11:47.789 329 329 W System : No Compatibility callbacks set! Querying change 247079863
04-15 16:11:47.789 329 329 W System : No Compatibility callbacks set! Querying change 247079863
04-15 16:11:47.789 329 329 W System : No Compatibility callbacks set! Querying change 247079863
04-15 16:11:47.790 329 329 W System : No Compatibility callbacks set! Querying change 247079863
04-15 16:11:47.790 329 329 W System : No Compatibility callbacks set! Querying change 247079863
04-15 16:11:47.790 329 329 W System : No Compatibility callbacks set! Querying change 247079863
04-15 16:11:47.790 329 329 W System : No Compatibility callbacks set! Querying change 247079863
04-15 16:11:47.791 329 329 W System : No Compatibility callbacks set! Querying change 247079863
04-15 16:11:47.791 329 329 W System : No Compatibility callbacks set! Querying change 247079863
04-15 16:11:47.792 329 329 W System : No Compatibility callbacks set! Querying change 247079863
04-15 16:11:47.792 329 329 W System : No Compatibility callbacks set! Querying change 247079863
04-15 16:11:47.792 329 329 W System : No Compatibility callbacks set! Querying change 247079863
04-15 16:11:47.793 329 329 W System : No Compatibility callbacks set! Querying change 247079863
04-15 16:11:47.793 329 329 W System : No Compatibility callbacks set! Querying change 247079863
04-15 16:11:47.793 329 329 W System : No Compatibility callbacks set! Querying change 247079863
04-15 16:11:47.794 329 329 W System : No Compatibility callbacks set! Querying change 247079863
04-15 16:11:47.794 329 329 W System : No Compatibility callbacks set! Querying change 247079863
04-15 16:11:47.794 329 329 W System : No Compatibility callbacks set! Querying change 247079863
04-15 16:11:47.795 329 329 W System : No Compatibility callbacks set! Querying change 247079863
04-15 16:11:47.795 329 329 W System : No Compatibility callbacks set! Querying change 247079863
04-15 16:11:47.795 329 329 W System : No Compatibility callbacks set! Querying change 247079863
04-15 16:11:47.795 329 329 W System : No Compatibility callbacks set! Querying change 247079863
04-15 16:11:47.795 329 329 W System : No Compatibility callbacks set! Querying change 247079863
04-15 16:11:47.800 329 329 W System : No Compatibility callbacks set! Querying change 247079863
04-15 16:11:47.800 329 329 W System : No Compatibility callbacks set! Querying change 247079863
04-15 16:11:47.801 329 329 W System : No Compatibility callbacks set! Querying change 247079863
04-15 16:11:47.801 329 329 W System : No Compatibility callbacks set! Querying change 247079863
04-15 16:11:47.801 329 329 W System : No Compatibility callbacks set! Querying change 247079863
04-15 16:11:47.802 329 329 W System : No Compatibility callbacks set! Querying change 247079863
04-15 16:11:47.802 329 329 W System : No Compatibility callbacks set! Querying change 247079863
04-15 16:11:47.802 329 329 W System : No Compatibility callbacks set! Querying change 247079863
04-15 16:11:47.803 329 329 W System : No Compatibility callbacks set! Querying change 247079863
04-15 16:11:47.803 329 329 W System : No Compatibility callbacks set! Querying change 247079863
04-15 16:11:47.803 329 329 W System : No Compatibility callbacks set! Querying change 247079863
04-15 16:11:47.807 329 329 W System : No Compatibility callbacks set! Querying change 247079863
04-15 16:11:47.807 329 329 W System : No Compatibility callbacks set! Querying change 247079863
04-15 16:11:47.807 329 329 W System : No Compatibility callbacks set! Querying change 247079863
04-15 16:11:47.812 329 329 W System : No Compatibility callbacks set! Querying change 247079863
04-15 16:11:47.812 329 329 W System : No Compatibility callbacks set! Querying change 247079863
04-15 16:11:47.813 329 329 W System : No Compatibility callbacks set! Querying change 247079863
04-15 16:11:47.813 329 329 W System : No Compatibility callbacks set! Querying change 247079863
04-15 16:11:47.813 329 329 W System : No Compatibility callbacks set! Querying change 247079863
04-15 16:11:47.814 329 329 W System : No Compatibility callbacks set! Querying change 247079863
04-15 16:11:47.814 329 329 W System : No Compatibility callbacks set! Querying change 247079863
04-15 16:11:47.814 329 329 W System : No Compatibility callbacks set! Querying change 247079863
04-15 16:11:47.815 329 329 W System : No Compatibility callbacks set! Querying change 247079863
04-15 16:11:47.815 329 329 W System : No Compatibility callbacks set! Querying change 247079863
04-15 16:11:47.815 329 329 W System : No Compatibility callbacks set! Querying change 247079863
04-15 16:11:47.817 329 329 W System : No Compatibility callbacks set! Querying change 247079863
04-15 16:11:47.817 329 329 W System : No Compatibility callbacks set! Querying change 247079863
04-15 16:11:47.817 329 329 W System : No Compatibility callbacks set! Querying change 247079863
04-15 16:11:47.817 329 329 W System : No Compatibility callbacks set! Querying change 247079863
04-15 16:11:47.818 329 329 W System : No Compatibility callbacks set! Querying change 247079863
04-15 16:11:47.818 329 329 W System : No Compatibility callbacks set! Querying change 247079863
04-15 16:11:47.818 329 329 W System : No Compatibility callbacks set! Querying change 247079863
04-15 16:11:47.818 329 329 W System : No Compatibility callbacks set! Querying change 247079863
04-15 16:11:47.818 329 329 W System : No Compatibility callbacks set! Querying change 247079863
04-15 16:11:47.819 329 329 W System : No Compatibility callbacks set! Querying change 247079863
04-15 16:11:47.819 329 329 W System : No Compatibility callbacks set! Querying change 247079863
04-15 16:11:47.819 329 329 W System : No Compatibility callbacks set! Querying change 247079863
04-15 16:11:47.824 329 329 W System : No Compatibility callbacks set! Querying change 247079863
04-15 16:11:47.824 329 329 W System : No Compatibility callbacks set! Querying change 247079863
04-15 16:11:47.825 329 329 W System : No Compatibility callbacks set! Querying change 247079863
04-15 16:11:47.825 329 329 W System : No Compatibility callbacks set! Querying change 247079863
04-15 16:11:47.825 329 329 W System : No Compatibility callbacks set! Querying change 247079863
04-15 16:11:47.825 329 329 W System : No Compatibility callbacks set! Querying change 247079863
04-15 16:11:47.826 329 329 W System : No Compatibility callbacks set! Querying change 247079863
04-15 16:11:47.826 329 329 W System : No Compatibility callbacks set! Querying change 247079863
04-15 16:11:47.826 329 329 W System : No Compatibility callbacks set! Querying change 247079863
04-15 16:11:47.826 329 329 W System : No Compatibility callbacks set! Querying change 247079863
04-15 16:11:47.826 329 329 W System : No Compatibility callbacks set! Querying change 247079863
04-15 16:11:47.827 329 329 W System : No Compatibility callbacks set! Querying change 247079863
04-15 16:11:47.827 329 329 W System : No Compatibility callbacks set! Querying change 247079863
04-15 16:11:47.827 329 329 W System : No Compatibility callbacks set! Querying change 247079863
04-15 16:11:47.827 329 329 W System : No Compatibility callbacks set! Querying change 247079863
04-15 16:11:47.832 329 329 W System : No Compatibility callbacks set! Querying change 247079863
04-15 16:11:47.832 329 329 W System : No Compatibility callbacks set! Querying change 247079863
04-15 16:11:47.832 329 329 W System : No Compatibility callbacks set! Querying change 247079863
04-15 16:11:47.832 329 329 W System : No Compatibility callbacks set! Querying change 247079863
04-15 16:11:47.833 329 329 W System : No Compatibility callbacks set! Querying change 247079863
04-15 16:11:47.833 329 329 W System : No Compatibility callbacks set! Querying change 247079863
04-15 16:11:47.834 329 329 W System : No Compatibility callbacks set! Querying change 247079863
04-15 16:11:47.834 329 329 W System : No Compatibility callbacks set! Querying change 247079863
04-15 16:11:47.834 329 329 W System : No Compatibility callbacks set! Querying change 247079863
04-15 16:11:47.834 329 329 W System : No Compatibility callbacks set! Querying change 247079863
04-15 16:11:47.835 329 329 W System : No Compatibility callbacks set! Querying change 247079863
04-15 16:11:47.835 329 329 W System : No Compatibility callbacks set! Querying change 247079863
04-15 16:11:47.835 329 329 W System : No Compatibility callbacks set! Querying change 247079863
04-15 16:11:47.835 329 329 W System : No Compatibility callbacks set! Querying change 247079863
04-15 16:11:47.840 329 329 W System : No Compatibility callbacks set! Querying change 247079863
04-15 16:11:47.840 329 329 W System : No Compatibility callbacks set! Querying change 247079863
04-15 16:11:47.840 329 329 W System : No Compatibility callbacks set! Querying change 247079863
04-15 16:11:47.840 329 329 W System : No Compatibility callbacks set! Querying change 247079863
04-15 16:11:47.841 329 329 W System : No Compatibility callbacks set! Querying change 247079863
04-15 16:11:47.841 329 329 W System : No Compatibility callbacks set! Querying change 247079863
04-15 16:11:47.841 329 329 W System : No Compatibility callbacks set! Querying change 247079863
04-15 16:11:47.841 329 329 W System : No Compatibility callbacks set! Querying change 247079863
04-15 16:11:47.842 329 329 W System : No Compatibility callbacks set! Querying change 247079863
04-15 16:11:47.842 329 329 W System : No Compatibility callbacks set! Querying change 247079863
04-15 16:11:47.842 329 329 W System : No Compatibility callbacks set! Querying change 247079863
04-15 16:11:47.842 329 329 W System : No Compatibility callbacks set! Querying change 247079863
04-15 16:11:47.843 329 329 W System : No Compatibility callbacks set! Querying change 247079863
04-15 16:11:47.843 329 329 W System : No Compatibility callbacks set! Querying change 247079863
04-15 16:11:47.848 329 329 W System : No Compatibility callbacks set! Querying change 247079863
04-15 16:11:47.848 329 329 W System : No Compatibility callbacks set! Querying change 247079863
04-15 16:11:47.848 329 329 W System : No Compatibility callbacks set! Querying change 247079863
04-15 16:11:47.849 329 329 W System : No Compatibility callbacks set! Querying change 247079863
04-15 16:11:47.849 329 329 W System : No Compatibility callbacks set! Querying change 247079863
04-15 16:11:47.849 329 329 W System : No Compatibility callbacks set! Querying change 247079863
04-15 16:11:47.849 329 329 W System : No Compatibility callbacks set! Querying change 247079863
04-15 16:11:47.849 329 329 W System : No Compatibility callbacks set! Querying change 247079863
04-15 16:11:47.850 329 329 W System : No Compatibility callbacks set! Querying change 247079863
04-15 16:11:47.850 329 329 W System : No Compatibility callbacks set! Querying change 247079863
04-15 16:11:47.850 329 329 W System : No Compatibility callbacks set! Querying change 247079863
04-15 16:11:47.850 329 329 W System : No Compatibility callbacks set! Querying change 247079863
04-15 16:11:47.851 329 329 W System : No Compatibility callbacks set! Querying change 247079863
04-15 16:11:47.851 329 329 W System : No Compatibility callbacks set! Querying change 247079863
04-15 16:11:47.856 329 329 W System : No Compatibility callbacks set! Querying change 247079863
04-15 16:11:47.856 329 329 W System : No Compatibility callbacks set! Querying change 247079863
04-15 16:11:47.856 329 329 W System : No Compatibility callbacks set! Querying change 247079863
04-15 16:11:47.857 329 329 W System : No Compatibility callbacks set! Querying change 247079863
04-15 16:11:47.857 329 329 W System : No Compatibility callbacks set! Querying change 247079863
04-15 16:11:47.857 329 329 W System : No Compatibility callbacks set! Querying change 247079863
04-15 16:11:47.858 329 329 W System : No Compatibility callbacks set! Querying change 247079863
04-15 16:11:47.858 329 329 W System : No Compatibility callbacks set! Querying change 247079863
04-15 16:11:47.859 329 329 W System : No Compatibility callbacks set! Querying change 247079863
04-15 16:11:47.859 329 329 W System : No Compatibility callbacks set! Querying change 247079863
04-15 16:11:47.859 329 329 W System : No Compatibility callbacks set! Querying change 247079863
04-15 16:11:47.859 329 329 W System : No Compatibility callbacks set! Querying change 247079863
04-15 16:11:47.859 329 329 W System : No Compatibility callbacks set! Querying change 247079863
04-15 16:11:47.859 329 329 W System : No Compatibility callbacks set! Querying change 247079863
04-15 16:11:47.864 329 329 W System : No Compatibility callbacks set! Querying change 247079863
04-15 16:11:47.864 329 329 W System : No Compatibility callbacks set! Querying change 247079863
04-15 16:11:47.865 329 329 W System : No Compatibility callbacks set! Querying change 247079863
04-15 16:11:47.865 329 329 W System : No Compatibility callbacks set! Querying change 247079863
04-15 16:11:47.865 329 329 W System : No Compatibility callbacks set! Querying change 247079863
04-15 16:11:47.865 329 329 W System : No Compatibility callbacks set! Querying change 247079863
04-15 16:11:47.865 329 329 W System : No Compatibility callbacks set! Querying change 247079863
04-15 16:11:47.866 329 329 W System : No Compatibility callbacks set! Querying change 247079863
04-15 16:11:47.866 329 329 W System : No Compatibility callbacks set! Querying change 247079863
04-15 16:11:47.866 329 329 W System : No Compatibility callbacks set! Querying change 247079863
04-15 16:11:47.867 329 329 W System : No Compatibility callbacks set! Querying change 247079863
04-15 16:11:47.867 329 329 W System : No Compatibility callbacks set! Querying change 247079863
04-15 16:11:47.867 329 329 W System : No Compatibility callbacks set! Querying change 247079863
04-15 16:11:47.867 329 329 W System : No Compatibility callbacks set! Querying change 247079863
04-15 16:11:47.872 329 329 W System : No Compatibility callbacks set! Querying change 247079863
04-15 16:11:47.872 329 329 W System : No Compatibility callbacks set! Querying change 247079863
04-15 16:11:47.873 329 329 W System : No Compatibility callbacks set! Querying change 247079863
04-15 16:11:47.873 329 329 W System : No Compatibility callbacks set! Querying change 247079863
04-15 16:11:47.873 329 329 W System : No Compatibility callbacks set! Querying change 247079863
04-15 16:11:47.873 329 329 W System : No Compatibility callbacks set! Querying change 247079863
04-15 16:11:47.874 329 329 W System : No Compatibility callbacks set! Querying change 247079863
04-15 16:11:47.874 329 329 W System : No Compatibility callbacks set! Querying change 247079863
04-15 16:11:47.874 329 329 W System : No Compatibility callbacks set! Querying change 247079863
04-15 16:11:47.875 329 329 W System : No Compatibility callbacks set! Querying change 247079863
04-15 16:11:47.875 329 329 W System : No Compatibility callbacks set! Querying change 247079863
04-15 16:11:47.875 329 329 W System : No Compatibility callbacks set! Querying change 247079863
04-15 16:11:47.884 329 329 W System : No Compatibility callbacks set! Querying change 247079863
04-15 16:11:47.885 329 329 W System : No Compatibility callbacks set! Querying change 247079863
04-15 16:11:47.885 329 329 W System : No Compatibility callbacks set! Querying change 247079863
04-15 16:11:47.886 329 329 W System : No Compatibility callbacks set! Querying change 247079863
04-15 16:11:47.887 329 329 W System : No Compatibility callbacks set! Querying change 247079863
04-15 16:11:47.887 329 329 W System : No Compatibility callbacks set! Querying change 247079863
04-15 16:11:47.891 329 329 W System : No Compatibility callbacks set! Querying change 247079863
04-15 16:11:47.891 329 329 W System : No Compatibility callbacks set! Querying change 247079863
04-15 16:11:47.895 329 329 W System : No Compatibility callbacks set! Querying change 247079863
04-15 16:11:47.897 329 329 W System : No Compatibility callbacks set! Querying change 247079863
04-15 16:11:47.897 329 329 W System : No Compatibility callbacks set! Querying change 247079863
04-15 16:11:47.898 329 329 W System : No Compatibility callbacks set! Querying change 247079863
04-15 16:11:47.898 329 329 W System : No Compatibility callbacks set! Querying change 247079863
04-15 16:11:47.898 329 329 W System : No Compatibility callbacks set! Querying change 247079863
04-15 16:11:47.898 329 329 W System : No Compatibility callbacks set! Querying change 247079863
04-15 16:11:47.899 329 329 W System : No Compatibility callbacks set! Querying change 247079863
04-15 16:11:47.899 329 329 W System : No Compatibility callbacks set! Querying change 247079863
04-15 16:11:47.899 329 329 W System : No Compatibility callbacks set! Querying change 247079863
04-15 16:11:47.899 329 329 W System : No Compatibility callbacks set! Querying change 247079863
04-15 16:11:47.900 329 329 W System : No Compatibility callbacks set! Querying change 247079863
04-15 16:11:47.900 329 329 W System : No Compatibility callbacks set! Querying change 247079863
04-15 16:11:47.901 329 329 W System : No Compatibility callbacks set! Querying change 247079863
04-15 16:11:47.901 329 329 W System : No Compatibility callbacks set! Querying change 247079863
