04-15 16:13:23.434 535 535 I SystemServiceManager: Starting com.android.server.pm.ShortcutService$Lifecycle
04-15 16:13:23.486 535 535 V HistoricalRegistry: Interaction before persistence initialized
04-15 16:13:23.508 535 535 V SystemServerTiming: StartShortcutServiceLifecycle took to complete: 74ms
04-15 16:13:23.511 535 535 D SystemServerTiming: StartLauncherAppsService
04-15 16:13:23.517 535 535 I SystemServiceManager: Starting com.android.server.pm.LauncherAppsService
04-15 16:13:23.566 535 853 D FaceProvider/default: Added: ID: 4, Strength: 2, Type: 1, SupportsFaceDetection: false
04-15 16:13:23.582 535 535 W SystemServiceManager: Service com.android.server.pm.LauncherAppsService took 51 ms in onStart
04-15 16:13:23.583 535 535 V SystemServerTiming: StartLauncherAppsService took to complete: 66ms
04-15 16:13:23.583 535 535 D SystemServerTiming: StartCrossProfileAppsService
04-15 16:13:23.593 535 535 I SystemServiceManager: Starting com.android.server.pm.CrossProfileAppsService
04-15 16:13:23.595 535 853 D BiometricService: Registering ID: 4 Modality: 8 Strength: 15
04-15 16:13:23.623 535 535 V SystemServerTiming: StartCrossProfileAppsService took to complete: 27ms
04-15 16:13:23.629 535 535 D SystemServerTiming: StartPeopleService
04-15 16:13:23.630 535 535 I SystemServiceManager: Starting com.android.server.people.PeopleService
04-15 16:13:23.646 535 535 V SystemServerTiming: StartPeopleService took to complete: 17ms
04-15 16:13:23.667 535 535 D SystemServerTiming: StartMediaMetricsManager
04-15 16:13:23.674 855 855 I AidlLazyServiceRegistrar: Registering service android.hardware.biometrics.fingerprint.IFingerprint/default
04-15 16:13:23.683 535 535 I SystemServiceManager: Starting com.android.server.media.metrics.MediaMetricsManagerService
04-15 16:13:23.688 0 0 I servicemanager: Found android.hardware.biometrics.fingerprint.IFingerprint/default in device VINTF manifest.
04-15 16:13:23.690 535 853 D BiometricStrengthController: updateStrengths: revert sensorId=4 to oemStrength=15
04-15 16:13:23.702 0 0 I BpBinder: onLastStrongRef automatically unlinking death recipients:
04-15 16:13:23.702 535 853 D BiometricService/Sensor: updateStrength: Before(ID(4), oemStrength: 15, updatedStrength: 15, modality 8, state: 0, cookie: 0) After(ID(4), oemStrength: 15, updatedStrength: 15, modality 8, state: 0, cookie: 0)
04-15 16:13:23.711 535 852 D FingerprintProvider/default: Added: ID: 0, Strength: 2, Type: 1
04-15 16:13:23.711 535 852 I FingerprintService: Adding AIDL provider: default
04-15 16:13:23.718 535 852 D BiometricService: Registering ID: 0 Modality: 2 Strength: 15
04-15 16:13:23.719 535 852 D BiometricStrengthController: updateStrengths: revert sensorId=4 to oemStrength=15
04-15 16:13:23.719 535 852 D BiometricService/Sensor: updateStrength: Before(ID(4), oemStrength: 15, updatedStrength: 15, modality 8, state: 0, cookie: 0) After(ID(4), oemStrength: 15, updatedStrength: 15, modality 8, state: 0, cookie: 0)
04-15 16:13:23.719 535 852 D BiometricStrengthController: updateStrengths: revert sensorId=0 to oemStrength=15
04-15 16:13:23.719 535 852 D BiometricService/Sensor: updateStrength: Before(ID(0), oemStrength: 15, updatedStrength: 15, modality 2, state: 0, cookie: 0) After(ID(0), oemStrength: 15, updatedStrength: 15, modality 2, state: 0, cookie: 0)
04-15 16:13:23.721 535 535 V SystemServerTiming: StartMediaMetricsManager took to complete: 38ms
04-15 16:13:23.721 535 535 D SystemServerTiming: StartBackgroundInstallControlService
04-15 16:13:23.722 535 535 I SystemServiceManager: Starting com.android.server.pm.BackgroundInstallControlService
04-15 16:13:23.753 535 535 V SystemServerTiming: StartBackgroundInstallControlService took to complete: 30ms
04-15 16:13:23.754 535 535 D SystemServerTiming: StartMediaProjectionManager
04-15 16:13:23.755 535 535 I SystemServiceManager: Starting com.android.server.media.projection.MediaProjectionManagerService
04-15 16:13:23.783 535 535 V MediaRouter: Selecting route: RouteInfo{ name=Phone, description=null, status=null, category=RouteCategory{ name=System types=ROUTE_TYPE_LIVE_AUDIO ROUTE_TYPE_LIVE_VIDEO groupable=false }, supportedTypes=ROUTE_TYPE_LIVE_AUDIO ROUTE_TYPE_LIVE_VIDEO , presentationDisplay=null }
04-15 16:13:23.789 535 535 I MediaRouter: Skip setBluetoothA2dpOn(): types=8388615, isPlaybackActive()=false, BT route=null
04-15 16:13:23.801 535 535 V SystemServerTiming: StartMediaProjectionManager took to complete: 46ms
04-15 16:13:23.802 535 535 D SystemServerTiming: StartSliceManagerService
04-15 16:13:23.809 535 535 I SystemServiceManager: Starting com.android.server.slice.SliceManagerService$Lifecycle
04-15 16:13:23.864 535 535 W SystemServiceManager: Service com.android.server.slice.SliceManagerService$Lifecycle took 54 ms in onStart
04-15 16:13:23.865 535 535 V SystemServerTiming: StartSliceManagerService took to complete: 62ms
04-15 16:13:23.865 535 535 D SystemServerTiming: StartStatsCompanion
04-15 16:13:23.882 535 535 I SystemServiceManager: Starting com.android.server.stats.StatsCompanion$Lifecycle
04-15 16:13:23.926 535 535 V SystemServerTiming: StartStatsCompanion took to complete: 59ms
04-15 16:13:23.926 535 535 D SystemServerTiming: StartRebootReadinessManagerService
04-15 16:13:23.935 535 535 I SystemServiceManager: Starting com.android.server.scheduling.RebootReadinessManagerService$Lifecycle
04-15 16:13:23.952 327 334 I ServiceManagerCppClient: Waiting for service 'statscompanion' on '/dev/binder' successful after waiting 1083ms
04-15 16:13:23.978 535 535 I TetheringManager: registerTetheringEventCallback:android
04-15 16:13:23.978 535 535 I TetheringManager: registerTetheringEventCallback caller:android
04-15 16:13:23.988 535 535 V SystemServerTiming: StartRebootReadinessManagerService took to complete: 62ms
04-15 16:13:23.989 535 535 D SystemServerTiming: StartStatsPullAtomService
04-15 16:13:23.990 535 535 I SystemServiceManager: Starting com.android.server.stats.pull.StatsPullAtomService
04-15 16:13:23.993 535 535 V SystemServerTiming: StartStatsPullAtomService took to complete: 3ms
04-15 16:13:23.994 535 535 D SystemServerTiming: StatsBootstrapAtomService
04-15 16:13:23.995 535 535 I SystemServiceManager: Starting com.android.server.stats.bootstrap.StatsBootstrapAtomService$Lifecycle
04-15 16:13:24.000 535 535 V SystemServerTiming: StatsBootstrapAtomService took to complete: 6ms
04-15 16:13:24.000 535 535 D SystemServerTiming: StartIncidentCompanionService
04-15 16:13:24.001 535 535 I SystemServiceManager: Starting com.android.server.incident.IncidentCompanionService
04-15 16:13:24.007 535 535 V SystemServerTiming: StartIncidentCompanionService took to complete: 6ms
04-15 16:13:24.008 535 535 D SystemServerTiming: StarSdkSandboxManagerService
04-15 16:13:24.015 535 535 I SystemServiceManager: Starting com.android.server.sdksandbox.SdkSandboxManagerService$Lifecycle
04-15 16:13:24.050 535 535 D SdkSandboxManager: Registering callback with StatsManager
04-15 16:13:24.081 535 535 V SystemServerTiming: StarSdkSandboxManagerService took to complete: 68ms
04-15 16:13:24.083 535 535 D SystemServerTiming: StartAdServicesManagerService
04-15 16:13:24.087 535 535 I SystemServiceManager: Starting com.android.server.adservices.AdServicesManagerService$Lifecycle
04-15 16:13:24.099 535 535 D SdkSandboxManager: registerAdServicesManagerService(): published=true
04-15 16:13:24.102 535 535 V SystemServerTiming: StartAdServicesManagerService took to complete: 17ms
04-15 16:13:24.103 535 535 D SystemServerTiming: StartOnDevicePersonalizationSystemService
04-15 16:13:24.106 535 535 I SystemServiceManager: Starting com.android.server.ondevicepersonalization.OnDevicePersonalizationSystemService$Lifecycle
04-15 16:13:24.111 535 535 I OnDevicePersonalizationSystemService: OnDevicePersonalizationSystemService started!
04-15 16:13:24.111 535 535 V SystemServerTiming: StartOnDevicePersonalizationSystemService took to complete: 8ms
04-15 16:13:24.111 535 535 D SystemServerTiming: StartMmsService
04-15 16:13:24.113 535 535 I SystemServiceManager: Starting com.android.server.MmsServiceBroker
04-15 16:13:24.118 535 535 V SystemServerTiming: StartMmsService took to complete: 7ms
04-15 16:13:24.118 535 535 D SystemServerTiming: StartAutoFillService
04-15 16:13:24.119 535 535 I SystemServiceManager: Starting com.android.server.autofill.AutofillManagerService
04-15 16:13:24.127 535 535 D AutofillManagerService: setLogLevelFromSettings(): level=2, debug=true, verbose=false
04-15 16:13:24.129 535 535 D AutofillManagerService: setMaxPartitionsFromSettings(): 10
04-15 16:13:24.129 535 535 D AutofillManagerService: setMaxVisibleDatasetsFromSettings(): 0
04-15 16:13:24.135 535 558 D AutofillUI: destroySaveUiUiThread(): already destroyed
04-15 16:13:24.135 535 535 D AutofillManagerServiceImpl: Reset component for user 0:null
04-15 16:13:24.142 535 535 V SystemServerTiming: StartAutoFillService took to complete: 24ms
04-15 16:13:24.146 535 535 D SystemServerTiming: StartCredentialManagerService
04-15 16:13:24.146 535 535 I SystemServiceManager: Starting com.android.server.credentials.CredentialManagerService
04-15 16:13:24.153 535 535 V SystemServerTiming: StartCredentialManagerService took to complete: 7ms
04-15 16:13:24.154 535 535 D SystemServer: TranslationService not defined by OEM
04-15 16:13:24.154 535 535 D SystemServerTiming: StartSelectionToolbarManagerService
04-15 16:13:24.155 535 535 I SystemServiceManager: Starting com.android.server.selectiontoolbar.SelectionToolbarManagerService
04-15 16:13:24.166 535 535 V SystemServerTiming: StartSelectionToolbarManagerService took to complete: 12ms
04-15 16:13:24.167 535 535 D SystemServerTiming: StartClipboardService
04-15 16:13:24.167 535 535 I SystemServiceManager: Starting com.android.server.clipboard.ClipboardService
04-15 16:13:24.197 535 535 V SystemServerTiming: StartClipboardService took to complete: 30ms
04-15 16:13:24.197 535 535 D SystemServerTiming: AppServiceManager
04-15 16:13:24.197 535 535 I SystemServiceManager: Starting com.android.server.appbinding.AppBindingService$Lifecycle
04-15 16:13:24.203 535 535 V SystemServerTiming: AppServiceManager took to complete: 6ms
04-15 16:13:24.203 535 535 D SystemServerTiming: startTracingServiceProxy
04-15 16:13:24.206 535 535 I SystemServiceManager: Starting com.android.server.tracing.TracingServiceProxy
04-15 16:13:24.213 535 535 V SystemServerTiming: startTracingServiceProxy took to complete: 10ms
04-15 16:13:24.214 535 535 D SystemServerTiming: MakeLockSettingsServiceReady
04-15 16:13:24.284 535 535 I LockSettingsService: Migrated keys to LSS namespace
04-15 16:13:24.299 0 0 I servicemanager: Found android.hardware.authsecret.IAuthSecret/default in device VINTF manifest.
04-15 16:13:24.293 535 535 I LockSettingsService: Device implements AIDL AuthSecret HAL
04-15 16:13:24.310 535 535 V SystemServerTiming: MakeLockSettingsServiceReady took to complete: 96ms
04-15 16:13:24.310 535 535 D SystemServerTiming: StartBootPhaseLockSettingsReady
04-15 16:13:24.310 535 535 I SystemServiceManager: Starting phase 480
04-15 16:13:24.310 535 535 D SystemServerTiming: OnBootPhase_480
04-15 16:13:24.310 535 535 D SystemServerTiming: OnBootPhase_480_com.android.server.security.FileIntegrityService
04-15 16:13:24.311 535 535 V SystemServerTiming: OnBootPhase_480_com.android.server.security.FileIntegrityService took to complete: 0ms
04-15 16:13:24.311 535 535 D SystemServerTiming: OnBootPhase_480_com.android.server.pm.Installer
04-15 16:13:24.311 535 535 V SystemServerTiming: OnBootPhase_480_com.android.server.pm.Installer took to complete: 0ms
04-15 16:13:24.311 535 535 D SystemServerTiming: OnBootPhase_480_com.android.server.os.DeviceIdentifiersPolicyService
04-15 16:13:24.311 535 535 V SystemServerTiming: OnBootPhase_480_com.android.server.os.DeviceIdentifiersPolicyService took to complete: 0ms
04-15 16:13:24.311 535 535 D SystemServerTiming: OnBootPhase_480_com.android.server.uri.UriGrantsManagerService$Lifecycle
04-15 16:13:24.311 535 535 V SystemServerTiming: OnBootPhase_480_com.android.server.uri.UriGrantsManagerService$Lifecycle took to complete: 0ms
04-15 16:13:24.311 535 535 D SystemServerTiming: OnBootPhase_480_com.android.server.powerstats.PowerStatsService
04-15 16:13:24.311 535 535 V SystemServerTiming: OnBootPhase_480_com.android.server.powerstats.PowerStatsService took to complete: 0ms
04-15 16:13:24.311 535 535 D SystemServerTiming: OnBootPhase_480_com.android.server.permission.access.AccessCheckingService
04-15 16:13:24.311 535 535 V SystemServerTiming: OnBootPhase_480_com.android.server.permission.access.AccessCheckingService took to complete: 0ms
04-15 16:13:24.311 535 535 D SystemServerTiming: OnBootPhase_480_com.android.server.wm.ActivityTaskManagerService$Lifecycle
04-15 16:13:24.315 535 535 V SystemServerTiming: OnBootPhase_480_com.android.server.wm.ActivityTaskManagerService$Lifecycle took to complete: 0ms
04-15 16:13:24.315 535 535 D SystemServerTiming: OnBootPhase_480_com.android.server.am.ActivityManagerService$Lifecycle
04-15 16:13:24.315 535 535 V SystemServerTiming: OnBootPhase_480_com.android.server.am.ActivityManagerService$Lifecycle took to complete: 0ms
04-15 16:13:24.315 535 535 D SystemServerTiming: OnBootPhase_480_com.android.server.pm.DataLoaderManagerService
04-15 16:13:24.315 535 535 V SystemServerTiming: OnBootPhase_480_com.android.server.pm.DataLoaderManagerService took to complete: 0ms
04-15 16:13:24.315 535 535 D SystemServerTiming: OnBootPhase_480_com.android.server.power.PowerManagerService
04-15 16:13:24.315 535 535 V SystemServerTiming: OnBootPhase_480_com.android.server.power.PowerManagerService took to complete: 0ms
04-15 16:13:24.315 535 535 D SystemServerTiming: OnBootPhase_480_com.android.server.power.ThermalManagerService
04-15 16:13:24.315 535 535 V SystemServerTiming: OnBootPhase_480_com.android.server.power.ThermalManagerService took to complete: 0ms
04-15 16:13:24.315 535 535 D SystemServerTiming: OnBootPhase_480_com.android.server.power.hint.HintManagerService
04-15 16:13:24.316 535 535 V SystemServerTiming: OnBootPhase_480_com.android.server.power.hint.HintManagerService took to complete: 0ms
04-15 16:13:24.317 535 535 D SystemServerTiming: OnBootPhase_480_com.android.server.recoverysystem.RecoverySystemService$Lifecycle
04-15 16:13:24.317 535 535 V SystemServerTiming: OnBootPhase_480_com.android.server.recoverysystem.RecoverySystemService$Lifecycle took to complete: 0ms
04-15 16:13:24.317 535 535 D SystemServerTiming: OnBootPhase_480_com.android.server.lights.LightsService
04-15 16:13:24.317 535 535 V SystemServerTiming: OnBootPhase_480_com.android.server.lights.LightsService took to complete: 0ms
04-15 16:13:24.317 535 535 D SystemServerTiming: OnBootPhase_480_com.android.server.display.DisplayManagerService
04-15 16:13:24.317 535 535 V SystemServerTiming: OnBootPhase_480_com.android.server.display.DisplayManagerService took to complete: 0ms
04-15 16:13:24.318 535 535 D SystemServerTiming: OnBootPhase_480_com.android.server.pm.verify.domain.DomainVerificationService
04-15 16:13:24.318 535 535 V SystemServerTiming: OnBootPhase_480_com.android.server.pm.verify.domain.DomainVerificationService took to complete: 0ms
04-15 16:13:24.318 535 535 D SystemServerTiming: OnBootPhase_480_com.android.server.pm.PackageInstallerService$Lifecycle
04-15 16:13:24.318 535 535 V SystemServerTiming: OnBootPhase_480_com.android.server.pm.PackageInstallerService$Lifecycle took to complete: 0ms
04-15 16:13:24.318 535 535 D SystemServerTiming: OnBootPhase_480_com.android.server.pm.UserManagerService$LifeCycle
04-15 16:13:24.319 535 535 V SystemServerTiming: OnBootPhase_480_com.android.server.pm.UserManagerService$LifeCycle took to complete: 0ms
04-15 16:13:24.319 535 535 D SystemServerTiming: OnBootPhase_480_com.android.server.om.OverlayManagerService
04-15 16:13:24.319 535 535 V SystemServerTiming: OnBootPhase_480_com.android.server.om.OverlayManagerService took to complete: 0ms
04-15 16:13:24.319 535 535 D SystemServerTiming: OnBootPhase_480_com.android.server.resources.ResourcesManagerService
04-15 16:13:24.319 535 535 V SystemServerTiming: OnBootPhase_480_com.android.server.resources.ResourcesManagerService took to complete: 0ms
04-15 16:13:24.319 535 535 D SystemServerTiming: OnBootPhase_480_com.android.server.sensorprivacy.SensorPrivacyService
04-15 16:13:24.319 535 535 V SystemServerTiming: OnBootPhase_480_com.android.server.sensorprivacy.SensorPrivacyService took to complete: 0ms
04-15 16:13:24.319 535 535 D SystemServerTiming: OnBootPhase_480_com.android.server.sensors.SensorService
04-15 16:13:24.319 535 535 V SystemServerTiming: OnBootPhase_480_com.android.server.sensors.SensorService took to complete: 0ms
04-15 16:13:24.319 535 535 D SystemServerTiming: OnBootPhase_480_com.android.server.SystemConfigService
04-15 16:13:24.319 535 535 V SystemServerTiming: OnBootPhase_480_com.android.server.SystemConfigService took to complete: 0ms
04-15 16:13:24.319 535 535 D SystemServerTiming: OnBootPhase_480_com.android.server.BatteryService
04-15 16:13:24.320 535 535 V SystemServerTiming: OnBootPhase_480_com.android.server.BatteryService took to complete: 0ms
04-15 16:13:24.323 535 535 D SystemServerTiming: OnBootPhase_480_com.android.server.usage.UsageStatsService
04-15 16:13:24.323 535 535 V SystemServerTiming: OnBootPhase_480_com.android.server.usage.UsageStatsService took to complete: 0ms
04-15 16:13:24.323 535 535 D SystemServerTiming: OnBootPhase_480_com.android.server.webkit.WebViewUpdateService
04-15 16:13:24.323 535 535 V SystemServerTiming: OnBootPhase_480_com.android.server.webkit.WebViewUpdateService took to complete: 0ms
04-15 16:13:24.323 535 535 D SystemServerTiming: OnBootPhase_480_com.android.server.CachedDeviceStateService
04-15 16:13:24.323 535 535 V SystemServerTiming: OnBootPhase_480_com.android.server.CachedDeviceStateService took to complete: 0ms
04-15 16:13:24.323 535 535 D SystemServerTiming: OnBootPhase_480_com.android.server.BinderCallsStatsService$LifeCycle
04-15 16:13:24.324 535 535 V SystemServerTiming: OnBootPhase_480_com.android.server.BinderCallsStatsService$LifeCycle took to complete: 0ms
04-15 16:13:24.324 535 535 D SystemServerTiming: OnBootPhase_480_com.android.server.LooperStatsService$Lifecycle
04-15 16:13:24.324 535 535 V SystemServerTiming: OnBootPhase_480_com.android.server.LooperStatsService$Lifecycle took to complete: 0ms
04-15 16:13:24.325 535 535 D SystemServerTiming: OnBootPhase_480_com.android.server.rollback.RollbackManagerService
04-15 16:13:24.325 535 535 V SystemServerTiming: OnBootPhase_480_com.android.server.rollback.RollbackManagerService took to complete: 0ms
04-15 16:13:24.325 535 535 D SystemServerTiming: OnBootPhase_480_com.android.server.os.NativeTombstoneManagerService
04-15 16:13:24.325 535 535 V SystemServerTiming: OnBootPhase_480_com.android.server.os.NativeTombstoneManagerService took to complete: 0ms
04-15 16:13:24.325 535 535 D SystemServerTiming: OnBootPhase_480_com.android.server.os.BugreportManagerService
04-15 16:13:24.325 535 535 V SystemServerTiming: OnBootPhase_480_com.android.server.os.BugreportManagerService took to complete: 0ms
04-15 16:13:24.325 535 535 D SystemServerTiming: OnBootPhase_480_com.android.server.gpu.GpuService
04-15 16:13:24.325 535 535 V SystemServerTiming: OnBootPhase_480_com.android.server.gpu.GpuService took to complete: 0ms
04-15 16:13:24.325 535 535 D SystemServerTiming: OnBootPhase_480_com.android.server.security.rkp.RemoteProvisioningService
04-15 16:13:24.325 535 535 V SystemServerTiming: OnBootPhase_480_com.android.server.security.rkp.RemoteProvisioningService took to complete: 0ms
04-15 16:13:24.325 535 535 D SystemServerTiming: OnBootPhase_480_com.android.server.cpu.CpuMonitorService
04-15 16:13:24.325 535 535 V SystemServerTiming: OnBootPhase_480_com.android.server.cpu.CpuMonitorService took to complete: 0ms
04-15 16:13:24.326 535 535 D SystemServerTiming: OnBootPhase_480_com.android.server.security.KeyChainSystemService
04-15 16:13:24.326 535 535 V SystemServerTiming: OnBootPhase_480_com.android.server.security.KeyChainSystemService took to complete: 0ms
04-15 16:13:24.326 535 535 D SystemServerTiming: OnBootPhase_480_com.android.server.BinaryTransparencyService
04-15 16:13:24.326 535 535 V SystemServerTiming: OnBootPhase_480_com.android.server.BinaryTransparencyService took to complete: 0ms
04-15 16:13:24.326 535 535 D SystemServerTiming: OnBootPhase_480_com.android.server.telecom.TelecomLoaderService
04-15 16:13:24.326 535 535 V SystemServerTiming: OnBootPhase_480_com.android.server.telecom.TelecomLoaderService took to complete: 0ms
04-15 16:13:24.326 535 535 D SystemServerTiming: OnBootPhase_480_com.android.server.accounts.AccountManagerService$Lifecycle
04-15 16:13:24.326 535 535 V SystemServerTiming: OnBootPhase_480_com.android.server.accounts.AccountManagerService$Lifecycle took to complete: 0ms
04-15 16:13:24.326 535 535 D SystemServerTiming: OnBootPhase_480_com.android.server.content.ContentService$Lifecycle
04-15 16:13:24.326 535 535 V SystemServerTiming: OnBootPhase_480_com.android.server.content.ContentService$Lifecycle took to complete: 0ms
04-15 16:13:24.326 535 535 D SystemServerTiming: OnBootPhase_480_com.android.server.deviceconfig.DeviceConfigInit$Lifecycle
04-15 16:13:24.326 535 535 V SystemServerTiming: OnBootPhase_480_com.android.server.deviceconfig.DeviceConfigInit$Lifecycle took to complete: 0ms
04-15 16:13:24.326 535 535 D SystemServerTiming: OnBootPhase_480_com.android.server.DropBoxManagerService
04-15 16:13:24.327 535 535 V SystemServerTiming: OnBootPhase_480_com.android.server.DropBoxManagerService took to complete: 0ms
04-15 16:13:24.327 535 535 D SystemServerTiming: OnBootPhase_480_com.android.role.RoleService
04-15 16:13:24.327 535 535 V SystemServerTiming: OnBootPhase_480_com.android.role.RoleService took to complete: 0ms
04-15 16:13:24.327 535 535 D SystemServerTiming: OnBootPhase_480_com.android.server.vibrator.VibratorManagerService$Lifecycle
04-15 16:13:24.327 535 535 V SystemServerTiming: OnBootPhase_480_com.android.server.vibrator.VibratorManagerService$Lifecycle took to complete: 0ms
04-15 16:13:24.327 535 535 D SystemServerTiming: OnBootPhase_480_com.android.server.tare.InternalResourceService
04-15 16:13:24.327 535 535 V SystemServerTiming: OnBootPhase_480_com.android.server.tare.InternalResourceService took to complete: 0ms
04-15 16:13:24.327 535 535 D SystemServerTiming: OnBootPhase_480_com.android.server.alarm.AlarmManagerService
04-15 16:13:24.327 535 535 V SystemServerTiming: OnBootPhase_480_com.android.server.alarm.AlarmManagerService took to complete: 0ms
04-15 16:13:24.327 535 535 D SystemServerTiming: OnBootPhase_480_com.android.server.devicestate.DeviceStateManagerService
04-15 16:13:24.327 535 535 V SystemServerTiming: OnBootPhase_480_com.android.server.devicestate.DeviceStateManagerService took to complete: 0ms
04-15 16:13:24.327 535 535 D SystemServerTiming: OnBootPhase_480_com.android.server.camera.CameraServiceProxy
04-15 16:13:24.328 535 535 V SystemServerTiming: OnBootPhase_480_com.android.server.camera.CameraServiceProxy took to complete: 0ms
04-15 16:13:24.330 535 535 D SystemServerTiming: OnBootPhase_480_com.android.server.bluetooth.BluetoothService
04-15 16:13:24.330 535 535 V SystemServerTiming: OnBootPhase_480_com.android.server.bluetooth.BluetoothService took to complete: 0ms
04-15 16:13:24.330 535 535 D SystemServerTiming: OnBootPhase_480_com.android.server.connectivity.IpConnectivityMetrics
04-15 16:13:24.330 535 535 V SystemServerTiming: OnBootPhase_480_com.android.server.connectivity.IpConnectivityMetrics took to complete: 0ms
04-15 16:13:24.330 535 535 D SystemServerTiming: OnBootPhase_480_com.android.server.net.watchlist.NetworkWatchlistService$Lifecycle
04-15 16:13:24.330 535 535 V SystemServerTiming: OnBootPhase_480_com.android.server.net.watchlist.NetworkWatchlistService$Lifecycle took to complete: 0ms
04-15 16:13:24.331 535 535 D SystemServerTiming: OnBootPhase_480_com.android.server.PinnerService
04-15 16:13:24.331 535 535 V SystemServerTiming: OnBootPhase_480_com.android.server.PinnerService took to complete: 0ms
04-15 16:13:24.331 535 535 D SystemServerTiming: OnBootPhase_480_com.android.server.integrity.AppIntegrityManagerService
04-15 16:13:24.331 535 535 V SystemServerTiming: OnBootPhase_480_com.android.server.integrity.AppIntegrityManagerService took to complete: 0ms
04-15 16:13:24.331 535 535 D SystemServerTiming: OnBootPhase_480_com.android.server.logcat.LogcatManagerService
04-15 16:13:24.331 535 535 V SystemServerTiming: OnBootPhase_480_com.android.server.logcat.LogcatManagerService took to complete: 0ms
04-15 16:13:24.331 535 535 D SystemServerTiming: OnBootPhase_480_com.android.server.inputmethod.InputMethodManagerService$Lifecycle
04-15 16:13:24.331 535 535 V SystemServerTiming: OnBootPhase_480_com.android.server.inputmethod.InputMethodManagerService$Lifecycle took to complete: 0ms
04-15 16:13:24.331 535 535 D SystemServerTiming: OnBootPhase_480_com.android.server.accessibility.AccessibilityManagerService$Lifecycle
04-15 16:13:24.331 535 535 V SystemServerTiming: OnBootPhase_480_com.android.server.accessibility.AccessibilityManagerService$Lifecycle took to complete: 0ms
04-15 16:13:24.331 535 535 D SystemServerTiming: OnBootPhase_480_com.android.server.StorageManagerService$Lifecycle
04-15 16:13:24.331 535 535 V SystemServerTiming: OnBootPhase_480_com.android.server.StorageManagerService$Lifecycle took to complete: 0ms
04-15 16:13:24.336 535 535 D SystemServerTiming: OnBootPhase_480_com.android.server.usage.StorageStatsService$Lifecycle
04-15 16:13:24.336 535 535 V SystemServerTiming: OnBootPhase_480_com.android.server.usage.StorageStatsService$Lifecycle took to complete: 0ms
04-15 16:13:24.336 535 535 D SystemServerTiming: OnBootPhase_480_com.android.server.UiModeManagerService
04-15 16:13:24.336 535 535 V SystemServerTiming: OnBootPhase_480_com.android.server.UiModeManagerService took to complete: 0ms
04-15 16:13:24.336 535 535 D SystemServerTiming: OnBootPhase_480_com.android.server.locales.LocaleManagerService
04-15 16:13:24.336 535 535 V SystemServerTiming: OnBootPhase_480_com.android.server.locales.LocaleManagerService took to complete: 0ms
04-15 16:13:24.336 535 535 D SystemServerTiming: OnBootPhase_480_com.android.server.grammaticalinflection.GrammaticalInflectionService
04-15 16:13:24.336 535 535 V SystemServerTiming: OnBootPhase_480_com.android.server.grammaticalinflection.GrammaticalInflectionService took to complete: 0ms
04-15 16:13:24.336 535 535 D SystemServerTiming: OnBootPhase_480_com.android.server.apphibernation.AppHibernationService
04-15 16:13:24.336 535 535 V SystemServerTiming: OnBootPhase_480_com.android.server.apphibernation.AppHibernationService took to complete: 0ms
04-15 16:13:24.337 535 535 D SystemServerTiming: OnBootPhase_480_com.android.server.locksettings.LockSettingsService$Lifecycle
04-15 16:13:24.337 535 535 V SystemServerTiming: OnBootPhase_480_com.android.server.locksettings.LockSettingsService$Lifecycle took to complete: 0ms
04-15 16:13:24.337 535 535 D SystemServerTiming: OnBootPhase_480_com.android.server.testharness.TestHarnessModeService
04-15 16:13:24.337 535 535 V SystemServerTiming: OnBootPhase_480_com.android.server.testharness.TestHarnessModeService took to complete: 0ms
04-15 16:13:24.337 535 535 D SystemServerTiming: OnBootPhase_480_com.android.server.DeviceIdleController
04-15 16:13:24.337 535 535 V SystemServerTiming: OnBootPhase_480_com.android.server.DeviceIdleController took to complete: 0ms
04-15 16:13:24.337 535 535 D SystemServerTiming: OnBootPhase_480_com.android.server.devicepolicy.DevicePolicyManagerService$Lifecycle
04-15 16:13:24.363 535 535 I UsbPortManager: USB HAL AIDL version: USB_HAL_V2_0
04-15 16:13:24.386 535 605 D SystemServerTimingAsync: InitThreadPoolExec:DevicePolicyManager
04-15 16:13:24.386 535 605 D SystemServerInitThreadPool: Started executing DevicePolicyManager
04-15 16:13:24.387 535 605 D SystemServerInitThreadPool: Finished executing DevicePolicyManager
04-15 16:13:24.387 535 605 V SystemServerTimingAsync: InitThreadPoolExec:DevicePolicyManager took to complete: 1ms
04-15 16:13:24.389 535 535 W SystemServiceManager: Service com.android.server.devicepolicy.DevicePolicyManagerService$Lifecycle took 52 ms in onBootPhase
04-15 16:13:24.390 535 535 V SystemServerTiming: OnBootPhase_480_com.android.server.devicepolicy.DevicePolicyManagerService$Lifecycle took to complete: 53ms
04-15 16:13:24.390 535 535 D SystemServerTiming: OnBootPhase_480_com.android.server.texttospeech.TextToSpeechManagerService
04-15 16:13:24.390 535 535 V SystemServerTiming: OnBootPhase_480_com.android.server.texttospeech.TextToSpeechManagerService took to complete: 0ms
04-15 16:13:24.390 535 535 D SystemServerTiming: OnBootPhase_480_com.android.server.ambientcontext.AmbientContextManagerService
04-15 16:13:24.390 535 535 V SystemServerTiming: OnBootPhase_480_com.android.server.ambientcontext.AmbientContextManagerService took to complete: 0ms
04-15 16:13:24.390 535 535 D SystemServerTiming: OnBootPhase_480_com.android.server.wearable.WearableSensingManagerService
04-15 16:13:24.390 535 535 V SystemServerTiming: OnBootPhase_480_com.android.server.wearable.WearableSensingManagerService took to complete: 0ms
04-15 16:13:24.390 535 535 D SystemServerTiming: OnBootPhase_480_com.android.server.speech.SpeechRecognitionManagerService
04-15 16:13:24.390 535 535 V SystemServerTiming: OnBootPhase_480_com.android.server.speech.SpeechRecognitionManagerService took to complete: 0ms
04-15 16:13:24.390 535 535 D SystemServerTiming: OnBootPhase_480_com.android.server.searchui.SearchUiManagerService
04-15 16:13:24.390 535 535 V SystemServerTiming: OnBootPhase_480_com.android.server.searchui.SearchUiManagerService took to complete: 0ms
04-15 16:13:24.390 535 535 D SystemServerTiming: OnBootPhase_480_com.android.server.smartspace.SmartspaceManagerService
04-15 16:13:24.391 535 535 V SystemServerTiming: OnBootPhase_480_com.android.server.smartspace.SmartspaceManagerService took to complete: 0ms
04-15 16:13:24.391 535 535 D SystemServerTiming: OnBootPhase_480_com.android.server.graphics.fonts.FontManagerService$Lifecycle
04-15 16:13:24.391 535 535 V SystemServerTiming: OnBootPhase_480_com.android.server.graphics.fonts.FontManagerService$Lifecycle took to complete: 0ms
04-15 16:13:24.391 535 535 D SystemServerTiming: OnBootPhase_480_com.android.server.textservices.TextServicesManagerService$Lifecycle
04-15 16:13:24.392 535 535 V SystemServerTiming: OnBootPhase_480_com.android.server.textservices.TextServicesManagerService$Lifecycle took to complete: 0ms
04-15 16:13:24.392 535 535 D SystemServerTiming: OnBootPhase_480_com.android.server.textclassifier.TextClassificationManagerService$Lifecycle
04-15 16:13:24.392 535 535 V SystemServerTiming: OnBootPhase_480_com.android.server.textclassifier.TextClassificationManagerService$Lifecycle took to complete: 0ms
04-15 16:13:24.392 535 535 D SystemServerTiming: OnBootPhase_480_com.android.server.NetworkScoreService$Lifecycle
04-15 16:13:24.392 535 535 V SystemServerTiming: OnBootPhase_480_com.android.server.NetworkScoreService$Lifecycle took to complete: 0ms
04-15 16:13:24.392 535 535 D SystemServerTiming: OnBootPhase_480_com.android.server.NetworkStatsServiceInitializer
04-15 16:13:24.392 535 535 V SystemServerTiming: OnBootPhase_480_com.android.server.NetworkStatsServiceInitializer took to complete: 0ms
04-15 16:13:24.392 535 535 D SystemServerTiming: OnBootPhase_480_com.android.server.wifi.WifiService
04-15 16:13:24.392 535 535 V SystemServerTiming: OnBootPhase_480_com.android.server.wifi.WifiService took to complete: 0ms
04-15 16:13:24.392 535 535 D SystemServerTiming: OnBootPhase_480_com.android.server.wifi.scanner.WifiScanningService
04-15 16:13:24.392 535 535 V SystemServerTiming: OnBootPhase_480_com.android.server.wifi.scanner.WifiScanningService took to complete: 0ms
04-15 16:13:24.393 535 535 D SystemServerTiming: OnBootPhase_480_com.android.server.wifi.p2p.WifiP2pService
04-15 16:13:24.393 535 535 V SystemServerTiming: OnBootPhase_480_com.android.server.wifi.p2p.WifiP2pService took to complete: 0ms
04-15 16:13:24.393 535 535 D SystemServerTiming: OnBootPhase_480_com.android.server.ConnectivityServiceInitializer
04-15 16:13:24.393 535 535 V SystemServerTiming: OnBootPhase_480_com.android.server.ConnectivityServiceInitializer took to complete: 0ms
04-15 16:13:24.393 535 535 D SystemServerTiming: OnBootPhase_480_com.android.server.notification.NotificationManagerService
04-15 16:13:24.393 535 535 V SystemServerTiming: OnBootPhase_480_com.android.server.notification.NotificationManagerService took to complete: 0ms
04-15 16:13:24.393 535 535 D SystemServerTiming: OnBootPhase_480_com.android.server.storage.DeviceStorageMonitorService
04-15 16:13:24.393 535 535 V SystemServerTiming: OnBootPhase_480_com.android.server.storage.DeviceStorageMonitorService took to complete: 0ms
04-15 16:13:24.393 535 535 D SystemServerTiming: OnBootPhase_480_com.android.server.timedetector.TimeDetectorService$Lifecycle
04-15 16:13:24.393 535 535 V SystemServerTiming: OnBootPhase_480_com.android.server.timedetector.TimeDetectorService$Lifecycle took to complete: 0ms
04-15 16:13:24.393 535 535 D SystemServerTiming: OnBootPhase_480_com.android.server.location.LocationManagerService$Lifecycle
04-15 16:13:24.393 535 535 V SystemServerTiming: OnBootPhase_480_com.android.server.location.LocationManagerService$Lifecycle took to complete: 0ms
04-15 16:13:24.394 535 535 D SystemServerTiming: OnBootPhase_480_com.android.server.timezonedetector.TimeZoneDetectorService$Lifecycle
04-15 16:13:24.394 535 535 V SystemServerTiming: OnBootPhase_480_com.android.server.timezonedetector.TimeZoneDetectorService$Lifecycle took to complete: 0ms
04-15 16:13:24.394 535 535 D SystemServerTiming: OnBootPhase_480_com.android.server.location.altitude.AltitudeService$Lifecycle
04-15 16:13:24.394 535 535 V SystemServerTiming: OnBootPhase_480_com.android.server.location.altitude.AltitudeService$Lifecycle took to complete: 0ms
04-15 16:13:24.394 535 535 D SystemServerTiming: OnBootPhase_480_com.android.server.timezonedetector.location.LocationTimeZoneManagerService$Lifecycle
04-15 16:13:24.394 535 535 V SystemServerTiming: OnBootPhase_480_com.android.server.timezonedetector.location.LocationTimeZoneManagerService$Lifecycle took to complete: 0ms
04-15 16:13:24.394 535 535 D SystemServerTiming: OnBootPhase_480_com.android.server.search.SearchManagerService$Lifecycle
04-15 16:13:24.396 535 535 V SystemServerTiming: OnBootPhase_480_com.android.server.search.SearchManagerService$Lifecycle took to complete: 0ms
04-15 16:13:24.396 535 535 D SystemServerTiming: OnBootPhase_480_com.android.server.wallpaper.WallpaperManagerService$Lifecycle
04-15 16:13:24.398 535 535 V SystemServerTiming: OnBootPhase_480_com.android.server.wallpaper.WallpaperManagerService$Lifecycle took to complete: 2ms
04-15 16:13:24.398 535 535 D SystemServerTiming: OnBootPhase_480_com.android.server.wallpapereffectsgeneration.WallpaperEffectsGenerationManagerService
04-15 16:13:24.398 535 535 V SystemServerTiming: OnBootPhase_480_com.android.server.wallpapereffectsgeneration.WallpaperEffectsGenerationManagerService took to complete: 0ms
04-15 16:13:24.398 535 535 D SystemServerTiming: OnBootPhase_480_com.android.server.audio.AudioService$Lifecycle
04-15 16:13:24.398 535 535 V SystemServerTiming: OnBootPhase_480_com.android.server.audio.AudioService$Lifecycle took to complete: 0ms
04-15 16:13:24.398 535 535 D SystemServerTiming: OnBootPhase_480_com.android.server.soundtrigger_middleware.SoundTriggerMiddlewareService$Lifecycle
04-15 16:13:24.398 535 535 V SystemServerTiming: OnBootPhase_480_com.android.server.soundtrigger_middleware.SoundTriggerMiddlewareService$Lifecycle took to complete: 0ms
04-15 16:13:24.398 535 535 D SystemServerTiming: OnBootPhase_480_com.android.server.DockObserver
04-15 16:13:24.399 535 535 V SystemServerTiming: OnBootPhase_480_com.android.server.DockObserver took to complete: 0ms
04-15 16:13:24.399 535 535 D SystemServerTiming: OnBootPhase_480_com.android.server.midi.MidiService$Lifecycle
04-15 16:13:24.399 535 535 V SystemServerTiming: OnBootPhase_480_com.android.server.midi.MidiService$Lifecycle took to complete: 0ms
04-15 16:13:24.399 535 535 D SystemServerTiming: OnBootPhase_480_com.android.server.adb.AdbService$Lifecycle
04-15 16:13:24.399 535 535 V SystemServerTiming: OnBootPhase_480_com.android.server.adb.AdbService$Lifecycle took to complete: 0ms
04-15 16:13:24.399 535 535 D SystemServerTiming: OnBootPhase_480_com.android.server.usb.UsbService$Lifecycle
04-15 16:13:24.399 535 535 V SystemServerTiming: OnBootPhase_480_com.android.server.usb.UsbService$Lifecycle took to complete: 0ms
04-15 16:13:24.399 535 535 D SystemServerTiming: OnBootPhase_480_com.android.server.twilight.TwilightService
04-15 16:13:24.399 535 535 V SystemServerTiming: OnBootPhase_480_com.android.server.twilight.TwilightService took to complete: 0ms
04-15 16:13:24.399 535 535 D SystemServerTiming: OnBootPhase_480_com.android.server.display.color.ColorDisplayService
04-15 16:13:24.399 535 535 V SystemServerTiming: OnBootPhase_480_com.android.server.display.color.ColorDisplayService took to complete: 0ms
04-15 16:13:24.399 535 535 D SystemServerTiming: OnBootPhase_480_com.android.server.job.JobSchedulerService
04-15 16:13:24.399 535 535 V SystemServerTiming: OnBootPhase_480_com.android.server.job.JobSchedulerService took to complete: 1ms
04-15 16:13:24.404 535 535 D SystemServerTiming: OnBootPhase_480_com.android.server.soundtrigger.SoundTriggerService
04-15 16:13:24.404 535 535 D SoundTriggerService: onBootPhase: 480 : false
04-15 16:13:24.408 535 535 V SystemServerTiming: OnBootPhase_480_com.android.server.soundtrigger.SoundTriggerService took to complete: 4ms
04-15 16:13:24.408 535 535 D SystemServerTiming: OnBootPhase_480_com.android.server.trust.TrustManagerService
04-15 16:13:24.408 535 535 V SystemServerTiming: OnBootPhase_480_com.android.server.trust.TrustManagerService took to complete: 0ms
04-15 16:13:24.408 535 535 D SystemServerTiming: OnBootPhase_480_com.android.server.backup.BackupManagerService$Lifecycle
04-15 16:13:24.408 535 535 V SystemServerTiming: OnBootPhase_480_com.android.server.backup.BackupManagerService$Lifecycle took to complete: 0ms
04-15 16:13:24.408 535 535 D SystemServerTiming: OnBootPhase_480_com.android.server.appwidget.AppWidgetService
04-15 16:13:24.409 535 535 V SystemServerTiming: OnBootPhase_480_com.android.server.appwidget.AppWidgetService took to complete: 0ms
04-15 16:13:24.409 535 535 D SystemServerTiming: OnBootPhase_480_com.android.server.voiceinteraction.VoiceInteractionManagerService
04-15 16:13:24.409 535 535 V SystemServerTiming: OnBootPhase_480_com.android.server.voiceinteraction.VoiceInteractionManagerService took to complete: 0ms
04-15 16:13:24.409 535 535 D SystemServerTiming: OnBootPhase_480_com.android.server.GestureLauncherService
04-15 16:13:24.409 535 535 V SystemServerTiming: OnBootPhase_480_com.android.server.GestureLauncherService took to complete: 0ms
04-15 16:13:24.409 535 535 D SystemServerTiming: OnBootPhase_480_com.android.server.SensorNotificationService
04-15 16:13:24.409 535 535 V SystemServerTiming: OnBootPhase_480_com.android.server.SensorNotificationService took to complete: 0ms
04-15 16:13:24.409 535 535 D SystemServerTiming: OnBootPhase_480_com.android.server.emergency.EmergencyAffordanceService
04-15 16:13:24.409 535 535 V SystemServerTiming: OnBootPhase_480_com.android.server.emergency.EmergencyAffordanceService took to complete: 0ms
04-15 16:13:24.409 535 535 D SystemServerTiming: OnBootPhase_480_com.android.server.blob.BlobStoreManagerService
04-15 16:13:24.409 535 535 V SystemServerTiming: OnBootPhase_480_com.android.server.blob.BlobStoreManagerService took to complete: 0ms
04-15 16:13:24.409 535 535 D SystemServerTiming: OnBootPhase_480_com.android.server.dreams.DreamManagerService
04-15 16:13:24.409 535 535 V SystemServerTiming: OnBootPhase_480_com.android.server.dreams.DreamManagerService took to complete: 0ms
04-15 16:13:24.410 535 535 D SystemServerTiming: OnBootPhase_480_com.android.server.print.PrintManagerService
04-15 16:13:24.410 535 535 V SystemServerTiming: OnBootPhase_480_com.android.server.print.PrintManagerService took to complete: 0ms
04-15 16:13:24.410 535 535 D SystemServerTiming: OnBootPhase_480_com.android.server.security.AttestationVerificationManagerService
04-15 16:13:24.410 535 535 V SystemServerTiming: OnBootPhase_480_com.android.server.security.AttestationVerificationManagerService took to complete: 0ms
04-15 16:13:24.410 535 535 D SystemServerTiming: OnBootPhase_480_com.android.server.companion.CompanionDeviceManagerService
04-15 16:13:24.410 535 535 V SystemServerTiming: OnBootPhase_480_com.android.server.companion.CompanionDeviceManagerService took to complete: 0ms
04-15 16:13:24.410 535 535 D SystemServerTiming: OnBootPhase_480_com.android.server.companion.virtual.VirtualDeviceManagerService
04-15 16:13:24.410 535 535 V SystemServerTiming: OnBootPhase_480_com.android.server.companion.virtual.VirtualDeviceManagerService took to complete: 0ms
04-15 16:13:24.410 535 535 D SystemServerTiming: OnBootPhase_480_com.android.server.restrictions.RestrictionsManagerService
04-15 16:13:24.410 535 535 V SystemServerTiming: OnBootPhase_480_com.android.server.restrictions.RestrictionsManagerService took to complete: 0ms
04-15 16:13:24.410 535 535 D SystemServerTiming: OnBootPhase_480_com.android.server.media.MediaSessionService
04-15 16:13:24.410 535 535 V SystemServerTiming: OnBootPhase_480_com.android.server.media.MediaSessionService took to complete: 1ms
04-15 16:13:24.411 535 535 D SystemServerTiming: OnBootPhase_480_com.android.server.media.MediaResourceMonitorService
04-15 16:13:24.411 535 535 V SystemServerTiming: OnBootPhase_480_com.android.server.media.MediaResourceMonitorService took to complete: 0ms
04-15 16:13:24.411 535 535 D SystemServerTiming: OnBootPhase_480_com.android.server.biometrics.sensors.face.FaceService
04-15 16:13:24.411 535 535 V SystemServerTiming: OnBootPhase_480_com.android.server.biometrics.sensors.face.FaceService took to complete: 0ms
04-15 16:13:24.411 535 535 D SystemServerTiming: OnBootPhase_480_com.android.server.biometrics.sensors.fingerprint.FingerprintService
04-15 16:13:24.411 535 535 V SystemServerTiming: OnBootPhase_480_com.android.server.biometrics.sensors.fingerprint.FingerprintService took to complete: 0ms
04-15 16:13:24.411 535 535 D SystemServerTiming: OnBootPhase_480_com.android.server.biometrics.BiometricService
04-15 16:13:24.411 535 535 V SystemServerTiming: OnBootPhase_480_com.android.server.biometrics.BiometricService took to complete: 0ms
04-15 16:13:24.411 535 535 D SystemServerTiming: OnBootPhase_480_com.android.server.biometrics.AuthService
04-15 16:13:24.411 535 535 V SystemServerTiming: OnBootPhase_480_com.android.server.biometrics.AuthService took to complete: 0ms
04-15 16:13:24.411 535 535 D SystemServerTiming: OnBootPhase_480_com.android.server.pm.ShortcutService$Lifecycle
04-15 16:13:24.418 535 535 V SystemServerTiming: OnBootPhase_480_com.android.server.pm.ShortcutService$Lifecycle took to complete: 7ms
04-15 16:13:24.418 535 535 D SystemServerTiming: OnBootPhase_480_com.android.server.pm.LauncherAppsService
04-15 16:13:24.418 535 535 V SystemServerTiming: OnBootPhase_480_com.android.server.pm.LauncherAppsService took to complete: 0ms
04-15 16:13:24.418 535 535 D SystemServerTiming: OnBootPhase_480_com.android.server.pm.CrossProfileAppsService
04-15 16:13:24.418 535 535 V SystemServerTiming: OnBootPhase_480_com.android.server.pm.CrossProfileAppsService took to complete: 0ms
04-15 16:13:24.418 535 535 D SystemServerTiming: OnBootPhase_480_com.android.server.people.PeopleService
04-15 16:13:24.418 535 535 V SystemServerTiming: OnBootPhase_480_com.android.server.people.PeopleService took to complete: 0ms
04-15 16:13:24.418 535 535 D SystemServerTiming: OnBootPhase_480_com.android.server.media.metrics.MediaMetricsManagerService
04-15 16:13:24.418 535 535 V SystemServerTiming: OnBootPhase_480_com.android.server.media.metrics.MediaMetricsManagerService took to complete: 0ms
04-15 16:13:24.419 535 535 D SystemServerTiming: OnBootPhase_480_com.android.server.pm.BackgroundInstallControlService
04-15 16:13:24.419 535 535 V SystemServerTiming: OnBootPhase_480_com.android.server.pm.BackgroundInstallControlService took to complete: 0ms
04-15 16:13:24.419 535 535 D SystemServerTiming: OnBootPhase_480_com.android.server.media.projection.MediaProjectionManagerService
04-15 16:13:24.419 535 535 V SystemServerTiming: OnBootPhase_480_com.android.server.media.projection.MediaProjectionManagerService took to complete: 0ms
04-15 16:13:24.419 535 535 D SystemServerTiming: OnBootPhase_480_com.android.server.slice.SliceManagerService$Lifecycle
04-15 16:13:24.419 535 535 V SystemServerTiming: OnBootPhase_480_com.android.server.slice.SliceManagerService$Lifecycle took to complete: 0ms
04-15 16:13:24.419 535 535 D SystemServerTiming: OnBootPhase_480_com.android.server.stats.StatsCompanion$Lifecycle
04-15 16:13:24.419 535 535 V SystemServerTiming: OnBootPhase_480_com.android.server.stats.StatsCompanion$Lifecycle took to complete: 0ms
04-15 16:13:24.419 535 535 D SystemServerTiming: OnBootPhase_480_com.android.server.scheduling.RebootReadinessManagerService$Lifecycle
04-15 16:13:24.419 535 535 V SystemServerTiming: OnBootPhase_480_com.android.server.scheduling.RebootReadinessManagerService$Lifecycle took to complete: 0ms
04-15 16:13:24.419 535 535 D SystemServerTiming: OnBootPhase_480_com.android.server.stats.pull.StatsPullAtomService
04-15 16:13:24.424 535 535 V SystemServerTiming: OnBootPhase_480_com.android.server.stats.pull.StatsPullAtomService took to complete: 4ms
04-15 16:13:24.424 535 535 D SystemServerTiming: OnBootPhase_480_com.android.server.stats.bootstrap.StatsBootstrapAtomService$Lifecycle
04-15 16:13:24.424 535 535 V SystemServerTiming: OnBootPhase_480_com.android.server.stats.bootstrap.StatsBootstrapAtomService$Lifecycle took to complete: 0ms
04-15 16:13:24.424 535 535 D SystemServerTiming: OnBootPhase_480_com.android.server.incident.IncidentCompanionService
04-15 16:13:24.424 535 535 V SystemServerTiming: OnBootPhase_480_com.android.server.incident.IncidentCompanionService took to complete: 0ms
04-15 16:13:24.424 535 535 D SystemServerTiming: OnBootPhase_480_com.android.server.sdksandbox.SdkSandboxManagerService$Lifecycle
04-15 16:13:24.424 535 535 V SystemServerTiming: OnBootPhase_480_com.android.server.sdksandbox.SdkSandboxManagerService$Lifecycle took to complete: 0ms
04-15 16:13:24.424 535 535 D SystemServerTiming: OnBootPhase_480_com.android.server.adservices.AdServicesManagerService$Lifecycle
04-15 16:13:24.424 535 535 V SystemServerTiming: OnBootPhase_480_com.android.server.adservices.AdServicesManagerService$Lifecycle took to complete: 0ms
04-15 16:13:24.424 535 535 D SystemServerTiming: OnBootPhase_480_com.android.server.ondevicepersonalization.OnDevicePersonalizationSystemService$Lifecycle
04-15 16:13:24.425 535 535 V SystemServerTiming: OnBootPhase_480_com.android.server.ondevicepersonalization.OnDevicePersonalizationSystemService$Lifecycle took to complete: 0ms
04-15 16:13:24.425 535 535 D SystemServerTiming: OnBootPhase_480_com.android.server.MmsServiceBroker
04-15 16:13:24.425 535 535 V SystemServerTiming: OnBootPhase_480_com.android.server.MmsServiceBroker took to complete: 0ms
04-15 16:13:24.425 535 535 D SystemServerTiming: OnBootPhase_480_com.android.server.autofill.AutofillManagerService
04-15 16:13:24.425 535 535 V SystemServerTiming: OnBootPhase_480_com.android.server.autofill.AutofillManagerService took to complete: 0ms
04-15 16:13:24.425 535 535 D SystemServerTiming: OnBootPhase_480_com.android.server.credentials.CredentialManagerService
04-15 16:13:24.425 535 535 V SystemServerTiming: OnBootPhase_480_com.android.server.credentials.CredentialManagerService took to complete: 0ms
04-15 16:13:24.425 535 535 D SystemServerTiming: OnBootPhase_480_com.android.server.selectiontoolbar.SelectionToolbarManagerService
04-15 16:13:24.425 535 535 V SystemServerTiming: OnBootPhase_480_com.android.server.selectiontoolbar.SelectionToolbarManagerService took to complete: 0ms
04-15 16:13:24.425 535 535 D SystemServerTiming: OnBootPhase_480_com.android.server.clipboard.ClipboardService
04-15 16:13:24.425 535 535 V SystemServerTiming: OnBootPhase_480_com.android.server.clipboard.ClipboardService took to complete: 0ms
04-15 16:13:24.425 535 535 D SystemServerTiming: OnBootPhase_480_com.android.server.appbinding.AppBindingService$Lifecycle
04-15 16:13:24.426 535 535 V SystemServerTiming: OnBootPhase_480_com.android.server.appbinding.AppBindingService$Lifecycle took to complete: 0ms
04-15 16:13:24.426 535 535 D SystemServerTiming: OnBootPhase_480_com.android.server.tracing.TracingServiceProxy
04-15 16:13:24.426 535 535 V SystemServerTiming: OnBootPhase_480_com.android.server.tracing.TracingServiceProxy took to complete: 0ms
04-15 16:13:24.426 535 535 V SystemServerTiming: OnBootPhase_480 took to complete: 116ms
04-15 16:13:24.426 535 535 V SystemServerTiming: StartBootPhaseLockSettingsReady took to complete: 116ms
04-15 16:13:24.427 535 535 D SystemServerTiming: StartBootPhaseSystemServicesReady
04-15 16:13:24.427 535 535 I SystemServiceManager: Starting phase 500
04-15 16:13:24.427 535 535 D SystemServerTiming: OnBootPhase_500
04-15 16:13:24.427 535 535 D SystemServerTiming: OnBootPhase_500_com.android.server.security.FileIntegrityService
04-15 16:13:24.427 535 535 V SystemServerTiming: OnBootPhase_500_com.android.server.security.FileIntegrityService took to complete: 0ms
04-15 16:13:24.427 535 535 D SystemServerTiming: OnBootPhase_500_com.android.server.pm.Installer
04-15 16:13:24.427 535 535 V SystemServerTiming: OnBootPhase_500_com.android.server.pm.Installer took to complete: 0ms
