04-15 16:13:38.772 535 1013 D ReflectedParamUpdater: extent() != 1 for single value type: output.buffers.pool-ids.values
04-15 16:13:38.775 535 1013 D ReflectedParamUpdater: extent() != 1 for single value type: algo.buffers.pool-ids.values
04-15 16:13:38.812 535 1013 I CCodecConfig: query failed after returning 7 values (BAD_INDEX)
04-15 16:13:38.813 535 1013 D CCodecConfig: c2 config diff is Dict {
04-15 16:13:38.813 535 1013 D CCodecConfig: c2::u32 coded.bitrate.value = 64000
04-15 16:13:38.813 535 1013 D CCodecConfig: c2::u32 input.buffers.max-size.value = 32768
04-15 16:13:38.813 535 1013 D CCodecConfig: c2::u32 input.delay.value = 0
04-15 16:13:38.813 535 1013 D CCodecConfig: string input.media-type.value = "audio/vorbis"
04-15 16:13:38.813 535 1013 D CCodecConfig: string output.media-type.value = "audio/raw"
04-15 16:13:38.813 535 1013 D CCodecConfig: c2::u32 raw.channel-count.value = 1
04-15 16:13:38.813 535 1013 D CCodecConfig: c2::u32 raw.sample-rate.value = 48000
04-15 16:13:38.813 535 1013 D CCodecConfig: }
04-15 16:13:38.830 535 1013 D MediaCodec: flushMediametrics
04-15 16:13:38.832 535 1013 D CCodec : [c2.android.vorbis.decoder] buffers are bound to CCodec for this session
04-15 16:13:38.837 535 1013 D CCodecConfig: no c2 equivalents for durationUs
04-15 16:13:38.838 535 1013 D CCodecConfig: no c2 equivalents for track-id
04-15 16:13:38.839 535 1013 D CCodecConfig: no c2 equivalents for csd-1
04-15 16:13:38.839 535 1013 D CCodecConfig: no c2 equivalents for flags
04-15 16:13:38.856 535 1013 D CCodecConfig: c2 config diff is c2::u32 coded.bitrate.value = 140000
04-15 16:13:38.864 535 1013 W Codec2Client: query -- param skipped: index = 1107298332.
04-15 16:13:38.865 535 1013 D CCodec : encoding statistics level = 0
04-15 16:13:38.866 535 1013 D CCodec : setup formats input: AMessage(what = 0x00000000) = {
04-15 16:13:38.866 535 1013 D CCodec : int32_t bitrate = 140000
04-15 16:13:38.866 535 1013 D CCodec : int32_t channel-count = 1
04-15 16:13:38.866 535 1013 D CCodec : int32_t max-input-size = 32768
04-15 16:13:38.866 535 1013 D CCodec : string mime = "audio/vorbis"
04-15 16:13:38.866 535 1013 D CCodec : int32_t sample-rate = 48000
04-15 16:13:38.866 535 1013 D CCodec : }
04-15 16:13:38.867 535 1013 D CCodec : setup formats output: AMessage(what = 0x00000000) = {
04-15 16:13:38.867 535 1013 D CCodec : int32_t channel-count = 1
04-15 16:13:38.867 535 1013 D CCodec : string mime = "audio/raw"
04-15 16:13:38.867 535 1013 D CCodec : int32_t sample-rate = 48000
04-15 16:13:38.867 535 1013 D CCodec : int32_t channel-mask = 1
04-15 16:13:38.867 535 1013 D CCodec : int32_t android._config-pcm-encoding = 2
04-15 16:13:38.867 535 1013 D CCodec : }
04-15 16:13:38.875 535 1013 I CCodecConfig: query failed after returning 7 values (BAD_INDEX)
04-15 16:13:38.912 535 1013 W Codec2Client: query -- param skipped: index = 1342179345.
04-15 16:13:38.913 535 1013 W Codec2Client: query -- param skipped: index = 2415921170.
04-15 16:13:38.923 535 1013 D CCodecBufferChannel: [c2.android.vorbis.decoder#757] Created input block pool with allocatorID 16 => poolID 21 - OK (0)
04-15 16:13:38.953 535 1013 I CCodecBufferChannel: [c2.android.vorbis.decoder#757] Created output block pool with allocatorID 16 => poolID 21 - OK
04-15 16:13:38.960 535 1013 D CCodecBufferChannel: [c2.android.vorbis.decoder#757] Configured output block pool ids 21 => OK
04-15 16:13:38.962 893 893 D BiometricsRepositoryImpl: Registering StrongAuthTracker
04-15 16:13:38.982 459 1017 D SimpleC2Component: Using output block pool with poolID 21 => got 21 - 0
04-15 16:13:39.112 893 893 D BiometricsRepositoryImpl: currentUser authFlags changed, new value: AuthenticationFlags(userId=0, flag=1)
04-15 16:13:39.123 893 893 D BiometricsRepositoryImpl: isNonStrongBiometricAllowed changed for current user
04-15 16:13:39.396 535 1013 D CCodecBufferChannel: [c2.android.vorbis.decoder#757] MediaCodec discarded an unknown buffer
04-15 16:13:39.398 535 1013 D CCodecBufferChannel: [c2.android.vorbis.decoder#757] MediaCodec discarded an unknown buffer
04-15 16:13:39.413 893 893 W AlarmManager: Unrecognized alarm listener com.android.systemui.keyguard.KeyguardSliceProvider$$ExternalSyntheticLambda0@9341319
04-15 16:13:39.457 535 1013 I hw-BpHwBinder: onLastStrongRef automatically unlinking death recipients
04-15 16:13:39.458 459 459 I hw-BpHwBinder: onLastStrongRef automatically unlinking death recipients
04-15 16:13:39.470 535 906 D MediaCodec: flushMediametrics
04-15 16:13:39.497 459 459 I hw-BpHwBinder: onLastStrongRef automatically unlinking death recipients
04-15 16:13:39.595 535 906 D MediaCodecList: codecHandlesFormat: no format, so no extra checks
04-15 16:13:39.620 535 1022 D CCodec : allocate(c2.android.vorbis.decoder)
04-15 16:13:39.625 535 1022 I CCodec : setting up 'default' as default (vendor) store
04-15 16:13:39.658 535 1022 I CCodec : Created component [c2.android.vorbis.decoder]
04-15 16:13:39.672 535 1022 D CCodecConfig: read media type: audio/vorbis
04-15 16:13:39.694 535 1022 D ReflectedParamUpdater: extent() != 1 for single value type: algo.buffers.max-count.values
04-15 16:13:39.695 535 1022 D ReflectedParamUpdater: extent() != 1 for single value type: output.subscribed-indices.values
04-15 16:13:39.695 535 1022 D ReflectedParamUpdater: extent() != 1 for single value type: input.buffers.allocator-ids.values
04-15 16:13:39.702 535 1022 D ReflectedParamUpdater: extent() != 1 for single value type: output.buffers.allocator-ids.values
04-15 16:13:39.702 535 1022 D ReflectedParamUpdater: extent() != 1 for single value type: algo.buffers.allocator-ids.values
04-15 16:13:39.703 535 1022 D ReflectedParamUpdater: extent() != 1 for single value type: output.buffers.pool-ids.values
04-15 16:13:39.703 535 1022 D ReflectedParamUpdater: extent() != 1 for single value type: algo.buffers.pool-ids.values
04-15 16:13:39.716 535 1022 I CCodecConfig: query failed after returning 7 values (BAD_INDEX)
04-15 16:13:39.717 535 1022 D CCodecConfig: c2 config diff is Dict {
04-15 16:13:39.717 535 1022 D CCodecConfig: c2::u32 coded.bitrate.value = 64000
04-15 16:13:39.717 535 1022 D CCodecConfig: c2::u32 input.buffers.max-size.value = 32768
04-15 16:13:39.717 535 1022 D CCodecConfig: c2::u32 input.delay.value = 0
04-15 16:13:39.717 535 1022 D CCodecConfig: string input.media-type.value = "audio/vorbis"
04-15 16:13:39.717 535 1022 D CCodecConfig: string output.media-type.value = "audio/raw"
04-15 16:13:39.717 535 1022 D CCodecConfig: c2::u32 raw.channel-count.value = 1
04-15 16:13:39.717 535 1022 D CCodecConfig: c2::u32 raw.sample-rate.value = 48000
04-15 16:13:39.717 535 1022 D CCodecConfig: }
04-15 16:13:39.727 535 1022 D MediaCodec: flushMediametrics
04-15 16:13:39.732 535 1022 D CCodec : [c2.android.vorbis.decoder] buffers are bound to CCodec for this session
04-15 16:13:39.732 535 1022 D CCodecConfig: no c2 equivalents for durationUs
04-15 16:13:39.732 535 1022 D CCodecConfig: no c2 equivalents for track-id
04-15 16:13:39.732 535 1022 D CCodecConfig: no c2 equivalents for csd-1
04-15 16:13:39.733 535 1022 D CCodecConfig: no c2 equivalents for flags
04-15 16:13:39.734 535 1022 D CCodecConfig: c2 config diff is c2::u32 coded.bitrate.value = 239920
04-15 16:13:39.734 535 1022 D CCodecConfig: c2::u32 raw.sample-rate.value = 44100
04-15 16:13:39.740 535 1022 W Codec2Client: query -- param skipped: index = 1107298332.
04-15 16:13:39.740 535 1022 D CCodec : encoding statistics level = 0
04-15 16:13:39.740 535 1022 D CCodec : setup formats input: AMessage(what = 0x00000000) = {
04-15 16:13:39.740 535 1022 D CCodec : int32_t bitrate = 239920
04-15 16:13:39.740 535 1022 D CCodec : int32_t channel-count = 1
04-15 16:13:39.740 535 1022 D CCodec : int32_t max-input-size = 32768
04-15 16:13:39.740 535 1022 D CCodec : string mime = "audio/vorbis"
04-15 16:13:39.740 535 1022 D CCodec : int32_t sample-rate = 44100
04-15 16:13:39.740 535 1022 D CCodec : }
04-15 16:13:39.740 535 1022 D CCodec : setup formats output: AMessage(what = 0x00000000) = {
04-15 16:13:39.740 535 1022 D CCodec : int32_t channel-count = 1
04-15 16:13:39.740 535 1022 D CCodec : string mime = "audio/raw"
04-15 16:13:39.740 535 1022 D CCodec : int32_t sample-rate = 44100
04-15 16:13:39.740 535 1022 D CCodec : int32_t channel-mask = 1
04-15 16:13:39.740 535 1022 D CCodec : int32_t android._config-pcm-encoding = 2
04-15 16:13:39.740 535 1022 D CCodec : }
04-15 16:13:39.741 535 1022 I CCodecConfig: query failed after returning 7 values (BAD_INDEX)
04-15 16:13:39.743 535 1022 W Codec2Client: query -- param skipped: index = 1342179345.
04-15 16:13:39.743 535 1022 W Codec2Client: query -- param skipped: index = 2415921170.
04-15 16:13:39.785 535 1022 D CCodecBufferChannel: [c2.android.vorbis.decoder#230] Created input block pool with allocatorID 16 => poolID 22 - OK (0)
04-15 16:13:39.801 535 1022 I CCodecBufferChannel: [c2.android.vorbis.decoder#230] Created output block pool with allocatorID 16 => poolID 22 - OK
04-15 16:13:39.805 535 1022 D CCodecBufferChannel: [c2.android.vorbis.decoder#230] Configured output block pool ids 22 => OK
04-15 16:13:39.819 459 1023 D SimpleC2Component: Using output block pool with poolID 22 => got 22 - 0
04-15 16:13:39.881 893 947 E AppWidgetManager: Nofity service of inheritance info
04-15 16:13:39.881 893 947 E AppWidgetManager: java.lang.IllegalStateException: User 0 must be unlocked for widgets to be available
04-15 16:13:39.881 893 947 E AppWidgetManager: at android.os.Parcel.createExceptionOrNull(Parcel.java:3065)
04-15 16:13:39.881 893 947 E AppWidgetManager: at android.os.Parcel.createException(Parcel.java:3041)
04-15 16:13:39.881 893 947 E AppWidgetManager: at android.os.Parcel.readException(Parcel.java:3024)
04-15 16:13:39.881 893 947 E AppWidgetManager: at android.os.Parcel.readException(Parcel.java:2966)
04-15 16:13:39.881 893 947 E AppWidgetManager: at com.android.internal.appwidget.IAppWidgetService$Stub$Proxy.getInstalledProvidersForProfile(IAppWidgetService.java:990)
04-15 16:13:39.881 893 947 E AppWidgetManager: at android.appwidget.AppWidgetManager.getInstalledProvidersForProfile(AppWidgetManager.java:923)
04-15 16:13:39.881 893 947 E AppWidgetManager: at android.appwidget.AppWidgetManager.getInstalledProvidersForPackage(AppWidgetManager.java:857)
04-15 16:13:39.881 893 947 E AppWidgetManager: at android.appwidget.AppWidgetManager.lambda$new$3(AppWidgetManager.java:536)
04-15 16:13:39.881 893 947 E AppWidgetManager: at android.appwidget.AppWidgetManager.$r8$lambda$MnZCUjy90wcD58stsygv3SVPbu4(Unknown Source:0)
04-15 16:13:39.881 893 947 E AppWidgetManager: at android.appwidget.AppWidgetManager$$ExternalSyntheticLambda4.run(Unknown Source:2)
04-15 16:13:39.881 893 947 E AppWidgetManager: at android.os.Handler.handleCallback(Handler.java:958)
04-15 16:13:39.881 893 947 E AppWidgetManager: at android.os.Handler.dispatchMessage(Handler.java:99)
04-15 16:13:39.881 893 947 E AppWidgetManager: at android.os.Looper.loopOnce(Looper.java:205)
04-15 16:13:39.881 893 947 E AppWidgetManager: at android.os.Looper.loop(Looper.java:294)
04-15 16:13:39.881 893 947 E AppWidgetManager: at android.os.HandlerThread.run(HandlerThread.java:67)
04-15 16:13:39.881 893 947 E AppWidgetManager: Caused by: android.os.RemoteException: Remote stack trace:
04-15 16:13:39.881 893 947 E AppWidgetManager: at com.android.server.appwidget.AppWidgetServiceImpl.ensureGroupStateLoadedLocked(AppWidgetServiceImpl.java:650)
04-15 16:13:39.881 893 947 E AppWidgetManager: at com.android.server.appwidget.AppWidgetServiceImpl.ensureGroupStateLoadedLocked(AppWidgetServiceImpl.java:644)
04-15 16:13:39.881 893 947 E AppWidgetManager: at com.android.server.appwidget.AppWidgetServiceImpl.getInstalledProvidersForProfile(AppWidgetServiceImpl.java:1708)
04-15 16:13:39.881 893 947 E AppWidgetManager: at com.android.internal.appwidget.IAppWidgetService$Stub.onTransact(IAppWidgetService.java:510)
04-15 16:13:39.881 893 947 E AppWidgetManager: at android.os.Binder.execTransactInternal(Binder.java:1339)
04-15 16:13:39.881 893 947 E AppWidgetManager:
04-15 16:13:39.928 893 893 V SystemUIBootTiming: DependencyInjection took to complete: 5ms
04-15 16:13:39.932 395 430 E EGL_emulation: eglQueryContext 3100 EGL_BAD_ATTRIBUTE
04-15 16:13:39.932 395 430 E EGL_emulation: tid 430: eglQueryContext(2146): error 0x3004 (EGL_BAD_ATTRIBUTE)
04-15 16:13:39.936 893 893 I SystemUIService: Found SurfaceFlinger's GPU Priority: 0
04-15 16:13:39.946 535 609 I ActivityManager: Flag disabled. Ignoring finishAttachApplication from uid: 10117. pid: 893
04-15 16:13:40.047 893 963 W KeyguardUpdateMonitorLog: invalid subId in handleServiceStateChange()
04-15 16:13:40.055 893 963 W KeyguardUpdateMonitorLog: invalid subId in handleSimStateChange()
04-15 16:13:40.090 535 547 I system_server: Background young concurrent copying GC freed 296455(9982KB) AllocSpace objects, 16(504KB) LOS objects, 41% free, 13MB/22MB, paused 788us,387us total 1.646s
04-15 16:13:40.111 535 549 W System : A resource failed to call release.
04-15 16:13:40.117 535 549 W System : A resource failed to call release.
04-15 16:13:40.117 535 549 W System : A resource failed to call release.
04-15 16:13:40.265 535 968 D BufferPoolAccessor2.0: bufferpool2 0x78a4def46378 : 0(0 size) total buffers - 0(0 size) used buffers - 2/7 (recycle/alloc) - 5/18 (fetch/transfer)
04-15 16:13:40.267 535 968 D BufferPoolAccessor2.0: evictor expired: 1, evicted: 1
04-15 16:13:40.346 459 891 D BufferPoolAccessor2.0: bufferpool2 0x73554d7a07b8 : 0(0 size) total buffers - 0(0 size) used buffers - 5/7 (recycle/alloc) - 2/6 (fetch/transfer)
04-15 16:13:40.347 459 891 D BufferPoolAccessor2.0: evictor expired: 1, evicted: 1
04-15 16:13:40.514 535 1022 D CCodecBufferChannel: [c2.android.vorbis.decoder#230] MediaCodec discarded an unknown buffer
04-15 16:13:40.514 535 1022 D CCodecBufferChannel: [c2.android.vorbis.decoder#230] MediaCodec discarded an unknown buffer
04-15 16:13:40.514 535 1022 D CCodecBufferChannel: [c2.android.vorbis.decoder#230] MediaCodec discarded an unknown buffer
04-15 16:13:40.560 535 1022 I hw-BpHwBinder: onLastStrongRef automatically unlinking death recipients
04-15 16:13:40.566 459 973 I hw-BpHwBinder: onLastStrongRef automatically unlinking death recipients
04-15 16:13:40.576 535 906 D MediaCodec: flushMediametrics
04-15 16:13:40.604 459 973 I hw-BpHwBinder: onLastStrongRef automatically unlinking death recipients
04-15 16:13:40.676 900 913 I ssioncontroller: Background concurrent copying GC freed 156911(7575KB) AllocSpace objects, 21(3408KB) LOS objects, 49% free, 4790KB/9580KB, paused 312us,59us total 479.534ms
04-15 16:13:41.145 535 551 D WallpaperManagerService: WPMS.saveSettingsLocked-0
04-15 16:13:41.197 535 551 V WallpaperManagerService: WPMS.saveSettingsLocked-0 took to complete: 51ms
04-15 16:13:41.205 893 893 D Tonal : Tonal Palette - index: 4. Main color: ff343e65
04-15 16:13:41.205 893 893 D Tonal : Colors: ff0b0c16, ff141627, ff1d2138, ff272d4c, ff343e65, ff41477e, ff4e5597, ff8184a4, ff898cc3, ff9e9ecd, ffb7b6d9, ffd9d7eb, ffefeef7
04-15 16:13:41.208 893 893 D Tonal : Gradients:
04-15 16:13:41.208 893 893 D Tonal : Normal GradientColors(ff343e65, ff343e65)
04-15 16:13:41.208 893 893 D Tonal : Dark GradientColors(ff272d4c, ff272d4c)
04-15 16:13:41.208 893 893 D Tonal : Extra dark: GradientColors(ff1d2138, ff1d2138)
04-15 16:13:41.209 893 893 D Tonal : Tonal Palette - index: 4. Main color: ff343e65
04-15 16:13:41.209 893 893 D Tonal : Colors: ff0b0c16, ff141627, ff1d2138, ff272d4c, ff343e65, ff41477e, ff4e5597, ff8184a4, ff898cc3, ff9e9ecd, ffb7b6d9, ffd9d7eb, ffefeef7
04-15 16:13:41.209 893 893 D Tonal : Gradients:
04-15 16:13:41.209 893 893 D Tonal : Normal GradientColors(ff343e65, ff343e65)
04-15 16:13:41.209 893 893 D Tonal : Dark GradientColors(ff272d4c, ff272d4c)
04-15 16:13:41.209 893 893 D Tonal : Extra dark: GradientColors(ff1d2138, ff1d2138)
04-15 16:13:41.243 900 949 I RuntimePermissionsUpgradeController: Grandfathering SMS and CallLog permissions
04-15 16:13:41.250 900 949 I RuntimePermissionsUpgradeController: Grandfathering location background permissions
04-15 16:13:41.254 900 949 I RuntimePermissionsUpgradeController: Grandfathering Storage permissions
04-15 16:13:41.258 900 949 I RuntimePermissionsUpgradeController: Not expanding location permissions as this is not an upgrade from Android P
04-15 16:13:41.258 900 949 I RuntimePermissionsUpgradeController: Not expanding read storage to access media location as this is a new user
04-15 16:13:41.258 900 949 I RuntimePermissionsUpgradeController: Not migrating STORAGE permissions to READ_MEDIA permissions as this is a new user
04-15 16:13:41.881 535 551 W PermissionManager: Package com.android.providers.media.module is an APK in APEX, but has permission allowlist on the system image. Please bundle the allowlist in the com.android.mediaprovider APEX instead.
04-15 16:13:41.881 535 551 W PermissionManager: Package com.android.providers.media.module is an APK in APEX, but has permission allowlist on the system image. Please bundle the allowlist in the com.android.mediaprovider APEX instead.
04-15 16:13:41.882 535 551 W PermissionManager: Package com.android.providers.media.module is an APK in APEX, but has permission allowlist on the system image. Please bundle the allowlist in the com.android.mediaprovider APEX instead.
04-15 16:13:41.882 535 551 W PermissionManager: Package com.android.providers.media.module is an APK in APEX, but has permission allowlist on the system image. Please bundle the allowlist in the com.android.mediaprovider APEX instead.
04-15 16:13:41.882 535 551 W PermissionManager: Package com.android.providers.media.module is an APK in APEX, but has permission allowlist on the system image. Please bundle the allowlist in the com.android.mediaprovider APEX instead.
04-15 16:13:41.882 535 551 W PermissionManager: Package com.android.providers.media.module is an APK in APEX, but has permission allowlist on the system image. Please bundle the allowlist in the com.android.mediaprovider APEX instead.
04-15 16:13:41.882 535 551 W PermissionManager: Package com.android.providers.media.module is an APK in APEX, but has permission allowlist on the system image. Please bundle the allowlist in the com.android.mediaprovider APEX instead.
04-15 16:13:41.882 535 551 W PermissionManager: Package com.android.providers.media.module is an APK in APEX, but has permission allowlist on the system image. Please bundle the allowlist in the com.android.mediaprovider APEX instead.
04-15 16:13:41.883 535 551 W PermissionManager: Package com.android.providers.media.module is an APK in APEX, but has permission allowlist on the system image. Please bundle the allowlist in the com.android.mediaprovider APEX instead.
04-15 16:13:41.883 535 551 W PermissionManager: Package com.android.providers.media.module is an APK in APEX, but has permission allowlist on the system image. Please bundle the allowlist in the com.android.mediaprovider APEX instead.
04-15 16:13:41.883 535 551 W PermissionManager: Package com.android.providers.media.module is an APK in APEX, but has permission allowlist on the system image. Please bundle the allowlist in the com.android.mediaprovider APEX instead.
04-15 16:13:41.883 535 551 W PermissionManager: Package com.android.providers.media.module is an APK in APEX, but has permission allowlist on the system image. Please bundle the allowlist in the com.android.mediaprovider APEX instead.
04-15 16:13:41.883 535 551 W PermissionManager: Package com.android.providers.media.module is an APK in APEX, but has permission allowlist on the system image. Please bundle the allowlist in the com.android.mediaprovider APEX instead.
04-15 16:13:41.898 535 551 W PermissionManager: Package com.android.providers.media.module is an APK in APEX, but has permission allowlist on the system image. Please bundle the allowlist in the com.android.mediaprovider APEX instead.
04-15 16:13:41.902 535 551 W PermissionManager: Package com.android.providers.media.module is an APK in APEX, but has permission allowlist on the system image. Please bundle the allowlist in the com.android.mediaprovider APEX instead.
04-15 16:13:41.903 535 551 W PermissionManager: Package com.android.providers.media.module is an APK in APEX, but has permission allowlist on the system image. Please bundle the allowlist in the com.android.mediaprovider APEX instead.
04-15 16:13:41.905 535 551 W PermissionManager: Package com.android.providers.media.module is an APK in APEX, but has permission allowlist on the system image. Please bundle the allowlist in the com.android.mediaprovider APEX instead.
04-15 16:13:41.906 535 551 W PermissionManager: Package com.android.providers.media.module is an APK in APEX, but has permission allowlist on the system image. Please bundle the allowlist in the com.android.mediaprovider APEX instead.
04-15 16:13:41.907 535 551 W PermissionManager: Package com.android.providers.media.module is an APK in APEX, but has permission allowlist on the system image. Please bundle the allowlist in the com.android.mediaprovider APEX instead.
04-15 16:13:41.907 535 551 W PermissionManager: Package com.android.providers.media.module is an APK in APEX, but has permission allowlist on the system image. Please bundle the allowlist in the com.android.mediaprovider APEX instead.
04-15 16:13:41.908 535 551 W PermissionManager: Package com.android.providers.media.module is an APK in APEX, but has permission allowlist on the system image. Please bundle the allowlist in the com.android.mediaprovider APEX instead.
04-15 16:13:41.909 535 551 W PermissionManager: Package com.android.providers.media.module is an APK in APEX, but has permission allowlist on the system image. Please bundle the allowlist in the com.android.mediaprovider APEX instead.
04-15 16:13:41.909 535 551 W PermissionManager: Package com.android.providers.media.module is an APK in APEX, but has permission allowlist on the system image. Please bundle the allowlist in the com.android.mediaprovider APEX instead.
04-15 16:13:41.910 535 551 W PermissionManager: Package com.android.providers.media.module is an APK in APEX, but has permission allowlist on the system image. Please bundle the allowlist in the com.android.mediaprovider APEX instead.
04-15 16:13:41.910 535 551 W PermissionManager: Package com.android.providers.media.module is an APK in APEX, but has permission allowlist on the system image. Please bundle the allowlist in the com.android.mediaprovider APEX instead.
04-15 16:13:41.910 535 551 W PermissionManager: Package com.android.providers.media.module is an APK in APEX, but has permission allowlist on the system image. Please bundle the allowlist in the com.android.mediaprovider APEX instead.
04-15 16:13:42.075 535 535 V SystemServerTiming: Permission_callback_waiting-0 took to complete: 12603ms
04-15 16:13:42.083 535 535 V SystemServerTiming: Permission_grant_default_permissions-0 took to complete: 12634ms
04-15 16:13:42.089 900 921 I PermissionControllerServiceImpl: Updating user sensitive for user 0
04-15 16:13:42.097 535 535 D SystemServerTiming: Permission_synchronize_permissions-0
04-15 16:13:42.103 535 535 D SystemServerTiming: Permission_synchronize_addPackages-0
04-15 16:13:42.272 535 968 D BufferPoolAccessor2.0: bufferpool2 0x78a4def53838 : 0(0 size) total buffers - 0(0 size) used buffers - 2/7 (recycle/alloc) - 5/24 (fetch/transfer)
04-15 16:13:42.272 535 968 D BufferPoolAccessor2.0: evictor expired: 1, evicted: 1
04-15 16:13:42.360 459 891 D BufferPoolAccessor2.0: bufferpool2 0x73554d79de18 : 0(0 size) total buffers - 0(0 size) used buffers - 6/10 (recycle/alloc) - 4/9 (fetch/transfer)
04-15 16:13:42.362 459 891 D BufferPoolAccessor2.0: bufferpool2 0x73554d7a4188 : 0(0 size) total buffers - 0(0 size) used buffers - 7/11 (recycle/alloc) - 4/10 (fetch/transfer)
04-15 16:13:42.362 459 891 D BufferPoolAccessor2.0: evictor expired: 2, evicted: 2
04-15 16:13:42.431 535 535 V SystemServerTiming: Permission_synchronize_addPackages-0 took to complete: 308ms
04-15 16:13:42.434 535 535 D SystemServerTiming: Permission_syncPackages-0
04-15 16:13:42.462 535 535 V StorageManagerService: Package null has legacy storage
04-15 16:13:42.477 535 535 V StorageManagerService: Package null has legacy storage
04-15 16:13:42.539 535 535 V StorageManagerService: Package null does not have legacy storage
04-15 16:13:42.541 535 535 V StorageManagerService: Package null does not have legacy storage
04-15 16:13:42.542 535 535 V StorageManagerService: Package null does not have legacy storage
04-15 16:13:42.548 535 535 V StorageManagerService: Package null does not have legacy storage
04-15 16:13:42.549 535 535 V StorageManagerService: Package null does not have legacy storage
04-15 16:13:42.551 535 535 V StorageManagerService: Package null does not have legacy storage
04-15 16:13:42.555 535 535 V StorageManagerService: Package null does not have legacy storage
04-15 16:13:42.558 535 535 V StorageManagerService: Package null does not have legacy storage
04-15 16:13:42.559 535 535 V StorageManagerService: Package null does not have legacy storage
04-15 16:13:42.565 535 535 V StorageManagerService: Package null does not have legacy storage
04-15 16:13:42.575 535 535 V StorageManagerService: Package null does not have legacy storage
04-15 16:13:42.597 535 535 V StorageManagerService: Package null does not have legacy storage
04-15 16:13:42.613 535 535 V StorageManagerService: Package null does not have legacy storage
04-15 16:13:42.622 535 535 V StorageManagerService: Package null does not have legacy storage
04-15 16:13:42.626 535 535 V StorageManagerService: Package null does not have legacy storage
04-15 16:13:42.633 535 535 V StorageManagerService: Package null does not have legacy storage
04-15 16:13:42.635 535 535 V StorageManagerService: Package null does not have legacy storage
04-15 16:13:42.640 535 535 V StorageManagerService: Package null does not have legacy storage
04-15 16:13:42.642 535 535 V StorageManagerService: Package null does not have legacy storage
04-15 16:13:42.643 535 535 V StorageManagerService: Package null does not have legacy storage
04-15 16:13:42.649 535 535 V StorageManagerService: Package null does not have legacy storage
04-15 16:13:42.652 535 535 V StorageManagerService: Package null does not have legacy storage
04-15 16:13:42.657 535 535 V SystemServerTiming: Permission_syncPackages-0 took to complete: 223ms
04-15 16:13:42.658 535 535 V SystemServerTiming: Permission_synchronize_permissions-0 took to complete: 560ms
04-15 16:13:42.659 535 535 D SystemServerTiming: Permission_onInitialized-0
04-15 16:13:42.659 535 535 I PermissionManager: Permission ownership changed. Updating all permissions.
04-15 16:13:42.665 535 535 W PermissionManager: Package com.android.adservices.api is an APK in APEX, but has permission allowlist on the system image. Please bundle the allowlist in the com.android.adservices APEX instead.
04-15 16:13:42.913 0 0 I servicemanager: Notifying apexservice they don't (previously: do) have clients when we now have no record of a client
04-15 16:13:42.916 0 0 I AidlLazyServiceRegistrar: Process has 0 (of 1 available) client(s) in use after notification apexservice has clients: 0
04-15 16:13:42.921 0 0 I AidlLazyServiceRegistrar: Shutdown prevented by forcePersist override flag.
04-15 16:13:42.966 535 535 W PermissionManager: Package com.android.providers.media.module is an APK in APEX, but has permission allowlist on the system image. Please bundle the allowlist in the com.android.mediaprovider APEX instead.
04-15 16:13:42.969 535 535 W PermissionManager: Package com.android.providers.media.module is an APK in APEX, but has permission allowlist on the system image. Please bundle the allowlist in the com.android.mediaprovider APEX instead.
04-15 16:13:42.970 535 535 W PermissionManager: Package com.android.providers.media.module is an APK in APEX, but has permission allowlist on the system image. Please bundle the allowlist in the com.android.mediaprovider APEX instead.
04-15 16:13:42.971 535 535 W PermissionManager: Package com.android.providers.media.module is an APK in APEX, but has permission allowlist on the system image. Please bundle the allowlist in the com.android.mediaprovider APEX instead.
04-15 16:13:42.971 535 535 W PermissionManager: Package com.android.providers.media.module is an APK in APEX, but has permission allowlist on the system image. Please bundle the allowlist in the com.android.mediaprovider APEX instead.
04-15 16:13:42.973 535 535 W PermissionManager: Package com.android.providers.media.module is an APK in APEX, but has permission allowlist on the system image. Please bundle the allowlist in the com.android.mediaprovider APEX instead.
04-15 16:13:42.973 535 535 W PermissionManager: Package com.android.providers.media.module is an APK in APEX, but has permission allowlist on the system image. Please bundle the allowlist in the com.android.mediaprovider APEX instead.
04-15 16:13:42.974 535 535 W PermissionManager: Package com.android.providers.media.module is an APK in APEX, but has permission allowlist on the system image. Please bundle the allowlist in the com.android.mediaprovider APEX instead.
04-15 16:13:42.980 535 535 W PermissionManager: Package com.android.providers.media.module is an APK in APEX, but has permission allowlist on the system image. Please bundle the allowlist in the com.android.mediaprovider APEX instead.
04-15 16:13:42.981 535 535 W PermissionManager: Package com.android.providers.media.module is an APK in APEX, but has permission allowlist on the system image. Please bundle the allowlist in the com.android.mediaprovider APEX instead.
04-15 16:13:42.981 535 535 W PermissionManager: Package com.android.providers.media.module is an APK in APEX, but has permission allowlist on the system image. Please bundle the allowlist in the com.android.mediaprovider APEX instead.
04-15 16:13:42.982 535 535 W PermissionManager: Package com.android.providers.media.module is an APK in APEX, but has permission allowlist on the system image. Please bundle the allowlist in the com.android.mediaprovider APEX instead.
04-15 16:13:42.982 535 535 W PermissionManager: Package com.android.providers.media.module is an APK in APEX, but has permission allowlist on the system image. Please bundle the allowlist in the com.android.mediaprovider APEX instead.
04-15 16:13:43.054 535 535 V SystemServerTiming: Permission_onInitialized-0 took to complete: 395ms
04-15 16:13:43.055 535 535 W SystemServiceManager: Service com.android.server.policy.PermissionPolicyService took 13607 ms in onBootPhase
04-15 16:13:43.061 535 535 V SystemServerTiming: OnBootPhase_550_com.android.server.policy.PermissionPolicyService took to complete: 13613ms
04-15 16:13:43.061 535 535 D SystemServerTiming: OnBootPhase_550_com.android.server.pm.StagingManager$Lifecycle
04-15 16:13:43.062 535 535 V SystemServerTiming: OnBootPhase_550_com.android.server.pm.StagingManager$Lifecycle took to complete: 0ms
04-15 16:13:43.062 535 535 D SystemServerTiming: OnBootPhase_550_com.android.server.app.GameManagerService$Lifecycle
04-15 16:13:43.062 535 535 V SystemServerTiming: OnBootPhase_550_com.android.server.app.GameManagerService$Lifecycle took to complete: 0ms
04-15 16:13:43.062 535 535 D SystemServerTiming: OnBootPhase_550_com.android.safetycenter.SafetyCenterService
04-15 16:13:43.063 535 535 V SystemServerTiming: OnBootPhase_550_com.android.safetycenter.SafetyCenterService took to complete: 0ms
04-15 16:13:43.063 535 535 D SystemServerTiming: OnBootPhase_550_com.android.server.appsearch.AppSearchModule$Lifecycle
04-15 16:13:43.063 535 535 V SystemServerTiming: OnBootPhase_550_com.android.server.appsearch.AppSearchModule$Lifecycle took to complete: 0ms
04-15 16:13:43.068 535 535 D SystemServerTiming: OnBootPhase_550_com.android.server.media.MediaCommunicationService
04-15 16:13:43.069 535 535 V SystemServerTiming: OnBootPhase_550_com.android.server.media.MediaCommunicationService took to complete: 0ms
04-15 16:13:43.069 535 535 D SystemServerTiming: OnBootPhase_550_com.android.server.compat.overrides.AppCompatOverridesService$Lifecycle
04-15 16:13:43.069 535 535 V SystemServerTiming: OnBootPhase_550_com.android.server.compat.overrides.AppCompatOverridesService$Lifecycle took to complete: 0ms
04-15 16:13:43.069 535 535 D SystemServerTiming: OnBootPhase_550_com.android.server.healthconnect.HealthConnectManagerService
04-15 16:13:43.070 535 535 V SystemServerTiming: OnBootPhase_550_com.android.server.healthconnect.HealthConnectManagerService took to complete: 0ms
04-15 16:13:43.070 535 535 V SystemServerTiming: OnBootPhase_550 took to complete: 14780ms
04-15 16:13:43.070 535 535 V SystemServerTiming: StartActivityManagerReadyPhase took to complete: 14780ms
04-15 16:13:43.071 535 535 D SystemServerTiming: StartObservingNativeCrashes
04-15 16:13:43.077 535 535 V SystemServerTiming: StartObservingNativeCrashes took to complete: 6ms
04-15 16:13:43.077 535 535 D SystemServerTiming: RegisterAppOpsPolicy
04-15 16:13:43.087 535 535 V SystemServerTiming: RegisterAppOpsPolicy took to complete: 9ms
04-15 16:13:43.092 535 557 W Looper : Slow delivery took 222ms android.fg h=android.os.Handler c= m=0
04-15 16:13:43.093 535 535 D SystemServerTiming: MakeNetworkManagementServiceReady
04-15 16:13:43.093 535 535 W NetworkManagement: setDataSaverMode(): already false
04-15 16:13:43.095 328 328 I netd : firewallSetFirewallType(1) <0.08ms>
04-15 16:13:43.097 535 605 D SystemServerTimingAsync: InitThreadPoolExec:WebViewFactoryPreparation
04-15 16:13:43.098 535 605 D SystemServerInitThreadPool: Started executing WebViewFactoryPreparation
04-15 16:13:43.098 535 605 I SystemServer: WebViewFactoryPreparation
04-15 16:13:43.098 535 605 D SystemServerTimingAsync: WebViewFactoryPreparation
04-15 16:13:43.103 535 535 V SystemServerTiming: MakeNetworkManagementServiceReady took to complete: 10ms
04-15 16:13:43.103 535 535 D SystemServerTiming: MakeConnectivityServiceReady
04-15 16:13:43.110 535 818 D PermissionMonitor: Monitoring
04-15 16:13:43.117 535 574 W BatteryExternalStatsWorker: error reading modem stats:ERROR_PHONE_NOT_AVAILABLE
04-15 16:13:43.138 328 328 I netd : registerUnsolicitedEventListener() <22.12ms>
04-15 16:13:43.173 535 605 E AppOps : Bad call made by uid 1000. Package "android" does not belong to uid 1037.
04-15 16:13:43.197 535 605 E AppOps : Cannot checkOperation
04-15 16:13:43.197 535 605 E AppOps : java.lang.SecurityException: Specified package "android" under uid 1037 but it is not
04-15 16:13:43.197 535 605 E AppOps : at com.android.server.appop.AppOpsService.verifyAndGetBypass(AppOpsService.java:3886)
04-15 16:13:43.197 535 605 E AppOps : at com.android.server.appop.AppOpsService.verifyAndGetBypass(AppOpsService.java:3746)
04-15 16:13:43.197 535 605 E AppOps : at com.android.server.appop.AppOpsService.verifyAndGetBypass(AppOpsService.java:3738)
04-15 16:13:43.197 535 605 E AppOps : at com.android.server.appop.AppOpsService.checkOperationUnchecked(AppOpsService.java:2417)
04-15 16:13:43.197 535 605 E AppOps : at com.android.server.appop.AppOpsService.checkOperationImpl(AppOpsService.java:2400)
04-15 16:13:43.197 535 605 E AppOps : at com.android.server.appop.AppOpsService.-$$Nest$mcheckOperationImpl(AppOpsService.java:0)
04-15 16:13:43.197 535 605 E AppOps : at com.android.server.appop.AppOpsService$CheckOpsDelegateDispatcher.$r8$lambda$fx57Sum-uA3sXo7NCFwrI3iq4WM(AppOpsService.java:0)
04-15 16:13:43.197 535 605 E AppOps : at com.android.server.appop.AppOpsService$CheckOpsDelegateDispatcher$$ExternalSyntheticLambda9.apply(R8$$SyntheticClass:0)
04-15 16:13:43.197 535 605 E AppOps : at com.android.server.policy.AppOpsPolicy.checkOperation(AppOpsPolicy.java:221)
04-15 16:13:43.197 535 605 E AppOps : at com.android.server.appop.AppOpsService$CheckOpsDelegateDispatcher.checkOperation(AppOpsService.java:6389)
04-15 16:13:43.197 535 605 E AppOps : at com.android.server.appop.AppOpsService.checkOperation(AppOpsService.java:2385)
04-15 16:13:43.197 535 605 E AppOps : at com.android.server.StorageManagerService$StorageManagerInternalImpl.hasExternalStorageAccess(StorageManagerService.java:4717)
04-15 16:13:43.197 535 605 E AppOps : at com.android.server.am.ProcessList.startProcessLocked(ProcessList.java:1778)
04-15 16:13:43.197 535 605 E AppOps : at com.android.server.am.ProcessList.startProcessLocked(ProcessList.java:2483)
04-15 16:13:43.197 535 605 E AppOps : at com.android.server.am.ProcessList.startProcessLocked(ProcessList.java:2628)
04-15 16:13:43.197 535 605 E AppOps : at com.android.server.am.ActivityManagerService.startIsolatedProcess(ActivityManagerService.java:2894)
04-15 16:13:43.197 535 605 E AppOps : at com.android.server.am.ActivityManagerService$LocalService.startIsolatedProcess(ActivityManagerService.java:17372)
04-15 16:13:43.197 535 605 E AppOps : at android.webkit.WebViewLibraryLoader.createRelroFile(WebViewLibraryLoader.java:126)
04-15 16:13:43.197 535 605 E AppOps : at android.webkit.WebViewLibraryLoader.createRelros(WebViewLibraryLoader.java:170)
04-15 16:13:43.197 535 605 E AppOps : at android.webkit.WebViewLibraryLoader.prepareNativeLibraries(WebViewLibraryLoader.java:152)
04-15 16:13:43.197 535 605 E AppOps : at android.webkit.WebViewFactory.onWebViewProviderChanged(WebViewFactory.java:555)
04-15 16:13:43.197 535 605 E AppOps : at com.android.server.webkit.SystemImpl.onWebViewProviderChanged(SystemImpl.java:174)
04-15 16:13:43.197 535 605 E AppOps : at com.android.server.webkit.WebViewUpdateServiceImpl.onWebViewProviderChanged(WebViewUpdateServiceImpl.java:351)
04-15 16:13:43.197 535 605 E AppOps : at com.android.server.webkit.WebViewUpdateServiceImpl.prepareWebViewInSystemServer(WebViewUpdateServiceImpl.java:182)
04-15 16:13:43.197 535 605 E AppOps : at com.android.server.webkit.WebViewUpdateService.prepareWebViewInSystemServer(WebViewUpdateService.java:129)
04-15 16:13:43.197 535 605 E AppOps : at com.android.server.SystemServer.lambda$startOtherServices$4(SystemServer.java:2919)
04-15 16:13:43.197 535 605 E AppOps : at com.android.server.SystemServer.$r8$lambda$t1R-mpe1gQ3l_T3UqaEuPqwZT88(SystemServer.java:0)
04-15 16:13:43.197 535 605 E AppOps : at com.android.server.SystemServer$$ExternalSyntheticLambda7.run(R8$$SyntheticClass:0)
04-15 16:13:43.197 535 605 E AppOps : at com.android.server.SystemServerInitThreadPool.lambda$submitTask$0(SystemServerInitThreadPool.java:107)
04-15 16:13:43.197 535 605 E AppOps : at com.android.server.SystemServerInitThreadPool.$r8$lambda$iar571g8isa6ZrPZMHj1USmyX48(SystemServerInitThreadPool.java:0)
04-15 16:13:43.197 535 605 E AppOps : at com.android.server.SystemServerInitThreadPool$$ExternalSyntheticLambda1.run(R8$$SyntheticClass:0)
04-15 16:13:43.197 535 605 E AppOps : at java.util.concurrent.Executors$RunnableAdapter.call(Executors.java:487)
04-15 16:13:43.197 535 605 E AppOps : at java.util.concurrent.FutureTask.run(FutureTask.java:264)
04-15 16:13:43.197 535 605 E AppOps : at java.util.concurrent.ThreadPoolExecutor.runWorker(ThreadPoolExecutor.java:1145)
04-15 16:13:43.197 535 605 E AppOps : at java.util.concurrent.ThreadPoolExecutor$Worker.run(ThreadPoolExecutor.java:644)
04-15 16:13:43.197 535 605 E AppOps : at com.android.internal.util.ConcurrentUtils$1$1.run(ConcurrentUtils.java:65)
04-15 16:13:43.210 535 605 D CompatibilityChangeReporter: Compat change id reported: 135634846; UID 1000; state: DISABLED
04-15 16:13:43.211 535 605 D CompatibilityChangeReporter: Compat change id reported: 177438394; UID 1000; state: DISABLED
04-15 16:13:43.218 535 605 D CompatibilityChangeReporter: Compat change id reported: 135772972; UID 1000; state: DISABLED
04-15 16:13:43.219 535 605 D CompatibilityChangeReporter: Compat change id reported: 178038272; UID 1000; state: DISABLED
04-15 16:13:43.222 535 568 W ActivityManager: Slow operation: 64ms so far, now at startProcess: asking zygote to start proc
04-15 16:13:43.223 535 568 W ActivityManager: com.android.emulator.multidisplay inode == 0 (b/152760674)
04-15 16:13:43.225 535 605 W ActivityManager: Slow operation: 81ms so far, now at startProcess: done starting proc!
04-15 16:13:43.227 535 605 V SystemServerTimingAsync: WebViewFactoryPreparation took to complete: 128ms
04-15 16:13:43.246 329 329 D Zygote : Forked child process 1033
04-15 16:13:43.250 535 568 W ActivityManager: Slow operation: 91ms so far, now at startProcess: returned from zygote!
04-15 16:13:43.257 535 568 W ActivityManager: Slow operation: 99ms so far, now at startProcess: done updating battery stats
04-15 16:13:43.258 535 568 W ActivityManager: Slow operation: 100ms so far, now at startProcess: building log message
04-15 16:13:43.259 535 568 I ActivityManager: Start proc 1033:WebViewLoader-x86_64/1037 [android.webkit.WebViewLibraryLoader$RelroFileCreator] for
04-15 16:13:43.259 535 568 W ActivityManager: Slow operation: 101ms so far, now at startProcess: starting to update pids map
04-15 16:13:43.264 535 568 W ActivityManager: Slow operation: 106ms so far, now at startProcess: done updating pids map
04-15 16:13:43.281 535 605 D SystemServerInitThreadPool: Finished executing WebViewFactoryPreparation
04-15 16:13:43.282 535 605 V SystemServerTimingAsync: InitThreadPoolExec:WebViewFactoryPreparation took to complete: 184ms
04-15 16:13:43.284 535 968 D BufferPoolAccessor2.0: bufferpool2 0x78a4def465c8 : 0(0 size) total buffers - 0(0 size) used buffers - 2/7 (recycle/alloc) - 5/26 (fetch/transfer)
04-15 16:13:43.284 535 968 D BufferPoolAccessor2.0: bufferpool2 0x78a4def450f8 : 0(0 size) total buffers - 0(0 size) used buffers - 2/7 (recycle/alloc) - 5/24 (fetch/transfer)
04-15 16:13:43.284 535 968 D BufferPoolAccessor2.0: evictor expired: 2, evicted: 2
04-15 16:13:43.287 535 809 W NetworkPolicy: setRestrictBackgroundUL: already false
04-15 16:13:43.309 535 557 W Looper : Slow dispatch took 103ms android.fg h=android.os.Handler c= m=0
04-15 16:13:43.368 459 891 D BufferPoolAccessor2.0: bufferpool2 0x73554d7a3a98 : 0(0 size) total buffers - 0(0 size) used buffers - 9/10 (recycle/alloc) - 1/9 (fetch/transfer)
04-15 16:13:43.369 459 891 D BufferPoolAccessor2.0: evictor expired: 1, evicted: 1
04-15 16:13:43.389 1033 1033 I WebViewLoader-x: Using CollectorTypeCC GC.
04-15 16:13:43.404 1033 1033 W WebViewLoader-x: Unexpected CPU variant for x86: x86_64.
04-15 16:13:43.404 1033 1033 W WebViewLoader-x: Known variants: atom, sandybridge, silvermont, goldmont, goldmont-plus, tremont, kabylake, default
04-15 16:13:43.434 1033 1033 E WebViewLoader-x: Not starting debugger since process cannot load the jdwp agent.
04-15 16:13:43.471 535 809 W BestClock: java.time.DateTimeException: Missing network time fix
04-15 16:13:43.505 328 328 I netd : networkSetPermissionForUser(1, [1002, 10093, 10117, 20093, 20117]) <0.19ms>
04-15 16:13:43.511 535 809 D NetworkStatsObservers: Registering observer for RequestInfo from pid/uid:535/1000(android) for DataUsageRequest [ requestId=1, networkTemplate=NetworkTemplate: matchRule=MOBILE, matchSubscriberIds=[], matchWifiNetworkKeys=[], thresholdInBytes=0 ] accessLevel:3
04-15 16:13:43.537 328 328 I netd : networkSetPermissionForUser(2, [1000, 1001, 1073, 2000, 10065, 10079, 10084, 10095, 10097, 10099, 10103, 10108, 20065, 20079, 20084, 20095, 20097, 20099, 20103, 20108]) <0.10ms>
04-15 16:13:43.538 535 809 D NetworkStatsObservers: Registering observer for RequestInfo from pid/uid:535/1000(android) for DataUsageRequest [ requestId=2, networkTemplate=NetworkTemplate: matchRule=WIFI, matchSubscriberIds=[], matchWifiNetworkKeys=[], thresholdInBytes=0 ] accessLevel:3
04-15 16:13:43.581 535 807 W BestClock: java.time.DateTimeException: Missing network time fix
04-15 16:13:43.596 535 557 W Looper : Drained
04-15 16:13:43.605 328 328 I netd : tetherGetStats() -> {[]} <3.33ms>
04-15 16:13:43.613 535 807 W BestClock: java.time.DateTimeException: Missing network time fix
04-15 16:13:43.655 535 807 W BestClock: java.time.DateTimeException: Missing network time fix
04-15 16:13:43.703 328 328 I netd : tetherGetStats() -> {[]} <8.60ms>
04-15 16:13:43.727 535 551 D GameManagerService: User ID '0' does not have a Game Mode selected for package: 'android'
04-15 16:13:43.741 535 551 D CompatibilityChangeReporter: Compat change id reported: 168419799; UID 1000; state: DISABLED
04-15 16:13:43.749 535 807 W BestClock: java.time.DateTimeException: Missing network time fix
04-15 16:13:43.753 535 551 D CompatibilityChangeReporter: Compat change id reported: 273564678; UID 1000; state: DISABLED
04-15 16:13:43.816 535 551 W ActivityManager: Slow operation: 59ms so far, now at finishAttachApplicationInner: after updateOomAdjLocked
04-15 16:13:43.829 535 807 W BroadcastLoopers: Found previously unknown looper Thread[NetworkStats,5,main]
04-15 16:13:43.849 1033 1033 V WebViewLibraryLoader: RelroFileCreator (64bit = true), package: com.android.webview library: libwebviewchromium.so
04-15 16:13:43.886 535 818 D PermissionMonitor: Users: 1, UidToNetworkPerm: 25
04-15 16:13:43.889 535 809 W system_server: Long monitor contention with owner ConnectivityServiceThread (818) at void android.net.connectivity.com.android.server.connectivity.PermissionMonitor.onUserAdded(android.os.UserHandle)(PermissionMonitor.java:608) waiters=0 in boolean android.net.connectivity.com.android.server.connectivity.PermissionMonitor.hasUseBackgroundNetworksPermission(int) for 330ms
04-15 16:13:43.891 535 535 V SystemServerTiming: MakeConnectivityServiceReady took to complete: 787ms
04-15 16:13:43.891 535 535 D SystemServerTiming: MakeVpnManagerServiceReady
04-15 16:13:43.906 535 818 D ConnectivityService: NetReassign [no changes] [c 0] [a 0] [i 1]
04-15 16:13:43.907 535 818 D ConnectivityService: NetReassign [no changes] [c 0] [a 0] [i 0]
04-15 16:13:43.940 535 551 W PackageManager: Invalid dex load report. loadingPackageName=null, uid=1037
04-15 16:13:43.946 1033 1033 D nativeloader: InitLlndkLibrariesProduct: libEGL.so:libGLESv1_CM.so:libGLESv2.so:libGLESv3.so:libRS.so:libandroid_net.so:libbinder_ndk.so:libc.so:libcgrouprc.so:libclang_rt.asan-x86_64-android.so:libcom.android.tethering.connectivity_native.so:libdl.so:libft2.so:liblog.so:libm.so:libmediandk.so:libnativewindow.so:libneuralnetworks.so:libselinux.so:libsync.so:libvndksupport.so:libvulkan.so
04-15 16:13:43.956 1033 1033 D nativeloader: Configuring product-clns-6 for unbundled product apk /product/app/webview/webview.apk. target_sdk_version=34, uses_libraries=, library_path=/product/app/webview/lib/x86_64:/product/app/webview/webview.apk!/lib/x86_64:/product/lib64:/system/product/lib64, permitted_path=/data:/mnt/expand:/product/lib64:/system/product/lib64
04-15 16:13:43.977 1033 1033 D nativeloader: InitVndkspLibrariesProduct: android.hardware.common-V2-ndk.so:android.hardware.common.fmq-V1-ndk.so:android.hardware.graphics.allocator-V2-ndk.so:android.hardware.graphics.common-V4-ndk.so:android.hardware.graphics.common@1.0.so:android.hardware.graphics.common@1.1.so:android.hardware.graphics.common@1.2.so:android.hardware.graphics.composer3-V1-ndk.so:android.hardware.graphics.mapper@2.0.so:android.hardware.graphics.mapper@2.1.so:android.hardware.graphics.mapper@3.0.so:android.hardware.graphics.mapper@4.0.so:android.hardware.renderscript@1.0.so:android.hidl.memory.token@1.0.so:android.hidl.memory@1.0-impl.so:android.hidl.memory@1.0.so:android.hidl.safe_union@1.0.so:libRSCpuRef.so:libRSDriver.so:libRS_internal.so:libbase.so:libbcinfo.so:libblas.so:libc++.so:libcompiler_rt.so:libcutils.so:libdmabufheap.so:libgralloctypes.so:libhardware.so:libhidlbase.so:libhidlmemory.so:libion.so:libjsoncpp.so:liblzma.so:libprocessgroup.so:libunwindstack.so:libutils.so:libutilscallstack.so:libz.so
04-15 16:13:44.069 535 535 V SystemServerTiming: MakeVpnManagerServiceReady took to complete: 172ms
04-15 16:13:44.070 535 535 D SystemServerTiming: MakeVcnManagementServiceReady
04-15 16:13:44.083 535 818 D ConnectivityService: Got NetworkProvider Messenger for VcnNetworkProvider
04-15 16:13:44.107 535 818 D ConnectivityService: register offer from providerId 1 : NetworkOffer [ Provider Id (1) Score(Policies : TRANSPORT_PRIMARY&EVER_EVALUATED&IS_UNMETERED&EVER_VALIDATED&IS_VALIDATED ; KeepConnected : 0) Caps [ Transports: CELLULAR Capabilities: MMS&SUPL&DUN&FOTA&IMS&CBS&IA&RCS&XCAP&EIMS&INTERNET&NOT_RESTRICTED&TRUSTED&NOT_VPN&MCX&NOT_VCN_MANAGED UnderlyingNetworks: Null] Needed by []]
04-15 16:13:44.131 535 1006 D CompatibilityChangeReporter: Compat change id reported: 135634846; UID 10101; state: DISABLED
04-15 16:13:44.138 1033 1033 I WebViewLoader-x: System.exit called, status: 0
04-15 16:13:44.138 1033 1033 I AndroidRuntime: VM exiting with result code 0, cleanup skipped.
04-15 16:13:44.149 535 818 D ConnectivityService: NetReassign [no changes] [c 0] [a 0] [i 0]
04-15 16:13:44.166 535 535 D CompatibilityChangeReporter: Compat change id reported: 182478738; UID 1000; state: ENABLED
04-15 16:13:44.206 535 824 I VcnManagementService: new snapshot: TelephonySubscriptionSnapshot{ mActiveDataSubId=-1, mSubIdToInfoMap={}, mSubIdToCarrierConfigMap={}, mPrivilegedPackages={} }
04-15 16:13:44.214 535 535 V SystemServerTiming: MakeVcnManagementServiceReady took to complete: 143ms
04-15 16:13:44.218 535 1006 D CompatibilityChangeReporter: Compat change id reported: 177438394; UID 10101; state: DISABLED
04-15 16:13:44.219 535 1006 D CompatibilityChangeReporter: Compat change id reported: 135772972; UID 10101; state: DISABLED
04-15 16:13:44.219 535 1006 D CompatibilityChangeReporter: Compat change id reported: 135754954; UID 10101; state: ENABLED
04-15 16:13:44.223 535 535 D SystemServerTiming: MakeNetworkPolicyServiceReady
04-15 16:13:44.229 535 818 D ConnectivityService: NetReassign [no changes] [c 0] [a 0] [i 0]
04-15 16:13:44.249 535 535 V SystemServerTiming: MakeNetworkPolicyServiceReady took to complete: 19ms
04-15 16:13:44.251 535 535 D SystemServerTiming: PhaseThirdPartyAppsCanStart
04-15 16:13:44.252 535 535 I SystemServiceManager: Starting phase 600
