04-15 16:11:15.408 0 0 D LibBpfLoader: cs[0].name:tracepoint_gpu_mem_gpu_mem_total min_kver:0 .max_kver:ffffffff (kvers:6010017)
04-15 16:11:15.408 0 0 D LibBpfLoader: cs[0].name:tracepoint_gpu_mem_gpu_mem_total requires bpfloader version [0x0001c,0x10000)
04-15 16:11:15.413 0 0 D LibBpfLoader: bpf_prog_load lib call for /system/etc/bpf/gpuMem.o (tracepoint_gpu_mem_gpu_mem_total) returned fd: 7 (no error)
04-15 16:11:15.414 0 0 I LibBpfLoader: prog /sys/fs/bpf/prog_gpuMem_tracepoint_gpu_mem_gpu_mem_total id 30
04-15 16:11:15.414 0 0 I bpfloader: Loaded object: /system/etc/bpf/gpuMem.o
04-15 16:11:15.417 0 0 D LibBpfLoader: Loading optional ELF object /system/etc/bpf/timeInState.o with license GPL
04-15 16:11:15.417 0 0 I LibBpfLoader: Section bpfloader_min_ver value is 28 [0x1c]
04-15 16:11:15.418 0 0 I LibBpfLoader: Section bpfloader_max_ver value is 65536 [0x10000]
04-15 16:11:15.418 0 0 D LibBpfLoader: Couldn't find section bpfloader_min_required_ver (defaulting to 0 [0x0]).
04-15 16:11:15.418 0 0 I LibBpfLoader: Section size_of_bpf_map_def value is 120 [0x78]
04-15 16:11:15.419 0 0 I LibBpfLoader: Section size_of_bpf_prog_def value is 92 [0x5c]
04-15 16:11:15.419 0 0 I LibBpfLoader: BpfLoader version 0x00026 processing ELF object /system/etc/bpf/timeInState.o with ver [0x0001c,0x10000)
04-15 16:11:15.426 0 0 D LibBpfLoader: Loaded code section 3 (tracepoint_sched_sched_switch)
04-15 16:11:15.428 0 0 D LibBpfLoader: Loaded relo section 3 (.reltracepoint/sched/sched_switch)
04-15 16:11:15.428 0 0 D LibBpfLoader: Adding section 3 to cs list
04-15 16:11:15.428 0 0 D LibBpfLoader: Loaded code section 5 (tracepoint_power_cpu_frequency)
04-15 16:11:15.430 0 0 D LibBpfLoader: Loaded relo section 5 (.reltracepoint/power/cpu_frequency)
04-15 16:11:15.430 0 0 D LibBpfLoader: Adding section 5 to cs list
04-15 16:11:15.431 0 0 D LibBpfLoader: Loaded code section 7 (tracepoint_sched_sched_process_free)
04-15 16:11:15.433 0 0 D LibBpfLoader: Loaded relo section 7 (.reltracepoint/sched/sched_process_free)
04-15 16:11:15.433 0 0 D LibBpfLoader: Adding section 7 to cs list
04-15 16:11:15.443 0 0 D LibBpfLoader: Couldn't find section btf_min_bpfloader_ver (defaulting to 0 [0x0]).
04-15 16:11:15.443 0 0 D LibBpfLoader: Couldn't find section btf_min_kernel_ver (defaulting to 0 [0x0]).
04-15 16:11:15.507 0 0 D LibBpfLoader: bpf_create_map name total_time_in_state_map, ret: 6
04-15 16:11:15.507 0 0 I LibBpfLoader: map /sys/fs/bpf/map_timeInState_total_time_in_state_map id 33
04-15 16:11:15.511 0 0 D LibBpfLoader: bpf_create_map name uid_time_in_state_map, ret: 8
04-15 16:11:15.511 0 0 I LibBpfLoader: map /sys/fs/bpf/map_timeInState_uid_time_in_state_map id 34
04-15 16:11:15.515 0 0 D LibBpfLoader: bpf_create_map name uid_concurrent_times_map, ret: 9
04-15 16:11:15.515 0 0 I LibBpfLoader: map /sys/fs/bpf/map_timeInState_uid_concurrent_times_map id 35
04-15 16:11:15.515 0 0 D LibBpfLoader: bpf_create_map name uid_last_update_map, ret: 10
04-15 16:11:15.516 0 0 I LibBpfLoader: map /sys/fs/bpf/map_timeInState_uid_last_update_map id 36
04-15 16:11:15.516 0 0 D LibBpfLoader: bpf_create_map name cpu_last_update_map, ret: 11
04-15 16:11:15.516 0 0 I LibBpfLoader: map /sys/fs/bpf/map_timeInState_cpu_last_update_map id 37
04-15 16:11:15.516 0 0 D LibBpfLoader: bpf_create_map name cpu_last_pid_map, ret: 12
04-15 16:11:15.516 0 0 I LibBpfLoader: map /sys/fs/bpf/map_timeInState_cpu_last_pid_map id 38
04-15 16:11:15.517 0 0 D LibBpfLoader: bpf_create_map name cpu_policy_map, ret: 13
04-15 16:11:15.517 0 0 I LibBpfLoader: map /sys/fs/bpf/map_timeInState_cpu_policy_map id 39
04-15 16:11:15.517 0 0 D LibBpfLoader: bpf_create_map name policy_freq_idx_map, ret: 14
04-15 16:11:15.517 0 0 I LibBpfLoader: map /sys/fs/bpf/map_timeInState_policy_freq_idx_map id 40
04-15 16:11:15.518 0 0 D LibBpfLoader: bpf_create_map name freq_to_idx_map, ret: 15
04-15 16:11:15.518 0 0 I LibBpfLoader: map /sys/fs/bpf/map_timeInState_freq_to_idx_map id 41
04-15 16:11:15.518 0 0 D LibBpfLoader: bpf_create_map name nr_active_map, ret: 16
04-15 16:11:15.518 0 0 I LibBpfLoader: map /sys/fs/bpf/map_timeInState_nr_active_map id 42
04-15 16:11:15.518 0 0 D LibBpfLoader: bpf_create_map name policy_nr_active_map, ret: 17
04-15 16:11:15.519 0 0 I LibBpfLoader: map /sys/fs/bpf/map_timeInState_policy_nr_active_map id 43
04-15 16:11:15.519 0 0 D LibBpfLoader: bpf_create_map name pid_tracked_hash_map, ret: 18
04-15 16:11:15.519 0 0 I LibBpfLoader: map /sys/fs/bpf/map_timeInState_pid_tracked_hash_map id 44
04-15 16:11:15.519 0 0 D LibBpfLoader: bpf_create_map name pid_tracked_map, ret: 19
04-15 16:11:15.519 0 0 I LibBpfLoader: map /sys/fs/bpf/map_timeInState_pid_tracked_map id 45
04-15 16:11:15.520 0 0 D LibBpfLoader: bpf_create_map name pid_task_aggregation_map, ret: 20
04-15 16:11:15.520 0 0 I LibBpfLoader: map /sys/fs/bpf/map_timeInState_pid_task_aggregation_map id 46
04-15 16:11:15.523 0 0 D LibBpfLoader: bpf_create_map name pid_time_in_state_map, ret: 21
04-15 16:11:15.524 0 0 I LibBpfLoader: map /sys/fs/bpf/map_timeInState_pid_time_in_state_map id 47
04-15 16:11:15.524 0 0 D LibBpfLoader: map_fd found at 0 is 6 in /system/etc/bpf/timeInState.o
04-15 16:11:15.524 0 0 D LibBpfLoader: map_fd found at 1 is 8 in /system/etc/bpf/timeInState.o
04-15 16:11:15.524 0 0 D LibBpfLoader: map_fd found at 2 is 9 in /system/etc/bpf/timeInState.o
04-15 16:11:15.524 0 0 D LibBpfLoader: map_fd found at 3 is 10 in /system/etc/bpf/timeInState.o
04-15 16:11:15.524 0 0 D LibBpfLoader: map_fd found at 4 is 11 in /system/etc/bpf/timeInState.o
04-15 16:11:15.524 0 0 D LibBpfLoader: map_fd found at 5 is 12 in /system/etc/bpf/timeInState.o
04-15 16:11:15.524 0 0 D LibBpfLoader: map_fd found at 6 is 13 in /system/etc/bpf/timeInState.o
04-15 16:11:15.524 0 0 D LibBpfLoader: map_fd found at 7 is 14 in /system/etc/bpf/timeInState.o
04-15 16:11:15.524 0 0 D LibBpfLoader: map_fd found at 8 is 15 in /system/etc/bpf/timeInState.o
04-15 16:11:15.524 0 0 D LibBpfLoader: map_fd found at 9 is 16 in /system/etc/bpf/timeInState.o
04-15 16:11:15.524 0 0 D LibBpfLoader: map_fd found at 10 is 17 in /system/etc/bpf/timeInState.o
04-15 16:11:15.524 0 0 D LibBpfLoader: map_fd found at 11 is 18 in /system/etc/bpf/timeInState.o
04-15 16:11:15.524 0 0 D LibBpfLoader: map_fd found at 12 is 19 in /system/etc/bpf/timeInState.o
04-15 16:11:15.524 0 0 D LibBpfLoader: map_fd found at 13 is 20 in /system/etc/bpf/timeInState.o
04-15 16:11:15.524 0 0 D LibBpfLoader: map_fd found at 14 is 21 in /system/etc/bpf/timeInState.o
04-15 16:11:15.548 0 0 D LibBpfLoader: cs[0].name:tracepoint_sched_sched_switch min_kver:0 .max_kver:ffffffff (kvers:6010017)
04-15 16:11:15.548 0 0 D LibBpfLoader: cs[0].name:tracepoint_sched_sched_switch requires bpfloader version [0x0001c,0x10000)
04-15 16:11:15.561 0 0 D LibBpfLoader: bpf_prog_load lib call for /system/etc/bpf/timeInState.o (tracepoint_sched_sched_switch) returned fd: 7 (no error)
04-15 16:11:15.562 0 0 I LibBpfLoader: prog /sys/fs/bpf/prog_timeInState_tracepoint_sched_sched_switch id 31
04-15 16:11:15.562 0 0 D LibBpfLoader: cs[1].name:tracepoint_power_cpu_frequency min_kver:0 .max_kver:ffffffff (kvers:6010017)
04-15 16:11:15.562 0 0 D LibBpfLoader: cs[1].name:tracepoint_power_cpu_frequency requires bpfloader version [0x0001c,0x10000)
04-15 16:11:15.571 0 0 D LibBpfLoader: bpf_prog_load lib call for /system/etc/bpf/timeInState.o (tracepoint_power_cpu_frequency) returned fd: 22 (no error)
04-15 16:11:15.572 0 0 I LibBpfLoader: prog /sys/fs/bpf/prog_timeInState_tracepoint_power_cpu_frequency id 32
04-15 16:11:15.572 0 0 D LibBpfLoader: cs[2].name:tracepoint_sched_sched_process_free min_kver:0 .max_kver:ffffffff (kvers:6010017)
04-15 16:11:15.572 0 0 D LibBpfLoader: cs[2].name:tracepoint_sched_sched_process_free requires bpfloader version [0x0001c,0x10000)
04-15 16:11:15.589 0 0 D LibBpfLoader: bpf_prog_load lib call for /system/etc/bpf/timeInState.o (tracepoint_sched_sched_process_free) returned fd: 23 (no error)
04-15 16:11:15.590 0 0 I LibBpfLoader: prog /sys/fs/bpf/prog_timeInState_tracepoint_sched_sched_process_free id 33
04-15 16:11:15.591 0 0 I bpfloader: Loaded object: /system/etc/bpf/timeInState.o
04-15 16:11:15.593 0 0 D LibBpfLoader: Loading critical for BPF Ringbuf test ELF object /system/etc/bpf/bpfRingbufProg.o with license Apache 2.0
04-15 16:11:15.593 0 0 I LibBpfLoader: Section bpfloader_min_ver value is 28 [0x1c]
04-15 16:11:15.593 0 0 I LibBpfLoader: Section bpfloader_max_ver value is 65536 [0x10000]
04-15 16:11:15.594 0 0 D LibBpfLoader: Couldn't find section bpfloader_min_required_ver (defaulting to 0 [0x0]).
04-15 16:11:15.594 0 0 I LibBpfLoader: Section size_of_bpf_map_def value is 120 [0x78]
04-15 16:11:15.594 0 0 I LibBpfLoader: Section size_of_bpf_prog_def value is 92 [0x5c]
04-15 16:11:15.595 0 0 I LibBpfLoader: BpfLoader version 0x00026 processing ELF object /system/etc/bpf/bpfRingbufProg.o with ver [0x0001c,0x10000)
04-15 16:11:15.598 0 0 D LibBpfLoader: Loaded code section 3 (skfilter_ringbuf_test)
04-15 16:11:15.600 0 0 D LibBpfLoader: Loaded relo section 3 (.relskfilter/ringbuf_test)
04-15 16:11:15.600 0 0 D LibBpfLoader: Adding section 3 to cs list
04-15 16:11:15.604 0 0 D LibBpfLoader: Couldn't find section btf_min_bpfloader_ver (defaulting to 0 [0x0]).
04-15 16:11:15.604 0 0 D LibBpfLoader: Couldn't find section btf_min_kernel_ver (defaulting to 0 [0x0]).
04-15 16:11:15.605 0 0 D LibBpfLoader: bpf_create_map name test_ringbuf, ret: 6
04-15 16:11:15.605 0 0 I LibBpfLoader: map /sys/fs/bpf/map_bpfRingbufProg_test_ringbuf id 48
04-15 16:11:15.606 0 0 D LibBpfLoader: map_fd found at 0 is 6 in /system/etc/bpf/bpfRingbufProg.o
04-15 16:11:15.607 0 0 D LibBpfLoader: cs[0].name:skfilter_ringbuf_test min_kver:5080000 .max_kver:ffffffff (kvers:6010017)
04-15 16:11:15.607 0 0 D LibBpfLoader: cs[0].name:skfilter_ringbuf_test requires bpfloader version [0x0001c,0x10000)
04-15 16:11:15.613 0 0 D LibBpfLoader: bpf_prog_load lib call for /system/etc/bpf/bpfRingbufProg.o (skfilter_ringbuf_test) returned fd: 7 (no error)
04-15 16:11:15.614 0 0 I LibBpfLoader: prog /sys/fs/bpf/prog_bpfRingbufProg_skfilter_ringbuf_test id 34
04-15 16:11:15.614 0 0 I bpfloader: Loaded object: /system/etc/bpf/bpfRingbufProg.o
04-15 16:11:15.622 0 0 I init : Service 'bpfloader' (pid 317) exited with status 0 waiting took 1.985000 seconds
04-15 16:11:15.622 0 0 I init : Sending signal 9 to service 'bpfloader' (pid 317) process group...
04-15 16:11:15.623 0 0 I libprocessgroup: Successfully killed process cgroup uid 0 pid 317 in 0ms
04-15 16:11:15.626 0 0 I init : processing action (ro.crypto.state=encrypted && ro.crypto.type=file && zygote-start) from (/system/etc/init/hw/init.rc:1090)
04-15 16:11:15.626 0 0 I init : start_waiting_for_property("odsign.verification.done", "1"): already set
04-15 16:11:15.627 0 0 I init : starting service 'update_verifier_nonencrypted'...
04-15 16:11:15.656 0 0 I init : ... started service 'update_verifier_nonencrypted' has pid 326
04-15 16:11:15.656 0 0 I init : SVC_EXEC service 'update_verifier_nonencrypted' pid 326 (uid 0 gid 2001+1 context default) started; waiting...
04-15 16:11:15.754 0 0 I init : Service 'update_verifier_nonencrypted' (pid 326) exited with status 0 waiting took 0.122000 seconds
04-15 16:11:15.754 0 0 I init : Sending signal 9 to service 'update_verifier_nonencrypted' (pid 326) process group...
04-15 16:11:15.755 0 0 I libprocessgroup: Successfully killed process cgroup uid 0 pid 326 in 0ms
04-15 16:11:15.762 0 0 I init : starting service 'statsd'...
04-15 16:11:15.764 0 0 I init : Created socket '/dev/socket/statsdw', mode 222, user 1066, group 1066
04-15 16:11:15.800 0 0 I init : ... started service 'statsd' has pid 327
04-15 16:11:15.803 0 0 I init : starting service 'netd'...
04-15 16:11:15.804 0 0 I init : Created socket '/dev/socket/dnsproxyd', mode 660, user 0, group 3003
04-15 16:11:15.806 0 0 I init : Created socket '/dev/socket/mdns', mode 660, user 0, group 1000
04-15 16:11:15.807 0 0 I init : Created socket '/dev/socket/fwmarkd', mode 660, user 0, group 3003
04-15 16:11:15.849 0 0 I init : ... started service 'netd' has pid 328
04-15 16:11:15.851 0 0 I init : starting service 'zygote'...
04-15 16:11:15.859 0 0 I init : Created socket '/dev/socket/zygote', mode 660, user 0, group 1000
04-15 16:11:15.866 0 0 I init : Created socket '/dev/socket/usap_pool_primary', mode 660, user 0, group 1000
04-15 16:11:15.934 0 0 I init : ... started service 'zygote' has pid 329
04-15 16:11:15.934 0 0 I init : Command 'start zygote' action=ro.crypto.state=encrypted && ro.crypto.type=file && zygote-start (/system/etc/init/hw/init.rc:1096) took 84ms and succeeded
04-15 16:11:15.934 0 0 I init : Command 'start zygote_secondary' action=ro.crypto.state=encrypted && ro.crypto.type=file && zygote-start (/system/etc/init/hw/init.rc:1097) took 0ms and failed: service zygote_secondary not found
04-15 16:11:15.934 0 0 I init : processing action (zygote-start) from (/vendor/etc/init/hw/init.ranchu.rc:68)
04-15 16:11:15.957 0 0 I init : processing action (firmware_mounts_complete) from (/system/etc/init/hw/init.rc:528)
04-15 16:11:15.958 0 0 I init : processing action (early-boot) from (/system/etc/init/installd.rc:7)
04-15 16:11:16.119 0 0 I init : processing action (boot) from (/system/etc/init/hw/init.rc:1104)
04-15 16:11:16.175 0 0 I init : Command 'symlink /sys/fs/f2fs/${dev.mnt.dev.data} /dev/sys/fs/by-name/userdata' action=boot (/system/etc/init/hw/init.rc:1127) took 0ms and failed: property 'dev.mnt.dev.data' doesn't exist while expanding '/sys/fs/f2fs/${dev.mnt.dev.data}'
04-15 16:11:16.176 0 0 I init : Command 'symlink /sys/class/block/${dev.mnt.dev.data} /dev/sys/block/by-name/userdata' action=boot (/system/etc/init/hw/init.rc:1132) took 0ms and failed: property 'dev.mnt.dev.data' doesn't exist while expanding '/sys/class/block/${dev.mnt.dev.data}'
04-15 16:11:16.187 0 0 I init : Command 'symlink /sys/class/block/${dev.mnt.rootdisk.data} /dev/sys/block/by-name/rootdisk' action=boot (/system/etc/init/hw/init.rc:1133) took 0ms and failed: property 'dev.mnt.rootdisk.data' doesn't exist while expanding '/sys/class/block/${dev.mnt.rootdisk.data}'
04-15 16:11:16.240 0 0 I init : starting service 'hidl_memory'...
04-15 16:11:16.319 0 0 I init : ... started service 'hidl_memory' has pid 330
04-15 16:11:16.320 0 0 I init : starting service 'vendor.audio-hal'...
04-15 16:11:16.438 0 0 I init : ... started service 'vendor.audio-hal' has pid 331
04-15 16:11:16.439 0 0 I init : starting service 'vendor.authsecret_default'...
04-15 16:11:16.587 0 0 I init : ... started service 'vendor.authsecret_default' has pid 333
04-15 16:11:16.588 0 0 I init : starting service 'vendor.camera-provider-ranchu'...
04-15 16:11:16.616 0 0 I init : ... started service 'vendor.camera-provider-ranchu' has pid 336
04-15 16:11:16.620 0 0 I init : starting service 'vendor.camera-provider-2-7-google'...
04-15 16:11:16.750 0 0 I init : ... started service 'vendor.camera-provider-2-7-google' has pid 337
04-15 16:11:16.751 0 0 I init : starting service 'vendor.gatekeeper-1-0'...
04-15 16:11:16.817 327 327 I ServiceManagerCppClient: Waiting for service 'statscompanion' on '/dev/binder'...
04-15 16:11:16.864 0 0 I init : ... started service 'vendor.gatekeeper-1-0' has pid 338
04-15 16:11:16.983 0 0 I init : starting service 'vendor.gralloc-3-0'...
04-15 16:11:17.147 328 328 I netdClient: Skipping libnetd_client init since *we* are netd
04-15 16:11:17.257 0 0 I init : ... started service 'vendor.gralloc-3-0' has pid 339
04-15 16:11:17.259 0 0 I init : starting service 'vendor.health-default'...
04-15 16:11:17.291 330 330 I HidlServiceManagement: Registered android.hidl.allocator@1.0::IAllocator/ashmem
04-15 16:11:17.462 330 330 I HidlServiceManagement: Removing namespace from process name android.hidl.allocator@1.0-service to allocator@1.0-service.
04-15 16:11:17.710 0 0 I init : ... started service 'vendor.health-default' has pid 340
04-15 16:11:17.711 0 0 I init : starting service 'android-hardware-media-c2-goldfish-hal-1-0'...
04-15 16:11:17.958 0 0 I init : ... started service 'android-hardware-media-c2-goldfish-hal-1-0' has pid 341
04-15 16:11:17.960 0 0 I init : starting service 'neuralnetworks_hal_service_aidl_sample_all'...
04-15 16:11:18.051 328 328 I netd : netd 1.0 starting
04-15 16:11:18.137 328 328 I netd : Pid file removed
04-15 16:11:18.138 328 328 I netd : SIGPIPE is blocked
04-15 16:11:18.138 328 328 I netd : setCloseOnExec(dnsproxyd)
04-15 16:11:18.138 328 328 I netd : setCloseOnExec(fwmarkd)
04-15 16:11:18.139 328 328 I netd : setCloseOnExec(mdns)
04-15 16:11:18.205 0 0 I init : ... started service 'neuralnetworks_hal_service_aidl_sample_all' has pid 342
04-15 16:11:18.206 0 0 I init : starting service 'neuralnetworks_hal_service_aidl_sample_limited'...
04-15 16:11:18.234 328 328 I NetdUpdatable: libnetd_updatable_init: Initializing
04-15 16:11:18.235 328 328 I BpfHandler: BPF programs are loaded
04-15 16:11:18.359 328 328 I BpfHandler: initMaps successfully
04-15 16:11:18.359 328 328 I netd : libnetd_updatable_init success
04-15 16:11:18.374 0 0 I init : ... started service 'neuralnetworks_hal_service_aidl_sample_limited' has pid 343
04-15 16:11:18.375 0 0 I init : starting service 'neuralnetworks_hal_service_shim_sample'...
04-15 16:11:18.384 328 328 I netd : NetlinkManager instanced
04-15 16:11:18.384 328 328 I netd : enter NetworkController ctor
04-15 16:11:18.387 328 328 E TcUtils : NLMSG_ERROR message return error: -2
04-15 16:11:18.389 328 328 E TcUtils : NLMSG_ERROR message return error: -2
04-15 16:11:18.390 328 328 E TcUtils : NLMSG_ERROR message return error: -2
04-15 16:11:18.390 328 328 E TcUtils : NLMSG_ERROR message return error: -2
04-15 16:11:18.390 328 328 E TcUtils : NLMSG_ERROR message return error: -2
04-15 16:11:18.391 328 328 E TcUtils : NLMSG_ERROR message return error: -2
04-15 16:11:18.391 328 328 E TcUtils : NLMSG_ERROR message return error: -2
04-15 16:11:18.391 328 328 E TcUtils : NLMSG_ERROR message return error: -2
04-15 16:11:18.404 328 328 E TcUtils : NLMSG_ERROR message return error: -2
04-15 16:11:18.404 328 328 E TcUtils : NLMSG_ERROR message return error: -2
04-15 16:11:18.405 328 328 E TcUtils : NLMSG_ERROR message return error: -2
04-15 16:11:18.405 328 328 E TcUtils : NLMSG_ERROR message return error: -2
04-15 16:11:18.405 328 328 E TcUtils : NLMSG_ERROR message return error: -2
04-15 16:11:18.406 328 328 E TcUtils : NLMSG_ERROR message return error: -2
04-15 16:11:18.416 328 328 E TcUtils : NLMSG_ERROR message return error: -2
04-15 16:11:18.416 328 328 E TcUtils : NLMSG_ERROR message return error: -2
04-15 16:11:18.417 328 328 I netd : leave NetworkController ctor
04-15 16:11:18.417 328 328 I netd : enter TetherController ctor
04-15 16:11:18.418 328 328 D TetherController: Setting IP forward enable = 0
04-15 16:11:18.510 328 328 I netd : leave TetherController ctor
04-15 16:11:18.667 0 0 I servicemanager: getDeviceHalManifest: Reloading VINTF information.
04-15 16:11:18.668 0 0 I servicemanager: getDeviceHalManifest: Reading VINTF information.
04-15 16:11:18.814 331 345 E IPCThreadState: binder thread pool (1 threads) starved for 177 ms
04-15 16:11:18.854 0 0 I init : ... started service 'neuralnetworks_hal_service_shim_sample' has pid 344
04-15 16:11:18.855 0 0 I init : starting service 'vendor.sensors-hal-multihal'...
04-15 16:11:18.934 132 132 I hwservicemanager: getDeviceHalManifest: Reloading VINTF information.
04-15 16:11:18.943 132 132 I hwservicemanager: getDeviceHalManifest: Reading VINTF information.
04-15 16:11:19.310 0 0 I init : ... started service 'vendor.sensors-hal-multihal' has pid 350
04-15 16:11:19.311 0 0 I init : starting service 'vendor.thermal-hal-2-0-mock'...
04-15 16:11:19.488 0 0 I init : ... started service 'vendor.thermal-hal-2-0-mock' has pid 351
04-15 16:11:19.610 0 0 I init : starting service 'vendor.usb_default'...
04-15 16:11:19.853 132 132 I hwservicemanager: getDeviceHalManifest: Successfully processed VINTF information
04-15 16:11:19.925 0 0 I init : ... started service 'vendor.usb_default' has pid 352
04-15 16:11:19.926 0 0 I init : starting service 'vendor.wifi_hal_legacy'...
04-15 16:11:20.125 338 338 I HidlServiceManagement: Registered android.hardware.gatekeeper@1.0::IGatekeeper/default
04-15 16:11:20.178 0 0 I servicemanager: getDeviceHalManifest: Successfully processed VINTF information
04-15 16:11:20.179 0 0 I servicemanager: Found android.hardware.authsecret.IAuthSecret/default in device VINTF manifest.
04-15 16:11:20.199 0 0 I init : ... started service 'vendor.wifi_hal_legacy' has pid 353
04-15 16:11:20.200 0 0 I init : starting service 'vendor.bluetooth-default'...
04-15 16:11:20.202 0 0 I servicemanager: Found android.hardware.neuralnetworks.IDevice/nnapi-sample_all in device VINTF manifest.
04-15 16:11:20.224 0 0 W healthd : batteryCapacityLevelPath not found
04-15 16:11:20.224 0 0 W healthd : batteryChargeTimeToFullNowPath. not found
04-15 16:11:20.246 0 0 W healthd : batteryFullChargeDesignCapacityUahPath. not found
04-15 16:11:20.247 0 0 W healthd : batteryStateOfHealthPath not found
04-15 16:11:20.247 0 0 W healthd : batteryHealthStatusPath not found
04-15 16:11:20.247 0 0 W healthd : batteryManufacturingDatePath not found
04-15 16:11:20.247 0 0 W healthd : batteryFirstUsageDatePath not found
04-15 16:11:20.247 0 0 W healthd : chargingStatePath not found
04-15 16:11:20.247 0 0 W healthd : chargingPolicyPath not found
04-15 16:11:20.250 338 338 I HidlServiceManagement: Removing namespace from process name android.hardware.gatekeeper@1.0-service.software to gatekeeper@1.0-service.software.
04-15 16:11:20.273 340 340 I android.hardware.health-service.example: Starting health HAL.
04-15 16:11:20.293 340 340 I android.hardware.health-service.example: default instance initializing with healthd_config...
04-15 16:11:20.456 0 0 I servicemanager: Found android.hardware.health.IHealth/default in device VINTF manifest.
04-15 16:11:20.451 340 340 I android.hardware.health-service.example: default: Hal init done
04-15 16:11:20.610 0 0 W healthd : battery l=100 v=5000 t=25.0 h=2 st=2 c=900000 fc=3000000 cc=10 chg=a
04-15 16:11:20.615 0 0 I init : ... started service 'vendor.bluetooth-default' has pid 354
04-15 16:11:20.629 0 0 I init : starting service 'vendor.cas-default'...
04-15 16:11:20.772 0 0 I init : ... started service 'vendor.cas-default' has pid 355
04-15 16:11:20.814 0 0 I init : starting service 'vendor.contexthub-default'...
04-15 16:11:20.978 328 328 I netd : Creating child chains: 1011474us
04-15 16:11:20.979 328 328 I netd : Setting up OEM hooks: 901us
04-15 16:11:21.009 328 328 I netd : Setting up FirewallController hooks: 29787us
04-15 16:11:21.047 328 328 I netd : Setting up TetherController hooks: 38798us
04-15 16:11:21.139 328 328 I netd : Setting up BandwidthController hooks: 92012us
04-15 16:11:21.144 328 328 I netd : Setting up IdletimerController hooks: 5132us
04-15 16:11:21.200 0 0 I init : ... started service 'vendor.contexthub-default' has pid 356
04-15 16:11:21.238 0 0 I init : starting service 'vendor.face-default'...
04-15 16:11:21.269 328 328 I netd : Setting up StrictController hooks: 124407us
04-15 16:11:21.305 351 351 I android.hardware.thermal@2.0-service-mock: Thermal HAL Service Mock 2.0 starting...
04-15 16:11:21.472 0 0 I init : ... started service 'vendor.face-default' has pid 357
04-15 16:11:21.479 328 328 I netd : Enabling bandwidth control: 209111us
04-15 16:11:21.510 328 328 I netd : Initializing RouteController: 31291us
04-15 16:11:21.542 328 328 D XfrmController: XfrmController::ipSecAddXfrmInterface, line=1497
04-15 16:11:21.554 0 0 I init : starting service 'vendor.hwcomposer-3'...
04-15 16:11:21.563 328 328 D XfrmController: XfrmController::ipSecRemoveTunnelInterface, line=1710
04-15 16:11:21.563 328 328 D XfrmController: deviceName=ipsec_test
04-15 16:11:21.606 0 0 I servicemanager: Found android.hardware.usb.IUsb/default in device VINTF manifest.
04-15 16:11:21.709 350 350 I android.hardware.sensors@2.1-impl.ranchu: MultihalSensors:74: host sensors mask=207ff, available sensors mask=207ff
04-15 16:11:21.772 0 0 I servicemanager: Found android.hardware.neuralnetworks.IDevice/nnapi-sample_quant in device VINTF manifest.
04-15 16:11:21.795 351 351 I HidlServiceManagement: Registered android.hardware.thermal@2.0::IThermal/default
04-15 16:11:21.801 351 351 I HidlServiceManagement: Removing namespace from process name android.hardware.thermal@2.0-service.mock to thermal@2.0-service.mock.
04-15 16:11:21.803 351 351 I android.hardware.thermal@2.0-service-mock: Thermal Service started successfully.
04-15 16:11:21.822 350 350 E SensorsMultiHal: Failed to load subHal config file: /odm/etc/sensors/hals.conf
04-15 16:11:21.832 327 327 W ServiceManagerCppClient: Service statscompanion didn't start. Returning NULL
04-15 16:11:21.834 327 327 I statsd : Statsd starts to listen to socket.
04-15 16:11:21.841 328 328 D XfrmController: Sending Netlink XFRM Message: XFRM_MSG_FLUSHSA
04-15 16:11:21.841 328 328 D XfrmController: Sending Netlink XFRM Message: XFRM_MSG_FLUSHPOLICY
04-15 16:11:21.842 328 328 I netd : Initializing XfrmController: 332014us
04-15 16:11:21.869 155 294 I keystore2: system/security/keystore2/src/watchdog.rs:319 - Watchdog thread idle -> terminating. Have a great day.
04-15 16:11:21.934 0 0 I servicemanager: Found android.hardware.sensors.ISensors/default in device VINTF manifest.
04-15 16:11:21.959 0 0 I init : ... started service 'vendor.hwcomposer-3' has pid 358
04-15 16:11:21.960 0 0 I init : starting service 'vendor.identity-default'...
04-15 16:11:21.997 344 344 I Manager : DeviceManager::DeviceManager
04-15 16:11:22.024 344 344 I Manager : findAvailableDevices
04-15 16:11:22.065 0 0 I init : ... started service 'vendor.identity-default' has pid 367
04-15 16:11:22.067 0 0 I init : starting service 'vendor.light-default'...
04-15 16:11:22.086 344 344 I Manager : Enabled devices: .*
04-15 16:11:22.100 328 328 I resolv : resolv_init: Initializing resolver
04-15 16:11:22.223 339 339 I HidlServiceManagement: Registered android.hardware.graphics.allocator@3.0::IAllocator/default
04-15 16:11:22.293 339 339 I HidlServiceManagement: Removing namespace from process name android.hardware.graphics.allocator@3.0-service.ranchu to allocator@3.0-service.ranchu.
04-15 16:11:22.312 0 0 I init : ... started service 'vendor.light-default' has pid 369
04-15 16:11:22.312 328 328 I netd : Registering NetdNativeService: 48775us
04-15 16:11:22.350 0 0 I init : starting service 'vendor.power-default'...
04-15 16:11:22.352 328 328 I netd : Registering MDnsService: 40035us
04-15 16:11:22.410 0 0 I servicemanager: Found android.hardware.contexthub.IContextHub/default in device VINTF manifest.
04-15 16:11:22.415 0 0 I servicemanager: Found android.system.net.netd.INetd/default in framework VINTF manifest.
04-15 16:11:22.432 339 339 I android.hardware.graphics.allocator@3.0-service.ranchu: graphics IAllocator@3.0 service is initialized
04-15 16:11:22.450 344 344 I Manager : Found interface nnapi-sample_sl (version = JUST_AN_EXAMPLE)
04-15 16:11:22.507 328 328 I HidlServiceManagement: Registered android.system.net.netd@1.1::INetd/default
04-15 16:11:22.540 0 0 I init : ... started service 'vendor.power-default' has pid 380
04-15 16:11:22.560 0 0 I servicemanager: Found android.hardware.camera.provider.ICameraProvider/internal/1 in device VINTF manifest.
04-15 16:11:22.622 0 0 I init : starting service 'vendor.power.stats-default'...
04-15 16:11:22.617 344 344 I ShimDeviceManager: Attempting service registration for android.hardware.neuralnetworks.IDevice/nnapi-sample_sl_shim
04-15 16:11:22.638 328 328 I netd : Registering NetdHwService: 286042us
04-15 16:11:22.639 328 328 I netd : Netd started in 4611592us
04-15 16:11:22.636 0 0 I servicemanager: Found android.hardware.neuralnetworks.IDevice/nnapi-sample_sl_shim in device VINTF manifest.
04-15 16:11:22.744 0 0 I init : ... started service 'vendor.power.stats-default' has pid 383
04-15 16:11:22.756 344 344 I ShimDeviceManager: 1 NNAPI Devices/services registered, blocking
04-15 16:11:22.772 0 0 I servicemanager: Found android.hardware.cas.IMediaCasService/default in device VINTF manifest.
04-15 16:11:22.814 0 0 I init : starting service 'vendor.rebootescrow-default'...
04-15 16:11:22.834 353 353 I android.hardware.wifi-service: Wifi Hal is booting up...
04-15 16:11:22.932 0 0 I servicemanager: Found android.hardware.wifi.IWifi/default in device VINTF manifest.
04-15 16:11:22.935 353 353 I android.hardware.wifi-service: Joining RPC thread pool
04-15 16:11:23.016 0 0 I init : ... started service 'vendor.rebootescrow-default' has pid 384
04-15 16:11:23.044 0 0 I init : starting service 'vendor.vibrator-default'...
04-15 16:11:23.127 337 337 I android.hardware.pixel.camera.provider@2.7-service: Google camera provider service is starting.
04-15 16:11:23.145 337 337 E ProcessState: vndservicemanager is not started on this device, you can save resources/threads by not initializing ProcessState with /dev/vndbinder.
04-15 16:11:23.205 337 337 I android.hardware.pixel.camera.provider@2.7-service: Not using ApexUpdateListener since not running in an apex.
04-15 16:11:23.213 331 331 I HidlServiceManagement: Registered android.hardware.audio@7.1::IDevicesFactory/default
04-15 16:11:23.215 331 331 I HidlServiceManagement: Removing namespace from process name android.hardware.audio.service to audio.service.
04-15 16:11:23.265 0 0 I init : ... started service 'vendor.vibrator-default' has pid 387
04-15 16:11:23.266 0 0 I init : Command 'class_start hal' action=boot (/system/etc/init/hw/init.rc:1210) took 7026ms and succeeded
04-15 16:11:23.266 0 0 I init : service 'ueventd' requested start, but it is already running (flags: 2084)
04-15 16:11:23.266 0 0 I init : service 'console' requested start, but it is already running (flags: 2196)
04-15 16:11:23.266 0 0 I init : service 'apexd' requested start, but it is already running (flags: 134)
04-15 16:11:23.267 0 0 I init : starting service 'audioserver'...
04-15 16:11:23.277 337 337 I GCH_CameraProvider: CreateHwl:Loading libgooglecamerahwl_impl.so library
04-15 16:11:23.346 331 331 I LegacySupport: Registration complete for android.hardware.audio@7.1::IDevicesFactory/default.
04-15 16:11:23.423 0 0 I init : ... started service 'audioserver' has pid 392
04-15 16:11:23.439 0 0 I init : starting service 'credstore'...
04-15 16:11:23.597 341 341 D android.hardware.media.c2@1.0-service-goldfish: Goldfish C2 Service starting...
04-15 16:11:23.659 0 0 I servicemanager: Found android.hardware.light.ILights/default in device VINTF manifest.
04-15 16:11:23.734 0 0 I init : ... started service 'credstore' has pid 393
04-15 16:11:23.735 0 0 I init : starting service 'gpu'...
04-15 16:11:23.733 357 357 I android.hardware.biometrics.face-service.example: Face HAL started
04-15 16:11:23.753 341 341 W android.hardware.media.c2@1.0-service-goldfish: Could not read additional policy file '/vendor/etc/seccomp_policy/codec2.vendor.ext.policy'
04-15 16:11:23.755 341 341 W android.hardware.media.c2@1.0-service-goldfish: libminijail[341]: failed to get path of fd 5: No such file or directory
04-15 16:11:23.774 0 0 I servicemanager: Found android.hardware.biometrics.face.IFace/default in device VINTF manifest.
04-15 16:11:23.828 0 0 I init : ... started service 'gpu' has pid 394
04-15 16:11:23.828 0 0 I init : service 'lmkd' requested start, but it is already running (flags: 36)
04-15 16:11:23.828 0 0 I init : service 'servicemanager' requested start, but it is already running (flags: 2084)
04-15 16:11:23.838 0 0 I init : starting service 'surfaceflinger'...
04-15 16:11:23.848 341 341 W android.hardware.media.c2@1.0-service-goldfish: libminijail[341]: allowing syscall: socket
04-15 16:11:23.849 341 341 W android.hardware.media.c2@1.0-service-goldfish: libminijail[341]: allowing syscall: connect
04-15 16:11:23.849 341 341 W android.hardware.media.c2@1.0-service-goldfish: libminijail[341]: allowing syscall: fcntl
04-15 16:11:23.850 341 341 W android.hardware.media.c2@1.0-service-goldfish: libminijail[341]: allowing syscall: writev
04-15 16:11:23.850 341 341 W android.hardware.media.c2@1.0-service-goldfish: libminijail[341]: compile_file: (20): nonexistent syscall 'getuid32'
04-15 16:11:23.851 341 341 W android.hardware.media.c2@1.0-service-goldfish: libminijail[341]: compile_file: (26): nonexistent syscall 'mmap2'
04-15 16:11:23.851 341 341 W android.hardware.media.c2@1.0-service-goldfish: libminijail[341]: compile_file: (28): nonexistent syscall 'fstat64'
04-15 16:11:23.851 341 341 W android.hardware.media.c2@1.0-service-goldfish: libminijail[341]: compile_file: (30): nonexistent syscall 'stat64'
04-15 16:11:23.857 341 341 W android.hardware.media.c2@1.0-service-goldfish: libminijail[341]: compile_file: (31): nonexistent syscall 'statfs64'
04-15 16:11:23.858 341 341 W android.hardware.media.c2@1.0-service-goldfish: libminijail[341]: compile_file: (33): nonexistent syscall 'fstatat64'
04-15 16:11:23.858 341 341 W android.hardware.media.c2@1.0-service-goldfish: libminijail[341]: compile_file: (38): nonexistent syscall '_llseek'
04-15 16:11:23.864 341 341 W android.hardware.media.c2@1.0-service-goldfish: libminijail[341]: compile_file: (47): nonexistent syscall 'ugetrlimit'
04-15 16:11:23.865 341 341 W android.hardware.media.c2@1.0-service-goldfish: libminijail[341]: compile_file: (50): nonexistent syscall '_llseek'
04-15 16:11:23.865 341 341 W android.hardware.media.c2@1.0-service-goldfish: libminijail[341]: compile_file: (51): nonexistent syscall 'fstatfs64'
04-15 16:11:23.865 341 341 W android.hardware.media.c2@1.0-service-goldfish: libminijail[341]: compile_file: (63): nonexistent syscall 'ftruncate64'
04-15 16:11:23.866 341 341 W android.hardware.media.c2@1.0-service-goldfish: libminijail[341]: compile_file: (69): syscall gettid redefined here
04-15 16:11:23.866 341 341 W android.hardware.media.c2@1.0-service-goldfish: libminijail[341]: compile_file: (66): previous definition here
04-15 16:11:23.895 0 0 I init : Could not create socket 'pdx/system/vr/display/client': Failed to bind socket 'pdx/system/vr/display/client': No such file or directory
04-15 16:11:23.896 0 0 I init : Could not create socket 'pdx/system/vr/display/manager': Failed to bind socket 'pdx/system/vr/display/manager': No such file or directory
04-15 16:11:23.896 341 341 W android.hardware.media.c2@1.0-service-goldfish: libminijail[341]: compile_file: /system/etc/seccomp_policy/crash_dump.x86.policy(1): syscall read redefined here
04-15 16:11:23.896 341 341 W android.hardware.media.c2@1.0-service-goldfish: libminijail[341]: compile_file: (15): previous definition here
04-15 16:11:23.897 341 341 W android.hardware.media.c2@1.0-service-goldfish: libminijail[341]: compile_file: /system/etc/seccomp_policy/crash_dump.x86.policy(2): syscall write redefined here
04-15 16:11:23.897 341 341 W android.hardware.media.c2@1.0-service-goldfish: libminijail[341]: compile_file: (57): previous definition here
04-15 16:11:23.897 341 341 W android.hardware.media.c2@1.0-service-goldfish: libminijail[341]: compile_file: /system/etc/seccomp_policy/crash_dump.x86.policy(3): syscall exit redefined here
04-15 16:11:23.898 341 341 W android.hardware.media.c2@1.0-service-goldfish: libminijail[341]: compile_file: (44): previous definition here
04-15 16:11:23.898 341 341 W android.hardware.media.c2@1.0-service-goldfish: libminijail[341]: compile_file: /system/etc/seccomp_policy/crash_dump.x86.policy(4): syscall rt_sigreturn redefined here
04-15 16:11:23.898 341 341 W android.hardware.media.c2@1.0-service-goldfish: libminijail[341]: compile_file: (46): previous definition here
04-15 16:11:23.898 341 341 W android.hardware.media.c2@1.0-service-goldfish: libminijail[341]: compile_file: /system/etc/seccomp_policy/crash_dump.x86.policy(5): nonexistent syscall 'sigreturn'
04-15 16:11:23.898 341 341 W android.hardware.media.c2@1.0-service-goldfish: libminijail[341]: compile_file: /system/etc/seccomp_policy/crash_dump.x86.policy(6): syscall exit_group redefined here
04-15 16:11:23.899 341 341 W android.hardware.media.c2@1.0-service-goldfish: libminijail[341]: compile_file: (45): previous definition here
04-15 16:11:23.899 341 341 W android.hardware.media.c2@1.0-service-goldfish: libminijail[341]: compile_file: /system/etc/seccomp_policy/crash_dump.x86.policy(9): syscall futex redefined here
04-15 16:11:23.899 341 341 W android.hardware.media.c2@1.0-service-goldfish: libminijail[341]: compile_file: (35): previous definition here
04-15 16:11:23.899 341 341 W android.hardware.media.c2@1.0-service-goldfish: libminijail[341]: compile_file: /system/etc/seccomp_policy/crash_dump.x86.policy(11): syscall getpid redefined here
04-15 16:11:23.917 341 341 W android.hardware.media.c2@1.0-service-goldfish: libminijail[341]: compile_file: (68): previous definition here
04-15 16:11:23.924 341 341 W android.hardware.media.c2@1.0-service-goldfish: libminijail[341]: compile_file: /system/etc/seccomp_policy/crash_dump.x86.policy(12): syscall gettid redefined here
04-15 16:11:23.924 341 341 W android.hardware.media.c2@1.0-service-goldfish: libminijail[341]: compile_file: (66): previous definition here
04-15 16:11:23.930 341 341 W android.hardware.media.c2@1.0-service-goldfish: libminijail[341]: compile_file: /system/etc/seccomp_policy/crash_dump.x86.policy(15): syscall openat redefined here
04-15 16:11:23.931 341 341 W android.hardware.media.c2@1.0-service-goldfish: libminijail[341]: compile_file: (18): previous definition here
04-15 16:11:23.931 341 341 W android.hardware.media.c2@1.0-service-goldfish: libminijail[341]: compile_file: /system/etc/seccomp_policy/crash_dump.x86.policy(16): syscall dup redefined here
04-15 16:11:23.950 0 0 I init : Could not create socket 'pdx/system/vr/display/vsync': Failed to bind socket 'pdx/system/vr/display/vsync': No such file or directory
04-15 16:11:23.998 341 341 W android.hardware.media.c2@1.0-service-goldfish: libminijail[341]: compile_file: (55): previous definition here
04-15 16:11:23.998 341 341 W android.hardware.media.c2@1.0-service-goldfish: libminijail[341]: compile_file: /system/etc/seccomp_policy/crash_dump.x86.policy(17): syscall close redefined here
04-15 16:11:23.999 341 341 W android.hardware.media.c2@1.0-service-goldfish: libminijail[341]: compile_file: (25): previous definition here
04-15 16:11:23.999 341 341 W android.hardware.media.c2@1.0-service-goldfish: libminijail[341]: compile_file: /system/etc/seccomp_policy/crash_dump.x86.policy(18): syscall lseek redefined here
04-15 16:11:24.030 0 0 I servicemanager: Found android.hardware.power.IPower/default in device VINTF manifest.
04-15 16:11:24.057 341 341 W android.hardware.media.c2@1.0-service-goldfish: libminijail[341]: compile_file: (39): previous definition here
04-15 16:11:24.058 341 341 W android.hardware.media.c2@1.0-service-goldfish: libminijail[341]: compile_file: /system/etc/seccomp_policy/crash_dump.x86.policy(20): syscall faccessat redefined here
04-15 16:11:24.058 341 341 W android.hardware.media.c2@1.0-service-goldfish: libminijail[341]: compile_file: (37): previous definition here
04-15 16:11:24.059 341 341 W android.hardware.media.c2@1.0-service-goldfish: libminijail[341]: compile_file: /system/etc/seccomp_policy/crash_dump.x86.policy(29): syscall prctl redefined here
04-15 16:11:24.059 341 341 W android.hardware.media.c2@1.0-service-goldfish: libminijail[341]: compile_file: (17): previous definition here
04-15 16:11:23.871 354 354 I aidl.android.hardware.bluetooth.service.default: Bluetooth HAL starting
04-15 16:11:24.073 341 341 W android.hardware.media.c2@1.0-service-goldfish: libminijail[341]: compile_file: /system/etc/seccomp_policy/crash_dump.x86.policy(30): syscall madvise redefined here
04-15 16:11:24.096 341 341 W android.hardware.media.c2@1.0-service-goldfish: libminijail[341]: compile_file: (32): previous definition here
04-15 16:11:24.096 341 341 W android.hardware.media.c2@1.0-service-goldfish: libminijail[341]: compile_file: /system/etc/seccomp_policy/crash_dump.x86.policy(31): syscall mprotect redefined here
04-15 16:11:24.097 341 341 W android.hardware.media.c2@1.0-service-goldfish: libminijail[341]: compile_file: (16): previous definition here
04-15 16:11:24.097 341 341 W android.hardware.media.c2@1.0-service-goldfish: libminijail[341]: compile_file: /system/etc/seccomp_policy/crash_dump.x86.policy(32): syscall munmap redefined here
04-15 16:11:24.098 341 341 W android.hardware.media.c2@1.0-service-goldfish: libminijail[341]: compile_file: (36): previous definition here
04-15 16:11:24.098 341 341 W android.hardware.media.c2@1.0-service-goldfish: libminijail[341]: compile_file: /system/etc/seccomp_policy/crash_dump.x86.policy(33): nonexistent syscall 'getuid32'
04-15 16:11:24.098 341 341 W android.hardware.media.c2@1.0-service-goldfish: libminijail[341]: compile_file: /system/etc/seccomp_policy/crash_dump.x86.policy(34): nonexistent syscall 'fstat64'
04-15 16:11:24.098 341 341 W android.hardware.media.c2@1.0-service-goldfish: libminijail[341]: compile_file: /system/etc/seccomp_policy/crash_dump.x86.policy(35): nonexistent syscall 'mmap2'
04-15 16:11:24.099 341 341 W android.hardware.media.c2@1.0-service-goldfish: libminijail[341]: compile_file: /system/etc/seccomp_policy/crash_dump.x86.policy(36): nonexistent syscall 'geteuid32'
04-15 16:11:24.099 341 341 W android.hardware.media.c2@1.0-service-goldfish: libminijail[341]: compile_file: /system/etc/seccomp_policy/crash_dump.x86.policy(37): nonexistent syscall 'getgid32'
04-15 16:11:24.099 341 341 W android.hardware.media.c2@1.0-service-goldfish: libminijail[341]: compile_file: /system/etc/seccomp_policy/crash_dump.x86.policy(38): nonexistent syscall 'getegid32'
04-15 16:11:24.123 0 0 I init : ... started service 'surfaceflinger' has pid 395
04-15 16:11:24.124 0 0 I init : service 'vold' requested start, but it is already running (flags: 2052)
04-15 16:11:24.124 0 0 I init : Command 'class_start core' action=boot (/system/etc/init/hw/init.rc:1212) took 858ms and succeeded
04-15 16:11:24.124 0 0 I init : processing action (persist.sys.usb.config=* && boot) from (/system/etc/init/hw/init.usb.rc:108)
04-15 16:11:24.124 341 341 W android.hardware.media.c2@1.0-service-goldfish: libminijail[341]: compile_file: /system/etc/seccomp_policy/crash_dump.x86.policy(39): nonexistent syscall 'getgroups32'
04-15 16:11:24.125 341 341 W android.hardware.media.c2@1.0-service-goldfish: libminijail[341]: logging seccomp filter failures
04-15 16:11:24.214 0 0 I init : Command 'setprop sys.usb.config ${persist.sys.usb.config}' action=persist.sys.usb.config=* && boot (/system/etc/init/hw/init.usb.rc:109) took 89ms and succeeded
04-15 16:11:24.214 0 0 I init : processing action (boot) from (/vendor/etc/init/hw/init.ranchu.rc:74)
04-15 16:11:24.225 341 341 D android.hardware.media.c2@1.0-service-goldfish: Instantiating Codec2's Goldfish IComponentStore service...
04-15 16:11:24.225 341 341 I GoldfishComponentStore: Create()
04-15 16:11:24.226 341 341 W GoldfishComponentStore: created goldfish store 0x7415adc4f090 reflector of param 0x74174dc47d48
04-15 16:11:24.227 341 341 D GoldfishComponentStore: useAndroidGoldfishComponentInstance 253 found prop ro.boot.qemu.hwcodec.vpxdec val 2
04-15 16:11:24.227 341 341 D GoldfishComponentStore: useAndroidGoldfishComponentInstance 253 found prop ro.boot.qemu.hwcodec.avcdec val 2
04-15 16:11:24.227 341 341 D GoldfishComponentStore: useAndroidGoldfishComponentInstance 253 found prop ro.boot.qemu.hwcodec.hevcdec val 2
04-15 16:11:24.241 0 0 I init : processing action (boot) from (/system/etc/init/dumpstate.rc:1)
04-15 16:11:24.242 0 0 I init : processing action (boot) from (/system/etc/init/gsid.rc:25)
04-15 16:11:24.243 0 0 I init : starting service 'exec 15 (/system/bin/gsid run-startup-tasks)'...
04-15 16:11:24.284 0 0 I servicemanager: Found android.hardware.rebootescrow.IRebootEscrow/default in device VINTF manifest.
04-15 16:11:24.377 0 0 I servicemanager: Found android.hardware.identity.IIdentityCredentialStore/default in device VINTF manifest.
04-15 16:11:24.433 0 0 I init : ... started service 'exec 15 (/system/bin/gsid run-startup-tasks)' has pid 396
04-15 16:11:24.433 0 0 I init : Command 'exec_background - root root -- /system/bin/gsid run-startup-tasks' action=boot (/system/etc/init/gsid.rc:26) took 191ms and succeeded
04-15 16:11:24.434 0 0 I init : processing action (persist.device_config.profcollect_native_boot.enabled= && boot) from (/system/etc/init/profcollectd.rc:19)
04-15 16:11:24.435 0 0 I init : starting service 'exec 16 (/system/bin/profcollectctl reset)'...
04-15 16:11:24.448 341 341 I HidlServiceManagement: Registered android.hardware.media.c2@1.0::IComponentStore/default
04-15 16:11:24.450 341 341 I HidlServiceManagement: Removing namespace from process name android.hardware.media.c2@1.0-service-goldfish to c2@1.0-service-goldfish.
04-15 16:11:24.514 341 341 I android.hardware.media.c2@1.0-service-goldfish: Codec2's IComponentStore service created.
04-15 16:11:24.675 0 0 I servicemanager: Found android.hardware.bluetooth.IBluetoothHci/default in device VINTF manifest.
04-15 16:11:24.734 0 0 I init : ... started service 'exec 16 (/system/bin/profcollectctl reset)' has pid 399
04-15 16:11:24.735 0 0 I init : Command 'exec_background - root shell -- /system/bin/profcollectctl reset' action=persist.device_config.profcollect_native_boot.enabled= && boot (/system/etc/init/profcollectd.rc:20) took 300ms and succeeded
04-15 16:11:24.735 0 0 I init : processing action (enable_property_trigger) from (:0)
04-15 16:11:24.790 0 0 I servicemanager: Found android.hardware.vibrator.IVibrator/default in device VINTF manifest.
04-15 16:11:24.799 0 0 I init : processing action (apexd.status=ready && ro.product.cpu.abilist64=*) from (/system/etc/init/hw/init.rc:490)
04-15 16:11:24.811 0 0 I init : starting service 'boringssl_self_test_apex64'...
04-15 16:11:24.843 0 0 I servicemanager: Found android.hardware.vibrator.IVibratorManager/default in device VINTF manifest.
04-15 16:11:24.860 0 0 I servicemanager: Found android.hardware.power.stats.IPowerStats/default in device VINTF manifest.
04-15 16:11:25.125 0 0 I init : ... started service 'boringssl_self_test_apex64' has pid 400
04-15 16:11:25.125 0 0 I init : SVC_EXEC service 'boringssl_self_test_apex64' pid 400 (uid 9999 gid 0+0 context default) started; waiting...
04-15 16:11:25.126 0 0 I init : Command 'exec_start boringssl_self_test_apex64' action=apexd.status=ready && ro.product.cpu.abilist64=* (/system/etc/init/hw/init.rc:491) took 325ms and succeeded
04-15 16:11:25.237 337 337 I EmulatedCameraProviderHwlImpl: Create: Created EmulatedCameraProviderHwlImpl
04-15 16:11:25.240 337 337 E GCH_CameraProvider: Initialize: HWL doesn't support vendor buffer allocation Function not implemented(-38)
04-15 16:11:25.288 0 0 I servicemanager: Found android.hardware.camera.provider.ICameraProvider/internal/0 in device VINTF manifest.
04-15 16:11:25.361 331 331 I HidlServiceManagement: Registered android.hardware.audio.effect@7.0::IEffectsFactory/default
04-15 16:11:25.362 331 331 I LegacySupport: Registration complete for android.hardware.audio.effect@7.0::IEffectsFactory/default.
04-15 16:11:25.364 132 132 I hwservicemanager: getTransport: Cannot find entry android.hardware.soundtrigger@2.3::ISoundTriggerHw/default in either framework or device VINTF manifest.
04-15 16:11:25.369 331 331 E LegacySupport: Could not get passthrough implementation for android.hardware.soundtrigger@2.3::ISoundTriggerHw/default.
04-15 16:11:25.370 132 132 I hwservicemanager: getTransport: Cannot find entry android.hardware.soundtrigger@2.2::ISoundTriggerHw/default in either framework or device VINTF manifest.
04-15 16:11:25.463 331 331 E LegacySupport: Could not get passthrough implementation for android.hardware.soundtrigger@2.2::ISoundTriggerHw/default.
04-15 16:11:25.465 132 132 I hwservicemanager: getTransport: Cannot find entry android.hardware.soundtrigger@2.1::ISoundTriggerHw/default in either framework or device VINTF manifest.
04-15 16:11:25.469 331 331 E LegacySupport: Could not get passthrough implementation for android.hardware.soundtrigger@2.1::ISoundTriggerHw/default.
04-15 16:11:25.472 132 132 I hwservicemanager: getTransport: Cannot find entry android.hardware.soundtrigger@2.0::ISoundTriggerHw/default in either framework or device VINTF manifest.
04-15 16:11:25.637 331 331 E LegacySupport: Could not get passthrough implementation for android.hardware.soundtrigger@2.0::ISoundTriggerHw/default.
04-15 16:11:25.688 331 331 W audiohalservice: Could not register Soundtrigger API
04-15 16:11:25.690 132 132 I hwservicemanager: getTransport: Cannot find entry android.hardware.bluetooth.audio@2.2::IBluetoothAudioProvidersFactory/default in either framework or device VINTF manifest.
04-15 16:11:25.691 331 331 E LegacySupport: Could not get passthrough implementation for android.hardware.bluetooth.audio@2.2::IBluetoothAudioProvidersFactory/default.
04-15 16:11:25.733 132 132 I hwservicemanager: getTransport: Cannot find entry android.hardware.bluetooth.audio@2.1::IBluetoothAudioProvidersFactory/default in either framework or device VINTF manifest.
04-15 16:11:25.764 331 331 E LegacySupport: Could not get passthrough implementation for android.hardware.bluetooth.audio@2.1::IBluetoothAudioProvidersFactory/default.
04-15 16:11:25.766 358 358 I RanchuHwc: RanchuHWC (HWComposer3/HWC3) starting up...
04-15 16:11:25.802 0 0 I servicemanager: Found android.hardware.graphics.composer3.IComposer/default in device VINTF manifest.
04-15 16:11:25.914 132 132 I hwservicemanager: getTransport: Cannot find entry android.hardware.bluetooth.audio@2.0::IBluetoothAudioProvidersFactory/default in either framework or device VINTF manifest.
04-15 16:11:25.915 331 331 E LegacySupport: Could not get passthrough implementation for android.hardware.bluetooth.audio@2.0::IBluetoothAudioProvidersFactory/default.
