04-15 16:12:16.149 535 535 V SystemServerTiming: OnBootPhase_200_com.android.role.RoleService took to complete: 0ms
04-15 16:12:16.149 535 535 D SystemServerTiming: OnBootPhase_200_com.android.server.vibrator.VibratorManagerService$Lifecycle
04-15 16:12:16.149 535 535 V SystemServerTiming: OnBootPhase_200_com.android.server.vibrator.VibratorManagerService$Lifecycle took to complete: 0ms
04-15 16:12:16.149 535 535 D SystemServerTiming: OnBootPhase_200_com.android.server.tare.InternalResourceService
04-15 16:12:16.149 535 535 V SystemServerTiming: OnBootPhase_200_com.android.server.tare.InternalResourceService took to complete: 0ms
04-15 16:12:16.150 535 535 D SystemServerTiming: OnBootPhase_200_com.android.server.alarm.AlarmManagerService
04-15 16:12:16.150 535 535 V SystemServerTiming: OnBootPhase_200_com.android.server.alarm.AlarmManagerService took to complete: 0ms
04-15 16:12:16.150 535 535 D SystemServerTiming: OnBootPhase_200_com.android.server.devicestate.DeviceStateManagerService
04-15 16:12:16.150 535 535 V SystemServerTiming: OnBootPhase_200_com.android.server.devicestate.DeviceStateManagerService took to complete: 0ms
04-15 16:12:16.150 535 535 D SystemServerTiming: OnBootPhase_200_com.android.server.camera.CameraServiceProxy
04-15 16:12:16.150 535 535 V SystemServerTiming: OnBootPhase_200_com.android.server.camera.CameraServiceProxy took to complete: 0ms
04-15 16:12:16.150 535 535 V SystemServerTiming: OnBootPhase_200 took to complete: 16ms
04-15 16:12:16.171 535 535 I WindowManager: No existing display settings, starting empty
04-15 16:12:16.197 535 560 I WindowTracing: Setting window tracing log level to 1
04-15 16:12:16.198 535 560 I WindowTracing: Setting window tracing buffer capacity to 10485760bytes
04-15 16:12:16.235 535 535 V SystemServerTiming: StartWindowManagerService took to complete: 101ms
04-15 16:12:16.235 535 535 D SystemServerTiming: SetWindowManagerService
04-15 16:12:16.413 535 535 I ActivityTaskManager: Loaded persisted task ids for user 0
04-15 16:12:16.427 535 535 V SystemServerTiming: SetWindowManagerService took to complete: 191ms
04-15 16:12:16.430 535 535 D SystemServerTiming: WindowManagerServiceOnInitReady
04-15 16:12:16.463 535 558 W BroadcastLoopers: Found previously unknown looper Thread[android.ui,5,main]
04-15 16:12:16.469 535 535 V SystemServerTiming: WindowManagerServiceOnInitReady took to complete: 38ms
04-15 16:12:16.470 535 535 D SystemServerTiming: StartInputManager
04-15 16:12:16.470 535 535 I InputManager: Starting input manager
04-15 16:12:16.471 535 535 V SystemServerTiming: StartInputManager took to complete: 1ms
04-15 16:12:16.471 535 535 D SystemServerTiming: DisplayManagerWindowManagerAndInputReady
04-15 16:12:16.472 535 564 D SystemServerTimingAsync: InitThreadPoolExec:StartISensorManagerService
04-15 16:12:16.472 535 564 D SystemServerInitThreadPool: Started executing StartISensorManagerService
04-15 16:12:16.472 535 564 D SystemServerTimingAsync: StartISensorManagerService
04-15 16:12:16.475 535 605 D SystemServerTimingAsync: InitThreadPoolExec:StartHidlServices
04-15 16:12:16.482 535 605 D SystemServerInitThreadPool: Started executing StartHidlServices
04-15 16:12:16.483 535 605 D SystemServerTimingAsync: StartHidlServices
04-15 16:12:16.484 535 535 V HistoricalRegistry: Interaction before persistence initialized
04-15 16:12:16.494 132 132 I hwservicemanager: getTransport: Cannot find entry android.frameworks.schedulerservice@1.0::ISchedulingPolicyService/default in either framework or device VINTF manifest.
04-15 16:12:16.496 535 535 V SystemServerTiming: DisplayManagerWindowManagerAndInputReady took to complete: 17ms
04-15 16:12:16.496 535 535 D SystemServerTiming: StartBluetoothService
04-15 16:12:16.505 535 605 W system_server: android.frameworks.schedulerservice@1.0::ISchedulingPolicyService is deprecated. Skipping registration.
04-15 16:12:16.506 535 605 V SystemServerTimingAsync: StartHidlServices took to complete: 23ms
04-15 16:12:16.506 535 605 D SystemServerInitThreadPool: Finished executing StartHidlServices
04-15 16:12:16.507 535 605 V SystemServerTimingAsync: InitThreadPoolExec:StartHidlServices took to complete: 25ms
04-15 16:12:16.509 535 535 I SystemServiceManager: Starting com.android.server.bluetooth.BluetoothService
04-15 16:12:16.519 535 535 D BluetoothManagerService: Loading stored name and address
04-15 16:12:16.521 535 535 D BluetoothManagerService: Stored bluetooth Name=null,Address=null
04-15 16:12:16.522 535 535 D BluetoothManagerService: Bluetooth persisted state: 1
04-15 16:12:16.522 535 535 D BluetoothManagerService: Startup: Bluetooth persisted state is ON.
04-15 16:12:16.526 535 535 D BluetoothManagerService: Detected SystemUiUid: 10117
04-15 16:12:16.527 535 535 D BluetoothSatelliteModeListener: BluetoothSatelliteModeListener
04-15 16:12:16.530 535 535 V SystemServerTiming: StartBluetoothService took to complete: 34ms
04-15 16:12:16.530 535 535 D SystemServerTiming: IpConnectivityMetrics
04-15 16:12:16.531 535 535 I SystemServiceManager: Starting com.android.server.connectivity.IpConnectivityMetrics
04-15 16:12:16.534 535 535 V SystemServerTiming: IpConnectivityMetrics took to complete: 3ms
04-15 16:12:16.534 535 535 D SystemServerTiming: NetworkWatchlistService
04-15 16:12:16.534 535 535 I SystemServiceManager: Starting com.android.server.net.watchlist.NetworkWatchlistService$Lifecycle
04-15 16:12:16.564 535 564 I HidlServiceManagement: Registered android.frameworks.sensorservice@1.0::ISensorManager/default
04-15 16:12:16.569 535 646 I WatchlistLoggingHandler: Start aggregating watchlist records.
04-15 16:12:16.576 535 564 V SystemServerTimingAsync: StartISensorManagerService took to complete: 104ms
04-15 16:12:16.577 535 564 D SystemServerInitThreadPool: Finished executing StartISensorManagerService
04-15 16:12:16.577 535 564 V SystemServerTimingAsync: InitThreadPoolExec:StartISensorManagerService took to complete: 105ms
04-15 16:12:16.577 535 535 V SystemServerTiming: NetworkWatchlistService took to complete: 42ms
04-15 16:12:16.577 535 535 D SystemServerTiming: PinnerService
04-15 16:12:16.578 535 535 I SystemServiceManager: Starting com.android.server.PinnerService
04-15 16:12:16.582 0 0 I servicemanager: Found android.frameworks.sensorservice.ISensorManager/default in framework VINTF manifest.
04-15 16:12:16.584 535 535 V HistoricalRegistry: Interaction before persistence initialized
04-15 16:12:16.589 535 535 V SystemServerTiming: PinnerService took to complete: 11ms
04-15 16:12:16.593 535 535 D SystemServerTiming: SignedConfigService
04-15 16:12:16.594 535 535 V SystemServerTiming: SignedConfigService took to complete: 1ms
04-15 16:12:16.594 535 535 D SystemServerTiming: AppIntegrityService
04-15 16:12:16.604 535 535 I SystemServiceManager: Starting com.android.server.integrity.AppIntegrityManagerService
04-15 16:12:16.623 535 535 V SystemServerTiming: AppIntegrityService took to complete: 19ms
04-15 16:12:16.629 535 535 D SystemServerTiming: StartLogcatManager
04-15 16:12:16.629 535 535 I SystemServiceManager: Starting com.android.server.logcat.LogcatManagerService
04-15 16:12:16.638 535 644 W EventHub: Unable to disable kernel key repeat for /dev/input/event12: Function not implemented
04-15 16:12:16.638 535 644 I EventHub: usingClockIoctl=true
04-15 16:12:16.638 535 644 I EventHub: New device: id=1, fd=197, path='/dev/input/event12', name='virtio_input_multi_touch_11', classes=KEYBOARD | TOUCH | TOUCH_MT | SWITCH, configuration='/vendor/usr/idc/virtio_input_multi_touch_11.idc', keyLayout='/system/usr/keylayout/Generic.kl', keyCharacterMap='/system/usr/keychars/Generic.kcm', builtinKeyboard=false,
04-15 16:12:16.644 535 535 V SystemServerTiming: StartLogcatManager took to complete: 15ms
04-15 16:12:16.672 535 644 W EventHub: Unable to disable kernel key repeat for /dev/input/event11: Function not implemented
04-15 16:12:16.672 535 644 I EventHub: usingClockIoctl=true
04-15 16:12:16.672 535 644 I EventHub: New device: id=2, fd=208, path='/dev/input/event11', name='virtio_input_multi_touch_10', classes=KEYBOARD | TOUCH | TOUCH_MT | SWITCH, configuration='/vendor/usr/idc/virtio_input_multi_touch_10.idc', keyLayout='/system/usr/keylayout/Generic.kl', keyCharacterMap='/system/usr/keychars/Generic.kcm', builtinKeyboard=false,
04-15 16:12:16.690 535 644 W EventHub: Unable to disable kernel key repeat for /dev/input/event10: Function not implemented
04-15 16:12:16.690 535 644 I EventHub: usingClockIoctl=true
04-15 16:12:16.690 535 644 I EventHub: New device: id=3, fd=209, path='/dev/input/event10', name='virtio_input_multi_touch_9', classes=KEYBOARD | TOUCH | TOUCH_MT | SWITCH, configuration='/vendor/usr/idc/virtio_input_multi_touch_9.idc', keyLayout='/system/usr/keylayout/Generic.kl', keyCharacterMap='/system/usr/keychars/Generic.kcm', builtinKeyboard=false,
04-15 16:12:16.719 535 644 W EventHub: Unable to disable kernel key repeat for /dev/input/event9: Function not implemented
04-15 16:12:16.720 535 644 I EventHub: usingClockIoctl=true
04-15 16:12:16.720 535 644 I EventHub: New device: id=4, fd=210, path='/dev/input/event9', name='virtio_input_multi_touch_8', classes=KEYBOARD | TOUCH | TOUCH_MT | SWITCH, configuration='/vendor/usr/idc/virtio_input_multi_touch_8.idc', keyLayout='/system/usr/keylayout/Generic.kl', keyCharacterMap='/system/usr/keychars/Generic.kcm', builtinKeyboard=false,
04-15 16:12:16.745 535 644 W EventHub: Unable to disable kernel key repeat for /dev/input/event8: Function not implemented
04-15 16:12:16.746 535 644 I EventHub: usingClockIoctl=true
04-15 16:12:16.746 535 644 I EventHub: New device: id=5, fd=211, path='/dev/input/event8', name='virtio_input_multi_touch_7', classes=KEYBOARD | TOUCH | TOUCH_MT | SWITCH, configuration='/vendor/usr/idc/virtio_input_multi_touch_7.idc', keyLayout='/system/usr/keylayout/Generic.kl', keyCharacterMap='/system/usr/keychars/Generic.kcm', builtinKeyboard=false,
04-15 16:12:16.761 535 644 W EventHub: Unable to disable kernel key repeat for /dev/input/event7: Function not implemented
04-15 16:12:16.762 535 644 I EventHub: usingClockIoctl=true
04-15 16:12:16.762 535 644 I EventHub: New device: id=6, fd=212, path='/dev/input/event7', name='virtio_input_multi_touch_6', classes=KEYBOARD | TOUCH | TOUCH_MT | SWITCH, configuration='/vendor/usr/idc/virtio_input_multi_touch_6.idc', keyLayout='/system/usr/keylayout/Generic.kl', keyCharacterMap='/system/usr/keychars/Generic.kcm', builtinKeyboard=false,
04-15 16:12:16.780 535 644 W EventHub: Unable to disable kernel key repeat for /dev/input/event6: Function not implemented
04-15 16:12:16.781 535 644 I EventHub: usingClockIoctl=true
04-15 16:12:16.781 535 644 I EventHub: New device: id=7, fd=213, path='/dev/input/event6', name='virtio_input_multi_touch_5', classes=KEYBOARD | TOUCH | TOUCH_MT | SWITCH, configuration='/vendor/usr/idc/virtio_input_multi_touch_5.idc', keyLayout='/system/usr/keylayout/Generic.kl', keyCharacterMap='/system/usr/keychars/Generic.kcm', builtinKeyboard=false,
04-15 16:12:16.805 535 644 W EventHub: Unable to disable kernel key repeat for /dev/input/event5: Function not implemented
04-15 16:12:16.805 535 644 I EventHub: usingClockIoctl=true
04-15 16:12:16.806 535 644 I EventHub: New device: id=8, fd=214, path='/dev/input/event5', name='virtio_input_multi_touch_4', classes=KEYBOARD | TOUCH | TOUCH_MT | SWITCH, configuration='/vendor/usr/idc/virtio_input_multi_touch_4.idc', keyLayout='/system/usr/keylayout/Generic.kl', keyCharacterMap='/system/usr/keychars/Generic.kcm', builtinKeyboard=false,
04-15 16:12:16.834 535 644 W EventHub: Unable to disable kernel key repeat for /dev/input/event4: Function not implemented
04-15 16:12:16.834 535 644 I EventHub: usingClockIoctl=true
04-15 16:12:16.835 535 644 I EventHub: New device: id=9, fd=216, path='/dev/input/event4', name='virtio_input_multi_touch_3', classes=KEYBOARD | TOUCH | TOUCH_MT | SWITCH, configuration='/vendor/usr/idc/virtio_input_multi_touch_3.idc', keyLayout='/system/usr/keylayout/Generic.kl', keyCharacterMap='/system/usr/keychars/Generic.kcm', builtinKeyboard=false,
04-15 16:12:16.863 535 644 W EventHub: Unable to disable kernel key repeat for /dev/input/event3: Function not implemented
04-15 16:12:16.863 535 644 I EventHub: usingClockIoctl=true
04-15 16:12:16.863 535 644 I EventHub: New device: id=10, fd=217, path='/dev/input/event3', name='virtio_input_multi_touch_2', classes=KEYBOARD | TOUCH | TOUCH_MT | SWITCH, configuration='/vendor/usr/idc/virtio_input_multi_touch_2.idc', keyLayout='/system/usr/keylayout/Generic.kl', keyCharacterMap='/system/usr/keychars/Generic.kcm', builtinKeyboard=false,
04-15 16:12:16.883 535 644 W EventHub: Unable to disable kernel key repeat for /dev/input/event2: Function not implemented
04-15 16:12:16.892 535 644 I EventHub: usingClockIoctl=true
04-15 16:12:16.892 535 644 I EventHub: New device: id=11, fd=215, path='/dev/input/event2', name='virtio_input_multi_touch_1', classes=KEYBOARD | TOUCH | TOUCH_MT | SWITCH, configuration='/vendor/usr/idc/virtio_input_multi_touch_1.idc', keyLayout='/system/usr/keylayout/Generic.kl', keyCharacterMap='/system/usr/keychars/Generic.kcm', builtinKeyboard=false,
04-15 16:12:16.900 535 644 D EventHub: No input device configuration file found for device 'Power Button'.
04-15 16:12:16.911 535 644 W EventHub: Unable to disable kernel key repeat for /dev/input/event0: Function not implemented
04-15 16:12:16.911 535 644 I EventHub: usingClockIoctl=true
04-15 16:12:16.916 535 644 I EventHub: New device: id=12, fd=218, path='/dev/input/event0', name='Power Button', classes=KEYBOARD, configuration='', keyLayout='/system/usr/keylayout/Generic.kl', keyCharacterMap='/system/usr/keychars/Generic.kcm', builtinKeyboard=false,
04-15 16:12:16.918 535 644 D EventHub: No input device configuration file found for device 'AT Translated Set 2 keyboard'.
04-15 16:12:16.938 535 644 I EventHub: usingClockIoctl=true
04-15 16:12:16.938 535 644 I EventHub: New device: id=13, fd=219, path='/dev/input/event1', name='AT Translated Set 2 keyboard', classes=KEYBOARD | ALPHAKEY, configuration='', keyLayout='/system/usr/keylayout/Generic.kl', keyCharacterMap='/system/usr/keychars/Generic.kcm', builtinKeyboard=false,
04-15 16:12:16.982 535 644 I InputReader: Device added: id=-1, eventHubId=-1, name='Virtual', descriptor='a718a782d34bc767f4689c232d64d527998ea7fd',sources=KEYBOARD | DPAD
04-15 16:12:16.989 535 644 I InputReader: Device added: id=2, eventHubId=13, name='AT Translated Set 2 keyboard', descriptor='485d69228e24f5e46da1598745890b214130dbc4',sources=KEYBOARD
04-15 16:12:16.989 535 644 I InputReader: Device added: id=3, eventHubId=12, name='Power Button', descriptor='26d13db3fa0f6bd5d05831266fb01ea6c500b88c',sources=KEYBOARD
04-15 16:12:17.005 535 644 I InputReader: Touch device 'virtio_input_multi_touch_1' could not query the properties of its associated display. The device will be inoperable until the display size becomes available.
04-15 16:12:17.006 535 644 I InputReader: Device added: id=4, eventHubId=11, name='virtio_input_multi_touch_1', descriptor='43db9dd6fa61939c1b516cd9522f0fe93926a00b',sources=KEYBOARD | TOUCHSCREEN | STYLUS
04-15 16:12:17.012 535 644 I InputReader: Touch device 'virtio_input_multi_touch_2' could not query the properties of its associated display. The device will be inoperable until the display size becomes available.
04-15 16:12:17.012 535 644 I InputReader: Device added: id=5, eventHubId=10, name='virtio_input_multi_touch_2', descriptor='929d4636b8e04f50240a26561429a6e91c9eff9e',sources=KEYBOARD | TOUCHSCREEN | STYLUS
04-15 16:12:17.013 535 644 I InputReader: Touch device 'virtio_input_multi_touch_3' could not query the properties of its associated display. The device will be inoperable until the display size becomes available.
04-15 16:12:17.014 535 644 I InputReader: Device added: id=6, eventHubId=9, name='virtio_input_multi_touch_3', descriptor='d02b0eff93435c71d7fcb0c5db2c4e01c700002e',sources=KEYBOARD | TOUCHSCREEN | STYLUS
04-15 16:12:17.015 535 644 I InputReader: Touch device 'virtio_input_multi_touch_4' could not query the properties of its associated display. The device will be inoperable until the display size becomes available.
04-15 16:12:17.015 535 644 I InputReader: Device added: id=7, eventHubId=8, name='virtio_input_multi_touch_4', descriptor='3e50b6575df319e017bd447766007caeb20ef93b',sources=KEYBOARD | TOUCHSCREEN | STYLUS
04-15 16:12:17.021 535 644 I InputReader: Touch device 'virtio_input_multi_touch_5' could not query the properties of its associated display. The device will be inoperable until the display size becomes available.
04-15 16:12:17.026 535 644 I InputReader: Device added: id=8, eventHubId=7, name='virtio_input_multi_touch_5', descriptor='a009ac16f7539a9e4072c1f537120c35a8163d3b',sources=KEYBOARD | TOUCHSCREEN | STYLUS
04-15 16:12:17.027 535 644 I InputReader: Touch device 'virtio_input_multi_touch_6' could not query the properties of its associated display. The device will be inoperable until the display size becomes available.
04-15 16:12:17.028 535 644 I InputReader: Device added: id=9, eventHubId=6, name='virtio_input_multi_touch_6', descriptor='0b49b597447c4c7be1d009f9a86bbed08b2e6b6d',sources=KEYBOARD | TOUCHSCREEN | STYLUS
04-15 16:12:17.029 535 644 I InputReader: Touch device 'virtio_input_multi_touch_7' could not query the properties of its associated display. The device will be inoperable until the display size becomes available.
04-15 16:12:17.032 535 644 I InputReader: Device added: id=10, eventHubId=5, name='virtio_input_multi_touch_7', descriptor='e1c836c7be888adb29ca6646292e486f96461e97',sources=KEYBOARD | TOUCHSCREEN | STYLUS
04-15 16:12:17.033 535 644 I InputReader: Touch device 'virtio_input_multi_touch_8' could not query the properties of its associated display. The device will be inoperable until the display size becomes available.
04-15 16:12:17.034 535 644 I InputReader: Device added: id=11, eventHubId=4, name='virtio_input_multi_touch_8', descriptor='df0ec362af5f2fec5a1bbb512f6e9556bd6b3fcf',sources=KEYBOARD | TOUCHSCREEN | STYLUS
04-15 16:12:17.034 535 644 I InputReader: Touch device 'virtio_input_multi_touch_9' could not query the properties of its associated display. The device will be inoperable until the display size becomes available.
04-15 16:12:17.035 535 644 I InputReader: Device added: id=12, eventHubId=3, name='virtio_input_multi_touch_9', descriptor='ac8abc2b3d95a68148a903fffc0a312b4dd19302',sources=KEYBOARD | TOUCHSCREEN | STYLUS
04-15 16:12:17.040 535 644 I InputReader: Touch device 'virtio_input_multi_touch_10' could not query the properties of its associated display. The device will be inoperable until the display size becomes available.
04-15 16:12:17.041 535 644 I InputReader: Device added: id=13, eventHubId=2, name='virtio_input_multi_touch_10', descriptor='03d5168c37d991df1726df002537cd6ccc5b68cb',sources=KEYBOARD | TOUCHSCREEN | STYLUS
04-15 16:12:17.045 535 644 I InputReader: Touch device 'virtio_input_multi_touch_11' could not query the properties of its associated display. The device will be inoperable until the display size becomes available.
04-15 16:12:17.045 535 644 I InputReader: Device added: id=14, eventHubId=1, name='virtio_input_multi_touch_11', descriptor='e760666b71e579617395a5018f318365e9f44147',sources=KEYBOARD | TOUCHSCREEN | STYLUS
04-15 16:12:17.076 535 535 I WindowManager: SAFE MODE not enabled
04-15 16:12:17.077 535 535 D SystemServerTiming: StartInputMethodManagerLifecycle
04-15 16:12:17.077 535 535 I SystemServiceManager: Starting com.android.server.inputmethod.InputMethodManagerService$Lifecycle
04-15 16:12:17.121 535 535 V SystemServerTiming: StartInputMethodManagerLifecycle took to complete: 44ms
04-15 16:12:17.122 535 535 D SystemServerTiming: StartAccessibilityManagerService
04-15 16:12:17.123 535 535 I SystemServiceManager: Starting com.android.server.accessibility.AccessibilityManagerService$Lifecycle
04-15 16:12:17.169 535 535 V SystemServerTiming: StartAccessibilityManagerService took to complete: 46ms
04-15 16:12:17.169 535 535 D SystemServerTiming: MakeDisplayReady
04-15 16:12:17.183 535 535 I ActivityTaskManager: Config changes=20005df8 {1.0 ?mcc0mnc [en_US] ldltr sw411dp w411dp h914dp 420dpi nrml long port ?uimode ?night -touch qwerty/v/v -nav/h winConfig={ mBounds=Rect(0, 0 - 1080, 2400) mAppBounds=Rect(0, 0 - 1080, 2400) mMaxBounds=Rect(0, 0 - 1080, 2400) mDisplayRotation=ROTATION_0 mWindowingMode=fullscreen mDisplayWindowingMode=fullscreen mActivityType=undefined mAlwaysOnTop=undefined mRotation=ROTATION_0} s.2 ?fontWeightAdjustment}
04-15 16:12:17.187 535 535 I WindowManager: Override config changes=60007dfc {1.0 ?mcc0mnc [en_US] ldltr sw411dp w411dp h914dp 420dpi nrml long port ?uimode ?night -touch qwerty/v/v -nav/h winConfig={ mBounds=Rect(0, 0 - 1080, 2400) mAppBounds=Rect(0, 0 - 1080, 2400) mMaxBounds=Rect(0, 0 - 1080, 2400) mDisplayRotation=ROTATION_0 mWindowingMode=fullscreen mDisplayWindowingMode=fullscreen mActivityType=undefined mAlwaysOnTop=undefined mRotation=ROTATION_0} s.2 ?fontWeightAdjustment} for displayId=0
04-15 16:12:17.221 535 535 I DisplayDevice: [0] Layerstack set to 0 for local:4619827259835644672
04-15 16:12:17.247 535 560 W BroadcastLoopers: Found previously unknown looper Thread[android.display,5,main]
04-15 16:12:17.257 535 560 I InputManager-JNI: Viewport [0] to add: local:4619827259835644672, isActive: false
04-15 16:12:17.262 0 0 I init : processing action (sys.sysctl.extra_free_kbytes=*) from (/system/etc/init/hw/init.rc:1233)
04-15 16:12:17.269 0 0 I init : starting service 'exec 19 (/system/bin/extra_free_kbytes.sh 30375)'...
04-15 16:12:17.279 535 644 I InputReader: Reconfiguring input devices, changes=DISPLAY_INFO
04-15 16:12:17.294 535 644 I InputReader: Touch device 'virtio_input_multi_touch_11' could not query the properties of its associated display. The device will be inoperable until the display size becomes available.
04-15 16:12:17.302 535 644 I InputReader: Touch device 'virtio_input_multi_touch_10' could not query the properties of its associated display. The device will be inoperable until the display size becomes available.
04-15 16:12:17.302 535 644 I InputReader: Touch device 'virtio_input_multi_touch_9' could not query the properties of its associated display. The device will be inoperable until the display size becomes available.
04-15 16:12:17.303 535 644 I InputReader: Touch device 'virtio_input_multi_touch_7' could not query the properties of its associated display. The device will be inoperable until the display size becomes available.
04-15 16:12:17.303 535 644 I InputReader: Touch device 'virtio_input_multi_touch_6' could not query the properties of its associated display. The device will be inoperable until the display size becomes available.
04-15 16:12:17.303 535 644 I InputReader: Touch device 'virtio_input_multi_touch_5' could not query the properties of its associated display. The device will be inoperable until the display size becomes available.
04-15 16:12:17.310 535 644 I InputReader: Touch device 'virtio_input_multi_touch_4' could not query the properties of its associated display. The device will be inoperable until the display size becomes available.
04-15 16:12:17.310 535 644 I InputReader: Touch device 'virtio_input_multi_touch_3' could not query the properties of its associated display. The device will be inoperable until the display size becomes available.
04-15 16:12:17.311 535 644 I InputReader: Disabling virtio_input_multi_touch_1 (device 4) because the associated viewport is not active
04-15 16:12:17.311 535 644 I InputReader: Device reconfigured: id=4, name='virtio_input_multi_touch_1', size 32768x32768, orientation 0, mode 0, display id 0
04-15 16:12:17.317 535 644 I InputReader: Touch device 'virtio_input_multi_touch_2' could not query the properties of its associated display. The device will be inoperable until the display size becomes available.
04-15 16:12:17.317 535 644 I InputReader: Touch device 'virtio_input_multi_touch_8' could not query the properties of its associated display. The device will be inoperable until the display size becomes available.
04-15 16:12:17.339 0 0 I init : ... started service 'exec 19 (/system/bin/extra_free_kbytes.sh 30375)' has pid 655
04-15 16:12:17.339 0 0 I init : SVC_EXEC service 'exec 19 (/system/bin/extra_free_kbytes.sh 30375)' pid 655 (uid 0 gid 0+0 context default) started; waiting...
04-15 16:12:17.340 0 0 I init : Command 'exec -- /system/bin/extra_free_kbytes.sh ${sys.sysctl.extra_free_kbytes}' action=sys.sysctl.extra_free_kbytes=* (/system/etc/init/hw/init.rc:1234) took 77ms and succeeded
04-15 16:12:17.339 535 535 I ActivityTaskManager: Config changes=8 {1.0 ?mcc0mnc [en_US] ldltr sw411dp w411dp h914dp 420dpi nrml long port ?uimode ?night finger qwerty/v/v -nav/h winConfig={ mBounds=Rect(0, 0 - 1080, 2400) mAppBounds=Rect(0, 0 - 1080, 2400) mMaxBounds=Rect(0, 0 - 1080, 2400) mDisplayRotation=ROTATION_0 mWindowingMode=fullscreen mDisplayWindowingMode=fullscreen mActivityType=undefined mAlwaysOnTop=undefined mRotation=ROTATION_0} s.4 ?fontWeightAdjustment}
04-15 16:12:17.357 535 535 I WindowManager: Override config changes=8 {1.0 ?mcc0mnc [en_US] ldltr sw411dp w411dp h914dp 420dpi nrml long port ?uimode ?night finger qwerty/v/v -nav/h winConfig={ mBounds=Rect(0, 0 - 1080, 2400) mAppBounds=Rect(0, 0 - 1080, 2400) mMaxBounds=Rect(0, 0 - 1080, 2400) mDisplayRotation=ROTATION_0 mWindowingMode=fullscreen mDisplayWindowingMode=fullscreen mActivityType=undefined mAlwaysOnTop=undefined mRotation=ROTATION_0} s.4 ?fontWeightAdjustment} for displayId=0
04-15 16:12:17.368 535 535 V SystemServerTiming: MakeDisplayReady took to complete: 198ms
04-15 16:12:17.369 535 535 D SystemServerTiming: StartStorageManagerService
04-15 16:12:17.370 535 535 I SystemServiceManager: Starting com.android.server.StorageManagerService$Lifecycle
04-15 16:12:17.398 443 461 D installd: Found quota mount /dev/block/dm-38 at /data
04-15 16:12:17.406 443 461 D installd: Found quota mount /dev/block/dm-38 at /data/user/0
04-15 16:12:17.444 535 657 D StorageManagerService: Thinking about reset, mBootCompleted=false, mDaemonConnected=true
04-15 16:12:17.450 535 535 D StorageManagerService: CE storage for users [0] is already unlocked
04-15 16:12:17.456 535 535 W SystemServiceManager: Service com.android.server.StorageManagerService$Lifecycle took 85 ms in onStart
04-15 16:12:17.468 535 535 V SystemServerTiming: StartStorageManagerService took to complete: 98ms
04-15 16:12:17.468 535 535 D SystemServerTiming: StartStorageStatsService
04-15 16:12:17.469 535 535 I SystemServiceManager: Starting com.android.server.usage.StorageStatsService$Lifecycle
04-15 16:12:17.471 535 657 D StorageManagerService: Thinking about reset, mBootCompleted=false, mDaemonConnected=true
04-15 16:12:17.476 443 461 D installd: Found quota mount /dev/block/dm-38 at /data
04-15 16:12:17.479 443 461 D installd: Found quota mount /dev/block/dm-38 at /data/user/0
04-15 16:12:17.487 443 443 D installd: Found quota mount /dev/block/dm-38 at /data
04-15 16:12:17.494 443 443 D installd: Found quota mount /dev/block/dm-38 at /data/user/0
04-15 16:12:17.519 535 535 V SystemServerTiming: StartStorageStatsService took to complete: 50ms
04-15 16:12:17.519 535 535 D SystemServerTiming: StartUiModeManager
04-15 16:12:17.544 535 535 I SystemServiceManager: Starting com.android.server.UiModeManagerService
04-15 16:12:17.562 535 535 V SystemServerTiming: StartUiModeManager took to complete: 38ms
04-15 16:12:17.562 535 535 D SystemServerTiming: StartLocaleManagerService
04-15 16:12:17.562 535 535 I SystemServiceManager: Starting com.android.server.locales.LocaleManagerService
04-15 16:12:17.565 535 605 D SystemServerTimingAsync: InitThreadPoolExec:UiModeManager.onStart
04-15 16:12:17.565 535 605 D SystemServerInitThreadPool: Started executing UiModeManager.onStart
04-15 16:12:17.628 535 605 D SystemServerInitThreadPool: Finished executing UiModeManager.onStart
04-15 16:12:17.628 535 605 V SystemServerTimingAsync: InitThreadPoolExec:UiModeManager.onStart took to complete: 63ms
04-15 16:12:17.692 535 535 V SystemServerTiming: StartLocaleManagerService took to complete: 130ms
04-15 16:12:17.693 535 535 D SystemServerTiming: StartGrammarInflectionService
04-15 16:12:17.694 535 535 I SystemServiceManager: Starting com.android.server.grammaticalinflection.GrammaticalInflectionService
04-15 16:12:17.701 535 535 V SystemServerTiming: StartGrammarInflectionService took to complete: 8ms
04-15 16:12:17.701 535 535 D SystemServerTiming: StartAppHibernationService
04-15 16:12:17.702 535 535 I SystemServiceManager: Starting com.android.server.apphibernation.AppHibernationService
04-15 16:12:17.719 535 535 V SystemServerTiming: StartAppHibernationService took to complete: 17ms
04-15 16:12:17.720 535 535 D SystemServerTiming: ArtManagerLocal
04-15 16:12:17.725 535 535 V SystemServerTiming: ArtManagerLocal took to complete: 4ms
04-15 16:12:17.725 535 535 D SystemServerTiming: UpdatePackagesIfNeeded
04-15 16:12:17.726 535 535 I Watchdog: Pausing HandlerChecker: main thread for reason: dexopt. Pause count: 1
04-15 16:12:17.726 535 535 I PackageManager: Starting boot dexopt for reason first-boot
04-15 16:12:17.747 535 535 I ArtService: Dexopting packages
04-15 16:12:17.780 0 0 I servicemanager: Since 'artd' could not be found, trying to start it as a lazy AIDL service. (if it's not configured to be a lazy service, it may be stuck starting or still starting).
04-15 16:12:17.802 0 0 I init : starting service 'artd'...
04-15 16:12:17.859 0 0 I init : ... started service 'artd' has pid 663
04-15 16:12:17.859 0 0 I init : Control message: Processed ctl.interface_start for 'aidl/artd' from pid: 131 (/system/bin/servicemanager)
04-15 16:12:18.540 663 663 I artd : Starting artd
04-15 16:12:18.545 663 663 I AidlLazyServiceRegistrar: Registering service artd
04-15 16:12:18.573 0 0 I BpBinder: onLastStrongRef automatically unlinking death recipients:
04-15 16:12:18.605 535 661 I RolesPersistenceImpl: roles.xml not found
04-15 16:12:18.606 535 661 I RoleServicePlatformHelperImpl: Legacy roles.xml not found
04-15 16:12:18.626 663 667 I AidlLazyServiceRegistrar: Process has 1 (of 1 available) client(s) in use after notification artd has clients: 1
04-15 16:12:18.634 0 0 I servicemanager: Notifying artd they do (previously: don't) have clients when service is guaranteed to be in use
04-15 16:12:19.383 535 661 I ArtService: Dexopt result: [packageName = com.android.systemui] DexContainerFileDexoptResult{dexContainerFile=/system_ext/priv-app/SystemUI/SystemUI.apk, primaryAbi=true, abi=x86_64, actualCompilerFilter=verify, status=SKIPPED, dex2oatWallTimeMillis=0, dex2oatCpuTimeMillis=0, sizeBytes=0, sizeBeforeBytes=0}
04-15 16:12:19.475 535 661 I ArtService: Dexopt result: [packageName = com.android.settings] DexContainerFileDexoptResult{dexContainerFile=/system_ext/priv-app/Settings/Settings.apk, primaryAbi=true, abi=x86_64, actualCompilerFilter=verify, status=SKIPPED, dex2oatWallTimeMillis=0, dex2oatCpuTimeMillis=0, sizeBytes=0, sizeBeforeBytes=0}
04-15 16:12:19.567 535 661 I ArtService: Dexopt result: [packageName = com.android.server.telecom] DexContainerFileDexoptResult{dexContainerFile=/system/priv-app/Telecom/Telecom.apk, primaryAbi=true, abi=x86_64, actualCompilerFilter=verify, status=SKIPPED, dex2oatWallTimeMillis=0, dex2oatCpuTimeMillis=0, sizeBytes=0, sizeBeforeBytes=0}
04-15 16:12:19.668 535 661 I ArtService: Dexopt result: [packageName = com.android.dialer] DexContainerFileDexoptResult{dexContainerFile=/product/priv-app/Dialer/Dialer.apk, primaryAbi=true, abi=x86_64, actualCompilerFilter=verify, status=SKIPPED, dex2oatWallTimeMillis=0, dex2oatCpuTimeMillis=0, sizeBytes=0, sizeBeforeBytes=0}
04-15 16:12:19.712 535 661 I ArtService: Dexopt result: [packageName = com.android.emulator.radio.config] DexContainerFileDexoptResult{dexContainerFile=/system_ext/priv-app/EmulatorRadioConfig/EmulatorRadioConfig.apk, primaryAbi=true, abi=x86_64, actualCompilerFilter=verify, status=SKIPPED, dex2oatWallTimeMillis=0, dex2oatCpuTimeMillis=0, sizeBytes=0, sizeBeforeBytes=0}
04-15 16:12:19.756 535 661 I ArtService: Dexopt result: [packageName = com.android.emergency] DexContainerFileDexoptResult{dexContainerFile=/system_ext/priv-app/EmergencyInfo/EmergencyInfo.apk, primaryAbi=true, abi=x86_64, actualCompilerFilter=verify, status=SKIPPED, dex2oatWallTimeMillis=0, dex2oatCpuTimeMillis=0, sizeBytes=0, sizeBeforeBytes=0}
04-15 16:12:19.836 535 661 I ArtService: Dexopt result: [packageName = com.android.traceur] DexContainerFileDexoptResult{dexContainerFile=/system/app/Traceur/Traceur.apk, primaryAbi=true, abi=x86_64, actualCompilerFilter=verify, status=SKIPPED, dex2oatWallTimeMillis=0, dex2oatCpuTimeMillis=0, sizeBytes=0, sizeBeforeBytes=0}
04-15 16:12:19.888 535 661 I ArtService: Dexopt result: [packageName = com.android.storagemanager] DexContainerFileDexoptResult{dexContainerFile=/system_ext/priv-app/StorageManager/StorageManager.apk, primaryAbi=true, abi=x86_64, actualCompilerFilter=verify, status=SKIPPED, dex2oatWallTimeMillis=0, dex2oatCpuTimeMillis=0, sizeBytes=0, sizeBeforeBytes=0}
04-15 16:12:19.956 535 661 I ArtService: Dexopt result: [packageName = com.android.launcher3] DexContainerFileDexoptResult{dexContainerFile=/system_ext/priv-app/Launcher3QuickStep/Launcher3QuickStep.apk, primaryAbi=true, abi=x86_64, actualCompilerFilter=verify, status=SKIPPED, dex2oatWallTimeMillis=0, dex2oatCpuTimeMillis=0, sizeBytes=0, sizeBeforeBytes=0}
04-15 16:12:20.016 535 661 I ArtService: Dexopt result: [packageName = com.android.managedprovisioning] DexContainerFileDexoptResult{dexContainerFile=/system/priv-app/ManagedProvisioning/ManagedProvisioning.apk, primaryAbi=true, abi=x86_64, actualCompilerFilter=verify, status=SKIPPED, dex2oatWallTimeMillis=0, dex2oatCpuTimeMillis=0, sizeBytes=0, sizeBeforeBytes=0}
04-15 16:12:20.101 535 661 I ArtService: Dexopt result: [packageName = com.android.credentialmanager] DexContainerFileDexoptResult{dexContainerFile=/system/priv-app/CredentialManager/CredentialManager.apk, primaryAbi=true, abi=x86_64, actualCompilerFilter=verify, status=SKIPPED, dex2oatWallTimeMillis=0, dex2oatCpuTimeMillis=0, sizeBytes=0, sizeBeforeBytes=0}
04-15 16:12:20.172 535 661 I ArtService: Dexopt result: [packageName = com.android.deskclock] DexContainerFileDexoptResult{dexContainerFile=/product/app/DeskClock/DeskClock.apk, primaryAbi=true, abi=x86_64, actualCompilerFilter=verify, status=SKIPPED, dex2oatWallTimeMillis=0, dex2oatCpuTimeMillis=0, sizeBytes=0, sizeBeforeBytes=0}
04-15 16:12:20.227 535 661 I ArtService: Dexopt result: [packageName = com.android.webview] DexContainerFileDexoptResult{dexContainerFile=/product/app/webview/webview.apk, primaryAbi=true, abi=x86_64, actualCompilerFilter=verify, status=SKIPPED, dex2oatWallTimeMillis=0, dex2oatCpuTimeMillis=0, sizeBytes=0, sizeBeforeBytes=0}
04-15 16:12:20.277 535 661 I ArtService: Dexopt result: [packageName = com.android.messaging] DexContainerFileDexoptResult{dexContainerFile=/product/app/messaging/messaging.apk, primaryAbi=true, abi=x86_64, actualCompilerFilter=verify, status=SKIPPED, dex2oatWallTimeMillis=0, dex2oatCpuTimeMillis=0, sizeBytes=0, sizeBeforeBytes=0}
04-15 16:12:20.312 535 661 I ArtService: Dexopt result: [packageName = com.android.settings.intelligence] DexContainerFileDexoptResult{dexContainerFile=/product/priv-app/SettingsIntelligence/SettingsIntelligence.apk, primaryAbi=true, abi=x86_64, actualCompilerFilter=verify, status=SKIPPED, dex2oatWallTimeMillis=0, dex2oatCpuTimeMillis=0, sizeBytes=0, sizeBeforeBytes=0}
04-15 16:12:20.348 535 661 I ArtService: Dexopt result: [packageName = com.android.quicksearchbox] DexContainerFileDexoptResult{dexContainerFile=/product/app/QuickSearchBox/QuickSearchBox.apk, primaryAbi=true, abi=x86_64, actualCompilerFilter=verify, status=SKIPPED, dex2oatWallTimeMillis=0, dex2oatCpuTimeMillis=0, sizeBytes=0, sizeBeforeBytes=0}
04-15 16:12:20.390 535 661 I ArtService: Dexopt result: [packageName = com.android.dreams.phototable] DexContainerFileDexoptResult{dexContainerFile=/product/app/PhotoTable/PhotoTable.apk, primaryAbi=true, abi=x86_64, actualCompilerFilter=verify, status=SKIPPED, dex2oatWallTimeMillis=0, dex2oatCpuTimeMillis=0, sizeBytes=0, sizeBeforeBytes=0}
04-15 16:12:20.415 535 661 I ArtService: Dexopt result: [packageName = com.android.music] DexContainerFileDexoptResult{dexContainerFile=/product/app/Music/Music.apk, primaryAbi=true, abi=x86_64, actualCompilerFilter=verify, status=SKIPPED, dex2oatWallTimeMillis=0, dex2oatCpuTimeMillis=0, sizeBytes=0, sizeBeforeBytes=0}
04-15 16:12:20.464 535 661 I ArtService: Dexopt result: [packageName = com.android.wallpaperpicker] DexContainerFileDexoptResult{dexContainerFile=/product/app/WallpaperPicker/WallpaperPicker.apk, primaryAbi=true, abi=x86_64, actualCompilerFilter=verify, status=SKIPPED, dex2oatWallTimeMillis=0, dex2oatCpuTimeMillis=0, sizeBytes=0, sizeBeforeBytes=0}
04-15 16:12:20.493 535 661 I ArtService: Dexopt result: [packageName = com.android.wallpapercropper] DexContainerFileDexoptResult{dexContainerFile=/system_ext/priv-app/WallpaperCropper/WallpaperCropper.apk, primaryAbi=true, abi=x86_64, actualCompilerFilter=verify, status=SKIPPED, dex2oatWallTimeMillis=0, dex2oatCpuTimeMillis=0, sizeBytes=0, sizeBeforeBytes=0}
04-15 16:12:20.525 0 0 W healthd : battery l=100 v=5000 t=25.0 h=2 st=2 c=900000 fc=3000000 cc=10 chg=a
04-15 16:12:20.558 535 661 I ArtService: Dexopt result: [packageName = com.android.contacts] DexContainerFileDexoptResult{dexContainerFile=/product/priv-app/Contacts/Contacts.apk, primaryAbi=true, abi=x86_64, actualCompilerFilter=verify, status=SKIPPED, dex2oatWallTimeMillis=0, dex2oatCpuTimeMillis=0, sizeBytes=0, sizeBeforeBytes=0}
04-15 16:12:20.620 535 661 I ArtService: Dexopt result: [packageName = com.android.inputmethod.latin] DexContainerFileDexoptResult{dexContainerFile=/product/app/LatinIME/LatinIME.apk, primaryAbi=true, abi=x86_64, actualCompilerFilter=verify, status=SKIPPED, dex2oatWallTimeMillis=0, dex2oatCpuTimeMillis=0, sizeBytes=0, sizeBeforeBytes=0}
04-15 16:12:20.681 535 661 I ArtService: Dexopt result: [packageName = com.android.imsserviceentitlement] DexContainerFileDexoptResult{dexContainerFile=/product/priv-app/ImsServiceEntitlement/ImsServiceEntitlement.apk, primaryAbi=true, abi=x86_64, actualCompilerFilter=verify, status=SKIPPED, dex2oatWallTimeMillis=0, dex2oatCpuTimeMillis=0, sizeBytes=0, sizeBeforeBytes=0}
04-15 16:12:20.731 535 661 I ArtService: Dexopt result: [packageName = com.android.carrierconfig] DexContainerFileDexoptResult{dexContainerFile=/system_ext/priv-app/CarrierConfig/CarrierConfig.apk, primaryAbi=true, abi=x86_64, actualCompilerFilter=verify, status=SKIPPED, dex2oatWallTimeMillis=0, dex2oatCpuTimeMillis=0, sizeBytes=0, sizeBeforeBytes=0}
04-15 16:12:20.772 0 0 I init : Service 'exec 19 (/system/bin/extra_free_kbytes.sh 30375)' (pid 655) exited with status 0 waiting took 3.494000 seconds
04-15 16:12:20.772 0 0 I init : Sending signal 9 to service 'exec 19 (/system/bin/extra_free_kbytes.sh 30375)' (pid 655) process group...
04-15 16:12:20.778 0 0 I libprocessgroup: Successfully killed process cgroup uid 0 pid 655 in 5ms
04-15 16:12:20.796 535 661 I ArtService: Dexopt result: [packageName = com.android.gallery3d] DexContainerFileDexoptResult{dexContainerFile=/product/app/Gallery2/Gallery2.apk, primaryAbi=true, abi=x86_64, actualCompilerFilter=verify, status=SKIPPED, dex2oatWallTimeMillis=0, dex2oatCpuTimeMillis=0, sizeBytes=0, sizeBeforeBytes=0}
04-15 16:12:20.823 535 661 I ArtService: Dexopt result: [packageName = com.android.camera2] DexContainerFileDexoptResult{dexContainerFile=/product/app/Camera2/Camera2.apk, primaryAbi=true, abi=x86_64, actualCompilerFilter=verify, status=SKIPPED, dex2oatWallTimeMillis=0, dex2oatCpuTimeMillis=0, sizeBytes=0, sizeBeforeBytes=0}
04-15 16:12:20.859 535 661 I ArtService: Dexopt result: [packageName = com.android.calendar] DexContainerFileDexoptResult{dexContainerFile=/product/app/Calendar/Calendar.apk, primaryAbi=true, abi=x86_64, actualCompilerFilter=verify, status=SKIPPED, dex2oatWallTimeMillis=0, dex2oatCpuTimeMillis=0, sizeBytes=0, sizeBeforeBytes=0}
04-15 16:12:20.910 535 661 I ArtService: Dexopt result: [packageName = com.android.systemui.accessibility.accessibilitymenu] DexContainerFileDexoptResult{dexContainerFile=/system_ext/priv-app/AccessibilityMenu/AccessibilityMenu.apk, primaryAbi=true, abi=x86_64, actualCompilerFilter=verify, status=SKIPPED, dex2oatWallTimeMillis=0, dex2oatCpuTimeMillis=0, sizeBytes=0, sizeBeforeBytes=0}
04-15 16:12:20.959 535 661 I ArtService: Dexopt result: [packageName = com.android.sdksetup] DexContainerFileDexoptResult{dexContainerFile=/system_ext/priv-app/SdkSetup/SdkSetup.apk, primaryAbi=true, abi=x86_64, actualCompilerFilter=verify, status=SKIPPED, dex2oatWallTimeMillis=0, dex2oatCpuTimeMillis=0, sizeBytes=0, sizeBeforeBytes=0}
04-15 16:12:21.068 535 661 I ArtService: Dexopt result: [packageName = org.chromium.webview_shell] DexContainerFileDexoptResult{dexContainerFile=/product/app/Browser2/Browser2.apk, primaryAbi=true, abi=x86_64, actualCompilerFilter=verify, status=SKIPPED, dex2oatWallTimeMillis=0, dex2oatCpuTimeMillis=0, sizeBytes=0, sizeBeforeBytes=0}
04-15 16:12:21.108 327 334 W ServiceManagerCppClient: Service statscompanion didn't start. Returning NULL
04-15 16:12:21.109 327 334 E statsd : Uid 1000 does not have the android.permission.REGISTER_STATS_PULL_ATOM permission when registering atom 10110 (-1)
04-15 16:12:21.137 535 661 I ArtService: Dexopt result: [packageName = com.android.emulator.multidisplay] DexContainerFileDexoptResult{dexContainerFile=/system_ext/priv-app/MultiDisplayProvider/MultiDisplayProvider.apk, primaryAbi=true, abi=x86_64, actualCompilerFilter=verify, status=SKIPPED, dex2oatWallTimeMillis=0, dex2oatCpuTimeMillis=0, sizeBytes=0, sizeBeforeBytes=0}
04-15 16:12:21.220 535 661 I ArtService: Dexopt result: [packageName = com.android.egg] DexContainerFileDexoptResult{dexContainerFile=/system/app/EasterEgg/EasterEgg.apk, primaryAbi=true, abi=x86_64, actualCompilerFilter=verify, status=SKIPPED, dex2oatWallTimeMillis=0, dex2oatCpuTimeMillis=0, sizeBytes=0, sizeBeforeBytes=0}
04-15 16:12:21.267 535 661 I ArtService: Dexopt result: [packageName = com.android.documentsui] DexContainerFileDexoptResult{dexContainerFile=/system/priv-app/DocumentsUI/DocumentsUI.apk, primaryAbi=true, abi=x86_64, actualCompilerFilter=verify, status=SKIPPED, dex2oatWallTimeMillis=0, dex2oatCpuTimeMillis=0, sizeBytes=0, sizeBeforeBytes=0}
04-15 16:12:21.332 535 661 I ArtService: Dexopt result: [packageName = com.android.phone] DexContainerFileDexoptResult{dexContainerFile=/system/priv-app/TeleService/TeleService.apk, primaryAbi=true, abi=x86_64, actualCompilerFilter=verify, status=SKIPPED, dex2oatWallTimeMillis=0, dex2oatCpuTimeMillis=0, sizeBytes=0, sizeBeforeBytes=0}
04-15 16:12:21.557 535 661 W system_server: Long monitor contention with owner PackageManager (592) at void com.android.server.pm.permission.LegacyPermissionSettings.writePermissions(com.android.modules.utils.TypedXmlSerializer)(LegacyPermissionSettings.java:142) waiters=0 in com.android.server.pm.Computer com.android.server.pm.PackageManagerService.snapshotComputer(boolean) for 222ms
04-15 16:12:21.565 535 547 I system_server: Background young concurrent copying GC freed 76688(4278KB) AllocSpace objects, 23(460KB) LOS objects, 38% free, 7991KB/12MB, paused 332us,157us total 159.459ms
04-15 16:12:21.588 535 661 I ArtService: Dexopt result: [packageName = com.android.intentresolver] DexContainerFileDexoptResult{dexContainerFile=/system/priv-app/IntentResolver/IntentResolver.apk, primaryAbi=true, abi=x86_64, actualCompilerFilter=verify, status=SKIPPED, dex2oatWallTimeMillis=0, dex2oatCpuTimeMillis=0, sizeBytes=0, sizeBeforeBytes=0}
04-15 16:12:21.684 535 661 I ArtService: Dexopt result: [packageName = com.android.nfc] DexContainerFileDexoptResult{dexContainerFile=/system/app/NfcNci/NfcNci.apk, primaryAbi=true, abi=x86_64, actualCompilerFilter=verify, status=SKIPPED, dex2oatWallTimeMillis=0, dex2oatCpuTimeMillis=0, sizeBytes=0, sizeBeforeBytes=0}
04-15 16:12:21.735 535 661 I ArtService: Dexopt result: [packageName = com.android.stk] DexContainerFileDexoptResult{dexContainerFile=/system/app/Stk/Stk.apk, primaryAbi=true, abi=x86_64, actualCompilerFilter=verify, status=SKIPPED, dex2oatWallTimeMillis=0, dex2oatCpuTimeMillis=0, sizeBytes=0, sizeBeforeBytes=0}
04-15 16:12:21.781 535 661 I ArtService: Dexopt result: [packageName = com.android.wallpaper.livepicker] DexContainerFileDexoptResult{dexContainerFile=/system/priv-app/LiveWallpapersPicker/LiveWallpapersPicker.apk, primaryAbi=true, abi=x86_64, actualCompilerFilter=verify, status=SKIPPED, dex2oatWallTimeMillis=0, dex2oatCpuTimeMillis=0, sizeBytes=0, sizeBeforeBytes=0}
04-15 16:12:21.863 535 661 I ArtService: Dexopt result: [packageName = com.android.keychain] DexContainerFileDexoptResult{dexContainerFile=/system/app/KeyChain/KeyChain.apk, primaryAbi=true, abi=x86_64, actualCompilerFilter=verify, status=SKIPPED, dex2oatWallTimeMillis=0, dex2oatCpuTimeMillis=0, sizeBytes=0, sizeBeforeBytes=0}
04-15 16:12:21.915 535 661 I ArtService: Dexopt result: [packageName = com.android.statementservice] DexContainerFileDexoptResult{dexContainerFile=/system/priv-app/StatementService/StatementService.apk, primaryAbi=true, abi=x86_64, actualCompilerFilter=verify, status=SKIPPED, dex2oatWallTimeMillis=0, dex2oatCpuTimeMillis=0, sizeBytes=0, sizeBeforeBytes=0}
04-15 16:12:21.970 535 661 I ArtService: Dexopt result: [packageName = com.android.packageinstaller] DexContainerFileDexoptResult{dexContainerFile=/system/priv-app/PackageInstaller/PackageInstaller.apk, primaryAbi=true, abi=x86_64, actualCompilerFilter=verify, status=SKIPPED, dex2oatWallTimeMillis=0, dex2oatCpuTimeMillis=0, sizeBytes=0, sizeBeforeBytes=0}
04-15 16:12:22.022 535 661 I ArtService: Dexopt result: [packageName = com.android.companiondevicemanager] DexContainerFileDexoptResult{dexContainerFile=/system/app/CompanionDeviceManager/CompanionDeviceManager.apk, primaryAbi=true, abi=x86_64, actualCompilerFilter=verify, status=SKIPPED, dex2oatWallTimeMillis=0, dex2oatCpuTimeMillis=0, sizeBytes=0, sizeBeforeBytes=0}
04-15 16:12:22.070 535 661 I ArtService: Dexopt result: [packageName = com.android.mtp] DexContainerFileDexoptResult{dexContainerFile=/system/priv-app/MtpService/MtpService.apk, primaryAbi=true, abi=x86_64, actualCompilerFilter=verify, status=SKIPPED, dex2oatWallTimeMillis=0, dex2oatCpuTimeMillis=0, sizeBytes=0, sizeBeforeBytes=0}
04-15 16:12:22.122 535 661 I ArtService: Dexopt result: [packageName = com.android.soundpicker] DexContainerFileDexoptResult{dexContainerFile=/system/priv-app/SoundPicker/SoundPicker.apk, primaryAbi=true, abi=x86_64, actualCompilerFilter=verify, status=SKIPPED, dex2oatWallTimeMillis=0, dex2oatCpuTimeMillis=0, sizeBytes=0, sizeBeforeBytes=0}
04-15 16:12:22.169 535 661 I ArtService: Dexopt result: [packageName = com.android.shell] DexContainerFileDexoptResult{dexContainerFile=/system/priv-app/Shell/Shell.apk, primaryAbi=true, abi=x86_64, actualCompilerFilter=verify, status=SKIPPED, dex2oatWallTimeMillis=0, dex2oatCpuTimeMillis=0, sizeBytes=0, sizeBeforeBytes=0}
04-15 16:12:22.207 535 661 I ArtService: Dexopt result: [packageName = com.android.providers.media] DexContainerFileDexoptResult{dexContainerFile=/system/priv-app/MediaProviderLegacy/MediaProviderLegacy.apk, primaryAbi=true, abi=x86_64, actualCompilerFilter=verify, status=SKIPPED, dex2oatWallTimeMillis=0, dex2oatCpuTimeMillis=0, sizeBytes=0, sizeBeforeBytes=0}
04-15 16:12:22.240 535 661 I ArtService: Dexopt result: [packageName = com.android.providers.settings] DexContainerFileDexoptResult{dexContainerFile=/system/priv-app/SettingsProvider/SettingsProvider.apk, primaryAbi=true, abi=x86_64, actualCompilerFilter=verify, status=SKIPPED, dex2oatWallTimeMillis=0, dex2oatCpuTimeMillis=0, sizeBytes=0, sizeBeforeBytes=0}
04-15 16:12:22.286 535 661 I ArtService: Dexopt result: [packageName = com.android.cellbroadcastreceiver] DexContainerFileDexoptResult{dexContainerFile=/system/priv-app/CellBroadcastLegacyApp/CellBroadcastLegacyApp.apk, primaryAbi=true, abi=x86_64, actualCompilerFilter=verify, status=SKIPPED, dex2oatWallTimeMillis=0, dex2oatCpuTimeMillis=0, sizeBytes=0, sizeBeforeBytes=0}
04-15 16:12:22.329 535 661 I ArtService: Dexopt result: [packageName = com.android.simappdialog] DexContainerFileDexoptResult{dexContainerFile=/system/app/SimAppDialog/SimAppDialog.apk, primaryAbi=true, abi=x86_64, actualCompilerFilter=verify, status=SKIPPED, dex2oatWallTimeMillis=0, dex2oatCpuTimeMillis=0, sizeBytes=0, sizeBeforeBytes=0}
04-15 16:12:22.358 535 661 I ArtService: Dexopt result: [packageName = com.android.apps.tag] DexContainerFileDexoptResult{dexContainerFile=/system/priv-app/Tag/Tag.apk, primaryAbi=true, abi=x86_64, actualCompilerFilter=verify, status=SKIPPED, dex2oatWallTimeMillis=0, dex2oatCpuTimeMillis=0, sizeBytes=0, sizeBeforeBytes=0}
04-15 16:12:22.387 535 661 I ArtService: Dexopt result: [packageName = com.android.providers.telephony] DexContainerFileDexoptResult{dexContainerFile=/system/priv-app/TelephonyProvider/TelephonyProvider.apk, primaryAbi=true, abi=x86_64, actualCompilerFilter=verify, status=SKIPPED, dex2oatWallTimeMillis=0, dex2oatCpuTimeMillis=0, sizeBytes=0, sizeBeforeBytes=0}
04-15 16:12:22.424 535 661 I ArtService: Dexopt result: [packageName = com.android.carrierdefaultapp] DexContainerFileDexoptResult{dexContainerFile=/system/app/CarrierDefaultApp/CarrierDefaultApp.apk, primaryAbi=true, abi=x86_64, actualCompilerFilter=verify, status=SKIPPED, dex2oatWallTimeMillis=0, dex2oatCpuTimeMillis=0, sizeBytes=0, sizeBeforeBytes=0}
