04-15 16:11:25.916 331 331 W audiohalservice: Could not register Bluetooth Audio API
04-15 16:11:25.986 132 132 I hwservicemanager: getTransport: Cannot find entry android.hardware.bluetooth.a2dp@1.0::IBluetoothAudioOffload/default in either framework or device VINTF manifest.
04-15 16:11:25.996 331 331 E LegacySupport: Could not get passthrough implementation for android.hardware.bluetooth.a2dp@1.0::IBluetoothAudioOffload/default.
04-15 16:11:25.997 331 331 W audiohalservice: Could not register Bluetooth Audio Offload API
04-15 16:11:26.031 393 393 I credstore: Registered binder service
04-15 16:11:26.598 396 396 I gsid : no DSU: No such file or directory
04-15 16:11:26.656 0 0 I init : Service 'exec 15 (/system/bin/gsid run-startup-tasks)' (pid 396) exited with status 0 oneshot service took 2.328000 seconds in background
04-15 16:11:26.656 0 0 I init : Sending signal 9 to service 'exec 15 (/system/bin/gsid run-startup-tasks)' (pid 396) process group...
04-15 16:11:26.662 0 0 I libprocessgroup: Successfully killed process cgroup uid 0 pid 396 in 5ms
04-15 16:11:26.822 0 0 I init : Service 'boringssl_self_test_apex64' (pid 400) exited with status 0 waiting took 1.918000 seconds
04-15 16:11:26.828 0 0 I init : Sending signal 9 to service 'boringssl_self_test_apex64' (pid 400) process group...
04-15 16:11:26.830 0 0 I libprocessgroup: Successfully killed process cgroup uid 9999 pid 400 in 1ms
04-15 16:11:26.844 0 0 I init : processing action (bootreceiver.enable=1 && ro.product.cpu.abilist64=*) from (/system/etc/init/hw/init.rc:668)
04-15 16:11:27.550 0 0 I init : Command 'mkdir /sys/kernel/tracing/instances/bootreceiver 0700 system system' action=bootreceiver.enable=1 && ro.product.cpu.abilist64=* (/system/etc/init/hw/init.rc:672) took 680ms and succeeded
04-15 16:11:27.560 0 0 I servicemanager: Found android.hardware.bluetooth.audio.IBluetoothAudioProviderFactory/default in device VINTF manifest.
04-15 16:11:27.565 331 331 I audiohalservice: createIBluetoothAudioProviderFactory() from android.hardware.bluetooth.audio-impl success
04-15 16:11:27.567 331 331 E audiohalservice: Failed to dlopen android.hardware.audio.sounddose-vendor-impl.so: dlopen failed: library "android.hardware.audio.sounddose-vendor-impl.so" not found
04-15 16:11:27.567 331 331 W audiohalservice: createISoundDoseFactory() from android.hardware.audio.sounddose-vendor-impl failed
04-15 16:11:27.645 0 0 I init : Command 'write /sys/kernel/tracing/instances/bootreceiver/events/error_report/error_report_end/enable 1' action=bootreceiver.enable=1 && ro.product.cpu.abilist64=* (/system/etc/init/hw/init.rc:676) took 79ms and succeeded
04-15 16:11:27.646 0 0 I init : processing action (net.tcp_def_init_rwnd=*) from (/system/etc/init/hw/init.rc:1242)
04-15 16:11:27.647 0 0 I init : processing action (security.perf_harden=1) from (/system/etc/init/hw/init.rc:1267)
04-15 16:11:27.648 0 0 I init : processing action (ro.debuggable=1) from (/system/etc/init/hw/init.rc:1304)
04-15 16:11:27.662 0 0 I init : processing action (sys.usb.config=adb && sys.usb.configfs=0) from (/system/etc/init/hw/init.usb.rc:40)
04-15 16:11:27.663 0 0 I init : Command 'write /sys/class/android_usb/android0/enable 0' action=sys.usb.config=adb && sys.usb.configfs=0 (/system/etc/init/hw/init.usb.rc:41) took 0ms and failed: Unable to write to file '/sys/class/android_usb/android0/enable': open() failed: Permission denied
04-15 16:11:27.663 0 0 I init : Command 'write /sys/class/android_usb/android0/idVendor 18d1' action=sys.usb.config=adb && sys.usb.configfs=0 (/system/etc/init/hw/init.usb.rc:42) took 0ms and failed: Unable to write to file '/sys/class/android_usb/android0/idVendor': open() failed: Permission denied
04-15 16:11:27.664 0 0 I init : Command 'write /sys/class/android_usb/android0/idProduct 4EE7' action=sys.usb.config=adb && sys.usb.configfs=0 (/system/etc/init/hw/init.usb.rc:43) took 0ms and failed: Unable to write to file '/sys/class/android_usb/android0/idProduct': open() failed: Permission denied
04-15 16:11:27.664 0 0 I init : Command 'write /sys/class/android_usb/android0/functions ${sys.usb.config}' action=sys.usb.config=adb && sys.usb.configfs=0 (/system/etc/init/hw/init.usb.rc:44) took 0ms and failed: Unable to write to file '/sys/class/android_usb/android0/functions': open() failed: Permission denied
04-15 16:11:27.681 0 0 I init : Command 'write /sys/class/android_usb/android0/enable 1' action=sys.usb.config=adb && sys.usb.configfs=0 (/system/etc/init/hw/init.usb.rc:45) took 16ms and failed: Unable to write to file '/sys/class/android_usb/android0/enable': open() failed: Permission denied
04-15 16:11:27.683 0 0 I init : starting service 'adbd'...
04-15 16:11:27.697 0 0 I init : Created socket '/dev/socket/adbd', mode 660, user 1000, group 1000
04-15 16:11:27.849 0 0 I init : ... started service 'adbd' has pid 408
04-15 16:11:27.850 0 0 I init : Command 'start adbd' action=sys.usb.config=adb && sys.usb.configfs=0 (/system/etc/init/hw/init.usb.rc:46) took 168ms and succeeded
04-15 16:11:27.898 0 0 I init : processing action (vendor.qemu.timezone=*) from (/vendor/etc/init/hw/init.ranchu.rc:104)
04-15 16:11:27.965 0 0 I init : Command 'setprop persist.sys.timezone ${vendor.qemu.timezone}' action=vendor.qemu.timezone=* (/vendor/etc/init/hw/init.ranchu.rc:105) took 67ms and succeeded
04-15 16:11:27.966 0 0 I init : processing action (vendor.qemu.vport.bluetooth=*) from (/vendor/etc/init/hw/init.ranchu.rc:180)
04-15 16:11:27.968 0 0 I init : processing action (init.svc.audioserver=running) from (/system/etc/init/audioserver.rc:35)
04-15 16:11:27.968 0 0 I init : service 'vendor.audio-hal' requested start, but it is already running (flags: 4)
04-15 16:11:27.968 0 0 I init : Command 'start vendor.audio-hal-aidl' action=init.svc.audioserver=running (/system/etc/init/audioserver.rc:37) took 0ms and failed: service vendor.audio-hal-aidl not found
04-15 16:11:27.968 0 0 I init : Command 'start vendor.audio-effect-hal-aidl' action=init.svc.audioserver=running (/system/etc/init/audioserver.rc:38) took 0ms and failed: service vendor.audio-effect-hal-aidl not found
04-15 16:11:27.999 0 0 I init : Command 'start vendor.audio-hal-4-0-msd' action=init.svc.audioserver=running (/system/etc/init/audioserver.rc:39) took 0ms and failed: service vendor.audio-hal-4-0-msd not found
04-15 16:11:27.999 0 0 I init : Command 'start audio_proxy_service' action=init.svc.audioserver=running (/system/etc/init/audioserver.rc:40) took 0ms and failed: service audio_proxy_service not found
04-15 16:11:27.999 0 0 I init : processing action (ro.persistent_properties.ready=true) from (/system/etc/init/bootstat.rc:57)
04-15 16:11:28.006 0 0 I init : processing action (ro.persistent_properties.ready=true) from (/system/etc/init/bootstat.rc:61)
04-15 16:11:28.007 0 0 I init : starting service 'exec 17 (/system/bin/bootstat --set_system_boot_reason)'...
04-15 16:11:28.062 329 329 D AndroidRuntime: >>>>>> START com.android.internal.os.ZygoteInit uid 0 <<<<<<
04-15 16:11:28.085 0 0 I init : ... started service 'exec 17 (/system/bin/bootstat --set_system_boot_reason)' has pid 409
04-15 16:11:28.086 0 0 I init : Command 'exec_background - system log -- /system/bin/bootstat --set_system_boot_reason' action=ro.persistent_properties.ready=true (/system/etc/init/bootstat.rc:64) took 79ms and succeeded
04-15 16:11:28.086 0 0 I init : processing action (bootreceiver.enable=1 && ro.product.cpu.abilist64=*) from (/system/etc/init/dmesgd.rc:7)
04-15 16:11:28.101 0 0 I init : Command 'rm /data/misc/dmesgd/sent_reports.txt' action=bootreceiver.enable=1 && ro.product.cpu.abilist64=* (/system/etc/init/dmesgd.rc:9) took 12ms and failed: unlink() failed: No such file or directory
04-15 16:11:28.101 0 0 I init : processing action (persist.heapprofd.enable= && traced.lazy.heapprofd=) from (/system/etc/init/heapprofd.rc:49)
04-15 16:11:28.114 0 0 I init : processing action (ro.debuggable=1) from (/system/etc/init/llkd-debuggable.rc:1)
04-15 16:11:28.125 0 0 I init : processing action (ro.debuggable=*) from (/system/etc/init/llkd.rc:2)
04-15 16:11:28.136 0 0 I init : processing action (debug.atrace.user_initiated= && persist.traced.enable=1) from (/system/etc/init/perfetto.rc:47)
04-15 16:11:28.177 0 0 I init : starting service 'traced_probes'...
04-15 16:11:28.335 329 329 I AndroidRuntime: Using default boot image
04-15 16:11:28.346 0 0 I init : ... started service 'traced_probes' has pid 410
04-15 16:11:28.347 0 0 I init : Command 'start traced_probes' action=debug.atrace.user_initiated= && persist.traced.enable=1 (/system/etc/init/perfetto.rc:48) took 210ms and succeeded
04-15 16:11:28.347 0 0 I init : processing action (persist.traced.enable=1) from (/system/etc/init/perfetto.rc:50)
04-15 16:11:28.348 329 329 I AndroidRuntime: Leaving lock profiling enabled
04-15 16:11:28.406 329 329 I zygote64: option[0]=-Xzygote
04-15 16:11:28.406 329 329 I zygote64: option[1]=exit
04-15 16:11:28.406 329 329 I zygote64: option[2]=vfprintf
04-15 16:11:28.406 329 329 I zygote64: option[3]=sensitiveThread
04-15 16:11:28.406 329 329 I zygote64: option[4]=-verbose:gc
04-15 16:11:28.406 329 329 I zygote64: option[5]=-XX:PerfettoHprof=true
04-15 16:11:28.406 329 329 I zygote64: option[6]=-XX:PerfettoJavaHeapStackProf=true
04-15 16:11:28.406 329 329 I zygote64: option[7]=-Xprimaryzygote
04-15 16:11:28.407 329 329 I zygote64: option[8]=-Xms8m
04-15 16:11:28.407 329 329 I zygote64: option[9]=-Xmx512m
04-15 16:11:28.407 329 329 I zygote64: option[10]=-XX:HeapGrowthLimit=192m
04-15 16:11:28.407 329 329 I zygote64: option[11]=-XX:HeapMinFree=512k
04-15 16:11:28.407 329 329 I zygote64: option[12]=-XX:HeapMaxFree=8m
04-15 16:11:28.407 329 329 I zygote64: option[13]=-XX:HeapTargetUtilization=0.75
04-15 16:11:28.407 329 329 I zygote64: option[14]=-Xusejit:true
04-15 16:11:28.407 329 329 I zygote64: option[15]=-Xjitsaveprofilinginfo
04-15 16:11:28.407 329 329 I zygote64: option[16]=-XMadviseWillNeedVdexFileSize:104857600
04-15 16:11:28.407 329 329 I zygote64: option[17]=-XMadviseWillNeedOdexFileSize:104857600
04-15 16:11:28.407 329 329 I zygote64: option[18]=-XMadviseWillNeedArtFileSize:4294967295
04-15 16:11:28.407 329 329 I zygote64: option[19]=-XjdwpOptions:suspend=n,server=y
04-15 16:11:28.407 329 329 I zygote64: option[20]=-XjdwpProvider:default
04-15 16:11:28.425 329 329 I zygote64: option[21]=-Xopaque-jni-ids:swapable
04-15 16:11:28.426 329 329 I zygote64: option[22]=-Xlockprofthreshold:500
04-15 16:11:28.426 329 329 I zygote64: option[23]=-Xcompiler-option
04-15 16:11:28.426 329 329 I zygote64: option[24]=--instruction-set-variant=x86_64
04-15 16:11:28.426 329 329 I zygote64: option[25]=-Xcompiler-option
04-15 16:11:28.426 329 329 I zygote64: option[26]=--instruction-set-features=default
04-15 16:11:28.426 329 329 I zygote64: option[27]=-Xcompiler-option
04-15 16:11:28.426 329 329 I zygote64: option[28]=--generate-mini-debug-info
04-15 16:11:28.426 329 329 I zygote64: option[29]=-Ximage-compiler-option
04-15 16:11:28.426 329 329 I zygote64: option[30]=--runtime-arg
04-15 16:11:28.426 329 329 I zygote64: option[31]=-Ximage-compiler-option
04-15 16:11:28.426 329 329 I zygote64: option[32]=-Xms64m
04-15 16:11:28.426 329 329 I zygote64: option[33]=-Ximage-compiler-option
04-15 16:11:28.426 329 329 I zygote64: option[34]=--runtime-arg
04-15 16:11:28.427 329 329 I zygote64: option[35]=-Ximage-compiler-option
04-15 16:11:28.427 329 329 I zygote64: option[36]=-Xmx64m
04-15 16:11:28.427 329 329 I zygote64: option[37]=-Ximage-compiler-option
04-15 16:11:28.427 329 329 I zygote64: option[38]=--dirty-image-objects=/system/etc/dirty-image-objects
04-15 16:11:28.427 329 329 I zygote64: option[39]=-Ximage-compiler-option
04-15 16:11:28.427 329 329 I zygote64: option[40]=--instruction-set-variant=x86_64
04-15 16:11:28.427 329 329 I zygote64: option[41]=-Ximage-compiler-option
04-15 16:11:28.427 329 329 I zygote64: option[42]=--instruction-set-features=default
04-15 16:11:28.427 329 329 I zygote64: option[43]=-Ximage-compiler-option
04-15 16:11:28.427 329 329 I zygote64: option[44]=--generate-mini-debug-info
04-15 16:11:28.427 329 329 I zygote64: option[45]=-Duser.locale=en-US
04-15 16:11:28.427 329 329 I zygote64: option[46]=--cpu-abilist=x86_64
04-15 16:11:28.427 329 329 I zygote64: option[47]=-Xcore-platform-api-policy:just-warn
04-15 16:11:28.428 329 329 I zygote64: option[48]=-Xfingerprint:Android/sdk_phone64_x86_64/emu64x:14/UE1A.230829.036.A1/11228894:userdebug/test-keys
04-15 16:11:28.477 0 0 I init : Command 'mkdir /data/misc/perfetto-configs 0775 root shell' action=persist.traced.enable=1 (/system/etc/init/perfetto.rc:63) took 55ms and succeeded
04-15 16:11:28.479 0 0 I init : starting service 'traced'...
04-15 16:11:28.480 0 0 I init : Created socket '/dev/socket/traced_consumer', mode 666, user 0, group 0
04-15 16:11:28.543 0 0 I init : Created socket '/dev/socket/traced_producer', mode 666, user 0, group 0
04-15 16:11:28.587 409 409 I bootstat: Service started: /system/bin/bootstat --set_system_boot_reason
04-15 16:11:28.602 409 409 I bootstat: Canonical boot reason: reboot
04-15 16:11:28.603 409 409 I bootstat: Canonical boot reason: reboot
04-15 16:11:28.790 409 409 E bootstat: Failed to read /metadata/bootstat/persist.sys.boot.reason: No such file or directory
04-15 16:11:28.790 409 409 I bootstat: Value of persist.sys.boot.reason :
04-15 16:11:28.790 409 409 I bootstat: Normalized last reboot reason : reboot
04-15 16:11:28.811 0 0 I init : ... started service 'traced' has pid 411
04-15 16:11:28.812 0 0 I init : Command 'start traced' action=persist.traced.enable=1 (/system/etc/init/perfetto.rc:65) took 333ms and succeeded
04-15 16:11:28.812 0 0 I init : service 'traced_probes' requested start, but it is already running (flags: 132)
04-15 16:11:28.812 0 0 I init : processing action (ro.persistent_properties.ready=true) from (/system/etc/init/perfetto.rc:116)
04-15 16:11:28.812 0 0 I init : processing action (persist.traced_perf.enable= && sys.init.perf_lsm_hooks=1 && traced.lazy.traced_perf=) from (/system/etc/init/traced_perf.rc:43)
04-15 16:11:28.862 409 409 E bootstat: Failed to unlink /metadata/bootstat/persist.sys.boot.reason: No such file or directory
04-15 16:11:28.878 0 0 I init : processing action (init.svc.qemu-adb-keys=stopped) from (/system_ext/etc/init/init.system_ext.rc:1)
04-15 16:11:28.879 0 0 I init : starting service 'qemu-adb-setup'...
04-15 16:11:28.902 329 329 I zygote64: Core platform API reporting enabled, enforcing=false
04-15 16:11:29.000 329 329 I zygote64: Using CollectorTypeCC GC.
04-15 16:11:29.093 0 0 I init : ... started service 'qemu-adb-setup' has pid 412
04-15 16:11:29.093 0 0 I init : Command 'start qemu-adb-setup' action=init.svc.qemu-adb-keys=stopped (/system_ext/etc/init/init.system_ext.rc:2) took 214ms and succeeded
04-15 16:11:29.093 0 0 I init : Service 'exec 17 (/system/bin/bootstat --set_system_boot_reason)' (pid 409) exited with status 0 oneshot service took 1.063000 seconds in background
04-15 16:11:29.094 0 0 I init : Sending signal 9 to service 'exec 17 (/system/bin/bootstat --set_system_boot_reason)' (pid 409) process group...
04-15 16:11:29.094 0 0 I libprocessgroup: Successfully killed process cgroup uid 1000 pid 409 in 0ms
04-15 16:11:29.095 0 0 I init : processing action (nonencrypted) from (/system/etc/init/hw/init.rc:1214)
04-15 16:11:29.096 0 0 I init : starting service 'goldfish-logcat'...
04-15 16:11:29.207 132 132 I hwservicemanager: getTransport: Cannot find entry android.hardware.configstore@1.0::ISurfaceFlingerConfigs/default in either framework or device VINTF manifest.
04-15 16:11:29.433 410 410 I perfetto: probes.cc:104 Starting /system/bin/traced_probes service
04-15 16:11:29.475 0 0 I init : ... started service 'goldfish-logcat' has pid 413
04-15 16:11:29.493 0 0 I init : starting service 'bt_vhci_forwarder'...
04-15 16:11:29.585 395 395 I SurfaceFlinger: Using HWComposer service: default
04-15 16:11:29.621 410 410 I perfetto: probes_producer.cc:382 Disconnected from tracing service
04-15 16:11:29.646 392 392 I FastMixerState: sMaxFastTracks = 8
04-15 16:11:29.649 395 395 I SurfaceFlinger: SurfaceFlinger is starting
04-15 16:11:29.650 395 395 I SurfaceFlinger: Enabling backpressure for GPU composition
04-15 16:11:29.688 410 418 I perfetto: _activity_trigger.cc:71 mm_events ftrace instance not found. Triggering of traces on memory pressure will not be available on this device.
04-15 16:11:29.698 411 411 W perfetto: service.cc:248 Started traced, listening on /dev/socket/traced_producer /dev/socket/traced_consumer
04-15 16:11:29.922 410 410 I perfetto: probes_producer.cc:341 Connected to the service
04-15 16:11:29.969 408 408 I adbd : persist.adb.watchdog set to ''
04-15 16:11:29.971 408 408 I adbd : persist.sys.test_harness set to ''
04-15 16:11:29.990 0 0 I init : ... started service 'bt_vhci_forwarder' has pid 417
04-15 16:11:29.990 0 0 I init : service 'zygote' requested start, but it is already running (flags: 4)
04-15 16:11:29.991 0 0 I init : starting service 'cameraserver'...
04-15 16:11:29.995 392 392 D audioserver: main: starting
04-15 16:11:30.000 392 392 V MediaUtils: physMem: 2070044672
04-15 16:11:30.000 392 392 V MediaUtils: requested limit: 414008920
04-15 16:11:30.001 392 392 I libc : malloc_limit: Allocation limit enabled, max size 414008920 bytes
04-15 16:11:30.021 408 408 I adbd : adb watchdog timeout set to 600 seconds
04-15 16:11:30.049 408 428 I adbd : Waiting for persist.adb.tls_server.enable=1
04-15 16:11:30.050 408 408 I adbd : Setup mdns on port= 5555
04-15 16:11:30.057 395 395 I SurfaceFlinger: SurfaceFlinger's main thread ready to run. Initializing graphics H/W...
04-15 16:11:30.057 395 395 E SurfaceFlinger: Unrecognized RenderEngineType ; ignoring!
04-15 16:11:30.058 395 395 D RenderEngine: Threaded RenderEngine with SkiaGL Backend
04-15 16:11:30.086 408 408 I adbd : adbd listening on tcp:5555
04-15 16:11:30.087 408 408 I adbd : adbd listening on vsock:5555
04-15 16:11:30.087 408 408 I adbd : adbd started
04-15 16:11:30.093 392 392 W BatteryNotifier: batterystats service unavailable!
04-15 16:11:30.098 132 132 I hwservicemanager: getTransport: Cannot find entry android.hardware.audio.effect@7.1::IEffectsFactory/default in either framework or device VINTF manifest.
04-15 16:11:30.263 395 430 D libEGL : loaded /vendor/lib64/egl/libEGL_emulation.so
04-15 16:11:30.294 395 430 D libEGL : loaded /vendor/lib64/egl/libGLESv1_CM_emulation.so
04-15 16:11:30.343 395 430 D libEGL : loaded /vendor/lib64/egl/libGLESv2_emulation.so
04-15 16:11:30.436 0 0 I init : ... started service 'cameraserver' has pid 423
04-15 16:11:30.464 0 0 W qemu-adb-setup: /data/misc/adb/adb_keys exists. Skipping qemu adb setup
04-15 16:11:30.479 0 0 I init : starting service 'idmap2d'...
04-15 16:11:30.626 395 430 I RenderEngine: EGL information:
04-15 16:11:30.626 395 430 I RenderEngine: vendor : Android
04-15 16:11:30.626 395 430 I RenderEngine: version : 1.4 Android META-EGL
04-15 16:11:30.626 395 430 I RenderEngine: extensions: EGL_ANDROID_front_buffer_auto_refresh EGL_ANDROID_get_native_client_buffer EGL_ANDROID_presentation_time EGL_EXT_surface_CTA861_3_metadata EGL_EXT_surface_SMPTE2086_metadata EGL_KHR_get_all_proc_addresses EGL_KHR_swap_buffers_with_damage EGL_ANDROID_get_frame_timestamps EGL_ANDROID_image_native_buffer EGL_ANDROID_native_fence_sync EGL_ANDROID_recordable EGL_KHR_create_context EGL_KHR_fence_sync EGL_KHR_gl_texture_2D_image EGL_KHR_image EGL_KHR_image_base
04-15 16:11:30.626 395 430 I RenderEngine: Client API: OpenGL_ES
04-15 16:11:30.626 395 430 I RenderEngine: EGLSurface: 8-8-8-8, config=0x5
04-15 16:11:30.662 395 430 D RenderEngine: Background Blurs Enabled
04-15 16:11:30.676 408 438 I adbd : host-19: read thread spawning
04-15 16:11:30.695 408 408 I adbd : host-19: already offline
04-15 16:11:30.726 408 408 I adbd : authentication not required
04-15 16:11:30.739 408 439 I adbd : host-19: write thread spawning
04-15 16:11:30.752 408 437 I adbd : host-13: write thread spawning
04-15 16:11:30.753 408 436 I adbd : host-13: read thread spawning
04-15 16:11:30.760 417 417 E bt_vhci_forwarder: setTerminalRaw failed /dev/bluetooth0: Inappropriate ioctl for device
04-15 16:11:30.814 0 0 I init : ... started service 'idmap2d' has pid 435
04-15 16:11:30.816 0 0 I init : starting service 'incidentd'...
04-15 16:11:30.925 0 0 I init : ... started service 'incidentd' has pid 442
04-15 16:11:30.924 395 430 I RenderEngine: OpenGL ES informations:
04-15 16:11:30.924 395 430 I RenderEngine: vendor : Google (Google Inc.)
04-15 16:11:30.925 395 430 I RenderEngine: renderer : Android Emulator OpenGL ES Translator (Google SwiftShader)
04-15 16:11:30.925 395 430 I RenderEngine: version : OpenGL ES 3.0 (OpenGL ES 3.0 SwiftShader 4.0.0.1)
04-15 16:11:30.925 395 430 I RenderEngine: extensions: GL_EXT_debug_marker GL_EXT_robustness GL_OES_EGL_sync GL_OES_EGL_image GL_OES_EGL_image_external GL_OES_depth24 GL_OES_depth32 GL_OES_element_index_uint GL_OES_texture_float GL_OES_texture_float_linear GL_OES_compressed_paletted_texture GL_OES_compressed_ETC1_RGB8_texture GL_OES_depth_texture GL_OES_texture_half_float GL_OES_texture_half_float_linear GL_OES_packed_depth_stencil GL_OES_vertex_half_float GL_OES_standard_derivatives GL_OES_texture_npot GL_OES_rgb8_rgba8 GL_EXT_color_buffer_float GL_EXT_color_buffer_half_float GL_EXT_texture_format_BGRA8888 GL_APPLE_texture_format_BGRA8888 ANDROID_EMU_CHECKSUM_HELPER_v1 ANDROID_EMU_native_sync_v2 ANDROID_EMU_dma_v1 ANDROID_EMU_direct_mem ANDROID_EMU_host_composition_v1 ANDROID_EMU_host_composition_v2 ANDROID_EMU_vulkan ANDROID_EMU_deferred_vulkan_commands ANDROID_EMU_vulkan_null_optional_strings ANDROID_EMU_vulkan_create_resources_with_requirements ANDROID_EMU_YUV_Cache ANDROID_EMU_vulkan_ignored_handles ANDROID_EMU_has_shared_slots_host_memory_alloc
04-15 16:11:30.925 395 430 I RenderEngine: GL_MAX_TEXTURE_SIZE = 8192
04-15 16:11:30.925 395 430 I RenderEngine: GL_MAX_VIEWPORT_DIMS = 8192
04-15 16:11:30.958 0 0 I init : starting service 'installd'...
04-15 16:11:30.999 132 132 I hwservicemanager: getTransport: Cannot find entry android.hardware.audio.effect@7.1::IEffectsFactory/default in either framework or device VINTF manifest.
04-15 16:11:31.068 0 0 I servicemanager: Found android.hardware.graphics.composer3.IComposer/default in device VINTF manifest.
04-15 16:11:31.075 0 0 I init : ... started service 'installd' has pid 443
04-15 16:11:31.076 0 0 I init : starting service 'mediaextractor'...
04-15 16:11:31.103 132 132 I hwservicemanager: getTransport: Cannot find entry android.hardware.graphics.mapper@4.0::IMapper/default in either framework or device VINTF manifest.
04-15 16:11:31.121 358 401 I ComposerResources: failed to get mapper 4.0 service, falling back to mapper 3.0
04-15 16:11:31.305 392 392 I ServiceManagerCppClient: Waiting for service 'media.metrics' on '/dev/binder'...
04-15 16:11:31.375 358 401 E RanchuHwc: loadPersistentKeyValues: persistent key-value store path not available.
04-15 16:11:31.378 0 0 I logd : logdr: UID=1036 GID=0 PID=413 b tail=0 logMask=99 pid=0 start=0ns deadline=0ns
04-15 16:11:31.375 358 401 E RanchuHwc: getPersistentKeyValue: failed to load pmem json
04-15 16:11:31.375 358 401 E RanchuHwc: getBootConfigId: display:0 failed to get persistent boot config
04-15 16:11:31.464 358 401 D RanchuHwc: init display:0 with config: id: 0 w:1080 h:2400 dpi-x:420 dpi-y:420 vsync:60.000002 config-group:0
04-15 16:11:31.518 358 401 E RanchuHwc: start: failed to set Vsync thread name: Math result not representable
04-15 16:11:31.518 358 401 E RanchuHwc: start: failed to set Vsync thread priority: Invalid argument
04-15 16:11:31.543 358 448 I RanchuHwc: Vsync thread for display:0 starting
04-15 16:11:31.397 0 0 I init : ... started service 'mediaextractor' has pid 445
04-15 16:11:31.398 0 0 I init : starting service 'mediametrics'...
04-15 16:11:31.549 0 0 I servicemanager: Could not find android.hardware.graphics.allocator.IAllocator/default in the VINTF manifest.
04-15 16:11:31.547 132 132 I hwservicemanager: getTransport: Cannot find entry android.hardware.graphics.mapper@4.0::IMapper/default in either framework or device VINTF manifest.
04-15 16:11:31.585 358 401 I Gralloc4: mapper 4.x is not supported
04-15 16:11:31.731 417 417 I bt_vhci_forwarder: ignore 0xff packet
04-15 16:11:31.805 0 0 I init : ... started service 'mediametrics' has pid 450
04-15 16:11:31.808 0 0 I init : starting service 'media'...
04-15 16:11:31.823 358 401 E android.hardware.graphics.composer3-service.ranchu: freeBuffer:127 failed with 'Error3::BAD_BUFFER'
04-15 16:11:31.823 358 401 E Gralloc3: freeBuffer(0x0) failed with 2
04-15 16:11:31.832 435 435 I idmap2d : Starting
04-15 16:11:31.837 358 401 E android.hardware.graphics.composer3-service.ranchu: freeBuffer:127 failed with 'Error3::BAD_BUFFER'
04-15 16:11:31.837 358 401 E Gralloc3: freeBuffer(0x0) failed with 2
04-15 16:11:31.837 358 401 E android.hardware.graphics.composer3-service.ranchu: freeBuffer:127 failed with 'Error3::BAD_BUFFER'
04-15 16:11:31.837 358 401 E Gralloc3: freeBuffer(0x0) failed with 2
04-15 16:11:31.838 358 401 E android.hardware.graphics.composer3-service.ranchu: freeBuffer:127 failed with 'Error3::BAD_BUFFER'
04-15 16:11:31.838 358 401 E Gralloc3: freeBuffer(0x0) failed with 2
04-15 16:11:31.838 358 401 E android.hardware.graphics.composer3-service.ranchu: freeBuffer:127 failed with 'Error3::BAD_BUFFER'
04-15 16:11:31.838 358 401 E Gralloc3: freeBuffer(0x0) failed with 2
04-15 16:11:31.838 358 401 E android.hardware.graphics.composer3-service.ranchu: freeBuffer:127 failed with 'Error3::BAD_BUFFER'
04-15 16:11:31.838 358 401 E Gralloc3: freeBuffer(0x0) failed with 2
04-15 16:11:32.050 0 0 I init : ... started service 'media' has pid 452
04-15 16:11:32.051 0 0 I init : service 'netd' requested start, but it is already running (flags: 4)
04-15 16:11:32.052 0 0 I init : starting service 'storaged'...
04-15 16:11:32.129 0 0 I init : Could not open file '/d/mmc0/mmc0:0001/ext_csd': Failed to open file '/d/mmc0/mmc0:0001/ext_csd': No such file or directory
04-15 16:11:32.179 395 395 I HwcComposer: Loaded AIDL composer3 HAL service
04-15 16:11:32.274 0 0 I init : ... started service 'storaged' has pid 454
04-15 16:11:32.275 0 0 I init : starting service 'wificond'...
04-15 16:11:32.309 395 395 W surfaceflinger: Binder 0x7922e88147b8 destroyed after setMinSchedulerPolicy before being parceled.
04-15 16:11:32.320 395 395 W surfaceflinger: Binder 0x7922e88147b8 destroyed after setMinSchedulerPolicy before being parceled.
04-15 16:11:32.392 395 395 I HWComposer: Switching to generalized multi-display mode
04-15 16:11:32.476 0 0 I init : ... started service 'wificond' has pid 457
04-15 16:11:32.493 0 0 I init : starting service 'vendor.ril-daemon'...
04-15 16:11:32.507 395 395 I SurfaceFlinger: Connecting display 4619827259835644672 (HAL ID 0)
04-15 16:11:32.597 0 0 I init : ... started service 'vendor.ril-daemon' has pid 458
04-15 16:11:32.638 0 0 I init : starting service 'media.swcodec'...
04-15 16:11:32.663 443 443 I installd: installd firing up
04-15 16:11:32.693 443 443 E cutils : Failed to read /data/misc/installd/layout_version: No such file or directory
04-15 16:11:32.693 443 443 D installd: Assuming that device has multi-user storage layout; upgrade no longer supported
04-15 16:11:32.732 395 395 E HwcComposer: getPerFrameMetadataKeys failed Status(-8, EX_SERVICE_SPECIFIC): '8: '
04-15 16:11:32.747 443 443 D installd: Upgrading to /data/misc/user directories
04-15 16:11:32.815 0 0 I servicemanager: Could not find android.hardware.graphics.allocator.IAllocator/default in the VINTF manifest.
04-15 16:11:32.846 0 0 I init : ... started service 'media.swcodec' has pid 459
04-15 16:11:32.846 0 0 I init : service 'statsd' requested start, but it is already running (flags: 4)
04-15 16:11:32.847 0 0 I init : Command 'class_start main' action=nonencrypted (/system/etc/init/hw/init.rc:1215) took 3751ms and succeeded
04-15 16:11:32.848 0 0 I init : Service 'exec 16 (/system/bin/profcollectctl reset)' (pid 399) exited with status 0 oneshot service took 8.270000 seconds in background
04-15 16:11:32.848 0 0 I init : Sending signal 9 to service 'exec 16 (/system/bin/profcollectctl reset)' (pid 399) process group...
04-15 16:11:32.867 0 0 I libprocessgroup: Successfully killed process cgroup uid 0 pid 399 in 18ms
04-15 16:11:32.844 132 132 I hwservicemanager: getTransport: Cannot find entry android.hardware.graphics.mapper@4.0::IMapper/default in either framework or device VINTF manifest.
04-15 16:11:32.867 395 395 I Gralloc4: mapper 4.x is not supported
04-15 16:11:32.947 0 0 I init : Service 'qemu-adb-setup' (pid 412) exited with status 0 oneshot service took 3.985000 seconds in background
04-15 16:11:32.947 0 0 I init : Sending signal 9 to service 'qemu-adb-setup' (pid 412) process group...
04-15 16:11:32.947 0 0 I libprocessgroup: Successfully killed process cgroup uid 0 pid 412 in 0ms
04-15 16:11:32.994 0 0 I init : starting service 'mdnsd'...
04-15 16:11:32.998 450 450 V MediaUtils: physMem: 2070044672
04-15 16:11:32.999 450 450 V MediaUtils: requested limit: 134217728
04-15 16:11:33.056 450 450 I libc : malloc_limit: Allocation limit enabled, max size 134217728 bytes
04-15 16:11:33.070 0 0 I init : Created socket '/dev/socket/mdnsd', mode 660, user 1020, group 3003
04-15 16:11:33.099 450 450 D AudioPowerUsage: AudioPowerUsage
04-15 16:11:33.105 450 450 D AudioAnalytics: AudioAnalytics
04-15 16:11:33.106 450 450 D MediaMetricsService: MediaMetricsService
04-15 16:11:33.233 392 392 I ServiceManagerCppClient: Waiting for service 'media.metrics' on '/dev/binder' successful after waiting 1928ms
04-15 16:11:33.307 0 0 I init : ... started service 'mdnsd' has pid 462
04-15 16:11:33.307 0 0 I init : Control message: Processed ctl.start for 'mdnsd' from pid: 408 (/apex/com.android.adbd/bin/adbd --root_seclabel=u:r:su:s0)
04-15 16:11:33.315 0 0 I init : starting service 'gatekeeperd'...
04-15 16:11:33.401 450 450 I ServiceManagerCppClient: Waiting for service 'package_native' on '/dev/binder'...
04-15 16:11:33.506 392 392 I AudioFlinger: Using default 3000 mSec as standby time.
04-15 16:11:33.588 0 0 I init : ... started service 'gatekeeperd' has pid 466
04-15 16:11:33.667 0 0 I init : service 'traced' requested start, but it is already running (flags: 132)
04-15 16:11:33.668 0 0 I init : service 'traced_probes' requested start, but it is already running (flags: 132)
04-15 16:11:33.709 0 0 I init : starting service 'usbd'...
04-15 16:11:33.745 392 392 D audioserver: main: AudioFlinger created
04-15 16:11:33.932 0 0 I init : ... started service 'usbd' has pid 467
04-15 16:11:33.949 0 0 I init : Command 'class_start late_start' action=nonencrypted (/system/etc/init/hw/init.rc:1216) took 635ms and succeeded
04-15 16:11:33.950 0 0 I init : processing action (load_persist_props_action) from (/system/etc/init/flags_health_check.rc:1)
04-15 16:11:34.065 0 0 I init : Encryption policy of /data/server_configurable_flags set to 134fc2db29265e18f65709d2c2a7aa5c v2 modes 1/4 flags 0x2
04-15 16:11:34.066 0 0 I init : Command 'mkdir /data/server_configurable_flags 0775 system system encryption=Require' action=load_persist_props_action (/system/etc/init/flags_health_check.rc:4) took 115ms and succeeded
04-15 16:11:34.068 0 0 I init : starting service 'exec 18 (/system/bin/flags_health_check BOOT_FAILURE)'...
04-15 16:11:34.366 0 0 I init : ... started service 'exec 18 (/system/bin/flags_health_check BOOT_FAILURE)' has pid 470
04-15 16:11:34.366 0 0 I init : SVC_EXEC service 'exec 18 (/system/bin/flags_health_check BOOT_FAILURE)' pid 470 (uid 1000 gid 1000+0 context default) started; waiting...
04-15 16:11:34.366 0 0 I init : Command 'exec - system system -- /system/bin/flags_health_check BOOT_FAILURE' action=load_persist_props_action (/system/etc/init/flags_health_check.rc:5) took 300ms and succeeded
04-15 16:11:34.719 395 395 I Scheduler: Display 4619827259835644672 is the pacesetter
04-15 16:11:34.726 395 472 W EventThread: Ignoring VSYNC request while display is disconnected
04-15 16:11:34.844 0 0 I servicemanager: Found android.hardware.health.IHealth/default in device VINTF manifest.
04-15 16:11:34.894 395 472 W EventThread: Ignoring VSYNC request while display is disconnected
04-15 16:11:34.986 457 457 I wificond: wificond is starting up...
04-15 16:11:35.096 395 475 W EventThread: Ignoring VSYNC request while display is disconnected
04-15 16:11:35.162 395 475 W EventThread: Ignoring VSYNC request while display is disconnected
04-15 16:11:35.297 395 395 I Scheduler: Display 4619827259835644672 is the pacesetter
04-15 16:11:35.310 408 431 I adbd : adbd mDNS service _adb._tcp registered: 1
04-15 16:11:35.399 0 0 I init : starting service 'bootanim'...
04-15 16:11:35.406 0 0 I servicemanager: Could not find android.hardware.net.nlinterceptor.IInterceptor/default in the VINTF manifest.
04-15 16:11:35.399 132 132 I hwservicemanager: getTransport: Cannot find entry android.frameworks.displayservice@1.0::IDisplayService/default in either framework or device VINTF manifest.
04-15 16:11:35.421 395 395 E HidlServiceManagement: Service android.frameworks.displayservice@1.0::IDisplayService/default must be in VINTF manifest in order to register/get.
04-15 16:11:35.421 395 395 E SurfaceFlinger: Did not register (deprecated) IDisplayService service.
04-15 16:11:35.423 395 395 D SurfaceFlinger: Setting power mode 2 on display 4619827259835644672
04-15 16:11:35.432 395 395 D SurfaceFlinger: Finished setting power mode 2 on display 4619827259835644672
04-15 16:11:35.555 395 478 W SurfaceFlinger: Failed to set thread name on dispatch thread
04-15 16:11:35.738 454 454 I ServiceManagerCppClient: Waiting for service 'package_native' on '/dev/binder'...
04-15 16:11:35.923 457 457 I HidlServiceManagement: Registered android.system.wifi.keystore@1.0::IKeystore/default
04-15 16:11:35.976 0 0 I init : ... started service 'bootanim' has pid 481
04-15 16:11:35.981 0 0 I init : Control message: Processed ctl.start for 'bootanim' from pid: 395 (/system/bin/surfaceflinger)
04-15 16:11:36.179 467 467 I usbd : persistent prop is adb
04-15 16:11:36.260 0 0 I init : service 'adbd' requested start, but it is already running (flags: 132)
04-15 16:11:36.260 0 0 I init : Control message: Processed ctl.start for 'adbd' from pid: 467 (/system/bin/usbd)
04-15 16:11:36.346 0 0 I servicemanager: Could not find android.hardware.usb.gadget.IUsbGadget/default in the VINTF manifest.
04-15 16:11:36.379 470 470 I flags_health_check: ServerConfigurableFlagsReset reset_mode value: 0
04-15 16:11:36.402 470 470 I flags_health_check: ServerConfigurableFlagsReset attempted boot count is under threshold, skipping reset.
04-15 16:11:36.431 132 132 I hwservicemanager: getTransport: Cannot find entry android.hardware.usb.gadget@1.0::IUsbGadget/default in either framework or device VINTF manifest.
04-15 16:11:36.534 0 0 I init : Service 'exec 18 (/system/bin/flags_health_check BOOT_FAILURE)' (pid 470) exited with status 0 waiting took 2.397000 seconds
04-15 16:11:36.534 0 0 I init : Sending signal 9 to service 'exec 18 (/system/bin/flags_health_check BOOT_FAILURE)' (pid 470) process group...
04-15 16:11:36.535 0 0 I libprocessgroup: Successfully killed process cgroup uid 1000 pid 470 in 0ms
04-15 16:11:36.541 0 0 I init : processing action (load_persist_props_action) from (/system/etc/init/logcatd.rc:29)
04-15 16:11:36.585 0 0 I init : processing action (llk.enable=0) from (/system/etc/init/llkd.rc:12)
04-15 16:11:36.594 0 0 I init : processing action (khungtask.enable=1) from (/system/etc/init/llkd.rc:18)
04-15 16:11:36.606 0 0 I init : processing action (llk.enable=0) from (/system/etc/init/llkd.rc:12)
04-15 16:11:36.614 0 0 I init : processing action (khungtask.enable=0) from (/system/etc/init/llkd.rc:21)
04-15 16:11:36.632 467 467 I usbd : Usb HAL not found
04-15 16:11:36.667 0 0 I init : processing action (init.svc.media=*) from (/system/etc/init/mediaserver.rc:1)
04-15 16:11:36.676 0 0 I init : processing action (khungtask.enable=true) from (/system/etc/init/llkd.rc:25)
04-15 16:11:36.711 0 0 I init : Service 'usbd' (pid 467) exited with status 0 oneshot service took 2.921000 seconds in background
04-15 16:11:36.711 0 0 I init : Sending signal 9 to service 'usbd' (pid 467) process group...
04-15 16:11:36.711 0 0 I libprocessgroup: Successfully killed process cgroup uid 0 pid 467 in 0ms
04-15 16:11:36.756 0 0 I init : processing action (khungtask.enable=false) from (/system/etc/init/llkd.rc:31)
04-15 16:11:37.005 466 466 I gatekeeperd: Starting gatekeeperd...
04-15 16:11:37.235 466 466 I ServiceManagerCppClient: Waiting for service 'android.hardware.gatekeeper.IGatekeeper/default' on '/dev/binder'...
04-15 16:11:37.659 0 0 I servicemanager: Found android.hardware.radio.data.IRadioData/slot1 in device VINTF manifest.
04-15 16:11:37.681 0 0 I servicemanager: Found android.hardware.radio.messaging.IRadioMessaging/slot1 in device VINTF manifest.
04-15 16:11:37.683 0 0 I servicemanager: Found android.hardware.radio.modem.IRadioModem/slot1 in device VINTF manifest.
04-15 16:11:37.730 0 0 I servicemanager: Found android.hardware.radio.network.IRadioNetwork/slot1 in device VINTF manifest.
04-15 16:11:37.732 0 0 I servicemanager: Found android.hardware.radio.sim.IRadioSim/slot1 in device VINTF manifest.
04-15 16:11:37.742 0 0 I servicemanager: Found android.hardware.radio.voice.IRadioVoice/slot1 in device VINTF manifest.
04-15 16:11:37.743 0 0 I servicemanager: Found android.hardware.radio.ims.IRadioIms/slot1 in device VINTF manifest.
04-15 16:11:37.744 0 0 I servicemanager: Found android.hardware.radio.ims.media.IImsMedia/default in device VINTF manifest.
04-15 16:11:37.769 0 0 I servicemanager: Found android.hardware.radio.modem.IRadioModem/slot1 in device VINTF manifest.
04-15 16:11:37.769 0 0 I servicemanager: Service 'android.hardware.radio.modem.IRadioModem/slot1' originally registered from PID 458 but it is being registered again from PID 458. Bad state? Late death notification? Multiple instances installed?
04-15 16:11:37.769 0 0 I BpBinder: onLastStrongRef automatically unlinking death recipients:
04-15 16:11:37.809 0 0 I servicemanager: Found android.hardware.radio.sim.IRadioSim/slot1 in device VINTF manifest.
04-15 16:11:37.809 0 0 I servicemanager: Service 'android.hardware.radio.sim.IRadioSim/slot1' originally registered from PID 458 but it is being registered again from PID 458. Bad state? Late death notification? Multiple instances installed?
04-15 16:11:37.809 0 0 I BpBinder: onLastStrongRef automatically unlinking death recipients:
04-15 16:11:37.814 0 0 I servicemanager: Found android.hardware.radio.config.IRadioConfig/default in device VINTF manifest.
04-15 16:11:37.833 0 0 I servicemanager: Could not find android.hardware.radio.sap.ISap/slot1 in the VINTF manifest.
04-15 16:11:38.402 459 459 I mediaswcodec: media swcodec service starting
04-15 16:11:38.462 459 459 W mediaswcodec: Could not read additional policy file '/vendor/etc/seccomp_policy/mediaswcodec.policy'
04-15 16:11:38.489 450 450 W ServiceManagerCppClient: Service package_native didn't start. Returning NULL
04-15 16:11:38.518 459 459 W mediaswcodec: libminijail[459]: failed to get path of fd 5: No such file or directory
04-15 16:11:38.537 459 459 W mediaswcodec: libminijail[459]: allowing syscall: socket
04-15 16:11:38.538 450 450 E ServiceUtilities: getInfo: Cannot find package_native
04-15 16:11:38.550 459 459 W mediaswcodec: libminijail[459]: allowing syscall: connect
04-15 16:11:38.557 459 459 W mediaswcodec: libminijail[459]: allowing syscall: fcntl
04-15 16:11:38.561 459 459 W mediaswcodec: libminijail[459]: allowing syscall: writev
04-15 16:11:38.562 459 459 W mediaswcodec: libminijail[459]: compile_file: (20): nonexistent syscall 'getuid32'
04-15 16:11:38.563 459 459 W mediaswcodec: libminijail[459]: compile_file: (26): nonexistent syscall 'mmap2'
04-15 16:11:38.582 459 459 W mediaswcodec: libminijail[459]: compile_file: (28): nonexistent syscall 'fstat64'
04-15 16:11:38.583 459 459 W mediaswcodec: libminijail[459]: compile_file: (31): nonexistent syscall 'stat64'
04-15 16:11:38.585 459 459 W mediaswcodec: libminijail[459]: compile_file: (32): nonexistent syscall 'statfs64'
04-15 16:11:38.601 459 459 W mediaswcodec: libminijail[459]: compile_file: (34): nonexistent syscall 'fstatat64'
04-15 16:11:38.609 459 459 W mediaswcodec: libminijail[459]: compile_file: (39): nonexistent syscall '_llseek'
04-15 16:11:38.617 459 459 W mediaswcodec: libminijail[459]: compile_file: (48): nonexistent syscall 'ugetrlimit'
04-15 16:11:38.618 459 459 W mediaswcodec: libminijail[459]: compile_file: (51): nonexistent syscall '_llseek'
04-15 16:11:38.619 459 459 W mediaswcodec: libminijail[459]: compile_file: (52): nonexistent syscall 'fstatfs64'
04-15 16:11:38.615 445 445 I main_extractorservice: enable media.extractor memory limits
04-15 16:11:38.631 445 445 V MediaUtils: physMem: 2070044672
04-15 16:11:38.631 445 445 V MediaUtils: requested limit: 414008920
04-15 16:11:38.642 459 459 W mediaswcodec: libminijail[459]: compile_file: (64): nonexistent syscall 'ftruncate64'
04-15 16:11:38.646 459 459 W mediaswcodec: libminijail[459]: compile_file: (70): syscall gettid redefined here
04-15 16:11:38.647 459 459 W mediaswcodec: libminijail[459]: compile_file: (67): previous definition here
04-15 16:11:38.649 445 445 I libc : malloc_limit: Allocation limit enabled, max size 414008920 bytes
04-15 16:11:38.661 459 459 W mediaswcodec: libminijail[459]: compile_file: /apex/com.android.media.swcodec/etc/seccomp_policy/crash_dump.x86_64.policy(1): syscall read redefined here
04-15 16:11:38.668 459 459 W mediaswcodec: libminijail[459]: compile_file: (15): previous definition here
04-15 16:11:38.669 459 459 W mediaswcodec: libminijail[459]: compile_file: /apex/com.android.media.swcodec/etc/seccomp_policy/crash_dump.x86_64.policy(2): syscall write redefined here
04-15 16:11:38.670 459 459 W mediaswcodec: libminijail[459]: compile_file: (58): previous definition here
04-15 16:11:38.671 459 459 W mediaswcodec: libminijail[459]: compile_file: /apex/com.android.media.swcodec/etc/seccomp_policy/crash_dump.x86_64.policy(3): syscall exit redefined here
04-15 16:11:38.671 459 459 W mediaswcodec: libminijail[459]: compile_file: (45): previous definition here
04-15 16:11:38.692 459 459 W mediaswcodec: libminijail[459]: compile_file: /apex/com.android.media.swcodec/etc/seccomp_policy/crash_dump.x86_64.policy(4): syscall rt_sigreturn redefined here
04-15 16:11:38.693 459 459 W mediaswcodec: libminijail[459]: compile_file: (47): previous definition here
04-15 16:11:38.694 459 459 W mediaswcodec: libminijail[459]: compile_file: /apex/com.android.media.swcodec/etc/seccomp_policy/crash_dump.x86_64.policy(5): syscall exit_group redefined here
04-15 16:11:38.695 459 459 W mediaswcodec: libminijail[459]: compile_file: (46): previous definition here
04-15 16:11:38.695 459 459 W mediaswcodec: libminijail[459]: compile_file: /apex/com.android.media.swcodec/etc/seccomp_policy/crash_dump.x86_64.policy(8): syscall futex redefined here
04-15 16:11:38.704 459 459 W mediaswcodec: libminijail[459]: compile_file: (36): previous definition here
04-15 16:11:38.705 459 459 W mediaswcodec: libminijail[459]: compile_file: /apex/com.android.media.swcodec/etc/seccomp_policy/crash_dump.x86_64.policy(10): syscall getpid redefined here
04-15 16:11:38.705 459 459 W mediaswcodec: libminijail[459]: compile_file: (69): previous definition here
04-15 16:11:38.705 459 459 W mediaswcodec: libminijail[459]: compile_file: /apex/com.android.media.swcodec/etc/seccomp_policy/crash_dump.x86_64.policy(11): syscall gettid redefined here
04-15 16:11:38.705 459 459 W mediaswcodec: libminijail[459]: compile_file: (67): previous definition here
04-15 16:11:38.706 459 459 W mediaswcodec: libminijail[459]: compile_file: /apex/com.android.media.swcodec/etc/seccomp_policy/crash_dump.x86_64.policy(14): syscall openat redefined here
04-15 16:11:38.706 459 459 W mediaswcodec: libminijail[459]: compile_file: (18): previous definition here
04-15 16:11:38.706 459 459 W mediaswcodec: libminijail[459]: compile_file: /apex/com.android.media.swcodec/etc/seccomp_policy/crash_dump.x86_64.policy(15): syscall dup redefined here
04-15 16:11:38.706 459 459 W mediaswcodec: libminijail[459]: compile_file: (56): previous definition here
04-15 16:11:38.706 459 459 W mediaswcodec: libminijail[459]: compile_file: /apex/com.android.media.swcodec/etc/seccomp_policy/crash_dump.x86_64.policy(16): syscall close redefined here
04-15 16:11:38.706 459 459 W mediaswcodec: libminijail[459]: compile_file: (25): previous definition here
04-15 16:11:38.707 459 459 W mediaswcodec: libminijail[459]: compile_file: /apex/com.android.media.swcodec/etc/seccomp_policy/crash_dump.x86_64.policy(17): syscall lseek redefined here
04-15 16:11:38.707 459 459 W mediaswcodec: libminijail[459]: compile_file: (40): previous definition here
04-15 16:11:38.707 459 459 W mediaswcodec: libminijail[459]: compile_file: /apex/com.android.media.swcodec/etc/seccomp_policy/crash_dump.x86_64.policy(19): syscall faccessat redefined here
04-15 16:11:38.707 459 459 W mediaswcodec: libminijail[459]: compile_file: (38): previous definition here
04-15 16:11:38.707 459 459 W mediaswcodec: libminijail[459]: compile_file: /apex/com.android.media.swcodec/etc/seccomp_policy/crash_dump.x86_64.policy(28): syscall prctl redefined here
04-15 16:11:38.707 459 459 W mediaswcodec: libminijail[459]: compile_file: (17): previous definition here
04-15 16:11:38.730 459 459 W mediaswcodec: libminijail[459]: compile_file: /apex/com.android.media.swcodec/etc/seccomp_policy/crash_dump.x86_64.policy(29): syscall madvise redefined here
04-15 16:11:38.731 459 459 W mediaswcodec: libminijail[459]: compile_file: (33): previous definition here
04-15 16:11:38.731 459 459 W mediaswcodec: libminijail[459]: compile_file: /apex/com.android.media.swcodec/etc/seccomp_policy/crash_dump.x86_64.policy(30): syscall mprotect redefined here
04-15 16:11:38.731 459 459 W mediaswcodec: libminijail[459]: compile_file: (16): previous definition here
04-15 16:11:38.745 459 459 W mediaswcodec: libminijail[459]: compile_file: /apex/com.android.media.swcodec/etc/seccomp_policy/crash_dump.x86_64.policy(31): syscall munmap redefined here
04-15 16:11:38.745 459 459 W mediaswcodec: libminijail[459]: compile_file: (37): previous definition here
04-15 16:11:38.745 459 459 W mediaswcodec: libminijail[459]: compile_file: /apex/com.android.media.swcodec/etc/seccomp_policy/crash_dump.x86_64.policy(32): syscall getuid redefined here
04-15 16:11:38.746 459 459 W mediaswcodec: libminijail[459]: compile_file: (21): previous definition here
04-15 16:11:38.746 459 459 W mediaswcodec: libminijail[459]: compile_file: /apex/com.android.media.swcodec/etc/seccomp_policy/crash_dump.x86_64.policy(33): syscall fstat redefined here
04-15 16:11:38.746 459 459 W mediaswcodec: libminijail[459]: compile_file: (29): previous definition here
04-15 16:11:38.746 459 459 W mediaswcodec: libminijail[459]: compile_file: /apex/com.android.media.swcodec/etc/seccomp_policy/crash_dump.x86_64.policy(34): syscall mmap redefined here
04-15 16:11:38.746 459 459 W mediaswcodec: libminijail[459]: compile_file: (27): previous definition here
04-15 16:11:38.759 445 445 W mediaextractor: Could not read additional policy file '/vendor/etc/seccomp_policy/mediaextractor.policy'
04-15 16:11:38.766 445 445 W mediaextractor: libminijail[445]: failed to get path of fd 5: No such file or directory
04-15 16:11:38.767 445 445 W mediaextractor: libminijail[445]: allowing syscall: socket
04-15 16:11:38.767 445 445 W mediaextractor: libminijail[445]: allowing syscall: connect
04-15 16:11:38.767 445 445 W mediaextractor: libminijail[445]: allowing syscall: fcntl
04-15 16:11:38.767 445 445 W mediaextractor: libminijail[445]: allowing syscall: writev
04-15 16:11:38.770 459 459 W mediaswcodec: libminijail[459]: logging seccomp filter failures
04-15 16:11:38.789 445 445 W mediaextractor: libminijail[445]: compile_file: (48): syscall readlinkat redefined here
04-15 16:11:38.790 445 445 W mediaextractor: libminijail[445]: compile_file: (43): previous definition here
04-15 16:11:38.797 445 445 W mediaextractor: libminijail[445]: compile_file: (54): syscall gettid redefined here
04-15 16:11:38.797 445 445 W mediaextractor: libminijail[445]: compile_file: (51): previous definition here
04-15 16:11:38.809 445 445 W mediaextractor: libminijail[445]: compile_file: /apex/com.android.media/etc/seccomp_policy/crash_dump.x86_64.policy(1): syscall read redefined here
04-15 16:11:38.810 445 445 W mediaextractor: libminijail[445]: compile_file: (19): previous definition here
04-15 16:11:38.810 445 445 W mediaextractor: libminijail[445]: compile_file: /apex/com.android.media/etc/seccomp_policy/crash_dump.x86_64.policy(2): syscall write redefined here
04-15 16:11:38.810 445 445 W mediaextractor: libminijail[445]: compile_file: (6): previous definition here
04-15 16:11:38.810 445 445 W mediaextractor: libminijail[445]: compile_file: /apex/com.android.media/etc/seccomp_policy/crash_dump.x86_64.policy(3): syscall exit redefined here
04-15 16:11:38.810 445 445 W mediaextractor: libminijail[445]: compile_file: (29): previous definition here
04-15 16:11:38.810 445 445 W mediaextractor: libminijail[445]: compile_file: /apex/com.android.media/etc/seccomp_policy/crash_dump.x86_64.policy(4): syscall rt_sigreturn redefined here
04-15 16:11:38.811 445 445 W mediaextractor: libminijail[445]: compile_file: (31): previous definition here
04-15 16:11:38.811 445 445 W mediaextractor: libminijail[445]: compile_file: /apex/com.android.media/etc/seccomp_policy/crash_dump.x86_64.policy(5): syscall exit_group redefined here
04-15 16:11:38.811 445 445 W mediaextractor: libminijail[445]: compile_file: (30): previous definition here
