04-15 16:12:04.565 535 535 I PackageManager: /system/priv-app/LocalTransport changed; collecting certs
04-15 16:12:04.573 535 535 W PackageManager: Adding duplicate shared id: 1000 name=com.android.localtransport
04-15 16:12:04.577 535 535 I PackageManager: /system/priv-app/LiveWallpapersPicker changed; collecting certs
04-15 16:12:04.587 535 535 I PackageManager: /system/priv-app/ONS changed; collecting certs
04-15 16:12:04.594 535 535 W PackageManager: Adding duplicate shared id: 1001 name=com.android.ons
04-15 16:12:04.598 535 535 I PackageManager: /system/priv-app/ManagedProvisioning changed; collecting certs
04-15 16:12:04.609 535 535 I PackageManager: /system/priv-app/DownloadProviderUi changed; collecting certs
04-15 16:12:04.617 535 535 W PackageManager: Adding duplicate app id: 10065 name=com.android.providers.downloads.ui
04-15 16:12:04.620 535 535 I PackageManager: /system/priv-app/ProxyHandler changed; collecting certs
04-15 16:12:04.631 535 535 I PackageManager: /system/priv-app/UserDictionaryProvider changed; collecting certs
04-15 16:12:04.640 535 535 W PackageManager: Adding duplicate app id: 10057 name=com.android.providers.userdictionary
04-15 16:12:04.645 535 535 I PackageManager: /system/priv-app/ExternalStorageProvider changed; collecting certs
04-15 16:12:04.655 535 535 I PackageManager: /system/priv-app/Tag changed; collecting certs
04-15 16:12:04.665 535 535 I PackageManager: /system/priv-app/FusedLocation changed; collecting certs
04-15 16:12:04.672 535 535 W PackageManager: Adding duplicate shared id: 1000 name=com.android.location.fused
04-15 16:12:04.676 535 535 I PackageManager: /system/priv-app/BackupRestoreConfirmation changed; collecting certs
04-15 16:12:04.686 535 535 I PackageManager: /system/priv-app/MusicFX changed; collecting certs
04-15 16:12:04.694 535 535 I PackageManager: /system/priv-app/DocumentsUI changed; collecting certs
04-15 16:12:04.705 535 535 I PackageManager: /system/priv-app/MtpService changed; collecting certs
04-15 16:12:04.714 535 535 W PackageManager: Adding duplicate app id: 10065 name=com.android.mtp
04-15 16:12:04.782 535 535 I PackageManager: /system/app/CameraExtensionsProxy changed; collecting certs
04-15 16:12:04.843 535 593 I PackageParsing: Parse times for '/system/app/NfcNci': parse=109ms, update_cache=5 ms
04-15 16:12:04.883 535 596 I PackageParsing: Parse times for '/system/app/SimAppDialog': parse=123ms, update_cache=20 ms
04-15 16:12:04.907 535 594 I PackageParsing: Parse times for '/system/app/CaptivePortalLogin': parse=102ms, update_cache=2 ms
04-15 16:12:04.921 535 535 I PackageManager: /system/app/NfcNci changed; collecting certs
04-15 16:12:04.993 535 535 W PackageManager: Adding duplicate shared id: 1027 name=com.android.nfc
04-15 16:12:05.017 535 595 I PackageParsing: Parse times for '/system/app/PrintSpooler': parse=237ms, update_cache=27 ms
04-15 16:12:05.038 535 594 I PackageParsing: Parse times for '/system/app/CompanionDeviceManager': parse=124ms, update_cache=4 ms
04-15 16:12:05.046 535 535 I PackageManager: /system/app/SimAppDialog changed; collecting certs
04-15 16:12:05.055 535 596 W PackageParsing: No actions in intent-filter at /system/app/CarrierDefaultApp/CarrierDefaultApp.apk Binary XML file line #45
04-15 16:12:05.065 535 596 W PackageParsing: No actions in intent-filter at /system/app/CarrierDefaultApp/CarrierDefaultApp.apk Binary XML file line #70
04-15 16:12:05.104 535 596 I PackageParsing: Parse times for '/system/app/CarrierDefaultApp': parse=118ms, update_cache=29 ms
04-15 16:12:05.132 535 535 I PackageManager: /system/app/PrintRecommendationService changed; collecting certs
04-15 16:12:05.167 535 535 I PackageManager: /system/app/CaptivePortalLogin changed; collecting certs
04-15 16:12:05.172 535 593 I PackageParsing: Parse times for '/system/app/KeyChain': parse=128ms, update_cache=25 ms
04-15 16:12:05.231 535 535 I PackageManager: /system/app/ExtShared changed; collecting certs
04-15 16:12:05.305 535 596 I PackageParsing: Parse times for '/system/app/BasicDreams': parse=110ms, update_cache=15 ms
04-15 16:12:05.313 535 535 I PackageManager: /system/app/CertInstaller changed; collecting certs
04-15 16:12:05.335 535 593 I PackageParsing: Parse times for '/system/app/BluetoothMidiService': parse=145ms, update_cache=10 ms
04-15 16:12:05.354 535 535 I PackageManager: /system/app/PrintSpooler changed; collecting certs
04-15 16:12:05.384 535 594 I PackageParsing: Parse times for '/system/app/EasterEgg': parse=216ms, update_cache=6 ms
04-15 16:12:05.394 535 595 I PackageParsing: Parse times for '/system/app/Stk': parse=232ms, update_cache=3 ms
04-15 16:12:05.409 535 535 I PackageManager: /system/app/CompanionDeviceManager changed; collecting certs
04-15 16:12:05.510 535 535 I PackageManager: /system/app/CarrierDefaultApp changed; collecting certs
04-15 16:12:05.563 535 593 I PackageParsing: Parse times for '/system/app/Traceur': parse=142ms, update_cache=8 ms
04-15 16:12:05.566 535 535 I PackageManager: /system/app/WallpaperBackup changed; collecting certs
04-15 16:12:05.593 535 535 W PackageManager: Adding duplicate shared id: 1000 name=com.android.wallpaperbackup
04-15 16:12:05.605 535 535 I PackageManager: /system/app/PartnerBookmarksProvider changed; collecting certs
04-15 16:12:05.627 535 535 I PackageManager: /system/app/SecureElement changed; collecting certs
04-15 16:12:05.656 535 535 W PackageManager: Adding duplicate shared id: 1068 name=com.android.se
04-15 16:12:05.663 535 535 I PackageManager: /system/app/KeyChain changed; collecting certs
04-15 16:12:05.701 535 535 W PackageManager: Adding duplicate shared id: 1000 name=com.android.keychain
04-15 16:12:05.729 535 535 I PackageManager: /system/app/BasicDreams changed; collecting certs
04-15 16:12:05.743 535 547 I system_server: Background concurrent copying GC freed 188620(13MB) AllocSpace objects, 118(5736KB) LOS objects, 49% free, 5483KB/10MB, paused 9.565ms,256us total 629.631ms
04-15 16:12:05.748 535 535 I PackageManager: /system/app/BluetoothMidiService changed; collecting certs
04-15 16:12:05.779 535 535 I PackageManager: /system/app/PacProcessor changed; collecting certs
04-15 16:12:05.799 535 535 I PackageManager: /system/app/BookmarkProvider changed; collecting certs
04-15 16:12:05.827 535 535 I PackageManager: /system/app/EasterEgg changed; collecting certs
04-15 16:12:05.848 535 535 I PackageManager: /system/app/Stk changed; collecting certs
04-15 16:12:05.859 535 535 W PackageManager: Adding duplicate shared id: 1001 name=com.android.stk
04-15 16:12:05.869 535 535 I PackageManager: /system/app/HTMLViewer changed; collecting certs
04-15 16:12:05.885 535 535 I PackageManager: /system/app/Traceur changed; collecting certs
04-15 16:12:05.907 535 535 D PackageManager: No files in app dir /vendor/priv-app
04-15 16:12:05.914 535 535 D PackageManager: No files in app dir /vendor/app
04-15 16:12:05.915 535 535 D PackageManager: No files in app dir /odm/priv-app
04-15 16:12:05.917 535 535 D PackageManager: No files in app dir /odm/app
04-15 16:12:05.918 535 535 D PackageManager: No files in app dir /oem/app
04-15 16:12:06.005 535 535 I PackageManager: /product/priv-app/ImsServiceEntitlement changed; collecting certs
04-15 16:12:06.039 535 593 W PackageParsing: Ignoring duplicate uses-permissions/uses-permissions-sdk-m: android.permission.POST_NOTIFICATIONS in package: com.android.dialer at: Binary XML file line #65
04-15 16:12:06.046 535 593 W PackageParsing: Unknown element under : meta-data at /product/priv-app/Dialer/Dialer.apk Binary XML file line #122
04-15 16:12:06.057 535 595 I PackageParsing: Parse times for '/product/priv-app/SettingsIntelligence': parse=124ms, update_cache=3 ms
04-15 16:12:06.060 535 535 I PackageManager: /product/priv-app/SettingsIntelligence changed; collecting certs
04-15 16:12:06.102 535 594 W PackageParsing: No actions in intent-filter at /product/priv-app/Contacts/Contacts.apk Binary XML file line #562
04-15 16:12:06.114 535 593 I PackageParsing: Parse times for '/product/priv-app/Dialer': parse=159ms, update_cache=19 ms
04-15 16:12:06.114 535 535 I PackageManager: /product/priv-app/Dialer changed; collecting certs
04-15 16:12:06.122 535 594 I PackageParsing: Parse times for '/product/priv-app/Contacts': parse=182ms, update_cache=13 ms
04-15 16:12:06.138 535 535 I PackageManager: /product/priv-app/Contacts changed; collecting certs
04-15 16:12:06.206 535 535 I PackageManager: /product/app/ModuleMetadata changed; collecting certs
04-15 16:12:06.274 535 535 I PackageManager: /product/app/PhotoTable changed; collecting certs
04-15 16:12:06.278 535 593 D CompatibilityChangeReporter: Compat change id reported: 150232615; UID -1; state: DISABLED
04-15 16:12:06.352 535 594 I PackageParsing: Parse times for '/product/app/Calendar': parse=142ms, update_cache=33 ms
04-15 16:12:06.357 535 596 I PackageParsing: Parse times for '/product/app/webview': parse=156ms, update_cache=44 ms
04-15 16:12:06.372 535 595 I PackageParsing: Parse times for '/product/app/Browser2': parse=81ms, update_cache=34 ms
04-15 16:12:06.390 535 535 I PackageManager: /product/app/WallpaperPicker changed; collecting certs
04-15 16:12:06.510 535 535 I PackageManager: /product/app/Calendar changed; collecting certs
04-15 16:12:06.672 535 595 I PackageParsing: Parse times for '/product/app/Gallery2': parse=274ms, update_cache=23 ms
04-15 16:12:06.682 535 596 I PackageParsing: Parse times for '/product/app/Camera2': parse=300ms, update_cache=17 ms
04-15 16:12:06.690 535 594 I PackageParsing: Parse times for '/product/app/Music': parse=282ms, update_cache=29 ms
04-15 16:12:06.699 535 535 I PackageManager: /product/app/webview changed; collecting certs
04-15 16:12:06.739 535 593 I PackageParsing: Parse times for '/product/app/DeskClock': parse=398ms, update_cache=37 ms
04-15 16:12:06.765 535 535 I PackageManager: /product/app/Browser2 changed; collecting certs
04-15 16:12:06.794 535 535 I PackageManager: /product/app/Gallery2 changed; collecting certs
04-15 16:12:06.813 535 535 W PackageManager: Skipping provider name com.android.gallery3d.provider (in package com.android.gallery3d): name already used by com.android.gallery3d
04-15 16:12:06.815 535 535 I PackageManager: /product/app/Camera2 changed; collecting certs
04-15 16:12:06.851 535 535 I PackageManager: /product/app/Music changed; collecting certs
04-15 16:12:06.866 535 594 I PackageParsing: Parse times for '/product/app/messaging': parse=126ms, update_cache=35 ms
04-15 16:12:06.877 535 535 I PackageManager: /product/app/DeskClock changed; collecting certs
04-15 16:12:06.886 535 595 I PackageParsing: Parse times for '/product/app/LatinIME': parse=179ms, update_cache=15 ms
04-15 16:12:06.894 535 535 I PackageManager: /product/app/QuickSearchBox changed; collecting certs
04-15 16:12:06.907 535 535 I PackageManager: /product/app/messaging changed; collecting certs
04-15 16:12:06.921 535 535 I PackageManager: /product/app/LatinIME changed; collecting certs
04-15 16:12:06.959 535 535 I PackageManager: /system_ext/priv-app/SdkSetup changed; collecting certs
04-15 16:12:07.006 535 535 I PackageManager: /system_ext/priv-app/MultiDisplayProvider changed; collecting certs
04-15 16:12:07.042 535 535 W PackageManager: Adding duplicate shared id: 1000 name=com.android.emulator.multidisplay
04-15 16:12:07.083 535 595 I PackageParsing: Parse times for '/system_ext/priv-app/CarrierConfig': parse=107ms, update_cache=3 ms
04-15 16:12:07.085 535 535 I PackageManager: /system_ext/priv-app/CarrierConfig changed; collecting certs
04-15 16:12:07.104 535 593 I PackageParsing: Parse times for '/system_ext/priv-app/Launcher3QuickStep': parse=149ms, update_cache=2 ms
04-15 16:12:07.127 535 594 I PackageParsing: Parse times for '/system_ext/priv-app/StorageManager': parse=164ms, update_cache=5 ms
04-15 16:12:07.140 535 535 I PackageManager: /system_ext/priv-app/Launcher3QuickStep changed; collecting certs
04-15 16:12:07.164 535 596 W PackageParsing: Ignoring duplicate uses-permissions/uses-permissions-sdk-m: android.permission.CONFIGURE_WIFI_DISPLAY in package: com.android.systemui at: Binary XML file line #169
04-15 16:12:07.166 535 596 W PackageParsing: Ignoring duplicate uses-permissions/uses-permissions-sdk-m: android.permission.GET_RUNTIME_PERMISSIONS in package: com.android.systemui at: Binary XML file line #242
04-15 16:12:07.179 535 596 W PackageParsing: Ignoring duplicate uses-permissions/uses-permissions-sdk-m: android.permission.READ_DEVICE_CONFIG in package: com.android.systemui at: Binary XML file line #346
04-15 16:12:07.218 535 535 I PackageManager: /system_ext/priv-app/StorageManager changed; collecting certs
04-15 16:12:07.251 535 535 I PackageManager: /system_ext/priv-app/AccessibilityMenu changed; collecting certs
04-15 16:12:07.282 535 596 I PackageParsing: Parse times for '/system_ext/priv-app/SystemUI': parse=262ms, update_cache=19 ms
04-15 16:12:07.301 535 535 I PackageManager: /system_ext/priv-app/EmulatorRadioConfig changed; collecting certs
04-15 16:12:07.317 535 535 I PackageManager: /system_ext/priv-app/WallpaperCropper changed; collecting certs
04-15 16:12:07.333 535 535 I PackageManager: New shared user android.uid.systemui: id=10117
04-15 16:12:07.334 535 535 I PackageManager: /system_ext/priv-app/SystemUI changed; collecting certs
04-15 16:12:07.357 535 535 W PackageManager: Adding duplicate app id: 10117 name=com.android.systemui
04-15 16:12:07.421 535 594 I PackageParsing: Parse times for '/system_ext/priv-app/EmergencyInfo': parse=187ms, update_cache=5 ms
04-15 16:12:07.423 535 535 I PackageManager: New shared user com.android.emergency.uid: id=10118
04-15 16:12:07.423 535 535 I PackageManager: /system_ext/priv-app/EmergencyInfo changed; collecting certs
04-15 16:12:07.441 535 535 W PackageManager: Adding duplicate app id: 10118 name=com.android.emergency
04-15 16:12:07.588 535 595 I PackageParsing: Parse times for '/system_ext/priv-app/Settings': parse=469ms, update_cache=20 ms
04-15 16:12:07.589 535 535 I PackageManager: /system_ext/priv-app/Settings changed; collecting certs
04-15 16:12:07.603 535 535 W PackageManager: Adding duplicate shared id: 1000 name=com.android.settings
04-15 16:12:07.616 535 535 D PackageManager: No files in app dir /system_ext/app
04-15 16:12:07.618 535 535 W PackageManager: Dropping cache of /apex/com.android.wifi/priv-app/ServiceWifiResources@UE1A.230829.036.A1
04-15 16:12:07.668 535 535 I PackageManager: /apex/com.android.wifi/priv-app/ServiceWifiResources@UE1A.230829.036.A1 changed; collecting certs
04-15 16:12:07.681 535 535 I ApexManager: Registering com.android.wifi.resources as apk-in-apex of com.android.wifi
04-15 16:12:07.686 535 535 W PackageManager: Dropping cache of /apex/com.android.wifi/app/WifiDialog@UE1A.230829.036.A1
04-15 16:12:07.687 535 535 W PackageManager: Dropping cache of /apex/com.android.wifi/app/OsuLogin@UE1A.230829.036.A1
04-15 16:12:07.731 535 535 I PackageManager: /apex/com.android.wifi/app/OsuLogin@UE1A.230829.036.A1 changed; collecting certs
04-15 16:12:07.745 535 535 I ApexManager: Registering com.android.hotspot2.osulogin as apk-in-apex of com.android.wifi
04-15 16:12:07.749 535 535 I PackageManager: /apex/com.android.wifi/app/WifiDialog@UE1A.230829.036.A1 changed; collecting certs
04-15 16:12:07.760 535 535 I ApexManager: Registering com.android.wifi.dialog as apk-in-apex of com.android.wifi
04-15 16:12:07.825 535 535 I PackageManager: /apex/com.android.devicelock/priv-app/DeviceLockController@UE1A.230829.036.A1 changed; collecting certs
04-15 16:12:07.840 535 535 I ApexManager: Registering com.android.devicelockcontroller as apk-in-apex of com.android.devicelock
04-15 16:12:07.845 535 535 D PackageManager: No files in app dir /apex/com.android.devicelock/app
04-15 16:12:07.845 535 535 D PackageManager: No files in app dir /apex/com.android.runtime/priv-app
04-15 16:12:07.845 535 535 D PackageManager: No files in app dir /apex/com.android.runtime/app
04-15 16:12:07.846 535 535 D PackageManager: No files in app dir /apex/com.android.i18n/priv-app
04-15 16:12:07.846 535 535 D PackageManager: No files in app dir /apex/com.android.i18n/app
04-15 16:12:07.849 535 535 W PackageManager: Dropping cache of /apex/com.android.uwb/priv-app/ServiceUwbResources@UE1A.230829.036.A1
04-15 16:12:07.866 535 535 I PackageManager: /apex/com.android.uwb/priv-app/ServiceUwbResources@UE1A.230829.036.A1 changed; collecting certs
04-15 16:12:07.878 535 535 I ApexManager: Registering com.android.uwb.resources as apk-in-apex of com.android.uwb
04-15 16:12:07.910 0 0 I servicemanager: Notifying apexservice they don't (previously: do) have clients when we now have no record of a client
04-15 16:12:07.914 0 0 I AidlLazyServiceRegistrar: Process has 0 (of 1 available) client(s) in use after notification apexservice has clients: 0
04-15 16:12:07.914 0 0 I AidlLazyServiceRegistrar: Shutdown prevented by forcePersist override flag.
04-15 16:12:07.929 535 535 D PackageManager: No files in app dir /apex/com.android.uwb/app
04-15 16:12:07.930 535 535 D PackageManager: No files in app dir /apex/com.android.sdkext/priv-app
04-15 16:12:07.930 535 535 D PackageManager: No files in app dir /apex/com.android.sdkext/app
04-15 16:12:07.931 535 535 D PackageManager: No files in app dir /apex/com.android.ondevicepersonalization/priv-app
04-15 16:12:07.937 535 535 W PackageManager: Dropping cache of /apex/com.android.ondevicepersonalization/app/OnDevicePersonalization@UE1A.230829.036.A1
04-15 16:12:07.938 535 535 W PackageManager: Dropping cache of /apex/com.android.ondevicepersonalization/app/FederatedCompute@UE1A.230829.036.A1
04-15 16:12:07.977 535 535 I PackageManager: /apex/com.android.ondevicepersonalization/app/FederatedCompute@UE1A.230829.036.A1 changed; collecting certs
04-15 16:12:07.997 535 547 I system_server: Background young concurrent copying GC freed 61202(3504KB) AllocSpace objects, 21(684KB) LOS objects, 41% free, 6435KB/10MB, paused 143us,109us total 117.491ms
04-15 16:12:08.007 535 535 I ApexManager: Registering com.android.federatedcompute.services as apk-in-apex of com.android.ondevicepersonalization
04-15 16:12:08.019 535 535 I PackageManager: /apex/com.android.ondevicepersonalization/app/OnDevicePersonalization@UE1A.230829.036.A1 changed; collecting certs
04-15 16:12:08.034 535 535 I ApexManager: Registering com.android.ondevicepersonalization.services as apk-in-apex of com.android.ondevicepersonalization
04-15 16:12:08.037 535 535 D PackageManager: No files in app dir /apex/com.android.media/priv-app
04-15 16:12:08.038 535 535 D PackageManager: No files in app dir /apex/com.android.media/app
04-15 16:12:08.039 535 535 D PackageManager: No files in app dir /apex/com.android.tzdata/priv-app
04-15 16:12:08.040 535 535 D PackageManager: No files in app dir /apex/com.android.tzdata/app
04-15 16:12:08.041 535 535 D PackageManager: No files in app dir /apex/com.android.vndk.v34/priv-app
04-15 16:12:08.043 535 535 D PackageManager: No files in app dir /apex/com.android.vndk.v34/app
04-15 16:12:08.052 535 535 W PackageManager: Dropping cache of /apex/com.android.cellbroadcast/priv-app/CellBroadcastServiceModule@UE1A.230829.036.A1
04-15 16:12:08.055 535 535 W PackageManager: Dropping cache of /apex/com.android.cellbroadcast/priv-app/CellBroadcastApp@UE1A.230829.036.A1
04-15 16:12:08.075 535 535 I PackageManager: /apex/com.android.cellbroadcast/priv-app/CellBroadcastServiceModule@UE1A.230829.036.A1 changed; collecting certs
04-15 16:12:08.087 535 535 W PackageManager: Adding duplicate shared id: 1073 name=com.android.cellbroadcastservice
04-15 16:12:08.094 535 535 I ApexManager: Registering com.android.cellbroadcastservice as apk-in-apex of com.android.cellbroadcast
04-15 16:12:08.390 535 593 I PackageParsing: Parse times for '/apex/com.android.cellbroadcast/priv-app/CellBroadcastApp@UE1A.230829.036.A1': parse=306ms, update_cache=3 ms
04-15 16:12:08.393 535 535 I PackageManager: /apex/com.android.cellbroadcast/priv-app/CellBroadcastApp@UE1A.230829.036.A1 changed; collecting certs
04-15 16:12:08.406 535 535 I ApexManager: Registering com.android.cellbroadcastreceiver.module as apk-in-apex of com.android.cellbroadcast
04-15 16:12:08.410 535 535 D PackageManager: No files in app dir /apex/com.android.cellbroadcast/app
04-15 16:12:08.411 535 535 D PackageManager: No files in app dir /apex/com.android.art/priv-app
04-15 16:12:08.411 535 535 D PackageManager: No files in app dir /apex/com.android.art/app
04-15 16:12:08.412 535 535 D PackageManager: No files in app dir /apex/com.android.neuralnetworks/priv-app
04-15 16:12:08.412 535 535 D PackageManager: No files in app dir /apex/com.android.neuralnetworks/app
04-15 16:12:08.419 535 535 W PackageManager: Dropping cache of /apex/com.android.tethering/priv-app/ServiceConnectivityResources@UE1A.230829.036.A1
04-15 16:12:08.422 535 535 W PackageManager: Dropping cache of /apex/com.android.tethering/priv-app/TetheringNext@UE1A.230829.036.A1
04-15 16:12:08.464 535 535 I PackageManager: /apex/com.android.tethering/priv-app/TetheringNext@UE1A.230829.036.A1 changed; collecting certs
04-15 16:12:08.487 535 535 W PackageManager: Adding duplicate shared id: 1073 name=com.android.networkstack.tethering
04-15 16:12:08.492 535 535 I ApexManager: Registering com.android.networkstack.tethering as apk-in-apex of com.android.tethering
04-15 16:12:08.495 535 535 I PackageManager: /apex/com.android.tethering/priv-app/ServiceConnectivityResources@UE1A.230829.036.A1 changed; collecting certs
04-15 16:12:08.508 535 535 I ApexManager: Registering com.android.connectivity.resources as apk-in-apex of com.android.tethering
04-15 16:12:08.515 535 535 W PackageManager: Dropping cache of /apex/com.android.tethering/app/HalfSheetUX@UE1A.230829.036.A1
04-15 16:12:08.572 535 535 I PackageManager: /apex/com.android.tethering/app/HalfSheetUX@UE1A.230829.036.A1 changed; collecting certs
04-15 16:12:08.586 535 535 I ApexManager: Registering com.android.nearby.halfsheet as apk-in-apex of com.android.tethering
04-15 16:12:08.590 535 535 D PackageManager: No files in app dir /apex/com.android.adbd/priv-app
04-15 16:12:08.592 535 535 D PackageManager: No files in app dir /apex/com.android.adbd/app
04-15 16:12:08.615 535 535 I PackageManager: /apex/com.android.apex.cts.shim/priv-app/CtsShimPriv@MASTER changed; collecting certs
04-15 16:12:08.627 535 535 I ApexManager: Registering com.android.cts.priv.ctsshim as apk-in-apex of com.android.apex.cts.shim
04-15 16:12:08.651 535 535 I PackageManager: New shared user com.android.cts.ctsshim: id=10130
04-15 16:12:08.655 535 535 I PackageManager: /apex/com.android.apex.cts.shim/app/CtsShim@MASTER changed; collecting certs
04-15 16:12:08.702 535 535 W PackageManager: Adding duplicate app id: 10130 name=com.android.cts.ctsshim
04-15 16:12:08.717 535 535 I ApexManager: Registering com.android.cts.ctsshim as apk-in-apex of com.android.apex.cts.shim
04-15 16:12:08.729 535 535 D PackageManager: No files in app dir /apex/com.android.scheduling/priv-app
04-15 16:12:08.731 535 535 D PackageManager: No files in app dir /apex/com.android.scheduling/app
04-15 16:12:08.736 535 535 D PackageManager: No files in app dir /apex/com.android.os.statsd/priv-app
04-15 16:12:08.739 535 535 D PackageManager: No files in app dir /apex/com.android.os.statsd/app
04-15 16:12:08.744 535 535 D PackageManager: No files in app dir /apex/com.android.appsearch/priv-app
04-15 16:12:08.746 535 535 D PackageManager: No files in app dir /apex/com.android.appsearch/app
04-15 16:12:08.747 535 535 D PackageManager: No files in app dir /apex/com.android.conscrypt/priv-app
04-15 16:12:08.752 535 535 D PackageManager: No files in app dir /apex/com.android.conscrypt/app
04-15 16:12:08.753 535 535 D PackageManager: No files in app dir /apex/com.android.resolv/priv-app
04-15 16:12:08.754 535 535 D PackageManager: No files in app dir /apex/com.android.resolv/app
04-15 16:12:08.755 535 535 D PackageManager: No files in app dir /apex/com.android.btservices/priv-app
04-15 16:12:08.910 535 594 I PackageParsing: Parse times for '/apex/com.android.btservices/app/Bluetooth@UE1A.230829.036.A1': parse=123ms, update_cache=14 ms
04-15 16:12:08.916 535 535 I PackageManager: /apex/com.android.btservices/app/Bluetooth@UE1A.230829.036.A1 changed; collecting certs
04-15 16:12:08.951 535 535 W PackageManager: Adding duplicate shared id: 1002 name=com.android.bluetooth
04-15 16:12:08.959 535 535 I ApexManager: Registering com.android.bluetooth as apk-in-apex of com.android.btservices
04-15 16:12:08.991 535 535 D PackageManager: No files in app dir /apex/com.android.media.swcodec/priv-app
04-15 16:12:08.996 535 535 D PackageManager: No files in app dir /apex/com.android.media.swcodec/app
04-15 16:12:09.033 535 535 I PackageManager: /apex/com.android.rkpd/priv-app/rkpdapp@UE1A.230829.036.A1 changed; collecting certs
04-15 16:12:09.043 535 535 I ApexManager: Registering com.android.rkpdapp as apk-in-apex of com.android.rkpd
04-15 16:12:09.047 535 535 D PackageManager: No files in app dir /apex/com.android.rkpd/app
04-15 16:12:09.051 535 535 W PackageManager: Dropping cache of /apex/com.android.extservices/priv-app/ExtServices@UE1A.230829.036.A1
04-15 16:12:09.099 535 535 I PackageManager: /apex/com.android.extservices/priv-app/ExtServices@UE1A.230829.036.A1 changed; collecting certs
04-15 16:12:09.125 535 535 I ApexManager: Registering android.ext.services as apk-in-apex of com.android.extservices
04-15 16:12:09.129 535 535 D PackageManager: No files in app dir /apex/com.android.extservices/app
04-15 16:12:09.130 535 535 D PackageManager: No files in app dir /apex/com.android.configinfrastructure/priv-app
04-15 16:12:09.130 535 535 D PackageManager: No files in app dir /apex/com.android.configinfrastructure/app
04-15 16:12:09.259 535 596 I PackageParsing: Parse times for '/apex/com.android.healthfitness/priv-app/HealthConnectController@UE1A.230829.036.A1': parse=116ms, update_cache=5 ms
04-15 16:12:09.259 535 535 I PackageManager: /apex/com.android.healthfitness/priv-app/HealthConnectController@UE1A.230829.036.A1 changed; collecting certs
04-15 16:12:09.272 535 535 I ApexManager: Registering com.android.healthconnect.controller as apk-in-apex of com.android.healthfitness
04-15 16:12:09.293 535 535 I PackageManager: /apex/com.android.healthfitness/app/HealthConnectBackupRestore@UE1A.230829.036.A1 changed; collecting certs
04-15 16:12:09.305 535 535 I ApexManager: Registering com.android.health.connect.backuprestore as apk-in-apex of com.android.healthfitness
04-15 16:12:09.309 535 535 D PackageManager: No files in app dir /apex/com.android.ipsec/priv-app
04-15 16:12:09.309 535 535 D PackageManager: No files in app dir /apex/com.android.ipsec/app
04-15 16:12:09.313 535 535 W PackageManager: Dropping cache of /apex/com.android.adservices/priv-app/AdServicesApk@UE1A.230829.036.A1
04-15 16:12:09.910 535 595 W PackageParsing: Ignoring duplicate uses-permissions/uses-permissions-sdk-m: android.permission.RECEIVE_BOOT_COMPLETED in package: com.android.adservices.api at: Binary XML file line #123
04-15 16:12:09.919 535 595 I PackageParsing: Parse times for '/apex/com.android.adservices/priv-app/AdServicesApk@UE1A.230829.036.A1': parse=597ms, update_cache=4 ms
04-15 16:12:09.924 535 535 I PackageManager: /apex/com.android.adservices/priv-app/AdServicesApk@UE1A.230829.036.A1 changed; collecting certs
04-15 16:12:09.935 535 535 I ApexManager: Registering com.android.adservices.api as apk-in-apex of com.android.adservices
04-15 16:12:09.940 535 535 W PackageManager: Dropping cache of /apex/com.android.adservices/app/SdkSandbox@UE1A.230829.036.A1
04-15 16:12:09.954 535 535 I PackageManager: /apex/com.android.adservices/app/SdkSandbox@UE1A.230829.036.A1 changed; collecting certs
04-15 16:12:09.963 535 535 I ApexManager: Registering com.android.sdksandbox as apk-in-apex of com.android.adservices
04-15 16:12:09.966 535 535 W PackageManager: Dropping cache of /apex/com.android.permission/priv-app/PermissionController@UE1A.230829.036.A1
04-15 16:12:09.976 535 535 W PackageManager: Dropping cache of /apex/com.android.permission/priv-app/SafetyCenterResources@UE1A.230829.036.A1
04-15 16:12:10.031 535 535 I PackageManager: /apex/com.android.permission/priv-app/SafetyCenterResources@UE1A.230829.036.A1 changed; collecting certs
04-15 16:12:10.081 535 535 I ApexManager: Registering com.android.safetycenter.resources as apk-in-apex of com.android.permission
04-15 16:12:10.166 535 596 W PackageParsing: Ignoring duplicate uses-permissions/uses-permissions-sdk-m: android.permission.OBSERVE_SENSOR_PRIVACY in package: com.android.permissioncontroller at: Binary XML file line #59
04-15 16:12:10.198 535 596 I PackageParsing: Parse times for '/apex/com.android.permission/priv-app/PermissionController@UE1A.230829.036.A1': parse=223ms, update_cache=5 ms
04-15 16:12:10.198 535 535 I PackageManager: /apex/com.android.permission/priv-app/PermissionController@UE1A.230829.036.A1 changed; collecting certs
04-15 16:12:10.210 535 535 I ApexManager: Registering com.android.permissioncontroller as apk-in-apex of com.android.permission
04-15 16:12:10.215 535 535 D PackageManager: No files in app dir /apex/com.android.permission/app
04-15 16:12:10.217 535 535 W PackageManager: Dropping cache of /apex/com.android.mediaprovider/priv-app/MediaProvider@UE1A.230829.036.A1
04-15 16:12:10.265 535 595 W PackageParsing: Unknown element under : meta-data at /apex/com.android.mediaprovider/priv-app/MediaProvider@UE1A.230829.036.A1/MediaProvider.apk Binary XML file line #9
04-15 16:12:10.281 535 535 I PackageManager: /apex/com.android.mediaprovider/priv-app/MediaProvider@UE1A.230829.036.A1 changed; collecting certs
04-15 16:12:10.294 535 535 I ApexManager: Registering com.android.providers.media.module as apk-in-apex of com.android.mediaprovider
04-15 16:12:10.301 535 535 D PackageManager: No files in app dir /apex/com.android.mediaprovider/app
04-15 16:12:10.302 535 535 D PackageManager: No files in app dir /apex/com.android.virt/priv-app
04-15 16:12:10.315 535 535 I PackageManager: /apex/com.android.virt/app/android.system.virtualmachine.res@UE1A.230829.036.A1 changed; collecting certs
04-15 16:12:10.325 535 535 I ApexManager: Registering com.android.virtualmachine.res as apk-in-apex of com.android.virt
04-15 16:12:10.394 535 535 I PackageManager: Finished scanning system apps. Time: 10594 ms, packageCount: 203 , timePerPackage: 52 , cached: 0
04-15 16:12:10.397 535 535 D PackageManager: No files in app dir /data/app
04-15 16:12:10.401 535 535 I PackageManager: Finished scanning non-system apps. Time: 7 ms, packageCount: 0 , timePerPackage: 0 , cached: 0
04-15 16:12:10.403 535 535 W PackageManager: There should probably be a verifier, but, none were found
04-15 16:12:10.413 535 535 W PackageManager: Missing required system package: .
04-15 16:12:10.414 535 535 W PackageManager: Missing required system package: .
04-15 16:12:10.426 535 535 I PackageManager: Time to scan packages: 10.626 seconds
04-15 16:12:10.427 535 535 I PermissionManager: Permission ownership changed. Updating all permissions.
04-15 16:12:10.433 535 535 W PermissionManager: Package com.android.adservices.api is an APK in APEX, but has permission allowlist on the system image. Please bundle the allowlist in the com.android.adservices APEX instead.
04-15 16:12:10.545 535 535 W PermissionManager: Package com.android.providers.media.module is an APK in APEX, but has permission allowlist on the system image. Please bundle the allowlist in the com.android.mediaprovider APEX instead.
04-15 16:12:10.545 535 535 W PermissionManager: Package com.android.providers.media.module is an APK in APEX, but has permission allowlist on the system image. Please bundle the allowlist in the com.android.mediaprovider APEX instead.
04-15 16:12:10.546 535 535 W PermissionManager: Package com.android.providers.media.module is an APK in APEX, but has permission allowlist on the system image. Please bundle the allowlist in the com.android.mediaprovider APEX instead.
04-15 16:12:10.546 535 535 W PermissionManager: Package com.android.providers.media.module is an APK in APEX, but has permission allowlist on the system image. Please bundle the allowlist in the com.android.mediaprovider APEX instead.
04-15 16:12:10.547 535 535 W PermissionManager: Package com.android.providers.media.module is an APK in APEX, but has permission allowlist on the system image. Please bundle the allowlist in the com.android.mediaprovider APEX instead.
04-15 16:12:10.547 535 535 W PermissionManager: Package com.android.providers.media.module is an APK in APEX, but has permission allowlist on the system image. Please bundle the allowlist in the com.android.mediaprovider APEX instead.
04-15 16:12:10.548 535 535 W PermissionManager: Package com.android.providers.media.module is an APK in APEX, but has permission allowlist on the system image. Please bundle the allowlist in the com.android.mediaprovider APEX instead.
04-15 16:12:10.549 535 535 W PermissionManager: Package com.android.providers.media.module is an APK in APEX, but has permission allowlist on the system image. Please bundle the allowlist in the com.android.mediaprovider APEX instead.
04-15 16:12:10.549 535 535 W PermissionManager: Package com.android.providers.media.module is an APK in APEX, but has permission allowlist on the system image. Please bundle the allowlist in the com.android.mediaprovider APEX instead.
04-15 16:12:10.549 535 535 W PermissionManager: Package com.android.providers.media.module is an APK in APEX, but has permission allowlist on the system image. Please bundle the allowlist in the com.android.mediaprovider APEX instead.
04-15 16:12:10.549 535 535 W PermissionManager: Package com.android.providers.media.module is an APK in APEX, but has permission allowlist on the system image. Please bundle the allowlist in the com.android.mediaprovider APEX instead.
04-15 16:12:10.550 535 535 W PermissionManager: Package com.android.providers.media.module is an APK in APEX, but has permission allowlist on the system image. Please bundle the allowlist in the com.android.mediaprovider APEX instead.
04-15 16:12:10.550 535 535 W PermissionManager: Package com.android.providers.media.module is an APK in APEX, but has permission allowlist on the system image. Please bundle the allowlist in the com.android.mediaprovider APEX instead.
04-15 16:12:10.575 535 535 V PackageManager: reconcileAppsData for null u0 0x1 migrateAppData=true
04-15 16:12:10.601 443 461 I SELinux : SELinux: Loaded file context from:
04-15 16:12:10.602 443 461 I SELinux : /system/etc/selinux/plat_file_contexts
04-15 16:12:10.602 443 461 I SELinux : /vendor/etc/selinux/vendor_file_contexts
04-15 16:12:10.798 535 535 V PackageManager: reconcileAppsData finished 24 packages
04-15 16:12:10.801 535 535 D PackageManagerTiming: write settings
04-15 16:12:10.806 535 605 D SystemServerTimingAsync: InitThreadPoolExec:prepareAppData
04-15 16:12:10.806 535 605 D SystemServerInitThreadPool: Started executing prepareAppData
04-15 16:12:10.823 535 605 V SystemServerTimingAsync: AppDataFixup took to complete: 17ms
04-15 16:12:10.987 535 535 I SELinux : SELinux: Loaded file context from:
04-15 16:12:10.987 535 535 I SELinux : /system/etc/selinux/plat_file_contexts
04-15 16:12:10.987 535 535 I SELinux : /vendor/etc/selinux/vendor_file_contexts
04-15 16:12:11.066 535 535 V PackageManagerTiming: write settings took to complete: 265ms
04-15 16:12:11.072 535 535 W PackageManager: Domain verification agent not found
04-15 16:12:11.095 535 547 I system_server: Background concurrent copying GC freed 100647(4826KB) AllocSpace objects, 11(248KB) LOS objects, 49% free, 6381KB/12MB, paused 548us,99us total 285.111ms
04-15 16:12:11.115 535 535 D PackageManager: Ephemeral resolver NOT found; no matching intent filters
04-15 16:12:11.125 535 535 D PackageManager: Instant App installer not found with android.intent.action.INSTALL_INSTANT_APP_PACKAGE
04-15 16:12:11.129 535 535 D PackageManager: Clear ephemeral installer activity
04-15 16:12:11.160 535 535 D PackageManagerTiming: GC
04-15 16:12:11.174 535 605 W system_server: Long monitor contention with owner main (535) at void com.android.server.pm.PackageManagerService.(com.android.server.pm.PackageManagerServiceInjector, boolean, java.lang.String, boolean, boolean, int, java.lang.String)(PackageManagerService.java:2398) waiters=0 in com.android.server.pm.Computer com.android.server.pm.PackageManagerService.snapshotComputer(boolean) for 340ms
04-15 16:12:11.176 535 535 V PackageManagerTiming: GC took to complete: 5ms
04-15 16:12:11.179 535 535 I PackageManager: Fix for b/169414761 is applied
04-15 16:12:11.179 535 535 V PackageManagerTiming: create package manager took to complete: 11530ms
04-15 16:12:11.184 535 535 V UserSystemPackageInstaller: Checking that all system packages are whitelisted.
04-15 16:12:11.197 535 605 W PackageManager: Skipping preparing app data for com.android.configinfrastructure
04-15 16:12:11.197 535 605 W PackageManager: Skipping preparing app data for com.android.appsearch
04-15 16:12:11.198 535 605 W PackageManager: Skipping preparing app data for com.android.adservices
04-15 16:12:11.199 535 605 W PackageManager: Skipping preparing app data for com.android.scheduling
04-15 16:12:11.199 535 605 W PackageManager: Skipping preparing app data for com.android.permission
04-15 16:12:11.217 535 605 W PackageManager: Skipping preparing app data for com.android.art
04-15 16:12:11.217 535 605 W PackageManager: Skipping preparing app data for com.android.uwb
04-15 16:12:11.218 535 605 W PackageManager: Skipping preparing app data for com.android.tethering
04-15 16:12:11.218 535 605 W PackageManager: Skipping preparing app data for com.android.btservices
04-15 16:12:11.218 535 605 W PackageManager: Skipping preparing app data for com.android.media.swcodec
04-15 16:12:11.219 535 605 W PackageManager: Skipping preparing app data for com.android.conscrypt
04-15 16:12:11.220 535 535 W UserSystemPackageInstaller: checkWhitelistedSystemPackages(mode=d) has 50 warnings:
04-15 16:12:11.221 535 535 W UserSystemPackageInstaller: com.android.theme.color.amethyst is allowlisted but not present.
04-15 16:12:11.221 535 535 W UserSystemPackageInstaller: com.android.theme.icon.pebble is allowlisted but not present.
04-15 16:12:11.222 535 535 W UserSystemPackageInstaller: com.android.theme.color.sand is allowlisted but not present.
04-15 16:12:11.222 535 535 W UserSystemPackageInstaller: com.android.theme.icon.vessel is allowlisted but not present.
04-15 16:12:11.222 535 535 W UserSystemPackageInstaller: com.android.theme.color.cinnamon is allowlisted but not present.
04-15 16:12:11.223 535 535 W UserSystemPackageInstaller: com.android.theme.icon_pack.victor.settings is allowlisted but not present.
04-15 16:12:11.223 535 535 W UserSystemPackageInstaller: com.android.theme.icon_pack.rounded.systemui is allowlisted but not present.
04-15 16:12:11.223 535 535 W UserSystemPackageInstaller: com.android.theme.icon.taperedrect is allowlisted but not present.
04-15 16:12:11.228 535 535 W UserSystemPackageInstaller: com.android.theme.icon_pack.rounded.android is allowlisted but not present.
04-15 16:12:11.228 535 535 W UserSystemPackageInstaller: com.android.internal.systemui.onehanded.gestural is allowlisted but not present.
04-15 16:12:11.228 535 535 W UserSystemPackageInstaller: com.android.theme.icon_pack.victor.systemui is allowlisted but not present.
04-15 16:12:11.228 535 535 W UserSystemPackageInstaller: com.android.theme.icon_pack.circular.themepicker is allowlisted but not present.
04-15 16:12:11.228 535 535 W UserSystemPackageInstaller: com.android.theme.color.tangerine is allowlisted but not present.
04-15 16:12:11.228 535 535 W UserSystemPackageInstaller: com.android.theme.color.aquamarine is allowlisted but not present.
04-15 16:12:11.228 535 535 W UserSystemPackageInstaller: com.android.theme.color.black is allowlisted but not present.
04-15 16:12:11.229 535 535 W UserSystemPackageInstaller: com.android.theme.color.green is allowlisted but not present.
04-15 16:12:11.229 535 535 W UserSystemPackageInstaller: com.android.theme.color.ocean is allowlisted but not present.
04-15 16:12:11.229 535 535 W UserSystemPackageInstaller: com.android.theme.color.space is allowlisted but not present.
04-15 16:12:11.229 535 535 W UserSystemPackageInstaller: com.android.theme.icon_pack.rounded.launcher is allowlisted but not present.
04-15 16:12:11.229 535 535 W UserSystemPackageInstaller: com.android.theme.icon_pack.kai.settings is allowlisted but not present.
04-15 16:12:11.229 535 535 W UserSystemPackageInstaller: com.android.theme.icon_pack.sam.settings is allowlisted but not present.
04-15 16:12:11.229 535 535 W UserSystemPackageInstaller: com.android.theme.icon_pack.kai.themepicker is allowlisted but not present.
04-15 16:12:11.229 535 535 W UserSystemPackageInstaller: com.android.theme.icon_pack.victor.launcher is allowlisted but not present.
04-15 16:12:11.229 535 535 W UserSystemPackageInstaller: com.android.theme.icon_pack.filled.settings is allowlisted but not present.
04-15 16:12:11.229 535 535 W UserSystemPackageInstaller: com.android.theme.icon_pack.kai.systemui is allowlisted but not present.
04-15 16:12:11.229 535 535 W UserSystemPackageInstaller: com.android.theme.icon_pack.circular.settings is allowlisted but not present.
04-15 16:12:11.236 535 535 W UserSystemPackageInstaller: com.android.theme.icon_pack.sam.systemui is allowlisted but not present.
04-15 16:12:11.236 535 535 W UserSystemPackageInstaller: com.android.theme.icon.teardrop is allowlisted but not present.
04-15 16:12:11.236 535 535 W UserSystemPackageInstaller: com.android.theme.icon_pack.rounded.themepicker is allowlisted but not present.
04-15 16:12:11.236 535 535 W UserSystemPackageInstaller: com.android.theme.icon_pack.filled.systemui is allowlisted but not present.
04-15 16:12:11.237 535 535 W UserSystemPackageInstaller: com.android.theme.icon_pack.sam.android is allowlisted but not present.
04-15 16:12:11.237 535 535 W UserSystemPackageInstaller: com.android.theme.icon_pack.filled.android is allowlisted but not present.
04-15 16:12:11.237 535 535 W UserSystemPackageInstaller: com.android.theme.icon_pack.circular.systemui is allowlisted but not present.
04-15 16:12:11.237 535 535 W UserSystemPackageInstaller: com.android.theme.icon_pack.kai.android is allowlisted but not present.
04-15 16:12:11.237 535 535 W UserSystemPackageInstaller: com.android.theme.icon_pack.kai.launcher is allowlisted but not present.
04-15 16:12:11.237 535 535 W UserSystemPackageInstaller: com.android.theme.icon_pack.sam.launcher is allowlisted but not present.
04-15 16:12:11.237 535 535 W UserSystemPackageInstaller: com.android.theme.icon.squircle is allowlisted but not present.
04-15 16:12:11.237 535 535 W UserSystemPackageInstaller: com.android.theme.icon_pack.victor.android is allowlisted but not present.
04-15 16:12:11.237 535 535 W UserSystemPackageInstaller: com.android.theme.color.palette is allowlisted but not present.
04-15 16:12:11.237 535 535 W UserSystemPackageInstaller: com.android.theme.icon_pack.filled.launcher is allowlisted but not present.
04-15 16:12:11.237 535 535 W UserSystemPackageInstaller: com.android.theme.color.carbon is allowlisted but not present.
04-15 16:12:11.237 535 535 W UserSystemPackageInstaller: com.android.theme.icon_pack.circular.launcher is allowlisted but not present.
04-15 16:12:11.237 535 535 W UserSystemPackageInstaller: com.android.theme.icon_pack.filled.themepicker is allowlisted but not present.
04-15 16:12:11.237 535 535 W UserSystemPackageInstaller: com.android.theme.icon_pack.victor.themepicker is allowlisted but not present.
04-15 16:12:11.237 535 535 W UserSystemPackageInstaller: com.android.theme.color.orchid is allowlisted but not present.
04-15 16:12:11.237 535 535 W UserSystemPackageInstaller: com.android.theme.color.purple is allowlisted but not present.
04-15 16:12:11.238 535 535 W UserSystemPackageInstaller: com.android.theme.icon_pack.sam.themepicker is allowlisted but not present.
04-15 16:12:11.238 535 535 W UserSystemPackageInstaller: com.android.theme.icon.roundedrect is allowlisted but not present.
04-15 16:12:11.238 535 535 W UserSystemPackageInstaller: com.android.theme.icon_pack.rounded.settings is allowlisted but not present.
04-15 16:12:11.238 535 535 W UserSystemPackageInstaller: com.android.theme.icon_pack.circular.android is allowlisted but not present.
04-15 16:12:11.238 535 535 I UserSystemPackageInstaller: Reviewing whitelisted packages due to [firstBoot]
04-15 16:12:11.240 535 605 W PackageManager: Skipping preparing app data for com.android.adbd
04-15 16:12:11.240 535 605 W PackageManager: Skipping preparing app data for com.android.i18n
04-15 16:12:11.241 535 605 W PackageManager: Skipping preparing app data for com.android.rkpd
04-15 16:12:11.241 535 605 W PackageManager: Skipping preparing app data for com.android.virt
04-15 16:12:11.241 535 605 W PackageManager: Skipping preparing app data for com.android.wifi
04-15 16:12:11.242 535 605 W PackageManager: Skipping preparing app data for com.android.runtime
04-15 16:12:11.242 535 605 W PackageManager: Skipping preparing app data for com.android.devicelock
04-15 16:12:11.242 535 605 W PackageManager: Skipping preparing app data for com.android.apex.cts.shim
04-15 16:12:11.243 535 605 W PackageManager: Skipping preparing app data for com.android.neuralnetworks
04-15 16:12:11.243 535 605 W PackageManager: Skipping preparing app data for com.android.healthfitness
04-15 16:12:11.256 535 605 W PackageManager: Skipping preparing app data for com.android.resolv
04-15 16:12:11.256 535 605 W PackageManager: Skipping preparing app data for com.android.sdkext
04-15 16:12:11.257 535 605 W PackageManager: Skipping preparing app data for com.android.tzdata
04-15 16:12:11.257 535 605 W PackageManager: Skipping preparing app data for com.android.vndk.v34
04-15 16:12:11.258 535 605 W PackageManager: Skipping preparing app data for com.android.os.statsd
04-15 16:12:11.258 535 605 W PackageManager: Skipping preparing app data for com.android.extservices
04-15 16:12:11.258 535 605 W PackageManager: Skipping preparing app data for com.android.cellbroadcast
04-15 16:12:11.259 535 605 W PackageManager: Skipping preparing app data for com.android.ipsec
04-15 16:12:11.259 535 605 W PackageManager: Skipping preparing app data for com.android.media
04-15 16:12:11.259 535 605 W PackageManager: Skipping preparing app data for com.android.sdksandbox
04-15 16:12:11.272 535 535 I Watchdog: Resuming HandlerChecker: main thread for reason: packagemanagermain. Pause count: 0
04-15 16:12:11.276 535 535 V SystemServerTiming: StartPackageManagerService took to complete: 11635ms
04-15 16:12:11.276 535 535 D SystemServerTiming: DexUseManagerLocal
04-15 16:12:11.285 535 535 E ArtService: Failed to load dex use data
04-15 16:12:11.285 535 535 E ArtService: java.io.FileNotFoundException: /data/system/package-dex-usage.pb: open failed: ENOENT (No such file or directory)
04-15 16:12:11.285 535 535 E ArtService: at libcore.io.IoBridge.open(IoBridge.java:574)
04-15 16:12:11.285 535 535 E ArtService: at java.io.FileInputStream.(FileInputStream.java:160)
04-15 16:12:11.285 535 535 E ArtService: at java.io.FileInputStream.(FileInputStream.java:115)
04-15 16:12:11.285 535 535 E ArtService: at com.android.server.art.DexUseManagerLocal.load(DexUseManagerLocal.java:553)
04-15 16:12:11.285 535 535 E ArtService: at com.android.server.art.DexUseManagerLocal.(DexUseManagerLocal.java:161)
04-15 16:12:11.285 535 535 E ArtService: at com.android.server.art.DexUseManagerLocal.(DexUseManagerLocal.java:153)
04-15 16:12:11.285 535 535 E ArtService: at com.android.server.art.DexUseManagerLocal.createInstance(DexUseManagerLocal.java:147)
04-15 16:12:11.285 535 535 E ArtService: at com.android.server.SystemServer.startBootstrapServices(SystemServer.java:1257)
04-15 16:12:11.285 535 535 E ArtService: at com.android.server.SystemServer.run(SystemServer.java:940)
04-15 16:12:11.285 535 535 E ArtService: at com.android.server.SystemServer.main(SystemServer.java:664)
04-15 16:12:11.285 535 535 E ArtService: at java.lang.reflect.Method.invoke(Native Method)
04-15 16:12:11.285 535 535 E ArtService: at com.android.internal.os.RuntimeInit$MethodAndArgsCaller.run(RuntimeInit.java:552)
04-15 16:12:11.285 535 535 E ArtService: at com.android.internal.os.ZygoteInit.main(ZygoteInit.java:949)
04-15 16:12:11.285 535 535 E ArtService: Caused by: android.system.ErrnoException: open failed: ENOENT (No such file or directory)
04-15 16:12:11.285 535 535 E ArtService: at libcore.io.Linux.open(Native Method)
04-15 16:12:11.285 535 535 E ArtService: at libcore.io.ForwardingOs.open(ForwardingOs.java:563)
04-15 16:12:11.285 535 535 E ArtService: at libcore.io.BlockGuardOs.open(BlockGuardOs.java:274)
04-15 16:12:11.285 535 535 E ArtService: at libcore.io.IoBridge.open(IoBridge.java:560)
04-15 16:12:11.285 535 535 E ArtService: ... 12 more
04-15 16:12:11.300 535 535 V SystemServerTiming: DexUseManagerLocal took to complete: 23ms
04-15 16:12:11.301 535 535 D SystemServerTiming: StartOtaDexOptService
04-15 16:12:11.301 535 535 I Watchdog: Pausing HandlerChecker: main thread for reason: moveab. Pause count: 1
04-15 16:12:11.303 535 535 D OTADexopt: No upgrade, skipping A/B artifacts check.
04-15 16:12:11.303 535 535 I Watchdog: Resuming HandlerChecker: main thread for reason: moveab. Pause count: 0
04-15 16:12:11.303 535 535 V SystemServerTiming: StartOtaDexOptService took to complete: 2ms
04-15 16:12:11.308 535 535 D SystemServerTiming: StartUserManagerService
04-15 16:12:11.309 535 535 I SystemServiceManager: Starting com.android.server.pm.UserManagerService$LifeCycle
04-15 16:12:11.310 535 535 V SystemServerTiming: StartUserManagerService took to complete: 2ms
04-15 16:12:11.311 535 535 D SystemServerTiming: InitAttributerCache
04-15 16:12:11.311 535 535 V SystemServerTiming: InitAttributerCache took to complete: 0ms
