04-15 16:13:27.302 535 535 V SystemServerTiming: OnBootPhase_520_com.android.server.wifi.p2p.WifiP2pService took to complete: 0ms
04-15 16:13:27.302 535 535 D SystemServerTiming: OnBootPhase_520_com.android.server.ConnectivityServiceInitializer
04-15 16:13:27.302 535 535 V SystemServerTiming: OnBootPhase_520_com.android.server.ConnectivityServiceInitializer took to complete: 0ms
04-15 16:13:27.302 535 535 D SystemServerTiming: OnBootPhase_520_com.android.server.notification.NotificationManagerService
04-15 16:13:27.571 535 535 W SystemServiceManager: Service com.android.server.notification.NotificationManagerService took 268 ms in onBootPhase
04-15 16:13:27.571 535 535 V SystemServerTiming: OnBootPhase_520_com.android.server.notification.NotificationManagerService took to complete: 269ms
04-15 16:13:27.571 535 535 D SystemServerTiming: OnBootPhase_520_com.android.server.storage.DeviceStorageMonitorService
04-15 16:13:27.571 535 535 V SystemServerTiming: OnBootPhase_520_com.android.server.storage.DeviceStorageMonitorService took to complete: 0ms
04-15 16:13:27.571 535 535 D SystemServerTiming: OnBootPhase_520_com.android.server.timedetector.TimeDetectorService$Lifecycle
04-15 16:13:27.571 535 535 V SystemServerTiming: OnBootPhase_520_com.android.server.timedetector.TimeDetectorService$Lifecycle took to complete: 0ms
04-15 16:13:27.580 535 535 D SystemServerTiming: OnBootPhase_520_com.android.server.location.LocationManagerService$Lifecycle
04-15 16:13:27.581 535 535 V SystemServerTiming: OnBootPhase_520_com.android.server.location.LocationManagerService$Lifecycle took to complete: 0ms
04-15 16:13:27.581 535 535 D SystemServerTiming: OnBootPhase_520_com.android.server.timezonedetector.TimeZoneDetectorService$Lifecycle
04-15 16:13:27.581 535 535 V SystemServerTiming: OnBootPhase_520_com.android.server.timezonedetector.TimeZoneDetectorService$Lifecycle took to complete: 0ms
04-15 16:13:27.581 535 535 D SystemServerTiming: OnBootPhase_520_com.android.server.location.altitude.AltitudeService$Lifecycle
04-15 16:13:27.581 535 535 V SystemServerTiming: OnBootPhase_520_com.android.server.location.altitude.AltitudeService$Lifecycle took to complete: 0ms
04-15 16:13:27.581 535 535 D SystemServerTiming: OnBootPhase_520_com.android.server.timezonedetector.location.LocationTimeZoneManagerService$Lifecycle
04-15 16:13:27.581 535 535 V SystemServerTiming: OnBootPhase_520_com.android.server.timezonedetector.location.LocationTimeZoneManagerService$Lifecycle took to complete: 0ms
04-15 16:13:27.581 535 535 D SystemServerTiming: OnBootPhase_520_com.android.server.search.SearchManagerService$Lifecycle
04-15 16:13:27.581 535 535 V SystemServerTiming: OnBootPhase_520_com.android.server.search.SearchManagerService$Lifecycle took to complete: 0ms
04-15 16:13:27.581 535 535 D SystemServerTiming: OnBootPhase_520_com.android.server.wallpaper.WallpaperManagerService$Lifecycle
04-15 16:13:27.583 535 535 V SystemServerTiming: OnBootPhase_520_com.android.server.wallpaper.WallpaperManagerService$Lifecycle took to complete: 1ms
04-15 16:13:27.583 535 535 D SystemServerTiming: OnBootPhase_520_com.android.server.wallpapereffectsgeneration.WallpaperEffectsGenerationManagerService
04-15 16:13:27.583 535 535 V SystemServerTiming: OnBootPhase_520_com.android.server.wallpapereffectsgeneration.WallpaperEffectsGenerationManagerService took to complete: 0ms
04-15 16:13:27.583 535 535 D SystemServerTiming: OnBootPhase_520_com.android.server.audio.AudioService$Lifecycle
04-15 16:13:27.583 535 535 V SystemServerTiming: OnBootPhase_520_com.android.server.audio.AudioService$Lifecycle took to complete: 0ms
04-15 16:13:27.583 535 535 D SystemServerTiming: OnBootPhase_520_com.android.server.soundtrigger_middleware.SoundTriggerMiddlewareService$Lifecycle
04-15 16:13:27.583 535 535 V SystemServerTiming: OnBootPhase_520_com.android.server.soundtrigger_middleware.SoundTriggerMiddlewareService$Lifecycle took to complete: 0ms
04-15 16:13:27.583 535 535 D SystemServerTiming: OnBootPhase_520_com.android.server.DockObserver
04-15 16:13:27.583 535 535 V SystemServerTiming: OnBootPhase_520_com.android.server.DockObserver took to complete: 0ms
04-15 16:13:27.584 535 535 D SystemServerTiming: OnBootPhase_520_com.android.server.midi.MidiService$Lifecycle
04-15 16:13:27.584 535 535 V SystemServerTiming: OnBootPhase_520_com.android.server.midi.MidiService$Lifecycle took to complete: 0ms
04-15 16:13:27.584 535 535 D SystemServerTiming: OnBootPhase_520_com.android.server.adb.AdbService$Lifecycle
04-15 16:13:27.584 535 535 V SystemServerTiming: OnBootPhase_520_com.android.server.adb.AdbService$Lifecycle took to complete: 0ms
04-15 16:13:27.584 535 535 D SystemServerTiming: OnBootPhase_520_com.android.server.usb.UsbService$Lifecycle
04-15 16:13:27.584 535 535 V SystemServerTiming: OnBootPhase_520_com.android.server.usb.UsbService$Lifecycle took to complete: 0ms
04-15 16:13:27.584 535 535 D SystemServerTiming: OnBootPhase_520_com.android.server.twilight.TwilightService
04-15 16:13:27.584 535 535 V SystemServerTiming: OnBootPhase_520_com.android.server.twilight.TwilightService took to complete: 0ms
04-15 16:13:27.584 535 535 D SystemServerTiming: OnBootPhase_520_com.android.server.display.color.ColorDisplayService
04-15 16:13:27.584 535 535 V SystemServerTiming: OnBootPhase_520_com.android.server.display.color.ColorDisplayService took to complete: 0ms
04-15 16:13:27.584 535 535 D SystemServerTiming: OnBootPhase_520_com.android.server.job.JobSchedulerService
04-15 16:13:27.585 535 535 V SystemServerTiming: OnBootPhase_520_com.android.server.job.JobSchedulerService took to complete: 0ms
04-15 16:13:27.585 535 535 D SystemServerTiming: OnBootPhase_520_com.android.server.soundtrigger.SoundTriggerService
04-15 16:13:27.585 535 535 D SoundTriggerService: onBootPhase: 520 : false
04-15 16:13:27.601 535 535 V SystemServerTiming: OnBootPhase_520_com.android.server.soundtrigger.SoundTriggerService took to complete: 16ms
04-15 16:13:27.601 535 535 D SystemServerTiming: OnBootPhase_520_com.android.server.trust.TrustManagerService
04-15 16:13:27.601 535 535 V SystemServerTiming: OnBootPhase_520_com.android.server.trust.TrustManagerService took to complete: 0ms
04-15 16:13:27.601 535 535 D SystemServerTiming: OnBootPhase_520_com.android.server.backup.BackupManagerService$Lifecycle
04-15 16:13:27.601 535 535 V SystemServerTiming: OnBootPhase_520_com.android.server.backup.BackupManagerService$Lifecycle took to complete: 0ms
04-15 16:13:27.602 535 535 D SystemServerTiming: OnBootPhase_520_com.android.server.appwidget.AppWidgetService
04-15 16:13:27.602 535 535 V SystemServerTiming: OnBootPhase_520_com.android.server.appwidget.AppWidgetService took to complete: 0ms
04-15 16:13:27.602 535 535 D SystemServerTiming: OnBootPhase_520_com.android.server.voiceinteraction.VoiceInteractionManagerService
04-15 16:13:27.602 535 535 V SystemServerTiming: OnBootPhase_520_com.android.server.voiceinteraction.VoiceInteractionManagerService took to complete: 0ms
04-15 16:13:27.602 535 535 D SystemServerTiming: OnBootPhase_520_com.android.server.GestureLauncherService
04-15 16:13:27.602 535 535 V SystemServerTiming: OnBootPhase_520_com.android.server.GestureLauncherService took to complete: 0ms
04-15 16:13:27.602 535 535 D SystemServerTiming: OnBootPhase_520_com.android.server.SensorNotificationService
04-15 16:13:27.602 535 535 V SystemServerTiming: OnBootPhase_520_com.android.server.SensorNotificationService took to complete: 0ms
04-15 16:13:27.602 535 535 D SystemServerTiming: OnBootPhase_520_com.android.server.emergency.EmergencyAffordanceService
04-15 16:13:27.602 535 535 V SystemServerTiming: OnBootPhase_520_com.android.server.emergency.EmergencyAffordanceService took to complete: 0ms
04-15 16:13:27.602 535 535 D SystemServerTiming: OnBootPhase_520_com.android.server.blob.BlobStoreManagerService
04-15 16:13:27.602 535 535 V SystemServerTiming: OnBootPhase_520_com.android.server.blob.BlobStoreManagerService took to complete: 0ms
04-15 16:13:27.602 535 535 D SystemServerTiming: OnBootPhase_520_com.android.server.dreams.DreamManagerService
04-15 16:13:27.602 535 535 V SystemServerTiming: OnBootPhase_520_com.android.server.dreams.DreamManagerService took to complete: 0ms
04-15 16:13:27.603 535 535 D SystemServerTiming: OnBootPhase_520_com.android.server.print.PrintManagerService
04-15 16:13:27.603 535 535 V SystemServerTiming: OnBootPhase_520_com.android.server.print.PrintManagerService took to complete: 0ms
04-15 16:13:27.603 535 535 D SystemServerTiming: OnBootPhase_520_com.android.server.security.AttestationVerificationManagerService
04-15 16:13:27.603 535 535 V SystemServerTiming: OnBootPhase_520_com.android.server.security.AttestationVerificationManagerService took to complete: 0ms
04-15 16:13:27.603 535 535 D SystemServerTiming: OnBootPhase_520_com.android.server.companion.CompanionDeviceManagerService
04-15 16:13:27.603 535 535 V SystemServerTiming: OnBootPhase_520_com.android.server.companion.CompanionDeviceManagerService took to complete: 0ms
04-15 16:13:27.603 535 535 D SystemServerTiming: OnBootPhase_520_com.android.server.companion.virtual.VirtualDeviceManagerService
04-15 16:13:27.603 535 535 V SystemServerTiming: OnBootPhase_520_com.android.server.companion.virtual.VirtualDeviceManagerService took to complete: 0ms
04-15 16:13:27.603 535 535 D SystemServerTiming: OnBootPhase_520_com.android.server.restrictions.RestrictionsManagerService
04-15 16:13:27.603 535 535 V SystemServerTiming: OnBootPhase_520_com.android.server.restrictions.RestrictionsManagerService took to complete: 0ms
04-15 16:13:27.603 535 535 D SystemServerTiming: OnBootPhase_520_com.android.server.media.MediaSessionService
04-15 16:13:27.611 535 535 V SystemServerTiming: OnBootPhase_520_com.android.server.media.MediaSessionService took to complete: 7ms
04-15 16:13:27.611 535 535 D SystemServerTiming: OnBootPhase_520_com.android.server.media.MediaResourceMonitorService
04-15 16:13:27.611 535 535 V SystemServerTiming: OnBootPhase_520_com.android.server.media.MediaResourceMonitorService took to complete: 0ms
04-15 16:13:27.611 535 535 D SystemServerTiming: OnBootPhase_520_com.android.server.biometrics.sensors.face.FaceService
04-15 16:13:27.611 535 535 V SystemServerTiming: OnBootPhase_520_com.android.server.biometrics.sensors.face.FaceService took to complete: 0ms
04-15 16:13:27.611 535 535 D SystemServerTiming: OnBootPhase_520_com.android.server.biometrics.sensors.fingerprint.FingerprintService
04-15 16:13:27.612 535 535 V SystemServerTiming: OnBootPhase_520_com.android.server.biometrics.sensors.fingerprint.FingerprintService took to complete: 0ms
04-15 16:13:27.616 535 535 D SystemServerTiming: OnBootPhase_520_com.android.server.biometrics.BiometricService
04-15 16:13:27.616 535 535 V SystemServerTiming: OnBootPhase_520_com.android.server.biometrics.BiometricService took to complete: 0ms
04-15 16:13:27.616 535 535 D SystemServerTiming: OnBootPhase_520_com.android.server.biometrics.AuthService
04-15 16:13:27.616 535 535 V SystemServerTiming: OnBootPhase_520_com.android.server.biometrics.AuthService took to complete: 0ms
04-15 16:13:27.616 535 535 D SystemServerTiming: OnBootPhase_520_com.android.server.pm.ShortcutService$Lifecycle
04-15 16:13:27.616 535 535 V SystemServerTiming: OnBootPhase_520_com.android.server.pm.ShortcutService$Lifecycle took to complete: 0ms
04-15 16:13:27.616 535 535 D SystemServerTiming: OnBootPhase_520_com.android.server.pm.LauncherAppsService
04-15 16:13:27.616 535 535 V SystemServerTiming: OnBootPhase_520_com.android.server.pm.LauncherAppsService took to complete: 0ms
04-15 16:13:27.616 535 535 D SystemServerTiming: OnBootPhase_520_com.android.server.pm.CrossProfileAppsService
04-15 16:13:27.616 535 535 V SystemServerTiming: OnBootPhase_520_com.android.server.pm.CrossProfileAppsService took to complete: 0ms
04-15 16:13:27.617 535 535 D SystemServerTiming: OnBootPhase_520_com.android.server.people.PeopleService
04-15 16:13:27.617 535 535 V SystemServerTiming: OnBootPhase_520_com.android.server.people.PeopleService took to complete: 0ms
04-15 16:13:27.617 535 535 D SystemServerTiming: OnBootPhase_520_com.android.server.media.metrics.MediaMetricsManagerService
04-15 16:13:27.617 535 535 V SystemServerTiming: OnBootPhase_520_com.android.server.media.metrics.MediaMetricsManagerService took to complete: 0ms
04-15 16:13:27.617 535 535 D SystemServerTiming: OnBootPhase_520_com.android.server.pm.BackgroundInstallControlService
04-15 16:13:27.617 535 535 V SystemServerTiming: OnBootPhase_520_com.android.server.pm.BackgroundInstallControlService took to complete: 0ms
04-15 16:13:27.617 535 535 D SystemServerTiming: OnBootPhase_520_com.android.server.media.projection.MediaProjectionManagerService
04-15 16:13:27.617 535 535 V SystemServerTiming: OnBootPhase_520_com.android.server.media.projection.MediaProjectionManagerService took to complete: 0ms
04-15 16:13:27.617 535 535 D SystemServerTiming: OnBootPhase_520_com.android.server.slice.SliceManagerService$Lifecycle
04-15 16:13:27.617 535 535 V SystemServerTiming: OnBootPhase_520_com.android.server.slice.SliceManagerService$Lifecycle took to complete: 0ms
04-15 16:13:27.617 535 535 D SystemServerTiming: OnBootPhase_520_com.android.server.stats.StatsCompanion$Lifecycle
04-15 16:13:27.617 535 535 V SystemServerTiming: OnBootPhase_520_com.android.server.stats.StatsCompanion$Lifecycle took to complete: 0ms
04-15 16:13:27.617 535 535 D SystemServerTiming: OnBootPhase_520_com.android.server.scheduling.RebootReadinessManagerService$Lifecycle
04-15 16:13:27.618 535 535 V SystemServerTiming: OnBootPhase_520_com.android.server.scheduling.RebootReadinessManagerService$Lifecycle took to complete: 0ms
04-15 16:13:27.618 535 535 D SystemServerTiming: OnBootPhase_520_com.android.server.stats.pull.StatsPullAtomService
04-15 16:13:27.618 535 535 V SystemServerTiming: OnBootPhase_520_com.android.server.stats.pull.StatsPullAtomService took to complete: 0ms
04-15 16:13:27.618 535 535 D SystemServerTiming: OnBootPhase_520_com.android.server.stats.bootstrap.StatsBootstrapAtomService$Lifecycle
04-15 16:13:27.618 535 535 V SystemServerTiming: OnBootPhase_520_com.android.server.stats.bootstrap.StatsBootstrapAtomService$Lifecycle took to complete: 0ms
04-15 16:13:27.618 535 535 D SystemServerTiming: OnBootPhase_520_com.android.server.incident.IncidentCompanionService
04-15 16:13:27.618 535 535 V SystemServerTiming: OnBootPhase_520_com.android.server.incident.IncidentCompanionService took to complete: 0ms
04-15 16:13:27.618 535 535 D SystemServerTiming: OnBootPhase_520_com.android.server.sdksandbox.SdkSandboxManagerService$Lifecycle
04-15 16:13:27.618 535 535 V SystemServerTiming: OnBootPhase_520_com.android.server.sdksandbox.SdkSandboxManagerService$Lifecycle took to complete: 0ms
04-15 16:13:27.618 535 535 D SystemServerTiming: OnBootPhase_520_com.android.server.adservices.AdServicesManagerService$Lifecycle
04-15 16:13:27.618 535 535 V SystemServerTiming: OnBootPhase_520_com.android.server.adservices.AdServicesManagerService$Lifecycle took to complete: 0ms
04-15 16:13:27.619 535 535 D SystemServerTiming: OnBootPhase_520_com.android.server.ondevicepersonalization.OnDevicePersonalizationSystemService$Lifecycle
04-15 16:13:27.619 535 535 V SystemServerTiming: OnBootPhase_520_com.android.server.ondevicepersonalization.OnDevicePersonalizationSystemService$Lifecycle took to complete: 0ms
04-15 16:13:27.619 535 535 D SystemServerTiming: OnBootPhase_520_com.android.server.MmsServiceBroker
04-15 16:13:27.619 535 535 V SystemServerTiming: OnBootPhase_520_com.android.server.MmsServiceBroker took to complete: 0ms
04-15 16:13:27.619 535 535 D SystemServerTiming: OnBootPhase_520_com.android.server.autofill.AutofillManagerService
04-15 16:13:27.619 535 535 V SystemServerTiming: OnBootPhase_520_com.android.server.autofill.AutofillManagerService took to complete: 0ms
04-15 16:13:27.619 535 535 D SystemServerTiming: OnBootPhase_520_com.android.server.credentials.CredentialManagerService
04-15 16:13:27.619 535 535 V SystemServerTiming: OnBootPhase_520_com.android.server.credentials.CredentialManagerService took to complete: 0ms
04-15 16:13:27.619 535 535 D SystemServerTiming: OnBootPhase_520_com.android.server.selectiontoolbar.SelectionToolbarManagerService
04-15 16:13:27.619 535 535 V SystemServerTiming: OnBootPhase_520_com.android.server.selectiontoolbar.SelectionToolbarManagerService took to complete: 0ms
04-15 16:13:27.619 535 535 D SystemServerTiming: OnBootPhase_520_com.android.server.clipboard.ClipboardService
04-15 16:13:27.619 535 535 V SystemServerTiming: OnBootPhase_520_com.android.server.clipboard.ClipboardService took to complete: 0ms
04-15 16:13:27.619 535 535 D SystemServerTiming: OnBootPhase_520_com.android.server.appbinding.AppBindingService$Lifecycle
04-15 16:13:27.620 535 535 V SystemServerTiming: OnBootPhase_520_com.android.server.appbinding.AppBindingService$Lifecycle took to complete: 0ms
04-15 16:13:27.645 535 535 D SystemServerTiming: OnBootPhase_520_com.android.server.tracing.TracingServiceProxy
04-15 16:13:27.645 535 535 V SystemServerTiming: OnBootPhase_520_com.android.server.tracing.TracingServiceProxy took to complete: 0ms
04-15 16:13:27.645 535 535 D SystemServerTiming: OnBootPhase_520_com.android.server.policy.PermissionPolicyService
04-15 16:13:27.693 535 535 V SystemServerTiming: OnBootPhase_520_com.android.server.policy.PermissionPolicyService took to complete: 48ms
04-15 16:13:27.694 535 535 D SystemServerTiming: OnBootPhase_520_com.android.server.pm.StagingManager$Lifecycle
04-15 16:13:27.694 535 535 V SystemServerTiming: OnBootPhase_520_com.android.server.pm.StagingManager$Lifecycle took to complete: 0ms
04-15 16:13:27.694 535 535 D SystemServerTiming: OnBootPhase_520_com.android.server.app.GameManagerService$Lifecycle
04-15 16:13:27.694 535 535 V SystemServerTiming: OnBootPhase_520_com.android.server.app.GameManagerService$Lifecycle took to complete: 0ms
04-15 16:13:27.694 535 535 V SystemServerTiming: OnBootPhase_520 took to complete: 437ms
04-15 16:13:27.694 535 535 V SystemServerTiming: StartBootPhaseDeviceSpecificServicesReady took to complete: 442ms
04-15 16:13:27.694 535 535 D SystemServerTiming: StartSafetyCenterService
04-15 16:13:27.700 535 535 I SystemServiceManager: Starting com.android.safetycenter.SafetyCenterService
04-15 16:13:27.743 535 547 I system_server: Background concurrent copying GC freed 113849(5641KB) AllocSpace objects, 12(528KB) LOS objects, 49% free, 11MB/22MB, paused 164us,588us total 1.461s
04-15 16:13:27.746 535 535 I SafetyCenterResContext: Found Safety Center resources APK at: com.android.safetycenter.resources
04-15 16:13:27.822 535 535 I SafetyCenterConfigReade: SafetyCenterConfig read successfully
04-15 16:13:27.833 535 535 I SafetyCenterIssuesPersi: File not found: /data/misc/apexdata/com.android.permission/safety_center_issues.xml
04-15 16:13:27.833 535 535 I SafetyCenterIssueDis: Safety Center persisted issues read successfully
04-15 16:13:27.839 535 535 W SystemServiceManager: Service com.android.safetycenter.SafetyCenterService took 109 ms in onStart
04-15 16:13:27.839 535 535 V SystemServerTiming: StartSafetyCenterService took to complete: 145ms
04-15 16:13:27.839 535 535 D SystemServerTiming: AppSearchModule
04-15 16:13:27.852 535 535 I SystemServiceManager: Starting com.android.server.appsearch.AppSearchModule$Lifecycle
04-15 16:13:27.914 0 0 I servicemanager: Notifying android.hardware.biometrics.fingerprint.IFingerprint/default they do (previously: don't) have clients when service is guaranteed to be in use
04-15 16:13:27.916 0 0 I servicemanager: Notifying android.hardware.biometrics.fingerprint.IFingerprint/default they don't (previously: do) have clients when we now have no record of a client
04-15 16:13:27.916 0 0 I servicemanager: Notifying artd they don't (previously: do) have clients when we now have no record of a client
04-15 16:13:27.909 855 855 I AidlLazyServiceRegistrar: Process has 1 (of 1 available) client(s) in use after notification android.hardware.biometrics.fingerprint.IFingerprint/default has clients: 1
04-15 16:13:27.910 855 857 I AidlLazyServiceRegistrar: Process has 0 (of 1 available) client(s) in use after notification android.hardware.biometrics.fingerprint.IFingerprint/default has clients: 0
04-15 16:13:27.923 0 0 I servicemanager: Notifying android.hardware.biometrics.fingerprint.IFingerprint/default they do (previously: don't) have clients when we now have a record of a client
04-15 16:13:27.910 855 857 I AidlLazyServiceRegistrar: Trying to shut down the service. No clients in use for any service in process.
04-15 16:13:27.915 855 857 I AidlLazyServiceRegistrar: Failed to unregister service android.hardware.biometrics.fingerprint.IFingerprint/default (Status(-5, EX_ILLEGAL_STATE): 'Can't unregister, known client.')
04-15 16:13:27.919 663 676 I AidlLazyServiceRegistrar: Process has 0 (of 1 available) client(s) in use after notification artd has clients: 0
04-15 16:13:27.919 663 676 I AidlLazyServiceRegistrar: Trying to shut down the service. No clients in use for any service in process.
04-15 16:13:27.923 0 0 I servicemanager: Tried to unregister android.hardware.biometrics.fingerprint.IFingerprint/default, but there are clients.
04-15 16:13:27.933 0 0 I servicemanager: Unregistering artd
04-15 16:13:27.937 0 0 I BpBinder: onLastStrongRef automatically unlinking death recipients:
04-15 16:13:27.930 855 857 I AidlLazyServiceRegistrar: Process has 1 (of 1 available) client(s) in use after notification android.hardware.biometrics.fingerprint.IFingerprint/default has clients: 1
04-15 16:13:27.933 663 676 I AidlLazyServiceRegistrar: Unregistered all clients and exiting
04-15 16:13:27.938 535 535 W SystemServiceManager: Service com.android.server.appsearch.AppSearchModule$Lifecycle took 86 ms in onStart
04-15 16:13:27.938 535 535 V SystemServerTiming: AppSearchModule took to complete: 99ms
04-15 16:13:27.938 535 535 D SystemServerTiming: StartMediaCommunicationService
04-15 16:13:27.944 535 535 I SystemServiceManager: Starting com.android.server.media.MediaCommunicationService
04-15 16:13:27.952 535 535 V SystemServerTiming: StartMediaCommunicationService took to complete: 14ms
04-15 16:13:27.952 535 535 D SystemServerTiming: AppCompatOverridesService
04-15 16:13:27.952 535 535 I SystemServiceManager: Starting com.android.server.compat.overrides.AppCompatOverridesService$Lifecycle
04-15 16:13:27.961 535 535 V SystemServerTiming: AppCompatOverridesService took to complete: 9ms
04-15 16:13:27.961 535 535 D SystemServerTiming: HealthConnectManagerService
04-15 16:13:27.962 535 535 I SystemServiceManager: Starting com.android.server.healthconnect.HealthConnectManagerService
04-15 16:13:28.017 0 0 I init : Service 'artd' (pid 663) exited with status 0 oneshot service took 70.202003 seconds in background
04-15 16:13:28.018 0 0 I init : Sending signal 9 to service 'artd' (pid 663) process group...
04-15 16:13:28.019 0 0 I libprocessgroup: Successfully killed process cgroup uid 1082 pid 663 in 1ms
04-15 16:13:28.037 535 535 E HealthConnectResContext: Attempted to fetch resources before Health Connect resources APK is loaded!
04-15 16:13:28.037 535 535 E HealthConnectResContext: java.lang.IllegalStateException
04-15 16:13:28.037 535 535 E HealthConnectResContext: at com.android.server.healthconnect.migration.notification.HealthConnectResourcesContext.resolvePackageInfo(HealthConnectResourcesContext.java:129)
04-15 16:13:28.037 535 535 E HealthConnectResContext: at com.android.server.healthconnect.migration.notification.HealthConnectResourcesContext.initialisePackageNames(HealthConnectResourcesContext.java:87)
04-15 16:13:28.037 535 535 E HealthConnectResContext: at com.android.server.healthconnect.migration.notification.HealthConnectResourcesContext.(HealthConnectResourcesContext.java:83)
04-15 16:13:28.037 535 535 E HealthConnectResContext: at com.android.server.healthconnect.migration.notification.HealthConnectResourcesContext.(HealthConnectResourcesContext.java:70)
04-15 16:13:28.037 535 535 E HealthConnectResContext: at com.android.server.healthconnect.migration.notification.MigrationNotificationFactory.(MigrationNotificationFactory.java:107)
04-15 16:13:28.037 535 535 E HealthConnectResContext: at com.android.server.healthconnect.migration.notification.MigrationNotificationSender.(MigrationNotificationSender.java:60)
04-15 16:13:28.037 535 535 E HealthConnectResContext: at com.android.server.healthconnect.HealthConnectManagerService.(HealthConnectManagerService.java:105)
04-15 16:13:28.037 535 535 E HealthConnectResContext: at java.lang.reflect.Constructor.newInstance0(Native Method)
04-15 16:13:28.037 535 535 E HealthConnectResContext: at java.lang.reflect.Constructor.newInstance(Constructor.java:343)
04-15 16:13:28.037 535 535 E HealthConnectResContext: at com.android.server.SystemServiceManager.startService(SystemServiceManager.java:218)
04-15 16:13:28.037 535 535 E HealthConnectResContext: at com.android.server.SystemServiceManager.startService(SystemServiceManager.java:142)
04-15 16:13:28.037 535 535 E HealthConnectResContext: at com.android.server.SystemServer.startOtherServices(SystemServer.java:2864)
04-15 16:13:28.037 535 535 E HealthConnectResContext: at com.android.server.SystemServer.run(SystemServer.java:942)
04-15 16:13:28.037 535 535 E HealthConnectResContext: at com.android.server.SystemServer.main(SystemServer.java:664)
04-15 16:13:28.037 535 535 E HealthConnectResContext: at java.lang.reflect.Method.invoke(Native Method)
04-15 16:13:28.037 535 535 E HealthConnectResContext: at com.android.internal.os.RuntimeInit$MethodAndArgsCaller.run(RuntimeInit.java:552)
04-15 16:13:28.037 535 535 E HealthConnectResContext: at com.android.internal.os.ZygoteInit.main(ZygoteInit.java:949)
04-15 16:13:28.051 535 535 V SystemServerTiming: HealthConnectManagerService took to complete: 90ms
04-15 16:13:28.051 535 535 D SystemServerTiming: PhaseActivityManagerReady
04-15 16:13:28.051 535 535 D SystemServerTiming: controllersReady
04-15 16:13:28.076 535 564 D SystemServerTimingAsync: InitThreadPoolExec:Update app-ops uidState in case package com.android.virtualmachine.res changed
04-15 16:13:28.077 535 564 D SystemServerInitThreadPool: Started executing Update app-ops uidState in case package com.android.virtualmachine.res changed
04-15 16:13:28.078 535 605 D SystemServerTimingAsync: InitThreadPoolExec:Update app-ops uidState in case package com.android.providers.media.module changed
04-15 16:13:28.080 535 605 D SystemServerInitThreadPool: Started executing Update app-ops uidState in case package com.android.providers.media.module changed
04-15 16:13:28.089 535 564 D SystemServerInitThreadPool: Finished executing Update app-ops uidState in case package com.android.virtualmachine.res changed
04-15 16:13:28.089 535 564 V SystemServerTimingAsync: InitThreadPoolExec:Update app-ops uidState in case package com.android.virtualmachine.res changed took to complete: 12ms
04-15 16:13:28.090 535 564 D SystemServerTimingAsync: InitThreadPoolExec:Update app-ops uidState in case package com.android.permissioncontroller changed
04-15 16:13:28.090 535 564 D SystemServerInitThreadPool: Started executing Update app-ops uidState in case package com.android.permissioncontroller changed
04-15 16:13:28.091 535 564 D SystemServerInitThreadPool: Finished executing Update app-ops uidState in case package com.android.permissioncontroller changed
04-15 16:13:28.091 535 564 V SystemServerTimingAsync: InitThreadPoolExec:Update app-ops uidState in case package com.android.permissioncontroller changed took to complete: 1ms
04-15 16:13:28.091 535 564 D SystemServerTimingAsync: InitThreadPoolExec:Update app-ops uidState in case package com.android.safetycenter.resources changed
04-15 16:13:28.099 535 605 D SystemServerInitThreadPool: Finished executing Update app-ops uidState in case package com.android.providers.media.module changed
04-15 16:13:28.101 535 605 V SystemServerTimingAsync: InitThreadPoolExec:Update app-ops uidState in case package com.android.providers.media.module changed took to complete: 21ms
04-15 16:13:28.101 535 605 D SystemServerTimingAsync: InitThreadPoolExec:Update app-ops uidState in case package com.android.sdksandbox changed
04-15 16:13:28.102 535 605 D SystemServerInitThreadPool: Started executing Update app-ops uidState in case package com.android.sdksandbox changed
04-15 16:13:28.102 535 605 D SystemServerInitThreadPool: Finished executing Update app-ops uidState in case package com.android.sdksandbox changed
04-15 16:13:28.103 535 605 V SystemServerTimingAsync: InitThreadPoolExec:Update app-ops uidState in case package com.android.sdksandbox changed took to complete: 1ms
04-15 16:13:28.103 535 605 D SystemServerTimingAsync: InitThreadPoolExec:Update app-ops uidState in case package com.android.adservices.api changed
04-15 16:13:28.103 535 605 D SystemServerInitThreadPool: Started executing Update app-ops uidState in case package com.android.adservices.api changed
04-15 16:13:28.104 535 605 D SystemServerInitThreadPool: Finished executing Update app-ops uidState in case package com.android.adservices.api changed
04-15 16:13:28.104 535 605 V SystemServerTimingAsync: InitThreadPoolExec:Update app-ops uidState in case package com.android.adservices.api changed took to complete: 1ms
04-15 16:13:28.105 535 605 D SystemServerTimingAsync: InitThreadPoolExec:Update app-ops uidState in case package com.android.health.connect.backuprestore changed
04-15 16:13:28.105 535 605 D SystemServerInitThreadPool: Started executing Update app-ops uidState in case package com.android.health.connect.backuprestore changed
04-15 16:13:28.105 535 605 D SystemServerInitThreadPool: Finished executing Update app-ops uidState in case package com.android.health.connect.backuprestore changed
04-15 16:13:28.106 535 605 V SystemServerTimingAsync: InitThreadPoolExec:Update app-ops uidState in case package com.android.health.connect.backuprestore changed took to complete: 1ms
04-15 16:13:28.106 535 605 D SystemServerTimingAsync: InitThreadPoolExec:Update app-ops uidState in case package com.android.healthconnect.controller changed
04-15 16:13:28.106 535 605 D SystemServerInitThreadPool: Started executing Update app-ops uidState in case package com.android.healthconnect.controller changed
04-15 16:13:28.107 535 605 D SystemServerInitThreadPool: Finished executing Update app-ops uidState in case package com.android.healthconnect.controller changed
04-15 16:13:28.107 535 605 V SystemServerTimingAsync: InitThreadPoolExec:Update app-ops uidState in case package com.android.healthconnect.controller changed took to complete: 1ms
04-15 16:13:28.107 535 605 D SystemServerTimingAsync: InitThreadPoolExec:Update app-ops uidState in case package android.ext.services changed
04-15 16:13:28.125 535 564 D SystemServerInitThreadPool: Started executing Update app-ops uidState in case package com.android.safetycenter.resources changed
04-15 16:13:28.125 535 564 D SystemServerInitThreadPool: Finished executing Update app-ops uidState in case package com.android.safetycenter.resources changed
04-15 16:13:28.125 535 564 V SystemServerTimingAsync: InitThreadPoolExec:Update app-ops uidState in case package com.android.safetycenter.resources changed took to complete: 33ms
04-15 16:13:28.126 535 564 D SystemServerTimingAsync: InitThreadPoolExec:Update app-ops uidState in case package com.android.rkpdapp changed
04-15 16:13:28.126 535 564 D SystemServerInitThreadPool: Started executing Update app-ops uidState in case package com.android.rkpdapp changed
04-15 16:13:28.126 535 564 D SystemServerInitThreadPool: Finished executing Update app-ops uidState in case package com.android.rkpdapp changed
04-15 16:13:28.126 535 564 V SystemServerTimingAsync: InitThreadPoolExec:Update app-ops uidState in case package com.android.rkpdapp changed took to complete: 0ms
04-15 16:13:28.127 535 564 D SystemServerTimingAsync: InitThreadPoolExec:Update app-ops uidState in case package com.android.cts.ctsshim changed
04-15 16:13:28.127 535 564 D SystemServerInitThreadPool: Started executing Update app-ops uidState in case package com.android.cts.ctsshim changed
04-15 16:13:28.127 535 564 D SystemServerInitThreadPool: Finished executing Update app-ops uidState in case package com.android.cts.ctsshim changed
04-15 16:13:28.144 535 564 V SystemServerTimingAsync: InitThreadPoolExec:Update app-ops uidState in case package com.android.cts.ctsshim changed took to complete: 1ms
04-15 16:13:28.144 535 564 D SystemServerTimingAsync: InitThreadPoolExec:Update app-ops uidState in case package com.android.cts.priv.ctsshim changed
04-15 16:13:28.145 535 564 D SystemServerInitThreadPool: Started executing Update app-ops uidState in case package com.android.cts.priv.ctsshim changed
04-15 16:13:28.145 535 564 D SystemServerInitThreadPool: Finished executing Update app-ops uidState in case package com.android.cts.priv.ctsshim changed
04-15 16:13:28.145 535 564 V SystemServerTimingAsync: InitThreadPoolExec:Update app-ops uidState in case package com.android.cts.priv.ctsshim changed took to complete: 0ms
04-15 16:13:28.146 535 564 D SystemServerTimingAsync: InitThreadPoolExec:Update app-ops uidState in case package com.android.nearby.halfsheet changed
04-15 16:13:28.146 535 564 D SystemServerInitThreadPool: Started executing Update app-ops uidState in case package com.android.nearby.halfsheet changed
04-15 16:13:28.146 535 564 D SystemServerInitThreadPool: Finished executing Update app-ops uidState in case package com.android.nearby.halfsheet changed
04-15 16:13:28.147 535 564 V SystemServerTimingAsync: InitThreadPoolExec:Update app-ops uidState in case package com.android.nearby.halfsheet changed took to complete: 1ms
04-15 16:13:28.147 535 564 D SystemServerTimingAsync: InitThreadPoolExec:Update app-ops uidState in case package com.android.connectivity.resources changed
04-15 16:13:28.147 535 564 D SystemServerInitThreadPool: Started executing Update app-ops uidState in case package com.android.connectivity.resources changed
04-15 16:13:28.147 535 564 D SystemServerInitThreadPool: Finished executing Update app-ops uidState in case package com.android.connectivity.resources changed
04-15 16:13:28.160 535 564 V SystemServerTimingAsync: InitThreadPoolExec:Update app-ops uidState in case package com.android.connectivity.resources changed took to complete: 13ms
04-15 16:13:28.160 535 564 D SystemServerTimingAsync: InitThreadPoolExec:Update app-ops uidState in case package com.android.cellbroadcastreceiver.module changed
04-15 16:13:28.160 535 564 D SystemServerInitThreadPool: Started executing Update app-ops uidState in case package com.android.cellbroadcastreceiver.module changed
04-15 16:13:28.161 535 564 D SystemServerInitThreadPool: Finished executing Update app-ops uidState in case package com.android.cellbroadcastreceiver.module changed
04-15 16:13:28.161 535 564 V SystemServerTimingAsync: InitThreadPoolExec:Update app-ops uidState in case package com.android.cellbroadcastreceiver.module changed took to complete: 1ms
04-15 16:13:28.161 535 564 D SystemServerTimingAsync: InitThreadPoolExec:Update app-ops uidState in case package com.android.ondevicepersonalization.services changed
04-15 16:13:28.162 535 564 D SystemServerInitThreadPool: Started executing Update app-ops uidState in case package com.android.ondevicepersonalization.services changed
04-15 16:13:28.162 535 564 D SystemServerInitThreadPool: Finished executing Update app-ops uidState in case package com.android.ondevicepersonalization.services changed
04-15 16:13:28.162 535 564 V SystemServerTimingAsync: InitThreadPoolExec:Update app-ops uidState in case package com.android.ondevicepersonalization.services changed took to complete: 0ms
04-15 16:13:28.162 535 564 D SystemServerTimingAsync: InitThreadPoolExec:Update app-ops uidState in case package com.android.federatedcompute.services changed
04-15 16:13:28.163 535 564 D SystemServerInitThreadPool: Started executing Update app-ops uidState in case package com.android.federatedcompute.services changed
04-15 16:13:28.163 535 564 D SystemServerInitThreadPool: Finished executing Update app-ops uidState in case package com.android.federatedcompute.services changed
04-15 16:13:28.163 535 564 V SystemServerTimingAsync: InitThreadPoolExec:Update app-ops uidState in case package com.android.federatedcompute.services changed took to complete: 0ms
04-15 16:13:28.163 535 564 D SystemServerTimingAsync: InitThreadPoolExec:Update app-ops uidState in case package com.android.uwb.resources changed
04-15 16:13:28.168 535 605 D SystemServerInitThreadPool: Started executing Update app-ops uidState in case package android.ext.services changed
04-15 16:13:28.168 535 605 D SystemServerInitThreadPool: Finished executing Update app-ops uidState in case package android.ext.services changed
04-15 16:13:28.169 535 605 V SystemServerTimingAsync: InitThreadPoolExec:Update app-ops uidState in case package android.ext.services changed took to complete: 24ms
04-15 16:13:28.169 535 605 D SystemServerTimingAsync: InitThreadPoolExec:Update app-ops uidState in case package com.android.devicelockcontroller changed
04-15 16:13:28.169 535 605 D SystemServerInitThreadPool: Started executing Update app-ops uidState in case package com.android.devicelockcontroller changed
04-15 16:13:28.169 535 605 D SystemServerInitThreadPool: Finished executing Update app-ops uidState in case package com.android.devicelockcontroller changed
04-15 16:13:28.170 535 605 V SystemServerTimingAsync: InitThreadPoolExec:Update app-ops uidState in case package com.android.devicelockcontroller changed took to complete: 1ms
04-15 16:13:28.170 535 605 D SystemServerTimingAsync: InitThreadPoolExec:Update app-ops uidState in case package com.android.wifi.dialog changed
04-15 16:13:28.170 535 605 D SystemServerInitThreadPool: Started executing Update app-ops uidState in case package com.android.wifi.dialog changed
04-15 16:13:28.171 535 605 D SystemServerInitThreadPool: Finished executing Update app-ops uidState in case package com.android.wifi.dialog changed
04-15 16:13:28.171 535 605 V SystemServerTimingAsync: InitThreadPoolExec:Update app-ops uidState in case package com.android.wifi.dialog changed took to complete: 1ms
04-15 16:13:28.171 535 605 D SystemServerTimingAsync: InitThreadPoolExec:Update app-ops uidState in case package com.android.hotspot2.osulogin changed
04-15 16:13:28.171 535 605 D SystemServerInitThreadPool: Started executing Update app-ops uidState in case package com.android.hotspot2.osulogin changed
04-15 16:13:28.172 535 605 D SystemServerInitThreadPool: Finished executing Update app-ops uidState in case package com.android.hotspot2.osulogin changed
04-15 16:13:28.172 535 605 V SystemServerTimingAsync: InitThreadPoolExec:Update app-ops uidState in case package com.android.hotspot2.osulogin changed took to complete: 1ms
04-15 16:13:28.173 535 605 D SystemServerTimingAsync: InitThreadPoolExec:Update app-ops uidState in case package com.android.wifi.resources changed
04-15 16:13:28.173 535 605 D SystemServerInitThreadPool: Started executing Update app-ops uidState in case package com.android.wifi.resources changed
04-15 16:13:28.173 535 605 D SystemServerInitThreadPool: Finished executing Update app-ops uidState in case package com.android.wifi.resources changed
04-15 16:13:28.173 535 605 V SystemServerTimingAsync: InitThreadPoolExec:Update app-ops uidState in case package com.android.wifi.resources changed took to complete: 0ms
04-15 16:13:28.174 535 605 D SystemServerTimingAsync: InitThreadPoolExec:Update app-ops uidState in case package com.android.emergency changed
04-15 16:13:28.174 535 605 D SystemServerInitThreadPool: Started executing Update app-ops uidState in case package com.android.emergency changed
04-15 16:13:28.176 535 605 D SystemServerInitThreadPool: Finished executing Update app-ops uidState in case package com.android.emergency changed
04-15 16:13:28.176 535 605 V SystemServerTimingAsync: InitThreadPoolExec:Update app-ops uidState in case package com.android.emergency changed took to complete: 2ms
04-15 16:13:28.176 535 605 D SystemServerTimingAsync: InitThreadPoolExec:Update app-ops uidState in case package com.android.systemui changed
04-15 16:13:28.177 535 605 D SystemServerInitThreadPool: Started executing Update app-ops uidState in case package com.android.systemui changed
04-15 16:13:28.177 535 605 D SystemServerInitThreadPool: Finished executing Update app-ops uidState in case package com.android.systemui changed
04-15 16:13:28.177 535 605 V SystemServerTimingAsync: InitThreadPoolExec:Update app-ops uidState in case package com.android.systemui changed took to complete: 0ms
04-15 16:13:28.178 535 605 D SystemServerTimingAsync: InitThreadPoolExec:Update app-ops uidState in case package com.android.wallpapercropper changed
04-15 16:13:28.178 535 605 D SystemServerInitThreadPool: Started executing Update app-ops uidState in case package com.android.wallpapercropper changed
04-15 16:13:28.178 535 605 D SystemServerInitThreadPool: Finished executing Update app-ops uidState in case package com.android.wallpapercropper changed
04-15 16:13:28.178 535 605 V SystemServerTimingAsync: InitThreadPoolExec:Update app-ops uidState in case package com.android.wallpapercropper changed took to complete: 0ms
04-15 16:13:28.179 535 605 D SystemServerTimingAsync: InitThreadPoolExec:Update app-ops uidState in case package com.android.emulator.radio.config changed
04-15 16:13:28.179 535 605 D SystemServerInitThreadPool: Started executing Update app-ops uidState in case package com.android.emulator.radio.config changed
04-15 16:13:28.179 535 605 D SystemServerInitThreadPool: Finished executing Update app-ops uidState in case package com.android.emulator.radio.config changed
04-15 16:13:28.179 535 605 V SystemServerTimingAsync: InitThreadPoolExec:Update app-ops uidState in case package com.android.emulator.radio.config changed took to complete: 0ms
04-15 16:13:28.188 535 605 D SystemServerTimingAsync: InitThreadPoolExec:Update app-ops uidState in case package com.android.systemui.accessibility.accessibilitymenu changed
04-15 16:13:28.188 535 605 D SystemServerInitThreadPool: Started executing Update app-ops uidState in case package com.android.systemui.accessibility.accessibilitymenu changed
04-15 16:13:28.188 535 605 D SystemServerInitThreadPool: Finished executing Update app-ops uidState in case package com.android.systemui.accessibility.accessibilitymenu changed
04-15 16:13:28.188 535 605 V SystemServerTimingAsync: InitThreadPoolExec:Update app-ops uidState in case package com.android.systemui.accessibility.accessibilitymenu changed took to complete: 0ms
04-15 16:13:28.188 535 605 D SystemServerTimingAsync: InitThreadPoolExec:Update app-ops uidState in case package com.android.storagemanager changed
04-15 16:13:28.188 535 605 D SystemServerInitThreadPool: Started executing Update app-ops uidState in case package com.android.storagemanager changed
04-15 16:13:28.188 535 605 D SystemServerInitThreadPool: Finished executing Update app-ops uidState in case package com.android.storagemanager changed
04-15 16:13:28.188 535 605 V SystemServerTimingAsync: InitThreadPoolExec:Update app-ops uidState in case package com.android.storagemanager changed took to complete: 0ms
04-15 16:13:28.189 535 605 D SystemServerTimingAsync: InitThreadPoolExec:Update app-ops uidState in case package com.android.launcher3 changed
04-15 16:13:28.189 535 605 D SystemServerInitThreadPool: Started executing Update app-ops uidState in case package com.android.launcher3 changed
04-15 16:13:28.189 535 605 D SystemServerInitThreadPool: Finished executing Update app-ops uidState in case package com.android.launcher3 changed
04-15 16:13:28.189 535 605 V SystemServerTimingAsync: InitThreadPoolExec:Update app-ops uidState in case package com.android.launcher3 changed took to complete: 0ms
04-15 16:13:28.189 535 605 D SystemServerTimingAsync: InitThreadPoolExec:Update app-ops uidState in case package com.android.carrierconfig changed
04-15 16:13:28.189 535 605 D SystemServerInitThreadPool: Started executing Update app-ops uidState in case package com.android.carrierconfig changed
04-15 16:13:28.189 535 605 D SystemServerInitThreadPool: Finished executing Update app-ops uidState in case package com.android.carrierconfig changed
04-15 16:13:28.189 535 605 V SystemServerTimingAsync: InitThreadPoolExec:Update app-ops uidState in case package com.android.carrierconfig changed took to complete: 0ms
04-15 16:13:28.189 535 605 D SystemServerTimingAsync: InitThreadPoolExec:Update app-ops uidState in case package com.android.sdksetup changed
04-15 16:13:28.189 535 605 D SystemServerInitThreadPool: Started executing Update app-ops uidState in case package com.android.sdksetup changed
04-15 16:13:28.190 535 605 D SystemServerInitThreadPool: Finished executing Update app-ops uidState in case package com.android.sdksetup changed
04-15 16:13:28.190 535 605 V SystemServerTimingAsync: InitThreadPoolExec:Update app-ops uidState in case package com.android.sdksetup changed took to complete: 1ms
04-15 16:13:28.190 535 605 D SystemServerTimingAsync: InitThreadPoolExec:Update app-ops uidState in case package com.android.inputmethod.latin changed
04-15 16:13:28.190 535 605 D SystemServerInitThreadPool: Started executing Update app-ops uidState in case package com.android.inputmethod.latin changed
04-15 16:13:28.190 535 605 D SystemServerInitThreadPool: Finished executing Update app-ops uidState in case package com.android.inputmethod.latin changed
04-15 16:13:28.190 535 605 V SystemServerTimingAsync: InitThreadPoolExec:Update app-ops uidState in case package com.android.inputmethod.latin changed took to complete: 0ms
04-15 16:13:28.190 535 605 D SystemServerTimingAsync: InitThreadPoolExec:Update app-ops uidState in case package com.android.messaging changed
04-15 16:13:28.190 535 605 D SystemServerInitThreadPool: Started executing Update app-ops uidState in case package com.android.messaging changed
04-15 16:13:28.190 535 605 D SystemServerInitThreadPool: Finished executing Update app-ops uidState in case package com.android.messaging changed
04-15 16:13:28.190 535 605 V SystemServerTimingAsync: InitThreadPoolExec:Update app-ops uidState in case package com.android.messaging changed took to complete: 0ms
04-15 16:13:28.190 535 605 D SystemServerTimingAsync: InitThreadPoolExec:Update app-ops uidState in case package com.android.quicksearchbox changed
04-15 16:13:28.190 535 605 D SystemServerInitThreadPool: Started executing Update app-ops uidState in case package com.android.quicksearchbox changed
04-15 16:13:28.191 535 605 D SystemServerInitThreadPool: Finished executing Update app-ops uidState in case package com.android.quicksearchbox changed
04-15 16:13:28.191 535 605 V SystemServerTimingAsync: InitThreadPoolExec:Update app-ops uidState in case package com.android.quicksearchbox changed took to complete: 1ms
04-15 16:13:28.191 535 605 D SystemServerTimingAsync: InitThreadPoolExec:Update app-ops uidState in case package com.android.deskclock changed
04-15 16:13:28.191 535 605 D SystemServerInitThreadPool: Started executing Update app-ops uidState in case package com.android.deskclock changed
04-15 16:13:28.191 535 605 D SystemServerInitThreadPool: Finished executing Update app-ops uidState in case package com.android.deskclock changed
04-15 16:13:28.191 535 605 V SystemServerTimingAsync: InitThreadPoolExec:Update app-ops uidState in case package com.android.deskclock changed took to complete: 0ms
04-15 16:13:28.191 535 605 D SystemServerTimingAsync: InitThreadPoolExec:Update app-ops uidState in case package com.android.music changed
04-15 16:13:28.191 535 605 D SystemServerInitThreadPool: Started executing Update app-ops uidState in case package com.android.music changed
04-15 16:13:28.191 535 605 D SystemServerInitThreadPool: Finished executing Update app-ops uidState in case package com.android.music changed
04-15 16:13:28.191 535 605 V SystemServerTimingAsync: InitThreadPoolExec:Update app-ops uidState in case package com.android.music changed took to complete: 0ms
04-15 16:13:28.191 535 605 D SystemServerTimingAsync: InitThreadPoolExec:Update app-ops uidState in case package com.android.camera2 changed
04-15 16:13:28.192 535 605 D SystemServerInitThreadPool: Started executing Update app-ops uidState in case package com.android.camera2 changed
04-15 16:13:28.207 535 535 V SystemServerTiming: controllersReady took to complete: 98ms
04-15 16:13:28.209 535 564 D SystemServerInitThreadPool: Started executing Update app-ops uidState in case package com.android.uwb.resources changed
04-15 16:13:28.209 535 564 D SystemServerInitThreadPool: Finished executing Update app-ops uidState in case package com.android.uwb.resources changed
04-15 16:13:28.210 535 564 V SystemServerTimingAsync: InitThreadPoolExec:Update app-ops uidState in case package com.android.uwb.resources changed took to complete: 3ms
04-15 16:13:28.210 535 564 D SystemServerTimingAsync: InitThreadPoolExec:Update app-ops uidState in case package com.android.gallery3d changed
04-15 16:13:28.210 535 564 D SystemServerInitThreadPool: Started executing Update app-ops uidState in case package com.android.gallery3d changed
04-15 16:13:28.210 535 564 D SystemServerInitThreadPool: Finished executing Update app-ops uidState in case package com.android.gallery3d changed
04-15 16:13:28.210 535 564 V SystemServerTimingAsync: InitThreadPoolExec:Update app-ops uidState in case package com.android.gallery3d changed took to complete: 0ms
04-15 16:13:28.210 535 564 D SystemServerTimingAsync: InitThreadPoolExec:Update app-ops uidState in case package org.chromium.webview_shell changed
04-15 16:13:28.210 535 564 D SystemServerInitThreadPool: Started executing Update app-ops uidState in case package org.chromium.webview_shell changed
