04-15 16:13:15.478 663 676 I artd : Opened FDs: 7:/apex/com.android.devicelock/priv-app/DeviceLockController@UE1A.230829.036.A1/DeviceLockController.apk 8:/data/dalvik-cache/x86_64/apex@com.android.devicelock@priv-app@DeviceLockController@UE1A.230829.036.A1@DeviceLockController.apk@classes.dex.JQrOu0.tmp 9:/data/dalvik-cache/x86_64/apex@com.android.devicelock@priv-app@DeviceLockController@UE1A.230829.036.A1@DeviceLockController.apk@classes.vdex.4N2j8q.tmp 10:/data/dalvik-cache/x86_64/apex@com.android.devicelock@priv-app@DeviceLockController@UE1A.230829.036.A1@DeviceLockController.apk@classes.dex.swap.d7H9dX.tmp 11:/system/framework/org.apache.http.legacy.jar
04-15 16:13:15.705 796 796 W dex2oat64: Unexpected CPU variant for x86: x86_64.
04-15 16:13:15.705 796 796 W dex2oat64: Known variants: atom, sandybridge, silvermont, goldmont, goldmont-plus, tremont, kabylake, default
04-15 16:13:15.724 796 796 W dex2oat64: Mismatch between dex2oat instruction set features to use (ISA: X86_64 Feature string: -ssse3,-sse4.1,-sse4.2,-avx,-avx2,-popcnt) and those from CPP defines (ISA: X86_64 Feature string: ssse3,sse4.1,sse4.2,-avx,-avx2,popcnt) for the command line:
04-15 16:13:15.724 796 796 W dex2oat64: /apex/com.android.art/bin/dex2oat64 --zip-fd=7 --zip-location=/apex/com.android.devicelock/priv-app/DeviceLockController@UE1A.230829.036.A1/DeviceLockController.apk --oat-fd=8 --oat-location=/data/dalvik-cache/x86_64/apex@com.android.devicelock@priv-app@DeviceLockController@UE1A.230829.036.A1@DeviceLockController.apk@classes.dex --output-vdex-fd=9 --swap-fd=10 --class-loader-context-fds=11 --class-loader-context=PCL[]{PCL[/system/framework/org.apache.http.legacy.jar]} --classpath-dir=/apex/com.android.devicelock/priv-app/DeviceLockController@UE1A.230829.036.A1 --instruction-set=x86_64 --instruction-set-features=default --instruction-set-variant=x86_64 --compiler-filter=verify --compilation-reason=first-boot --compact-dex-level=none --max-image-block-size=524288 --resolve-startup-const-strings=true --generate-mini-debug-info --runtime-arg -Xtarget-sdk-version:34 --runtime-arg -Xms64m --runtime-arg -Xmx512m --comments=app-version-name:14,app-version-code:34,art-version:342090000
04-15 16:13:15.727 796 796 I dex2oat64: /apex/com.android.art/bin/dex2oat64 --output-vdex-fd=9 --class-loader-context-fds=11 --class-loader-context=PCL[]{PCL[/system/framework/org.apache.http.legacy.jar]} --classpath-dir=/apex/com.android.devicelock/priv-app/DeviceLockController@UE1A.230829.036.A1 --compiler-filter=verify --compilation-reason=first-boot --compact-dex-level=none --max-image-block-size=524288 --resolve-startup-const-strings=true --generate-mini-debug-info --comments=app-version-name:14,app-version-code:34,art-version:342090000
04-15 16:13:15.811 796 796 I dex2oat64: Using CollectorTypeCC GC.
04-15 16:13:18.759 796 796 I dex2oat64: dex2oat took 3.071s (4.732s cpu) (threads: 2) arena alloc=0B (0B) java alloc=3861KB (3954640B) native alloc=1696KB (1737264B) free=984KB (1007872B)
04-15 16:13:18.782 663 676 I artd : dex2oat returned code 0
04-15 16:13:18.789 535 661 I ArtService: Dexopt result: [packageName = com.android.devicelockcontroller] DexContainerFileDexoptResult{dexContainerFile=/apex/com.android.devicelock/priv-app/DeviceLockController@UE1A.230829.036.A1/DeviceLockController.apk, primaryAbi=true, abi=x86_64, actualCompilerFilter=verify, status=PERFORMED, dex2oatWallTimeMillis=3300, dex2oatCpuTimeMillis=4940, sizeBytes=118524, sizeBeforeBytes=0}
04-15 16:13:18.814 535 535 I Watchdog: Resuming HandlerChecker: main thread for reason: dexopt. Pause count: 0
04-15 16:13:18.815 535 535 V SystemServerTiming: UpdatePackagesIfNeeded took to complete: 61088ms
04-15 16:13:18.815 535 535 D SystemServerTiming: PerformFstrimIfNeeded
04-15 16:13:18.827 535 535 W PackageManager: No disk maintenance in 1776269598826; running immediately
04-15 16:13:18.831 535 657 I StorageManagerService: Running fstrim idle maintenance
04-15 16:13:18.840 535 535 V SystemServerTiming: PerformFstrimIfNeeded took to complete: 25ms
04-15 16:13:18.840 535 535 D SystemServerTiming: StartLockSettingsService
04-15 16:13:18.845 535 535 I SystemServiceManager: Starting com.android.server.locksettings.LockSettingsService$Lifecycle
04-15 16:13:18.851 0 0 I servicemanager: Could not find android.hardware.boot.IBootControl/default in the VINTF manifest.
04-15 16:13:18.851 141 141 I vold : AIDL IBootControl not available, falling back to HIDL.
04-15 16:13:18.874 132 132 I hwservicemanager: getTransport: Cannot find entry android.hardware.boot@1.0::IBootControl/default in either framework or device VINTF manifest.
04-15 16:13:18.879 141 141 E vold : Error getting bootctrl v1.0 module.
04-15 16:13:18.917 141 802 D vold : Starting trim of /data
04-15 16:13:18.919 141 802 W vold : Trim failed on /data: Operation not supported on transport endpoint
04-15 16:13:18.921 141 802 D vold : Starting trim of /metadata
04-15 16:13:18.922 141 802 W vold : Trim failed on /metadata: Operation not supported on transport endpoint
04-15 16:13:19.026 535 535 W SystemServiceManager: Service com.android.server.locksettings.LockSettingsService$Lifecycle took 180 ms in onStart
04-15 16:13:19.029 535 535 V SystemServerTiming: StartLockSettingsService took to complete: 189ms
04-15 16:13:19.030 535 535 D SystemServerTiming: StartTestHarnessMode
04-15 16:13:19.032 535 535 I SystemServiceManager: Starting com.android.server.testharness.TestHarnessModeService
04-15 16:13:19.039 535 535 V SystemServerTiming: StartTestHarnessMode took to complete: 9ms
04-15 16:13:19.044 132 132 I hwservicemanager: getTransport: Cannot find entry android.hardware.oemlock@1.0::IOemLock/default in either framework or device VINTF manifest.
04-15 16:13:19.046 535 535 I OemLock : OemLock Hidl HAL not present on device
04-15 16:13:19.059 0 0 I servicemanager: Could not find android.hardware.oemlock.IOemLock/default in the VINTF manifest.
04-15 16:13:19.053 535 535 D SystemServerTiming: StartDeviceIdleController
04-15 16:13:19.055 535 535 I SystemServiceManager: Starting com.android.server.DeviceIdleController
04-15 16:13:19.081 535 535 V SystemServerTiming: StartDeviceIdleController took to complete: 28ms
04-15 16:13:19.082 535 535 D SystemServerTiming: StartDevicePolicyManager
04-15 16:13:19.082 535 535 I SystemServiceManager: Starting com.android.server.devicepolicy.DevicePolicyManagerService$Lifecycle
04-15 16:13:19.120 535 535 E DevicePolicyManager: Error reading version
04-15 16:13:19.120 535 535 E DevicePolicyManager: java.nio.file.NoSuchFileException: /data/system/device_policies_version
04-15 16:13:19.120 535 535 E DevicePolicyManager: at sun.nio.fs.UnixFileSystemProvider.newByteChannel(UnixFileSystemProvider.java:220)
04-15 16:13:19.120 535 535 E DevicePolicyManager: at java.nio.file.Files.newByteChannel(Files.java:361)
04-15 16:13:19.120 535 535 E DevicePolicyManager: at java.nio.file.Files.newByteChannel(Files.java:407)
04-15 16:13:19.120 535 535 E DevicePolicyManager: at java.nio.file.spi.FileSystemProvider.newInputStream(FileSystemProvider.java:384)
04-15 16:13:19.120 535 535 E DevicePolicyManager: at java.nio.file.Files.newInputStream(Files.java:152)
04-15 16:13:19.120 535 535 E DevicePolicyManager: at java.nio.file.Files.newBufferedReader(Files.java:2784)
04-15 16:13:19.120 535 535 E DevicePolicyManager: at java.nio.file.Files.readAllLines(Files.java:3202)
04-15 16:13:19.120 535 535 E DevicePolicyManager: at com.android.server.devicepolicy.PolicyVersionUpgrader.readVersion(PolicyVersionUpgrader.java:307)
04-15 16:13:19.120 535 535 E DevicePolicyManager: at com.android.server.devicepolicy.PolicyVersionUpgrader.upgradePolicy(PolicyVersionUpgrader.java:71)
04-15 16:13:19.120 535 535 E DevicePolicyManager: at com.android.server.devicepolicy.DevicePolicyManagerService.performPolicyVersionUpgrade(DevicePolicyManagerService.java:3519)
04-15 16:13:19.120 535 535 E DevicePolicyManager: at com.android.server.devicepolicy.DevicePolicyManagerService.(DevicePolicyManagerService.java:2091)
04-15 16:13:19.120 535 535 E DevicePolicyManager: at com.android.server.devicepolicy.DevicePolicyManagerService.(DevicePolicyManagerService.java:2032)
04-15 16:13:19.120 535 535 E DevicePolicyManager: at com.android.server.devicepolicy.DevicePolicyManagerService$Lifecycle.(DevicePolicyManagerService.java:1068)
04-15 16:13:19.120 535 535 E DevicePolicyManager: at java.lang.reflect.Constructor.newInstance0(Native Method)
04-15 16:13:19.120 535 535 E DevicePolicyManager: at java.lang.reflect.Constructor.newInstance(Constructor.java:343)
04-15 16:13:19.120 535 535 E DevicePolicyManager: at com.android.server.SystemServiceManager.startService(SystemServiceManager.java:218)
04-15 16:13:19.120 535 535 E DevicePolicyManager: at com.android.server.SystemServer.startOtherServices(SystemServer.java:1872)
04-15 16:13:19.120 535 535 E DevicePolicyManager: at com.android.server.SystemServer.run(SystemServer.java:942)
04-15 16:13:19.120 535 535 E DevicePolicyManager: at com.android.server.SystemServer.main(SystemServer.java:664)
04-15 16:13:19.120 535 535 E DevicePolicyManager: at java.lang.reflect.Method.invoke(Native Method)
04-15 16:13:19.120 535 535 E DevicePolicyManager: at com.android.internal.os.RuntimeInit$MethodAndArgsCaller.run(RuntimeInit.java:552)
04-15 16:13:19.120 535 535 E DevicePolicyManager: at com.android.internal.os.ZygoteInit.main(ZygoteInit.java:949)
04-15 16:13:19.125 535 535 I DevicePolicyManager: Upgrading from version 0
04-15 16:13:19.128 535 535 I DevicePolicyManager: Upgrading from version 1
04-15 16:13:19.128 535 535 I DevicePolicyManager: Upgrading from version 2
04-15 16:13:19.128 535 535 I DevicePolicyManager: Upgrading from version 3
04-15 16:13:19.129 535 535 I DevicePolicyManager: Upgrading from version 4
04-15 16:13:19.129 535 535 I DevicePolicyManager: Keep profile running effective state set to false
04-15 16:13:19.161 535 535 D DevicePolicyManagerService: /data/system/updated_resources.xml doesn't exist
04-15 16:13:19.162 535 535 D DevicePolicyEngine: Reading device policies from file.
04-15 16:13:19.163 535 535 D DevicePolicyEngine: /data/system/device_policy_state.xml doesn't exist
04-15 16:13:19.170 535 535 V SystemServerTiming: StartDevicePolicyManager took to complete: 88ms
04-15 16:13:19.170 535 535 D SystemServerTiming: StartStatusBarManagerService
04-15 16:13:19.178 535 535 V SystemServerTiming: StartStatusBarManagerService took to complete: 7ms
04-15 16:13:19.179 535 535 D SystemServer: MusicRecognitionManagerService not defined by OEM or disabled by flag
04-15 16:13:19.181 535 535 D SystemServer: ContentCaptureService disabled because resource is not overlaid
04-15 16:13:19.183 535 535 D SystemServer: AttentionService is not configured on this device
04-15 16:13:19.183 535 535 D SystemServer: RotationResolverService is not configured on this device
04-15 16:13:19.185 535 535 D SystemServer: SystemCaptionsManagerService disabled because resource is not overlaid
04-15 16:13:19.185 535 535 D SystemServerTiming: StartTextToSpeechManagerService
04-15 16:13:19.186 535 535 I SystemServiceManager: Starting com.android.server.texttospeech.TextToSpeechManagerService
04-15 16:13:19.193 535 535 V SystemServerTiming: StartTextToSpeechManagerService took to complete: 8ms
04-15 16:13:19.193 535 535 D SystemServerTiming: StartAmbientContextService
04-15 16:13:19.193 535 535 I SystemServiceManager: Starting com.android.server.ambientcontext.AmbientContextManagerService
04-15 16:13:19.199 535 535 V SystemServerTiming: StartAmbientContextService took to complete: 6ms
04-15 16:13:19.199 535 535 D SystemServerTiming: startWearableSensingService
04-15 16:13:19.201 535 535 I SystemServiceManager: Starting com.android.server.wearable.WearableSensingManagerService
04-15 16:13:19.207 535 535 V SystemServerTiming: startWearableSensingService took to complete: 7ms
04-15 16:13:19.207 535 535 D SystemServerTiming: StartSpeechRecognitionManagerService
04-15 16:13:19.209 535 535 I SystemServiceManager: Starting com.android.server.speech.SpeechRecognitionManagerService
04-15 16:13:19.214 535 535 V SystemServerTiming: StartSpeechRecognitionManagerService took to complete: 7ms
04-15 16:13:19.214 535 535 D SystemServer: AppPredictionService not defined by OEM
04-15 16:13:19.214 535 535 D SystemServer: ContentSuggestionsService not defined by OEM
04-15 16:13:19.214 535 535 D SystemServerTiming: StartSearchUiService
04-15 16:13:19.215 535 535 I SystemServiceManager: Starting com.android.server.searchui.SearchUiManagerService
04-15 16:13:19.220 535 535 V SystemServerTiming: StartSearchUiService took to complete: 5ms
04-15 16:13:19.220 535 535 D SystemServerTiming: StartSmartspaceService
04-15 16:13:19.221 535 535 I SystemServiceManager: Starting com.android.server.smartspace.SmartspaceManagerService
04-15 16:13:19.226 535 535 V SystemServerTiming: StartSmartspaceService took to complete: 5ms
04-15 16:13:19.226 535 535 D SystemServerTiming: InitConnectivityModuleConnector
04-15 16:13:19.226 535 535 D ConnectivityModuleConnector: Network stack init
04-15 16:13:19.227 535 535 V SystemServerTiming: InitConnectivityModuleConnector took to complete: 1ms
04-15 16:13:19.227 535 535 D SystemServerTiming: InitNetworkStackClient
04-15 16:13:19.227 535 535 D NetworkStackClient: Network stack init
04-15 16:13:19.227 535 535 V SystemServerTiming: InitNetworkStackClient took to complete: 0ms
04-15 16:13:19.229 535 535 D SystemServerTiming: StartNetworkManagementService
04-15 16:13:19.243 328 328 I netd : registerUnsolicitedEventListener(interface:0x71ea24c898d0) <0.93ms>
04-15 16:13:19.251 535 535 V SystemServerTiming: StartNetworkManagementService took to complete: 22ms
04-15 16:13:19.251 535 535 D SystemServerTiming: StartFontManagerService
04-15 16:13:19.267 535 535 D CompatibilityChangeReporter: Compat change id reported: 247079863; UID 1000; state: ENABLED
04-15 16:13:19.895 535 535 V SystemServerTiming: StartFontManagerService took to complete: 644ms
04-15 16:13:19.895 535 535 D SystemServerTiming: StartTextServicesManager
04-15 16:13:19.897 535 535 I SystemServiceManager: Starting com.android.server.textservices.TextServicesManagerService$Lifecycle
04-15 16:13:19.903 535 535 V SystemServerTiming: StartTextServicesManager took to complete: 8ms
04-15 16:13:19.905 535 535 D SystemServerTiming: StartTextClassificationManagerService
04-15 16:13:19.907 535 535 I SystemServiceManager: Starting com.android.server.textclassifier.TextClassificationManagerService$Lifecycle
04-15 16:13:19.917 535 535 V SystemServerTiming: StartTextClassificationManagerService took to complete: 10ms
04-15 16:13:19.917 535 535 D SystemServerTiming: StartNetworkScoreService
04-15 16:13:19.918 535 535 I SystemServiceManager: Starting com.android.server.NetworkScoreService$Lifecycle
04-15 16:13:19.922 535 535 I NetworkScoreService: Registering network_score
04-15 16:13:19.925 535 535 V SystemServerTiming: StartNetworkScoreService took to complete: 7ms
04-15 16:13:19.926 535 535 D SystemServerTiming: StartNetworkStatsService
04-15 16:13:19.932 535 535 I SystemServiceManager: Starting com.android.server.NetworkStatsServiceInitializer
04-15 16:13:20.017 535 535 D BpfNetMaps: BpfNetMaps is initialized with sEnableJavaBpfMap=true
04-15 16:13:20.050 535 535 I TrafficController: initMaps successfully
04-15 16:13:20.074 328 328 I netd : registerUnsolicitedEventListener(interface:0x71ea24c89980) <0.15ms>
04-15 16:13:20.079 328 328 I netd : interfaceGetList() -> {[sit0, lo, ifb1, ip6gre0, ip6_vti0, dummy0, gretap0, erspan0, eth0, gre0, ifb0, ip6tnl0, ip_vti0, tunl0, wlan0, hwsim0]} <0.78ms>
04-15 16:13:20.083 535 535 I NetworkStatsServiceInitializer: Registering netstats
04-15 16:13:20.107 535 535 I NetworkStatsServiceInitializer: Initializing network tracing hooks
04-15 16:13:20.110 535 807 D CompatibilityChangeReporter: Compat change id reported: 170188668; UID 1000; state: ENABLED
04-15 16:13:20.126 535 535 D NetworkTrace: Registering Perfetto data source
04-15 16:13:20.127 535 535 V SystemServerTiming: StartNetworkStatsService took to complete: 201ms
04-15 16:13:20.129 535 535 D SystemServerTiming: StartNetworkPolicyManagerService
04-15 16:13:20.167 535 535 V SystemServerTiming: StartNetworkPolicyManagerService took to complete: 38ms
04-15 16:13:20.172 535 535 D SystemServerTiming: StartWifi
04-15 16:13:20.203 535 535 I SystemServiceManager: Starting com.android.server.wifi.WifiService
04-15 16:13:20.314 535 535 D ScanMetrics: Settings package: com.android.settings
04-15 16:13:20.324 535 535 E ScanMetrics: Can't get GMS uid
04-15 16:13:20.341 535 535 I WifiContext: Got resolveInfos for com.android.server.wifi.intent.action.SERVICE_WIFI_RESOURCES_APK: [ResolveInfo{d39be8e com.android.wifi.resources/android.app.Activity m=0x108000 userHandle=UserHandle{0}}]
04-15 16:13:20.348 535 535 I WifiContext: Found Wifi Resources APK at: com.android.wifi.resources
04-15 16:13:20.403 535 535 I android_os_HwBinder: HwBinder: Starting thread pool for getting: android.hidl.manager@1.2::IServiceManager/default
04-15 16:13:20.410 132 132 I hwservicemanager: getTransport: Cannot find entry android.hardware.wifi@1.0::IWifi/default in either framework or device VINTF manifest.
04-15 16:13:20.416 535 535 I WifiHalAidlImpl: Creating the Wifi HAL using the AIDL implementation
04-15 16:13:20.424 0 0 I servicemanager: Found android.hardware.wifi.IWifi/default in device VINTF manifest.
04-15 16:13:20.436 0 0 I servicemanager: Found android.hardware.wifi.supplicant.ISupplicant/default in device VINTF manifest.
04-15 16:13:20.427 535 535 I SupplicantStaIfaceHal: Initializing SupplicantStaIfaceHal using AIDL implementation.
04-15 16:13:20.436 535 535 I SupplicantP2pIfaceHal: Initializing SupplicantP2pIfaceHal using AIDL implementation.
04-15 16:13:20.438 535 535 I WifiCoexManager: Default coex algorithm is disabled.
04-15 16:13:20.444 0 0 I servicemanager: Found android.hardware.wifi.supplicant.ISupplicant/default in device VINTF manifest.
04-15 16:13:20.510 535 535 D WifiOpenNetworkNotifier: Settings toggle enabled=true
04-15 16:13:20.531 0 0 W healthd : battery l=100 v=5000 t=25.0 h=2 st=2 c=900000 fc=3000000 cc=10 chg=a
04-15 16:13:20.537 535 535 D WifiNl80211Manager: registerCountryCodeEventListener called
04-15 16:13:20.538 535 535 D WifiCountryCode: Default country code from system property ro.boot.wificountrycode is null
04-15 16:13:20.543 457 457 I wificond: New wificond event callback registered
04-15 16:13:20.570 535 535 D WakeupController: WifiWake enabled
04-15 16:13:20.576 535 535 V HistoricalRegistry: Interaction before persistence initialized
04-15 16:13:20.579 535 535 V HistoricalRegistry: Interaction before persistence initialized
04-15 16:13:20.590 535 535 I WifiService: Registering wifi
04-15 16:13:20.594 535 535 V SystemServerTiming: StartWifi took to complete: 421ms
04-15 16:13:20.594 535 535 D SystemServerTiming: StartWifiScanning
04-15 16:13:20.598 535 535 I SystemServiceManager: Starting com.android.server.wifi.scanner.WifiScanningService
04-15 16:13:20.598 535 535 I WifiScanningService: Creating wifiscanner
04-15 16:13:20.610 535 535 I WifiScanningService: Publishing wifiscanner
04-15 16:13:20.613 535 535 V SystemServerTiming: StartWifiScanning took to complete: 18ms
04-15 16:13:20.613 535 535 D SystemServerTiming: StartWifiP2P
04-15 16:13:20.614 535 535 I SystemServiceManager: Starting com.android.server.wifi.p2p.WifiP2pService
04-15 16:13:20.629 535 535 D CompatibilityChangeReporter: Compat change id reported: 183155436; UID 1000; state: ENABLED
04-15 16:13:20.630 535 535 I WifiP2pService: Registering wifip2p
04-15 16:13:20.635 535 535 V SystemServerTiming: StartWifiP2P took to complete: 22ms
04-15 16:13:20.637 535 535 D SystemServerTiming: StartPacProxyService
04-15 16:13:20.647 535 535 V SystemServerTiming: StartPacProxyService took to complete: 10ms
04-15 16:13:20.649 535 535 D SystemServerTiming: StartConnectivityService
04-15 16:13:20.650 535 535 I SystemServiceManager: Starting com.android.server.ConnectivityServiceInitializer
04-15 16:13:20.669 535 535 D ConnectivityService: ConnectivityService starting up
04-15 16:13:20.723 328 328 I netd : registerUnsolicitedEventListener(interface:0x71ea24c88d20) <0.17ms>
04-15 16:13:20.767 535 535 D CompatibilityChangeReporter: Compat change id reported: 182478738; UID 1000; state: ENABLED
04-15 16:13:20.802 535 535 D ConnectivityNativeService: Attached BPF_CGROUP_INET4_BIND and BPF_CGROUP_INET6_BIND programs
04-15 16:13:20.813 535 821 W BroadcastLoopers: Found previously unknown looper Thread[NsdService,5,main]
04-15 16:13:20.849 535 535 W system_server: Core platform API violation: Llibcore/io/Memory;->pokeByte(JB)V from Landroid/net/connectivity/com/google/protobuf/UnsafeUtil; using reflection
04-15 16:13:20.851 535 535 W system_server: Core platform API violation: Llibcore/io/Memory;->peekByte(J)B from Landroid/net/connectivity/com/google/protobuf/UnsafeUtil; using reflection
04-15 16:13:20.862 535 535 V NearbyService: DiscoveryProviderManagerLegacy:
04-15 16:13:20.864 535 535 I ConnectivityServiceInitializer: Registering connectivity
04-15 16:13:20.867 535 535 I ConnectivityServiceInitializer: Registering ipsec
04-15 16:13:20.870 535 535 I ConnectivityServiceInitializer: Registering connectivity_native
04-15 16:13:20.872 535 535 I ConnectivityServiceInitializer: Registering servicediscovery
04-15 16:13:20.875 535 535 I ConnectivityServiceInitializer: Registering nearby
04-15 16:13:20.880 535 535 V SystemServerTiming: StartConnectivityService took to complete: 230ms
04-15 16:13:20.881 535 535 D SystemServerTiming: StartVpnManagerService
04-15 16:13:20.902 535 535 D VpnManagerService: VpnManagerService starting up
04-15 16:13:20.907 535 535 V SystemServerTiming: StartVpnManagerService took to complete: 25ms
04-15 16:13:20.909 535 535 D SystemServerTiming: StartVcnManagementService
04-15 16:13:20.922 535 535 V SystemServerTiming: StartVcnManagementService took to complete: 13ms
04-15 16:13:20.923 535 535 D SystemServerTiming: StartSystemUpdateManagerService
04-15 16:13:20.926 535 535 I SystemUpdateManagerService: No existing info file /data/system/system-update-info.xml
04-15 16:13:20.931 535 535 V SystemServerTiming: StartSystemUpdateManagerService took to complete: 8ms
04-15 16:13:20.931 535 535 D SystemServerTiming: StartUpdateLockService
04-15 16:13:20.937 535 535 W BroadcastLoopers: Found previously unknown looper Thread[main,5,main]
04-15 16:13:20.942 535 535 V SystemServerTiming: StartUpdateLockService took to complete: 11ms
04-15 16:13:20.943 535 535 D SystemServerTiming: StartNotificationManager
04-15 16:13:20.946 535 535 I SystemServiceManager: Starting com.android.server.notification.NotificationManagerService
04-15 16:13:20.998 535 535 D ConditionProviders.SCP: new ScheduleConditionProvider()
04-15 16:13:21.019 535 535 I ConditionProviders: Allowing condition provider com.android.camera2 (userSet: true)
04-15 16:13:21.027 535 535 I ConditionProviders: Allowing condition provider android.ext.services/android.ext.services.notification.Assistant (userSet: true)
04-15 16:13:21.027 535 535 I NotificationAssistants: Allowing notification assistant android.ext.services/android.ext.services.notification.Assistant (userSet: false)
04-15 16:13:21.032 535 535 V NotificationAssistants: enabling notification assistant for 0: ComponentInfo{android.ext.services/android.ext.services.notification.Assistant}
04-15 16:13:21.034 535 535 V NotificationAssistants: binding: Intent { act=android.service.notification.NotificationAssistantService cmp=android.ext.services/.notification.Assistant (has extras) }
04-15 16:13:21.063 535 535 D CompatibilityChangeReporter: Compat change id reported: 147600208; UID 1000; state: ENABLED
04-15 16:13:21.067 535 535 D CompatibilityChangeReporter: Compat change id reported: 157233955; UID 1000; state: ENABLED
04-15 16:13:21.082 535 535 W SystemServiceManager: Service com.android.server.notification.NotificationManagerService took 126 ms in onStart
04-15 16:13:21.126 535 535 V SystemServerTiming: StartNotificationManager took to complete: 183ms
04-15 16:13:21.126 535 535 D SystemServerTiming: StartDeviceMonitor
04-15 16:13:21.127 535 535 I SystemServiceManager: Starting com.android.server.storage.DeviceStorageMonitorService
04-15 16:13:21.135 535 535 V SystemServerTiming: StartDeviceMonitor took to complete: 9ms
04-15 16:13:21.140 535 535 D SystemServerTiming: StartTimeDetectorService
04-15 16:13:21.141 535 535 I SystemServiceManager: Starting com.android.server.timedetector.TimeDetectorService$Lifecycle
04-15 16:13:21.158 535 535 V SystemServerTiming: StartTimeDetectorService took to complete: 18ms
04-15 16:13:21.158 535 535 D SystemServerTiming: StartLocationManagerService
04-15 16:13:21.158 535 535 I SystemServiceManager: Starting com.android.server.location.LocationManagerService$Lifecycle
04-15 16:13:21.198 535 535 V SystemServerTiming: StartLocationManagerService took to complete: 40ms
04-15 16:13:21.199 535 535 D SystemServerTiming: StartCountryDetectorService
04-15 16:13:21.205 535 535 V SystemServerTiming: StartCountryDetectorService took to complete: 6ms
04-15 16:13:21.205 535 535 D SystemServerTiming: StartTimeZoneDetectorService
04-15 16:13:21.206 535 535 I SystemServiceManager: Starting com.android.server.timezonedetector.TimeZoneDetectorService$Lifecycle
04-15 16:13:21.232 535 535 V SystemServerTiming: StartTimeZoneDetectorService took to complete: 27ms
04-15 16:13:21.232 535 535 D SystemServerTiming: StartAltitudeService
04-15 16:13:21.233 535 535 I SystemServiceManager: Starting com.android.server.location.altitude.AltitudeService$Lifecycle
04-15 16:13:21.239 535 535 V SystemServerTiming: StartAltitudeService took to complete: 7ms
04-15 16:13:21.239 535 535 D SystemServerTiming: StartLocationTimeZoneManagerService
04-15 16:13:21.247 0 0 I servicemanager: Found android.frameworks.location.altitude.IAltitudeService/default in framework VINTF manifest.
04-15 16:13:21.240 535 535 I SystemServiceManager: Starting com.android.server.timezonedetector.location.LocationTimeZoneManagerService$Lifecycle
04-15 16:13:21.246 535 535 V SystemServerTiming: StartLocationTimeZoneManagerService took to complete: 7ms
04-15 16:13:21.246 535 535 D SystemServerTiming: StartSearchManagerService
04-15 16:13:21.246 535 535 I SystemServiceManager: Starting com.android.server.search.SearchManagerService$Lifecycle
04-15 16:13:21.256 535 535 V SystemServerTiming: StartSearchManagerService took to complete: 10ms
04-15 16:13:21.256 535 535 D SystemServerTiming: StartWallpaperManagerService
04-15 16:13:21.257 535 535 I SystemServiceManager: Starting com.android.server.wallpaper.WallpaperManagerService$Lifecycle
04-15 16:13:21.270 535 535 V SystemServerTiming: StartWallpaperManagerService took to complete: 14ms
04-15 16:13:21.270 535 535 D SystemServerTiming: StartWallpaperEffectsGenerationService
04-15 16:13:21.270 535 535 I SystemServiceManager: Starting com.android.server.wallpapereffectsgeneration.WallpaperEffectsGenerationManagerService
04-15 16:13:21.286 535 535 V SystemServerTiming: StartWallpaperEffectsGenerationService took to complete: 16ms
04-15 16:13:21.286 535 535 D SystemServerTiming: StartAudioService
04-15 16:13:21.287 535 535 I SystemServiceManager: Starting com.android.server.audio.AudioService$Lifecycle
04-15 16:13:21.351 535 535 I AS.AudioService: Stream 5: using max vol of 7
04-15 16:13:21.353 535 535 I AS.AudioService: Stream 5: using default vol of 5
04-15 16:13:21.353 535 535 I AS.AudioService: Stream 2: using max vol of 7
04-15 16:13:21.353 535 535 I AS.AudioService: Stream 2: using default vol of 5
04-15 16:13:21.368 392 497 W AudioFlinger: no wake lock to update, system not ready yet
04-15 16:13:21.369 392 505 W AudioFlinger: no wake lock to update, system not ready yet
04-15 16:13:21.396 535 535 I android_os_HwBinder: HwBinder: Starting thread pool for getting: android.hidl.manager@1.0::IServiceManager/default
04-15 16:13:21.432 392 392 D PermissionCache: checking android.permission.MODIFY_AUDIO_SETTINGS for uid=1000 => granted (5138 us)
04-15 16:13:21.525 392 392 D PermissionCache: checking android.permission.MODIFY_AUDIO_ROUTING for uid=1000 => granted (1293 us)
04-15 16:13:21.612 392 610 D AudioFlinger: isLowRamDevice:false totalMemory:2070044672 mClientSharedHeapSize:4194304
04-15 16:13:21.641 535 535 V SystemServerTiming: StartAudioService took to complete: 355ms
04-15 16:13:21.641 535 535 D SystemServerTiming: StartSoundTriggerMiddlewareService
04-15 16:13:21.642 535 535 I SystemServiceManager: Starting com.android.server.soundtrigger_middleware.SoundTriggerMiddlewareService$Lifecycle
04-15 16:13:21.669 0 0 I servicemanager: Could not find android.hardware.soundtrigger3.ISoundTriggerHw/default in the VINTF manifest.
04-15 16:13:21.666 392 392 I CaptureStateNotifier: Registering a listener
04-15 16:13:21.667 535 535 I SoundTriggerMiddlewareDefaultHalFactory: Connecting to default soundtrigger-V2.x.ISoundTriggerHw
04-15 16:13:21.671 132 132 I hwservicemanager: getTransport: Cannot find entry android.hardware.soundtrigger@2.0::ISoundTriggerHw/default in either framework or device VINTF manifest.
04-15 16:13:21.679 535 535 E SoundTriggerMiddlewareImpl: Failed to add a SoundTriggerModule instance
04-15 16:13:21.679 535 535 E SoundTriggerMiddlewareImpl: java.util.NoSuchElementException
04-15 16:13:21.679 535 535 E SoundTriggerMiddlewareImpl: at android.os.HwBinder.getService(Native Method)
04-15 16:13:21.679 535 535 E SoundTriggerMiddlewareImpl: at android.hardware.soundtrigger.V2_0.ISoundTriggerHw.getService(ISoundTriggerHw.java:57)
04-15 16:13:21.679 535 535 E SoundTriggerMiddlewareImpl: at android.hardware.soundtrigger.V2_0.ISoundTriggerHw.getService(ISoundTriggerHw.java:64)
04-15 16:13:21.679 535 535 E SoundTriggerMiddlewareImpl: at com.android.server.soundtrigger_middleware.DefaultHalFactory.create(DefaultHalFactory.java:76)
04-15 16:13:21.679 535 535 E SoundTriggerMiddlewareImpl: at com.android.server.soundtrigger_middleware.SoundTriggerModule.attachToHal(SoundTriggerModule.java:176)
04-15 16:13:21.679 535 535 E SoundTriggerMiddlewareImpl: at com.android.server.soundtrigger_middleware.SoundTriggerModule.(SoundTriggerModule.java:105)
04-15 16:13:21.679 535 535 E SoundTriggerMiddlewareImpl: at com.android.server.soundtrigger_middleware.SoundTriggerMiddlewareImpl.(SoundTriggerMiddlewareImpl.java:86)
04-15 16:13:21.679 535 535 E SoundTriggerMiddlewareImpl: at com.android.server.soundtrigger_middleware.SoundTriggerMiddlewareService$Lifecycle.onStart(SoundTriggerMiddlewareService.java:248)
04-15 16:13:21.679 535 535 E SoundTriggerMiddlewareImpl: at com.android.server.SystemServiceManager.startService(SystemServiceManager.java:255)
04-15 16:13:21.679 535 535 E SoundTriggerMiddlewareImpl: at com.android.server.SystemServiceManager.startService(SystemServiceManager.java:233)
04-15 16:13:21.679 535 535 E SoundTriggerMiddlewareImpl: at com.android.server.SystemServer.startOtherServices(SystemServer.java:2208)
04-15 16:13:21.679 535 535 E SoundTriggerMiddlewareImpl: at com.android.server.SystemServer.run(SystemServer.java:942)
04-15 16:13:21.679 535 535 E SoundTriggerMiddlewareImpl: at com.android.server.SystemServer.main(SystemServer.java:664)
04-15 16:13:21.679 535 535 E SoundTriggerMiddlewareImpl: at java.lang.reflect.Method.invoke(Native Method)
04-15 16:13:21.679 535 535 E SoundTriggerMiddlewareImpl: at com.android.internal.os.RuntimeInit$MethodAndArgsCaller.run(RuntimeInit.java:552)
04-15 16:13:21.679 535 535 E SoundTriggerMiddlewareImpl: at com.android.internal.os.ZygoteInit.main(ZygoteInit.java:949)
04-15 16:13:21.724 535 535 W SystemServiceManager: Service com.android.server.soundtrigger_middleware.SoundTriggerMiddlewareService$Lifecycle took 82 ms in onStart
04-15 16:13:21.725 535 535 V SystemServerTiming: StartSoundTriggerMiddlewareService took to complete: 84ms
04-15 16:13:21.725 535 535 D SystemServerTiming: StartDockObserver
04-15 16:13:21.726 535 535 I SystemServiceManager: Starting com.android.server.DockObserver
04-15 16:13:21.727 535 535 I DockObserver: No extcon dock device found in this kernel.
04-15 16:13:21.733 535 535 V SystemServerTiming: StartDockObserver took to complete: 8ms
04-15 16:13:21.733 535 535 D SystemServerTiming: StartWiredAccessoryManager
04-15 16:13:21.735 535 535 W WiredAccessoryManager: This kernel does not have usb audio support
04-15 16:13:21.743 535 535 W WiredAccessoryManager: This kernel does not have HDMI audio support
04-15 16:13:21.743 535 535 V SystemServerTiming: StartWiredAccessoryManager took to complete: 10ms
04-15 16:13:21.743 535 535 D SystemServerTiming: StartMidiManager
04-15 16:13:21.749 535 535 I SystemServiceManager: Starting com.android.server.midi.MidiService$Lifecycle
04-15 16:13:21.761 535 535 V SystemServerTiming: StartMidiManager took to complete: 13ms
04-15 16:13:21.762 535 535 D SystemServerTiming: StartAdbService
04-15 16:13:21.762 535 535 I SystemServiceManager: Starting com.android.server.adb.AdbService$Lifecycle
04-15 16:13:21.772 535 535 V SystemServerTiming: StartAdbService took to complete: 10ms
04-15 16:13:21.773 535 535 D SystemServerTiming: StartUsbService
04-15 16:13:21.773 535 535 I SystemServiceManager: Starting com.android.server.usb.UsbService$Lifecycle
04-15 16:13:21.774 535 564 D SystemServerTimingAsync: InitThreadPoolExec:UsbService$Lifecycle#onStart
04-15 16:13:21.774 535 564 D SystemServerInitThreadPool: Started executing UsbService$Lifecycle#onStart
04-15 16:13:21.778 535 535 V SystemServerTiming: StartUsbService took to complete: 5ms
04-15 16:13:21.778 535 535 D SystemServerTiming: StartSerialService
04-15 16:13:21.794 535 564 I UsbDeviceManager: failed to write to /sys/class/android_usb/android0/f_rndis/ethaddr
04-15 16:13:21.795 535 564 D UsbPortManager: Querying USB Gadget HAL version
04-15 16:13:21.804 535 535 V SystemServerTiming: StartSerialService took to complete: 25ms
04-15 16:13:21.804 535 535 D SystemServerTiming: StartHardwarePropertiesManagerService
04-15 16:13:21.815 0 0 I servicemanager: Could not find android.hardware.usb.gadget.IUsbGadget/default in the VINTF manifest.
04-15 16:13:21.824 0 0 I servicemanager: Could not find android.hardware.thermal.IThermal/default in the VINTF manifest.
04-15 16:13:21.819 535 535 I HardwarePropertiesManagerService-JNI: Thermal AIDL service is not declared, trying HIDL
04-15 16:13:21.821 132 132 I hwservicemanager: getTransport: Cannot find entry android.hardware.usb.gadget@1.0::IUsbGadget/default in either framework or device VINTF manifest.
04-15 16:13:21.827 535 535 D HardwarePropertiesManagerService-JNI: Link to death notification successful
04-15 16:13:21.840 535 535 V SystemServerTiming: StartHardwarePropertiesManagerService took to complete: 36ms
04-15 16:13:21.868 535 535 D SystemServerTiming: StartTwilightService
04-15 16:13:21.869 535 535 I SystemServiceManager: Starting com.android.server.twilight.TwilightService
04-15 16:13:21.870 535 535 V SystemServerTiming: StartTwilightService took to complete: 1ms
04-15 16:13:21.870 535 535 D SystemServerTiming: StartColorDisplay
04-15 16:13:21.871 535 535 I SystemServiceManager: Starting com.android.server.display.color.ColorDisplayService
04-15 16:13:21.885 535 564 E UsbDeviceManager: connectToProxy: usb gadget hidl hal service not found.
04-15 16:13:21.885 535 564 E UsbDeviceManager: java.util.NoSuchElementException
04-15 16:13:21.885 535 564 E UsbDeviceManager: at android.os.HwBinder.getService(Native Method)
04-15 16:13:21.885 535 564 E UsbDeviceManager: at android.hardware.usb.gadget.V1_0.IUsbGadget.getService(IUsbGadget.java:57)
04-15 16:13:21.885 535 564 E UsbDeviceManager: at android.hardware.usb.gadget.V1_0.IUsbGadget.getService(IUsbGadget.java:64)
04-15 16:13:21.885 535 564 E UsbDeviceManager: at com.android.server.usb.hal.gadget.UsbGadgetHidl.isServicePresent(UsbGadgetHidl.java:132)
04-15 16:13:21.885 535 564 E UsbDeviceManager: at com.android.server.usb.hal.gadget.UsbGadgetHalInstance.getInstance(UsbGadgetHalInstance.java:39)
04-15 16:13:21.885 535 564 E UsbDeviceManager: at com.android.server.usb.UsbDeviceManager.(UsbDeviceManager.java:312)
04-15 16:13:21.885 535 564 E UsbDeviceManager: at com.android.server.usb.UsbService.(UsbService.java:187)
04-15 16:13:21.885 535 564 E UsbDeviceManager: at com.android.server.usb.UsbService$Lifecycle.lambda$onStart$0(UsbService.java:101)
04-15 16:13:21.885 535 564 E UsbDeviceManager: at com.android.server.usb.UsbService$Lifecycle.$r8$lambda$RuGFfXZPzv9JlSTzhIl-GWrBFrQ(UsbService.java:0)
04-15 16:13:21.885 535 564 E UsbDeviceManager: at com.android.server.usb.UsbService$Lifecycle$$ExternalSyntheticLambda2.run(R8$$SyntheticClass:0)
04-15 16:13:21.885 535 564 E UsbDeviceManager: at com.android.server.SystemServerInitThreadPool.lambda$submitTask$0(SystemServerInitThreadPool.java:107)
04-15 16:13:21.885 535 564 E UsbDeviceManager: at com.android.server.SystemServerInitThreadPool.$r8$lambda$iar571g8isa6ZrPZMHj1USmyX48(SystemServerInitThreadPool.java:0)
04-15 16:13:21.885 535 564 E UsbDeviceManager: at com.android.server.SystemServerInitThreadPool$$ExternalSyntheticLambda1.run(R8$$SyntheticClass:0)
04-15 16:13:21.885 535 564 E UsbDeviceManager: at java.util.concurrent.Executors$RunnableAdapter.call(Executors.java:487)
04-15 16:13:21.885 535 564 E UsbDeviceManager: at java.util.concurrent.FutureTask.run(FutureTask.java:264)
04-15 16:13:21.885 535 564 E UsbDeviceManager: at java.util.concurrent.ThreadPoolExecutor.runWorker(ThreadPoolExecutor.java:1145)
04-15 16:13:21.885 535 564 E UsbDeviceManager: at java.util.concurrent.ThreadPoolExecutor$Worker.run(ThreadPoolExecutor.java:644)
04-15 16:13:21.885 535 564 E UsbDeviceManager: at com.android.internal.util.ConcurrentUtils$1$1.run(ConcurrentUtils.java:65)
04-15 16:13:21.892 535 564 E UsbPortManager: USB Gadget HAL AIDL/HIDL not present
04-15 16:13:21.893 535 564 D UsbDeviceManager: getInstance done
04-15 16:13:21.894 535 564 E UsbDeviceManagerJNI: could not open control for mtp No such file or directory
04-15 16:13:21.894 535 564 E UsbDeviceManager: Failed to open control for mtp
04-15 16:13:21.895 535 564 E UsbDeviceManagerJNI: could not open control for ptp No such file or directory
04-15 16:13:21.901 535 564 E UsbDeviceManager: Failed to open control for ptp
04-15 16:13:21.928 535 535 V SystemServerTiming: StartColorDisplay took to complete: 57ms
04-15 16:13:21.929 535 535 D SystemServerTiming: StartJobScheduler
04-15 16:13:21.931 535 535 I SystemServiceManager: Starting com.android.server.job.JobSchedulerService
04-15 16:13:21.978 535 564 W StorageManagerService: No primary storage defined yet; hacking together a stub
04-15 16:13:22.018 535 564 E UsbDeviceManagerJNI: could not open /dev/usb_accessory
04-15 16:13:22.089 535 564 D UsbPortManager: Querying USB HAL version
04-15 16:13:22.100 0 0 I servicemanager: Found android.hardware.usb.IUsb/default in device VINTF manifest.
04-15 16:13:22.097 535 559 I JobStore: Read 0 jobs
04-15 16:13:22.112 535 564 I UsbPortManager: USB HAL AIDL present
04-15 16:13:22.128 352 352 I android.hardware.usb.aidl-service: registering callback
04-15 16:13:22.151 535 564 D UsbPortManager: getInstance done
04-15 16:13:22.165 535 803 I UsbPortManager: all: opID:1 successful
04-15 16:13:22.232 535 818 D ConnectivityService: NetReassign [no changes] [c 3] [a 0] [i 0]
04-15 16:13:22.249 535 564 D SystemServerInitThreadPool: Finished executing UsbService$Lifecycle#onStart
04-15 16:13:22.249 535 564 V SystemServerTimingAsync: InitThreadPoolExec:UsbService$Lifecycle#onStart took to complete: 475ms
04-15 16:13:22.285 535 535 V HistoricalRegistry: Interaction before persistence initialized
04-15 16:13:22.286 535 535 V HistoricalRegistry: Interaction before persistence initialized
04-15 16:13:22.332 535 535 V SystemServerTiming: StartJobScheduler took to complete: 403ms
04-15 16:13:22.333 535 535 D SystemServerTiming: StartSoundTrigger
04-15 16:13:22.334 535 535 I SystemServiceManager: Starting com.android.server.soundtrigger.SoundTriggerService
04-15 16:13:22.358 535 535 V SystemServerTiming: StartSoundTrigger took to complete: 25ms
04-15 16:13:22.359 535 535 D SystemServerTiming: StartTrustManager
04-15 16:13:22.364 535 535 I SystemServiceManager: Starting com.android.server.trust.TrustManagerService
04-15 16:13:22.392 535 535 V SystemServerTiming: StartTrustManager took to complete: 33ms
04-15 16:13:22.393 535 535 D SystemServerTiming: StartBackupManager
04-15 16:13:22.393 535 535 I SystemServiceManager: Starting com.android.server.backup.BackupManagerService$Lifecycle
04-15 16:13:22.398 535 535 D BackupManagerService: Default backup user id = 0
04-15 16:13:22.404 535 535 V SystemServerTiming: StartBackupManager took to complete: 11ms
04-15 16:13:22.404 535 535 D SystemServerTiming: StartAppWidgetService
04-15 16:13:22.405 535 535 I SystemServiceManager: Starting com.android.server.appwidget.AppWidgetService
04-15 16:13:22.443 535 535 V SystemServerTiming: StartAppWidgetService took to complete: 39ms
04-15 16:13:22.443 535 535 D SystemServerTiming: StartVoiceRecognitionManager
04-15 16:13:22.446 535 535 I SystemServiceManager: Starting com.android.server.voiceinteraction.VoiceInteractionManagerService
04-15 16:13:22.458 535 535 V SystemServerTiming: StartVoiceRecognitionManager took to complete: 15ms
04-15 16:13:22.459 535 535 D SystemServerTiming: StartGestureLauncher
04-15 16:13:22.459 535 535 I SystemServiceManager: Starting com.android.server.GestureLauncherService
04-15 16:13:22.459 535 535 V SystemServerTiming: StartGestureLauncher took to complete: 0ms
04-15 16:13:22.462 535 535 D SystemServerTiming: StartSensorNotification
04-15 16:13:22.463 535 535 I SystemServiceManager: Starting com.android.server.SensorNotificationService
04-15 16:13:22.463 535 535 V SystemServerTiming: StartSensorNotification took to complete: 1ms
04-15 16:13:22.463 535 535 D SystemServerTiming: StartDiskStatsService
04-15 16:13:22.490 535 535 D CompatibilityChangeReporter: Compat change id reported: 194532703; UID 1000; state: ENABLED
04-15 16:13:22.490 535 535 D CompatibilityChangeReporter: Compat change id reported: 253665015; UID 1000; state: ENABLED
04-15 16:13:22.494 535 535 D CompatibilityChangeReporter: Compat change id reported: 253665015; UID 1000; state: ENABLED
04-15 16:13:22.502 535 535 D CompatibilityChangeReporter: Compat change id reported: 194532703; UID 1000; state: ENABLED
04-15 16:13:22.535 535 535 V SystemServerTiming: StartDiskStatsService took to complete: 72ms
04-15 16:13:22.535 535 535 D SystemServerTiming: RuntimeService
04-15 16:13:22.549 535 535 V SystemServerTiming: RuntimeService took to complete: 9ms
04-15 16:13:22.549 535 535 D SystemServerTiming: StartNetworkTimeUpdateService
04-15 16:13:22.566 535 535 V SystemServerTiming: StartNetworkTimeUpdateService took to complete: 17ms
04-15 16:13:22.567 535 535 D SystemServerTiming: CertBlacklister
04-15 16:13:22.592 535 535 V SystemServerTiming: CertBlacklister took to complete: 24ms
04-15 16:13:22.597 535 535 D SystemServerTiming: StartEmergencyAffordanceService
04-15 16:13:22.598 535 535 I SystemServiceManager: Starting com.android.server.emergency.EmergencyAffordanceService
04-15 16:13:22.607 535 535 V SystemServerTiming: StartEmergencyAffordanceService took to complete: 10ms
04-15 16:13:22.608 535 535 D SystemServerTiming: startBlobStoreManagerService
04-15 16:13:22.610 535 535 I SystemServiceManager: Starting com.android.server.blob.BlobStoreManagerService
04-15 16:13:22.642 535 535 V SystemServerTiming: startBlobStoreManagerService took to complete: 33ms
04-15 16:13:22.659 535 535 D SystemServerTiming: StartDreamManager
04-15 16:13:22.662 535 535 I SystemServiceManager: Starting com.android.server.dreams.DreamManagerService
04-15 16:13:22.685 535 535 V SystemServerTiming: StartDreamManager took to complete: 26ms
04-15 16:13:22.685 535 535 D SystemServerTiming: AddGraphicsStatsService
04-15 16:13:22.777 535 829 E AS.AudioService: error reading spatial audio device settings
04-15 16:13:22.779 535 829 I AS.SpatializerHelper: init effectExpected=false
04-15 16:13:22.787 535 829 I AS.SpatializerHelper: init(): setting state to STATE_NOT_SUPPORTED due to effect not expected
04-15 16:13:22.810 535 829 I AS.SpatializerHelper: setFeatureEnabled(false) was featureEnabled:false
04-15 16:13:22.844 535 535 V SystemServerTiming: AddGraphicsStatsService took to complete: 158ms
04-15 16:13:22.847 535 535 D SystemServerTiming: StartPrintManager
04-15 16:13:22.870 327 334 I ServiceManagerCppClient: Waiting for service 'statscompanion' on '/dev/binder'...
04-15 16:13:22.872 535 535 I SystemServiceManager: Starting com.android.server.print.PrintManagerService
04-15 16:13:22.896 535 535 V SystemServerTiming: StartPrintManager took to complete: 46ms
04-15 16:13:22.943 535 535 D SystemServerTiming: StartAttestationVerificationService
04-15 16:13:22.945 535 535 I SystemServiceManager: Starting com.android.server.security.AttestationVerificationManagerService
04-15 16:13:22.953 535 535 D AVF : Started
04-15 16:13:22.963 535 535 V SystemServerTiming: StartAttestationVerificationService took to complete: 20ms
04-15 16:13:22.963 535 535 D SystemServerTiming: StartCompanionDeviceManager
04-15 16:13:22.969 535 535 I SystemServiceManager: Starting com.android.server.companion.CompanionDeviceManagerService
04-15 16:13:22.989 535 535 I CompanionDevice_PersistentDataStore: Reading associations for user 0 from disk
04-15 16:13:23.018 535 535 I CDM_CompanionTransportManager: Registering OnTransportsChangedListener
04-15 16:13:23.035 535 535 V SystemServerTiming: StartCompanionDeviceManager took to complete: 72ms
04-15 16:13:23.035 535 535 D SystemServerTiming: StartVirtualDeviceManager
04-15 16:13:23.040 535 535 I SystemServiceManager: Starting com.android.server.companion.virtual.VirtualDeviceManagerService
04-15 16:13:23.057 535 535 V SystemServerTiming: StartVirtualDeviceManager took to complete: 22ms
04-15 16:13:23.057 535 535 D SystemServerTiming: StartRestrictionManager
04-15 16:13:23.058 535 535 I SystemServiceManager: Starting com.android.server.restrictions.RestrictionsManagerService
04-15 16:13:23.083 535 535 V SystemServerTiming: StartRestrictionManager took to complete: 25ms
04-15 16:13:23.085 535 535 D SystemServerTiming: StartMediaSessionService
04-15 16:13:23.087 535 535 I SystemServiceManager: Starting com.android.server.media.MediaSessionService
04-15 16:13:23.099 535 547 I system_server: Background young concurrent copying GC freed 126646(5949KB) AllocSpace objects, 8(160KB) LOS objects, 37% free, 10MB/16MB, paused 1.705ms,612us total 644.539ms
04-15 16:13:23.122 535 829 W BroadcastLoopers: Found previously unknown looper Thread[AudioService,5,main]
04-15 16:13:23.133 535 535 V SystemServerTiming: StartMediaSessionService took to complete: 47ms
04-15 16:13:23.134 535 535 D SystemServerTiming: StartMediaResourceMonitor
04-15 16:13:23.135 535 535 I SystemServiceManager: Starting com.android.server.media.MediaResourceMonitorService
04-15 16:13:23.141 535 535 V SystemServerTiming: StartMediaResourceMonitor took to complete: 7ms
04-15 16:13:23.142 535 535 D SystemServerTiming: StartMediaRouterService
04-15 16:13:23.151 535 535 V HistoricalRegistry: Interaction before persistence initialized
04-15 16:13:23.166 535 535 V SystemServerTiming: StartMediaRouterService took to complete: 24ms
04-15 16:13:23.166 535 535 D SystemServerTiming: StartFaceSensor
04-15 16:13:23.167 535 535 I SystemServiceManager: Starting com.android.server.biometrics.sensors.face.FaceService
04-15 16:13:23.183 535 535 V SystemServerTiming: StartFaceSensor took to complete: 16ms
04-15 16:13:23.183 535 535 D SystemServerTiming: StartFingerprintSensor
04-15 16:13:23.189 535 535 I SystemServiceManager: Starting com.android.server.biometrics.sensors.fingerprint.FingerprintService
04-15 16:13:23.206 535 535 V SystemServerTiming: StartFingerprintSensor took to complete: 23ms
04-15 16:13:23.206 535 535 D SystemServerTiming: StartBiometricService
04-15 16:13:23.207 535 535 I SystemServiceManager: Starting com.android.server.biometrics.BiometricService
04-15 16:13:23.218 535 535 V SystemServerTiming: StartBiometricService took to complete: 12ms
04-15 16:13:23.218 535 535 D SystemServerTiming: StartAuthService
04-15 16:13:23.219 535 535 I SystemServiceManager: Starting com.android.server.biometrics.AuthService
04-15 16:13:23.251 0 0 I servicemanager: Found android.hardware.biometrics.fingerprint.IFingerprint/default in device VINTF manifest.
04-15 16:13:23.252 0 0 I servicemanager: Since 'android.hardware.biometrics.fingerprint.IFingerprint/default' could not be found, trying to start it as a lazy AIDL service. (if it's not configured to be a lazy service, it may be stuck starting or still starting).
04-15 16:13:23.266 0 0 I servicemanager: Found android.hardware.biometrics.face.IFace/default in device VINTF manifest.
04-15 16:13:23.293 0 0 I init : starting service 'vendor.biometrics.fingerprint-service.ranchu'...
04-15 16:13:23.343 535 535 W SystemServiceManager: Service com.android.server.biometrics.AuthService took 124 ms in onStart
04-15 16:13:23.343 535 535 V SystemServerTiming: StartAuthService took to complete: 125ms
04-15 16:13:23.343 535 535 D SystemServerTiming: StartDynamicCodeLoggingService
04-15 16:13:23.392 0 0 I init : ... started service 'vendor.biometrics.fingerprint-service.ranchu' has pid 855
04-15 16:13:23.401 0 0 I init : Control message: Processed ctl.interface_start for 'aidl/android.hardware.biometrics.fingerprint.IFingerprint/default' from pid: 131 (/system/bin/servicemanager)
04-15 16:13:23.420 535 535 V SystemServerTiming: StartDynamicCodeLoggingService took to complete: 77ms
04-15 16:13:23.421 535 535 D SystemServerTiming: StartPruneInstantAppsJobService
04-15 16:13:23.432 535 535 V SystemServerTiming: StartPruneInstantAppsJobService took to complete: 10ms
04-15 16:13:23.433 535 535 D SystemServerTiming: StartShortcutServiceLifecycle
