04-15 17:03:17.108 339 339 I GCH_CameraProvider: CreateHwl:Loading libgooglecamerahwl_impl.so library
04-15 17:03:17.694 360 360 I RanchuHwc: RanchuHWC (HWComposer3/HWC3) starting up...
04-15 17:03:17.747 0 0 I servicemanager: Found android.hardware.graphics.composer3.IComposer/default in device VINTF manifest.
04-15 17:03:17.902 0 0 I servicemanager: Found android.hardware.camera.provider.ICameraProvider/internal/1 in device VINTF manifest.
04-15 17:03:18.103 393 393 I gsid : no DSU: No such file or directory
04-15 17:03:18.110 385 385 I credstore: Registered binder service
04-15 17:03:18.154 0 0 I init : Service 'exec 15 (/system/bin/gsid run-startup-tasks)' (pid 393) exited with status 0 oneshot service took 1.967000 seconds in background
04-15 17:03:18.155 0 0 I init : Sending signal 9 to service 'exec 15 (/system/bin/gsid run-startup-tasks)' (pid 393) process group...
04-15 17:03:18.155 0 0 I libprocessgroup: Successfully killed process cgroup uid 0 pid 393 in 0ms
04-15 17:03:18.179 0 0 I init : Service 'boringssl_self_test_apex64' (pid 395) exited with status 0 waiting took 1.667000 seconds
04-15 17:03:18.179 0 0 I init : Sending signal 9 to service 'boringssl_self_test_apex64' (pid 395) process group...
04-15 17:03:18.180 0 0 I libprocessgroup: Successfully killed process cgroup uid 9999 pid 395 in 0ms
04-15 17:03:18.186 0 0 I init : processing action (bootreceiver.enable=1 && ro.product.cpu.abilist64=*) from (/system/etc/init/hw/init.rc:668)
04-15 17:03:18.362 339 339 I EmulatedCameraProviderHwlImpl: Create: Created EmulatedCameraProviderHwlImpl
04-15 17:03:18.362 339 339 E GCH_CameraProvider: Initialize: HWL doesn't support vendor buffer allocation Function not implemented(-38)
04-15 17:03:19.187 0 0 I servicemanager: Found android.hardware.camera.provider.ICameraProvider/internal/0 in device VINTF manifest.
04-15 17:03:19.192 0 0 I init : Command 'mkdir /sys/kernel/tracing/instances/bootreceiver 0700 system system' action=bootreceiver.enable=1 && ro.product.cpu.abilist64=* (/system/etc/init/hw/init.rc:672) took 1004ms and succeeded
04-15 17:03:19.344 0 0 I init : Command 'write /sys/kernel/tracing/instances/bootreceiver/events/error_report/error_report_end/enable 1' action=bootreceiver.enable=1 && ro.product.cpu.abilist64=* (/system/etc/init/hw/init.rc:676) took 124ms and succeeded
04-15 17:03:19.345 0 0 I init : processing action (net.tcp_def_init_rwnd=*) from (/system/etc/init/hw/init.rc:1242)
04-15 17:03:19.345 0 0 I init : processing action (security.perf_harden=1) from (/system/etc/init/hw/init.rc:1267)
04-15 17:03:19.371 0 0 I init : processing action (ro.debuggable=1) from (/system/etc/init/hw/init.rc:1304)
04-15 17:03:19.372 0 0 I init : processing action (sys.usb.config=adb && sys.usb.configfs=0) from (/system/etc/init/hw/init.usb.rc:40)
04-15 17:03:19.373 0 0 I init : Command 'write /sys/class/android_usb/android0/enable 0' action=sys.usb.config=adb && sys.usb.configfs=0 (/system/etc/init/hw/init.usb.rc:41) took 0ms and failed: Unable to write to file '/sys/class/android_usb/android0/enable': open() failed: Permission denied
04-15 17:03:19.373 0 0 I init : Command 'write /sys/class/android_usb/android0/idVendor 18d1' action=sys.usb.config=adb && sys.usb.configfs=0 (/system/etc/init/hw/init.usb.rc:42) took 0ms and failed: Unable to write to file '/sys/class/android_usb/android0/idVendor': open() failed: Permission denied
04-15 17:03:19.382 0 0 I init : Command 'write /sys/class/android_usb/android0/idProduct 4EE7' action=sys.usb.config=adb && sys.usb.configfs=0 (/system/etc/init/hw/init.usb.rc:43) took 8ms and failed: Unable to write to file '/sys/class/android_usb/android0/idProduct': open() failed: Permission denied
04-15 17:03:19.383 0 0 I init : Command 'write /sys/class/android_usb/android0/functions ${sys.usb.config}' action=sys.usb.config=adb && sys.usb.configfs=0 (/system/etc/init/hw/init.usb.rc:44) took 0ms and failed: Unable to write to file '/sys/class/android_usb/android0/functions': open() failed: Permission denied
04-15 17:03:19.383 0 0 I init : Command 'write /sys/class/android_usb/android0/enable 1' action=sys.usb.config=adb && sys.usb.configfs=0 (/system/etc/init/hw/init.usb.rc:45) took 0ms and failed: Unable to write to file '/sys/class/android_usb/android0/enable': open() failed: Permission denied
04-15 17:03:19.416 0 0 I init : starting service 'adbd'...
04-15 17:03:19.418 0 0 I init : Created socket '/dev/socket/adbd', mode 660, user 1000, group 1000
04-15 17:03:19.483 379 379 I FastMixerState: sMaxFastTracks = 8
04-15 17:03:19.561 0 0 I init : ... started service 'adbd' has pid 410
04-15 17:03:19.561 0 0 I init : Command 'start adbd' action=sys.usb.config=adb && sys.usb.configfs=0 (/system/etc/init/hw/init.usb.rc:46) took 178ms and succeeded
04-15 17:03:19.593 0 0 I init : processing action (vendor.qemu.timezone=*) from (/vendor/etc/init/hw/init.ranchu.rc:104)
04-15 17:03:19.643 0 0 I init : processing action (vendor.qemu.vport.bluetooth=*) from (/vendor/etc/init/hw/init.ranchu.rc:180)
04-15 17:03:19.645 0 0 I init : processing action (init.svc.audioserver=running) from (/system/etc/init/audioserver.rc:35)
04-15 17:03:19.645 0 0 I init : service 'vendor.audio-hal' requested start, but it is already running (flags: 4)
04-15 17:03:19.645 0 0 I init : Command 'start vendor.audio-hal-aidl' action=init.svc.audioserver=running (/system/etc/init/audioserver.rc:37) took 0ms and failed: service vendor.audio-hal-aidl not found
04-15 17:03:19.646 0 0 I init : Command 'start vendor.audio-effect-hal-aidl' action=init.svc.audioserver=running (/system/etc/init/audioserver.rc:38) took 0ms and failed: service vendor.audio-effect-hal-aidl not found
04-15 17:03:19.646 0 0 I init : Command 'start vendor.audio-hal-4-0-msd' action=init.svc.audioserver=running (/system/etc/init/audioserver.rc:39) took 0ms and failed: service vendor.audio-hal-4-0-msd not found
04-15 17:03:19.678 0 0 I init : Command 'start audio_proxy_service' action=init.svc.audioserver=running (/system/etc/init/audioserver.rc:40) took 0ms and failed: service audio_proxy_service not found
04-15 17:03:19.678 0 0 I init : processing action (ro.persistent_properties.ready=true) from (/system/etc/init/bootstat.rc:57)
04-15 17:03:19.680 0 0 I init : processing action (ro.persistent_properties.ready=true) from (/system/etc/init/bootstat.rc:61)
04-15 17:03:19.681 0 0 I init : starting service 'exec 17 (/system/bin/bootstat --set_system_boot_reason)'...
04-15 17:03:19.749 0 0 I init : ... started service 'exec 17 (/system/bin/bootstat --set_system_boot_reason)' has pid 411
04-15 17:03:19.750 0 0 I init : Command 'exec_background - system log -- /system/bin/bootstat --set_system_boot_reason' action=ro.persistent_properties.ready=true (/system/etc/init/bootstat.rc:64) took 69ms and succeeded
04-15 17:03:19.752 0 0 I init : processing action (bootreceiver.enable=1 && ro.product.cpu.abilist64=*) from (/system/etc/init/dmesgd.rc:7)
04-15 17:03:19.755 0 0 I init : Command 'rm /data/misc/dmesgd/sent_reports.txt' action=bootreceiver.enable=1 && ro.product.cpu.abilist64=* (/system/etc/init/dmesgd.rc:9) took 0ms and failed: unlink() failed: No such file or directory
04-15 17:03:19.755 0 0 I init : processing action (persist.heapprofd.enable= && traced.lazy.heapprofd=) from (/system/etc/init/heapprofd.rc:49)
04-15 17:03:19.770 0 0 I init : processing action (ro.debuggable=1) from (/system/etc/init/llkd-debuggable.rc:1)
04-15 17:03:19.779 0 0 I init : processing action (ro.debuggable=*) from (/system/etc/init/llkd.rc:2)
04-15 17:03:19.780 0 0 I init : processing action (debug.atrace.user_initiated= && persist.traced.enable=1) from (/system/etc/init/perfetto.rc:47)
04-15 17:03:19.781 0 0 I init : starting service 'traced_probes'...
04-15 17:03:19.779 379 379 D audioserver: main: starting
04-15 17:03:19.780 379 379 V MediaUtils: physMem: 2070044672
04-15 17:03:19.780 379 379 V MediaUtils: requested limit: 414008920
04-15 17:03:19.781 379 379 I libc : malloc_limit: Allocation limit enabled, max size 414008920 bytes
04-15 17:03:19.832 379 379 W BatteryNotifier: batterystats service unavailable!
04-15 17:03:19.911 133 133 I hwservicemanager: getTransport: Cannot find entry android.hardware.audio.effect@7.1::IEffectsFactory/default in either framework or device VINTF manifest.
04-15 17:03:20.037 0 0 I init : ... started service 'traced_probes' has pid 415
04-15 17:03:20.037 0 0 I init : Command 'start traced_probes' action=debug.atrace.user_initiated= && persist.traced.enable=1 (/system/etc/init/perfetto.rc:48) took 256ms and succeeded
04-15 17:03:20.038 0 0 I init : processing action (persist.traced.enable=1) from (/system/etc/init/perfetto.rc:50)
04-15 17:03:20.147 0 0 I init : Command 'mkdir /data/misc/perfetto-configs 0775 root shell' action=persist.traced.enable=1 (/system/etc/init/perfetto.rc:63) took 61ms and succeeded
04-15 17:03:20.148 0 0 I init : starting service 'traced'...
04-15 17:03:20.149 0 0 I init : Created socket '/dev/socket/traced_consumer', mode 666, user 0, group 0
04-15 17:03:20.164 0 0 I init : Created socket '/dev/socket/traced_producer', mode 666, user 0, group 0
04-15 17:03:20.289 0 0 I init : ... started service 'traced' has pid 416
04-15 17:03:20.289 0 0 I init : Command 'start traced' action=persist.traced.enable=1 (/system/etc/init/perfetto.rc:65) took 142ms and succeeded
04-15 17:03:20.290 0 0 I init : service 'traced_probes' requested start, but it is already running (flags: 132)
04-15 17:03:20.347 133 133 I hwservicemanager: getTransport: Cannot find entry android.hardware.configstore@1.0::ISurfaceFlingerConfigs/default in either framework or device VINTF manifest.
04-15 17:03:20.364 0 0 I init : Command 'start traced_probes' action=persist.traced.enable=1 (/system/etc/init/perfetto.rc:66) took 74ms and succeeded
04-15 17:03:20.365 0 0 I init : processing action (ro.persistent_properties.ready=true) from (/system/etc/init/perfetto.rc:116)
04-15 17:03:20.365 0 0 I init : processing action (persist.traced_perf.enable= && sys.init.perf_lsm_hooks=1 && traced.lazy.traced_perf=) from (/system/etc/init/traced_perf.rc:43)
04-15 17:03:20.372 0 0 I init : processing action (init.svc.qemu-adb-keys=stopped) from (/system_ext/etc/init/init.system_ext.rc:1)
04-15 17:03:20.373 0 0 I init : starting service 'qemu-adb-setup'...
04-15 17:03:20.495 0 0 I init : ... started service 'qemu-adb-setup' has pid 418
04-15 17:03:20.495 0 0 I init : Command 'start qemu-adb-setup' action=init.svc.qemu-adb-keys=stopped (/system_ext/etc/init/init.system_ext.rc:2) took 123ms and succeeded
04-15 17:03:20.496 0 0 I init : processing action (nonencrypted) from (/system/etc/init/hw/init.rc:1214)
04-15 17:03:20.497 0 0 I init : starting service 'goldfish-logcat'...
04-15 17:03:20.795 0 0 I init : ... started service 'goldfish-logcat' has pid 420
04-15 17:03:20.796 0 0 I init : starting service 'bt_vhci_forwarder'...
04-15 17:03:20.812 392 392 I SurfaceFlinger: Using HWComposer service: default
04-15 17:03:20.815 392 392 I SurfaceFlinger: SurfaceFlinger is starting
04-15 17:03:20.823 392 392 I SurfaceFlinger: Enabling backpressure for GPU composition
04-15 17:03:21.034 0 0 I init : ... started service 'bt_vhci_forwarder' has pid 421
04-15 17:03:21.034 0 0 I init : service 'zygote' requested start, but it is already running (flags: 4)
04-15 17:03:21.035 0 0 I init : starting service 'cameraserver'...
04-15 17:03:21.153 0 0 W qemu-adb-setup: /data/misc/adb/adb_keys exists. Skipping qemu adb setup
04-15 17:03:21.264 415 415 I perfetto: probes.cc:104 Starting /system/bin/traced_probes service
04-15 17:03:21.278 411 411 I bootstat: Service started: /system/bin/bootstat --set_system_boot_reason
04-15 17:03:21.294 410 410 I adbd : persist.adb.watchdog set to ''
04-15 17:03:21.296 410 410 I adbd : persist.sys.test_harness set to ''
04-15 17:03:21.297 410 410 I adbd : adb watchdog timeout set to 600 seconds
04-15 17:03:21.313 410 427 I adbd : Waiting for persist.adb.tls_server.enable=1
04-15 17:03:21.317 410 410 I adbd : Setup mdns on port= 5555
04-15 17:03:21.330 416 416 W perfetto: service.cc:248 Started traced, listening on /dev/socket/traced_producer /dev/socket/traced_consumer
04-15 17:03:21.337 331 331 D AndroidRuntime: >>>>>> START com.android.internal.os.ZygoteInit uid 0 <<<<<<
04-15 17:03:21.351 411 411 I bootstat: Canonical boot reason: reboot
04-15 17:03:21.369 410 410 I adbd : adbd listening on tcp:5555
04-15 17:03:21.370 410 410 I adbd : adbd listening on vsock:5555
04-15 17:03:21.370 410 410 I adbd : adbd started
04-15 17:03:21.389 0 0 I init : ... started service 'cameraserver' has pid 423
04-15 17:03:21.390 0 0 I init : starting service 'idmap2d'...
04-15 17:03:21.384 411 411 I bootstat: Canonical boot reason: reboot
04-15 17:03:21.412 415 429 I perfetto: _activity_trigger.cc:71 mm_events ftrace instance not found. Triggering of traces on memory pressure will not be available on this device.
04-15 17:03:21.441 415 415 I perfetto: probes_producer.cc:341 Connected to the service
04-15 17:03:21.475 0 0 I logd : logdr: UID=1036 GID=0 PID=420 b tail=0 logMask=99 pid=0 start=0ns deadline=0ns
04-15 17:03:21.511 411 411 E bootstat: Failed to read /metadata/bootstat/persist.sys.boot.reason: No such file or directory
04-15 17:03:21.580 0 0 I init : ... started service 'idmap2d' has pid 434
04-15 17:03:21.581 0 0 I init : starting service 'incidentd'...
04-15 17:03:21.511 411 411 I bootstat: Value of persist.sys.boot.reason :
04-15 17:03:21.511 411 411 I bootstat: Normalized last reboot reason : reboot
04-15 17:03:21.517 392 392 I SurfaceFlinger: SurfaceFlinger's main thread ready to run. Initializing graphics H/W...
04-15 17:03:21.517 392 392 E SurfaceFlinger: Unrecognized RenderEngineType ; ignoring!
04-15 17:03:21.518 392 392 D RenderEngine: Threaded RenderEngine with SkiaGL Backend
04-15 17:03:21.572 411 411 E bootstat: Failed to unlink /metadata/bootstat/persist.sys.boot.reason: No such file or directory
04-15 17:03:21.616 410 440 I adbd : host-16: read thread spawning
04-15 17:03:21.641 410 443 I adbd : host-19: write thread spawning
04-15 17:03:21.642 410 442 I adbd : host-19: read thread spawning
04-15 17:03:21.643 410 410 I adbd : host-19: already offline
04-15 17:03:21.649 410 410 I adbd : authentication not required
04-15 17:03:21.651 410 441 I adbd : host-16: write thread spawning
04-15 17:03:21.759 392 437 D libEGL : loaded /vendor/lib64/egl/libEGL_emulation.so
04-15 17:03:21.773 392 437 D libEGL : loaded /vendor/lib64/egl/libGLESv1_CM_emulation.so
04-15 17:03:21.812 392 437 D libEGL : loaded /vendor/lib64/egl/libGLESv2_emulation.so
04-15 17:03:21.897 421 421 E bt_vhci_forwarder: setTerminalRaw failed /dev/bluetooth0: Inappropriate ioctl for device
04-15 17:03:21.877 0 0 I init : ... started service 'incidentd' has pid 439
04-15 17:03:21.891 0 0 I init : starting service 'installd'...
04-15 17:03:21.965 133 133 I hwservicemanager: getTransport: Cannot find entry android.hardware.audio.effect@7.1::IEffectsFactory/default in either framework or device VINTF manifest.
04-15 17:03:21.999 0 0 I init : ... started service 'installd' has pid 444
04-15 17:03:22.000 0 0 I init : starting service 'mediaextractor'...
04-15 17:03:22.056 392 437 I RenderEngine: EGL information:
04-15 17:03:22.056 392 437 I RenderEngine: vendor : Android
04-15 17:03:22.057 392 437 I RenderEngine: version : 1.4 Android META-EGL
04-15 17:03:22.057 392 437 I RenderEngine: extensions: EGL_ANDROID_front_buffer_auto_refresh EGL_ANDROID_get_native_client_buffer EGL_ANDROID_presentation_time EGL_EXT_surface_CTA861_3_metadata EGL_EXT_surface_SMPTE2086_metadata EGL_KHR_get_all_proc_addresses EGL_KHR_swap_buffers_with_damage EGL_ANDROID_get_frame_timestamps EGL_ANDROID_image_native_buffer EGL_ANDROID_native_fence_sync EGL_ANDROID_recordable EGL_KHR_create_context EGL_KHR_fence_sync EGL_KHR_gl_texture_2D_image EGL_KHR_image EGL_KHR_image_base
04-15 17:03:22.057 392 437 I RenderEngine: Client API: OpenGL_ES
04-15 17:03:22.057 392 437 I RenderEngine: EGLSurface: 8-8-8-8, config=0x5
04-15 17:03:22.083 392 437 D RenderEngine: Background Blurs Enabled
04-15 17:03:22.107 434 434 I idmap2d : Starting
04-15 17:03:22.250 379 379 I ServiceManagerCppClient: Waiting for service 'media.metrics' on '/dev/binder'...
04-15 17:03:22.296 392 437 I RenderEngine: OpenGL ES informations:
04-15 17:03:22.296 392 437 I RenderEngine: vendor : Google (Google Inc.)
04-15 17:03:22.296 392 437 I RenderEngine: renderer : Android Emulator OpenGL ES Translator (Google SwiftShader)
04-15 17:03:22.296 392 437 I RenderEngine: version : OpenGL ES 3.0 (OpenGL ES 3.0 SwiftShader 4.0.0.1)
04-15 17:03:22.297 392 437 I RenderEngine: extensions: GL_EXT_debug_marker GL_EXT_robustness GL_OES_EGL_sync GL_OES_EGL_image GL_OES_EGL_image_external GL_OES_depth24 GL_OES_depth32 GL_OES_element_index_uint GL_OES_texture_float GL_OES_texture_float_linear GL_OES_compressed_paletted_texture GL_OES_compressed_ETC1_RGB8_texture GL_OES_depth_texture GL_OES_texture_half_float GL_OES_texture_half_float_linear GL_OES_packed_depth_stencil GL_OES_vertex_half_float GL_OES_standard_derivatives GL_OES_texture_npot GL_OES_rgb8_rgba8 GL_EXT_color_buffer_float GL_EXT_color_buffer_half_float GL_EXT_texture_format_BGRA8888 GL_APPLE_texture_format_BGRA8888 ANDROID_EMU_CHECKSUM_HELPER_v1 ANDROID_EMU_native_sync_v2 ANDROID_EMU_dma_v1 ANDROID_EMU_direct_mem ANDROID_EMU_host_composition_v1 ANDROID_EMU_host_composition_v2 ANDROID_EMU_vulkan ANDROID_EMU_deferred_vulkan_commands ANDROID_EMU_vulkan_null_optional_strings ANDROID_EMU_vulkan_create_resources_with_requirements ANDROID_EMU_YUV_Cache ANDROID_EMU_vulkan_ignored_handles ANDROID_EMU_has_shared_slots_host_memory_alloc
04-15 17:03:22.297 392 437 I RenderEngine: GL_MAX_TEXTURE_SIZE = 8192
04-15 17:03:22.297 392 437 I RenderEngine: GL_MAX_VIEWPORT_DIMS = 8192
04-15 17:03:22.325 0 0 I init : ... started service 'mediaextractor' has pid 447
04-15 17:03:22.326 0 0 I init : starting service 'mediametrics'...
04-15 17:03:22.412 0 0 I servicemanager: Found android.hardware.graphics.composer3.IComposer/default in device VINTF manifest.
04-15 17:03:22.429 0 0 I init : ... started service 'mediametrics' has pid 452
04-15 17:03:22.434 133 133 I hwservicemanager: getTransport: Cannot find entry android.hardware.graphics.mapper@4.0::IMapper/default in either framework or device VINTF manifest.
04-15 17:03:22.437 360 401 I ComposerResources: failed to get mapper 4.0 service, falling back to mapper 3.0
04-15 17:03:22.486 0 0 I init : starting service 'media'...
04-15 17:03:22.546 331 331 I AndroidRuntime: Using default boot image
04-15 17:03:22.567 331 331 I AndroidRuntime: Leaving lock profiling enabled
04-15 17:03:22.723 0 0 I init : ... started service 'media' has pid 453
04-15 17:03:22.725 0 0 I init : service 'netd' requested start, but it is already running (flags: 4)
04-15 17:03:22.733 0 0 I init : starting service 'storaged'...
04-15 17:03:22.733 0 0 I init : Could not open file '/d/mmc0/mmc0:0001/ext_csd': Failed to open file '/d/mmc0/mmc0:0001/ext_csd': No such file or directory
04-15 17:03:22.765 421 421 I bt_vhci_forwarder: ignore 0xff packet
04-15 17:03:22.931 360 401 E RanchuHwc: loadPersistentKeyValues: persistent key-value store path not available.
04-15 17:03:22.936 360 401 E RanchuHwc: getPersistentKeyValue: failed to load pmem json
04-15 17:03:22.936 360 401 E RanchuHwc: getBootConfigId: display:0 failed to get persistent boot config
04-15 17:03:22.937 360 401 D RanchuHwc: init display:0 with config: id: 0 w:1080 h:2400 dpi-x:420 dpi-y:420 vsync:60.000002 config-group:0
04-15 17:03:22.938 360 401 E RanchuHwc: start: failed to set Vsync thread name: Math result not representable
04-15 17:03:22.938 360 401 E RanchuHwc: start: failed to set Vsync thread priority: Invalid argument
04-15 17:03:22.965 0 0 I servicemanager: Could not find android.hardware.graphics.allocator.IAllocator/default in the VINTF manifest.
04-15 17:03:22.967 360 455 I RanchuHwc: Vsync thread for display:0 starting
04-15 17:03:22.978 133 133 I hwservicemanager: getTransport: Cannot find entry android.hardware.graphics.mapper@4.0::IMapper/default in either framework or device VINTF manifest.
04-15 17:03:22.985 360 401 I Gralloc4: mapper 4.x is not supported
04-15 17:03:23.046 331 331 I zygote64: option[0]=-Xzygote
04-15 17:03:23.047 331 331 I zygote64: option[1]=exit
04-15 17:03:23.048 331 331 I zygote64: option[2]=vfprintf
04-15 17:03:23.049 331 331 I zygote64: option[3]=sensitiveThread
04-15 17:03:23.049 331 331 I zygote64: option[4]=-verbose:gc
04-15 17:03:23.050 331 331 I zygote64: option[5]=-XX:PerfettoHprof=true
04-15 17:03:23.050 331 331 I zygote64: option[6]=-XX:PerfettoJavaHeapStackProf=true
04-15 17:03:23.051 331 331 I zygote64: option[7]=-Xprimaryzygote
04-15 17:03:23.051 331 331 I zygote64: option[8]=-Xms8m
04-15 17:03:23.056 331 331 I zygote64: option[9]=-Xmx512m
04-15 17:03:23.056 331 331 I zygote64: option[10]=-XX:HeapGrowthLimit=192m
04-15 17:03:23.057 331 331 I zygote64: option[11]=-XX:HeapMinFree=512k
04-15 17:03:23.057 331 331 I zygote64: option[12]=-XX:HeapMaxFree=8m
04-15 17:03:23.058 331 331 I zygote64: option[13]=-XX:HeapTargetUtilization=0.75
04-15 17:03:23.058 331 331 I zygote64: option[14]=-Xusejit:true
04-15 17:03:23.058 331 331 I zygote64: option[15]=-Xjitsaveprofilinginfo
04-15 17:03:23.059 331 331 I zygote64: option[16]=-XMadviseWillNeedVdexFileSize:104857600
04-15 17:03:23.059 331 331 I zygote64: option[17]=-XMadviseWillNeedOdexFileSize:104857600
04-15 17:03:23.064 331 331 I zygote64: option[18]=-XMadviseWillNeedArtFileSize:4294967295
04-15 17:03:23.064 331 331 I zygote64: option[19]=-XjdwpOptions:suspend=n,server=y
04-15 17:03:23.064 331 331 I zygote64: option[20]=-XjdwpProvider:default
04-15 17:03:23.064 331 331 I zygote64: option[21]=-Xopaque-jni-ids:swapable
04-15 17:03:23.064 331 331 I zygote64: option[22]=-Xlockprofthreshold:500
04-15 17:03:23.064 331 331 I zygote64: option[23]=-Xcompiler-option
04-15 17:03:23.064 331 331 I zygote64: option[24]=--instruction-set-variant=x86_64
04-15 17:03:23.065 331 331 I zygote64: option[25]=-Xcompiler-option
04-15 17:03:23.065 331 331 I zygote64: option[26]=--instruction-set-features=default
04-15 17:03:23.065 331 331 I zygote64: option[27]=-Xcompiler-option
04-15 17:03:23.065 331 331 I zygote64: option[28]=--generate-mini-debug-info
04-15 17:03:23.065 331 331 I zygote64: option[29]=-Ximage-compiler-option
04-15 17:03:23.065 331 331 I zygote64: option[30]=--runtime-arg
04-15 17:03:23.065 331 331 I zygote64: option[31]=-Ximage-compiler-option
04-15 17:03:23.065 331 331 I zygote64: option[32]=-Xms64m
04-15 17:03:23.065 331 331 I zygote64: option[33]=-Ximage-compiler-option
04-15 17:03:23.065 331 331 I zygote64: option[34]=--runtime-arg
04-15 17:03:23.065 331 331 I zygote64: option[35]=-Ximage-compiler-option
04-15 17:03:23.065 331 331 I zygote64: option[36]=-Xmx64m
04-15 17:03:23.066 331 331 I zygote64: option[37]=-Ximage-compiler-option
04-15 17:03:23.066 331 331 I zygote64: option[38]=--dirty-image-objects=/system/etc/dirty-image-objects
04-15 17:03:23.066 331 331 I zygote64: option[39]=-Ximage-compiler-option
04-15 17:03:23.066 331 331 I zygote64: option[40]=--instruction-set-variant=x86_64
04-15 17:03:23.066 331 331 I zygote64: option[41]=-Ximage-compiler-option
04-15 17:03:23.066 331 331 I zygote64: option[42]=--instruction-set-features=default
04-15 17:03:23.066 331 331 I zygote64: option[43]=-Ximage-compiler-option
04-15 17:03:23.066 331 331 I zygote64: option[44]=--generate-mini-debug-info
04-15 17:03:23.066 331 331 I zygote64: option[45]=-Duser.locale=en-US
04-15 17:03:23.066 331 331 I zygote64: option[46]=--cpu-abilist=x86_64
04-15 17:03:23.066 331 331 I zygote64: option[47]=-Xcore-platform-api-policy:just-warn
04-15 17:03:23.066 331 331 I zygote64: option[48]=-Xfingerprint:Android/sdk_phone64_x86_64/emu64x:14/UE1A.230829.036.A1/11228894:userdebug/test-keys
04-15 17:03:23.153 0 0 I init : ... started service 'storaged' has pid 454
04-15 17:03:23.197 0 0 I init : starting service 'wificond'...
04-15 17:03:23.244 331 331 I zygote64: Core platform API reporting enabled, enforcing=false
04-15 17:03:23.250 331 331 I zygote64: Using CollectorTypeCC GC.
04-15 17:03:23.281 360 401 E android.hardware.graphics.composer3-service.ranchu: freeBuffer:127 failed with 'Error3::BAD_BUFFER'
04-15 17:03:23.281 360 401 E Gralloc3: freeBuffer(0x0) failed with 2
04-15 17:03:23.285 360 401 E android.hardware.graphics.composer3-service.ranchu: freeBuffer:127 failed with 'Error3::BAD_BUFFER'
04-15 17:03:23.285 360 401 E Gralloc3: freeBuffer(0x0) failed with 2
04-15 17:03:23.286 360 401 E android.hardware.graphics.composer3-service.ranchu: freeBuffer:127 failed with 'Error3::BAD_BUFFER'
04-15 17:03:23.286 360 401 E Gralloc3: freeBuffer(0x0) failed with 2
04-15 17:03:23.293 360 401 E android.hardware.graphics.composer3-service.ranchu: freeBuffer:127 failed with 'Error3::BAD_BUFFER'
04-15 17:03:23.293 360 401 E Gralloc3: freeBuffer(0x0) failed with 2
04-15 17:03:23.293 360 401 E android.hardware.graphics.composer3-service.ranchu: freeBuffer:127 failed with 'Error3::BAD_BUFFER'
04-15 17:03:23.293 360 401 E Gralloc3: freeBuffer(0x0) failed with 2
04-15 17:03:23.293 360 401 E android.hardware.graphics.composer3-service.ranchu: freeBuffer:127 failed with 'Error3::BAD_BUFFER'
04-15 17:03:23.293 360 401 E Gralloc3: freeBuffer(0x0) failed with 2
04-15 17:03:23.359 392 392 I HwcComposer: Loaded AIDL composer3 HAL service
04-15 17:03:23.403 0 0 I init : ... started service 'wificond' has pid 458
04-15 17:03:23.404 0 0 I init : starting service 'vendor.ril-daemon'...
04-15 17:03:23.402 392 392 W surfaceflinger: Binder 0x72856ef6f5c8 destroyed after setMinSchedulerPolicy before being parceled.
04-15 17:03:23.402 392 392 W surfaceflinger: Binder 0x72856ef6f5c8 destroyed after setMinSchedulerPolicy before being parceled.
04-15 17:03:23.411 392 392 I HWComposer: Switching to generalized multi-display mode
04-15 17:03:23.534 0 0 I init : ... started service 'vendor.ril-daemon' has pid 459
04-15 17:03:23.533 392 392 I SurfaceFlinger: Connecting display 4619827259835644672 (HAL ID 0)
04-15 17:03:23.555 0 0 I init : starting service 'media.swcodec'...
04-15 17:03:23.732 392 392 E HwcComposer: getPerFrameMetadataKeys failed Status(-8, EX_SERVICE_SPECIFIC): '8: '
04-15 17:03:23.797 0 0 I init : ... started service 'media.swcodec' has pid 460
04-15 17:03:23.797 0 0 I init : service 'statsd' requested start, but it is already running (flags: 4)
04-15 17:03:23.797 0 0 I init : Command 'class_start main' action=nonencrypted (/system/etc/init/hw/init.rc:1215) took 3301ms and succeeded
04-15 17:03:23.820 0 0 I init : Service 'exec 16 (/system/bin/profcollectctl reset)' (pid 394) exited with status 0 oneshot service took 7.535000 seconds in background
04-15 17:03:23.820 0 0 I init : Sending signal 9 to service 'exec 16 (/system/bin/profcollectctl reset)' (pid 394) process group...
04-15 17:03:23.821 0 0 I libprocessgroup: Successfully killed process cgroup uid 0 pid 394 in 1ms
04-15 17:03:23.840 0 0 I init : Service 'exec 17 (/system/bin/bootstat --set_system_boot_reason)' (pid 411) exited with status 0 oneshot service took 4.151000 seconds in background
04-15 17:03:23.840 0 0 I init : Sending signal 9 to service 'exec 17 (/system/bin/bootstat --set_system_boot_reason)' (pid 411) process group...
04-15 17:03:23.840 0 0 I libprocessgroup: Successfully killed process cgroup uid 1000 pid 411 in 0ms
04-15 17:03:23.841 0 0 I init : Service 'qemu-adb-setup' (pid 418) exited with status 0 oneshot service took 3.386000 seconds in background
04-15 17:03:23.841 0 0 I init : Sending signal 9 to service 'qemu-adb-setup' (pid 418) process group...
04-15 17:03:23.841 0 0 I libprocessgroup: Successfully killed process cgroup uid 0 pid 418 in 0ms
04-15 17:03:23.853 0 0 I init : starting service 'mdnsd'...
04-15 17:03:23.872 0 0 I init : Created socket '/dev/socket/mdnsd', mode 660, user 1020, group 3003
04-15 17:03:23.933 0 0 I servicemanager: Could not find android.hardware.graphics.allocator.IAllocator/default in the VINTF manifest.
04-15 17:03:23.963 444 444 I installd: installd firing up
04-15 17:03:23.969 444 444 E cutils : Failed to read /data/misc/installd/layout_version: No such file or directory
04-15 17:03:23.969 444 444 D installd: Assuming that device has multi-user storage layout; upgrade no longer supported
04-15 17:03:24.019 444 444 D installd: Upgrading to /data/misc/user directories
04-15 17:03:24.019 133 133 I hwservicemanager: getTransport: Cannot find entry android.hardware.graphics.mapper@4.0::IMapper/default in either framework or device VINTF manifest.
04-15 17:03:24.096 0 0 I init : ... started service 'mdnsd' has pid 462
04-15 17:03:24.096 0 0 I init : Control message: Processed ctl.start for 'mdnsd' from pid: 410 (/apex/com.android.adbd/bin/adbd --root_seclabel=u:r:su:s0)
04-15 17:03:24.098 0 0 I init : starting service 'gatekeeperd'...
04-15 17:03:24.097 392 392 I Gralloc4: mapper 4.x is not supported
04-15 17:03:24.216 0 0 I init : ... started service 'gatekeeperd' has pid 463
04-15 17:03:24.217 0 0 I init : service 'traced' requested start, but it is already running (flags: 132)
04-15 17:03:24.217 0 0 I init : service 'traced_probes' requested start, but it is already running (flags: 132)
04-15 17:03:24.242 0 0 I init : starting service 'usbd'...
04-15 17:03:24.315 0 0 I init : ... started service 'usbd' has pid 464
04-15 17:03:24.315 0 0 I init : Command 'class_start late_start' action=nonencrypted (/system/etc/init/hw/init.rc:1216) took 218ms and succeeded
04-15 17:03:24.316 0 0 I init : processing action (load_persist_props_action) from (/system/etc/init/flags_health_check.rc:1)
04-15 17:03:24.515 0 0 I init : Encryption policy of /data/server_configurable_flags set to 6e1f08607dfc6344cc21c398d57b65c2 v2 modes 1/4 flags 0x2
04-15 17:03:24.515 0 0 I init : Command 'mkdir /data/server_configurable_flags 0775 system system encryption=Require' action=load_persist_props_action (/system/etc/init/flags_health_check.rc:4) took 198ms and succeeded
04-15 17:03:24.517 0 0 I init : starting service 'exec 18 (/system/bin/flags_health_check BOOT_FAILURE)'...
04-15 17:03:24.923 392 392 I Scheduler: Display 4619827259835644672 is the pacesetter
04-15 17:03:24.978 392 468 W EventThread: Ignoring VSYNC request while display is disconnected
04-15 17:03:25.017 0 0 I init : ... started service 'exec 18 (/system/bin/flags_health_check BOOT_FAILURE)' has pid 466
04-15 17:03:25.017 0 0 I init : SVC_EXEC service 'exec 18 (/system/bin/flags_health_check BOOT_FAILURE)' pid 466 (uid 1000 gid 1000+0 context default) started; waiting...
04-15 17:03:25.018 0 0 I init : Command 'exec - system system -- /system/bin/flags_health_check BOOT_FAILURE' action=load_persist_props_action (/system/etc/init/flags_health_check.rc:5) took 502ms and succeeded
04-15 17:03:25.097 458 458 I wificond: wificond is starting up...
04-15 17:03:25.115 392 468 W EventThread: Ignoring VSYNC request while display is disconnected
04-15 17:03:25.168 392 469 W EventThread: Ignoring VSYNC request while display is disconnected
04-15 17:03:25.220 392 469 W EventThread: Ignoring VSYNC request while display is disconnected
04-15 17:03:25.260 392 392 I Scheduler: Display 4619827259835644672 is the pacesetter
04-15 17:03:25.289 392 472 W SurfaceFlinger: Failed to set thread name on dispatch thread
04-15 17:03:25.330 133 133 I hwservicemanager: getTransport: Cannot find entry android.frameworks.displayservice@1.0::IDisplayService/default in either framework or device VINTF manifest.
04-15 17:03:25.332 392 392 E HidlServiceManagement: Service android.frameworks.displayservice@1.0::IDisplayService/default must be in VINTF manifest in order to register/get.
04-15 17:03:25.332 392 392 E SurfaceFlinger: Did not register (deprecated) IDisplayService service.
04-15 17:03:25.334 392 392 D SurfaceFlinger: Setting power mode 2 on display 4619827259835644672
04-15 17:03:25.351 0 0 I init : starting service 'bootanim'...
04-15 17:03:25.338 392 392 D SurfaceFlinger: Finished setting power mode 2 on display 4619827259835644672
04-15 17:03:25.419 0 0 I servicemanager: Could not find android.hardware.net.nlinterceptor.IInterceptor/default in the VINTF manifest.
04-15 17:03:25.434 0 0 I init : ... started service 'bootanim' has pid 474
04-15 17:03:25.434 0 0 I init : Control message: Processed ctl.start for 'bootanim' from pid: 392 (/system/bin/surfaceflinger)
04-15 17:03:25.459 466 466 I flags_health_check: ServerConfigurableFlagsReset reset_mode value: 0
04-15 17:03:25.484 466 466 I flags_health_check: ServerConfigurableFlagsReset attempted boot count is under threshold, skipping reset.
04-15 17:03:25.574 0 0 I init : Service 'exec 18 (/system/bin/flags_health_check BOOT_FAILURE)' (pid 466) exited with status 0 waiting took 0.941000 seconds
04-15 17:03:25.575 0 0 I init : Sending signal 9 to service 'exec 18 (/system/bin/flags_health_check BOOT_FAILURE)' (pid 466) process group...
04-15 17:03:25.575 0 0 I libprocessgroup: Successfully killed process cgroup uid 1000 pid 466 in 0ms
04-15 17:03:25.576 0 0 I init : processing action (load_persist_props_action) from (/system/etc/init/logcatd.rc:29)
04-15 17:03:25.584 0 0 I init : processing action (llk.enable=0) from (/system/etc/init/llkd.rc:12)
04-15 17:03:25.590 0 0 I init : processing action (khungtask.enable=1) from (/system/etc/init/llkd.rc:18)
04-15 17:03:25.595 0 0 I init : processing action (llk.enable=0) from (/system/etc/init/llkd.rc:12)
04-15 17:03:25.603 0 0 I init : processing action (khungtask.enable=0) from (/system/etc/init/llkd.rc:21)
04-15 17:03:25.616 0 0 I init : processing action (init.svc.media=*) from (/system/etc/init/mediaserver.rc:1)
04-15 17:03:25.679 458 458 I HidlServiceManagement: Registered android.system.wifi.keystore@1.0::IKeystore/default
04-15 17:03:25.708 0 0 I init : processing action (khungtask.enable=true) from (/system/etc/init/llkd.rc:25)
04-15 17:03:25.814 0 0 I init : Command 'write /proc/sys/kernel/hung_task_warnings 65535' action=khungtask.enable=true (/system/etc/init/llkd.rc:27) took 104ms and succeeded
04-15 17:03:25.816 0 0 I init : processing action (khungtask.enable=false) from (/system/etc/init/llkd.rc:31)
04-15 17:03:25.983 464 464 I usbd : persistent prop is adb
04-15 17:03:26.027 0 0 I init : service 'adbd' requested start, but it is already running (flags: 132)
04-15 17:03:26.027 0 0 I init : Control message: Processed ctl.start for 'adbd' from pid: 464 (/system/bin/usbd)
04-15 17:03:26.061 463 463 I gatekeeperd: Starting gatekeeperd...
04-15 17:03:26.100 410 430 I adbd : adbd mDNS service _adb._tcp registered: 1
04-15 17:03:26.159 133 133 I hwservicemanager: getTransport: Cannot find entry android.hardware.usb.gadget@1.0::IUsbGadget/default in either framework or device VINTF manifest.
04-15 17:03:26.162 0 0 I servicemanager: Could not find android.hardware.usb.gadget.IUsbGadget/default in the VINTF manifest.
04-15 17:03:26.172 464 464 I usbd : Usb HAL not found
04-15 17:03:26.211 0 0 I init : Service 'usbd' (pid 464) exited with status 0 oneshot service took 1.965000 seconds in background
04-15 17:03:26.211 0 0 I init : Sending signal 9 to service 'usbd' (pid 464) process group...
04-15 17:03:26.211 0 0 I libprocessgroup: Successfully killed process cgroup uid 0 pid 464 in 0ms
04-15 17:03:26.302 463 463 I ServiceManagerCppClient: Waiting for service 'android.hardware.gatekeeper.IGatekeeper/default' on '/dev/binder'...
04-15 17:03:26.918 447 447 I main_extractorservice: enable media.extractor memory limits
04-15 17:03:26.919 447 447 V MediaUtils: physMem: 2070044672
04-15 17:03:26.919 447 447 V MediaUtils: requested limit: 414008920
04-15 17:03:27.037 447 447 I libc : malloc_limit: Allocation limit enabled, max size 414008920 bytes
04-15 17:03:27.059 452 452 V MediaUtils: physMem: 2070044672
04-15 17:03:27.077 452 452 V MediaUtils: requested limit: 134217728
04-15 17:03:27.079 452 452 I libc : malloc_limit: Allocation limit enabled, max size 134217728 bytes
04-15 17:03:27.099 452 452 D AudioPowerUsage: AudioPowerUsage
04-15 17:03:27.107 452 452 D AudioAnalytics: AudioAnalytics
04-15 17:03:27.112 452 452 D MediaMetricsService: MediaMetricsService
04-15 17:03:27.293 379 379 I ServiceManagerCppClient: Waiting for service 'media.metrics' on '/dev/binder' successful after waiting 5043ms
04-15 17:03:27.309 452 452 I ServiceManagerCppClient: Waiting for service 'package_native' on '/dev/binder'...
04-15 17:03:27.313 379 379 I AudioFlinger: Using default 3000 mSec as standby time.
04-15 17:03:27.322 447 447 W mediaextractor: Could not read additional policy file '/vendor/etc/seccomp_policy/mediaextractor.policy'
04-15 17:03:27.341 379 379 D audioserver: main: AudioFlinger created
04-15 17:03:27.348 447 447 W mediaextractor: libminijail[447]: failed to get path of fd 5: No such file or directory
04-15 17:03:27.348 447 447 W mediaextractor: libminijail[447]: allowing syscall: socket
04-15 17:03:27.349 447 447 W mediaextractor: libminijail[447]: allowing syscall: connect
04-15 17:03:27.349 447 447 W mediaextractor: libminijail[447]: allowing syscall: fcntl
04-15 17:03:27.349 447 447 W mediaextractor: libminijail[447]: allowing syscall: writev
04-15 17:03:27.350 447 447 W mediaextractor: libminijail[447]: compile_file: (48): syscall readlinkat redefined here
04-15 17:03:27.350 447 447 W mediaextractor: libminijail[447]: compile_file: (43): previous definition here
04-15 17:03:27.350 447 447 W mediaextractor: libminijail[447]: compile_file: (54): syscall gettid redefined here
04-15 17:03:27.350 447 447 W mediaextractor: libminijail[447]: compile_file: (51): previous definition here
04-15 17:03:27.368 447 447 W mediaextractor: libminijail[447]: compile_file: /apex/com.android.media/etc/seccomp_policy/crash_dump.x86_64.policy(1): syscall read redefined here
04-15 17:03:27.368 447 447 W mediaextractor: libminijail[447]: compile_file: (19): previous definition here
04-15 17:03:27.368 447 447 W mediaextractor: libminijail[447]: compile_file: /apex/com.android.media/etc/seccomp_policy/crash_dump.x86_64.policy(2): syscall write redefined here
04-15 17:03:27.369 447 447 W mediaextractor: libminijail[447]: compile_file: (6): previous definition here
04-15 17:03:27.369 447 447 W mediaextractor: libminijail[447]: compile_file: /apex/com.android.media/etc/seccomp_policy/crash_dump.x86_64.policy(3): syscall exit redefined here
04-15 17:03:27.369 447 447 W mediaextractor: libminijail[447]: compile_file: (29): previous definition here
04-15 17:03:27.369 447 447 W mediaextractor: libminijail[447]: compile_file: /apex/com.android.media/etc/seccomp_policy/crash_dump.x86_64.policy(4): syscall rt_sigreturn redefined here
04-15 17:03:27.369 447 447 W mediaextractor: libminijail[447]: compile_file: (31): previous definition here
04-15 17:03:27.369 447 447 W mediaextractor: libminijail[447]: compile_file: /apex/com.android.media/etc/seccomp_policy/crash_dump.x86_64.policy(5): syscall exit_group redefined here
04-15 17:03:27.369 447 447 W mediaextractor: libminijail[447]: compile_file: (30): previous definition here
04-15 17:03:27.370 447 447 W mediaextractor: libminijail[447]: compile_file: /apex/com.android.media/etc/seccomp_policy/crash_dump.x86_64.policy(6): syscall clock_gettime redefined here
04-15 17:03:27.370 447 447 W mediaextractor: libminijail[447]: compile_file: (15): previous definition here
04-15 17:03:27.370 447 447 W mediaextractor: libminijail[447]: compile_file: /apex/com.android.media/etc/seccomp_policy/crash_dump.x86_64.policy(8): syscall futex redefined here
04-15 17:03:27.370 447 447 W mediaextractor: libminijail[447]: compile_file: (4): previous definition here
04-15 17:03:27.370 447 447 W mediaextractor: libminijail[447]: compile_file: /apex/com.android.media/etc/seccomp_policy/crash_dump.x86_64.policy(9): syscall getrandom redefined here
04-15 17:03:27.370 447 447 W mediaextractor: libminijail[447]: compile_file: (36): previous definition here
04-15 17:03:27.370 447 447 W mediaextractor: libminijail[447]: compile_file: /apex/com.android.media/etc/seccomp_policy/crash_dump.x86_64.policy(10): syscall getpid redefined here
04-15 17:03:27.370 447 447 W mediaextractor: libminijail[447]: compile_file: (53): previous definition here
04-15 17:03:27.371 447 447 W mediaextractor: libminijail[447]: compile_file: /apex/com.android.media/etc/seccomp_policy/crash_dump.x86_64.policy(11): syscall gettid redefined here
04-15 17:03:27.371 447 447 W mediaextractor: libminijail[447]: compile_file: (51): previous definition here
04-15 17:03:27.371 447 447 W mediaextractor: libminijail[447]: compile_file: /apex/com.android.media/etc/seccomp_policy/crash_dump.x86_64.policy(14): syscall openat redefined here
04-15 17:03:27.371 447 447 W mediaextractor: libminijail[447]: compile_file: (13): previous definition here
04-15 17:03:27.371 447 447 W mediaextractor: libminijail[447]: compile_file: /apex/com.android.media/etc/seccomp_policy/crash_dump.x86_64.policy(15): syscall dup redefined here
04-15 17:03:27.371 447 447 W mediaextractor: libminijail[447]: compile_file: (9): previous definition here
04-15 17:03:27.371 447 447 W mediaextractor: libminijail[447]: compile_file: /apex/com.android.media/etc/seccomp_policy/crash_dump.x86_64.policy(16): syscall close redefined here
04-15 17:03:27.393 0 0 I servicemanager: Found android.hardware.health.IHealth/default in device VINTF manifest.
04-15 17:03:27.417 447 447 W mediaextractor: libminijail[447]: compile_file: (8): previous definition here
04-15 17:03:27.417 447 447 W mediaextractor: libminijail[447]: compile_file: /apex/com.android.media/etc/seccomp_policy/crash_dump.x86_64.policy(17): syscall lseek redefined here
04-15 17:03:27.417 447 447 W mediaextractor: libminijail[447]: compile_file: (20): previous definition here
04-15 17:03:27.417 447 447 W mediaextractor: libminijail[447]: compile_file: /apex/com.android.media/etc/seccomp_policy/crash_dump.x86_64.policy(18): syscall getdents64 redefined here
04-15 17:03:27.417 447 447 W mediaextractor: libminijail[447]: compile_file: (42): previous definition here
04-15 17:03:27.418 447 447 W mediaextractor: libminijail[447]: compile_file: /apex/com.android.media/etc/seccomp_policy/crash_dump.x86_64.policy(19): syscall faccessat redefined here
04-15 17:03:27.418 447 447 W mediaextractor: libminijail[447]: compile_file: (32): previous definition here
04-15 17:03:27.418 447 447 W mediaextractor: libminijail[447]: compile_file: /apex/com.android.media/etc/seccomp_policy/crash_dump.x86_64.policy(28): syscall prctl redefined here
04-15 17:03:27.418 447 447 W mediaextractor: libminijail[447]: compile_file: (5): previous definition here
04-15 17:03:27.419 447 447 W mediaextractor: libminijail[447]: compile_file: /apex/com.android.media/etc/seccomp_policy/crash_dump.x86_64.policy(29): syscall madvise redefined here
04-15 17:03:27.419 447 447 W mediaextractor: libminijail[447]: compile_file: (12): previous definition here
04-15 17:03:27.419 447 447 W mediaextractor: libminijail[447]: compile_file: /apex/com.android.media/etc/seccomp_policy/crash_dump.x86_64.policy(30): syscall mprotect redefined here
04-15 17:03:27.438 447 447 W mediaextractor: libminijail[447]: compile_file: (18): previous definition here
04-15 17:03:27.439 447 447 W mediaextractor: libminijail[447]: compile_file: /apex/com.android.media/etc/seccomp_policy/crash_dump.x86_64.policy(31): syscall munmap redefined here
04-15 17:03:27.439 447 447 W mediaextractor: libminijail[447]: compile_file: (10): previous definition here
04-15 17:03:27.439 447 447 W mediaextractor: libminijail[447]: compile_file: /apex/com.android.media/etc/seccomp_policy/crash_dump.x86_64.policy(32): syscall getuid redefined here
04-15 17:03:27.439 447 447 W mediaextractor: libminijail[447]: compile_file: (22): previous definition here
04-15 17:03:27.439 447 447 W mediaextractor: libminijail[447]: compile_file: /apex/com.android.media/etc/seccomp_policy/crash_dump.x86_64.policy(33): syscall fstat redefined here
04-15 17:03:27.439 447 447 W mediaextractor: libminijail[447]: compile_file: (25): previous definition here
04-15 17:03:27.486 447 447 W mediaextractor: libminijail[447]: compile_file: /apex/com.android.media/etc/seccomp_policy/crash_dump.x86_64.policy(34): syscall mmap redefined here
04-15 17:03:27.486 447 447 W mediaextractor: libminijail[447]: compile_file: (11): previous definition here
04-15 17:03:27.535 447 447 W mediaextractor: libminijail[447]: logging seccomp filter failures
04-15 17:03:27.967 0 0 I servicemanager: Found android.hardware.radio.data.IRadioData/slot1 in device VINTF manifest.
04-15 17:03:28.027 0 0 I servicemanager: Found android.hardware.radio.messaging.IRadioMessaging/slot1 in device VINTF manifest.
04-15 17:03:28.028 0 0 I servicemanager: Found android.hardware.radio.modem.IRadioModem/slot1 in device VINTF manifest.
04-15 17:03:28.030 0 0 I servicemanager: Found android.hardware.radio.network.IRadioNetwork/slot1 in device VINTF manifest.
04-15 17:03:28.058 0 0 I servicemanager: Found android.hardware.radio.sim.IRadioSim/slot1 in device VINTF manifest.
04-15 17:03:28.059 0 0 I servicemanager: Found android.hardware.radio.voice.IRadioVoice/slot1 in device VINTF manifest.
04-15 17:03:28.067 0 0 I servicemanager: Found android.hardware.radio.ims.IRadioIms/slot1 in device VINTF manifest.
04-15 17:03:28.079 0 0 I servicemanager: Found android.hardware.radio.ims.media.IImsMedia/default in device VINTF manifest.
04-15 17:03:28.080 0 0 I servicemanager: Found android.hardware.radio.modem.IRadioModem/slot1 in device VINTF manifest.
04-15 17:03:28.080 0 0 I servicemanager: Service 'android.hardware.radio.modem.IRadioModem/slot1' originally registered from PID 459 but it is being registered again from PID 459. Bad state? Late death notification? Multiple instances installed?
04-15 17:03:28.080 0 0 I BpBinder: onLastStrongRef automatically unlinking death recipients:
04-15 17:03:28.106 0 0 I servicemanager: Found android.hardware.radio.sim.IRadioSim/slot1 in device VINTF manifest.
04-15 17:03:28.106 0 0 I servicemanager: Service 'android.hardware.radio.sim.IRadioSim/slot1' originally registered from PID 459 but it is being registered again from PID 459. Bad state? Late death notification? Multiple instances installed?
04-15 17:03:28.106 0 0 I BpBinder: onLastStrongRef automatically unlinking death recipients:
04-15 17:03:28.111 0 0 I servicemanager: Found android.hardware.radio.config.IRadioConfig/default in device VINTF manifest.
04-15 17:03:28.113 0 0 I servicemanager: Could not find android.hardware.radio.sap.ISap/slot1 in the VINTF manifest.
04-15 17:03:28.385 460 460 I mediaswcodec: media swcodec service starting
04-15 17:03:28.393 460 460 W mediaswcodec: Could not read additional policy file '/vendor/etc/seccomp_policy/mediaswcodec.policy'
04-15 17:03:28.395 460 460 W mediaswcodec: libminijail[460]: failed to get path of fd 5: No such file or directory
04-15 17:03:28.408 460 460 W mediaswcodec: libminijail[460]: allowing syscall: socket
04-15 17:03:28.410 460 460 W mediaswcodec: libminijail[460]: allowing syscall: connect
04-15 17:03:28.411 460 460 W mediaswcodec: libminijail[460]: allowing syscall: fcntl
04-15 17:03:28.411 460 460 W mediaswcodec: libminijail[460]: allowing syscall: writev
04-15 17:03:28.444 460 460 W mediaswcodec: libminijail[460]: compile_file: (20): nonexistent syscall 'getuid32'
04-15 17:03:28.445 460 460 W mediaswcodec: libminijail[460]: compile_file: (26): nonexistent syscall 'mmap2'
04-15 17:03:28.446 454 454 I ServiceManagerCppClient: Waiting for service 'package_native' on '/dev/binder'...
04-15 17:03:28.447 460 460 W mediaswcodec: libminijail[460]: compile_file: (28): nonexistent syscall 'fstat64'
04-15 17:03:28.456 460 460 W mediaswcodec: libminijail[460]: compile_file: (31): nonexistent syscall 'stat64'
04-15 17:03:28.456 460 460 W mediaswcodec: libminijail[460]: compile_file: (32): nonexistent syscall 'statfs64'
04-15 17:03:28.456 460 460 W mediaswcodec: libminijail[460]: compile_file: (34): nonexistent syscall 'fstatat64'
04-15 17:03:28.457 460 460 W mediaswcodec: libminijail[460]: compile_file: (39): nonexistent syscall '_llseek'
04-15 17:03:28.457 460 460 W mediaswcodec: libminijail[460]: compile_file: (48): nonexistent syscall 'ugetrlimit'
04-15 17:03:28.457 460 460 W mediaswcodec: libminijail[460]: compile_file: (51): nonexistent syscall '_llseek'
04-15 17:03:28.458 460 460 W mediaswcodec: libminijail[460]: compile_file: (52): nonexistent syscall 'fstatfs64'
04-15 17:03:28.464 460 460 W mediaswcodec: libminijail[460]: compile_file: (64): nonexistent syscall 'ftruncate64'
04-15 17:03:28.468 460 460 W mediaswcodec: libminijail[460]: compile_file: (70): syscall gettid redefined here
04-15 17:03:28.468 460 460 W mediaswcodec: libminijail[460]: compile_file: (67): previous definition here
04-15 17:03:28.469 460 460 W mediaswcodec: libminijail[460]: compile_file: /apex/com.android.media.swcodec/etc/seccomp_policy/crash_dump.x86_64.policy(1): syscall read redefined here
04-15 17:03:28.470 460 460 W mediaswcodec: libminijail[460]: compile_file: (15): previous definition here
04-15 17:03:28.470 460 460 W mediaswcodec: libminijail[460]: compile_file: /apex/com.android.media.swcodec/etc/seccomp_policy/crash_dump.x86_64.policy(2): syscall write redefined here
04-15 17:03:28.470 460 460 W mediaswcodec: libminijail[460]: compile_file: (58): previous definition here
04-15 17:03:28.470 460 460 W mediaswcodec: libminijail[460]: compile_file: /apex/com.android.media.swcodec/etc/seccomp_policy/crash_dump.x86_64.policy(3): syscall exit redefined here
04-15 17:03:28.470 460 460 W mediaswcodec: libminijail[460]: compile_file: (45): previous definition here
04-15 17:03:28.471 460 460 W mediaswcodec: libminijail[460]: compile_file: /apex/com.android.media.swcodec/etc/seccomp_policy/crash_dump.x86_64.policy(4): syscall rt_sigreturn redefined here
04-15 17:03:28.471 460 460 W mediaswcodec: libminijail[460]: compile_file: (47): previous definition here
