04-15 17:05:12.213 540 540 V SystemServerTiming: StartBootPhaseLockSettingsReady took to complete: 206ms
04-15 17:05:12.216 540 540 D SystemServerTiming: StartBootPhaseSystemServicesReady
04-15 17:05:12.217 540 540 I SystemServiceManager: Starting phase 500
04-15 17:05:12.217 540 540 D SystemServerTiming: OnBootPhase_500
04-15 17:05:12.217 540 540 D SystemServerTiming: OnBootPhase_500_com.android.server.security.FileIntegrityService
04-15 17:05:12.217 540 540 V SystemServerTiming: OnBootPhase_500_com.android.server.security.FileIntegrityService took to complete: 0ms
04-15 17:05:12.217 540 540 D SystemServerTiming: OnBootPhase_500_com.android.server.pm.Installer
04-15 17:05:12.217 540 540 V SystemServerTiming: OnBootPhase_500_com.android.server.pm.Installer took to complete: 0ms
04-15 17:05:12.217 540 540 D SystemServerTiming: OnBootPhase_500_com.android.server.os.DeviceIdentifiersPolicyService
04-15 17:05:12.217 540 540 V SystemServerTiming: OnBootPhase_500_com.android.server.os.DeviceIdentifiersPolicyService took to complete: 0ms
04-15 17:05:12.217 540 540 D SystemServerTiming: OnBootPhase_500_com.android.server.uri.UriGrantsManagerService$Lifecycle
04-15 17:05:12.219 540 540 V SystemServerTiming: OnBootPhase_500_com.android.server.uri.UriGrantsManagerService$Lifecycle took to complete: 1ms
04-15 17:05:12.219 540 540 D SystemServerTiming: OnBootPhase_500_com.android.server.powerstats.PowerStatsService
04-15 17:05:12.242 540 540 V SystemServerTiming: OnBootPhase_500_com.android.server.powerstats.PowerStatsService took to complete: 23ms
04-15 17:05:12.242 540 540 D SystemServerTiming: OnBootPhase_500_com.android.server.permission.access.AccessCheckingService
04-15 17:05:12.242 540 540 V SystemServerTiming: OnBootPhase_500_com.android.server.permission.access.AccessCheckingService took to complete: 1ms
04-15 17:05:12.243 540 540 D SystemServerTiming: OnBootPhase_500_com.android.server.wm.ActivityTaskManagerService$Lifecycle
04-15 17:05:12.243 540 540 V SystemServerTiming: OnBootPhase_500_com.android.server.wm.ActivityTaskManagerService$Lifecycle took to complete: 0ms
04-15 17:05:12.243 540 540 D SystemServerTiming: OnBootPhase_500_com.android.server.am.ActivityManagerService$Lifecycle
04-15 17:05:12.251 540 540 W BatteryStatsImpl: Unexpected per uid modem model name ()
04-15 17:05:12.278 540 540 D ConnectivityService: requestNetwork for uid/pid:1000/540 activeRequest: null callbackRequest: 6 [NetworkRequest [ REQUEST id=7, [ Capabilities: INTERNET&NOT_RESTRICTED&TRUSTED&NOT_VCN_MANAGED Uid: 1000 RequestorUid: 1000 RequestorPkg: android UnderlyingNetworks: Null] ]] callback flags: 0 order: 2147483647
04-15 17:05:12.284 540 820 D ConnectivityService: NetReassign [no changes] [c 0] [a 0] [i 0]
04-15 17:05:12.293 540 540 V SystemServerTiming: OnBootPhase_500_com.android.server.am.ActivityManagerService$Lifecycle took to complete: 50ms
04-15 17:05:12.293 540 540 D SystemServerTiming: OnBootPhase_500_com.android.server.pm.DataLoaderManagerService
04-15 17:05:12.293 540 540 V SystemServerTiming: OnBootPhase_500_com.android.server.pm.DataLoaderManagerService took to complete: 0ms
04-15 17:05:12.293 540 540 D SystemServerTiming: OnBootPhase_500_com.android.server.power.PowerManagerService
04-15 17:05:12.300 540 540 I AttentionDetector: readValuesFromDeviceConfig():
04-15 17:05:12.300 540 540 I AttentionDetector: mMaximumExtensionMillis=900000
04-15 17:05:12.300 540 540 I AttentionDetector: mPreDimCheckDurationMillis=2000
04-15 17:05:12.300 540 540 I AttentionDetector: mRequestedPostDimTimeoutMillis=0
04-15 17:05:12.323 540 540 W BrightnessThrottler: DeviceConfig ThermalBrightnessThrottlingData is null
04-15 17:05:12.329 540 540 E DisplayPowerController2[0]: failed to set up display white-balance: java.lang.IllegalStateException: cannot find sensor com.google.sensor.color
04-15 17:05:12.330 540 540 W DisplayPowerController2[0]: Screen brightness nits configuration is unavailable; falling back
04-15 17:05:12.343 363 363 I android.hardware.power-service.example: Power isBoostSupported: 0
04-15 17:05:12.396 540 540 I FaceDownDetector: readValuesFromDeviceConfig():
04-15 17:05:12.396 540 540 I FaceDownDetector: mAccelerationThreshold=0.2
04-15 17:05:12.396 540 540 I FaceDownDetector: mZAccelerationThreshold=-9.5
04-15 17:05:12.396 540 540 I FaceDownDetector: mTimeThreshold=PT1S
04-15 17:05:12.396 540 540 I FaceDownDetector: mIsEnabled=true
04-15 17:05:12.404 0 0 W healthd : battery l=100 v=5000 t=25.0 h=2 st=2 c=900000 fc=3000000 cc=10 chg=a
04-15 17:05:12.422 540 540 I ScreenUndimDetector: readValuesFromDeviceConfig():
04-15 17:05:12.422 540 540 I ScreenUndimDetector: mKeepScreenOnForMillis=600000
04-15 17:05:12.422 540 540 I ScreenUndimDetector: mKeepScreenOnNotificationEnabled=true
04-15 17:05:12.422 540 540 I ScreenUndimDetector: mUndimsRequired=2
04-15 17:05:12.425 540 591 W KeyguardServiceDelegate: onScreenTurningOn(): no keyguard service!
04-15 17:05:12.425 540 591 I DisplayBrightnessStrategySelector: Changing the DisplayBrightnessStrategy from InvalidBrightnessStrategy toOverrideBrightnessStrategy for display 0
04-15 17:05:12.437 540 591 V DisplayPowerController2[0]: Brightness [0.39763778] reason changing to: 'override', previous reason: '0'.
04-15 17:05:12.438 540 591 I DisplayPowerController2[0]: BrightnessEvent: disp=0, physDisp=local:4619827259835644672, brt=0.39763778, initBrt=NaN, rcmdBrt=NaN, preBrt=NaN, lux=0.0, preLux=0.0, hbmMax=1.0, hbmMode=off, rbcStrength=0, thrmMax=1.0, powerFactor=1.0, wasShortTermModelActive=false, flags=, reason=override, autoBrightness=false, strategy=OverrideBrightnessStrategy
04-15 17:05:12.446 540 540 W SystemServiceManager: Service com.android.server.power.PowerManagerService took 153 ms in onBootPhase
04-15 17:05:12.447 540 540 V SystemServerTiming: OnBootPhase_500_com.android.server.power.PowerManagerService took to complete: 154ms
04-15 17:05:12.447 540 540 D SystemServerTiming: OnBootPhase_500_com.android.server.power.ThermalManagerService
04-15 17:05:12.449 363 363 I android.hardware.power-service.example: Power isModeSupported: 9
04-15 17:05:12.453 540 540 V SystemServerTiming: OnBootPhase_500_com.android.server.power.ThermalManagerService took to complete: 0ms
04-15 17:05:12.454 540 540 D SystemServerTiming: OnBootPhase_500_com.android.server.power.hint.HintManagerService
04-15 17:05:12.454 540 540 V HintManagerService: Initializing HintManager service...
04-15 17:05:12.455 540 540 V HistoricalRegistry: Interaction before persistence initialized
04-15 17:05:12.457 540 564 I DisplayDeviceRepository: Display device changed state: "Built-in Screen", ON
04-15 17:05:12.459 540 540 V SystemServerTiming: OnBootPhase_500_com.android.server.power.hint.HintManagerService took to complete: 5ms
04-15 17:05:12.459 540 540 D SystemServerTiming: OnBootPhase_500_com.android.server.recoverysystem.RecoverySystemService$Lifecycle
04-15 17:05:12.464 540 540 V SystemServerTiming: OnBootPhase_500_com.android.server.recoverysystem.RecoverySystemService$Lifecycle took to complete: 0ms
04-15 17:05:12.466 540 540 D SystemServerTiming: OnBootPhase_500_com.android.server.lights.LightsService
04-15 17:05:12.466 540 540 V SystemServerTiming: OnBootPhase_500_com.android.server.lights.LightsService took to complete: 0ms
04-15 17:05:12.466 540 540 D SystemServerTiming: OnBootPhase_500_com.android.server.display.DisplayManagerService
04-15 17:05:12.467 540 540 V SystemServerTiming: OnBootPhase_500_com.android.server.display.DisplayManagerService took to complete: 0ms
04-15 17:05:12.467 540 540 D SystemServerTiming: OnBootPhase_500_com.android.server.pm.verify.domain.DomainVerificationService
04-15 17:05:12.467 540 540 V SystemServerTiming: OnBootPhase_500_com.android.server.pm.verify.domain.DomainVerificationService took to complete: 0ms
04-15 17:05:12.468 540 540 D SystemServerTiming: OnBootPhase_500_com.android.server.pm.PackageInstallerService$Lifecycle
04-15 17:05:12.468 540 540 V SystemServerTiming: OnBootPhase_500_com.android.server.pm.PackageInstallerService$Lifecycle took to complete: 0ms
04-15 17:05:12.468 540 540 D SystemServerTiming: OnBootPhase_500_com.android.server.pm.UserManagerService$LifeCycle
04-15 17:05:12.469 540 540 V SystemServerTiming: OnBootPhase_500_com.android.server.pm.UserManagerService$LifeCycle took to complete: 0ms
04-15 17:05:12.469 540 540 D SystemServerTiming: OnBootPhase_500_com.android.server.om.OverlayManagerService
04-15 17:05:12.469 540 540 V SystemServerTiming: OnBootPhase_500_com.android.server.om.OverlayManagerService took to complete: 0ms
04-15 17:05:12.476 392 392 D SurfaceFlinger: Setting power mode 2 on display 4619827259835644672
04-15 17:05:12.478 540 540 D SystemServerTiming: OnBootPhase_500_com.android.server.resources.ResourcesManagerService
04-15 17:05:12.479 540 540 V SystemServerTiming: OnBootPhase_500_com.android.server.resources.ResourcesManagerService took to complete: 0ms
04-15 17:05:12.479 540 540 D SystemServerTiming: OnBootPhase_500_com.android.server.sensorprivacy.SensorPrivacyService
04-15 17:05:12.491 540 564 I InputManager-JNI: Viewport [0] to add: local:4619827259835644672, isActive: true
04-15 17:05:12.500 540 648 I InputReader: Reconfiguring input devices, changes=DISPLAY_INFO
04-15 17:05:12.501 540 648 I InputReader: Touch device 'virtio_input_multi_touch_11' could not query the properties of its associated display. The device will be inoperable until the display size becomes available.
04-15 17:05:12.502 540 648 I InputReader: Touch device 'virtio_input_multi_touch_10' could not query the properties of its associated display. The device will be inoperable until the display size becomes available.
04-15 17:05:12.502 540 648 I InputReader: Touch device 'virtio_input_multi_touch_9' could not query the properties of its associated display. The device will be inoperable until the display size becomes available.
04-15 17:05:12.503 540 648 I InputReader: Touch device 'virtio_input_multi_touch_7' could not query the properties of its associated display. The device will be inoperable until the display size becomes available.
04-15 17:05:12.504 540 648 I InputReader: Touch device 'virtio_input_multi_touch_6' could not query the properties of its associated display. The device will be inoperable until the display size becomes available.
04-15 17:05:12.508 540 648 I InputReader: Touch device 'virtio_input_multi_touch_5' could not query the properties of its associated display. The device will be inoperable until the display size becomes available.
04-15 17:05:12.508 540 648 I InputReader: Touch device 'virtio_input_multi_touch_4' could not query the properties of its associated display. The device will be inoperable until the display size becomes available.
04-15 17:05:12.509 540 648 I InputReader: Touch device 'virtio_input_multi_touch_3' could not query the properties of its associated display. The device will be inoperable until the display size becomes available.
04-15 17:05:12.510 540 648 I InputReader: Device reconfigured: id=4, name='virtio_input_multi_touch_1', size 1080x2400, orientation 0, mode 1, display id 0
04-15 17:05:12.511 540 648 I InputReader: Touch device 'virtio_input_multi_touch_2' could not query the properties of its associated display. The device will be inoperable until the display size becomes available.
04-15 17:05:12.516 540 648 I InputReader: Touch device 'virtio_input_multi_touch_8' could not query the properties of its associated display. The device will be inoperable until the display size becomes available.
04-15 17:05:12.545 540 540 W SystemServiceManager: Service com.android.server.sensorprivacy.SensorPrivacyService took 66 ms in onBootPhase
04-15 17:05:12.546 540 540 V SystemServerTiming: OnBootPhase_500_com.android.server.sensorprivacy.SensorPrivacyService took to complete: 67ms
04-15 17:05:12.546 540 540 D SystemServerTiming: OnBootPhase_500_com.android.server.sensors.SensorService
04-15 17:05:12.547 540 540 V SystemServerTiming: OnBootPhase_500_com.android.server.sensors.SensorService took to complete: 0ms
04-15 17:05:12.547 540 540 D SystemServerTiming: OnBootPhase_500_com.android.server.SystemConfigService
04-15 17:05:12.547 540 540 V SystemServerTiming: OnBootPhase_500_com.android.server.SystemConfigService took to complete: 0ms
04-15 17:05:12.549 540 540 D SystemServerTiming: OnBootPhase_500_com.android.server.BatteryService
04-15 17:05:12.550 540 540 V SystemServerTiming: OnBootPhase_500_com.android.server.BatteryService took to complete: 0ms
04-15 17:05:12.550 540 540 D SystemServerTiming: OnBootPhase_500_com.android.server.usage.UsageStatsService
04-15 17:05:12.553 540 564 I DisplayDeviceRepository: Display device changed state: "Built-in Screen", ON
04-15 17:05:12.583 540 540 D AppStandbyController: Setting app idle enabled state
04-15 17:05:12.603 540 540 D AppStandbyController: Initializing defaults for system apps on user 0, appIdleEnabled=false
04-15 17:05:12.612 540 571 E AppWidgetManager: Nofity service of inheritance info
04-15 17:05:12.612 540 571 E AppWidgetManager: java.lang.IllegalStateException: User 0 must be unlocked for widgets to be available
04-15 17:05:12.612 540 571 E AppWidgetManager: at com.android.server.appwidget.AppWidgetServiceImpl.ensureGroupStateLoadedLocked(AppWidgetServiceImpl.java:650)
04-15 17:05:12.612 540 571 E AppWidgetManager: at com.android.server.appwidget.AppWidgetServiceImpl.ensureGroupStateLoadedLocked(AppWidgetServiceImpl.java:644)
04-15 17:05:12.612 540 571 E AppWidgetManager: at com.android.server.appwidget.AppWidgetServiceImpl.getInstalledProvidersForProfile(AppWidgetServiceImpl.java:1708)
04-15 17:05:12.612 540 571 E AppWidgetManager: at android.appwidget.AppWidgetManager.getInstalledProvidersForProfile(AppWidgetManager.java:923)
04-15 17:05:12.612 540 571 E AppWidgetManager: at android.appwidget.AppWidgetManager.getInstalledProvidersForPackage(AppWidgetManager.java:857)
04-15 17:05:12.612 540 571 E AppWidgetManager: at android.appwidget.AppWidgetManager.lambda$new$3(AppWidgetManager.java:536)
04-15 17:05:12.612 540 571 E AppWidgetManager: at android.appwidget.AppWidgetManager.$r8$lambda$MnZCUjy90wcD58stsygv3SVPbu4(Unknown Source:0)
04-15 17:05:12.612 540 571 E AppWidgetManager: at android.appwidget.AppWidgetManager$$ExternalSyntheticLambda4.run(Unknown Source:2)
04-15 17:05:12.612 540 571 E AppWidgetManager: at android.os.Handler.handleCallback(Handler.java:958)
04-15 17:05:12.612 540 571 E AppWidgetManager: at android.os.Handler.dispatchMessage(Handler.java:99)
04-15 17:05:12.612 540 571 E AppWidgetManager: at android.os.Looper.loopOnce(Looper.java:205)
04-15 17:05:12.612 540 571 E AppWidgetManager: at android.os.Looper.loop(Looper.java:294)
04-15 17:05:12.612 540 571 E AppWidgetManager: at android.os.HandlerThread.run(HandlerThread.java:67)
04-15 17:05:12.629 540 540 E AppIdleHistory: Unable to read app idle file for user 0
04-15 17:05:12.629 540 540 E AppIdleHistory: java.io.FileNotFoundException: /data/system/users/0/app_idle_stats.xml: open failed: ENOENT (No such file or directory)
04-15 17:05:12.629 540 540 E AppIdleHistory: at libcore.io.IoBridge.open(IoBridge.java:574)
04-15 17:05:12.629 540 540 E AppIdleHistory: at java.io.FileInputStream.(FileInputStream.java:160)
04-15 17:05:12.629 540 540 E AppIdleHistory: at android.util.AtomicFile.openRead(AtomicFile.java:260)
04-15 17:05:12.629 540 540 E AppIdleHistory: at com.android.server.usage.AppIdleHistory.readAppIdleTimes(AppIdleHistory.java:715)
04-15 17:05:12.629 540 540 E AppIdleHistory: at com.android.server.usage.AppIdleHistory.getUserHistory(AppIdleHistory.java:384)
04-15 17:05:12.629 540 540 E AppIdleHistory: at com.android.server.usage.AppIdleHistory.reportUsage(AppIdleHistory.java:372)
04-15 17:05:12.629 540 540 E AppIdleHistory: at com.android.server.usage.AppStandbyController.initializeDefaultsForSystemApps(AppStandbyController.java:2335)
04-15 17:05:12.629 540 540 E AppIdleHistory: at com.android.server.usage.AppStandbyController.onBootPhase(AppStandbyController.java:701)
04-15 17:05:12.629 540 540 E AppIdleHistory: at com.android.server.usage.UsageStatsService.onBootPhase(UsageStatsService.java:368)
04-15 17:05:12.629 540 540 E AppIdleHistory: at com.android.server.SystemServiceManager.startBootPhase(SystemServiceManager.java:291)
04-15 17:05:12.629 540 540 E AppIdleHistory: at com.android.server.SystemServer.startOtherServices(SystemServer.java:2747)
04-15 17:05:12.629 540 540 E AppIdleHistory: at com.android.server.SystemServer.run(SystemServer.java:942)
04-15 17:05:12.629 540 540 E AppIdleHistory: at com.android.server.SystemServer.main(SystemServer.java:664)
04-15 17:05:12.629 540 540 E AppIdleHistory: at java.lang.reflect.Method.invoke(Native Method)
04-15 17:05:12.629 540 540 E AppIdleHistory: at com.android.internal.os.RuntimeInit$MethodAndArgsCaller.run(RuntimeInit.java:552)
04-15 17:05:12.629 540 540 E AppIdleHistory: at com.android.internal.os.ZygoteInit.main(ZygoteInit.java:949)
04-15 17:05:12.629 540 540 E AppIdleHistory: Caused by: android.system.ErrnoException: open failed: ENOENT (No such file or directory)
04-15 17:05:12.629 540 540 E AppIdleHistory: at libcore.io.Linux.open(Native Method)
04-15 17:05:12.629 540 540 E AppIdleHistory: at libcore.io.ForwardingOs.open(ForwardingOs.java:563)
04-15 17:05:12.629 540 540 E AppIdleHistory: at libcore.io.BlockGuardOs.open(BlockGuardOs.java:274)
04-15 17:05:12.629 540 540 E AppIdleHistory: at libcore.io.IoBridge.open(IoBridge.java:560)
04-15 17:05:12.629 540 540 E AppIdleHistory: ... 15 more
04-15 17:05:12.695 540 540 V HistoricalRegistry: Interaction before persistence initialized
04-15 17:05:12.697 540 540 W SystemServiceManager: Service com.android.server.usage.UsageStatsService took 147 ms in onBootPhase
04-15 17:05:12.697 540 540 V SystemServerTiming: OnBootPhase_500_com.android.server.usage.UsageStatsService took to complete: 146ms
04-15 17:05:12.697 540 540 D SystemServerTiming: OnBootPhase_500_com.android.server.webkit.WebViewUpdateService
04-15 17:05:12.697 540 540 V SystemServerTiming: OnBootPhase_500_com.android.server.webkit.WebViewUpdateService took to complete: 0ms
04-15 17:05:12.697 540 540 D SystemServerTiming: OnBootPhase_500_com.android.server.CachedDeviceStateService
04-15 17:05:12.700 540 540 V SystemServerTiming: OnBootPhase_500_com.android.server.CachedDeviceStateService took to complete: 3ms
04-15 17:05:12.700 540 540 D SystemServerTiming: OnBootPhase_500_com.android.server.BinderCallsStatsService$LifeCycle
04-15 17:05:12.708 540 540 V SystemServerTiming: OnBootPhase_500_com.android.server.BinderCallsStatsService$LifeCycle took to complete: 8ms
04-15 17:05:12.708 540 540 D SystemServerTiming: OnBootPhase_500_com.android.server.LooperStatsService$Lifecycle
04-15 17:05:12.709 540 540 V SystemServerTiming: OnBootPhase_500_com.android.server.LooperStatsService$Lifecycle took to complete: 0ms
04-15 17:05:12.709 540 540 D SystemServerTiming: OnBootPhase_500_com.android.server.rollback.RollbackManagerService
04-15 17:05:12.710 540 540 V SystemServerTiming: OnBootPhase_500_com.android.server.rollback.RollbackManagerService took to complete: 0ms
04-15 17:05:12.710 540 540 D SystemServerTiming: OnBootPhase_500_com.android.server.os.NativeTombstoneManagerService
04-15 17:05:12.710 540 540 V SystemServerTiming: OnBootPhase_500_com.android.server.os.NativeTombstoneManagerService took to complete: 0ms
04-15 17:05:12.710 540 540 D SystemServerTiming: OnBootPhase_500_com.android.server.os.BugreportManagerService
04-15 17:05:12.710 540 540 V SystemServerTiming: OnBootPhase_500_com.android.server.os.BugreportManagerService took to complete: 0ms
04-15 17:05:12.710 540 540 D SystemServerTiming: OnBootPhase_500_com.android.server.gpu.GpuService
04-15 17:05:12.710 540 540 V SystemServerTiming: OnBootPhase_500_com.android.server.gpu.GpuService took to complete: 0ms
04-15 17:05:12.710 540 540 D SystemServerTiming: OnBootPhase_500_com.android.server.security.rkp.RemoteProvisioningService
04-15 17:05:12.710 540 540 V SystemServerTiming: OnBootPhase_500_com.android.server.security.rkp.RemoteProvisioningService took to complete: 0ms
04-15 17:05:12.710 540 540 D SystemServerTiming: OnBootPhase_500_com.android.server.cpu.CpuMonitorService
04-15 17:05:12.710 540 540 V SystemServerTiming: OnBootPhase_500_com.android.server.cpu.CpuMonitorService took to complete: 0ms
04-15 17:05:12.711 540 540 D SystemServerTiming: OnBootPhase_500_com.android.server.security.KeyChainSystemService
04-15 17:05:12.711 540 540 V SystemServerTiming: OnBootPhase_500_com.android.server.security.KeyChainSystemService took to complete: 0ms
04-15 17:05:12.711 540 540 D SystemServerTiming: OnBootPhase_500_com.android.server.BinaryTransparencyService
04-15 17:05:12.711 540 540 V SystemServerTiming: OnBootPhase_500_com.android.server.BinaryTransparencyService took to complete: 0ms
04-15 17:05:12.711 540 540 D SystemServerTiming: OnBootPhase_500_com.android.server.telecom.TelecomLoaderService
04-15 17:05:12.711 540 540 V SystemServerTiming: OnBootPhase_500_com.android.server.telecom.TelecomLoaderService took to complete: 0ms
04-15 17:05:12.711 540 540 D SystemServerTiming: OnBootPhase_500_com.android.server.accounts.AccountManagerService$Lifecycle
04-15 17:05:12.711 540 540 V SystemServerTiming: OnBootPhase_500_com.android.server.accounts.AccountManagerService$Lifecycle took to complete: 0ms
04-15 17:05:12.711 540 540 D SystemServerTiming: OnBootPhase_500_com.android.server.content.ContentService$Lifecycle
04-15 17:05:12.711 540 540 V SystemServerTiming: OnBootPhase_500_com.android.server.content.ContentService$Lifecycle took to complete: 0ms
04-15 17:05:12.711 540 540 D SystemServerTiming: OnBootPhase_500_com.android.server.deviceconfig.DeviceConfigInit$Lifecycle
04-15 17:05:12.716 540 540 V SystemServerTiming: OnBootPhase_500_com.android.server.deviceconfig.DeviceConfigInit$Lifecycle took to complete: 0ms
04-15 17:05:12.716 540 540 D SystemServerTiming: OnBootPhase_500_com.android.server.DropBoxManagerService
04-15 17:05:12.717 540 540 V SystemServerTiming: OnBootPhase_500_com.android.server.DropBoxManagerService took to complete: 2ms
04-15 17:05:12.718 540 540 D SystemServerTiming: OnBootPhase_500_com.android.role.RoleService
04-15 17:05:12.718 540 540 V SystemServerTiming: OnBootPhase_500_com.android.role.RoleService took to complete: 0ms
04-15 17:05:12.718 540 540 D SystemServerTiming: OnBootPhase_500_com.android.server.vibrator.VibratorManagerService$Lifecycle
04-15 17:05:12.718 540 540 V VibratorManagerService: Initializing VibratorManager service...
04-15 17:05:12.718 540 540 V HistoricalRegistry: Interaction before persistence initialized
04-15 17:05:12.729 540 540 V VibratorManagerService: VibratorManager service initialized
04-15 17:05:12.729 540 540 V SystemServerTiming: OnBootPhase_500_com.android.server.vibrator.VibratorManagerService$Lifecycle took to complete: 11ms
04-15 17:05:12.729 540 540 D SystemServerTiming: OnBootPhase_500_com.android.server.tare.InternalResourceService
04-15 17:05:12.737 540 540 V SystemServerTiming: OnBootPhase_500_com.android.server.tare.InternalResourceService took to complete: 8ms
04-15 17:05:12.737 540 540 D SystemServerTiming: OnBootPhase_500_com.android.server.alarm.AlarmManagerService
04-15 17:05:12.748 540 540 V SystemServerTiming: OnBootPhase_500_com.android.server.alarm.AlarmManagerService took to complete: 11ms
04-15 17:05:12.748 540 540 D SystemServerTiming: OnBootPhase_500_com.android.server.devicestate.DeviceStateManagerService
04-15 17:05:12.748 540 540 V SystemServerTiming: OnBootPhase_500_com.android.server.devicestate.DeviceStateManagerService took to complete: 0ms
04-15 17:05:12.748 540 540 D SystemServerTiming: OnBootPhase_500_com.android.server.camera.CameraServiceProxy
04-15 17:05:12.748 540 540 V SystemServerTiming: OnBootPhase_500_com.android.server.camera.CameraServiceProxy took to complete: 0ms
04-15 17:05:12.748 540 540 D SystemServerTiming: OnBootPhase_500_com.android.server.bluetooth.BluetoothService
04-15 17:05:12.751 540 540 V SystemServerTiming: OnBootPhase_500_com.android.server.bluetooth.BluetoothService took to complete: 2ms
04-15 17:05:12.751 540 540 D SystemServerTiming: OnBootPhase_500_com.android.server.connectivity.IpConnectivityMetrics
04-15 17:05:12.755 540 820 D ConnectivityService: NetReassign [no changes] [c 0] [a 0] [i 0]
04-15 17:05:12.759 540 540 V SystemServerTiming: OnBootPhase_500_com.android.server.connectivity.IpConnectivityMetrics took to complete: 8ms
04-15 17:05:12.759 540 540 D SystemServerTiming: OnBootPhase_500_com.android.server.net.watchlist.NetworkWatchlistService$Lifecycle
04-15 17:05:12.759 540 540 V SystemServerTiming: OnBootPhase_500_com.android.server.net.watchlist.NetworkWatchlistService$Lifecycle took to complete: 0ms
04-15 17:05:12.759 540 540 D SystemServerTiming: OnBootPhase_500_com.android.server.PinnerService
04-15 17:05:12.762 540 540 V SystemServerTiming: OnBootPhase_500_com.android.server.PinnerService took to complete: 2ms
04-15 17:05:12.762 540 540 D SystemServerTiming: OnBootPhase_500_com.android.server.integrity.AppIntegrityManagerService
04-15 17:05:12.762 540 540 V SystemServerTiming: OnBootPhase_500_com.android.server.integrity.AppIntegrityManagerService took to complete: 0ms
04-15 17:05:12.762 540 540 D SystemServerTiming: OnBootPhase_500_com.android.server.logcat.LogcatManagerService
04-15 17:05:12.762 540 540 V SystemServerTiming: OnBootPhase_500_com.android.server.logcat.LogcatManagerService took to complete: 0ms
04-15 17:05:12.762 540 540 D SystemServerTiming: OnBootPhase_500_com.android.server.inputmethod.InputMethodManagerService$Lifecycle
04-15 17:05:12.762 540 540 V SystemServerTiming: OnBootPhase_500_com.android.server.inputmethod.InputMethodManagerService$Lifecycle took to complete: 0ms
04-15 17:05:12.763 540 540 D SystemServerTiming: OnBootPhase_500_com.android.server.accessibility.AccessibilityManagerService$Lifecycle
04-15 17:05:12.763 540 540 V SystemServerTiming: OnBootPhase_500_com.android.server.accessibility.AccessibilityManagerService$Lifecycle took to complete: 0ms
04-15 17:05:12.763 540 540 D SystemServerTiming: OnBootPhase_500_com.android.server.StorageManagerService$Lifecycle
04-15 17:05:12.767 540 540 V SystemServerTiming: OnBootPhase_500_com.android.server.StorageManagerService$Lifecycle took to complete: 4ms
04-15 17:05:12.767 540 540 D SystemServerTiming: OnBootPhase_500_com.android.server.usage.StorageStatsService$Lifecycle
04-15 17:05:12.768 540 540 V SystemServerTiming: OnBootPhase_500_com.android.server.usage.StorageStatsService$Lifecycle took to complete: 0ms
04-15 17:05:12.769 540 540 D SystemServerTiming: OnBootPhase_500_com.android.server.UiModeManagerService
04-15 17:05:12.777 540 540 I ActivityTaskManager: Config changes=200 {1.0 ?mcc0mnc [en_US] ldltr sw411dp w411dp h914dp 420dpi nrml long port finger qwerty/v/v -nav/h winConfig={ mBounds=Rect(0, 0 - 1080, 2400) mAppBounds=Rect(0, 0 - 1080, 2400) mMaxBounds=Rect(0, 0 - 1080, 2400) mDisplayRotation=ROTATION_0 mWindowingMode=fullscreen mDisplayWindowingMode=fullscreen mActivityType=undefined mAlwaysOnTop=undefined mRotation=ROTATION_0} s.6 ?fontWeightAdjustment}
04-15 17:05:12.782 540 540 I WindowManager: Override config changes=200 {1.0 ?mcc0mnc [en_US] ldltr sw411dp w411dp h914dp 420dpi nrml long port finger qwerty/v/v -nav/h winConfig={ mBounds=Rect(0, 0 - 1080, 2400) mAppBounds=Rect(0, 0 - 1080, 2400) mMaxBounds=Rect(0, 0 - 1080, 2400) mDisplayRotation=ROTATION_0 mWindowingMode=fullscreen mDisplayWindowingMode=fullscreen mActivityType=undefined mAlwaysOnTop=undefined mRotation=ROTATION_0} s.6 ?fontWeightAdjustment} for displayId=0
04-15 17:05:12.795 540 540 V SystemServerTiming: OnBootPhase_500_com.android.server.UiModeManagerService took to complete: 26ms
04-15 17:05:12.795 540 540 D SystemServerTiming: OnBootPhase_500_com.android.server.locales.LocaleManagerService
04-15 17:05:12.797 540 540 V SystemServerTiming: OnBootPhase_500_com.android.server.locales.LocaleManagerService took to complete: 0ms
04-15 17:05:12.798 540 540 D SystemServerTiming: OnBootPhase_500_com.android.server.grammaticalinflection.GrammaticalInflectionService
04-15 17:05:12.798 540 540 V SystemServerTiming: OnBootPhase_500_com.android.server.grammaticalinflection.GrammaticalInflectionService took to complete: 0ms
04-15 17:05:12.802 540 540 D SystemServerTiming: OnBootPhase_500_com.android.server.apphibernation.AppHibernationService
04-15 17:05:12.809 540 540 V SystemServerTiming: OnBootPhase_500_com.android.server.apphibernation.AppHibernationService took to complete: 6ms
04-15 17:05:12.809 540 540 D SystemServerTiming: OnBootPhase_500_com.android.server.locksettings.LockSettingsService$Lifecycle
04-15 17:05:12.810 540 540 V SystemServerTiming: OnBootPhase_500_com.android.server.locksettings.LockSettingsService$Lifecycle took to complete: 0ms
04-15 17:05:12.810 540 540 D SystemServerTiming: OnBootPhase_500_com.android.server.testharness.TestHarnessModeService
04-15 17:05:12.810 540 540 D TestHarnessModeService: Setting up test harness mode
04-15 17:05:12.811 540 540 D TestHarnessModeService: Getting PersistentDataBlockManagerInternal from LocalServices
04-15 17:05:12.811 540 540 E TestHarnessModeService: Failed to start Test Harness Mode; no implementation of PersistentDataBlockManagerInternal was bound!
04-15 17:05:12.812 540 540 V SystemServerTiming: OnBootPhase_500_com.android.server.testharness.TestHarnessModeService took to complete: 2ms
04-15 17:05:12.812 540 540 D SystemServerTiming: OnBootPhase_500_com.android.server.DeviceIdleController
04-15 17:05:12.834 540 540 V HistoricalRegistry: Interaction before persistence initialized
04-15 17:05:12.845 540 540 V SystemServerTiming: OnBootPhase_500_com.android.server.DeviceIdleController took to complete: 32ms
04-15 17:05:12.845 540 540 D SystemServerTiming: OnBootPhase_500_com.android.server.devicepolicy.DevicePolicyManagerService$Lifecycle
04-15 17:05:12.845 540 540 V SystemServerTiming: OnBootPhase_500_com.android.server.devicepolicy.DevicePolicyManagerService$Lifecycle took to complete: 0ms
04-15 17:05:12.846 540 540 D SystemServerTiming: OnBootPhase_500_com.android.server.texttospeech.TextToSpeechManagerService
04-15 17:05:12.846 540 540 V SystemServerTiming: OnBootPhase_500_com.android.server.texttospeech.TextToSpeechManagerService took to complete: 0ms
04-15 17:05:12.846 540 540 D SystemServerTiming: OnBootPhase_500_com.android.server.ambientcontext.AmbientContextManagerService
04-15 17:05:12.854 540 540 V SystemServerTiming: OnBootPhase_500_com.android.server.ambientcontext.AmbientContextManagerService took to complete: 8ms
04-15 17:05:12.854 540 540 D SystemServerTiming: OnBootPhase_500_com.android.server.wearable.WearableSensingManagerService
04-15 17:05:12.855 540 540 V SystemServerTiming: OnBootPhase_500_com.android.server.wearable.WearableSensingManagerService took to complete: 1ms
04-15 17:05:12.855 540 540 D SystemServerTiming: OnBootPhase_500_com.android.server.speech.SpeechRecognitionManagerService
04-15 17:05:12.855 540 540 V SystemServerTiming: OnBootPhase_500_com.android.server.speech.SpeechRecognitionManagerService took to complete: 0ms
04-15 17:05:12.855 540 540 D SystemServerTiming: OnBootPhase_500_com.android.server.searchui.SearchUiManagerService
04-15 17:05:12.855 540 540 V SystemServerTiming: OnBootPhase_500_com.android.server.searchui.SearchUiManagerService took to complete: 0ms
04-15 17:05:12.855 540 540 D SystemServerTiming: OnBootPhase_500_com.android.server.smartspace.SmartspaceManagerService
04-15 17:05:12.855 540 540 V SystemServerTiming: OnBootPhase_500_com.android.server.smartspace.SmartspaceManagerService took to complete: 0ms
04-15 17:05:12.857 540 540 D SystemServerTiming: OnBootPhase_500_com.android.server.graphics.fonts.FontManagerService$Lifecycle
04-15 17:05:12.857 540 540 V SystemServerTiming: OnBootPhase_500_com.android.server.graphics.fonts.FontManagerService$Lifecycle took to complete: 0ms
04-15 17:05:12.857 540 540 D SystemServerTiming: OnBootPhase_500_com.android.server.textservices.TextServicesManagerService$Lifecycle
04-15 17:05:12.858 540 540 V SystemServerTiming: OnBootPhase_500_com.android.server.textservices.TextServicesManagerService$Lifecycle took to complete: 0ms
04-15 17:05:12.858 540 540 D SystemServerTiming: OnBootPhase_500_com.android.server.textclassifier.TextClassificationManagerService$Lifecycle
04-15 17:05:12.858 540 540 V SystemServerTiming: OnBootPhase_500_com.android.server.textclassifier.TextClassificationManagerService$Lifecycle took to complete: 0ms
04-15 17:05:12.858 540 540 D SystemServerTiming: OnBootPhase_500_com.android.server.NetworkScoreService$Lifecycle
04-15 17:05:12.859 540 540 V SystemServerTiming: OnBootPhase_500_com.android.server.NetworkScoreService$Lifecycle took to complete: 1ms
04-15 17:05:12.859 540 540 D SystemServerTiming: OnBootPhase_500_com.android.server.NetworkStatsServiceInitializer
04-15 17:05:12.859 540 540 V SystemServerTiming: OnBootPhase_500_com.android.server.NetworkStatsServiceInitializer took to complete: 0ms
04-15 17:05:12.859 540 540 D SystemServerTiming: OnBootPhase_500_com.android.server.wifi.WifiService
04-15 17:05:12.862 540 540 V SystemServerTiming: OnBootPhase_500_com.android.server.wifi.WifiService took to complete: 3ms
04-15 17:05:12.862 540 540 D SystemServerTiming: OnBootPhase_500_com.android.server.wifi.scanner.WifiScanningService
04-15 17:05:12.862 540 540 I WifiScanningService: Starting wifiscanner
04-15 17:05:12.872 540 540 V SystemServerTiming: OnBootPhase_500_com.android.server.wifi.scanner.WifiScanningService took to complete: 10ms
04-15 17:05:12.872 540 540 D SystemServerTiming: OnBootPhase_500_com.android.server.wifi.p2p.WifiP2pService
04-15 17:05:12.875 330 330 I netd : registerUnsolicitedEventListener(interface:0x7a84a30d0dd0) <0.21ms>
04-15 17:05:12.876 540 540 V SystemServerTiming: OnBootPhase_500_com.android.server.wifi.p2p.WifiP2pService took to complete: 4ms
04-15 17:05:12.883 540 540 D SystemServerTiming: OnBootPhase_500_com.android.server.ConnectivityServiceInitializer
04-15 17:05:12.883 540 540 V SystemServerTiming: OnBootPhase_500_com.android.server.ConnectivityServiceInitializer took to complete: 0ms
04-15 17:05:12.883 540 540 D SystemServerTiming: OnBootPhase_500_com.android.server.notification.NotificationManagerService
04-15 17:05:12.892 540 813 I WifiSettingsConfigStore: Migrating data out of settings to shared preferences
04-15 17:05:12.894 540 817 I WifiContext: Got resolveInfos for com.android.server.wifi.intent.action.SERVICE_WIFI_RESOURCES_APK: [ResolveInfo{1fca0e3 com.android.wifi.resources/android.app.Activity m=0x108000 userHandle=UserHandle{0}}]
04-15 17:05:12.894 540 817 I WifiContext: Found Wifi Resources APK at: com.android.wifi.resources
04-15 17:05:12.899 540 540 D ConditionProviders: Subscribing to condition://android/event?userId=-10000&calendar=&reply=1 with ComponentInfo{android/com.android.server.notification.EventConditionProvider}
04-15 17:05:12.901 540 540 D ConditionProviders: Subscribing to condition://android/schedule?days=1.2.3.4.5.6.7&start=22.0&end=7.0&exitAtAlarm=true with ComponentInfo{android/com.android.server.notification.ScheduleConditionProvider}
04-15 17:05:12.906 540 813 D WifiConfigStore: Reading from all stores completed in 37 ms.
04-15 17:05:12.908 540 813 W WifiConfigManager: No stored networks found.
04-15 17:05:12.911 540 813 W BroadcastLoopers: Found previously unknown looper Thread[WifiHandlerThread,5,main]
04-15 17:05:12.912 540 540 V SystemServerTiming: OnBootPhase_500_com.android.server.notification.NotificationManagerService took to complete: 29ms
04-15 17:05:12.912 540 540 D SystemServerTiming: OnBootPhase_500_com.android.server.storage.DeviceStorageMonitorService
04-15 17:05:12.912 540 540 V SystemServerTiming: OnBootPhase_500_com.android.server.storage.DeviceStorageMonitorService took to complete: 0ms
04-15 17:05:12.912 540 540 D SystemServerTiming: OnBootPhase_500_com.android.server.timedetector.TimeDetectorService$Lifecycle
04-15 17:05:12.912 540 540 V SystemServerTiming: OnBootPhase_500_com.android.server.timedetector.TimeDetectorService$Lifecycle took to complete: 0ms
04-15 17:05:12.913 540 540 D SystemServerTiming: OnBootPhase_500_com.android.server.location.LocationManagerService$Lifecycle
04-15 17:05:12.918 540 540 V HistoricalRegistry: Interaction before persistence initialized
04-15 17:05:12.925 540 540 V SystemServerTiming: OnBootPhase_500_com.android.server.location.LocationManagerService$Lifecycle took to complete: 12ms
04-15 17:05:12.925 540 540 D SystemServerTiming: OnBootPhase_500_com.android.server.timezonedetector.TimeZoneDetectorService$Lifecycle
04-15 17:05:12.925 540 540 V SystemServerTiming: OnBootPhase_500_com.android.server.timezonedetector.TimeZoneDetectorService$Lifecycle took to complete: 0ms
04-15 17:05:12.925 540 540 D SystemServerTiming: OnBootPhase_500_com.android.server.location.altitude.AltitudeService$Lifecycle
04-15 17:05:12.925 540 540 V SystemServerTiming: OnBootPhase_500_com.android.server.location.altitude.AltitudeService$Lifecycle took to complete: 0ms
04-15 17:05:12.925 540 540 D SystemServerTiming: OnBootPhase_500_com.android.server.timezonedetector.location.LocationTimeZoneManagerService$Lifecycle
04-15 17:05:12.926 540 540 V SystemServerTiming: OnBootPhase_500_com.android.server.timezonedetector.location.LocationTimeZoneManagerService$Lifecycle took to complete: 0ms
04-15 17:05:12.926 540 540 D SystemServerTiming: OnBootPhase_500_com.android.server.search.SearchManagerService$Lifecycle
04-15 17:05:12.926 540 540 V SystemServerTiming: OnBootPhase_500_com.android.server.search.SearchManagerService$Lifecycle took to complete: 0ms
04-15 17:05:12.926 540 540 D SystemServerTiming: OnBootPhase_500_com.android.server.wallpaper.WallpaperManagerService$Lifecycle
04-15 17:05:12.927 540 540 V SystemServerTiming: OnBootPhase_500_com.android.server.wallpaper.WallpaperManagerService$Lifecycle took to complete: 1ms
04-15 17:05:12.927 540 540 D SystemServerTiming: OnBootPhase_500_com.android.server.wallpapereffectsgeneration.WallpaperEffectsGenerationManagerService
04-15 17:05:12.927 540 540 V SystemServerTiming: OnBootPhase_500_com.android.server.wallpapereffectsgeneration.WallpaperEffectsGenerationManagerService took to complete: 0ms
04-15 17:05:12.927 540 540 D SystemServerTiming: OnBootPhase_500_com.android.server.audio.AudioService$Lifecycle
04-15 17:05:12.927 540 540 V SystemServerTiming: OnBootPhase_500_com.android.server.audio.AudioService$Lifecycle took to complete: 0ms
04-15 17:05:12.927 540 540 D SystemServerTiming: OnBootPhase_500_com.android.server.soundtrigger_middleware.SoundTriggerMiddlewareService$Lifecycle
04-15 17:05:12.931 540 540 V SystemServerTiming: OnBootPhase_500_com.android.server.soundtrigger_middleware.SoundTriggerMiddlewareService$Lifecycle took to complete: 0ms
04-15 17:05:12.931 540 540 D SystemServerTiming: OnBootPhase_500_com.android.server.DockObserver
04-15 17:05:12.931 540 540 V SystemServerTiming: OnBootPhase_500_com.android.server.DockObserver took to complete: 0ms
04-15 17:05:12.931 540 540 D SystemServerTiming: OnBootPhase_500_com.android.server.midi.MidiService$Lifecycle
04-15 17:05:12.935 540 813 I WifiInjector: enableVerboseLogging false hal false
04-15 17:05:12.936 540 813 D WifiNative: enableVerboseLogging false hal false
04-15 17:05:12.937 540 813 E SupplicantStaIfaceHalAidlImpl: Can't call setDebugParams, ISupplicant is null
04-15 17:05:12.940 540 540 V SystemServerTiming: OnBootPhase_500_com.android.server.midi.MidiService$Lifecycle took to complete: 0ms
04-15 17:05:12.940 540 540 D SystemServerTiming: OnBootPhase_500_com.android.server.adb.AdbService$Lifecycle
04-15 17:05:12.940 540 540 V SystemServerTiming: OnBootPhase_500_com.android.server.adb.AdbService$Lifecycle took to complete: 0ms
04-15 17:05:12.940 540 540 D SystemServerTiming: OnBootPhase_500_com.android.server.usb.UsbService$Lifecycle
04-15 17:05:12.940 540 540 V SystemServerTiming: OnBootPhase_500_com.android.server.usb.UsbService$Lifecycle took to complete: 0ms
04-15 17:05:12.940 540 540 D SystemServerTiming: OnBootPhase_500_com.android.server.twilight.TwilightService
04-15 17:05:12.940 540 540 V SystemServerTiming: OnBootPhase_500_com.android.server.twilight.TwilightService took to complete: 0ms
04-15 17:05:12.940 540 540 D SystemServerTiming: OnBootPhase_500_com.android.server.display.color.ColorDisplayService
04-15 17:05:12.941 540 540 V SystemServerTiming: OnBootPhase_500_com.android.server.display.color.ColorDisplayService took to complete: 0ms
04-15 17:05:12.941 540 540 D SystemServerTiming: OnBootPhase_500_com.android.server.job.JobSchedulerService
04-15 17:05:12.946 540 813 I WifiService: WifiService starting up with Wi-Fi enabled
04-15 17:05:12.977 540 813 D WifiController: isAirplaneModeOn = false, isWifiEnabled = true, isScanningAvailable = true, isLocationModeActive = true, isSatelliteModeOn = false
04-15 17:05:12.978 540 813 D WifiActiveModeWarden: Starting primary ClientModeManager in connect mode
04-15 17:05:13.000 0 0 I servicemanager: Found android.hardware.wifi.IWifi/default in device VINTF manifest.
04-15 17:05:12.991 540 813 I WifiHalAidlImpl: Obtained the IWifi binder. Local Version: 1
04-15 17:05:13.000 540 813 I WifiHalAidlImpl: Remote Version: 1
04-15 17:05:13.013 540 540 V HistoricalRegistry: Interaction before persistence initialized
04-15 17:05:13.016 540 540 W SystemServiceManager: Service com.android.server.job.JobSchedulerService took 75 ms in onBootPhase
04-15 17:05:13.017 540 540 V SystemServerTiming: OnBootPhase_500_com.android.server.job.JobSchedulerService took to complete: 76ms
04-15 17:05:13.017 540 540 D SystemServerTiming: OnBootPhase_500_com.android.server.soundtrigger.SoundTriggerService
04-15 17:05:13.017 540 540 D SoundTriggerService: onBootPhase: 500 : false
04-15 17:05:13.020 540 540 V SystemServerTiming: OnBootPhase_500_com.android.server.soundtrigger.SoundTriggerService took to complete: 3ms
04-15 17:05:13.020 540 540 D SystemServerTiming: OnBootPhase_500_com.android.server.trust.TrustManagerService
04-15 17:05:13.028 540 813 I WifiHalAidlImpl: Initialization is complete
04-15 17:05:13.031 355 355 W android.hardware.wifi-service: Duplicate death notification registration
04-15 17:05:13.034 540 813 D WifiNl80211Manager: tearing down interfaces in wificond
04-15 17:05:13.045 540 813 D WifiAdaptConnObserver: Adaptive connectivity status initialized to: true
04-15 17:05:13.047 540 813 D WifiController: EnabledState.enter()
04-15 17:05:13.047 540 813 D WifiClientModeManager[163050:unknown]: entering IdleState
04-15 17:05:13.058 540 813 W FileUtils: Failed to chmod(/data/misc/apexdata/com.android.wifi/WifiConfigStore.xml, 384):
04-15 17:05:13.058 540 813 W FileUtils: android.system.ErrnoException: chmod failed: ENOENT (No such file or directory)
04-15 17:05:13.058 540 813 W FileUtils: at libcore.io.Linux.chmod(Native Method)
04-15 17:05:13.058 540 813 W FileUtils: at libcore.io.ForwardingOs.chmod(ForwardingOs.java:165)
04-15 17:05:13.058 540 813 W FileUtils: at libcore.io.BlockGuardOs.chmod(BlockGuardOs.java:83)
04-15 17:05:13.058 540 813 W FileUtils: at android.system.Os.chmod(Os.java:119)
04-15 17:05:13.058 540 813 W FileUtils: at com.android.server.wifi.util.FileUtils.chmod(FileUtils.java:44)
04-15 17:05:13.058 540 813 W FileUtils: at com.android.server.wifi.WifiConfigStore$StoreFile.writeBufferedRawData(WifiConfigStore.java:941)
04-15 17:05:13.058 540 813 W FileUtils: at com.android.server.wifi.WifiConfigStore.writeBufferedData(WifiConfigStore.java:506)
04-15 17:05:13.058 540 813 W FileUtils: at com.android.server.wifi.WifiConfigStore.write(WifiConfigStore.java:430)
04-15 17:05:13.058 540 813 W FileUtils: at com.android.server.wifi.WifiConfigManager.saveToStore(WifiConfigManager.java:3688)
04-15 17:05:13.058 540 813 W FileUtils: at com.android.server.wifi.WifiSettingsConfigStore.lambda$triggerSaveToStoreAndInvokeAllListeners$1(WifiSettingsConfigStore.java:253)
04-15 17:05:13.058 540 813 W FileUtils: at com.android.server.wifi.WifiSettingsConfigStore.$r8$lambda$RgVMOoSeRTFMZVvRnH2K_mlfH0M(WifiSettingsConfigStore.java:0)
04-15 17:05:13.058 540 813 W FileUtils: at com.android.server.wifi.WifiSettingsConfigStore$$ExternalSyntheticLambda3.run(R8$$SyntheticClass:0)
04-15 17:05:13.058 540 813 W FileUtils: at android.os.Handler.handleCallback(Handler.java:958)
04-15 17:05:13.058 540 813 W FileUtils: at android.os.Handler.dispatchMessage(Handler.java:99)
04-15 17:05:13.058 540 813 W FileUtils: at com.android.server.wifi.RunnerHandler.dispatchMessage(RunnerHandler.java:122)
04-15 17:05:13.058 540 813 W FileUtils: at android.os.Looper.loopOnce(Looper.java:205)
04-15 17:05:13.058 540 813 W FileUtils: at android.os.Looper.loop(Looper.java:294)
04-15 17:05:13.058 540 813 W FileUtils: at android.os.HandlerThread.run(HandlerThread.java:67)
04-15 17:05:13.066 540 540 V SystemServerTiming: OnBootPhase_500_com.android.server.trust.TrustManagerService took to complete: 46ms
04-15 17:05:13.067 540 540 D SystemServerTiming: OnBootPhase_500_com.android.server.backup.BackupManagerService$Lifecycle
04-15 17:05:13.067 540 540 V SystemServerTiming: OnBootPhase_500_com.android.server.backup.BackupManagerService$Lifecycle took to complete: 0ms
04-15 17:05:13.067 540 540 D SystemServerTiming: OnBootPhase_500_com.android.server.appwidget.AppWidgetService
04-15 17:05:13.067 540 540 V SystemServerTiming: OnBootPhase_500_com.android.server.appwidget.AppWidgetService took to complete: 0ms
04-15 17:05:13.067 540 540 D SystemServerTiming: OnBootPhase_500_com.android.server.voiceinteraction.VoiceInteractionManagerService
04-15 17:05:13.067 540 540 V SystemServerTiming: OnBootPhase_500_com.android.server.voiceinteraction.VoiceInteractionManagerService took to complete: 0ms
04-15 17:05:13.067 540 540 D SystemServerTiming: OnBootPhase_500_com.android.server.GestureLauncherService
04-15 17:05:13.067 540 540 V SystemServerTiming: OnBootPhase_500_com.android.server.GestureLauncherService took to complete: 0ms
04-15 17:05:13.067 540 540 D SystemServerTiming: OnBootPhase_500_com.android.server.SensorNotificationService
04-15 17:05:13.070 540 540 V SystemServerTiming: OnBootPhase_500_com.android.server.SensorNotificationService took to complete: 0ms
04-15 17:05:13.070 540 540 D SystemServerTiming: OnBootPhase_500_com.android.server.emergency.EmergencyAffordanceService
04-15 17:05:13.070 540 540 V SystemServerTiming: OnBootPhase_500_com.android.server.emergency.EmergencyAffordanceService took to complete: 0ms
04-15 17:05:13.070 540 540 D SystemServerTiming: OnBootPhase_500_com.android.server.blob.BlobStoreManagerService
04-15 17:05:13.070 540 540 V SystemServerTiming: OnBootPhase_500_com.android.server.blob.BlobStoreManagerService took to complete: 0ms
04-15 17:05:13.070 540 540 D SystemServerTiming: OnBootPhase_500_com.android.server.dreams.DreamManagerService
04-15 17:05:13.070 540 540 V SystemServerTiming: OnBootPhase_500_com.android.server.dreams.DreamManagerService took to complete: 0ms
04-15 17:05:13.070 540 540 D SystemServerTiming: OnBootPhase_500_com.android.server.print.PrintManagerService
04-15 17:05:13.071 540 540 V SystemServerTiming: OnBootPhase_500_com.android.server.print.PrintManagerService took to complete: 0ms
04-15 17:05:13.071 540 540 D SystemServerTiming: OnBootPhase_500_com.android.server.security.AttestationVerificationManagerService
04-15 17:05:13.071 540 540 V SystemServerTiming: OnBootPhase_500_com.android.server.security.AttestationVerificationManagerService took to complete: 0ms
04-15 17:05:13.071 540 540 D SystemServerTiming: OnBootPhase_500_com.android.server.companion.CompanionDeviceManagerService
04-15 17:05:13.079 540 540 D BluetoothAdapter: registerBluetoothConnectionCallback()
04-15 17:05:13.079 540 540 D BluetoothAdapter: isLeEnabled(): OFF
04-15 17:05:13.082 540 540 V SystemServerTiming: OnBootPhase_500_com.android.server.companion.CompanionDeviceManagerService took to complete: 11ms
04-15 17:05:13.082 540 540 D SystemServerTiming: OnBootPhase_500_com.android.server.companion.virtual.VirtualDeviceManagerService
04-15 17:05:13.082 540 540 V SystemServerTiming: OnBootPhase_500_com.android.server.companion.virtual.VirtualDeviceManagerService took to complete: 0ms
04-15 17:05:13.082 540 540 D SystemServerTiming: OnBootPhase_500_com.android.server.restrictions.RestrictionsManagerService
04-15 17:05:13.082 540 540 V SystemServerTiming: OnBootPhase_500_com.android.server.restrictions.RestrictionsManagerService took to complete: 0ms
04-15 17:05:13.083 540 540 D SystemServerTiming: OnBootPhase_500_com.android.server.media.MediaSessionService
04-15 17:05:13.083 540 540 V SystemServerTiming: OnBootPhase_500_com.android.server.media.MediaSessionService took to complete: 0ms
04-15 17:05:13.083 540 540 D SystemServerTiming: OnBootPhase_500_com.android.server.media.MediaResourceMonitorService
04-15 17:05:13.083 540 540 V SystemServerTiming: OnBootPhase_500_com.android.server.media.MediaResourceMonitorService took to complete: 0ms
04-15 17:05:13.083 540 540 D SystemServerTiming: OnBootPhase_500_com.android.server.biometrics.sensors.face.FaceService
04-15 17:05:13.083 540 540 V SystemServerTiming: OnBootPhase_500_com.android.server.biometrics.sensors.face.FaceService took to complete: 0ms
04-15 17:05:13.083 540 540 D SystemServerTiming: OnBootPhase_500_com.android.server.biometrics.sensors.fingerprint.FingerprintService
04-15 17:05:13.083 540 540 V SystemServerTiming: OnBootPhase_500_com.android.server.biometrics.sensors.fingerprint.FingerprintService took to complete: 0ms
04-15 17:05:13.083 540 540 D SystemServerTiming: OnBootPhase_500_com.android.server.biometrics.BiometricService
04-15 17:05:13.083 540 540 V SystemServerTiming: OnBootPhase_500_com.android.server.biometrics.BiometricService took to complete: 0ms
04-15 17:05:13.084 540 540 D SystemServerTiming: OnBootPhase_500_com.android.server.biometrics.AuthService
