04-15 17:02:45.214 0 0 I dlkm_loader: Loaded kernel module /vendor/lib/modules/pulse8-cec.ko
04-15 17:02:45.215 0 0 I dlkm_loader: Loading module /vendor/lib/modules/rtc-test.ko with args ''
04-15 17:02:45.221 0 0 I rtc-test.0: registered as rtc1
04-15 17:02:45.228 0 0 I rtc-test.1: registered as rtc2
04-15 17:02:45.229 0 0 I rtc-test.2: registered as rtc3
04-15 17:02:45.229 0 0 I dlkm_loader: Loaded kernel module /vendor/lib/modules/rtc-test.ko
04-15 17:02:45.235 0 0 I dlkm_loader: Loading module /vendor/lib/modules/system_heap.ko with args ''
04-15 17:02:45.237 0 0 I e2fsck : Pass 4: Checking reference counts
04-15 17:02:45.242 0 0 I dlkm_loader: Loaded kernel module /vendor/lib/modules/system_heap.ko
04-15 17:02:45.243 0 0 I dlkm_loader: Loading module /vendor/lib/modules/test_meminit.ko with args ''
04-15 17:02:45.296 0 0 I test_meminit: all 10 tests in test_pages passed
04-15 17:02:45.311 0 0 I test_meminit: all 40 tests in test_kvmalloc passed
04-15 17:02:45.357 0 0 I e2fsck : Pass 5: Checking group summary information
04-15 17:02:45.423 0 0 I e2fsck : /dev/block/vdc: 39/393216 files (0.0% non-contiguous), 52372/1572864 blocks
04-15 17:02:45.451 0 0 I init : [libfs_mgr] superblock s_max_mnt_count:65535,/dev/block/vdc
04-15 17:02:45.451 0 0 W init : [libfs_mgr] Reserved blocks 32768 is too large; capping to 31457
04-15 17:02:45.452 0 0 I init : [libfs_mgr] Setting reserved block count on /dev/block/vdc to 31457
04-15 17:02:45.583 0 0 I tune2fs : tune2fs 1.46.6 (1-Feb-2023)
04-15 17:02:45.594 0 0 I tune2fs : Setting reserved blocks gid to 1065
04-15 17:02:45.594 0 0 I tune2fs : Setting reserved blocks count to 31457
04-15 17:02:45.637 0 0 I test_meminit: all 70 tests in test_kmemcache passed
04-15 17:02:45.640 0 0 I test_meminit: all 10 tests in test_rcu_persistent passed
04-15 17:02:45.640 0 0 I test_meminit: all 130 tests passed!
04-15 17:02:45.642 0 0 I dlkm_loader: Loaded kernel module /vendor/lib/modules/test_meminit.ko
04-15 17:02:45.643 0 0 I dlkm_loader: Loading module /vendor/lib/modules/usbip-core.ko with args ''
04-15 17:02:45.649 0 0 I init : [libfs_mgr] Enabling ext4 flags encrypt on /dev/block/vdc
04-15 17:02:45.659 0 0 I dlkm_loader: Loaded kernel module /vendor/lib/modules/usbip-core.ko
04-15 17:02:45.660 0 0 I dlkm_loader: Loading module /vendor/lib/modules/vhci-hcd.ko with args ''
04-15 17:02:45.666 0 0 I vhci_hcd.0: USB/IP Virtual Host Controller
04-15 17:02:45.666 0 0 I vhci_hcd.0: new USB bus registered, assigned bus number 2
04-15 17:02:45.674 0 0 I vhci_hcd: created sysfs vhci_hcd.0
04-15 17:02:45.674 0 0 I usb2 : New USB device found, idVendor=1d6b, idProduct=0002, bcdDevice= 6.01
04-15 17:02:45.675 0 0 I usb2 : New USB device strings: Mfr=3, Product=2, SerialNumber=1
04-15 17:02:45.675 0 0 I usb2 : Product: USB/IP Virtual Host Controller
04-15 17:02:45.675 0 0 I usb2 : Manufacturer: Linux 6.1.23-android14-4-00257-g7e35917775b8-ab9964412 vhci_hcd
04-15 17:02:45.675 0 0 I usb2 : SerialNumber: vhci_hcd.0
04-15 17:02:45.690 0 0 I hub 2-0 : 1.0: USB hub found
04-15 17:02:45.692 0 0 I hub 2-0 : 1.0: 8 ports detected
04-15 17:02:45.709 0 0 I vhci_hcd.0: USB/IP Virtual Host Controller
04-15 17:02:45.709 0 0 I vhci_hcd.0: new USB bus registered, assigned bus number 3
04-15 17:02:45.709 0 0 I usb3 : We don't know the algorithms for LPM for this host, disabling LPM.
04-15 17:02:45.709 0 0 I usb3 : New USB device found, idVendor=1d6b, idProduct=0003, bcdDevice= 6.01
04-15 17:02:45.709 0 0 I usb3 : New USB device strings: Mfr=3, Product=2, SerialNumber=1
04-15 17:02:45.709 0 0 I usb3 : Product: USB/IP Virtual Host Controller
04-15 17:02:45.709 0 0 I usb3 : Manufacturer: Linux 6.1.23-android14-4-00257-g7e35917775b8-ab9964412 vhci_hcd
04-15 17:02:45.709 0 0 I usb3 : SerialNumber: vhci_hcd.0
04-15 17:02:45.723 0 0 I hub 3-0 : 1.0: USB hub found
04-15 17:02:45.723 0 0 I hub 3-0 : 1.0: 8 ports detected
04-15 17:02:45.731 0 0 I dlkm_loader: Loaded kernel module /vendor/lib/modules/vhci-hcd.ko
04-15 17:02:45.731 0 0 I dlkm_loader: Loading module /vendor/lib/modules/virt_wifi.ko with args ''
04-15 17:02:45.762 0 0 I tune2fs : tune2fs 1.46.6 (1-Feb-2023)
04-15 17:02:45.773 0 0 I dlkm_loader: Loaded kernel module /vendor/lib/modules/virt_wifi.ko
04-15 17:02:45.774 0 0 I dlkm_loader: Loading module /vendor/lib/modules/virtio-gpu.ko with args ''
04-15 17:02:45.787 0 0 I init : [libfs_mgr] Enabling ext4 verity on /dev/block/vdc
04-15 17:02:45.794 0 0 I dlkm_loader: Loaded kernel module /vendor/lib/modules/virtio-gpu.ko
04-15 17:02:45.795 0 0 I dlkm_loader: Loading module /vendor/lib/modules/virtio_balloon.ko with args ''
04-15 17:02:45.834 0 0 I dlkm_loader: Loaded kernel module /vendor/lib/modules/virtio_balloon.ko
04-15 17:02:45.835 0 0 I dlkm_loader: Loading module /vendor/lib/modules/virtio_input.ko with args ''
04-15 17:02:45.865 0 0 I input : virtio_input_multi_touch_1 as /devices/pci0000:00/0000:00:0d.0/virtio10/input/input3
04-15 17:02:45.877 0 0 I tune2fs : tune2fs 1.46.6 (1-Feb-2023)
04-15 17:02:45.884 0 0 I input : virtio_input_multi_touch_2 as /devices/pci0000:00/0000:00:0e.0/virtio11/input/input4
04-15 17:02:45.895 0 0 I input : virtio_input_multi_touch_3 as /devices/pci0000:00/0000:00:0f.0/virtio12/input/input5
04-15 17:02:45.899 0 0 I input : virtio_input_multi_touch_4 as /devices/pci0000:00/0000:00:10.0/virtio13/input/input6
04-15 17:02:45.900 0 0 I input : virtio_input_multi_touch_5 as /devices/pci0000:00/0000:00:11.0/virtio14/input/input7
04-15 17:02:45.900 0 0 I input : virtio_input_multi_touch_6 as /devices/pci0000:00/0000:00:12.0/virtio15/input/input8
04-15 17:02:45.901 0 0 I input : virtio_input_multi_touch_7 as /devices/pci0000:00/0000:00:13.0/virtio16/input/input9
04-15 17:02:45.902 0 0 I input : virtio_input_multi_touch_8 as /devices/pci0000:00/0000:00:14.0/virtio17/input/input10
04-15 17:02:45.906 0 0 I init : [libfs_mgr] Enabling ext4 casefold on /dev/block/vdc
04-15 17:02:45.915 0 0 I input : virtio_input_multi_touch_9 as /devices/pci0000:00/0000:00:15.0/virtio18/input/input11
04-15 17:02:45.917 0 0 I input : virtio_input_multi_touch_10 as /devices/pci0000:00/0000:00:16.0/virtio19/input/input12
04-15 17:02:45.930 0 0 I input : virtio_input_multi_touch_11 as /devices/pci0000:00/0000:00:17.0/virtio20/input/input13
04-15 17:02:45.934 0 0 I dlkm_loader: Loaded kernel module /vendor/lib/modules/virtio_input.ko
04-15 17:02:45.935 0 0 I dlkm_loader: Loading module /vendor/lib/modules/virtio_net.ko with args ''
04-15 17:02:46.022 0 0 I tune2fs : tune2fs 1.46.6 (1-Feb-2023)
04-15 17:02:46.034 0 0 I dlkm_loader: Loaded kernel module /vendor/lib/modules/virtio_net.ko
04-15 17:02:46.035 0 0 I dlkm_loader: Loading module /vendor/lib/modules/virtio_pmem.ko with args ''
04-15 17:02:46.041 0 0 I tune2fs : Setting encoding to 'utf8'
04-15 17:02:46.045 0 0 I dlkm_loader: Loaded kernel module /vendor/lib/modules/virtio_pmem.ko
04-15 17:02:46.047 0 0 I dlkm_loader: Loading module /vendor/lib/modules/virtio_snd.ko with args ''
04-15 17:02:46.064 0 0 W EXT4-fs : Ignoring removed nomblk_io_submit option
04-15 17:02:46.067 0 0 I EXT4-fs (vdc): Using encoding defined by superblock: utf8-12.1.0 with flags 0x0
04-15 17:02:46.087 0 0 I dlkm_loader: Loaded kernel module /vendor/lib/modules/virtio_snd.ko
04-15 17:02:46.087 0 0 I dlkm_loader: module vkms is blocklisted
04-15 17:02:46.087 0 0 E dlkm_loader: LoadWithAliases was unable to load vkms
04-15 17:02:46.088 0 0 I dlkm_loader: module load count is 43
04-15 17:02:46.124 0 0 I EXT4-fs (vdc): mounted filesystem with ordered data mode. Quota mode: journalled.
04-15 17:02:46.124 0 0 I init : [libfs_mgr] __mount(source=/dev/block/vdc,target=/data,type=ext4)=0: Success
04-15 17:02:46.126 0 0 I : dlkm_loader (120) used greatest stack depth: 10784 bytes left
04-15 17:02:46.127 0 0 I EXT4-fs (vdc): unmounting filesystem.
04-15 17:02:46.151 0 0 I init : [libfs_mgr] umount_retry(): unmount(/data) succeeded
04-15 17:02:46.152 0 0 I init : Calling: /system/bin/vdc cryptfs encryptFstab /dev/block/vdc /data false ext4
04-15 17:02:46.236 0 0 D vdc : Waited 0ms for vold
04-15 17:02:46.231 144 144 D vold : fscrypt_mount_metadata_encrypted: /data encrypt: 1 format: 0 with ext4 block device: /dev/block/vdc and zoned device:
04-15 17:02:46.233 144 144 D vold : metadata_key_dir/key: /metadata/vold/metadata_encryption/key
04-15 17:02:46.235 144 144 D vold : Created directory /metadata/vold/metadata_encryption
04-15 17:02:46.237 144 144 D vold : Metadata key does not exist but ro.crypto.metadata_init_delete_all_keys.enabled is false
04-15 17:02:46.237 144 144 I vold : Creating new key in /metadata/vold/metadata_encryption/key
04-15 17:02:46.237 144 144 D vold : Generating standard storage key
04-15 17:02:46.252 144 144 D vold : Generating "key storage" key
04-15 17:02:46.258 156 156 I SELinux : SELinux: Loaded keystore2 context from:
04-15 17:02:46.258 156 156 I SELinux : /system/etc/selinux/plat_keystore2_key_contexts
04-15 17:02:46.268 156 156 E keystore2: system/security/keystore2/src/error.rs:180 - system/security/keystore2/src/security_level.rs:622
04-15 17:02:46.268 156 156 E keystore2:
04-15 17:02:46.268 156 156 E keystore2: Caused by:
04-15 17:02:46.268 156 156 E keystore2: 0: system/security/keystore2/src/security_level.rs:620: While generating Key without explicit attestation key.
04-15 17:02:46.268 156 156 E keystore2: 1: Error::Km(r#ROLLBACK_RESISTANCE_UNAVAILABLE)
04-15 17:02:46.270 144 144 E vold : keystore2 Keystore generateKey returned service specific error: -67
04-15 17:02:46.270 144 144 W vold : Failed to generate rollback-resistant key. This is expected if keystore doesn't support rollback resistance. Falling back to non-rollback-resistant key.
04-15 17:02:46.280 0 0 E vold : keystore2 Keystore generateKey returned service specific error: -67
04-15 17:02:46.281 0 0 W vold : Failed to generate rollback-resistant key. This is expected if keystore doesn't support rollback resistance. Falling back to non-rollback-resistant key.
04-15 17:02:46.302 144 144 D vold : Stored key /metadata/vold/metadata_encryption/key
04-15 17:02:46.309 144 144 D vold : encrypt_inplace(/dev/block/dm-38, /dev/block/vdc, 12582912)
04-15 17:02:46.316 144 144 D vold : ext4 filesystem has 48 block groups
04-15 17:02:46.317 144 144 I vold : Encrypting ext4 filesystem on /dev/block/vdc in-place via /dev/block/dm-38
04-15 17:02:46.317 144 144 I vold : 52372 blocks (214 MB) of 1572864 blocks are in-use
04-15 17:02:46.558 144 144 D vold : Encrypted 10000 of 52372 blocks
04-15 17:02:46.810 144 144 D vold : Encrypted 20000 of 52372 blocks
04-15 17:02:47.049 144 144 D vold : Encrypted 30000 of 52372 blocks
04-15 17:02:47.312 144 144 D vold : Encrypted 40000 of 52372 blocks
04-15 17:02:48.129 144 144 D vold : Encrypted 50000 of 52372 blocks
04-15 17:02:50.227 144 144 D vold : Encrypted 52372 of 52372 blocks
04-15 17:02:50.228 144 144 I vold : Successfully encrypted ext4 filesystem on /dev/block/vdc
04-15 17:02:50.336 144 144 D vold : Mounting metadata-encrypted filesystem:/data
04-15 17:02:50.340 144 144 I vold : [libfs_mgr] superblock s_max_mnt_count:65535,/dev/block/dm-38
04-15 17:02:50.351 0 0 W EXT4-fs : Ignoring removed nomblk_io_submit option
04-15 17:02:50.353 0 0 I EXT4-fs (dm-38): Using encoding defined by superblock: utf8-12.1.0 with flags 0x0
04-15 17:02:50.349 144 144 I vold : [libfs_mgr] check_fs(): mount(/dev/block/dm-38,/data,ext4)=0: Success
04-15 17:02:50.359 0 0 I EXT4-fs (dm-38): mounted filesystem with ordered data mode. Quota mode: journalled.
04-15 17:02:50.360 0 0 I EXT4-fs (dm-38): unmounting filesystem.
04-15 17:02:50.366 144 144 I vold : [libfs_mgr] umount_retry(): unmount(/data) succeeded
04-15 17:02:50.367 144 144 I vold : [libfs_mgr] Running /system/bin/e2fsck on /dev/block/dm-38
04-15 17:02:50.449 0 0 I e2fsck : e2fsck 1.46.6 (1-Feb-2023)
04-15 17:02:50.466 0 0 I e2fsck : /dev/block/dm-38: clean, 39/393216 files, 52372/1572864 blocks
04-15 17:02:50.463 144 144 W libc : Unable to set property "ro.boottime.init.fsck.data" to "119": error code: 0xb
04-15 17:02:50.473 0 0 E init : Unable to set property 'ro.boottime.init.fsck.data' from uid:0 gid:0 pid:144: Read-only property was already set
04-15 17:02:50.465 144 144 I vold : [libfs_mgr] superblock s_max_mnt_count:65535,/dev/block/dm-38
04-15 17:02:50.466 144 144 W vold : [libfs_mgr] Reserved blocks 32768 is too large; capping to 31457
04-15 17:02:50.476 0 0 W vold : [libfs_mgr] Reserved blocks 32768 is too large; capping to 31457
04-15 17:02:50.477 0 0 W EXT4-fs : Ignoring removed nomblk_io_submit option
04-15 17:02:50.478 0 0 I EXT4-fs (dm-38): Using encoding defined by superblock: utf8-12.1.0 with flags 0x0
04-15 17:02:50.472 144 144 I vold : [libfs_mgr] __mount(source=/dev/block/dm-38,target=/data,type=ext4)=0: Success
04-15 17:02:50.474 144 144 W libc : Unable to set property "ro.boottime.init.mount.data" to "6": error code: 0xb
04-15 17:02:50.474 144 144 D vold : Mounted /data
04-15 17:02:50.482 0 0 I EXT4-fs (dm-38): mounted filesystem with ordered data mode. Quota mode: journalled.
04-15 17:02:50.484 0 0 E init : Unable to set property 'ro.boottime.init.mount.data' from uid:0 gid:0 pid:144: Read-only property was already set
04-15 17:02:50.511 0 0 I init : Userdata mounted using /vendor/etc/fstab.ranchu result : 6
04-15 17:02:50.512 0 0 I init : Keyring created with id 96728658 in process 1
04-15 17:02:50.513 0 0 I init : Command 'mount_all /vendor/etc/fstab.ranchu --late' action=late-fs (/vendor/etc/init/hw/init.ranchu.rc:9) took 6040ms and succeeded
04-15 17:02:50.513 0 0 I init : Service 'vendor.dlkm_loader' (pid 120) exited with status 0 oneshot service took 10.302000 seconds in background
04-15 17:02:50.513 0 0 I init : Sending signal 9 to service 'vendor.dlkm_loader' (pid 120) process group...
04-15 17:02:50.514 0 0 I libprocessgroup: Successfully killed process cgroup uid 0 pid 120 in 0ms
04-15 17:02:50.794 0 0 I init : processing action (post-fs-data) from (/system/etc/init/hw/init.rc:678)
04-15 17:02:50.796 0 0 I init : starting service 'exec 5 (/system/bin/vdc checkpoint prepareCheckpoint)'...
04-15 17:02:50.815 0 0 I init : ... started service 'exec 5 (/system/bin/vdc checkpoint prepareCheckpoint)' has pid 192
04-15 17:02:50.815 0 0 I init : SVC_EXEC service 'exec 5 (/system/bin/vdc checkpoint prepareCheckpoint)' pid 192 (uid 1000 gid 1000+0 context default) started; waiting...
04-15 17:02:50.885 144 144 I Checkpoint: cp_prepareCheckpoint called
04-15 17:02:50.901 0 0 I init : Service 'exec 5 (/system/bin/vdc checkpoint prepareCheckpoint)' (pid 192) exited with status 0 waiting took 0.100000 seconds
04-15 17:02:50.901 0 0 I init : Sending signal 9 to service 'exec 5 (/system/bin/vdc checkpoint prepareCheckpoint)' (pid 192) process group...
04-15 17:02:50.901 0 0 I libprocessgroup: Successfully killed process cgroup uid 1000 pid 192 in 0ms
04-15 17:02:50.915 0 0 I init : starting service 'exec 6 (/system/bin/vdc --wait cryptfs enablefilecrypto)'...
04-15 17:02:50.943 0 0 I init : ... started service 'exec 6 (/system/bin/vdc --wait cryptfs enablefilecrypto)' has pid 193
04-15 17:02:50.944 0 0 I init : SVC_EXEC service 'exec 6 (/system/bin/vdc --wait cryptfs enablefilecrypto)' pid 193 (uid 0 gid 0+0 context default) started; waiting...
04-15 17:02:51.026 0 0 D vdc : Waited 0ms for vold
04-15 17:02:51.016 144 144 I vold : fscrypt_initialize_systemwide_keys
04-15 17:02:51.017 144 144 I vold : Creating new key in /data/unencrypted/key
04-15 17:02:51.017 144 144 D vold : Generating standard storage key
04-15 17:02:51.029 144 144 D vold : Generating "key storage" key
04-15 17:02:51.031 156 156 E keystore2: system/security/keystore2/src/error.rs:180 - system/security/keystore2/src/security_level.rs:622
04-15 17:02:51.031 156 156 E keystore2:
04-15 17:02:51.031 156 156 E keystore2: Caused by:
04-15 17:02:51.031 156 156 E keystore2: 0: system/security/keystore2/src/security_level.rs:620: While generating Key without explicit attestation key.
04-15 17:02:51.031 156 156 E keystore2: 1: Error::Km(r#ROLLBACK_RESISTANCE_UNAVAILABLE)
04-15 17:02:51.032 144 144 E vold : keystore2 Keystore generateKey returned service specific error: -67
04-15 17:02:51.034 144 144 W vold : Failed to generate rollback-resistant key. This is expected if keystore doesn't support rollback resistance. Falling back to non-rollback-resistant key.
04-15 17:02:51.044 0 0 E vold : keystore2 Keystore generateKey returned service specific error: -67
04-15 17:02:51.044 0 0 W vold : Failed to generate rollback-resistant key. This is expected if keystore doesn't support rollback resistance. Falling back to non-rollback-resistant key.
04-15 17:02:51.051 144 144 D vold : Stored key /data/unencrypted/key
04-15 17:02:51.054 144 144 D vold : Installed fscrypt key with ref 6e1f08607dfc6344cc21c398d57b65c2 to /data
04-15 17:02:51.054 144 144 D vold : Added fscrypt-provisioning key for 6e1f08607dfc6344cc21c398d57b65c2 to session keyring
04-15 17:02:51.061 144 144 I vold : Wrote system DE key reference to:/data/unencrypted/ref
04-15 17:02:51.061 144 144 D vold : Generating standard storage key
04-15 17:02:51.062 144 144 D vold : Installed fscrypt key with ref e2312db28ce3f0b25735acc5754b38b0 to /data
04-15 17:02:51.062 144 144 D vold : Added fscrypt-provisioning key for e2312db28ce3f0b25735acc5754b38b0 to session keyring
04-15 17:02:51.065 144 144 I vold : Wrote per boot key reference to:/data/unencrypted/per_boot_ref
04-15 17:02:51.081 0 0 I init : Service 'exec 6 (/system/bin/vdc --wait cryptfs enablefilecrypto)' (pid 193) exited with status 0 waiting took 0.161000 seconds
04-15 17:02:51.081 0 0 I init : Sending signal 9 to service 'exec 6 (/system/bin/vdc --wait cryptfs enablefilecrypto)' (pid 193) process group...
04-15 17:02:51.082 0 0 I libprocessgroup: Successfully killed process cgroup uid 0 pid 193 in 0ms
04-15 17:02:51.088 0 0 I init : Encryption policy of /data/bootchart set to 6e1f08607dfc6344cc21c398d57b65c2 v2 modes 1/4 flags 0x2
04-15 17:02:51.089 0 0 I fscrypt : AES-256-CTS-CBC using implementation "cts-cbc-aes-aesni"
04-15 17:02:51.091 0 0 I init : Command 'copy /data/system/entropy.dat /dev/urandom' action=post-fs-data (/system/etc/init/hw/init.rc:700) took 0ms and failed: Could not read input file '/data/system/entropy.dat': open() failed: No such file or directory
04-15 17:02:51.095 0 0 I init : Encryption policy of /data/vendor set to 6e1f08607dfc6344cc21c398d57b65c2 v2 modes 1/4 flags 0x2
04-15 17:02:51.099 0 0 I init : Encryption policy of /data/anr set to 6e1f08607dfc6344cc21c398d57b65c2 v2 modes 1/4 flags 0x2
04-15 17:02:51.101 0 0 I init : Encryption policy of /data/tombstones set to 6e1f08607dfc6344cc21c398d57b65c2 v2 modes 1/4 flags 0x2
04-15 17:02:51.105 0 0 I init : starting service 'tombstoned'...
04-15 17:02:51.107 0 0 I init : Created socket '/dev/socket/tombstoned_crash', mode 666, user 1000, group 1000
04-15 17:02:51.108 0 0 I init : Created socket '/dev/socket/tombstoned_intercept', mode 666, user 1000, group 1000
04-15 17:02:51.109 0 0 I init : Created socket '/dev/socket/tombstoned_java_trace', mode 666, user 1000, group 1000
04-15 17:02:51.144 0 0 I init : ... started service 'tombstoned' has pid 196
04-15 17:02:51.144 0 0 I init : Switched to default mount namespace
04-15 17:02:51.145 0 0 E init : Failed to set encryption policy of /data/misc to 6e1f08607dfc6344cc21c398d57b65c2 v2 modes 1/4 flags 0x2: Directory not empty
04-15 17:02:51.153 197 197 W init : type=1400 audit(0.0:4): avc: denied { execute_no_trans } for path="/vendor/bin/toybox_vendor" dev="dm-4" ino=222 scontext=u:r:init:s0 tcontext=u:object_r:vendor_toolbox_exec:s0 tclass=file permissive=0 bug=b/183668221
04-15 17:02:51.175 0 0 E logwrapper: executing ls failed: Permission denied
04-15 17:02:51.175 0 0 E logwrapper:
04-15 17:02:51.178 0 0 I ls : executing ls failed: Permission denied
04-15 17:02:51.179 0 0 I ls : ls terminated by exit(255)
04-15 17:02:51.179 0 0 I ls :
04-15 17:02:51.179 0 0 E init : ls -laZ /data/misc returned failure: 255
04-15 17:02:51.179 0 0 E init : Setting 6e1f08607dfc6344cc21c398d57b65c2 policy on /data/misc failed!
04-15 17:02:51.180 0 0 E init : Rebooting into recovery
04-15 17:02:51.187 0 0 I init : Command 'mkdir /data/misc 01771 system misc encryption=Require' action=post-fs-data (/system/etc/init/hw/init.rc:717) took 42ms and failed: Failed to set bootloader message: failed to find /misc partition
04-15 17:02:51.199 0 0 I init : starting service 'exec 7 (/system/bin/vdc keymaster earlyBootEnded)'...
04-15 17:02:51.242 0 0 I init : ... started service 'exec 7 (/system/bin/vdc keymaster earlyBootEnded)' has pid 198
04-15 17:02:51.243 0 0 I init : SVC_EXEC service 'exec 7 (/system/bin/vdc keymaster earlyBootEnded)' pid 198 (uid 1000 gid 1000+0 context default) started; waiting...
04-15 17:02:51.276 196 196 I tombstoned: tombstoned successfully initialized
04-15 17:02:51.328 144 144 I incfs : Initial API level of the device: 34
04-15 17:02:51.329 144 144 I incfs : ro.incremental.enable: yes
04-15 17:02:51.329 144 144 I incfs : isFsAvailable: true
04-15 17:02:51.330 144 144 I incfs : isFsAvailable: true
04-15 17:02:51.330 144 144 I incfs : IncFs_Features: v2
04-15 17:02:51.337 156 156 I keystore2: system/security/keystore2/src/maintenance.rs:206 - In early_boot_ended.
04-15 17:02:51.427 156 156 E keystore2: system/security/keystore2/src/keystore2_main.rs:69 - [SQLITE3] 17: statement aborts at 28: [CREATE TABLE IF NOT EXISTS persistent.version (
04-15 17:02:51.427 156 156 E keystore2: id INTEGER PRIMARY KEY,
04-15 17:02:51.427 156 156 E keystore2: version INTEGER);] database schema has changed
04-15 17:02:51.434 156 156 I keystore2: system/security/keystore2/src/globals.rs:66 - Touching Keystore 2.0 database for this first time since boot.
04-15 17:02:51.434 156 156 I keystore2: system/security/keystore2/src/globals.rs:68 - Calling cleanup leftovers.
04-15 17:02:51.445 156 156 I keystore2: system/security/keystore2/src/boot_level_keys.rs:57 - ro.keystore.boot_level_key.strategy not set, inferring from installed KM instances
04-15 17:02:51.445 156 156 I keystore2: system/security/keystore2/src/boot_level_keys.rs:115 - In get_level_zero_key: security_level=r#SOFTWARE, deny_later_strategy=EarlyBootOnly
04-15 17:02:51.481 156 156 I keystore2: system/security/keystore2/src/super_key.rs:293 - Starting boot level watcher.
04-15 17:02:51.482 156 156 I keystore2: system/security/keystore2/src/maintenance.rs:187 - Call to earlyBootEnded succeeded for security level TRUSTED_ENVIRONMENT.
04-15 17:02:51.488 156 200 I keystore2: system/security/keystore2/src/super_key.rs:325 - Read keystore.boot_level value 30
04-15 17:02:51.494 133 133 I hwservicemanager: getTransport: Cannot find entry android.hardware.keymaster@4.0::IKeymasterDevice/default in either framework or device VINTF manifest.
04-15 17:02:51.495 133 133 I hwservicemanager: getTransport: Cannot find entry android.hardware.keymaster@3.0::IKeymasterDevice/default in either framework or device VINTF manifest.
04-15 17:02:51.496 156 200 I keystore2: system/security/keystore2/src/super_key.rs:325 - Read keystore.boot_level value 30
04-15 17:02:51.497 156 156 E keystore2: system/security/keystore2/src/maintenance.rs:192 - Call to earlyBootEnded failed for security level STRONGBOX: system/security/keystore2/src/maintenance.rs:167: getting keymint device.
04-15 17:02:51.497 156 156 E keystore2: system/security/keystore2/src/error.rs:180 - system/security/keystore2/src/maintenance.rs:167: getting keymint device
04-15 17:02:51.497 156 156 E keystore2:
04-15 17:02:51.497 156 156 E keystore2: Caused by:
04-15 17:02:51.497 156 156 E keystore2: 0: system/security/keystore2/src/globals.rs:335: Cannot connect to Keymint
04-15 17:02:51.497 156 156 E keystore2: 1: system/security/keystore2/src/globals.rs:246: Trying to get Legacy wrapper.
04-15 17:02:51.497 156 156 E keystore2: 2: Error::Km(r#HARDWARE_TYPE_UNAVAILABLE)
04-15 17:02:51.498 144 144 E vold : keystore2 Keystore earlyBootEnded returned service specific error: -68
04-15 17:02:51.508 0 0 E vold : keystore2 Keystore earlyBootEnded returned service specific error: -68
04-15 17:02:51.515 0 0 I init : Service 'exec 7 (/system/bin/vdc keymaster earlyBootEnded)' (pid 198) exited with status 0 waiting took 0.307000 seconds
04-15 17:02:51.515 0 0 I init : Sending signal 9 to service 'exec 7 (/system/bin/vdc keymaster earlyBootEnded)' (pid 198) process group...
04-15 17:02:51.515 0 0 I libprocessgroup: Successfully killed process cgroup uid 1000 pid 198 in 0ms
04-15 17:02:51.520 0 0 I init : Encryption policy of /data/property set to 6e1f08607dfc6344cc21c398d57b65c2 v2 modes 1/4 flags 0x2
04-15 17:02:51.523 0 0 E init : Could not set 'ro.logd.size' to '2M' in /data/local.prop: Read-only property was already set
04-15 17:02:51.524 0 0 E init : Could not load single persistent property file, trying legacy directory: Unable to read persistent property file: open() failed: No such file or directory
04-15 17:02:51.525 0 0 I fscrypt : AES-256-XTS using implementation "xts-aes-aesni"
04-15 17:02:51.533 0 0 I init : Wait for property 'ro.persistent_properties.ready=true' took 3ms
04-15 17:02:51.533 0 0 I init : service 'logd' requested start, but it is already running (flags: 4)
04-15 17:02:51.535 0 0 I init : starting service 'logd-reinit'...
04-15 17:02:51.570 0 0 I init : ... started service 'logd-reinit' has pid 201
04-15 17:02:51.571 0 0 I init : Not setting encryption policy on: /data/apex
04-15 17:02:51.580 0 0 I init : Encryption policy of /data/apex/decompressed set to 6e1f08607dfc6344cc21c398d57b65c2 v2 modes 1/4 flags 0x2
04-15 17:02:51.596 0 0 I init : Encryption policy of /data/app-staging set to 6e1f08607dfc6344cc21c398d57b65c2 v2 modes 1/4 flags 0x2
04-15 17:02:51.606 0 0 I init : Encryption policy of /data/apex/ota_reserved set to 6e1f08607dfc6344cc21c398d57b65c2 v2 modes 1/4 flags 0x2
04-15 17:02:51.611 0 0 I init : starting service 'apexd'...
04-15 17:02:51.682 0 0 I init : ... started service 'apexd' has pid 202
04-15 17:02:51.683 0 0 I init : Command 'restart apexd' action=post-fs-data (/system/etc/init/hw/init.rc:770) took 72ms and succeeded
04-15 17:02:51.686 0 0 I init : Command 'copy /data/misc/recovery/ro.build.fingerprint /data/misc/recovery/ro.build.fingerprint.1' action=post-fs-data (/system/etc/init/hw/init.rc:774) took 0ms and failed: Could not read input file '/data/misc/recovery/ro.build.fingerprint': open() failed: No such file or directory
04-15 17:02:51.707 0 0 I init : Command 'copy /data/misc/recovery/proc/version /data/misc/recovery/proc/version.1' action=post-fs-data (/system/etc/init/hw/init.rc:781) took 0ms and failed: Could not read input file '/data/misc/recovery/proc/version': open() failed: No such file or directory
04-15 17:02:51.734 0 0 I logd : logd reinit
04-15 17:02:51.734 0 0 E logd : Cannot read /data/misc/logd/event-log-tags
04-15 17:02:51.742 0 0 E logd : FrameworkListener: read() failed (Connection reset by peer)
04-15 17:02:51.747 0 0 I init : Service 'logd-reinit' (pid 201) exited with status 0 oneshot service took 0.207000 seconds in background
04-15 17:02:51.747 0 0 I init : Sending signal 9 to service 'logd-reinit' (pid 201) process group...
04-15 17:02:51.748 0 0 I libprocessgroup: Successfully killed process cgroup uid 1036 pid 201 in 0ms
04-15 17:02:51.811 0 0 I init : Encryption policy of /data/local set to 6e1f08607dfc6344cc21c398d57b65c2 v2 modes 1/4 flags 0x2
04-15 17:02:51.871 0 0 I init : starting service 'exec 8 (/bin/rm -rf /data/misc/virtualizationservice)'...
04-15 17:02:51.923 0 0 I init : ... started service 'exec 8 (/bin/rm -rf /data/misc/virtualizationservice)' has pid 203
04-15 17:02:51.923 0 0 I init : SVC_EXEC service 'exec 8 (/bin/rm -rf /data/misc/virtualizationservice)' pid 203 (uid 1081 gid 1000+0 context default) started; waiting...
04-15 17:02:51.924 0 0 I init : Command 'exec - virtualizationservice system -- /bin/rm -rf /data/misc/virtualizationservice' action=post-fs-data (/system/etc/init/hw/init.rc:854) took 58ms and succeeded
04-15 17:02:51.930 0 0 I apexd : Scanning /system/apex for pre-installed ApexFiles
04-15 17:02:51.937 0 0 I apexd : Found pre-installed APEX /system/apex/com.android.permission.capex
04-15 17:02:51.952 0 0 I apexd : Found pre-installed APEX /system/apex/com.android.appsearch.capex
04-15 17:02:51.960 0 0 I apexd : Found pre-installed APEX /system/apex/com.android.sdkext.apex
04-15 17:02:51.972 0 0 I apexd : Found pre-installed APEX /system/apex/com.android.vndk.current.apex
04-15 17:02:51.973 0 0 I apexd : Found pre-installed APEX /system/apex/com.android.neuralnetworks.capex
04-15 17:02:51.979 0 0 I apexd : Found pre-installed APEX /system/apex/com.android.healthfitness.apex
04-15 17:02:51.981 0 0 I apexd : Found pre-installed APEX /system/apex/com.android.wifi.capex
04-15 17:02:51.986 0 0 I apexd : Found pre-installed APEX /system/apex/com.android.os.statsd.apex
04-15 17:02:51.988 0 0 I apexd : Found pre-installed APEX /system/apex/com.android.tethering.capex
04-15 17:02:51.989 0 0 I apexd : Found pre-installed APEX /system/apex/com.android.i18n.apex
04-15 17:02:51.995 0 0 I apexd : Found pre-installed APEX /system/apex/com.android.media.capex
04-15 17:02:51.996 0 0 I apexd : Found pre-installed APEX /system/apex/com.android.rkpd.apex
04-15 17:02:51.998 0 0 I apexd : Found pre-installed APEX /system/apex/com.android.adservices.capex
04-15 17:02:52.003 0 0 I apexd : Found pre-installed APEX /system/apex/com.android.mediaprovider.capex
04-15 17:02:52.004 0 0 I apexd : Found pre-installed APEX /system/apex/com.android.apex.cts.shim.apex
04-15 17:02:52.005 0 0 I apexd : Found pre-installed APEX /system/apex/com.android.media.swcodec.capex
04-15 17:02:52.011 0 0 I apexd : Found pre-installed APEX /system/apex/com.android.virt.apex
04-15 17:02:52.012 0 0 I apexd : Found pre-installed APEX /system/apex/com.android.cellbroadcast.capex
04-15 17:02:52.013 0 0 I apexd : Found pre-installed APEX /system/apex/com.android.conscrypt.capex
04-15 17:02:52.018 0 0 I apexd : Found pre-installed APEX /system/apex/com.android.adbd.capex
04-15 17:02:52.019 0 0 I apexd : Found pre-installed APEX /system/apex/com.android.scheduling.capex
04-15 17:02:52.020 0 0 I apexd : Found pre-installed APEX /system/apex/com.android.resolv.capex
04-15 17:02:52.021 0 0 I apexd : Found pre-installed APEX /system/apex/com.android.art.capex
04-15 17:02:52.027 0 0 I apexd : Found pre-installed APEX /system/apex/com.android.configinfrastructure.capex
04-15 17:02:52.028 0 0 I apexd : Found pre-installed APEX /system/apex/com.android.tzdata.apex
04-15 17:02:52.029 0 0 I apexd : Found pre-installed APEX /system/apex/com.android.extservices.capex
04-15 17:02:52.034 0 0 I apexd : Found pre-installed APEX /system/apex/com.android.btservices.apex
04-15 17:02:52.035 0 0 I apexd : Found pre-installed APEX /system/apex/com.android.runtime.apex
04-15 17:02:52.036 0 0 I apexd : Found pre-installed APEX /system/apex/com.android.devicelock.apex
04-15 17:02:52.038 0 0 I apexd : Found pre-installed APEX /system/apex/com.android.uwb.capex
04-15 17:02:52.047 0 0 I apexd : Found pre-installed APEX /system/apex/com.android.ipsec.capex
04-15 17:02:52.048 0 0 I apexd : Found pre-installed APEX /system/apex/com.android.ondevicepersonalization.capex
04-15 17:02:52.049 0 0 I apexd : Scanning /system_ext/apex for pre-installed ApexFiles
04-15 17:02:52.049 0 0 W apexd : /system_ext/apex does not exist. Skipping
04-15 17:02:52.049 0 0 I apexd : Scanning /product/apex for pre-installed ApexFiles
04-15 17:02:52.049 0 0 W apexd : /product/apex does not exist. Skipping
04-15 17:02:52.049 0 0 I apexd : Scanning /vendor/apex for pre-installed ApexFiles
04-15 17:02:52.050 0 0 W apexd : /vendor/apex does not exist. Skipping
04-15 17:02:52.052 0 0 I apexd : No block apex metadata partition found, not adding block apexes
04-15 17:02:52.052 0 0 I apexd : Populating APEX database from mounts...
04-15 17:02:52.054 0 0 I apexd : 0 packages restored.
04-15 17:02:52.059 0 0 I apexd : Marking APEXd as starting
04-15 17:02:52.063 0 0 I apexd : Scanning /metadata/apex/sessions looking for sessions to be activated.
04-15 17:02:52.064 0 0 I apexd : Scanning /data/apex/active for data ApexFiles
04-15 17:02:52.065 0 0 I apexd : Selecting APEX for activation
04-15 17:02:52.065 0 0 I apexd : Processing compressed APEX
04-15 17:02:52.065 0 0 I apexd : Processing compressed APEX /system/apex/com.android.permission.capex
04-15 17:02:52.071 0 0 I apexd : Decompressing/system/apex/com.android.permission.capex to /data/apex/decompressed/com.android.permission@342090000.decompressed.apex
04-15 17:02:52.192 0 0 I init : Service 'exec 8 (/bin/rm -rf /data/misc/virtualizationservice)' (pid 203) exited with status 0 waiting took 0.312000 seconds
04-15 17:02:52.192 0 0 I init : Sending signal 9 to service 'exec 8 (/bin/rm -rf /data/misc/virtualizationservice)' (pid 203) process group...
04-15 17:02:52.193 0 0 I libprocessgroup: Successfully killed process cgroup uid 1081 pid 203 in 0ms
04-15 17:02:52.199 0 0 I init : Not setting encryption policy on: /data/preloads
04-15 17:02:52.210 0 0 I init : Encryption policy of /data/app-private set to 6e1f08607dfc6344cc21c398d57b65c2 v2 modes 1/4 flags 0x2
04-15 17:02:52.220 0 0 I init : Encryption policy of /data/app-ephemeral set to 6e1f08607dfc6344cc21c398d57b65c2 v2 modes 1/4 flags 0x2
04-15 17:02:52.221 0 0 I init : Encryption policy of /data/app-asec set to 6e1f08607dfc6344cc21c398d57b65c2 v2 modes 1/4 flags 0x2
04-15 17:02:52.231 0 0 I init : Encryption policy of /data/app-lib set to 6e1f08607dfc6344cc21c398d57b65c2 v2 modes 1/4 flags 0x2
04-15 17:02:52.233 0 0 I init : Encryption policy of /data/app set to 6e1f08607dfc6344cc21c398d57b65c2 v2 modes 1/4 flags 0x2
04-15 17:02:52.243 0 0 I init : Encryption policy of /data/fonts set to 6e1f08607dfc6344cc21c398d57b65c2 v2 modes 1/4 flags 0x2
04-15 17:02:52.264 0 0 I init : Encryption policy of /data/dalvik-cache set to 6e1f08607dfc6344cc21c398d57b65c2 v2 modes 1/4 flags 0x2
04-15 17:02:52.268 0 0 I init : Encryption policy of /data/ota set to 6e1f08607dfc6344cc21c398d57b65c2 v2 modes 1/4 flags 0x2
04-15 17:02:52.274 0 0 I init : Encryption policy of /data/ota_package set to 6e1f08607dfc6344cc21c398d57b65c2 v2 modes 1/4 flags 0x2
04-15 17:02:52.276 0 0 I init : Encryption policy of /data/resource-cache set to 6e1f08607dfc6344cc21c398d57b65c2 v2 modes 1/4 flags 0x2
04-15 17:02:52.277 0 0 I init : Not setting encryption policy on: /data/lost+found
04-15 17:02:52.279 0 0 I init : Encryption policy of /data/drm set to 6e1f08607dfc6344cc21c398d57b65c2 v2 modes 1/4 flags 0x2
04-15 17:02:52.281 0 0 I init : Encryption policy of /data/mediadrm set to 6e1f08607dfc6344cc21c398d57b65c2 v2 modes 1/4 flags 0x2
04-15 17:02:52.291 0 0 I init : Encryption policy of /data/nfc set to 6e1f08607dfc6344cc21c398d57b65c2 v2 modes 1/4 flags 0x2
04-15 17:02:52.294 0 0 I init : Encryption policy of /data/backup set to 6e1f08607dfc6344cc21c398d57b65c2 v2 modes 1/4 flags 0x2
04-15 17:02:52.303 0 0 I init : Encryption policy of /data/ss set to 6e1f08607dfc6344cc21c398d57b65c2 v2 modes 1/4 flags 0x2
04-15 17:02:52.305 0 0 I init : Encryption policy of /data/system set to 6e1f08607dfc6344cc21c398d57b65c2 v2 modes 1/4 flags 0x2
04-15 17:02:52.326 0 0 I init : Not setting encryption policy on: /data/media
04-15 17:02:52.328 0 0 I init : Not setting encryption policy on: /data/misc_ce
04-15 17:02:52.329 0 0 I init : Not setting encryption policy on: /data/misc_de
04-15 17:02:52.330 0 0 I init : Not setting encryption policy on: /data/system_ce
04-15 17:02:52.333 0 0 I init : Not setting encryption policy on: /data/system_de
04-15 17:02:52.339 0 0 I init : Not setting encryption policy on: /data/user
04-15 17:02:52.340 0 0 I init : Not setting encryption policy on: /data/user_de
04-15 17:02:52.341 0 0 I init : Not setting encryption policy on: /data/vendor_ce
04-15 17:02:52.342 0 0 I init : Not setting encryption policy on: /data/vendor_de
04-15 17:02:52.348 0 0 I init : starting service 'exec 9 (/system/bin/chattr +F /data/media)'...
04-15 17:02:52.387 0 0 I init : ... started service 'exec 9 (/system/bin/chattr +F /data/media)' has pid 204
04-15 17:02:52.387 0 0 I init : SVC_EXEC service 'exec 9 (/system/bin/chattr +F /data/media)' pid 204 (uid 1023 gid 1023+0 context default) started; waiting...
04-15 17:02:52.591 0 0 I init : Service 'exec 9 (/system/bin/chattr +F /data/media)' (pid 204) exited with status 0 waiting took 0.238000 seconds
04-15 17:02:52.591 0 0 I init : Sending signal 9 to service 'exec 9 (/system/bin/chattr +F /data/media)' (pid 204) process group...
04-15 17:02:52.592 0 0 I libprocessgroup: Successfully killed process cgroup uid 1023 pid 204 in 0ms
04-15 17:02:52.683 0 0 I init : Encryption policy of /data/cache set to 6e1f08607dfc6344cc21c398d57b65c2 v2 modes 1/4 flags 0x2
04-15 17:02:52.704 0 0 I init : Encryption policy of /data/rollback set to 6e1f08607dfc6344cc21c398d57b65c2 v2 modes 1/4 flags 0x2
04-15 17:02:52.715 0 0 I init : Encryption policy of /data/rollback-observer set to 6e1f08607dfc6344cc21c398d57b65c2 v2 modes 1/4 flags 0x2
04-15 17:02:52.718 0 0 I init : Encryption policy of /data/rollback-history set to 6e1f08607dfc6344cc21c398d57b65c2 v2 modes 1/4 flags 0x2
04-15 17:02:52.726 0 0 I init : Encryption policy of /data/incremental set to 6e1f08607dfc6344cc21c398d57b65c2 v2 modes 1/4 flags 0x2
04-15 17:02:52.795 0 0 I apexd : Processing compressed APEX /system/apex/com.android.art.capex
04-15 17:02:52.796 0 0 I apexd : Decompressing/system/apex/com.android.art.capex to /data/apex/decompressed/com.android.art@342090000.decompressed.apex
04-15 17:02:53.636 0 0 I apexd : Processing compressed APEX /system/apex/com.android.wifi.capex
04-15 17:02:53.637 0 0 I apexd : Decompressing/system/apex/com.android.wifi.capex to /data/apex/decompressed/com.android.wifi@342090000.decompressed.apex
04-15 17:02:53.853 0 0 I apexd : Processing compressed APEX /system/apex/com.android.appsearch.capex
04-15 17:02:53.854 0 0 I apexd : Decompressing/system/apex/com.android.appsearch.capex to /data/apex/decompressed/com.android.appsearch@342090000.decompressed.apex
04-15 17:02:53.954 0 0 I apexd : Processing compressed APEX /system/apex/com.android.media.capex
04-15 17:02:53.955 0 0 I apexd : Decompressing/system/apex/com.android.media.capex to /data/apex/decompressed/com.android.media@342090000.decompressed.apex
04-15 17:02:54.102 0 0 I apexd : Processing compressed APEX /system/apex/com.android.adservices.capex
04-15 17:02:54.103 0 0 I apexd : Decompressing/system/apex/com.android.adservices.capex to /data/apex/decompressed/com.android.adservices@342090000.decompressed.apex
04-15 17:02:54.746 0 0 I apexd : Processing compressed APEX /system/apex/com.android.cellbroadcast.capex
04-15 17:02:54.747 0 0 I apexd : Decompressing/system/apex/com.android.cellbroadcast.capex to /data/apex/decompressed/com.android.cellbroadcast@342090000.decompressed.apex
04-15 17:02:55.069 0 0 I apexd : Processing compressed APEX /system/apex/com.android.neuralnetworks.capex
04-15 17:02:55.070 0 0 I apexd : Decompressing/system/apex/com.android.neuralnetworks.capex to /data/apex/decompressed/com.android.neuralnetworks@342090000.decompressed.apex
04-15 17:02:55.224 0 0 I apexd : Processing compressed APEX /system/apex/com.android.adbd.capex
04-15 17:02:55.224 0 0 I apexd : Decompressing/system/apex/com.android.adbd.capex to /data/apex/decompressed/com.android.adbd@342090000.decompressed.apex
04-15 17:02:55.394 0 0 I apexd : Processing compressed APEX /system/apex/com.android.media.swcodec.capex
04-15 17:02:55.394 0 0 I apexd : Decompressing/system/apex/com.android.media.swcodec.capex to /data/apex/decompressed/com.android.media.swcodec@342090000.decompressed.apex
04-15 17:02:56.093 0 0 I apexd : Processing compressed APEX /system/apex/com.android.tethering.capex
04-15 17:02:56.095 0 0 I apexd : Decompressing/system/apex/com.android.tethering.capex to /data/apex/decompressed/com.android.tethering@342090000.decompressed.apex
04-15 17:02:56.602 0 0 I apexd : Processing compressed APEX /system/apex/com.android.uwb.capex
04-15 17:02:56.603 0 0 I apexd : Decompressing/system/apex/com.android.uwb.capex to /data/apex/decompressed/com.android.uwb@342090000.decompressed.apex
04-15 17:02:56.720 0 0 I apexd : Processing compressed APEX /system/apex/com.android.extservices.capex
04-15 17:02:56.721 0 0 I apexd : Decompressing/system/apex/com.android.extservices.capex to /data/apex/decompressed/com.android.extservices@342090000.decompressed.apex
04-15 17:02:56.966 0 0 I apexd : Processing compressed APEX /system/apex/com.android.conscrypt.capex
04-15 17:02:56.967 0 0 I apexd : Decompressing/system/apex/com.android.conscrypt.capex to /data/apex/decompressed/com.android.conscrypt@342090000.decompressed.apex
04-15 17:02:57.182 0 0 I apexd : Processing compressed APEX /system/apex/com.android.scheduling.capex
04-15 17:02:57.183 0 0 I apexd : Decompressing/system/apex/com.android.scheduling.capex to /data/apex/decompressed/com.android.scheduling@342090000.decompressed.apex
04-15 17:02:57.211 0 0 I apexd : Processing compressed APEX /system/apex/com.android.mediaprovider.capex
04-15 17:02:57.212 0 0 I apexd : Decompressing/system/apex/com.android.mediaprovider.capex to /data/apex/decompressed/com.android.mediaprovider@342090000.decompressed.apex
04-15 17:02:57.572 0 0 I apexd : Processing compressed APEX /system/apex/com.android.ondevicepersonalization.capex
04-15 17:02:57.573 0 0 I apexd : Decompressing/system/apex/com.android.ondevicepersonalization.capex to /data/apex/decompressed/com.android.ondevicepersonalization@342090000.decompressed.apex
04-15 17:02:57.652 0 0 I apexd : Processing compressed APEX /system/apex/com.android.ipsec.capex
04-15 17:02:57.653 0 0 I apexd : Decompressing/system/apex/com.android.ipsec.capex to /data/apex/decompressed/com.android.ipsec@342090000.decompressed.apex
04-15 17:02:57.683 0 0 I apexd : Processing compressed APEX /system/apex/com.android.resolv.capex
04-15 17:02:57.683 0 0 I apexd : Decompressing/system/apex/com.android.resolv.capex to /data/apex/decompressed/com.android.resolv@342090000.decompressed.apex
04-15 17:02:57.874 0 0 I apexd : Processing compressed APEX /system/apex/com.android.configinfrastructure.capex
04-15 17:02:57.878 0 0 I apexd : Decompressing/system/apex/com.android.configinfrastructure.capex to /data/apex/decompressed/com.android.configinfrastructure@342090000.decompressed.apex
04-15 17:02:57.938 0 0 I loop4 : detected capacity change from 0 to 1544
04-15 17:02:57.940 0 0 I loop5 : detected capacity change from 0 to 50960
04-15 17:02:57.950 0 0 I loop6 : detected capacity change from 0 to 71872
04-15 17:02:57.958 0 0 I loop7 : detected capacity change from 0 to 52360
04-15 17:02:57.962 0 0 I loop8 : detected capacity change from 0 to 21688
04-15 17:02:57.964 0 0 I EXT4-fs (loop5): mounted filesystem without journal. Quota mode: none.
04-15 17:02:57.965 0 0 I apexd : Successfully mounted package /system/apex/com.android.btservices.apex on /apex/com.android.btservices@342090000 duration=48
04-15 17:02:57.974 0 0 I loop9 : detected capacity change from 0 to 2192
04-15 17:02:58.018 0 0 I loop10 : detected capacity change from 0 to 11672
04-15 17:02:58.035 0 0 I loop11 : detected capacity change from 0 to 1616
04-15 17:02:58.050 0 0 I loop12 : detected capacity change from 0 to 8944
04-15 17:02:58.055 0 0 I EXT4-fs (loop9): mounted filesystem without journal. Quota mode: none.
04-15 17:02:58.055 0 0 I apexd : Successfully mounted package /system/apex/com.android.rkpd.apex on /apex/com.android.rkpd@1 duration=136
04-15 17:02:58.065 0 0 I loop13 : detected capacity change from 0 to 6288
04-15 17:02:58.095 0 0 I EXT4-fs (loop7): mounted filesystem without journal. Quota mode: none.
04-15 17:02:58.095 0 0 I apexd : Successfully mounted package /system/apex/com.android.vndk.current.apex on /apex/com.android.vndk.v34@1 duration=177
04-15 17:02:58.126 0 0 I EXT4-fs (loop8): mounted filesystem without journal. Quota mode: none.
04-15 17:02:58.127 0 0 I apexd : Successfully mounted package /system/apex/com.android.healthfitness.apex on /apex/com.android.healthfitness@342090000 duration=208
04-15 17:02:58.179 0 0 I EXT4-fs (loop4): mounted filesystem without journal. Quota mode: none.
04-15 17:02:58.179 0 0 I apexd : Successfully mounted package /system/apex/com.android.sdkext.apex on /apex/com.android.sdkext@342090000 duration=267
04-15 17:02:58.195 0 0 I EXT4-fs (loop6): mounted filesystem without journal. Quota mode: none.
04-15 17:02:58.195 0 0 I apexd : Successfully mounted package /system/apex/com.android.i18n.apex on /apex/com.android.i18n@1 duration=278
04-15 17:02:58.223 0 0 I EXT4-fs (loop13): mounted filesystem without journal. Quota mode: none.
04-15 17:02:58.223 0 0 I apexd : Successfully mounted package /system/apex/com.android.os.statsd.apex on /apex/com.android.os.statsd@342090000 duration=304
04-15 17:02:58.233 0 0 I EXT4-fs (loop11): mounted filesystem without journal. Quota mode: none.
04-15 17:02:58.233 0 0 I apexd : Successfully mounted package /system/apex/com.android.tzdata.apex on /apex/com.android.tzdata@342090000 duration=312
04-15 17:02:58.243 0 0 I EXT4-fs (loop12): mounted filesystem without journal. Quota mode: none.
04-15 17:02:58.244 0 0 I apexd : Successfully mounted package /system/apex/com.android.runtime.apex on /apex/com.android.runtime@1 duration=322
04-15 17:02:58.294 0 0 I EXT4-fs (loop10): mounted filesystem without journal. Quota mode: none.
04-15 17:02:58.295 0 0 I apexd : Successfully mounted package /system/apex/com.android.devicelock.apex on /apex/com.android.devicelock@1 duration=375
04-15 17:02:58.502 0 0 I loop14 : detected capacity change from 0 to 31552
04-15 17:02:58.520 0 0 I device-mapper: verity: sha256 using implementation "sha256-ssse3"
04-15 17:02:58.589 0 0 I EXT4-fs (dm-21): mounted filesystem without journal. Quota mode: none.
04-15 17:02:58.589 0 0 I apexd : Successfully mounted package /data/apex/decompressed/com.android.cellbroadcast@342090000.decompressed.apex on /apex/com.android.cellbroadcast@342090000 duration=666
04-15 17:02:58.602 0 0 I loop15 : detected capacity change from 0 to 7424
04-15 17:02:58.636 0 0 I device-mapper: verity: sha256 using implementation "sha256-ssse3"
04-15 17:02:58.704 0 0 I EXT4-fs (dm-30): mounted filesystem without journal. Quota mode: none.
04-15 17:02:58.705 0 0 I apexd : Successfully mounted package /data/apex/decompressed/com.android.appsearch@342090000.decompressed.apex on /apex/com.android.appsearch@342090000 duration=782
04-15 17:02:58.721 0 0 I loop16 : detected capacity change from 0 to 11344
04-15 17:02:58.723 0 0 I loop17 : detected capacity change from 0 to 536
04-15 17:02:58.726 0 0 I loop18 : detected capacity change from 0 to 648
04-15 17:02:58.742 0 0 I loop19 : detected capacity change from 0 to 36680
04-15 17:02:58.758 0 0 I loop20 : detected capacity change from 0 to 64992
04-15 17:02:58.767 0 0 I device-mapper: verity: sha256 using implementation "sha256-ssse3"
04-15 17:02:58.770 0 0 I EXT4-fs (loop17): mounted filesystem without journal. Quota mode: none.
04-15 17:02:58.771 0 0 I apexd : Successfully mounted package /system/apex/com.android.apex.cts.shim.apex on /apex/com.android.apex.cts.shim@1 duration=850
04-15 17:02:58.786 0 0 I device-mapper: verity: sha256 using implementation "sha256-ssse3"
04-15 17:02:58.799 0 0 I device-mapper: verity: sha256 using implementation "sha256-ssse3"
04-15 17:02:58.815 0 0 I EXT4-fs (loop18): mounted filesystem without journal. Quota mode: none.
04-15 17:02:58.815 0 0 I apexd : Successfully mounted package /system/apex/com.android.virt.apex on /apex/com.android.virt@2 duration=894
04-15 17:02:58.842 0 0 I EXT4-fs (dm-36): mounted filesystem without journal. Quota mode: none.
04-15 17:02:58.843 0 0 I apexd : Successfully mounted package /data/apex/decompressed/com.android.art@342090000.decompressed.apex on /apex/com.android.art@342090000 duration=921
04-15 17:02:58.859 0 0 I EXT4-fs (dm-37): mounted filesystem without journal. Quota mode: none.
04-15 17:02:58.859 0 0 I apexd : Successfully mounted package /data/apex/decompressed/com.android.permission@342090000.decompressed.apex on /apex/com.android.permission@342090000 duration=937
04-15 17:02:58.879 0 0 I EXT4-fs (dm-27): mounted filesystem without journal. Quota mode: none.
04-15 17:02:58.879 0 0 I apexd : Successfully mounted package /data/apex/decompressed/com.android.media@342090000.decompressed.apex on /apex/com.android.media@342090000 duration=956
04-15 17:02:59.081 0 0 I loop21 : detected capacity change from 0 to 45144
04-15 17:02:59.101 0 0 I device-mapper: verity: sha256 using implementation "sha256-ssse3"
04-15 17:02:59.163 0 0 I EXT4-fs (dm-23): mounted filesystem without journal. Quota mode: none.
04-15 17:02:59.164 0 0 I apexd : Successfully mounted package /data/apex/decompressed/com.android.adservices@342090000.decompressed.apex on /apex/com.android.adservices@342090000 duration=1241
04-15 17:02:59.185 0 0 I loop22 : detected capacity change from 0 to 12792
04-15 17:02:59.212 0 0 I device-mapper: verity: sha256 using implementation "sha256-ssse3"
04-15 17:02:59.269 0 0 I EXT4-fs (dm-17): mounted filesystem without journal. Quota mode: none.
04-15 17:02:59.270 0 0 I apexd : Successfully mounted package /data/apex/decompressed/com.android.adbd@342090000.decompressed.apex on /apex/com.android.adbd@342090000 duration=1346
04-15 17:02:59.291 0 0 I loop23 : detected capacity change from 0 to 10520
04-15 17:02:59.315 0 0 I device-mapper: verity: sha256 using implementation "sha256-ssse3"
04-15 17:02:59.359 0 0 I EXT4-fs (dm-20): mounted filesystem without journal. Quota mode: none.
04-15 17:02:59.359 0 0 I apexd : Successfully mounted package /data/apex/decompressed/com.android.neuralnetworks@342090000.decompressed.apex on /apex/com.android.neuralnetworks@342090000 duration=1436
04-15 17:02:59.577 0 0 I loop24 : detected capacity change from 0 to 55672
