04-15 17:05:13.085 540 540 V SystemServerTiming: OnBootPhase_500_com.android.server.biometrics.AuthService took to complete: 0ms
04-15 17:05:13.085 540 540 D SystemServerTiming: OnBootPhase_500_com.android.server.pm.ShortcutService$Lifecycle
04-15 17:05:13.085 540 540 V SystemServerTiming: OnBootPhase_500_com.android.server.pm.ShortcutService$Lifecycle took to complete: 0ms
04-15 17:05:13.085 540 540 D SystemServerTiming: OnBootPhase_500_com.android.server.pm.LauncherAppsService
04-15 17:05:13.085 540 540 V SystemServerTiming: OnBootPhase_500_com.android.server.pm.LauncherAppsService took to complete: 0ms
04-15 17:05:13.085 540 540 D SystemServerTiming: OnBootPhase_500_com.android.server.pm.CrossProfileAppsService
04-15 17:05:13.085 540 540 V SystemServerTiming: OnBootPhase_500_com.android.server.pm.CrossProfileAppsService took to complete: 0ms
04-15 17:05:13.085 540 540 D SystemServerTiming: OnBootPhase_500_com.android.server.people.PeopleService
04-15 17:05:13.093 540 813 D WifiConfigStore: Writing to stores completed in 39 ms.
04-15 17:05:13.111 0 0 I servicemanager: Found android.hardware.wifi.IWifi/default in device VINTF manifest.
04-15 17:05:13.102 540 815 I WifiContext: Got resolveInfos for com.android.server.wifi.intent.action.SERVICE_WIFI_RESOURCES_APK: [ResolveInfo{ea59ca7 com.android.wifi.resources/android.app.Activity m=0x108000 userHandle=UserHandle{0}}]
04-15 17:05:13.103 540 815 I WifiContext: Found Wifi Resources APK at: com.android.wifi.resources
04-15 17:05:13.108 540 813 I WifiHalAidlImpl: Service is already initialized
04-15 17:05:13.110 540 540 V SystemServerTiming: OnBootPhase_500_com.android.server.people.PeopleService took to complete: 25ms
04-15 17:05:13.110 540 540 D SystemServerTiming: OnBootPhase_500_com.android.server.media.metrics.MediaMetricsManagerService
04-15 17:05:13.110 540 540 V SystemServerTiming: OnBootPhase_500_com.android.server.media.metrics.MediaMetricsManagerService took to complete: 0ms
04-15 17:05:13.110 540 540 D SystemServerTiming: OnBootPhase_500_com.android.server.pm.BackgroundInstallControlService
04-15 17:05:13.111 540 540 V SystemServerTiming: OnBootPhase_500_com.android.server.pm.BackgroundInstallControlService took to complete: 0ms
04-15 17:05:13.111 540 540 D SystemServerTiming: OnBootPhase_500_com.android.server.media.projection.MediaProjectionManagerService
04-15 17:05:13.111 540 540 V SystemServerTiming: OnBootPhase_500_com.android.server.media.projection.MediaProjectionManagerService took to complete: 0ms
04-15 17:05:13.111 540 540 D SystemServerTiming: OnBootPhase_500_com.android.server.slice.SliceManagerService$Lifecycle
04-15 17:05:13.111 540 540 V SystemServerTiming: OnBootPhase_500_com.android.server.slice.SliceManagerService$Lifecycle took to complete: 0ms
04-15 17:05:13.111 540 540 D SystemServerTiming: OnBootPhase_500_com.android.server.stats.StatsCompanion$Lifecycle
04-15 17:05:13.111 540 540 V SystemServerTiming: OnBootPhase_500_com.android.server.stats.StatsCompanion$Lifecycle took to complete: 0ms
04-15 17:05:13.111 540 540 D SystemServerTiming: OnBootPhase_500_com.android.server.scheduling.RebootReadinessManagerService$Lifecycle
04-15 17:05:13.111 540 540 V SystemServerTiming: OnBootPhase_500_com.android.server.scheduling.RebootReadinessManagerService$Lifecycle took to complete: 0ms
04-15 17:05:13.111 540 540 D SystemServerTiming: OnBootPhase_500_com.android.server.stats.pull.StatsPullAtomService
04-15 17:05:13.115 540 540 V SystemServerTiming: OnBootPhase_500_com.android.server.stats.pull.StatsPullAtomService took to complete: 3ms
04-15 17:05:13.115 540 540 D SystemServerTiming: OnBootPhase_500_com.android.server.stats.bootstrap.StatsBootstrapAtomService$Lifecycle
04-15 17:05:13.115 540 540 V SystemServerTiming: OnBootPhase_500_com.android.server.stats.bootstrap.StatsBootstrapAtomService$Lifecycle took to complete: 0ms
04-15 17:05:13.137 540 540 D SystemServerTiming: OnBootPhase_500_com.android.server.incident.IncidentCompanionService
04-15 17:05:13.137 540 540 V SystemServerTiming: OnBootPhase_500_com.android.server.incident.IncidentCompanionService took to complete: 0ms
04-15 17:05:13.137 540 540 D SystemServerTiming: OnBootPhase_500_com.android.server.sdksandbox.SdkSandboxManagerService$Lifecycle
04-15 17:05:13.138 540 540 V SystemServerTiming: OnBootPhase_500_com.android.server.sdksandbox.SdkSandboxManagerService$Lifecycle took to complete: 0ms
04-15 17:05:13.138 540 540 D SystemServerTiming: OnBootPhase_500_com.android.server.adservices.AdServicesManagerService$Lifecycle
04-15 17:05:13.138 540 540 V SystemServerTiming: OnBootPhase_500_com.android.server.adservices.AdServicesManagerService$Lifecycle took to complete: 0ms
04-15 17:05:13.138 540 540 D SystemServerTiming: OnBootPhase_500_com.android.server.ondevicepersonalization.OnDevicePersonalizationSystemService$Lifecycle
04-15 17:05:13.138 540 540 V SystemServerTiming: OnBootPhase_500_com.android.server.ondevicepersonalization.OnDevicePersonalizationSystemService$Lifecycle took to complete: 0ms
04-15 17:05:13.138 540 540 D SystemServerTiming: OnBootPhase_500_com.android.server.MmsServiceBroker
04-15 17:05:13.138 540 540 V SystemServerTiming: OnBootPhase_500_com.android.server.MmsServiceBroker took to complete: 0ms
04-15 17:05:13.138 540 540 D SystemServerTiming: OnBootPhase_500_com.android.server.autofill.AutofillManagerService
04-15 17:05:13.139 540 540 V SystemServerTiming: OnBootPhase_500_com.android.server.autofill.AutofillManagerService took to complete: 0ms
04-15 17:05:13.139 540 540 D SystemServerTiming: OnBootPhase_500_com.android.server.credentials.CredentialManagerService
04-15 17:05:13.139 540 540 V SystemServerTiming: OnBootPhase_500_com.android.server.credentials.CredentialManagerService took to complete: 0ms
04-15 17:05:13.139 540 540 D SystemServerTiming: OnBootPhase_500_com.android.server.selectiontoolbar.SelectionToolbarManagerService
04-15 17:05:13.139 540 540 V SystemServerTiming: OnBootPhase_500_com.android.server.selectiontoolbar.SelectionToolbarManagerService took to complete: 0ms
04-15 17:05:13.139 540 540 D SystemServerTiming: OnBootPhase_500_com.android.server.clipboard.ClipboardService
04-15 17:05:13.139 540 540 V SystemServerTiming: OnBootPhase_500_com.android.server.clipboard.ClipboardService took to complete: 0ms
04-15 17:05:13.139 540 540 D SystemServerTiming: OnBootPhase_500_com.android.server.appbinding.AppBindingService$Lifecycle
04-15 17:05:13.146 355 871 I android.hardware.wifi-service: Wifi HAL started
04-15 17:05:13.172 540 540 V SystemServerTiming: OnBootPhase_500_com.android.server.appbinding.AppBindingService$Lifecycle took to complete: 0ms
04-15 17:05:13.173 540 540 D SystemServerTiming: OnBootPhase_500_com.android.server.tracing.TracingServiceProxy
04-15 17:05:13.173 540 540 V SystemServerTiming: OnBootPhase_500_com.android.server.tracing.TracingServiceProxy took to complete: 0ms
04-15 17:05:13.173 540 540 V SystemServerTiming: OnBootPhase_500 took to complete: 956ms
04-15 17:05:13.173 540 540 V SystemServerTiming: StartBootPhaseSystemServicesReady took to complete: 956ms
04-15 17:05:13.173 540 540 D SystemServerTiming: MakeWindowManagerServiceReady
04-15 17:05:13.194 540 540 V SystemServerTiming: MakeWindowManagerServiceReady took to complete: 21ms
04-15 17:05:13.194 540 540 D SystemServerTiming: RegisterLogMteState
04-15 17:05:13.195 540 540 V SystemServerTiming: RegisterLogMteState took to complete: 1ms
04-15 17:05:13.217 540 540 D SystemServerTiming: StartPermissionPolicyService
04-15 17:05:13.225 540 813 E WifiChipAidlImpl: getMode failed with service-specific exception: android.os.ServiceSpecificException: (code 5)
04-15 17:05:13.245 540 540 I SystemServiceManager: Starting com.android.server.policy.PermissionPolicyService
04-15 17:05:13.253 0 0 I servicemanager: Found android.hardware.health.IHealth/default in device VINTF manifest.
04-15 17:05:13.254 355 871 W android.hardware.wifi-service: No active wlan interfaces in use! Using default
04-15 17:05:13.255 355 871 E android.hardware.wifi-service: Unknown iface name: wlan0
04-15 17:05:13.255 355 871 E android.hardware.wifi-service: Unknown iface name: wlan0
04-15 17:05:13.289 540 813 I WifiVendorHal: Vendor Hal started successfully
04-15 17:05:13.290 540 571 I HealthServiceWrapperAidl: health: HealthServiceWrapper listening to AIDL HAL
04-15 17:05:13.303 0 0 I servicemanager: Found android.hardware.wifi.IWifi/default in device VINTF manifest.
04-15 17:05:13.301 540 571 D StatsPullAtomService: Registering pullers with statsd
04-15 17:05:13.305 540 813 E WifiChipAidlImpl: getMode failed with service-specific exception: android.os.ServiceSpecificException: (code 5)
04-15 17:05:13.305 355 871 W android.hardware.wifi-service: No active wlan interfaces in use! Using default
04-15 17:05:13.305 355 871 E android.hardware.wifi-service: Unknown iface name: wlan0
04-15 17:05:13.305 355 871 E android.hardware.wifi-service: Unknown iface name: wlan0
04-15 17:05:13.319 540 820 D ConnectivityService: NetReassign [no changes] [c 0] [a 0] [i 0]
04-15 17:05:13.346 540 540 W SystemServiceManager: Service com.android.server.policy.PermissionPolicyService took 99 ms in onStart
04-15 17:05:13.347 540 540 V SystemServerTiming: StartPermissionPolicyService took to complete: 129ms
04-15 17:05:13.347 540 540 D SystemServerTiming: MakePackageManagerServiceReady
04-15 17:05:13.369 540 813 I HalDevMgr: currentModeId=0, requestModeId=0, currentModeIdValid=false
04-15 17:05:13.389 540 571 I StatsPullAtomService: register thermal listener successfully
04-15 17:05:13.406 355 871 I android.hardware.wifi-service: Adding interface handle for wlan0
04-15 17:05:13.406 355 871 W android.hardware.wifi-service: No active wlan interfaces in use! Using default
04-15 17:05:13.407 355 871 E android.hardware.wifi-service: Failed to register radio mode change callback
04-15 17:05:13.407 355 871 W android.hardware.wifi-service: No active wlan interfaces in use! Using default
04-15 17:05:13.422 540 540 V HistoricalRegistry: Interaction before persistence initialized
04-15 17:05:13.429 355 871 E android.hardware.wifi-service: Failed to get SupportedIfaceCombinations matrix from legacy HAL: NOT_SUPPORTED
04-15 17:05:13.429 355 871 I android.hardware.wifi-service: Configured chip in mode 0
04-15 17:05:13.429 355 871 W android.hardware.wifi-service: No active wlan interfaces in use! Using default
04-15 17:05:13.437 540 540 V HistoricalRegistry: Interaction before persistence initialized
04-15 17:05:13.468 355 871 W android.hardware.wifi-service: No active wlan interfaces in use! Using default
04-15 17:05:13.494 540 540 V UserDataPreparer: Found /data/user_de/0 with serial number -1
04-15 17:05:13.495 540 540 D UserDataPreparer: Serial number missing on /data/user_de/0; assuming current is valid
04-15 17:05:13.502 355 355 I android.hardware.wifi-service: Adding interface handle for wlan0
04-15 17:05:13.503 355 355 E android.hardware.wifi-service: Failed to set DFS flag; DFS channels may be unavailable.
04-15 17:05:13.511 540 540 V UserDataPreparer: Found /data/user/0 with serial number -1
04-15 17:05:13.511 540 540 D UserDataPreparer: Serial number missing on /data/user/0; assuming current is valid
04-15 17:05:13.517 540 540 V UserDataPreparer: Found /data/system_de/0 with serial number -1
04-15 17:05:13.517 540 540 D UserDataPreparer: Serial number missing on /data/system_de/0; assuming current is valid
04-15 17:05:13.519 540 540 I PermissionManager: Permission ownership changed. Updating all permissions.
04-15 17:05:13.523 540 540 W PermissionManager: Package com.android.adservices.api is an APK in APEX, but has permission allowlist on the system image. Please bundle the allowlist in the com.android.adservices APEX instead.
04-15 17:05:13.524 540 813 D HalDevMgr: updateRttController: no one is interested in RTT controllers
04-15 17:05:13.557 355 355 E android.hardware.wifi-service: Failed to get chip capabilities from legacy HAL: NOT_SUPPORTED
04-15 17:05:13.560 540 813 E WifiChipAidlImpl: getWifiChipCapabilities failed with service-specific exception: android.os.ServiceSpecificException: (code 4)
04-15 17:05:13.568 540 813 D WifiNl80211Manager: Setting up interface for client mode: wlan0
04-15 17:05:13.579 458 458 I wificond: createClientInterface: wiphy_index 1 iface_name wlan0
04-15 17:05:13.608 458 458 I wificond: create scanner for interface with index: 16
04-15 17:05:13.608 458 458 I wificond: subscribe scan result for interface with index: 16
04-15 17:05:13.625 458 458 I wificond: add channel type 0 support at wiphy index: 1
04-15 17:05:13.626 458 458 I wificond: add channel type 1 support at wiphy index: 1
04-15 17:05:13.652 330 330 I netd : interfaceGetCfg(wlan0) -> {InterfaceConfigurationParcel{ifName: wlan0, hwAddr: 02:15:b2:00:00:00, ipv4Addr: 0.0.0.0, prefixLength: 0, flags: [up, broadcast, multicast]}} <12.82ms>
04-15 17:05:13.660 540 813 I WifiNative: Interface state changed on Iface:{Name=wlan0,Id=0,Type=STA_SCAN}, isUp=true
04-15 17:05:13.664 540 813 I WifiNative: Successfully setup Iface:{Name=wlan0,Id=0,Type=STA_SCAN}
04-15 17:05:13.665 540 813 E SupplicantStaIfaceHalAidlImpl: Can't call getKeyMgmtCapabilities, ISupplicantStaIface is null for iface=wlan0
04-15 17:05:13.679 0 0 I servicemanager: Found android.hardware.wifi.IWifi/default in device VINTF manifest.
04-15 17:05:13.693 540 540 W PermissionManager: Package com.android.providers.media.module is an APK in APEX, but has permission allowlist on the system image. Please bundle the allowlist in the com.android.mediaprovider APEX instead.
04-15 17:05:13.694 540 540 W PermissionManager: Package com.android.providers.media.module is an APK in APEX, but has permission allowlist on the system image. Please bundle the allowlist in the com.android.mediaprovider APEX instead.
04-15 17:05:13.694 540 540 W PermissionManager: Package com.android.providers.media.module is an APK in APEX, but has permission allowlist on the system image. Please bundle the allowlist in the com.android.mediaprovider APEX instead.
04-15 17:05:13.694 540 540 W PermissionManager: Package com.android.providers.media.module is an APK in APEX, but has permission allowlist on the system image. Please bundle the allowlist in the com.android.mediaprovider APEX instead.
04-15 17:05:13.694 540 540 W PermissionManager: Package com.android.providers.media.module is an APK in APEX, but has permission allowlist on the system image. Please bundle the allowlist in the com.android.mediaprovider APEX instead.
04-15 17:05:13.694 540 540 W PermissionManager: Package com.android.providers.media.module is an APK in APEX, but has permission allowlist on the system image. Please bundle the allowlist in the com.android.mediaprovider APEX instead.
04-15 17:05:13.694 540 540 W PermissionManager: Package com.android.providers.media.module is an APK in APEX, but has permission allowlist on the system image. Please bundle the allowlist in the com.android.mediaprovider APEX instead.
04-15 17:05:13.695 540 540 W PermissionManager: Package com.android.providers.media.module is an APK in APEX, but has permission allowlist on the system image. Please bundle the allowlist in the com.android.mediaprovider APEX instead.
04-15 17:05:13.695 540 540 W PermissionManager: Package com.android.providers.media.module is an APK in APEX, but has permission allowlist on the system image. Please bundle the allowlist in the com.android.mediaprovider APEX instead.
04-15 17:05:13.695 540 540 W PermissionManager: Package com.android.providers.media.module is an APK in APEX, but has permission allowlist on the system image. Please bundle the allowlist in the com.android.mediaprovider APEX instead.
04-15 17:05:13.695 540 540 W PermissionManager: Package com.android.providers.media.module is an APK in APEX, but has permission allowlist on the system image. Please bundle the allowlist in the com.android.mediaprovider APEX instead.
04-15 17:05:13.695 540 540 W PermissionManager: Package com.android.providers.media.module is an APK in APEX, but has permission allowlist on the system image. Please bundle the allowlist in the com.android.mediaprovider APEX instead.
04-15 17:05:13.699 540 540 W PermissionManager: Package com.android.providers.media.module is an APK in APEX, but has permission allowlist on the system image. Please bundle the allowlist in the com.android.mediaprovider APEX instead.
04-15 17:05:13.713 355 355 E android.hardware.wifi-service: Failed to get SupportedRadioCombinations matrix from legacy HAL: NOT_SUPPORTED
04-15 17:05:13.715 540 813 E WifiChipAidlImpl: getSupportedRadioCombinations failed with service-specific exception: android.os.ServiceSpecificException: (code 4)
04-15 17:05:13.721 540 813 E SupplicantStaIfaceHalAidlImpl: Can't call getWpaDriverCapabilities, ISupplicantStaIface is null for iface=wlan0
04-15 17:05:13.724 540 813 E WifiChipAidlImpl: getUsableChannels failed with service-specific exception: android.os.ServiceSpecificException: (code 4)
04-15 17:05:13.735 540 540 I DefaultPermGrantPolicy: Granting permissions to platform components for user 0
04-15 17:05:13.756 540 813 E WifiChipAidlImpl: enableStaChannelForPeerNetwork failed with service-specific exception: android.os.ServiceSpecificException: (code 4)
04-15 17:05:13.757 540 813 D WifiNative: setWifiNativeInterfaceEventCallback
04-15 17:05:13.758 540 813 D WifiClientModeManager[163050:wlan0]: entering StartedState
04-15 17:05:13.765 330 330 I netd : interfaceGetCfg(wlan0) -> {InterfaceConfigurationParcel{ifName: wlan0, hwAddr: 02:15:b2:00:00:00, ipv4Addr: 0.0.0.0, prefixLength: 0, flags: [up, broadcast, multicast]}} <5.40ms>
04-15 17:05:13.787 540 813 D WifiConfigStore: Writing to stores completed in 14 ms.
04-15 17:05:13.803 540 540 W DefaultPermGrantPolicy: Permission not found: com.google.android.googleapps.permission.GOOGLE_AUTH
04-15 17:05:13.815 0 0 I servicemanager: Found android.hardware.wifi.IWifi/default in device VINTF manifest.
04-15 17:05:13.816 0 0 I servicemanager: Found android.hardware.wifi.supplicant.ISupplicant/default in device VINTF manifest.
04-15 17:05:13.808 540 813 I SupplicantStaIfaceHalAidlImpl: Clearing internal state
04-15 17:05:13.820 0 0 I servicemanager: Found android.hardware.wifi.supplicant.ISupplicant/default in device VINTF manifest.
04-15 17:05:13.820 0 0 I servicemanager: Since 'android.hardware.wifi.supplicant.ISupplicant/default' could not be found, trying to start it as a lazy AIDL service. (if it's not configured to be a lazy service, it may be stuck starting or still starting).
04-15 17:05:13.812 540 540 W DefaultPermGrantPolicy: Permission not found: com.android.launcher.permission.READ_SETTINGS
04-15 17:05:13.813 540 540 W DefaultPermGrantPolicy: Permission not found: com.android.launcher.permission.WRITE_SETTINGS
04-15 17:05:13.817 540 540 W DefaultPermGrantPolicy: Permission not found: com.android.smspush.WAPPUSH_MANAGER_BIND
04-15 17:05:13.833 0 0 I init : starting service 'wpa_supplicant'...
04-15 17:05:13.836 0 0 I init : Created socket '/dev/socket/wpa_wlan0', mode 660, user 1010, group 1010
04-15 17:05:13.840 540 540 W DefaultPermGrantPolicy: Permission not found: android.permission.MANAGE_WIFI_WHEN_WIRELESS_CONSENT_REQUIRED
04-15 17:05:13.842 540 540 W DefaultPermGrantPolicy: Permission not found: com.android.providers.tv.permission.ACCESS_WATCHED_PROGRAMS
04-15 17:05:13.842 540 540 W DefaultPermGrantPolicy: Permission not found: com.android.providers.tv.permission.WRITE_EPG_DATA
04-15 17:05:13.842 540 540 W DefaultPermGrantPolicy: Permission not found: android.permission.SUGGEST_MANUAL_TIME
04-15 17:05:13.842 540 540 W DefaultPermGrantPolicy: Permission not found: android.permission.SUGGEST_TELEPHONY_TIME
04-15 17:05:13.843 540 540 W DefaultPermGrantPolicy: Permission not found: android.permission.SUGGEST_NETWORK_TIME
04-15 17:05:13.843 540 540 W DefaultPermGrantPolicy: Permission not found: android.permission.SUGGEST_GNSS_TIME
04-15 17:05:13.857 540 540 W DefaultPermGrantPolicy: Permission not found: android.car.permission.CONTROL_CAR_CLIMATE
04-15 17:05:13.857 540 540 W DefaultPermGrantPolicy: Permission not found: android.car.permission.CAR_CONTROL_AUDIO_VOLUME
04-15 17:05:13.876 540 540 I DefaultPermGrantPolicy: Granting permissions to default platform handlers for user 0
04-15 17:05:13.877 540 540 W VoiceInteractionManager: no available voice interaction services found for user 0
04-15 17:05:13.882 540 540 W VoiceInteractionManager: no available voice recognition services found for user 0
04-15 17:05:13.896 0 0 I init : ... started service 'wpa_supplicant' has pid 879
04-15 17:05:13.896 0 0 I init : Control message: Processed ctl.interface_start for 'aidl/android.hardware.wifi.supplicant.ISupplicant/default' from pid: 132 (/system/bin/servicemanager)
04-15 17:05:13.916 540 540 I SyncManager: No initial accounts
04-15 17:05:13.963 540 540 W DefaultPermGrantPolicy: Permission not found: com.google.android.permission.INSTALL_WEARABLE_PACKAGES
04-15 17:05:13.970 540 540 W DefaultPermGrantPolicy: Permission not found: android.permission.WRITE_SYSTEM_SETTINGS
04-15 17:05:13.971 540 540 E DefaultPermGrantPolicy: Package not found:
04-15 17:05:14.045 540 540 W DefaultPermGrantPolicy: Permission not found: com.android.dialer.permission.DIALER_ORIGIN
04-15 17:05:14.047 540 540 W DefaultPermGrantPolicy: Permission not found: com.sec.android.provider.badge.permission.READ
04-15 17:05:14.063 540 540 W DefaultPermGrantPolicy: Permission not found: com.sec.android.provider.badge.permission.WRITE
04-15 17:05:14.095 540 540 W DefaultPermGrantPolicy: Permission not found: com.htc.launcher.permission.READ_SETTINGS
04-15 17:05:14.114 540 540 W DefaultPermGrantPolicy: Permission not found: com.htc.launcher.permission.UPDATE_SHORTCUT
04-15 17:05:14.140 540 540 W DefaultPermGrantPolicy: Permission not found: com.sonyericsson.home.permission.BROADCAST_BADGE
04-15 17:05:14.141 540 540 W DefaultPermGrantPolicy: Permission not found: com.sonymobile.home.permission.PROVIDER_INSERT_BADGE
04-15 17:05:14.141 540 540 W DefaultPermGrantPolicy: Permission not found: com.anddoes.launcher.permission.UPDATE_COUNT
04-15 17:05:14.142 540 540 W DefaultPermGrantPolicy: Permission not found: com.majeur.launcher.permission.UPDATE_BADGE
04-15 17:05:14.142 540 540 W DefaultPermGrantPolicy: Permission not found: com.huawei.android.launcher.permission.CHANGE_BADGE
04-15 17:05:14.143 540 540 W DefaultPermGrantPolicy: Permission not found: com.huawei.android.launcher.permission.READ_SETTINGS
04-15 17:05:14.143 540 540 W DefaultPermGrantPolicy: Permission not found: com.huawei.android.launcher.permission.WRITE_SETTINGS
04-15 17:05:14.156 540 540 W DefaultPermGrantPolicy: Permission not found: android.permission.READ_APP_BADGE
04-15 17:05:14.157 540 540 W DefaultPermGrantPolicy: Permission not found: com.oppo.launcher.permission.READ_SETTINGS
04-15 17:05:14.157 540 540 W DefaultPermGrantPolicy: Permission not found: com.oppo.launcher.permission.WRITE_SETTINGS
04-15 17:05:14.157 540 540 W DefaultPermGrantPolicy: Permission not found: com.cequint.ecid.CALLER_ID_LOOKUP
04-15 17:05:14.158 540 540 W DefaultPermGrantPolicy: Permission not found: com.motorola.incallui.permission.INCOMING_CALL_VISIBILITY_CHANGED
04-15 17:05:14.193 540 540 W DefaultPermGrantPolicy: Permission not found: com.google.android.googleapps.permission.GOOGLE_AUTH.mail
04-15 17:05:14.197 540 540 W DefaultPermGrantPolicy: Permission not found: com.google.android.googleapps.permission.GOOGLE_AUTH.cl
04-15 17:05:14.203 540 540 W DefaultPermGrantPolicy: Permission not found: com.google.android.setupwizard.SETUP_COMPAT_SERVICE
04-15 17:05:14.246 540 540 I DefaultPermGrantPolicy: Granting Notification permissions to platform signature apps for user 0
04-15 17:05:14.452 0 0 I capability: warning: `wpa_supplicant' uses 32-bit capabilities (legacy support in use)
04-15 17:05:14.479 879 879 I wpa_supplicant: Processing aidl events on FD 3
04-15 17:05:14.483 879 879 I wpa_supplicant: Starting AIDL supplicant
04-15 17:05:14.484 879 879 I wpa_supplicant: Interface version: 2
04-15 17:05:14.506 879 879 I wpa_supplicant: Successfully initialized wpa_supplicant
04-15 17:05:14.515 0 0 I servicemanager: Found android.hardware.wifi.supplicant.ISupplicant/default in device VINTF manifest.
04-15 17:05:14.553 0 0 I BpBinder: onLastStrongRef automatically unlinking death recipients:
04-15 17:05:14.565 540 813 I SupplicantStaIfaceHalAidlImpl: Obtained ISupplicant binder.
04-15 17:05:14.565 540 813 I SupplicantStaIfaceHalAidlImpl: Local Version: 2
04-15 17:05:14.579 879 879 I wpa_supplicant: rfkill: Cannot open RFKILL control device
04-15 17:05:14.681 879 879 I wpa_supplicant: Init sm=0x779d6cd95bd0
04-15 17:05:14.741 879 879 I wpa_supplicant: rfkill: Cannot get wiphy information
04-15 17:05:14.757 879 879 I wpa_supplicant: Init sm=0x779d6cd97290
04-15 17:05:14.788 540 813 I SupplicantStaIfaceHalAidlImpl: Remote service version was cached
04-15 17:05:14.788 540 813 I SupplicantStaIfaceHalAidlImpl: Remote Version: 2
04-15 17:05:14.813 540 813 I SupplicantStaIfaceHalAidlImpl: Non-standard cert callback was registered
04-15 17:05:14.817 879 879 I wpa_supplicant: Iface already exists, return existing
04-15 17:05:14.859 0 0 I servicemanager: Found android.hardware.wifi.IWifi/default in device VINTF manifest.
04-15 17:05:14.873 540 813 I WifiNative: Supported features is updated in config store: 116391864461951001
04-15 17:05:14.881 540 813 E WifiChipAidlImpl: getUsableChannels failed with service-specific exception: android.os.ServiceSpecificException: (code 4)
04-15 17:05:14.933 540 813 I WifiNative: Successfully switched to connectivity mode on iface=Iface:{Name=wlan0,Id=0,Type=STA_CONNECTIVITY}
04-15 17:05:14.934 540 813 D WifiClientModeManager[163050:wlan0]: entering ConnectModeState, starting ClientModeImpl
04-15 17:05:14.994 540 813 D WifiNative: enableVerboseLogging false hal false
04-15 17:05:15.005 540 813 D WifiScoreReport: setShouldReduceNetworkScore=false mNetworkAgent is null? true
04-15 17:05:15.017 540 813 D WifiScanRequestProxy: Sending scan available broadcast: true
04-15 17:05:15.018 540 813 I WifiScanRequestProxy: Scanning is enabled
04-15 17:05:15.018 540 813 I WifiScanRequestProxy: Scanning for hidden networks is enabled
04-15 17:05:15.019 540 817 I WifiScanningService: Received a request to enable scanning, UID = 1000
04-15 17:05:15.044 540 813 E WifiChipAidlImpl: setMultiStaUseCase failed with service-specific exception: android.os.ServiceSpecificException: (code 4)
04-15 17:05:15.083 0 0 I servicemanager: Notifying apexservice they do (previously: don't) have clients when service is guaranteed to be in use
04-15 17:05:15.085 0 0 I AidlLazyServiceRegistrar: Process has 1 (of 1 available) client(s) in use after notification apexservice has clients: 1
04-15 17:05:15.085 0 0 I AidlLazyServiceRegistrar: Shutdown prevented by forcePersist override flag.
04-15 17:05:15.087 540 540 V StagingManagerTiming: restoreSessions took to complete: 36ms
04-15 17:05:15.094 0 0 I apexd : getSessions() received by ApexService
04-15 17:05:15.091 540 540 V SystemServerTiming: MakePackageManagerServiceReady took to complete: 1744ms
04-15 17:05:15.092 540 540 D SystemServerTiming: MakeDisplayManagerServiceReady
04-15 17:05:15.097 540 817 E WifiStaIfaceAidlImpl: getBackgroundScanCapabilities failed with service-specific exception: android.os.ServiceSpecificException: (code 4)
04-15 17:05:15.127 540 813 E WifiChipAidlImpl: setMultiStaPrimaryConnection failed with service-specific exception: android.os.ServiceSpecificException: (code 4)
04-15 17:05:15.151 540 813 D WifiCountryCode: evaluateAllCmmStateAndApplyIfAllReady: {ConcreteClientModeManager{id=163050 iface=wlan0 role=ROLE_CLIENT_PRIMARY}=true}
04-15 17:05:15.154 540 813 D WifiCountryCode: Reading country code from telephony
04-15 17:05:15.156 540 813 D WifiCountryCode: Set telephony country code to:
04-15 17:05:15.157 540 813 D WifiCountryCode: updateCountryCode to null
04-15 17:05:15.158 540 813 D WakeupController: onWifiEnabled()
04-15 17:05:15.159 540 813 I WifiActiveModeWarden: Supported STA bands is updated in config store: 1
04-15 17:05:15.176 540 813 D WifiClientModeImpl[165020:wlan0]: entering ConnectableState: ifaceName = wlan0
04-15 17:05:15.186 540 817 I WifiScanningService: Created a new impl for wlan0
04-15 17:05:15.199 540 817 I WifiScanningService: wifi driver loaded with scan capabilities: max buckets=16
04-15 17:05:15.201 540 564 E DisplayModeDirector: Asked about unknown display, returning empty display mode specs!(id=0)
04-15 17:05:15.201 540 564 E DisplayModeDirector: Asked about unknown display, returning empty display mode specs!(id=0)
04-15 17:05:15.426 540 540 I BrightnessSynchronizer: Initial brightness readings: 102(int), 0.39763778(float)
04-15 17:05:15.444 392 392 I RefreshRateSelector: Display 4619827259835644672 policy changed
04-15 17:05:15.444 392 392 I RefreshRateSelector: Previous: {defaultModeId=0, allowGroupSwitching=false, primaryRanges={physical=[0.00 Hz, 340282346638528859811704183484516925440.00 Hz], render=[0.00 Hz, 340282346638528859811704183484516925440.00 Hz]}, appRequestRanges={physical=[0.00 Hz, 340282346638528859811704183484516925440.00 Hz], render=[0.00 Hz, 340282346638528859811704183484516925440.00 Hz]}}
04-15 17:05:15.444 392 392 I RefreshRateSelector: Current: DisplayManagerPolicy{defaultModeId=0, allowGroupSwitching=false, primaryRanges={physical=[0.00 Hz, inf Hz], render=[0.00 Hz, 60.00 Hz]}, appRequestRanges={physical=[0.00 Hz, inf Hz], render=[0.00 Hz, inf Hz]}}
04-15 17:05:15.444 392 392 I RefreshRateSelector: 0 mode changes were performed under the previous policy
04-15 17:05:15.470 540 540 V SystemServerTiming: MakeDisplayManagerServiceReady took to complete: 377ms
04-15 17:05:15.470 540 540 D SystemServerTiming: StartDeviceSpecificServices
04-15 17:05:15.471 540 540 V SystemServerTiming: StartDeviceSpecificServices took to complete: 0ms
04-15 17:05:15.472 540 540 D SystemServerTiming: GameManagerService
04-15 17:05:15.473 540 540 I SystemServiceManager: Starting com.android.server.app.GameManagerService$Lifecycle
04-15 17:05:15.513 540 540 W FileUtils: Failed to chmod(/data/system/game_mode_intervention.list): android.system.ErrnoException: chmod failed: ENOENT (No such file or directory)
04-15 17:05:15.526 540 540 V HistoricalRegistry: Interaction before persistence initialized
04-15 17:05:15.539 540 540 V SystemServerTiming: GameManagerService took to complete: 66ms
04-15 17:05:15.540 540 540 D SystemServerTiming: StartBootPhaseDeviceSpecificServicesReady
04-15 17:05:15.543 540 540 I SystemServiceManager: Starting phase 520
04-15 17:05:15.543 540 540 D SystemServerTiming: OnBootPhase_520
04-15 17:05:15.543 540 540 D SystemServerTiming: OnBootPhase_520_com.android.server.security.FileIntegrityService
04-15 17:05:15.557 540 540 V SystemServerTiming: OnBootPhase_520_com.android.server.security.FileIntegrityService took to complete: 0ms
04-15 17:05:15.557 540 540 D SystemServerTiming: OnBootPhase_520_com.android.server.pm.Installer
04-15 17:05:15.557 540 540 V SystemServerTiming: OnBootPhase_520_com.android.server.pm.Installer took to complete: 0ms
04-15 17:05:15.557 540 540 D SystemServerTiming: OnBootPhase_520_com.android.server.os.DeviceIdentifiersPolicyService
04-15 17:05:15.557 540 540 V SystemServerTiming: OnBootPhase_520_com.android.server.os.DeviceIdentifiersPolicyService took to complete: 0ms
04-15 17:05:15.558 540 540 D SystemServerTiming: OnBootPhase_520_com.android.server.uri.UriGrantsManagerService$Lifecycle
04-15 17:05:15.558 540 540 V SystemServerTiming: OnBootPhase_520_com.android.server.uri.UriGrantsManagerService$Lifecycle took to complete: 0ms
04-15 17:05:15.558 540 540 D SystemServerTiming: OnBootPhase_520_com.android.server.powerstats.PowerStatsService
04-15 17:05:15.558 540 540 V SystemServerTiming: OnBootPhase_520_com.android.server.powerstats.PowerStatsService took to complete: 0ms
04-15 17:05:15.558 540 540 D SystemServerTiming: OnBootPhase_520_com.android.server.permission.access.AccessCheckingService
04-15 17:05:15.558 540 540 V SystemServerTiming: OnBootPhase_520_com.android.server.permission.access.AccessCheckingService took to complete: 0ms
04-15 17:05:15.558 540 540 D SystemServerTiming: OnBootPhase_520_com.android.server.wm.ActivityTaskManagerService$Lifecycle
04-15 17:05:15.558 540 540 V SystemServerTiming: OnBootPhase_520_com.android.server.wm.ActivityTaskManagerService$Lifecycle took to complete: 0ms
04-15 17:05:15.558 540 540 D SystemServerTiming: OnBootPhase_520_com.android.server.am.ActivityManagerService$Lifecycle
04-15 17:05:15.558 540 540 V SystemServerTiming: OnBootPhase_520_com.android.server.am.ActivityManagerService$Lifecycle took to complete: 0ms
04-15 17:05:15.558 540 540 D SystemServerTiming: OnBootPhase_520_com.android.server.pm.DataLoaderManagerService
04-15 17:05:15.559 540 540 V SystemServerTiming: OnBootPhase_520_com.android.server.pm.DataLoaderManagerService took to complete: 0ms
04-15 17:05:15.559 540 540 D SystemServerTiming: OnBootPhase_520_com.android.server.power.PowerManagerService
04-15 17:05:15.559 540 540 V SystemServerTiming: OnBootPhase_520_com.android.server.power.PowerManagerService took to complete: 0ms
04-15 17:05:15.559 540 540 D SystemServerTiming: OnBootPhase_520_com.android.server.power.ThermalManagerService
04-15 17:05:15.559 540 540 V SystemServerTiming: OnBootPhase_520_com.android.server.power.ThermalManagerService took to complete: 0ms
04-15 17:05:15.559 540 540 D SystemServerTiming: OnBootPhase_520_com.android.server.power.hint.HintManagerService
04-15 17:05:15.559 540 540 V SystemServerTiming: OnBootPhase_520_com.android.server.power.hint.HintManagerService took to complete: 0ms
04-15 17:05:15.559 540 540 D SystemServerTiming: OnBootPhase_520_com.android.server.recoverysystem.RecoverySystemService$Lifecycle
04-15 17:05:15.559 540 540 V SystemServerTiming: OnBootPhase_520_com.android.server.recoverysystem.RecoverySystemService$Lifecycle took to complete: 0ms
04-15 17:05:15.559 540 540 D SystemServerTiming: OnBootPhase_520_com.android.server.lights.LightsService
04-15 17:05:15.559 540 540 V SystemServerTiming: OnBootPhase_520_com.android.server.lights.LightsService took to complete: 0ms
04-15 17:05:15.568 540 540 D SystemServerTiming: OnBootPhase_520_com.android.server.display.DisplayManagerService
04-15 17:05:15.568 540 540 V SystemServerTiming: OnBootPhase_520_com.android.server.display.DisplayManagerService took to complete: 0ms
04-15 17:05:15.568 540 540 D SystemServerTiming: OnBootPhase_520_com.android.server.pm.verify.domain.DomainVerificationService
04-15 17:05:15.568 540 540 V SystemServerTiming: OnBootPhase_520_com.android.server.pm.verify.domain.DomainVerificationService took to complete: 0ms
04-15 17:05:15.568 540 540 D SystemServerTiming: OnBootPhase_520_com.android.server.pm.PackageInstallerService$Lifecycle
04-15 17:05:15.568 540 540 V SystemServerTiming: OnBootPhase_520_com.android.server.pm.PackageInstallerService$Lifecycle took to complete: 0ms
04-15 17:05:15.569 540 540 D SystemServerTiming: OnBootPhase_520_com.android.server.pm.UserManagerService$LifeCycle
04-15 17:05:15.569 540 540 V SystemServerTiming: OnBootPhase_520_com.android.server.pm.UserManagerService$LifeCycle took to complete: 0ms
04-15 17:05:15.569 540 540 D SystemServerTiming: OnBootPhase_520_com.android.server.om.OverlayManagerService
04-15 17:05:15.569 540 540 V SystemServerTiming: OnBootPhase_520_com.android.server.om.OverlayManagerService took to complete: 0ms
04-15 17:05:15.569 540 540 D SystemServerTiming: OnBootPhase_520_com.android.server.resources.ResourcesManagerService
04-15 17:05:15.569 540 540 V SystemServerTiming: OnBootPhase_520_com.android.server.resources.ResourcesManagerService took to complete: 0ms
04-15 17:05:15.569 540 540 D SystemServerTiming: OnBootPhase_520_com.android.server.sensorprivacy.SensorPrivacyService
04-15 17:05:15.569 540 540 V SystemServerTiming: OnBootPhase_520_com.android.server.sensorprivacy.SensorPrivacyService took to complete: 0ms
04-15 17:05:15.569 540 540 D SystemServerTiming: OnBootPhase_520_com.android.server.sensors.SensorService
04-15 17:05:15.569 540 540 V SystemServerTiming: OnBootPhase_520_com.android.server.sensors.SensorService took to complete: 0ms
04-15 17:05:15.569 540 540 D SystemServerTiming: OnBootPhase_520_com.android.server.SystemConfigService
04-15 17:05:15.570 540 540 V SystemServerTiming: OnBootPhase_520_com.android.server.SystemConfigService took to complete: 0ms
04-15 17:05:15.570 540 540 D SystemServerTiming: OnBootPhase_520_com.android.server.BatteryService
04-15 17:05:15.570 540 540 V SystemServerTiming: OnBootPhase_520_com.android.server.BatteryService took to complete: 0ms
04-15 17:05:15.570 540 540 D SystemServerTiming: OnBootPhase_520_com.android.server.usage.UsageStatsService
04-15 17:05:15.570 540 540 V SystemServerTiming: OnBootPhase_520_com.android.server.usage.UsageStatsService took to complete: 0ms
04-15 17:05:15.570 540 540 D SystemServerTiming: OnBootPhase_520_com.android.server.webkit.WebViewUpdateService
04-15 17:05:15.570 540 540 V SystemServerTiming: OnBootPhase_520_com.android.server.webkit.WebViewUpdateService took to complete: 0ms
04-15 17:05:15.570 540 540 D SystemServerTiming: OnBootPhase_520_com.android.server.CachedDeviceStateService
04-15 17:05:15.570 540 540 V SystemServerTiming: OnBootPhase_520_com.android.server.CachedDeviceStateService took to complete: 0ms
04-15 17:05:15.570 540 540 D SystemServerTiming: OnBootPhase_520_com.android.server.BinderCallsStatsService$LifeCycle
04-15 17:05:15.571 540 540 V SystemServerTiming: OnBootPhase_520_com.android.server.BinderCallsStatsService$LifeCycle took to complete: 0ms
04-15 17:05:15.571 540 540 D SystemServerTiming: OnBootPhase_520_com.android.server.LooperStatsService$Lifecycle
04-15 17:05:15.571 540 540 V SystemServerTiming: OnBootPhase_520_com.android.server.LooperStatsService$Lifecycle took to complete: 0ms
04-15 17:05:15.571 540 540 D SystemServerTiming: OnBootPhase_520_com.android.server.rollback.RollbackManagerService
04-15 17:05:15.571 540 540 V SystemServerTiming: OnBootPhase_520_com.android.server.rollback.RollbackManagerService took to complete: 0ms
04-15 17:05:15.571 540 540 D SystemServerTiming: OnBootPhase_520_com.android.server.os.NativeTombstoneManagerService
04-15 17:05:15.571 540 540 V SystemServerTiming: OnBootPhase_520_com.android.server.os.NativeTombstoneManagerService took to complete: 0ms
04-15 17:05:15.571 540 540 D SystemServerTiming: OnBootPhase_520_com.android.server.os.BugreportManagerService
04-15 17:05:15.571 540 540 V SystemServerTiming: OnBootPhase_520_com.android.server.os.BugreportManagerService took to complete: 0ms
04-15 17:05:15.571 540 540 D SystemServerTiming: OnBootPhase_520_com.android.server.gpu.GpuService
04-15 17:05:15.580 540 540 V SystemServerTiming: OnBootPhase_520_com.android.server.gpu.GpuService took to complete: 0ms
04-15 17:05:15.580 540 540 D SystemServerTiming: OnBootPhase_520_com.android.server.security.rkp.RemoteProvisioningService
04-15 17:05:15.580 540 540 V SystemServerTiming: OnBootPhase_520_com.android.server.security.rkp.RemoteProvisioningService took to complete: 0ms
04-15 17:05:15.580 540 540 D SystemServerTiming: OnBootPhase_520_com.android.server.cpu.CpuMonitorService
04-15 17:05:15.580 540 540 V SystemServerTiming: OnBootPhase_520_com.android.server.cpu.CpuMonitorService took to complete: 0ms
04-15 17:05:15.580 540 540 D SystemServerTiming: OnBootPhase_520_com.android.server.security.KeyChainSystemService
04-15 17:05:15.580 540 540 V SystemServerTiming: OnBootPhase_520_com.android.server.security.KeyChainSystemService took to complete: 0ms
04-15 17:05:15.580 540 540 D SystemServerTiming: OnBootPhase_520_com.android.server.BinaryTransparencyService
04-15 17:05:15.580 540 540 V SystemServerTiming: OnBootPhase_520_com.android.server.BinaryTransparencyService took to complete: 0ms
04-15 17:05:15.581 540 540 D SystemServerTiming: OnBootPhase_520_com.android.server.telecom.TelecomLoaderService
04-15 17:05:15.581 540 540 V SystemServerTiming: OnBootPhase_520_com.android.server.telecom.TelecomLoaderService took to complete: 0ms
04-15 17:05:15.581 540 540 D SystemServerTiming: OnBootPhase_520_com.android.server.accounts.AccountManagerService$Lifecycle
04-15 17:05:15.581 540 540 V SystemServerTiming: OnBootPhase_520_com.android.server.accounts.AccountManagerService$Lifecycle took to complete: 0ms
04-15 17:05:15.588 540 540 D SystemServerTiming: OnBootPhase_520_com.android.server.content.ContentService$Lifecycle
04-15 17:05:15.589 540 540 V SystemServerTiming: OnBootPhase_520_com.android.server.content.ContentService$Lifecycle took to complete: 0ms
04-15 17:05:15.589 540 540 D SystemServerTiming: OnBootPhase_520_com.android.server.deviceconfig.DeviceConfigInit$Lifecycle
04-15 17:05:15.589 540 540 V SystemServerTiming: OnBootPhase_520_com.android.server.deviceconfig.DeviceConfigInit$Lifecycle took to complete: 0ms
04-15 17:05:15.589 540 540 D SystemServerTiming: OnBootPhase_520_com.android.server.DropBoxManagerService
04-15 17:05:15.589 540 540 V SystemServerTiming: OnBootPhase_520_com.android.server.DropBoxManagerService took to complete: 0ms
04-15 17:05:15.589 540 540 D SystemServerTiming: OnBootPhase_520_com.android.role.RoleService
04-15 17:05:15.589 540 540 V SystemServerTiming: OnBootPhase_520_com.android.role.RoleService took to complete: 0ms
04-15 17:05:15.589 540 540 D SystemServerTiming: OnBootPhase_520_com.android.server.vibrator.VibratorManagerService$Lifecycle
04-15 17:05:15.589 540 540 V SystemServerTiming: OnBootPhase_520_com.android.server.vibrator.VibratorManagerService$Lifecycle took to complete: 0ms
04-15 17:05:15.589 540 540 D SystemServerTiming: OnBootPhase_520_com.android.server.tare.InternalResourceService
04-15 17:05:15.589 540 540 V SystemServerTiming: OnBootPhase_520_com.android.server.tare.InternalResourceService took to complete: 0ms
04-15 17:05:15.590 540 540 D SystemServerTiming: OnBootPhase_520_com.android.server.alarm.AlarmManagerService
04-15 17:05:15.590 540 540 V SystemServerTiming: OnBootPhase_520_com.android.server.alarm.AlarmManagerService took to complete: 0ms
04-15 17:05:15.590 540 540 D SystemServerTiming: OnBootPhase_520_com.android.server.devicestate.DeviceStateManagerService
04-15 17:05:15.590 540 540 V SystemServerTiming: OnBootPhase_520_com.android.server.devicestate.DeviceStateManagerService took to complete: 0ms
04-15 17:05:15.590 540 540 D SystemServerTiming: OnBootPhase_520_com.android.server.camera.CameraServiceProxy
04-15 17:05:15.590 540 540 V SystemServerTiming: OnBootPhase_520_com.android.server.camera.CameraServiceProxy took to complete: 0ms
04-15 17:05:15.590 540 540 D SystemServerTiming: OnBootPhase_520_com.android.server.bluetooth.BluetoothService
04-15 17:05:15.590 540 540 V SystemServerTiming: OnBootPhase_520_com.android.server.bluetooth.BluetoothService took to complete: 0ms
04-15 17:05:15.590 540 540 D SystemServerTiming: OnBootPhase_520_com.android.server.connectivity.IpConnectivityMetrics
04-15 17:05:15.591 540 540 V SystemServerTiming: OnBootPhase_520_com.android.server.connectivity.IpConnectivityMetrics took to complete: 0ms
04-15 17:05:15.591 540 540 D SystemServerTiming: OnBootPhase_520_com.android.server.net.watchlist.NetworkWatchlistService$Lifecycle
04-15 17:05:15.591 540 540 V SystemServerTiming: OnBootPhase_520_com.android.server.net.watchlist.NetworkWatchlistService$Lifecycle took to complete: 0ms
04-15 17:05:15.591 540 540 D SystemServerTiming: OnBootPhase_520_com.android.server.PinnerService
04-15 17:05:15.591 540 540 V SystemServerTiming: OnBootPhase_520_com.android.server.PinnerService took to complete: 0ms
04-15 17:05:15.591 540 540 D SystemServerTiming: OnBootPhase_520_com.android.server.integrity.AppIntegrityManagerService
04-15 17:05:15.591 540 540 V SystemServerTiming: OnBootPhase_520_com.android.server.integrity.AppIntegrityManagerService took to complete: 0ms
04-15 17:05:15.591 540 540 D SystemServerTiming: OnBootPhase_520_com.android.server.logcat.LogcatManagerService
04-15 17:05:15.591 540 540 V SystemServerTiming: OnBootPhase_520_com.android.server.logcat.LogcatManagerService took to complete: 0ms
04-15 17:05:15.591 540 540 D SystemServerTiming: OnBootPhase_520_com.android.server.inputmethod.InputMethodManagerService$Lifecycle
04-15 17:05:15.591 540 540 V SystemServerTiming: OnBootPhase_520_com.android.server.inputmethod.InputMethodManagerService$Lifecycle took to complete: 0ms
04-15 17:05:15.602 540 540 D SystemServerTiming: OnBootPhase_520_com.android.server.accessibility.AccessibilityManagerService$Lifecycle
04-15 17:05:15.610 540 540 V SystemServerTiming: OnBootPhase_520_com.android.server.accessibility.AccessibilityManagerService$Lifecycle took to complete: 0ms
04-15 17:05:15.611 540 540 D SystemServerTiming: OnBootPhase_520_com.android.server.StorageManagerService$Lifecycle
04-15 17:05:15.611 540 540 V SystemServerTiming: OnBootPhase_520_com.android.server.StorageManagerService$Lifecycle took to complete: 0ms
04-15 17:05:15.616 540 540 D SystemServerTiming: OnBootPhase_520_com.android.server.usage.StorageStatsService$Lifecycle
04-15 17:05:15.616 540 540 V SystemServerTiming: OnBootPhase_520_com.android.server.usage.StorageStatsService$Lifecycle took to complete: 0ms
04-15 17:05:15.617 540 540 D SystemServerTiming: OnBootPhase_520_com.android.server.UiModeManagerService
04-15 17:05:15.617 540 540 V SystemServerTiming: OnBootPhase_520_com.android.server.UiModeManagerService took to complete: 0ms
04-15 17:05:15.617 540 540 D SystemServerTiming: OnBootPhase_520_com.android.server.locales.LocaleManagerService
04-15 17:05:15.618 540 540 V SystemServerTiming: OnBootPhase_520_com.android.server.locales.LocaleManagerService took to complete: 0ms
04-15 17:05:15.618 540 540 D SystemServerTiming: OnBootPhase_520_com.android.server.grammaticalinflection.GrammaticalInflectionService
04-15 17:05:15.618 540 540 V SystemServerTiming: OnBootPhase_520_com.android.server.grammaticalinflection.GrammaticalInflectionService took to complete: 0ms
04-15 17:05:15.619 540 540 D SystemServerTiming: OnBootPhase_520_com.android.server.apphibernation.AppHibernationService
04-15 17:05:15.619 540 540 V SystemServerTiming: OnBootPhase_520_com.android.server.apphibernation.AppHibernationService took to complete: 0ms
04-15 17:05:15.619 540 540 D SystemServerTiming: OnBootPhase_520_com.android.server.locksettings.LockSettingsService$Lifecycle
04-15 17:05:15.620 540 540 V SystemServerTiming: OnBootPhase_520_com.android.server.locksettings.LockSettingsService$Lifecycle took to complete: 0ms
04-15 17:05:15.625 540 540 D SystemServerTiming: OnBootPhase_520_com.android.server.testharness.TestHarnessModeService
04-15 17:05:15.625 540 540 V SystemServerTiming: OnBootPhase_520_com.android.server.testharness.TestHarnessModeService took to complete: 0ms
04-15 17:05:15.625 540 540 D SystemServerTiming: OnBootPhase_520_com.android.server.DeviceIdleController
04-15 17:05:15.625 540 540 V SystemServerTiming: OnBootPhase_520_com.android.server.DeviceIdleController took to complete: 0ms
04-15 17:05:15.626 540 540 D SystemServerTiming: OnBootPhase_520_com.android.server.devicepolicy.DevicePolicyManagerService$Lifecycle
04-15 17:05:15.626 540 540 V SystemServerTiming: OnBootPhase_520_com.android.server.devicepolicy.DevicePolicyManagerService$Lifecycle took to complete: 0ms
04-15 17:05:15.626 540 540 D SystemServerTiming: OnBootPhase_520_com.android.server.texttospeech.TextToSpeechManagerService
04-15 17:05:15.627 540 540 V SystemServerTiming: OnBootPhase_520_com.android.server.texttospeech.TextToSpeechManagerService took to complete: 0ms
04-15 17:05:15.627 540 540 D SystemServerTiming: OnBootPhase_520_com.android.server.ambientcontext.AmbientContextManagerService
04-15 17:05:15.627 540 540 V SystemServerTiming: OnBootPhase_520_com.android.server.ambientcontext.AmbientContextManagerService took to complete: 0ms
04-15 17:05:15.632 540 540 D SystemServerTiming: OnBootPhase_520_com.android.server.wearable.WearableSensingManagerService
04-15 17:05:15.632 540 540 V SystemServerTiming: OnBootPhase_520_com.android.server.wearable.WearableSensingManagerService took to complete: 0ms
04-15 17:05:15.632 540 540 D SystemServerTiming: OnBootPhase_520_com.android.server.speech.SpeechRecognitionManagerService
04-15 17:05:15.632 540 540 V SystemServerTiming: OnBootPhase_520_com.android.server.speech.SpeechRecognitionManagerService took to complete: 0ms
04-15 17:05:15.632 540 540 D SystemServerTiming: OnBootPhase_520_com.android.server.searchui.SearchUiManagerService
04-15 17:05:15.633 540 540 V SystemServerTiming: OnBootPhase_520_com.android.server.searchui.SearchUiManagerService took to complete: 0ms
04-15 17:05:15.633 540 540 D SystemServerTiming: OnBootPhase_520_com.android.server.smartspace.SmartspaceManagerService
04-15 17:05:15.633 540 540 V SystemServerTiming: OnBootPhase_520_com.android.server.smartspace.SmartspaceManagerService took to complete: 0ms
04-15 17:05:15.633 540 540 D SystemServerTiming: OnBootPhase_520_com.android.server.graphics.fonts.FontManagerService$Lifecycle
04-15 17:05:15.633 540 540 V SystemServerTiming: OnBootPhase_520_com.android.server.graphics.fonts.FontManagerService$Lifecycle took to complete: 0ms
04-15 17:05:15.633 540 540 D SystemServerTiming: OnBootPhase_520_com.android.server.textservices.TextServicesManagerService$Lifecycle
04-15 17:05:15.633 540 540 V SystemServerTiming: OnBootPhase_520_com.android.server.textservices.TextServicesManagerService$Lifecycle took to complete: 0ms
04-15 17:05:15.633 540 540 D SystemServerTiming: OnBootPhase_520_com.android.server.textclassifier.TextClassificationManagerService$Lifecycle
04-15 17:05:15.633 540 540 V SystemServerTiming: OnBootPhase_520_com.android.server.textclassifier.TextClassificationManagerService$Lifecycle took to complete: 0ms
04-15 17:05:15.633 540 540 D SystemServerTiming: OnBootPhase_520_com.android.server.NetworkScoreService$Lifecycle
