04-15 17:05:44.598 540 540 W HealthConnectPackageInfoUtils: Can't extract requested permissions from the package info.
04-15 17:05:44.598 540 540 W HealthConnectPackageInfoUtils: Can't extract requested permissions from the package info.
04-15 17:05:44.598 540 540 W HealthConnectPackageInfoUtils: Can't extract requested permissions from the package info.
04-15 17:05:44.598 540 540 W HealthConnectPackageInfoUtils: Can't extract requested permissions from the package info.
04-15 17:05:44.599 540 540 W HealthConnectPackageInfoUtils: Can't extract requested permissions from the package info.
04-15 17:05:44.599 540 540 W HealthConnectPackageInfoUtils: Can't extract requested permissions from the package info.
04-15 17:05:44.599 540 540 W HealthConnectPackageInfoUtils: Can't extract requested permissions from the package info.
04-15 17:05:44.599 540 540 W HealthConnectPackageInfoUtils: Can't extract requested permissions from the package info.
04-15 17:05:44.599 540 540 W HealthConnectPackageInfoUtils: Can't extract requested permissions from the package info.
04-15 17:05:44.599 540 540 W HealthConnectPackageInfoUtils: Can't extract requested permissions from the package info.
04-15 17:05:44.599 540 540 W HealthConnectPackageInfoUtils: Can't extract requested permissions from the package info.
04-15 17:05:44.599 540 540 W HealthConnectPackageInfoUtils: Can't extract requested permissions from the package info.
04-15 17:05:44.599 540 540 W HealthConnectPackageInfoUtils: Can't extract requested permissions from the package info.
04-15 17:05:44.599 540 540 W HealthConnectPackageInfoUtils: Can't extract requested permissions from the package info.
04-15 17:05:44.599 540 540 W HealthConnectPackageInfoUtils: Can't extract requested permissions from the package info.
04-15 17:05:44.601 1106 1106 D ActiveDeviceManager: start()
04-15 17:05:44.600 540 540 W HealthConnectPackageInfoUtils: Can't extract requested permissions from the package info.
04-15 17:05:44.610 540 540 W HealthConnectPackageInfoUtils: Can't extract requested permissions from the package info.
04-15 17:05:44.611 540 540 W HealthConnectPackageInfoUtils: Can't extract requested permissions from the package info.
04-15 17:05:44.611 540 540 W HealthConnectPackageInfoUtils: Can't extract requested permissions from the package info.
04-15 17:05:44.617 540 540 W Looper : Slow dispatch took 131ms main h=android.os.Handler c=null m=1
04-15 17:05:44.618 540 540 I PackageWatchdog: Syncing health check requests for packages: {}
04-15 17:05:44.619 540 540 I ExplicitHealthCheckController: Service not ready to get health check supported packages. Binding...
04-15 17:05:44.637 540 540 I ExplicitHealthCheckController: Explicit health check service is bound
04-15 17:05:44.826 1106 1250 D ActiveDeviceManager: onAudioDevicesAdded
04-15 17:05:44.827 1106 1250 D ActiveDeviceManager: Audio device added: Android SDK built for x86_64 type: 2
04-15 17:05:44.827 1106 1250 D ActiveDeviceManager: Audio device added: Android SDK built for x86_64 type: 18
04-15 17:05:44.827 1106 1250 D ActiveDeviceManager: Audio device added: Android SDK built for x86_64 type: 15
04-15 17:05:44.828 1106 1250 D ActiveDeviceManager: Audio device added: Android SDK built for x86_64 type: 18
04-15 17:05:44.870 1106 1250 D ActiveDeviceManager: Audio device added: Android SDK built for x86_64 type: 25
04-15 17:05:44.870 1106 1250 D ActiveDeviceManager: Audio device added: Android SDK built for x86_64 type: 16
04-15 17:05:44.897 1106 1106 I droid.bluetooth: [0415/170544.897045:INFO:com_android_bluetooth_btservice_ActivityAttribution.cpp(96)] classInitNative: succeeds
04-15 17:05:44.897 1106 1106 D BluetoothAdapterService: setAdapterService() - trying to set service to com.android.bluetooth.btservice.AdapterService@5daaeb
04-15 17:05:44.917 540 540 D nativeloader: Configuring clns-shared-16 for other apk /system/framework/com.android.location.provider.jar. target_sdk_version=34, uses_libraries=ALL, library_path=/system/priv-app/FusedLocation/lib/x86_64:/system/priv-app/FusedLocation/FusedLocation.apk!/lib/x86_64:/system/lib64:/system_ext/lib64, permitted_path=/data:/mnt/expand:/data/user_de/0/com.android.location.fused:/system/priv-app/FusedLocation:/system/lib64:/system_ext/lib64
04-15 17:05:44.936 540 540 D nativeloader: Configuring clns-shared-17 for other apk /system/priv-app/FusedLocation/FusedLocation.apk. target_sdk_version=34, uses_libraries=, library_path=/system/priv-app/FusedLocation/lib/x86_64:/system/priv-app/FusedLocation/FusedLocation.apk!/lib/x86_64:/system/lib64:/system_ext/lib64, permitted_path=/data:/mnt/expand:/data/user_de/0/com.android.location.fused:/system/priv-app/FusedLocation:/system/lib64:/system_ext/lib64
04-15 17:05:44.966 540 540 D CompatibilityChangeReporter: Compat change id reported: 161145287; UID 1000; state: ENABLED
04-15 17:05:44.973 540 561 I ServiceWatcher: [fused] connected to {com.android.location.fused/com.android.location.fused.FusedLocationService}
04-15 17:05:45.213 540 540 D WallpaperManagerService: WPMS.onServiceConnected-ComponentInfo{com.android.systemui/com.android.systemui.wallpapers.ImageWallpaper}
04-15 17:05:45.213 540 540 D WallpaperManagerService: WPMS.attachServiceLocked
04-15 17:05:45.214 540 540 D WallpaperManagerService: WPMS.connectLocked-ComponentInfo{com.android.systemui/com.android.systemui.wallpapers.ImageWallpaper}
04-15 17:05:45.230 540 540 V WallpaperManagerService: WPMS.connectLocked-ComponentInfo{com.android.systemui/com.android.systemui.wallpapers.ImageWallpaper} took to complete: 16ms
04-15 17:05:45.231 540 540 V WallpaperManagerService: WPMS.attachServiceLocked took to complete: 17ms
04-15 17:05:45.231 540 540 D WallpaperManagerService: WPMS.saveSettingsLocked-0
04-15 17:05:45.290 895 895 D NavigationModeController: getCurrentUserContext: contextUser=0 currentUser=0
04-15 17:05:45.297 540 540 V WallpaperManagerService: WPMS.saveSettingsLocked-0 took to complete: 66ms
04-15 17:05:45.299 540 540 V WallpaperManagerService: WPMS.onServiceConnected-ComponentInfo{com.android.systemui/com.android.systemui.wallpapers.ImageWallpaper} took to complete: 86ms
04-15 17:05:45.356 895 895 D NavigationModeController: getCurrentInteractionMode: mode=0 contextUser=0
04-15 17:05:45.359 895 895 D NavigationModeController: getCurrentInteractionMode: mode=0 contextUser=0
04-15 17:05:45.477 540 540 E WiredAccessoryManager: No state change.
04-15 17:05:45.478 540 540 W WiredAccessoryManager: Both input event and extcon are used for audio jack, please just choose one.
04-15 17:05:45.593 895 1017 D WallpaperService: reportEngineShown: shouldWait=true
04-15 17:05:45.689 895 1017 D WallpaperService: reportEngineShown: shouldWait=true
04-15 17:05:45.702 1134 1134 D CarrierIdProvider: update database from pb. inserted rows = 2655
04-15 17:05:45.715 1134 1134 D CarrierIdProvider: update version number: 700001a relative version: 26
04-15 17:05:45.722 540 540 I ConnectivityModuleConnector: Networking module service connected
04-15 17:05:45.723 540 540 I NetworkStackClient: Network stack service connected
04-15 17:05:45.728 540 540 D NetworkStackClient: Network stack service registered
04-15 17:05:45.859 540 540 I ConnectivityModuleConnector: Networking module service connected
04-15 17:05:45.978 1106 1249 D BluetoothDatabase: compactLastConnectionTime: Compacting metadata after load
04-15 17:05:45.979 1106 1249 I BluetoothDatabase: cacheMetadata
04-15 17:05:46.026 540 563 I DropBoxManagerService: add tag=system_app_strictmode isTagEnabled=true flags=0x2
04-15 17:05:46.039 1106 1106 D BluetoothAdapterService: onBind()
04-15 17:05:46.109 540 562 W WindowManager: Keyguard drawn timeout. Setting mKeyguardDrawComplete
04-15 17:05:46.137 392 419 I SurfaceFlinger: Boot is finished (145739 ms)
04-15 17:05:46.197 540 809 W BestClock: java.time.DateTimeException: Missing network time fix
04-15 17:05:46.219 540 564 D ActivityManagerTiming: FinishBooting
04-15 17:05:46.221 392 392 D SurfaceFlinger: Power hint is disabled
04-15 17:05:46.221 331 331 W Zygote : forkRepeatedly terminated due to non-simple command
04-15 17:05:46.222 331 331 D Zygote : mbuffer starts with 1 , nice name is , mEnd = 19, mNext = 19, mLinesLeft = 0, mFd = 6
04-15 17:05:46.227 540 565 W system_server: Long monitor contention with owner android.display (564) at void com.android.server.wm.WindowManagerService.performEnableScreen()(WindowManagerService.java:3762) waiters=0 in void com.android.server.wm.InputMonitor$UpdateInputWindows.run() for 109ms
04-15 17:05:46.232 540 564 I ActivityManager: About to commit checkpoint
04-15 17:05:46.240 540 564 I SystemServiceManager: Starting phase 1000
04-15 17:05:46.241 540 564 D ActivityManagerTiming: OnBootPhase_1000
04-15 17:05:46.241 540 564 D ActivityManagerTiming: OnBootPhase_1000_com.android.server.security.FileIntegrityService
04-15 17:05:46.242 540 564 V ActivityManagerTiming: OnBootPhase_1000_com.android.server.security.FileIntegrityService took to complete: 0ms
04-15 17:05:46.242 540 564 D ActivityManagerTiming: OnBootPhase_1000_com.android.server.pm.Installer
04-15 17:05:46.242 540 564 V ActivityManagerTiming: OnBootPhase_1000_com.android.server.pm.Installer took to complete: 0ms
04-15 17:05:46.243 0 0 I servicemanager: Found android.hardware.power.IPower/default in device VINTF manifest.
04-15 17:05:46.246 363 363 I android.hardware.power-service.example: Power isBoostSupported: 1
04-15 17:05:46.246 540 564 D ActivityManagerTiming: OnBootPhase_1000_com.android.server.os.DeviceIdentifiersPolicyService
04-15 17:05:46.247 540 564 V ActivityManagerTiming: OnBootPhase_1000_com.android.server.os.DeviceIdentifiersPolicyService took to complete: 0ms
04-15 17:05:46.247 540 564 D ActivityManagerTiming: OnBootPhase_1000_com.android.server.uri.UriGrantsManagerService$Lifecycle
04-15 17:05:46.247 540 564 V ActivityManagerTiming: OnBootPhase_1000_com.android.server.uri.UriGrantsManagerService$Lifecycle took to complete: 0ms
04-15 17:05:46.247 540 564 D ActivityManagerTiming: OnBootPhase_1000_com.android.server.powerstats.PowerStatsService
04-15 17:05:46.314 330 330 I netd : tetherGetStats() -> {[]} <72.40ms>
04-15 17:05:46.319 540 969 E InputDispatcher: Received out of order window infos update. Last update vsync id: 137933596415704, current update vsync id: 945
04-15 17:05:46.333 540 540 W Looper : Slow dispatch took 143ms main h=android.os.Handler c=null m=1
04-15 17:05:46.335 540 1012 W system_server: Long monitor contention with owner main (540) at void android.os.Message.recycleUnchecked()(Message.java:346) waiters=2 in android.os.Message android.os.Message.obtain() for 329ms
04-15 17:05:46.399 540 564 W SystemServiceManager: Service com.android.server.powerstats.PowerStatsService took 152 ms in onBootPhase
04-15 17:05:46.401 540 564 V ActivityManagerTiming: OnBootPhase_1000_com.android.server.powerstats.PowerStatsService took to complete: 154ms
04-15 17:05:46.406 540 564 D ActivityManagerTiming: OnBootPhase_1000_com.android.server.permission.access.AccessCheckingService
04-15 17:05:46.406 540 564 V ActivityManagerTiming: OnBootPhase_1000_com.android.server.permission.access.AccessCheckingService took to complete: 0ms
04-15 17:05:46.407 540 564 D ActivityManagerTiming: OnBootPhase_1000_com.android.server.wm.ActivityTaskManagerService$Lifecycle
04-15 17:05:46.407 540 564 V ActivityManagerTiming: OnBootPhase_1000_com.android.server.wm.ActivityTaskManagerService$Lifecycle took to complete: 0ms
04-15 17:05:46.407 540 564 D ActivityManagerTiming: OnBootPhase_1000_com.android.server.am.ActivityManagerService$Lifecycle
04-15 17:05:46.408 540 564 V ActivityManagerTiming: OnBootPhase_1000_com.android.server.am.ActivityManagerService$Lifecycle took to complete: 0ms
04-15 17:05:46.408 540 564 D ActivityManagerTiming: OnBootPhase_1000_com.android.server.pm.DataLoaderManagerService
04-15 17:05:46.409 540 564 V ActivityManagerTiming: OnBootPhase_1000_com.android.server.pm.DataLoaderManagerService took to complete: 0ms
04-15 17:05:46.409 540 564 D ActivityManagerTiming: OnBootPhase_1000_com.android.server.power.PowerManagerService
04-15 17:05:46.418 540 591 I DisplayBrightnessStrategySelector: Changing the DisplayBrightnessStrategy from OverrideBrightnessStrategy toInvalidBrightnessStrategy for display 0
04-15 17:05:46.419 540 591 V DisplayPowerController2[0]: Brightness [0.39763778] reason changing to: 'manual', previous reason: 'override'.
04-15 17:05:46.419 540 591 I DisplayPowerController2[0]: BrightnessEvent: disp=0, physDisp=local:4619827259835644672, brt=0.39763778, initBrt=0.39763778, rcmdBrt=NaN, preBrt=NaN, lux=0.0, preLux=0.0, hbmMax=1.0, hbmMode=off, rbcStrength=0, thrmMax=1.0, powerFactor=1.0, wasShortTermModelActive=false, flags=, reason=manual, autoBrightness=false, strategy=InvalidBrightnessStrategy
04-15 17:05:46.425 540 564 V ActivityManagerTiming: OnBootPhase_1000_com.android.server.power.PowerManagerService took to complete: 16ms
04-15 17:05:46.425 540 564 D ActivityManagerTiming: OnBootPhase_1000_com.android.server.power.ThermalManagerService
04-15 17:05:46.425 540 564 V ActivityManagerTiming: OnBootPhase_1000_com.android.server.power.ThermalManagerService took to complete: 1ms
04-15 17:05:46.436 540 564 D ActivityManagerTiming: OnBootPhase_1000_com.android.server.power.hint.HintManagerService
04-15 17:05:46.438 540 564 V ActivityManagerTiming: OnBootPhase_1000_com.android.server.power.hint.HintManagerService took to complete: 1ms
04-15 17:05:46.438 540 564 D ActivityManagerTiming: OnBootPhase_1000_com.android.server.recoverysystem.RecoverySystemService$Lifecycle
04-15 17:05:46.438 540 564 V ActivityManagerTiming: OnBootPhase_1000_com.android.server.recoverysystem.RecoverySystemService$Lifecycle took to complete: 0ms
04-15 17:05:46.438 540 564 D ActivityManagerTiming: OnBootPhase_1000_com.android.server.lights.LightsService
04-15 17:05:46.439 540 564 V ActivityManagerTiming: OnBootPhase_1000_com.android.server.lights.LightsService took to complete: 0ms
04-15 17:05:46.439 540 564 D ActivityManagerTiming: OnBootPhase_1000_com.android.server.display.DisplayManagerService
04-15 17:05:46.444 540 949 D CompatibilityChangeReporter: Compat change id reported: 214016041; UID 1000; state: ENABLED
04-15 17:05:46.454 540 949 I ImeTracker: com.android.settings:31be0d67: onRequestHide at ORIGIN_SERVER_HIDE_INPUT reason HIDE_UNSPECIFIED_WINDOW
04-15 17:05:46.460 540 949 I ImeTracker: com.android.settings:31be0d67: onCancelled at PHASE_SERVER_SHOULD_HIDE
04-15 17:05:46.465 895 895 D CompatibilityChangeReporter: Compat change id reported: 210923482; UID 10117; state: ENABLED
04-15 17:05:46.484 540 564 I LogicalDisplayMapper: Requesting Transition to state: 0, from state=-1, interactive=true, mBootCompleted=true
04-15 17:05:46.485 540 564 I LogicalDisplayMapper: Applying layout: [{dispId: 0(ON), displayGroupName: , addr: {port=0, model=0x401cec6a7a2b7b}, mThermalBrightnessThrottlingMapId: null, mRefreshRateZoneId: null, mLeadDisplayId: -1, mThermalRefreshRateThrottlingMapId: null}], Previous layout: [{dispId: 0(ON), displayGroupName: , addr: {port=0, model=0x401cec6a7a2b7b}, mThermalBrightnessThrottlingMapId: null, mRefreshRateZoneId: null, mLeadDisplayId: -1, mThermalRefreshRateThrottlingMapId: null}]
04-15 17:05:46.486 540 564 V ActivityManagerTiming: OnBootPhase_1000_com.android.server.display.DisplayManagerService took to complete: 47ms
04-15 17:05:46.486 540 564 D ActivityManagerTiming: OnBootPhase_1000_com.android.server.pm.verify.domain.DomainVerificationService
04-15 17:05:46.486 540 564 V ActivityManagerTiming: OnBootPhase_1000_com.android.server.pm.verify.domain.DomainVerificationService took to complete: 0ms
04-15 17:05:46.486 540 564 D ActivityManagerTiming: OnBootPhase_1000_com.android.server.pm.PackageInstallerService$Lifecycle
04-15 17:05:46.486 540 564 V ActivityManagerTiming: OnBootPhase_1000_com.android.server.pm.PackageInstallerService$Lifecycle took to complete: 0ms
04-15 17:05:46.486 540 564 D ActivityManagerTiming: OnBootPhase_1000_com.android.server.pm.UserManagerService$LifeCycle
04-15 17:05:46.486 540 564 V ActivityManagerTiming: OnBootPhase_1000_com.android.server.pm.UserManagerService$LifeCycle took to complete: 0ms
04-15 17:05:46.486 540 564 D ActivityManagerTiming: OnBootPhase_1000_com.android.server.om.OverlayManagerService
04-15 17:05:46.487 540 564 V ActivityManagerTiming: OnBootPhase_1000_com.android.server.om.OverlayManagerService took to complete: 0ms
04-15 17:05:46.487 540 564 D ActivityManagerTiming: OnBootPhase_1000_com.android.server.resources.ResourcesManagerService
04-15 17:05:46.487 540 564 V ActivityManagerTiming: OnBootPhase_1000_com.android.server.resources.ResourcesManagerService took to complete: 0ms
04-15 17:05:46.487 540 564 D ActivityManagerTiming: OnBootPhase_1000_com.android.server.sensorprivacy.SensorPrivacyService
04-15 17:05:46.487 540 564 V ActivityManagerTiming: OnBootPhase_1000_com.android.server.sensorprivacy.SensorPrivacyService took to complete: 0ms
04-15 17:05:46.487 540 564 D ActivityManagerTiming: OnBootPhase_1000_com.android.server.sensors.SensorService
04-15 17:05:46.487 540 564 V ActivityManagerTiming: OnBootPhase_1000_com.android.server.sensors.SensorService took to complete: 0ms
04-15 17:05:46.487 540 564 D ActivityManagerTiming: OnBootPhase_1000_com.android.server.SystemConfigService
04-15 17:05:46.487 540 564 V ActivityManagerTiming: OnBootPhase_1000_com.android.server.SystemConfigService took to complete: 0ms
04-15 17:05:46.487 540 564 D ActivityManagerTiming: OnBootPhase_1000_com.android.server.BatteryService
04-15 17:05:46.487 540 564 V ActivityManagerTiming: OnBootPhase_1000_com.android.server.BatteryService took to complete: 0ms
04-15 17:05:46.487 540 564 D ActivityManagerTiming: OnBootPhase_1000_com.android.server.usage.UsageStatsService
04-15 17:05:46.495 540 949 D CompatibilityChangeReporter: Compat change id reported: 135634846; UID 10108; state: DISABLED
04-15 17:05:46.509 540 573 D CompatibilityChangeReporter: Compat change id reported: 143937733; UID 10108; state: ENABLED
04-15 17:05:46.510 540 573 W ActivityManager: com.android.inputmethod.latin inode == 0 (b/152760674)
04-15 17:05:46.521 540 564 V ActivityManagerTiming: OnBootPhase_1000_com.android.server.usage.UsageStatsService took to complete: 33ms
04-15 17:05:46.521 540 564 D ActivityManagerTiming: OnBootPhase_1000_com.android.server.webkit.WebViewUpdateService
04-15 17:05:46.521 540 564 V ActivityManagerTiming: OnBootPhase_1000_com.android.server.webkit.WebViewUpdateService took to complete: 0ms
04-15 17:05:46.521 540 564 D ActivityManagerTiming: OnBootPhase_1000_com.android.server.CachedDeviceStateService
04-15 17:05:46.521 540 564 V ActivityManagerTiming: OnBootPhase_1000_com.android.server.CachedDeviceStateService took to complete: 0ms
04-15 17:05:46.521 540 564 D ActivityManagerTiming: OnBootPhase_1000_com.android.server.BinderCallsStatsService$LifeCycle
04-15 17:05:46.521 540 564 V ActivityManagerTiming: OnBootPhase_1000_com.android.server.BinderCallsStatsService$LifeCycle took to complete: 0ms
04-15 17:05:46.521 540 564 D ActivityManagerTiming: OnBootPhase_1000_com.android.server.LooperStatsService$Lifecycle
04-15 17:05:46.522 540 564 V ActivityManagerTiming: OnBootPhase_1000_com.android.server.LooperStatsService$Lifecycle took to complete: 0ms
04-15 17:05:46.522 540 564 D ActivityManagerTiming: OnBootPhase_1000_com.android.server.rollback.RollbackManagerService
04-15 17:05:46.523 540 564 V ActivityManagerTiming: OnBootPhase_1000_com.android.server.rollback.RollbackManagerService took to complete: 1ms
04-15 17:05:46.523 540 564 D ActivityManagerTiming: OnBootPhase_1000_com.android.server.os.NativeTombstoneManagerService
04-15 17:05:46.523 540 564 V ActivityManagerTiming: OnBootPhase_1000_com.android.server.os.NativeTombstoneManagerService took to complete: 0ms
04-15 17:05:46.523 540 564 D ActivityManagerTiming: OnBootPhase_1000_com.android.server.os.BugreportManagerService
04-15 17:05:46.523 540 564 V ActivityManagerTiming: OnBootPhase_1000_com.android.server.os.BugreportManagerService took to complete: 0ms
04-15 17:05:46.523 540 564 D ActivityManagerTiming: OnBootPhase_1000_com.android.server.gpu.GpuService
04-15 17:05:46.523 540 564 V ActivityManagerTiming: OnBootPhase_1000_com.android.server.gpu.GpuService took to complete: 0ms
04-15 17:05:46.523 540 564 D ActivityManagerTiming: OnBootPhase_1000_com.android.server.security.rkp.RemoteProvisioningService
04-15 17:05:46.523 540 564 V ActivityManagerTiming: OnBootPhase_1000_com.android.server.security.rkp.RemoteProvisioningService took to complete: 0ms
04-15 17:05:46.524 540 564 D ActivityManagerTiming: OnBootPhase_1000_com.android.server.cpu.CpuMonitorService
04-15 17:05:46.524 540 564 V ActivityManagerTiming: OnBootPhase_1000_com.android.server.cpu.CpuMonitorService took to complete: 0ms
04-15 17:05:46.524 540 564 D ActivityManagerTiming: OnBootPhase_1000_com.android.server.security.KeyChainSystemService
04-15 17:05:46.524 540 564 V ActivityManagerTiming: OnBootPhase_1000_com.android.server.security.KeyChainSystemService took to complete: 0ms
04-15 17:05:46.524 540 564 D ActivityManagerTiming: OnBootPhase_1000_com.android.server.BinaryTransparencyService
04-15 17:05:46.524 540 564 I TransparencyService: Boot completed. Getting VBMeta Digest.
04-15 17:05:46.524 540 564 D TransparencyService: VBMeta Digest: 8bee4f6105b6acd7de887b1ee6629ab07066df02ee9bbca07663adffdad97fc1
04-15 17:05:46.525 540 564 I TransparencyService: Boot completed. Collecting biometric system properties.
04-15 17:05:46.525 540 564 I TransparencyService: Scheduling measurements to be taken.
04-15 17:05:46.526 540 564 I TransparencyService: Scheduling binary content-digest computation job
04-15 17:05:46.527 540 564 D CompatibilityChangeReporter: Compat change id reported: 253665015; UID 1000; state: ENABLED
04-15 17:05:46.555 540 632 D RollbackManager: mRollbackLifetimeDurationInMillis=1209600000
04-15 17:05:46.578 540 540 W Looper : Slow dispatch took 173ms main h=android.os.Handler c=null m=1
04-15 17:05:46.584 540 564 D CompatibilityChangeReporter: Compat change id reported: 194532703; UID 1000; state: ENABLED
04-15 17:05:46.593 540 809 W BestClock: java.time.DateTimeException: Missing network time fix
04-15 17:05:46.602 540 564 D TransparencyService: Job 1740526926 to measure binaries was scheduled successfully.
04-15 17:05:46.602 540 564 D TransparencyService: Registering APK & Non-Staged APEX updates...
04-15 17:05:46.603 540 564 D TransparencyService: Registering APEX updates...
04-15 17:05:46.607 540 564 W SystemServiceManager: Service com.android.server.BinaryTransparencyService took 83 ms in onBootPhase
04-15 17:05:46.607 540 564 V ActivityManagerTiming: OnBootPhase_1000_com.android.server.BinaryTransparencyService took to complete: 84ms
04-15 17:05:46.607 540 564 D ActivityManagerTiming: OnBootPhase_1000_com.android.server.telecom.TelecomLoaderService
04-15 17:05:46.608 540 564 V ActivityManagerTiming: OnBootPhase_1000_com.android.server.telecom.TelecomLoaderService took to complete: 0ms
04-15 17:05:46.608 540 564 D ActivityManagerTiming: OnBootPhase_1000_com.android.server.accounts.AccountManagerService$Lifecycle
04-15 17:05:46.608 540 564 V ActivityManagerTiming: OnBootPhase_1000_com.android.server.accounts.AccountManagerService$Lifecycle took to complete: 0ms
04-15 17:05:46.608 540 564 D ActivityManagerTiming: OnBootPhase_1000_com.android.server.content.ContentService$Lifecycle
04-15 17:05:46.608 540 564 V ActivityManagerTiming: OnBootPhase_1000_com.android.server.content.ContentService$Lifecycle took to complete: 0ms
04-15 17:05:46.609 540 564 D ActivityManagerTiming: OnBootPhase_1000_com.android.server.deviceconfig.DeviceConfigInit$Lifecycle
04-15 17:05:46.609 540 564 V ActivityManagerTiming: OnBootPhase_1000_com.android.server.deviceconfig.DeviceConfigInit$Lifecycle took to complete: 0ms
04-15 17:05:46.609 540 564 D ActivityManagerTiming: OnBootPhase_1000_com.android.server.DropBoxManagerService
04-15 17:05:46.609 540 564 V ActivityManagerTiming: OnBootPhase_1000_com.android.server.DropBoxManagerService took to complete: 0ms
04-15 17:05:46.609 540 564 D ActivityManagerTiming: OnBootPhase_1000_com.android.role.RoleService
04-15 17:05:46.609 540 564 V ActivityManagerTiming: OnBootPhase_1000_com.android.role.RoleService took to complete: 0ms
04-15 17:05:46.609 540 564 D ActivityManagerTiming: OnBootPhase_1000_com.android.server.vibrator.VibratorManagerService$Lifecycle
04-15 17:05:46.609 540 564 V ActivityManagerTiming: OnBootPhase_1000_com.android.server.vibrator.VibratorManagerService$Lifecycle took to complete: 0ms
04-15 17:05:46.609 540 564 D ActivityManagerTiming: OnBootPhase_1000_com.android.server.tare.InternalResourceService
04-15 17:05:46.609 540 564 V ActivityManagerTiming: OnBootPhase_1000_com.android.server.tare.InternalResourceService took to complete: 0ms
04-15 17:05:46.609 540 564 D ActivityManagerTiming: OnBootPhase_1000_com.android.server.alarm.AlarmManagerService
04-15 17:05:46.609 540 564 V ActivityManagerTiming: OnBootPhase_1000_com.android.server.alarm.AlarmManagerService took to complete: 0ms
04-15 17:05:46.610 540 564 D ActivityManagerTiming: OnBootPhase_1000_com.android.server.devicestate.DeviceStateManagerService
04-15 17:05:46.610 540 564 V ActivityManagerTiming: OnBootPhase_1000_com.android.server.devicestate.DeviceStateManagerService took to complete: 0ms
04-15 17:05:46.610 540 564 D ActivityManagerTiming: OnBootPhase_1000_com.android.server.camera.CameraServiceProxy
04-15 17:05:46.629 540 564 V ActivityManagerTiming: OnBootPhase_1000_com.android.server.camera.CameraServiceProxy took to complete: 19ms
04-15 17:05:46.629 540 564 D ActivityManagerTiming: OnBootPhase_1000_com.android.server.bluetooth.BluetoothService
04-15 17:05:46.629 540 564 V ActivityManagerTiming: OnBootPhase_1000_com.android.server.bluetooth.BluetoothService took to complete: 0ms
04-15 17:05:46.629 540 564 D ActivityManagerTiming: OnBootPhase_1000_com.android.server.connectivity.IpConnectivityMetrics
04-15 17:05:46.629 540 564 V ActivityManagerTiming: OnBootPhase_1000_com.android.server.connectivity.IpConnectivityMetrics took to complete: 0ms
04-15 17:05:46.629 540 564 D ActivityManagerTiming: OnBootPhase_1000_com.android.server.net.watchlist.NetworkWatchlistService$Lifecycle
04-15 17:05:46.629 540 564 V ActivityManagerTiming: OnBootPhase_1000_com.android.server.net.watchlist.NetworkWatchlistService$Lifecycle took to complete: 0ms
04-15 17:05:46.629 540 564 D ActivityManagerTiming: OnBootPhase_1000_com.android.server.PinnerService
04-15 17:05:46.629 540 564 V ActivityManagerTiming: OnBootPhase_1000_com.android.server.PinnerService took to complete: 0ms
04-15 17:05:46.630 540 564 D ActivityManagerTiming: OnBootPhase_1000_com.android.server.integrity.AppIntegrityManagerService
04-15 17:05:46.630 540 564 V ActivityManagerTiming: OnBootPhase_1000_com.android.server.integrity.AppIntegrityManagerService took to complete: 0ms
04-15 17:05:46.630 540 564 D ActivityManagerTiming: OnBootPhase_1000_com.android.server.logcat.LogcatManagerService
04-15 17:05:46.630 540 564 V ActivityManagerTiming: OnBootPhase_1000_com.android.server.logcat.LogcatManagerService took to complete: 0ms
04-15 17:05:46.630 540 564 D ActivityManagerTiming: OnBootPhase_1000_com.android.server.inputmethod.InputMethodManagerService$Lifecycle
04-15 17:05:46.630 540 564 V ActivityManagerTiming: OnBootPhase_1000_com.android.server.inputmethod.InputMethodManagerService$Lifecycle took to complete: 0ms
04-15 17:05:46.630 540 564 D ActivityManagerTiming: OnBootPhase_1000_com.android.server.accessibility.AccessibilityManagerService$Lifecycle
04-15 17:05:46.630 540 564 V ActivityManagerTiming: OnBootPhase_1000_com.android.server.accessibility.AccessibilityManagerService$Lifecycle took to complete: 0ms
04-15 17:05:46.630 540 564 D ActivityManagerTiming: OnBootPhase_1000_com.android.server.StorageManagerService$Lifecycle
04-15 17:05:46.630 540 564 V ActivityManagerTiming: OnBootPhase_1000_com.android.server.StorageManagerService$Lifecycle took to complete: 0ms
04-15 17:05:46.630 540 564 D ActivityManagerTiming: OnBootPhase_1000_com.android.server.usage.StorageStatsService$Lifecycle
04-15 17:05:46.631 540 564 V ActivityManagerTiming: OnBootPhase_1000_com.android.server.usage.StorageStatsService$Lifecycle took to complete: 0ms
04-15 17:05:46.631 540 564 D ActivityManagerTiming: OnBootPhase_1000_com.android.server.UiModeManagerService
04-15 17:05:46.631 540 564 V ActivityManagerTiming: OnBootPhase_1000_com.android.server.UiModeManagerService took to complete: 0ms
04-15 17:05:46.631 540 564 D ActivityManagerTiming: OnBootPhase_1000_com.android.server.locales.LocaleManagerService
04-15 17:05:46.631 540 564 V ActivityManagerTiming: OnBootPhase_1000_com.android.server.locales.LocaleManagerService took to complete: 0ms
04-15 17:05:46.647 540 564 D ActivityManagerTiming: OnBootPhase_1000_com.android.server.grammaticalinflection.GrammaticalInflectionService
04-15 17:05:46.647 540 564 V ActivityManagerTiming: OnBootPhase_1000_com.android.server.grammaticalinflection.GrammaticalInflectionService took to complete: 0ms
04-15 17:05:46.647 540 564 D ActivityManagerTiming: OnBootPhase_1000_com.android.server.apphibernation.AppHibernationService
04-15 17:05:46.653 540 659 D StorageManagerService: Thinking about reset, mBootCompleted=true, mDaemonConnected=true
04-15 17:05:46.654 540 659 I StorageSessionController: Started resetting external storage service...
04-15 17:05:46.654 540 659 I StorageSessionController: Finished resetting external storage service
04-15 17:05:46.655 540 659 I StorageManagerService: Resetting vold...
04-15 17:05:46.675 331 331 I Zygote : Entering forkRepeatedly native zygote loop
04-15 17:05:46.676 540 659 I StorageManagerService: Reset vold
04-15 17:05:46.678 144 144 I vold : onUserAdded: 0
04-15 17:05:46.683 540 564 V ActivityManagerTiming: OnBootPhase_1000_com.android.server.apphibernation.AppHibernationService took to complete: 36ms
04-15 17:05:46.683 540 564 D ActivityManagerTiming: OnBootPhase_1000_com.android.server.locksettings.LockSettingsService$Lifecycle
04-15 17:05:46.683 540 564 V ActivityManagerTiming: OnBootPhase_1000_com.android.server.locksettings.LockSettingsService$Lifecycle took to complete: 0ms
04-15 17:05:46.683 540 564 D ActivityManagerTiming: OnBootPhase_1000_com.android.server.testharness.TestHarnessModeService
04-15 17:05:46.683 540 564 D TestHarnessModeService: Completing Test Harness Mode setup.
04-15 17:05:46.683 540 564 D TestHarnessModeService: Getting PersistentDataBlockManagerInternal from LocalServices
04-15 17:05:46.683 540 564 E TestHarnessModeService: Failed to start Test Harness Mode; no implementation of PersistentDataBlockManagerInternal was bound!
04-15 17:05:46.689 540 1270 I HibernationStateDiskStore: No hibernation file on disk for file /data/system/hibernation/states
04-15 17:05:46.705 540 564 V ActivityManagerTiming: OnBootPhase_1000_com.android.server.testharness.TestHarnessModeService took to complete: 22ms
04-15 17:05:46.705 540 564 D ActivityManagerTiming: OnBootPhase_1000_com.android.server.DeviceIdleController
04-15 17:05:46.705 540 564 V ActivityManagerTiming: OnBootPhase_1000_com.android.server.DeviceIdleController took to complete: 0ms
04-15 17:05:46.705 540 564 D ActivityManagerTiming: OnBootPhase_1000_com.android.server.devicepolicy.DevicePolicyManagerService$Lifecycle
04-15 17:05:46.706 540 564 V ActivityManagerTiming: OnBootPhase_1000_com.android.server.devicepolicy.DevicePolicyManagerService$Lifecycle took to complete: 0ms
04-15 17:05:46.706 540 564 D ActivityManagerTiming: OnBootPhase_1000_com.android.server.texttospeech.TextToSpeechManagerService
04-15 17:05:46.706 540 564 V ActivityManagerTiming: OnBootPhase_1000_com.android.server.texttospeech.TextToSpeechManagerService took to complete: 0ms
04-15 17:05:46.706 540 564 D ActivityManagerTiming: OnBootPhase_1000_com.android.server.ambientcontext.AmbientContextManagerService
04-15 17:05:46.706 540 564 V ActivityManagerTiming: OnBootPhase_1000_com.android.server.ambientcontext.AmbientContextManagerService took to complete: 0ms
04-15 17:05:46.706 540 564 D ActivityManagerTiming: OnBootPhase_1000_com.android.server.wearable.WearableSensingManagerService
04-15 17:05:46.706 540 564 V ActivityManagerTiming: OnBootPhase_1000_com.android.server.wearable.WearableSensingManagerService took to complete: 0ms
04-15 17:05:46.706 540 564 D ActivityManagerTiming: OnBootPhase_1000_com.android.server.speech.SpeechRecognitionManagerService
04-15 17:05:46.706 540 564 V ActivityManagerTiming: OnBootPhase_1000_com.android.server.speech.SpeechRecognitionManagerService took to complete: 0ms
04-15 17:05:46.706 540 564 D ActivityManagerTiming: OnBootPhase_1000_com.android.server.searchui.SearchUiManagerService
04-15 17:05:46.706 540 564 V ActivityManagerTiming: OnBootPhase_1000_com.android.server.searchui.SearchUiManagerService took to complete: 0ms
04-15 17:05:46.706 540 564 D ActivityManagerTiming: OnBootPhase_1000_com.android.server.smartspace.SmartspaceManagerService
04-15 17:05:46.707 540 564 V ActivityManagerTiming: OnBootPhase_1000_com.android.server.smartspace.SmartspaceManagerService took to complete: 0ms
04-15 17:05:46.707 540 564 D ActivityManagerTiming: OnBootPhase_1000_com.android.server.graphics.fonts.FontManagerService$Lifecycle
04-15 17:05:46.707 540 564 V ActivityManagerTiming: OnBootPhase_1000_com.android.server.graphics.fonts.FontManagerService$Lifecycle took to complete: 0ms
04-15 17:05:46.707 540 564 D ActivityManagerTiming: OnBootPhase_1000_com.android.server.textservices.TextServicesManagerService$Lifecycle
04-15 17:05:46.707 540 564 V ActivityManagerTiming: OnBootPhase_1000_com.android.server.textservices.TextServicesManagerService$Lifecycle took to complete: 0ms
04-15 17:05:46.707 540 564 D ActivityManagerTiming: OnBootPhase_1000_com.android.server.textclassifier.TextClassificationManagerService$Lifecycle
04-15 17:05:46.707 540 564 V ActivityManagerTiming: OnBootPhase_1000_com.android.server.textclassifier.TextClassificationManagerService$Lifecycle took to complete: 0ms
04-15 17:05:46.707 540 564 D ActivityManagerTiming: OnBootPhase_1000_com.android.server.NetworkScoreService$Lifecycle
04-15 17:05:46.707 540 564 V ActivityManagerTiming: OnBootPhase_1000_com.android.server.NetworkScoreService$Lifecycle took to complete: 0ms
04-15 17:05:46.707 540 564 D ActivityManagerTiming: OnBootPhase_1000_com.android.server.NetworkStatsServiceInitializer
04-15 17:05:46.707 540 564 V ActivityManagerTiming: OnBootPhase_1000_com.android.server.NetworkStatsServiceInitializer took to complete: 1ms
04-15 17:05:46.707 540 564 D ActivityManagerTiming: OnBootPhase_1000_com.android.server.wifi.WifiService
04-15 17:05:46.709 540 564 V ActivityManagerTiming: OnBootPhase_1000_com.android.server.wifi.WifiService took to complete: 1ms
04-15 17:05:46.709 540 564 D ActivityManagerTiming: OnBootPhase_1000_com.android.server.wifi.scanner.WifiScanningService
04-15 17:05:46.709 540 564 V ActivityManagerTiming: OnBootPhase_1000_com.android.server.wifi.scanner.WifiScanningService took to complete: 0ms
04-15 17:05:46.709 540 564 D ActivityManagerTiming: OnBootPhase_1000_com.android.server.wifi.p2p.WifiP2pService
04-15 17:05:46.710 540 564 V ActivityManagerTiming: OnBootPhase_1000_com.android.server.wifi.p2p.WifiP2pService took to complete: 1ms
04-15 17:05:46.710 540 564 D ActivityManagerTiming: OnBootPhase_1000_com.android.server.ConnectivityServiceInitializer
04-15 17:05:46.711 540 564 V ActivityManagerTiming: OnBootPhase_1000_com.android.server.ConnectivityServiceInitializer took to complete: 1ms
04-15 17:05:46.711 540 564 D ActivityManagerTiming: OnBootPhase_1000_com.android.server.notification.NotificationManagerService
04-15 17:05:46.711 540 564 V ActivityManagerTiming: OnBootPhase_1000_com.android.server.notification.NotificationManagerService took to complete: 0ms
04-15 17:05:46.711 540 564 D ActivityManagerTiming: OnBootPhase_1000_com.android.server.storage.DeviceStorageMonitorService
04-15 17:05:46.711 540 564 V ActivityManagerTiming: OnBootPhase_1000_com.android.server.storage.DeviceStorageMonitorService took to complete: 0ms
04-15 17:05:46.711 540 564 D ActivityManagerTiming: OnBootPhase_1000_com.android.server.timedetector.TimeDetectorService$Lifecycle
04-15 17:05:46.715 540 813 D WifiService: Handle boot completed
04-15 17:05:46.718 540 813 I WifiScoreCard: Installing MemoryStore
04-15 17:05:46.718 540 813 I WifiHealthMonitor: Installing MemoryStore
04-15 17:05:46.736 540 564 V ActivityManagerTiming: OnBootPhase_1000_com.android.server.timedetector.TimeDetectorService$Lifecycle took to complete: 0ms
04-15 17:05:46.736 540 564 D ActivityManagerTiming: OnBootPhase_1000_com.android.server.location.LocationManagerService$Lifecycle
04-15 17:05:46.736 540 564 V ActivityManagerTiming: OnBootPhase_1000_com.android.server.location.LocationManagerService$Lifecycle took to complete: 0ms
04-15 17:05:46.736 540 564 D ActivityManagerTiming: OnBootPhase_1000_com.android.server.timezonedetector.TimeZoneDetectorService$Lifecycle
04-15 17:05:46.736 540 564 V ActivityManagerTiming: OnBootPhase_1000_com.android.server.timezonedetector.TimeZoneDetectorService$Lifecycle took to complete: 0ms
04-15 17:05:46.736 540 564 D ActivityManagerTiming: OnBootPhase_1000_com.android.server.location.altitude.AltitudeService$Lifecycle
04-15 17:05:46.736 540 564 V ActivityManagerTiming: OnBootPhase_1000_com.android.server.location.altitude.AltitudeService$Lifecycle took to complete: 0ms
04-15 17:05:46.736 540 564 D ActivityManagerTiming: OnBootPhase_1000_com.android.server.timezonedetector.location.LocationTimeZoneManagerService$Lifecycle
04-15 17:05:46.737 540 564 V ActivityManagerTiming: OnBootPhase_1000_com.android.server.timezonedetector.location.LocationTimeZoneManagerService$Lifecycle took to complete: 0ms
04-15 17:05:46.737 540 564 D ActivityManagerTiming: OnBootPhase_1000_com.android.server.search.SearchManagerService$Lifecycle
04-15 17:05:46.737 540 564 V ActivityManagerTiming: OnBootPhase_1000_com.android.server.search.SearchManagerService$Lifecycle took to complete: 0ms
04-15 17:05:46.737 540 564 D ActivityManagerTiming: OnBootPhase_1000_com.android.server.wallpaper.WallpaperManagerService$Lifecycle
04-15 17:05:46.738 540 564 V ActivityManagerTiming: OnBootPhase_1000_com.android.server.wallpaper.WallpaperManagerService$Lifecycle took to complete: 1ms
04-15 17:05:46.738 540 564 D ActivityManagerTiming: OnBootPhase_1000_com.android.server.wallpapereffectsgeneration.WallpaperEffectsGenerationManagerService
04-15 17:05:46.738 540 564 V ActivityManagerTiming: OnBootPhase_1000_com.android.server.wallpapereffectsgeneration.WallpaperEffectsGenerationManagerService took to complete: 0ms
04-15 17:05:46.738 540 564 D ActivityManagerTiming: OnBootPhase_1000_com.android.server.audio.AudioService$Lifecycle
04-15 17:05:46.738 540 564 V ActivityManagerTiming: OnBootPhase_1000_com.android.server.audio.AudioService$Lifecycle took to complete: 0ms
04-15 17:05:46.738 540 564 D ActivityManagerTiming: OnBootPhase_1000_com.android.server.soundtrigger_middleware.SoundTriggerMiddlewareService$Lifecycle
04-15 17:05:46.738 540 564 V ActivityManagerTiming: OnBootPhase_1000_com.android.server.soundtrigger_middleware.SoundTriggerMiddlewareService$Lifecycle took to complete: 0ms
04-15 17:05:46.738 540 564 D ActivityManagerTiming: OnBootPhase_1000_com.android.server.DockObserver
04-15 17:05:46.738 540 564 V ActivityManagerTiming: OnBootPhase_1000_com.android.server.DockObserver took to complete: 0ms
04-15 17:05:46.738 540 564 D ActivityManagerTiming: OnBootPhase_1000_com.android.server.midi.MidiService$Lifecycle
04-15 17:05:46.738 540 564 V ActivityManagerTiming: OnBootPhase_1000_com.android.server.midi.MidiService$Lifecycle took to complete: 0ms
04-15 17:05:46.738 540 564 D ActivityManagerTiming: OnBootPhase_1000_com.android.server.adb.AdbService$Lifecycle
04-15 17:05:46.739 540 564 V ActivityManagerTiming: OnBootPhase_1000_com.android.server.adb.AdbService$Lifecycle took to complete: 0ms
04-15 17:05:46.739 540 564 D ActivityManagerTiming: OnBootPhase_1000_com.android.server.usb.UsbService$Lifecycle
04-15 17:05:46.739 540 564 V ActivityManagerTiming: OnBootPhase_1000_com.android.server.usb.UsbService$Lifecycle took to complete: 0ms
04-15 17:05:46.739 540 564 D ActivityManagerTiming: OnBootPhase_1000_com.android.server.twilight.TwilightService
04-15 17:05:46.770 540 564 V ActivityManagerTiming: OnBootPhase_1000_com.android.server.twilight.TwilightService took to complete: 31ms
04-15 17:05:46.771 540 564 D ActivityManagerTiming: OnBootPhase_1000_com.android.server.display.color.ColorDisplayService
04-15 17:05:46.771 540 564 V ActivityManagerTiming: OnBootPhase_1000_com.android.server.display.color.ColorDisplayService took to complete: 0ms
04-15 17:05:46.771 540 564 D ActivityManagerTiming: OnBootPhase_1000_com.android.server.job.JobSchedulerService
04-15 17:05:46.771 540 564 V ActivityManagerTiming: OnBootPhase_1000_com.android.server.job.JobSchedulerService took to complete: 0ms
04-15 17:05:46.771 540 564 D ActivityManagerTiming: OnBootPhase_1000_com.android.server.soundtrigger.SoundTriggerService
04-15 17:05:46.771 540 564 D SoundTriggerService: onBootPhase: 1000 : false
04-15 17:05:46.777 540 564 V ActivityManagerTiming: OnBootPhase_1000_com.android.server.soundtrigger.SoundTriggerService took to complete: 6ms
04-15 17:05:46.777 540 564 D ActivityManagerTiming: OnBootPhase_1000_com.android.server.trust.TrustManagerService
04-15 17:05:46.783 1078 1102 I Tethering: USB bcast connected:false configured:false rndis:false ncm:false
04-15 17:05:46.784 540 564 V ActivityManagerTiming: OnBootPhase_1000_com.android.server.trust.TrustManagerService took to complete: 6ms
04-15 17:05:46.784 540 564 D ActivityManagerTiming: OnBootPhase_1000_com.android.server.backup.BackupManagerService$Lifecycle
04-15 17:05:46.784 540 564 V ActivityManagerTiming: OnBootPhase_1000_com.android.server.backup.BackupManagerService$Lifecycle took to complete: 0ms
04-15 17:05:46.784 540 564 D ActivityManagerTiming: OnBootPhase_1000_com.android.server.appwidget.AppWidgetService
04-15 17:05:46.784 540 564 V ActivityManagerTiming: OnBootPhase_1000_com.android.server.appwidget.AppWidgetService took to complete: 0ms
04-15 17:05:46.784 540 564 D ActivityManagerTiming: OnBootPhase_1000_com.android.server.voiceinteraction.VoiceInteractionManagerService
04-15 17:05:46.785 540 564 V ActivityManagerTiming: OnBootPhase_1000_com.android.server.voiceinteraction.VoiceInteractionManagerService took to complete: 1ms
04-15 17:05:46.785 540 564 D ActivityManagerTiming: OnBootPhase_1000_com.android.server.GestureLauncherService
04-15 17:05:46.785 540 564 V ActivityManagerTiming: OnBootPhase_1000_com.android.server.GestureLauncherService took to complete: 0ms
04-15 17:05:46.785 540 564 D ActivityManagerTiming: OnBootPhase_1000_com.android.server.SensorNotificationService
04-15 17:05:46.790 540 628 D AppStandbyController: Loaded headless system app cache in 241 ms: appIdleEnabled=false
04-15 17:05:46.808 540 564 D CompatibilityChangeReporter: Compat change id reported: 168936375; UID 1000; state: ENABLED
04-15 17:05:46.830 331 331 D Zygote : Forked child process 1271
04-15 17:05:46.847 540 573 W ActivityManager: Slow operation: 354ms so far, now at startProcess: returned from zygote!
04-15 17:05:46.861 540 564 D CompatibilityChangeReporter: Compat change id reported: 73144566; UID 1000; state: ENABLED
04-15 17:05:46.867 540 564 W SystemServiceManager: Service com.android.server.SensorNotificationService took 82 ms in onBootPhase
04-15 17:05:46.894 1134 1134 D SatelliteProvider: onCreate
04-15 17:05:46.968 540 564 V ActivityManagerTiming: OnBootPhase_1000_com.android.server.SensorNotificationService took to complete: 183ms
04-15 17:05:46.968 540 564 D ActivityManagerTiming: OnBootPhase_1000_com.android.server.emergency.EmergencyAffordanceService
04-15 17:05:46.968 540 564 V ActivityManagerTiming: OnBootPhase_1000_com.android.server.emergency.EmergencyAffordanceService took to complete: 0ms
04-15 17:05:46.968 540 564 D ActivityManagerTiming: OnBootPhase_1000_com.android.server.blob.BlobStoreManagerService
04-15 17:05:46.971 540 564 V ActivityManagerTiming: OnBootPhase_1000_com.android.server.blob.BlobStoreManagerService took to complete: 3ms
04-15 17:05:46.971 540 564 D ActivityManagerTiming: OnBootPhase_1000_com.android.server.dreams.DreamManagerService
04-15 17:05:46.971 540 564 V ActivityManagerTiming: OnBootPhase_1000_com.android.server.dreams.DreamManagerService took to complete: 0ms
04-15 17:05:46.971 540 564 D ActivityManagerTiming: OnBootPhase_1000_com.android.server.print.PrintManagerService
04-15 17:05:46.971 540 564 V ActivityManagerTiming: OnBootPhase_1000_com.android.server.print.PrintManagerService took to complete: 0ms
04-15 17:05:46.971 540 564 D ActivityManagerTiming: OnBootPhase_1000_com.android.server.security.AttestationVerificationManagerService
04-15 17:05:46.971 540 564 V ActivityManagerTiming: OnBootPhase_1000_com.android.server.security.AttestationVerificationManagerService took to complete: 0ms
04-15 17:05:46.971 540 564 D ActivityManagerTiming: OnBootPhase_1000_com.android.server.companion.CompanionDeviceManagerService
04-15 17:05:46.973 540 564 I CDM_CompanionDeviceManagerService: Scheduling the Association Removal job
04-15 17:05:46.974 540 564 V ActivityManagerTiming: OnBootPhase_1000_com.android.server.companion.CompanionDeviceManagerService took to complete: 3ms
04-15 17:05:46.974 540 564 D ActivityManagerTiming: OnBootPhase_1000_com.android.server.companion.virtual.VirtualDeviceManagerService
04-15 17:05:46.974 540 564 V ActivityManagerTiming: OnBootPhase_1000_com.android.server.companion.virtual.VirtualDeviceManagerService took to complete: 0ms
04-15 17:05:46.975 540 564 D ActivityManagerTiming: OnBootPhase_1000_com.android.server.restrictions.RestrictionsManagerService
04-15 17:05:46.975 540 564 V ActivityManagerTiming: OnBootPhase_1000_com.android.server.restrictions.RestrictionsManagerService took to complete: 0ms
04-15 17:05:46.975 540 564 D ActivityManagerTiming: OnBootPhase_1000_com.android.server.media.MediaSessionService
04-15 17:05:46.983 540 573 W ActivityManager: Slow operation: 368ms so far, now at startProcess: done updating battery stats
04-15 17:05:46.985 540 564 V ActivityManagerTiming: OnBootPhase_1000_com.android.server.media.MediaSessionService took to complete: 10ms
04-15 17:05:46.985 540 564 D ActivityManagerTiming: OnBootPhase_1000_com.android.server.media.MediaResourceMonitorService
04-15 17:05:46.985 540 564 V ActivityManagerTiming: OnBootPhase_1000_com.android.server.media.MediaResourceMonitorService took to complete: 0ms
04-15 17:05:46.985 540 564 D ActivityManagerTiming: OnBootPhase_1000_com.android.server.biometrics.sensors.face.FaceService
04-15 17:05:46.985 540 564 V ActivityManagerTiming: OnBootPhase_1000_com.android.server.biometrics.sensors.face.FaceService took to complete: 0ms
04-15 17:05:46.985 540 564 D ActivityManagerTiming: OnBootPhase_1000_com.android.server.biometrics.sensors.fingerprint.FingerprintService
04-15 17:05:46.985 540 564 V ActivityManagerTiming: OnBootPhase_1000_com.android.server.biometrics.sensors.fingerprint.FingerprintService took to complete: 0ms
04-15 17:05:46.985 540 564 D ActivityManagerTiming: OnBootPhase_1000_com.android.server.biometrics.BiometricService
04-15 17:05:46.985 540 564 V ActivityManagerTiming: OnBootPhase_1000_com.android.server.biometrics.BiometricService took to complete: 0ms
04-15 17:05:46.985 540 564 D ActivityManagerTiming: OnBootPhase_1000_com.android.server.biometrics.AuthService
04-15 17:05:46.985 540 564 V ActivityManagerTiming: OnBootPhase_1000_com.android.server.biometrics.AuthService took to complete: 0ms
04-15 17:05:46.986 540 564 D ActivityManagerTiming: OnBootPhase_1000_com.android.server.pm.ShortcutService$Lifecycle
04-15 17:05:46.986 540 564 V ActivityManagerTiming: OnBootPhase_1000_com.android.server.pm.ShortcutService$Lifecycle took to complete: 0ms
04-15 17:05:46.986 540 564 D ActivityManagerTiming: OnBootPhase_1000_com.android.server.pm.LauncherAppsService
04-15 17:05:46.986 540 564 V ActivityManagerTiming: OnBootPhase_1000_com.android.server.pm.LauncherAppsService took to complete: 0ms
04-15 17:05:46.986 540 564 D ActivityManagerTiming: OnBootPhase_1000_com.android.server.pm.CrossProfileAppsService
04-15 17:05:46.986 540 564 V ActivityManagerTiming: OnBootPhase_1000_com.android.server.pm.CrossProfileAppsService took to complete: 0ms
04-15 17:05:46.986 540 564 D ActivityManagerTiming: OnBootPhase_1000_com.android.server.people.PeopleService
04-15 17:05:46.986 540 564 V ActivityManagerTiming: OnBootPhase_1000_com.android.server.people.PeopleService took to complete: 0ms
04-15 17:05:46.986 540 564 D ActivityManagerTiming: OnBootPhase_1000_com.android.server.media.metrics.MediaMetricsManagerService
04-15 17:05:46.986 540 564 V ActivityManagerTiming: OnBootPhase_1000_com.android.server.media.metrics.MediaMetricsManagerService took to complete: 0ms
04-15 17:05:46.986 540 564 D ActivityManagerTiming: OnBootPhase_1000_com.android.server.pm.BackgroundInstallControlService
04-15 17:05:46.986 540 564 V ActivityManagerTiming: OnBootPhase_1000_com.android.server.pm.BackgroundInstallControlService took to complete: 0ms
04-15 17:05:46.986 540 564 D ActivityManagerTiming: OnBootPhase_1000_com.android.server.media.projection.MediaProjectionManagerService
04-15 17:05:46.987 540 564 V ActivityManagerTiming: OnBootPhase_1000_com.android.server.media.projection.MediaProjectionManagerService took to complete: 0ms
04-15 17:05:46.987 540 564 D ActivityManagerTiming: OnBootPhase_1000_com.android.server.slice.SliceManagerService$Lifecycle
04-15 17:05:46.987 540 564 V ActivityManagerTiming: OnBootPhase_1000_com.android.server.slice.SliceManagerService$Lifecycle took to complete: 0ms
