04-15 17:05:04.414 799 799 W dex2oat64: Mismatch between dex2oat instruction set features to use (ISA: X86_64 Feature string: -ssse3,-sse4.1,-sse4.2,-avx,-avx2,-popcnt) and those from CPP defines (ISA: X86_64 Feature string: ssse3,sse4.1,sse4.2,-avx,-avx2,popcnt) for the command line:
04-15 17:05:04.414 799 799 W dex2oat64: /apex/com.android.art/bin/dex2oat64 --zip-fd=7 --zip-location=/apex/com.android.devicelock/priv-app/DeviceLockController@UE1A.230829.036.A1/DeviceLockController.apk --oat-fd=8 --oat-location=/data/dalvik-cache/x86_64/apex@com.android.devicelock@priv-app@DeviceLockController@UE1A.230829.036.A1@DeviceLockController.apk@classes.dex --output-vdex-fd=9 --swap-fd=10 --class-loader-context-fds=11 --class-loader-context=PCL[]{PCL[/system/framework/org.apache.http.legacy.jar]} --classpath-dir=/apex/com.android.devicelock/priv-app/DeviceLockController@UE1A.230829.036.A1 --instruction-set=x86_64 --instruction-set-features=default --instruction-set-variant=x86_64 --compiler-filter=verify --compilation-reason=first-boot --compact-dex-level=none --max-image-block-size=524288 --resolve-startup-const-strings=true --generate-mini-debug-info --runtime-arg -Xtarget-sdk-version:34 --runtime-arg -Xms64m --runtime-arg -Xmx512m --comments=app-version-name:14,app-version-code:34,art-version:342090000
04-15 17:05:04.418 799 799 I dex2oat64: /apex/com.android.art/bin/dex2oat64 --output-vdex-fd=9 --class-loader-context-fds=11 --class-loader-context=PCL[]{PCL[/system/framework/org.apache.http.legacy.jar]} --classpath-dir=/apex/com.android.devicelock/priv-app/DeviceLockController@UE1A.230829.036.A1 --compiler-filter=verify --compilation-reason=first-boot --compact-dex-level=none --max-image-block-size=524288 --resolve-startup-const-strings=true --generate-mini-debug-info --comments=app-version-name:14,app-version-code:34,art-version:342090000
04-15 17:05:04.543 799 799 I dex2oat64: Using CollectorTypeCC GC.
04-15 17:05:07.250 799 799 I dex2oat64: dex2oat took 2.869s (4.215s cpu) (threads: 2) arena alloc=0B (0B) java alloc=3893KB (3987408B) native alloc=1696KB (1737024B) free=999KB (1023088B)
04-15 17:05:07.272 668 759 I artd : dex2oat returned code 0
04-15 17:05:07.276 540 666 I ArtService: Dexopt result: [packageName = com.android.devicelockcontroller] DexContainerFileDexoptResult{dexContainerFile=/apex/com.android.devicelock/priv-app/DeviceLockController@UE1A.230829.036.A1/DeviceLockController.apk, primaryAbi=true, abi=x86_64, actualCompilerFilter=verify, status=PERFORMED, dex2oatWallTimeMillis=3110, dex2oatCpuTimeMillis=4440, sizeBytes=118524, sizeBeforeBytes=0}
04-15 17:05:07.300 540 540 I Watchdog: Resuming HandlerChecker: main thread for reason: dexopt. Pause count: 0
04-15 17:05:07.301 540 540 V SystemServerTiming: UpdatePackagesIfNeeded took to complete: 59738ms
04-15 17:05:07.301 540 540 D SystemServerTiming: PerformFstrimIfNeeded
04-15 17:05:07.309 540 540 W PackageManager: No disk maintenance in 1776272707309; running immediately
04-15 17:05:07.310 540 540 V SystemServerTiming: PerformFstrimIfNeeded took to complete: 8ms
04-15 17:05:07.310 540 540 D SystemServerTiming: StartLockSettingsService
04-15 17:05:07.313 540 659 I StorageManagerService: Running fstrim idle maintenance
04-15 17:05:07.314 540 540 I SystemServiceManager: Starting com.android.server.locksettings.LockSettingsService$Lifecycle
04-15 17:05:07.336 0 0 I servicemanager: Could not find android.hardware.boot.IBootControl/default in the VINTF manifest.
04-15 17:05:07.341 144 144 I vold : AIDL IBootControl not available, falling back to HIDL.
04-15 17:05:07.350 133 133 I hwservicemanager: getTransport: Cannot find entry android.hardware.boot@1.0::IBootControl/default in either framework or device VINTF manifest.
04-15 17:05:07.352 144 144 E vold : Error getting bootctrl v1.0 module.
04-15 17:05:07.379 144 807 D vold : Starting trim of /data
04-15 17:05:07.385 144 807 W vold : Trim failed on /data: Operation not supported on transport endpoint
04-15 17:05:07.393 144 807 D vold : Starting trim of /metadata
04-15 17:05:07.393 144 807 W vold : Trim failed on /metadata: Operation not supported on transport endpoint
04-15 17:05:07.470 540 540 W SystemServiceManager: Service com.android.server.locksettings.LockSettingsService$Lifecycle took 155 ms in onStart
04-15 17:05:07.473 540 540 V SystemServerTiming: StartLockSettingsService took to complete: 162ms
04-15 17:05:07.474 540 540 D SystemServerTiming: StartTestHarnessMode
04-15 17:05:07.474 540 540 I SystemServiceManager: Starting com.android.server.testharness.TestHarnessModeService
04-15 17:05:07.477 540 540 V SystemServerTiming: StartTestHarnessMode took to complete: 3ms
04-15 17:05:07.480 133 133 I hwservicemanager: getTransport: Cannot find entry android.hardware.oemlock@1.0::IOemLock/default in either framework or device VINTF manifest.
04-15 17:05:07.482 540 540 I OemLock : OemLock Hidl HAL not present on device
04-15 17:05:07.486 540 540 D SystemServerTiming: StartDeviceIdleController
04-15 17:05:07.487 540 540 I SystemServiceManager: Starting com.android.server.DeviceIdleController
04-15 17:05:07.495 0 0 I servicemanager: Could not find android.hardware.oemlock.IOemLock/default in the VINTF manifest.
04-15 17:05:07.511 540 540 V SystemServerTiming: StartDeviceIdleController took to complete: 25ms
04-15 17:05:07.511 540 540 D SystemServerTiming: StartDevicePolicyManager
04-15 17:05:07.513 540 540 I SystemServiceManager: Starting com.android.server.devicepolicy.DevicePolicyManagerService$Lifecycle
04-15 17:05:07.548 540 540 E DevicePolicyManager: Error reading version
04-15 17:05:07.548 540 540 E DevicePolicyManager: java.nio.file.NoSuchFileException: /data/system/device_policies_version
04-15 17:05:07.548 540 540 E DevicePolicyManager: at sun.nio.fs.UnixFileSystemProvider.newByteChannel(UnixFileSystemProvider.java:220)
04-15 17:05:07.548 540 540 E DevicePolicyManager: at java.nio.file.Files.newByteChannel(Files.java:361)
04-15 17:05:07.548 540 540 E DevicePolicyManager: at java.nio.file.Files.newByteChannel(Files.java:407)
04-15 17:05:07.548 540 540 E DevicePolicyManager: at java.nio.file.spi.FileSystemProvider.newInputStream(FileSystemProvider.java:384)
04-15 17:05:07.548 540 540 E DevicePolicyManager: at java.nio.file.Files.newInputStream(Files.java:152)
04-15 17:05:07.548 540 540 E DevicePolicyManager: at java.nio.file.Files.newBufferedReader(Files.java:2784)
04-15 17:05:07.548 540 540 E DevicePolicyManager: at java.nio.file.Files.readAllLines(Files.java:3202)
04-15 17:05:07.548 540 540 E DevicePolicyManager: at com.android.server.devicepolicy.PolicyVersionUpgrader.readVersion(PolicyVersionUpgrader.java:307)
04-15 17:05:07.548 540 540 E DevicePolicyManager: at com.android.server.devicepolicy.PolicyVersionUpgrader.upgradePolicy(PolicyVersionUpgrader.java:71)
04-15 17:05:07.548 540 540 E DevicePolicyManager: at com.android.server.devicepolicy.DevicePolicyManagerService.performPolicyVersionUpgrade(DevicePolicyManagerService.java:3519)
04-15 17:05:07.548 540 540 E DevicePolicyManager: at com.android.server.devicepolicy.DevicePolicyManagerService.(DevicePolicyManagerService.java:2091)
04-15 17:05:07.548 540 540 E DevicePolicyManager: at com.android.server.devicepolicy.DevicePolicyManagerService.(DevicePolicyManagerService.java:2032)
04-15 17:05:07.548 540 540 E DevicePolicyManager: at com.android.server.devicepolicy.DevicePolicyManagerService$Lifecycle.(DevicePolicyManagerService.java:1068)
04-15 17:05:07.548 540 540 E DevicePolicyManager: at java.lang.reflect.Constructor.newInstance0(Native Method)
04-15 17:05:07.548 540 540 E DevicePolicyManager: at java.lang.reflect.Constructor.newInstance(Constructor.java:343)
04-15 17:05:07.548 540 540 E DevicePolicyManager: at com.android.server.SystemServiceManager.startService(SystemServiceManager.java:218)
04-15 17:05:07.548 540 540 E DevicePolicyManager: at com.android.server.SystemServer.startOtherServices(SystemServer.java:1872)
04-15 17:05:07.548 540 540 E DevicePolicyManager: at com.android.server.SystemServer.run(SystemServer.java:942)
04-15 17:05:07.548 540 540 E DevicePolicyManager: at com.android.server.SystemServer.main(SystemServer.java:664)
04-15 17:05:07.548 540 540 E DevicePolicyManager: at java.lang.reflect.Method.invoke(Native Method)
04-15 17:05:07.548 540 540 E DevicePolicyManager: at com.android.internal.os.RuntimeInit$MethodAndArgsCaller.run(RuntimeInit.java:552)
04-15 17:05:07.548 540 540 E DevicePolicyManager: at com.android.internal.os.ZygoteInit.main(ZygoteInit.java:949)
04-15 17:05:07.551 540 540 I DevicePolicyManager: Upgrading from version 0
04-15 17:05:07.553 540 540 I DevicePolicyManager: Upgrading from version 1
04-15 17:05:07.554 540 540 I DevicePolicyManager: Upgrading from version 2
04-15 17:05:07.554 540 540 I DevicePolicyManager: Upgrading from version 3
04-15 17:05:07.554 540 540 I DevicePolicyManager: Upgrading from version 4
04-15 17:05:07.554 540 540 I DevicePolicyManager: Keep profile running effective state set to false
04-15 17:05:07.589 540 540 D DevicePolicyManagerService: /data/system/updated_resources.xml doesn't exist
04-15 17:05:07.591 540 540 D DevicePolicyEngine: Reading device policies from file.
04-15 17:05:07.595 540 540 D DevicePolicyEngine: /data/system/device_policy_state.xml doesn't exist
04-15 17:05:07.608 540 540 V SystemServerTiming: StartDevicePolicyManager took to complete: 96ms
04-15 17:05:07.608 540 540 D SystemServerTiming: StartStatusBarManagerService
04-15 17:05:07.622 540 540 V SystemServerTiming: StartStatusBarManagerService took to complete: 13ms
04-15 17:05:07.623 540 540 D SystemServer: MusicRecognitionManagerService not defined by OEM or disabled by flag
04-15 17:05:07.627 540 540 D SystemServer: ContentCaptureService disabled because resource is not overlaid
04-15 17:05:07.631 540 540 D SystemServer: AttentionService is not configured on this device
04-15 17:05:07.634 540 540 D SystemServer: RotationResolverService is not configured on this device
04-15 17:05:07.634 540 540 D SystemServer: SystemCaptionsManagerService disabled because resource is not overlaid
04-15 17:05:07.634 540 540 D SystemServerTiming: StartTextToSpeechManagerService
04-15 17:05:07.635 540 540 I SystemServiceManager: Starting com.android.server.texttospeech.TextToSpeechManagerService
04-15 17:05:07.647 540 540 V SystemServerTiming: StartTextToSpeechManagerService took to complete: 13ms
04-15 17:05:07.649 540 540 D SystemServerTiming: StartAmbientContextService
04-15 17:05:07.650 540 540 I SystemServiceManager: Starting com.android.server.ambientcontext.AmbientContextManagerService
04-15 17:05:07.661 540 540 V SystemServerTiming: StartAmbientContextService took to complete: 12ms
04-15 17:05:07.662 540 540 D SystemServerTiming: startWearableSensingService
04-15 17:05:07.662 540 540 I SystemServiceManager: Starting com.android.server.wearable.WearableSensingManagerService
04-15 17:05:07.675 540 540 V SystemServerTiming: startWearableSensingService took to complete: 13ms
04-15 17:05:07.675 540 540 D SystemServerTiming: StartSpeechRecognitionManagerService
04-15 17:05:07.678 540 540 I SystemServiceManager: Starting com.android.server.speech.SpeechRecognitionManagerService
04-15 17:05:07.687 540 540 V SystemServerTiming: StartSpeechRecognitionManagerService took to complete: 12ms
04-15 17:05:07.689 540 540 D SystemServer: AppPredictionService not defined by OEM
04-15 17:05:07.690 540 540 D SystemServer: ContentSuggestionsService not defined by OEM
04-15 17:05:07.690 540 540 D SystemServerTiming: StartSearchUiService
04-15 17:05:07.691 540 540 I SystemServiceManager: Starting com.android.server.searchui.SearchUiManagerService
04-15 17:05:07.702 540 540 V SystemServerTiming: StartSearchUiService took to complete: 12ms
04-15 17:05:07.702 540 540 D SystemServerTiming: StartSmartspaceService
04-15 17:05:07.703 540 540 I SystemServiceManager: Starting com.android.server.smartspace.SmartspaceManagerService
04-15 17:05:07.713 540 540 V SystemServerTiming: StartSmartspaceService took to complete: 11ms
04-15 17:05:07.714 540 540 D SystemServerTiming: InitConnectivityModuleConnector
04-15 17:05:07.714 540 540 D ConnectivityModuleConnector: Network stack init
04-15 17:05:07.716 540 540 V SystemServerTiming: InitConnectivityModuleConnector took to complete: 2ms
04-15 17:05:07.716 540 540 D SystemServerTiming: InitNetworkStackClient
04-15 17:05:07.718 540 540 D NetworkStackClient: Network stack init
04-15 17:05:07.718 540 540 V SystemServerTiming: InitNetworkStackClient took to complete: 2ms
04-15 17:05:07.718 540 540 D SystemServerTiming: StartNetworkManagementService
04-15 17:05:07.739 330 330 I netd : registerUnsolicitedEventListener(interface:0x7a84a30d04e0) <0.76ms>
04-15 17:05:07.748 540 540 V SystemServerTiming: StartNetworkManagementService took to complete: 30ms
04-15 17:05:07.748 540 540 D SystemServerTiming: StartFontManagerService
04-15 17:05:07.763 540 540 D CompatibilityChangeReporter: Compat change id reported: 247079863; UID 1000; state: ENABLED
04-15 17:05:08.208 540 540 V SystemServerTiming: StartFontManagerService took to complete: 459ms
04-15 17:05:08.209 540 540 D SystemServerTiming: StartTextServicesManager
04-15 17:05:08.210 540 540 I SystemServiceManager: Starting com.android.server.textservices.TextServicesManagerService$Lifecycle
04-15 17:05:08.221 540 540 V SystemServerTiming: StartTextServicesManager took to complete: 12ms
04-15 17:05:08.222 540 540 D SystemServerTiming: StartTextClassificationManagerService
04-15 17:05:08.223 540 540 I SystemServiceManager: Starting com.android.server.textclassifier.TextClassificationManagerService$Lifecycle
04-15 17:05:08.238 540 540 V SystemServerTiming: StartTextClassificationManagerService took to complete: 16ms
04-15 17:05:08.238 540 540 D SystemServerTiming: StartNetworkScoreService
04-15 17:05:08.238 540 540 I SystemServiceManager: Starting com.android.server.NetworkScoreService$Lifecycle
04-15 17:05:08.243 540 540 I NetworkScoreService: Registering network_score
04-15 17:05:08.246 540 540 V SystemServerTiming: StartNetworkScoreService took to complete: 8ms
04-15 17:05:08.246 540 540 D SystemServerTiming: StartNetworkStatsService
04-15 17:05:08.253 540 540 I SystemServiceManager: Starting com.android.server.NetworkStatsServiceInitializer
04-15 17:05:08.324 540 540 D BpfNetMaps: BpfNetMaps is initialized with sEnableJavaBpfMap=true
04-15 17:05:08.350 540 540 I TrafficController: initMaps successfully
04-15 17:05:08.369 330 330 I netd : registerUnsolicitedEventListener(interface:0x7a84a30d1090) <0.14ms>
04-15 17:05:08.371 330 330 I netd : interfaceGetList() -> {[ip6_vti0, tunl0, wlan0, sit0, ip6gre0, ifb1, gretap0, erspan0, hwsim0, lo, eth0, gre0, ip6tnl0, dummy0, ip_vti0, ifb0]} <0.66ms>
04-15 17:05:08.372 540 540 I NetworkStatsServiceInitializer: Registering netstats
04-15 17:05:08.384 540 540 I NetworkStatsServiceInitializer: Initializing network tracing hooks
04-15 17:05:08.394 540 809 D CompatibilityChangeReporter: Compat change id reported: 170188668; UID 1000; state: ENABLED
04-15 17:05:08.404 540 540 D NetworkTrace: Registering Perfetto data source
04-15 17:05:08.404 540 540 V SystemServerTiming: StartNetworkStatsService took to complete: 157ms
04-15 17:05:08.404 540 540 D SystemServerTiming: StartNetworkPolicyManagerService
04-15 17:05:08.466 540 540 V SystemServerTiming: StartNetworkPolicyManagerService took to complete: 61ms
04-15 17:05:08.467 540 540 D SystemServerTiming: StartWifi
04-15 17:05:08.478 540 540 I SystemServiceManager: Starting com.android.server.wifi.WifiService
04-15 17:05:08.566 540 540 D ScanMetrics: Settings package: com.android.settings
04-15 17:05:08.568 540 540 E ScanMetrics: Can't get GMS uid
04-15 17:05:08.571 540 540 I WifiContext: Got resolveInfos for com.android.server.wifi.intent.action.SERVICE_WIFI_RESOURCES_APK: [ResolveInfo{b053156 com.android.wifi.resources/android.app.Activity m=0x108000 userHandle=UserHandle{0}}]
04-15 17:05:08.573 540 540 I WifiContext: Found Wifi Resources APK at: com.android.wifi.resources
04-15 17:05:08.645 540 540 I android_os_HwBinder: HwBinder: Starting thread pool for getting: android.hidl.manager@1.2::IServiceManager/default
04-15 17:05:08.655 133 133 I hwservicemanager: getTransport: Cannot find entry android.hardware.wifi@1.0::IWifi/default in either framework or device VINTF manifest.
04-15 17:05:08.672 0 0 I servicemanager: Found android.hardware.wifi.IWifi/default in device VINTF manifest.
04-15 17:05:08.663 540 540 I WifiHalAidlImpl: Creating the Wifi HAL using the AIDL implementation
04-15 17:05:08.676 540 540 I SupplicantStaIfaceHal: Initializing SupplicantStaIfaceHal using AIDL implementation.
04-15 17:05:08.686 0 0 I servicemanager: Found android.hardware.wifi.supplicant.ISupplicant/default in device VINTF manifest.
04-15 17:05:08.684 540 540 I SupplicantP2pIfaceHal: Initializing SupplicantP2pIfaceHal using AIDL implementation.
04-15 17:05:08.685 540 540 I WifiCoexManager: Default coex algorithm is disabled.
04-15 17:05:08.693 0 0 I servicemanager: Found android.hardware.wifi.supplicant.ISupplicant/default in device VINTF manifest.
04-15 17:05:08.746 540 540 D WifiOpenNetworkNotifier: Settings toggle enabled=true
04-15 17:05:08.753 540 540 D WifiNl80211Manager: registerCountryCodeEventListener called
04-15 17:05:08.753 540 540 D WifiCountryCode: Default country code from system property ro.boot.wificountrycode is null
04-15 17:05:08.758 458 458 I wificond: New wificond event callback registered
04-15 17:05:08.778 540 540 D WakeupController: WifiWake enabled
04-15 17:05:08.782 540 540 V HistoricalRegistry: Interaction before persistence initialized
04-15 17:05:08.784 540 540 V HistoricalRegistry: Interaction before persistence initialized
04-15 17:05:08.793 540 540 I WifiService: Registering wifi
04-15 17:05:08.796 540 540 V SystemServerTiming: StartWifi took to complete: 329ms
04-15 17:05:08.796 540 540 D SystemServerTiming: StartWifiScanning
04-15 17:05:08.797 540 540 I SystemServiceManager: Starting com.android.server.wifi.scanner.WifiScanningService
04-15 17:05:08.797 540 540 I WifiScanningService: Creating wifiscanner
04-15 17:05:08.806 540 540 I WifiScanningService: Publishing wifiscanner
04-15 17:05:08.807 540 540 V SystemServerTiming: StartWifiScanning took to complete: 11ms
04-15 17:05:08.807 540 540 D SystemServerTiming: StartWifiP2P
04-15 17:05:08.809 540 540 I SystemServiceManager: Starting com.android.server.wifi.p2p.WifiP2pService
04-15 17:05:08.821 540 540 D CompatibilityChangeReporter: Compat change id reported: 183155436; UID 1000; state: ENABLED
04-15 17:05:08.822 540 540 I WifiP2pService: Registering wifip2p
04-15 17:05:08.823 540 540 V SystemServerTiming: StartWifiP2P took to complete: 15ms
04-15 17:05:08.823 540 540 D SystemServerTiming: StartPacProxyService
04-15 17:05:08.831 540 540 V SystemServerTiming: StartPacProxyService took to complete: 7ms
04-15 17:05:08.831 540 540 D SystemServerTiming: StartConnectivityService
04-15 17:05:08.833 540 540 I SystemServiceManager: Starting com.android.server.ConnectivityServiceInitializer
04-15 17:05:08.848 540 540 D ConnectivityService: ConnectivityService starting up
04-15 17:05:08.878 330 330 I netd : registerUnsolicitedEventListener(interface:0x7a84a30d0170) <0.12ms>
04-15 17:05:08.906 540 540 D CompatibilityChangeReporter: Compat change id reported: 182478738; UID 1000; state: ENABLED
04-15 17:05:08.939 540 540 D ConnectivityNativeService: Attached BPF_CGROUP_INET4_BIND and BPF_CGROUP_INET6_BIND programs
04-15 17:05:08.951 540 823 W BroadcastLoopers: Found previously unknown looper Thread[NsdService,5,main]
04-15 17:05:08.979 540 540 W system_server: Core platform API violation: Llibcore/io/Memory;->pokeByte(JB)V from Landroid/net/connectivity/com/google/protobuf/UnsafeUtil; using reflection
04-15 17:05:08.979 540 540 W system_server: Core platform API violation: Llibcore/io/Memory;->peekByte(J)B from Landroid/net/connectivity/com/google/protobuf/UnsafeUtil; using reflection
04-15 17:05:08.988 540 540 V NearbyService: DiscoveryProviderManagerLegacy:
04-15 17:05:08.988 540 540 I ConnectivityServiceInitializer: Registering connectivity
04-15 17:05:08.991 540 540 I ConnectivityServiceInitializer: Registering ipsec
04-15 17:05:08.993 540 540 I ConnectivityServiceInitializer: Registering connectivity_native
04-15 17:05:08.995 540 540 I ConnectivityServiceInitializer: Registering servicediscovery
04-15 17:05:08.997 540 540 I ConnectivityServiceInitializer: Registering nearby
04-15 17:05:08.999 540 540 V SystemServerTiming: StartConnectivityService took to complete: 167ms
04-15 17:05:09.000 540 540 D SystemServerTiming: StartVpnManagerService
04-15 17:05:09.009 540 540 D VpnManagerService: VpnManagerService starting up
04-15 17:05:09.011 540 540 V SystemServerTiming: StartVpnManagerService took to complete: 11ms
04-15 17:05:09.011 540 540 D SystemServerTiming: StartVcnManagementService
04-15 17:05:09.020 540 540 V SystemServerTiming: StartVcnManagementService took to complete: 9ms
04-15 17:05:09.021 540 540 D SystemServerTiming: StartSystemUpdateManagerService
04-15 17:05:09.023 540 540 I SystemUpdateManagerService: No existing info file /data/system/system-update-info.xml
04-15 17:05:09.026 540 540 V SystemServerTiming: StartSystemUpdateManagerService took to complete: 5ms
04-15 17:05:09.026 540 540 D SystemServerTiming: StartUpdateLockService
04-15 17:05:09.027 540 540 W BroadcastLoopers: Found previously unknown looper Thread[main,5,main]
04-15 17:05:09.030 540 540 V SystemServerTiming: StartUpdateLockService took to complete: 4ms
04-15 17:05:09.030 540 540 D SystemServerTiming: StartNotificationManager
04-15 17:05:09.032 540 540 I SystemServiceManager: Starting com.android.server.notification.NotificationManagerService
04-15 17:05:09.070 540 540 D ConditionProviders.SCP: new ScheduleConditionProvider()
04-15 17:05:09.087 540 540 I ConditionProviders: Allowing condition provider com.android.camera2 (userSet: true)
04-15 17:05:09.094 540 540 I ConditionProviders: Allowing condition provider android.ext.services/android.ext.services.notification.Assistant (userSet: true)
04-15 17:05:09.095 540 540 I NotificationAssistants: Allowing notification assistant android.ext.services/android.ext.services.notification.Assistant (userSet: false)
04-15 17:05:09.098 540 540 V NotificationAssistants: enabling notification assistant for 0: ComponentInfo{android.ext.services/android.ext.services.notification.Assistant}
04-15 17:05:09.101 540 540 V NotificationAssistants: binding: Intent { act=android.service.notification.NotificationAssistantService cmp=android.ext.services/.notification.Assistant (has extras) }
04-15 17:05:09.129 540 540 D CompatibilityChangeReporter: Compat change id reported: 147600208; UID 1000; state: ENABLED
04-15 17:05:09.132 540 540 D CompatibilityChangeReporter: Compat change id reported: 157233955; UID 1000; state: ENABLED
04-15 17:05:09.150 540 540 W SystemServiceManager: Service com.android.server.notification.NotificationManagerService took 112 ms in onStart
04-15 17:05:09.210 540 540 V SystemServerTiming: StartNotificationManager took to complete: 180ms
04-15 17:05:09.210 540 540 D SystemServerTiming: StartDeviceMonitor
04-15 17:05:09.213 540 540 I SystemServiceManager: Starting com.android.server.storage.DeviceStorageMonitorService
04-15 17:05:09.231 540 540 V SystemServerTiming: StartDeviceMonitor took to complete: 20ms
04-15 17:05:09.232 540 540 D SystemServerTiming: StartTimeDetectorService
04-15 17:05:09.241 540 540 I SystemServiceManager: Starting com.android.server.timedetector.TimeDetectorService$Lifecycle
04-15 17:05:09.309 540 540 W SystemServiceManager: Service com.android.server.timedetector.TimeDetectorService$Lifecycle took 67 ms in onStart
04-15 17:05:09.311 540 540 V SystemServerTiming: StartTimeDetectorService took to complete: 78ms
04-15 17:05:09.313 540 540 D SystemServerTiming: StartLocationManagerService
04-15 17:05:09.316 540 540 I SystemServiceManager: Starting com.android.server.location.LocationManagerService$Lifecycle
04-15 17:05:09.407 540 540 V SystemServerTiming: StartLocationManagerService took to complete: 93ms
04-15 17:05:09.409 540 540 D SystemServerTiming: StartCountryDetectorService
04-15 17:05:09.412 540 540 V SystemServerTiming: StartCountryDetectorService took to complete: 3ms
04-15 17:05:09.413 540 540 D SystemServerTiming: StartTimeZoneDetectorService
04-15 17:05:09.414 540 540 I SystemServiceManager: Starting com.android.server.timezonedetector.TimeZoneDetectorService$Lifecycle
04-15 17:05:09.474 540 540 W SystemServiceManager: Service com.android.server.timezonedetector.TimeZoneDetectorService$Lifecycle took 59 ms in onStart
04-15 17:05:09.475 540 540 V SystemServerTiming: StartTimeZoneDetectorService took to complete: 62ms
04-15 17:05:09.477 540 540 D SystemServerTiming: StartAltitudeService
04-15 17:05:09.478 540 540 I SystemServiceManager: Starting com.android.server.location.altitude.AltitudeService$Lifecycle
04-15 17:05:09.483 540 540 V SystemServerTiming: StartAltitudeService took to complete: 6ms
04-15 17:05:09.493 0 0 I servicemanager: Found android.frameworks.location.altitude.IAltitudeService/default in framework VINTF manifest.
04-15 17:05:09.485 540 540 D SystemServerTiming: StartLocationTimeZoneManagerService
04-15 17:05:09.486 540 540 I SystemServiceManager: Starting com.android.server.timezonedetector.location.LocationTimeZoneManagerService$Lifecycle
04-15 17:05:09.502 540 540 V SystemServerTiming: StartLocationTimeZoneManagerService took to complete: 17ms
04-15 17:05:09.503 540 540 D SystemServerTiming: StartSearchManagerService
04-15 17:05:09.508 540 540 I SystemServiceManager: Starting com.android.server.search.SearchManagerService$Lifecycle
04-15 17:05:09.518 540 540 V SystemServerTiming: StartSearchManagerService took to complete: 15ms
04-15 17:05:09.519 540 540 D SystemServerTiming: StartWallpaperManagerService
04-15 17:05:09.524 540 540 I SystemServiceManager: Starting com.android.server.wallpaper.WallpaperManagerService$Lifecycle
04-15 17:05:09.538 540 540 V SystemServerTiming: StartWallpaperManagerService took to complete: 19ms
04-15 17:05:09.539 540 540 D SystemServerTiming: StartWallpaperEffectsGenerationService
04-15 17:05:09.544 540 540 I SystemServiceManager: Starting com.android.server.wallpapereffectsgeneration.WallpaperEffectsGenerationManagerService
04-15 17:05:09.553 540 540 V SystemServerTiming: StartWallpaperEffectsGenerationService took to complete: 14ms
04-15 17:05:09.554 540 540 D SystemServerTiming: StartAudioService
04-15 17:05:09.555 540 540 I SystemServiceManager: Starting com.android.server.audio.AudioService$Lifecycle
04-15 17:05:09.653 540 540 I AS.AudioService: Stream 5: using max vol of 7
04-15 17:05:09.653 540 540 I AS.AudioService: Stream 5: using default vol of 5
04-15 17:05:09.653 540 540 I AS.AudioService: Stream 2: using max vol of 7
04-15 17:05:09.653 540 540 I AS.AudioService: Stream 2: using default vol of 5
04-15 17:05:09.668 379 501 W AudioFlinger: no wake lock to update, system not ready yet
04-15 17:05:09.680 379 503 W AudioFlinger: no wake lock to update, system not ready yet
04-15 17:05:09.695 540 540 I android_os_HwBinder: HwBinder: Starting thread pool for getting: android.hidl.manager@1.0::IServiceManager/default
04-15 17:05:09.723 379 379 D PermissionCache: checking android.permission.MODIFY_AUDIO_SETTINGS for uid=1000 => granted (2984 us)
04-15 17:05:09.814 379 616 D PermissionCache: checking android.permission.MODIFY_AUDIO_ROUTING for uid=1000 => granted (1263 us)
04-15 17:05:09.893 379 616 D AudioFlinger: isLowRamDevice:false totalMemory:2070044672 mClientSharedHeapSize:4194304
04-15 17:05:09.901 540 540 V SystemServerTiming: StartAudioService took to complete: 347ms
04-15 17:05:09.902 540 540 D SystemServerTiming: StartSoundTriggerMiddlewareService
04-15 17:05:09.902 540 540 I SystemServiceManager: Starting com.android.server.soundtrigger_middleware.SoundTriggerMiddlewareService$Lifecycle
04-15 17:05:09.925 0 0 I servicemanager: Could not find android.hardware.soundtrigger3.ISoundTriggerHw/default in the VINTF manifest.
04-15 17:05:09.916 379 616 I CaptureStateNotifier: Registering a listener
04-15 17:05:09.917 540 540 I SoundTriggerMiddlewareDefaultHalFactory: Connecting to default soundtrigger-V2.x.ISoundTriggerHw
04-15 17:05:09.918 133 133 I hwservicemanager: getTransport: Cannot find entry android.hardware.soundtrigger@2.0::ISoundTriggerHw/default in either framework or device VINTF manifest.
04-15 17:05:09.925 540 540 E SoundTriggerMiddlewareImpl: Failed to add a SoundTriggerModule instance
04-15 17:05:09.925 540 540 E SoundTriggerMiddlewareImpl: java.util.NoSuchElementException
04-15 17:05:09.925 540 540 E SoundTriggerMiddlewareImpl: at android.os.HwBinder.getService(Native Method)
04-15 17:05:09.925 540 540 E SoundTriggerMiddlewareImpl: at android.hardware.soundtrigger.V2_0.ISoundTriggerHw.getService(ISoundTriggerHw.java:57)
04-15 17:05:09.925 540 540 E SoundTriggerMiddlewareImpl: at android.hardware.soundtrigger.V2_0.ISoundTriggerHw.getService(ISoundTriggerHw.java:64)
04-15 17:05:09.925 540 540 E SoundTriggerMiddlewareImpl: at com.android.server.soundtrigger_middleware.DefaultHalFactory.create(DefaultHalFactory.java:76)
04-15 17:05:09.925 540 540 E SoundTriggerMiddlewareImpl: at com.android.server.soundtrigger_middleware.SoundTriggerModule.attachToHal(SoundTriggerModule.java:176)
04-15 17:05:09.925 540 540 E SoundTriggerMiddlewareImpl: at com.android.server.soundtrigger_middleware.SoundTriggerModule.(SoundTriggerModule.java:105)
04-15 17:05:09.925 540 540 E SoundTriggerMiddlewareImpl: at com.android.server.soundtrigger_middleware.SoundTriggerMiddlewareImpl.(SoundTriggerMiddlewareImpl.java:86)
04-15 17:05:09.925 540 540 E SoundTriggerMiddlewareImpl: at com.android.server.soundtrigger_middleware.SoundTriggerMiddlewareService$Lifecycle.onStart(SoundTriggerMiddlewareService.java:248)
04-15 17:05:09.925 540 540 E SoundTriggerMiddlewareImpl: at com.android.server.SystemServiceManager.startService(SystemServiceManager.java:255)
04-15 17:05:09.925 540 540 E SoundTriggerMiddlewareImpl: at com.android.server.SystemServiceManager.startService(SystemServiceManager.java:233)
04-15 17:05:09.925 540 540 E SoundTriggerMiddlewareImpl: at com.android.server.SystemServer.startOtherServices(SystemServer.java:2208)
04-15 17:05:09.925 540 540 E SoundTriggerMiddlewareImpl: at com.android.server.SystemServer.run(SystemServer.java:942)
04-15 17:05:09.925 540 540 E SoundTriggerMiddlewareImpl: at com.android.server.SystemServer.main(SystemServer.java:664)
04-15 17:05:09.925 540 540 E SoundTriggerMiddlewareImpl: at java.lang.reflect.Method.invoke(Native Method)
04-15 17:05:09.925 540 540 E SoundTriggerMiddlewareImpl: at com.android.internal.os.RuntimeInit$MethodAndArgsCaller.run(RuntimeInit.java:552)
04-15 17:05:09.925 540 540 E SoundTriggerMiddlewareImpl: at com.android.internal.os.ZygoteInit.main(ZygoteInit.java:949)
04-15 17:05:09.950 540 540 V SystemServerTiming: StartSoundTriggerMiddlewareService took to complete: 48ms
04-15 17:05:09.951 540 540 D SystemServerTiming: StartDockObserver
04-15 17:05:09.955 540 540 I SystemServiceManager: Starting com.android.server.DockObserver
04-15 17:05:09.956 540 540 I DockObserver: No extcon dock device found in this kernel.
04-15 17:05:09.959 540 540 V SystemServerTiming: StartDockObserver took to complete: 5ms
04-15 17:05:09.962 540 540 D SystemServerTiming: StartWiredAccessoryManager
04-15 17:05:09.968 540 540 W WiredAccessoryManager: This kernel does not have usb audio support
04-15 17:05:09.969 540 540 W WiredAccessoryManager: This kernel does not have HDMI audio support
04-15 17:05:09.970 540 540 V SystemServerTiming: StartWiredAccessoryManager took to complete: 7ms
04-15 17:05:09.971 540 540 D SystemServerTiming: StartMidiManager
04-15 17:05:09.973 540 540 I SystemServiceManager: Starting com.android.server.midi.MidiService$Lifecycle
04-15 17:05:09.983 540 540 V SystemServerTiming: StartMidiManager took to complete: 10ms
04-15 17:05:09.983 540 540 D SystemServerTiming: StartAdbService
04-15 17:05:09.989 540 540 I SystemServiceManager: Starting com.android.server.adb.AdbService$Lifecycle
04-15 17:05:09.998 540 540 V SystemServerTiming: StartAdbService took to complete: 9ms
04-15 17:05:09.999 540 540 D SystemServerTiming: StartUsbService
04-15 17:05:10.013 540 540 I SystemServiceManager: Starting com.android.server.usb.UsbService$Lifecycle
04-15 17:05:10.016 540 540 V SystemServerTiming: StartUsbService took to complete: 17ms
04-15 17:05:10.017 540 540 D SystemServerTiming: StartSerialService
04-15 17:05:10.020 540 568 D SystemServerTimingAsync: InitThreadPoolExec:UsbService$Lifecycle#onStart
04-15 17:05:10.021 540 568 D SystemServerInitThreadPool: Started executing UsbService$Lifecycle#onStart
04-15 17:05:10.024 540 540 V SystemServerTiming: StartSerialService took to complete: 6ms
04-15 17:05:10.025 540 540 D SystemServerTiming: StartHardwarePropertiesManagerService
04-15 17:05:10.027 540 540 I HardwarePropertiesManagerService-JNI: Thermal AIDL service is not declared, trying HIDL
04-15 17:05:10.037 0 0 I servicemanager: Could not find android.hardware.thermal.IThermal/default in the VINTF manifest.
04-15 17:05:10.050 540 540 D HardwarePropertiesManagerService-JNI: Link to death notification successful
04-15 17:05:10.054 540 568 I UsbDeviceManager: failed to write to /sys/class/android_usb/android0/f_rndis/ethaddr
04-15 17:05:10.055 540 568 D UsbPortManager: Querying USB Gadget HAL version
04-15 17:05:10.057 540 540 V SystemServerTiming: StartHardwarePropertiesManagerService took to complete: 32ms
04-15 17:05:10.057 540 540 D SystemServerTiming: StartTwilightService
04-15 17:05:10.058 540 540 I SystemServiceManager: Starting com.android.server.twilight.TwilightService
04-15 17:05:10.059 540 540 V SystemServerTiming: StartTwilightService took to complete: 1ms
04-15 17:05:10.062 540 540 D SystemServerTiming: StartColorDisplay
04-15 17:05:10.062 540 540 I SystemServiceManager: Starting com.android.server.display.color.ColorDisplayService
04-15 17:05:10.075 0 0 I servicemanager: Could not find android.hardware.usb.gadget.IUsbGadget/default in the VINTF manifest.
04-15 17:05:10.073 133 133 I hwservicemanager: getTransport: Cannot find entry android.hardware.usb.gadget@1.0::IUsbGadget/default in either framework or device VINTF manifest.
04-15 17:05:10.084 540 540 V SystemServerTiming: StartColorDisplay took to complete: 22ms
04-15 17:05:10.085 540 540 D SystemServerTiming: StartJobScheduler
04-15 17:05:10.093 540 540 I SystemServiceManager: Starting com.android.server.job.JobSchedulerService
04-15 17:05:10.101 540 568 E UsbDeviceManager: connectToProxy: usb gadget hidl hal service not found.
04-15 17:05:10.101 540 568 E UsbDeviceManager: java.util.NoSuchElementException
04-15 17:05:10.101 540 568 E UsbDeviceManager: at android.os.HwBinder.getService(Native Method)
04-15 17:05:10.101 540 568 E UsbDeviceManager: at android.hardware.usb.gadget.V1_0.IUsbGadget.getService(IUsbGadget.java:57)
04-15 17:05:10.101 540 568 E UsbDeviceManager: at android.hardware.usb.gadget.V1_0.IUsbGadget.getService(IUsbGadget.java:64)
04-15 17:05:10.101 540 568 E UsbDeviceManager: at com.android.server.usb.hal.gadget.UsbGadgetHidl.isServicePresent(UsbGadgetHidl.java:132)
04-15 17:05:10.101 540 568 E UsbDeviceManager: at com.android.server.usb.hal.gadget.UsbGadgetHalInstance.getInstance(UsbGadgetHalInstance.java:39)
04-15 17:05:10.101 540 568 E UsbDeviceManager: at com.android.server.usb.UsbDeviceManager.(UsbDeviceManager.java:312)
04-15 17:05:10.101 540 568 E UsbDeviceManager: at com.android.server.usb.UsbService.(UsbService.java:187)
04-15 17:05:10.101 540 568 E UsbDeviceManager: at com.android.server.usb.UsbService$Lifecycle.lambda$onStart$0(UsbService.java:101)
04-15 17:05:10.101 540 568 E UsbDeviceManager: at com.android.server.usb.UsbService$Lifecycle.$r8$lambda$RuGFfXZPzv9JlSTzhIl-GWrBFrQ(UsbService.java:0)
04-15 17:05:10.101 540 568 E UsbDeviceManager: at com.android.server.usb.UsbService$Lifecycle$$ExternalSyntheticLambda2.run(R8$$SyntheticClass:0)
04-15 17:05:10.101 540 568 E UsbDeviceManager: at com.android.server.SystemServerInitThreadPool.lambda$submitTask$0(SystemServerInitThreadPool.java:107)
04-15 17:05:10.101 540 568 E UsbDeviceManager: at com.android.server.SystemServerInitThreadPool.$r8$lambda$iar571g8isa6ZrPZMHj1USmyX48(SystemServerInitThreadPool.java:0)
04-15 17:05:10.101 540 568 E UsbDeviceManager: at com.android.server.SystemServerInitThreadPool$$ExternalSyntheticLambda1.run(R8$$SyntheticClass:0)
04-15 17:05:10.101 540 568 E UsbDeviceManager: at java.util.concurrent.Executors$RunnableAdapter.call(Executors.java:487)
04-15 17:05:10.101 540 568 E UsbDeviceManager: at java.util.concurrent.FutureTask.run(FutureTask.java:264)
04-15 17:05:10.101 540 568 E UsbDeviceManager: at java.util.concurrent.ThreadPoolExecutor.runWorker(ThreadPoolExecutor.java:1145)
04-15 17:05:10.101 540 568 E UsbDeviceManager: at java.util.concurrent.ThreadPoolExecutor$Worker.run(ThreadPoolExecutor.java:644)
04-15 17:05:10.101 540 568 E UsbDeviceManager: at com.android.internal.util.ConcurrentUtils$1$1.run(ConcurrentUtils.java:65)
04-15 17:05:10.108 540 568 E UsbPortManager: USB Gadget HAL AIDL/HIDL not present
04-15 17:05:10.108 540 568 D UsbDeviceManager: getInstance done
04-15 17:05:10.109 540 568 E UsbDeviceManagerJNI: could not open control for mtp No such file or directory
04-15 17:05:10.109 540 568 E UsbDeviceManager: Failed to open control for mtp
04-15 17:05:10.109 540 568 E UsbDeviceManagerJNI: could not open control for ptp No such file or directory
04-15 17:05:10.109 540 568 E UsbDeviceManager: Failed to open control for ptp
04-15 17:05:10.125 540 568 W StorageManagerService: No primary storage defined yet; hacking together a stub
04-15 17:05:10.141 540 563 I JobStore: Read 0 jobs
04-15 17:05:10.157 540 568 E UsbDeviceManagerJNI: could not open /dev/usb_accessory
04-15 17:05:10.166 540 568 D UsbPortManager: Querying USB HAL version
04-15 17:05:10.170 540 820 D ConnectivityService: NetReassign [no changes] [c 0] [a 0] [i 0]
04-15 17:05:10.179 540 568 I UsbPortManager: USB HAL AIDL present
04-15 17:05:10.188 0 0 I servicemanager: Found android.hardware.usb.IUsb/default in device VINTF manifest.
04-15 17:05:10.199 354 354 I android.hardware.usb.aidl-service: registering callback
04-15 17:05:10.207 540 540 V HistoricalRegistry: Interaction before persistence initialized
04-15 17:05:10.207 540 540 V HistoricalRegistry: Interaction before persistence initialized
04-15 17:05:10.215 540 568 D UsbPortManager: getInstance done
04-15 17:05:10.224 540 660 I UsbPortManager: all: opID:1 successful
04-15 17:05:10.227 540 540 V SystemServerTiming: StartJobScheduler took to complete: 141ms
04-15 17:05:10.227 540 540 D SystemServerTiming: StartSoundTrigger
04-15 17:05:10.227 540 540 I SystemServiceManager: Starting com.android.server.soundtrigger.SoundTriggerService
04-15 17:05:10.244 540 540 V SystemServerTiming: StartSoundTrigger took to complete: 17ms
04-15 17:05:10.245 540 540 D SystemServerTiming: StartTrustManager
04-15 17:05:10.246 540 540 I SystemServiceManager: Starting com.android.server.trust.TrustManagerService
04-15 17:05:10.257 540 568 D SystemServerInitThreadPool: Finished executing UsbService$Lifecycle#onStart
04-15 17:05:10.257 540 568 V SystemServerTimingAsync: InitThreadPoolExec:UsbService$Lifecycle#onStart took to complete: 236ms
04-15 17:05:10.259 540 540 V SystemServerTiming: StartTrustManager took to complete: 14ms
04-15 17:05:10.259 540 540 D SystemServerTiming: StartBackupManager
04-15 17:05:10.261 540 540 I SystemServiceManager: Starting com.android.server.backup.BackupManagerService$Lifecycle
04-15 17:05:10.271 540 540 D BackupManagerService: Default backup user id = 0
04-15 17:05:10.273 540 540 V SystemServerTiming: StartBackupManager took to complete: 14ms
04-15 17:05:10.274 540 540 D SystemServerTiming: StartAppWidgetService
04-15 17:05:10.274 540 540 I SystemServiceManager: Starting com.android.server.appwidget.AppWidgetService
04-15 17:05:10.308 540 540 V SystemServerTiming: StartAppWidgetService took to complete: 34ms
04-15 17:05:10.309 540 540 D SystemServerTiming: StartVoiceRecognitionManager
04-15 17:05:10.310 540 540 I SystemServiceManager: Starting com.android.server.voiceinteraction.VoiceInteractionManagerService
04-15 17:05:10.324 540 540 V SystemServerTiming: StartVoiceRecognitionManager took to complete: 14ms
04-15 17:05:10.325 540 540 D SystemServerTiming: StartGestureLauncher
04-15 17:05:10.326 540 540 I SystemServiceManager: Starting com.android.server.GestureLauncherService
04-15 17:05:10.328 540 540 V SystemServerTiming: StartGestureLauncher took to complete: 2ms
04-15 17:05:10.329 540 540 D SystemServerTiming: StartSensorNotification
04-15 17:05:10.330 540 540 I SystemServiceManager: Starting com.android.server.SensorNotificationService
04-15 17:05:10.331 540 540 V SystemServerTiming: StartSensorNotification took to complete: 1ms
04-15 17:05:10.331 540 540 D SystemServerTiming: StartDiskStatsService
04-15 17:05:10.344 540 540 D CompatibilityChangeReporter: Compat change id reported: 194532703; UID 1000; state: ENABLED
04-15 17:05:10.346 540 540 D CompatibilityChangeReporter: Compat change id reported: 253665015; UID 1000; state: ENABLED
04-15 17:05:10.354 540 540 D CompatibilityChangeReporter: Compat change id reported: 253665015; UID 1000; state: ENABLED
04-15 17:05:10.361 540 540 D CompatibilityChangeReporter: Compat change id reported: 194532703; UID 1000; state: ENABLED
04-15 17:05:10.381 540 540 V SystemServerTiming: StartDiskStatsService took to complete: 46ms
04-15 17:05:10.382 540 540 D SystemServerTiming: RuntimeService
04-15 17:05:10.385 540 540 V SystemServerTiming: RuntimeService took to complete: 4ms
04-15 17:05:10.386 540 540 D SystemServerTiming: StartNetworkTimeUpdateService
04-15 17:05:10.405 540 540 V SystemServerTiming: StartNetworkTimeUpdateService took to complete: 13ms
04-15 17:05:10.406 540 540 D SystemServerTiming: CertBlacklister
04-15 17:05:10.409 540 540 V SystemServerTiming: CertBlacklister took to complete: 3ms
04-15 17:05:10.413 540 540 D SystemServerTiming: StartEmergencyAffordanceService
04-15 17:05:10.414 540 540 I SystemServiceManager: Starting com.android.server.emergency.EmergencyAffordanceService
04-15 17:05:10.430 540 540 V SystemServerTiming: StartEmergencyAffordanceService took to complete: 16ms
04-15 17:05:10.430 540 540 D SystemServerTiming: startBlobStoreManagerService
04-15 17:05:10.433 540 540 I SystemServiceManager: Starting com.android.server.blob.BlobStoreManagerService
04-15 17:05:10.462 540 833 E AS.AudioService: error reading spatial audio device settings
04-15 17:05:10.463 540 833 I AS.SpatializerHelper: init effectExpected=false
04-15 17:05:10.464 540 833 I AS.SpatializerHelper: init(): setting state to STATE_NOT_SUPPORTED due to effect not expected
04-15 17:05:10.467 540 833 I AS.SpatializerHelper: setFeatureEnabled(false) was featureEnabled:false
04-15 17:05:10.468 540 540 V SystemServerTiming: startBlobStoreManagerService took to complete: 37ms
04-15 17:05:10.469 540 540 D SystemServerTiming: StartDreamManager
04-15 17:05:10.469 540 540 I SystemServiceManager: Starting com.android.server.dreams.DreamManagerService
04-15 17:05:10.483 540 540 V SystemServerTiming: StartDreamManager took to complete: 14ms
04-15 17:05:10.487 540 540 D SystemServerTiming: AddGraphicsStatsService
04-15 17:05:10.564 540 540 V SystemServerTiming: AddGraphicsStatsService took to complete: 72ms
04-15 17:05:10.566 540 540 D SystemServerTiming: StartPrintManager
04-15 17:05:10.567 540 540 I SystemServiceManager: Starting com.android.server.print.PrintManagerService
04-15 17:05:10.586 329 336 I ServiceManagerCppClient: Waiting for service 'statscompanion' on '/dev/binder'...
04-15 17:05:10.587 540 540 V SystemServerTiming: StartPrintManager took to complete: 21ms
04-15 17:05:10.587 540 540 D SystemServerTiming: StartAttestationVerificationService
04-15 17:05:10.588 540 540 I SystemServiceManager: Starting com.android.server.security.AttestationVerificationManagerService
04-15 17:05:10.590 540 540 D AVF : Started
04-15 17:05:10.597 540 540 V SystemServerTiming: StartAttestationVerificationService took to complete: 10ms
04-15 17:05:10.600 540 540 D SystemServerTiming: StartCompanionDeviceManager
04-15 17:05:10.601 540 540 I SystemServiceManager: Starting com.android.server.companion.CompanionDeviceManagerService
04-15 17:05:10.606 540 540 I CompanionDevice_PersistentDataStore: Reading associations for user 0 from disk
04-15 17:05:10.622 540 833 W BroadcastLoopers: Found previously unknown looper Thread[AudioService,5,main]
04-15 17:05:10.630 540 540 I CDM_CompanionTransportManager: Registering OnTransportsChangedListener
04-15 17:05:10.645 540 540 V SystemServerTiming: StartCompanionDeviceManager took to complete: 44ms
04-15 17:05:10.646 540 540 D SystemServerTiming: StartVirtualDeviceManager
04-15 17:05:10.647 540 540 I SystemServiceManager: Starting com.android.server.companion.virtual.VirtualDeviceManagerService
04-15 17:05:10.652 540 540 V SystemServerTiming: StartVirtualDeviceManager took to complete: 4ms
04-15 17:05:10.653 540 540 D SystemServerTiming: StartRestrictionManager
04-15 17:05:10.654 540 540 I SystemServiceManager: Starting com.android.server.restrictions.RestrictionsManagerService
04-15 17:05:10.659 540 540 V SystemServerTiming: StartRestrictionManager took to complete: 6ms
04-15 17:05:10.661 540 540 D SystemServerTiming: StartMediaSessionService
04-15 17:05:10.662 540 540 I SystemServiceManager: Starting com.android.server.media.MediaSessionService
04-15 17:05:10.679 540 540 V SystemServerTiming: StartMediaSessionService took to complete: 18ms
04-15 17:05:10.679 540 540 D SystemServerTiming: StartMediaResourceMonitor
04-15 17:05:10.685 540 540 I SystemServiceManager: Starting com.android.server.media.MediaResourceMonitorService
04-15 17:05:10.690 540 540 V SystemServerTiming: StartMediaResourceMonitor took to complete: 5ms
04-15 17:05:10.691 540 540 D SystemServerTiming: StartMediaRouterService
04-15 17:05:10.703 540 540 V HistoricalRegistry: Interaction before persistence initialized
04-15 17:05:10.711 540 540 V SystemServerTiming: StartMediaRouterService took to complete: 20ms
04-15 17:05:10.712 540 540 D SystemServerTiming: StartFaceSensor
04-15 17:05:10.713 540 540 I SystemServiceManager: Starting com.android.server.biometrics.sensors.face.FaceService
04-15 17:05:10.719 540 540 V SystemServerTiming: StartFaceSensor took to complete: 7ms
04-15 17:05:10.721 540 540 D SystemServerTiming: StartFingerprintSensor
04-15 17:05:10.722 540 540 I SystemServiceManager: Starting com.android.server.biometrics.sensors.fingerprint.FingerprintService
04-15 17:05:10.740 540 540 V SystemServerTiming: StartFingerprintSensor took to complete: 19ms
04-15 17:05:10.741 540 540 D SystemServerTiming: StartBiometricService
04-15 17:05:10.742 540 540 I SystemServiceManager: Starting com.android.server.biometrics.BiometricService
04-15 17:05:10.751 540 540 V SystemServerTiming: StartBiometricService took to complete: 9ms
04-15 17:05:10.751 540 540 D SystemServerTiming: StartAuthService
04-15 17:05:10.752 540 540 I SystemServiceManager: Starting com.android.server.biometrics.AuthService
04-15 17:05:10.781 0 0 I servicemanager: Found android.hardware.biometrics.fingerprint.IFingerprint/default in device VINTF manifest.
04-15 17:05:10.781 0 0 I servicemanager: Since 'android.hardware.biometrics.fingerprint.IFingerprint/default' could not be found, trying to start it as a lazy AIDL service. (if it's not configured to be a lazy service, it may be stuck starting or still starting).
04-15 17:05:10.812 0 0 I init : starting service 'vendor.biometrics.fingerprint-service.ranchu'...
04-15 17:05:10.807 540 540 W SystemServiceManager: Service com.android.server.biometrics.AuthService took 53 ms in onStart
04-15 17:05:10.807 540 540 V SystemServerTiming: StartAuthService took to complete: 55ms
04-15 17:05:10.835 0 0 I servicemanager: Found android.hardware.biometrics.face.IFace/default in device VINTF manifest.
04-15 17:05:10.837 540 540 D SystemServerTiming: StartDynamicCodeLoggingService
04-15 17:05:10.847 540 540 V SystemServerTiming: StartDynamicCodeLoggingService took to complete: 10ms
04-15 17:05:10.847 540 540 D SystemServerTiming: StartPruneInstantAppsJobService
04-15 17:05:10.849 540 540 V SystemServerTiming: StartPruneInstantAppsJobService took to complete: 2ms
04-15 17:05:10.849 540 540 D SystemServerTiming: StartShortcutServiceLifecycle
04-15 17:05:10.850 540 540 I SystemServiceManager: Starting com.android.server.pm.ShortcutService$Lifecycle
04-15 17:05:10.905 0 0 I init : ... started service 'vendor.biometrics.fingerprint-service.ranchu' has pid 856
04-15 17:05:10.905 0 0 I init : Control message: Processed ctl.interface_start for 'aidl/android.hardware.biometrics.fingerprint.IFingerprint/default' from pid: 132 (/system/bin/servicemanager)
04-15 17:05:10.908 540 540 V HistoricalRegistry: Interaction before persistence initialized
04-15 17:05:10.915 540 540 V SystemServerTiming: StartShortcutServiceLifecycle took to complete: 65ms
04-15 17:05:10.915 540 540 D SystemServerTiming: StartLauncherAppsService
04-15 17:05:10.915 540 540 I SystemServiceManager: Starting com.android.server.pm.LauncherAppsService
04-15 17:05:11.064 540 540 W SystemServiceManager: Service com.android.server.pm.LauncherAppsService took 58 ms in onStart
04-15 17:05:11.069 540 540 V SystemServerTiming: StartLauncherAppsService took to complete: 154ms
04-15 17:05:11.070 540 540 D SystemServerTiming: StartCrossProfileAppsService
04-15 17:05:11.070 540 540 I SystemServiceManager: Starting com.android.server.pm.CrossProfileAppsService
04-15 17:05:11.085 540 540 V SystemServerTiming: StartCrossProfileAppsService took to complete: 15ms
04-15 17:05:11.086 540 540 D SystemServerTiming: StartPeopleService
04-15 17:05:11.086 540 540 I SystemServiceManager: Starting com.android.server.people.PeopleService
