04-15 17:05:56.451 540 572 D SystemServerTimingAsync: ssm.onUnlockingUser-0_com.android.server.wearable.WearableSensingManagerService
04-15 17:05:56.456 540 572 D WearableSensingManagerService: onServiceRemoved
04-15 17:05:56.456 540 572 D WearableSensingManagerPerUserService: Trying to cancel the remote request. Reason: Service destroyed.
04-15 17:05:56.457 540 572 V SystemServerTimingAsync: ssm.onUnlockingUser-0_com.android.server.wearable.WearableSensingManagerService took to complete: 6ms
04-15 17:05:56.488 1271 1351 I BinaryDictionaryFileDumper: reinitializeClientRecordInDictionaryContentProvider() : Insert DictionaryInfo : Id = 'main:fr' : Locale=fr : Version=54
04-15 17:05:56.541 144 144 I vold : Bind mounting /data/media to /mnt/pass_through/0/emulated
04-15 17:05:56.571 1271 1351 I BinaryDictionaryFileDumper: reinitializeClientRecordInDictionaryContentProvider() : Insert DictionaryInfo : Id = 'main:it' : Locale=it : Version=54
04-15 17:05:56.487 540 572 D SystemServerTimingAsync: ssm.onUnlockingUser-0_com.android.server.speech.SpeechRecognitionManagerService
04-15 17:05:56.593 540 572 V SystemServerTimingAsync: ssm.onUnlockingUser-0_com.android.server.speech.SpeechRecognitionManagerService took to complete: 1ms
04-15 17:05:56.593 540 572 D SystemServerTimingAsync: ssm.onUnlockingUser-0_com.android.server.searchui.SearchUiManagerService
04-15 17:05:56.594 540 572 V SystemServerTimingAsync: ssm.onUnlockingUser-0_com.android.server.searchui.SearchUiManagerService took to complete: 1ms
04-15 17:05:56.594 540 572 D SystemServerTimingAsync: ssm.onUnlockingUser-0_com.android.server.smartspace.SmartspaceManagerService
04-15 17:05:56.594 540 572 V SystemServerTimingAsync: ssm.onUnlockingUser-0_com.android.server.smartspace.SmartspaceManagerService took to complete: 0ms
04-15 17:05:56.594 540 572 D SystemServerTimingAsync: ssm.onUnlockingUser-0_com.android.server.graphics.fonts.FontManagerService$Lifecycle
04-15 17:05:56.595 540 572 V SystemServerTimingAsync: ssm.onUnlockingUser-0_com.android.server.graphics.fonts.FontManagerService$Lifecycle took to complete: 0ms
04-15 17:05:56.595 540 572 D SystemServerTimingAsync: ssm.onUnlockingUser-0_com.android.server.textservices.TextServicesManagerService$Lifecycle
04-15 17:05:56.597 540 628 D CompatibilityChangeReporter: Compat change id reported: 258236856; UID 1000; state: ENABLED
04-15 17:05:56.637 540 659 I StorageSessionController: On volume mount VolumeInfo{emulated;0}:
04-15 17:05:56.637 540 659 I StorageSessionController: type=EMULATED diskId=null partGuid= mountFlags=PRIMARY|VISIBLE_FOR_WRITE
04-15 17:05:56.637 540 659 I StorageSessionController: mountUserId=0 state=CHECKING
04-15 17:05:56.637 540 659 I StorageSessionController: fsType=null fsUuid=null fsLabel=null
04-15 17:05:56.637 540 659 I StorageSessionController: path=/storage/emulated internalPath=/data/media
04-15 17:05:56.642 540 659 I StorageSessionController: Creating connection for user: 0
04-15 17:05:56.647 1271 1351 I BinaryDictionaryFileDumper: reinitializeClientRecordInDictionaryContentProvider() : Insert DictionaryInfo : Id = 'main:ru' : Locale=ru : Version=54
04-15 17:05:56.710 540 628 W JobServiceContext: Timed out while trying to bind for 68a2698 #1000/1 com.android.providers.settings/.WriteFallbackSettingsFilesJobService
04-15 17:05:56.722 1271 1351 I BinaryDictionaryFileDumper: reinitializeClientRecordInDictionaryContentProvider() : Insert DictionaryInfo : Id = 'main:en_us' : Locale=en_US : Version=-1
04-15 17:05:56.754 1367 1367 I abb : StartCommandInProcess(73657474696e67730067657400676c6f settings.get.glo [truncated])
04-15 17:05:56.765 1271 1351 W BinaryDictionaryFileDumper: Missing metadata.json resource
04-15 17:05:56.794 1134 1134 D DeferredSmsMmsRestoreService: startIfFilesExist: no files to restore
04-15 17:05:56.809 540 659 I StorageSessionController: Creating and starting session with id: emulated;0
04-15 17:05:56.825 540 659 I StorageUserConnection: Binding to the ExternalStorageService for user 0
04-15 17:05:56.836 540 648 I InputReader: Reconfiguring input devices, changes=KEYBOARD_LAYOUTS
04-15 17:05:56.852 1271 1351 I LatinIME:LogUtils: Dictionary info: dictionary = main:en ; version = 54 ; date = 1414726273
04-15 17:05:56.868 540 572 W SystemServiceManager: Service com.android.server.textservices.TextServicesManagerService$Lifecycle took 118 ms in onUnlockingUser-0
04-15 17:05:56.869 540 572 V SystemServerTimingAsync: ssm.onUnlockingUser-0_com.android.server.textservices.TextServicesManagerService$Lifecycle took to complete: 274ms
04-15 17:05:56.870 540 572 D SystemServerTimingAsync: ssm.onUnlockingUser-0_com.android.server.textclassifier.TextClassificationManagerService$Lifecycle
04-15 17:05:56.877 1134 1134 D DeferredSmsMmsRestoreService: addAllSharedPrefToLocalLog
04-15 17:05:56.883 540 540 I Telecom : MissedCallNotifierImpl: reloadFromDatabase: Boot not yet complete -- call log db may not be available. Deferring loading until boot complete for user 0: TS.init@AAA❗
04-15 17:05:56.906 540 572 V SystemServerTimingAsync: ssm.onUnlockingUser-0_com.android.server.textclassifier.TextClassificationManagerService$Lifecycle took to complete: 31ms
04-15 17:05:56.907 540 572 D SystemServerTimingAsync: ssm.onUnlockingUser-0_com.android.server.NetworkScoreService$Lifecycle
04-15 17:05:56.907 540 572 V SystemServerTimingAsync: ssm.onUnlockingUser-0_com.android.server.NetworkScoreService$Lifecycle took to complete: 0ms
04-15 17:05:56.913 540 572 D SystemServerTimingAsync: ssm.onUnlockingUser-0_com.android.server.NetworkStatsServiceInitializer
04-15 17:05:56.944 540 1370 I Telecom : CallAudioModeStateMachine: Audio focus entering UNFOCUSED state❗
04-15 17:05:56.947 540 1370 I Telecom : CallAudioModeStateMachine: Message received: null.: TS.init->CAMSM.pM_1@AAA❗
04-15 17:05:56.957 540 572 V SystemServerTimingAsync: ssm.onUnlockingUser-0_com.android.server.NetworkStatsServiceInitializer took to complete: 0ms
04-15 17:05:56.957 540 572 D SystemServerTimingAsync: ssm.onUnlockingUser-0_com.android.server.wifi.WifiService
04-15 17:05:56.958 540 572 D WifiService: Handle user unlock 0
04-15 17:05:56.972 540 572 V SystemServerTimingAsync: ssm.onUnlockingUser-0_com.android.server.wifi.WifiService took to complete: 14ms
04-15 17:05:56.969 540 540 W binder:540_3: type=1400 audit(0.0:8): avc: denied { getopt } for scontext=u:r:system_server:s0 tcontext=u:r:shell:s0 tclass=unix_stream_socket permissive=0
04-15 17:05:56.981 540 572 D SystemServerTimingAsync: ssm.onUnlockingUser-0_com.android.server.wifi.scanner.WifiScanningService
04-15 17:05:56.981 540 572 V SystemServerTimingAsync: ssm.onUnlockingUser-0_com.android.server.wifi.scanner.WifiScanningService took to complete: 0ms
04-15 17:05:56.981 540 572 D SystemServerTimingAsync: ssm.onUnlockingUser-0_com.android.server.wifi.p2p.WifiP2pService
04-15 17:05:56.981 540 572 V SystemServerTimingAsync: ssm.onUnlockingUser-0_com.android.server.wifi.p2p.WifiP2pService took to complete: 0ms
04-15 17:05:56.981 540 572 D SystemServerTimingAsync: ssm.onUnlockingUser-0_com.android.server.ConnectivityServiceInitializer
04-15 17:05:56.981 540 572 V SystemServerTimingAsync: ssm.onUnlockingUser-0_com.android.server.ConnectivityServiceInitializer took to complete: 0ms
04-15 17:05:56.981 540 572 D SystemServerTimingAsync: ssm.onUnlockingUser-0_com.android.server.notification.NotificationManagerService
04-15 17:05:56.981 540 572 V SystemServerTimingAsync: ssm.onUnlockingUser-0_com.android.server.notification.NotificationManagerService took to complete: 0ms
04-15 17:05:56.981 540 572 D SystemServerTimingAsync: ssm.onUnlockingUser-0_com.android.server.storage.DeviceStorageMonitorService
04-15 17:05:56.981 540 572 V SystemServerTimingAsync: ssm.onUnlockingUser-0_com.android.server.storage.DeviceStorageMonitorService took to complete: 0ms
04-15 17:05:56.981 540 572 D SystemServerTimingAsync: ssm.onUnlockingUser-0_com.android.server.timedetector.TimeDetectorService$Lifecycle
04-15 17:05:56.982 540 572 V SystemServerTimingAsync: ssm.onUnlockingUser-0_com.android.server.timedetector.TimeDetectorService$Lifecycle took to complete: 0ms
04-15 17:05:56.982 540 572 D SystemServerTimingAsync: ssm.onUnlockingUser-0_com.android.server.location.LocationManagerService$Lifecycle
04-15 17:05:56.982 540 572 V SystemServerTimingAsync: ssm.onUnlockingUser-0_com.android.server.location.LocationManagerService$Lifecycle took to complete: 0ms
04-15 17:05:56.982 540 572 D SystemServerTimingAsync: ssm.onUnlockingUser-0_com.android.server.timezonedetector.TimeZoneDetectorService$Lifecycle
04-15 17:05:56.982 540 572 V SystemServerTimingAsync: ssm.onUnlockingUser-0_com.android.server.timezonedetector.TimeZoneDetectorService$Lifecycle took to complete: 0ms
04-15 17:05:56.982 540 572 D SystemServerTimingAsync: ssm.onUnlockingUser-0_com.android.server.location.altitude.AltitudeService$Lifecycle
04-15 17:05:56.982 540 572 V SystemServerTimingAsync: ssm.onUnlockingUser-0_com.android.server.location.altitude.AltitudeService$Lifecycle took to complete: 0ms
04-15 17:05:56.982 540 572 D SystemServerTimingAsync: ssm.onUnlockingUser-0_com.android.server.timezonedetector.location.LocationTimeZoneManagerService$Lifecycle
04-15 17:05:56.982 540 572 V SystemServerTimingAsync: ssm.onUnlockingUser-0_com.android.server.timezonedetector.location.LocationTimeZoneManagerService$Lifecycle took to complete: 0ms
04-15 17:05:56.982 540 572 D SystemServerTimingAsync: ssm.onUnlockingUser-0_com.android.server.search.SearchManagerService$Lifecycle
04-15 17:05:56.983 540 572 V SystemServerTimingAsync: ssm.onUnlockingUser-0_com.android.server.search.SearchManagerService$Lifecycle took to complete: 0ms
04-15 17:05:56.983 540 572 D SystemServerTimingAsync: ssm.onUnlockingUser-0_com.android.server.wallpaper.WallpaperManagerService$Lifecycle
04-15 17:05:56.989 540 540 W binder:540_3: type=1400 audit(0.0:9): avc: denied { getopt } for scontext=u:r:system_server:s0 tcontext=u:r:shell:s0 tclass=unix_stream_socket permissive=0
04-15 17:05:56.989 540 540 W binder:540_3: type=1400 audit(0.0:10): avc: denied { getopt } for scontext=u:r:system_server:s0 tcontext=u:r:shell:s0 tclass=unix_stream_socket permissive=0
04-15 17:05:57.005 1367 1367 I abb : StartCommandInProcess(7061636b61676500696e7374616c6c00 package.install. [truncated])
04-15 17:05:57.070 1052 1058 I webview_zygote: Background concurrent copying GC freed 689(88KB) AllocSpace objects, 0(0B) LOS objects, 49% free, 1959KB/3919KB, paused 514.976ms,190us total 2.223s
04-15 17:05:57.083 540 813 D WakeupConfigStoreData: WifiWake user data has been read
04-15 17:05:57.102 540 813 D WifiConfigStore: Reading from user stores completed in 134 ms.
04-15 17:05:57.172 1078 1085 I rkstack.process: Background concurrent copying GC freed 7227(567KB) AllocSpace objects, 0(0B) LOS objects, 49% free, 2286KB/4573KB, paused 185us,55us total 818.725ms
04-15 17:05:57.185 540 572 W SystemServiceManager: Service com.android.server.wallpaper.WallpaperManagerService$Lifecycle took 202 ms in onUnlockingUser-0
04-15 17:05:57.185 540 572 V SystemServerTimingAsync: ssm.onUnlockingUser-0_com.android.server.wallpaper.WallpaperManagerService$Lifecycle took to complete: 203ms
04-15 17:05:57.196 540 572 D SystemServerTimingAsync: ssm.onUnlockingUser-0_com.android.server.wallpapereffectsgeneration.WallpaperEffectsGenerationManagerService
04-15 17:05:57.213 540 572 V SystemServerTimingAsync: ssm.onUnlockingUser-0_com.android.server.wallpapereffectsgeneration.WallpaperEffectsGenerationManagerService took to complete: 16ms
04-15 17:05:57.214 540 572 D SystemServerTimingAsync: ssm.onUnlockingUser-0_com.android.server.audio.AudioService$Lifecycle
04-15 17:05:57.215 540 572 V SystemServerTimingAsync: ssm.onUnlockingUser-0_com.android.server.audio.AudioService$Lifecycle took to complete: 0ms
04-15 17:05:57.215 540 572 D SystemServerTimingAsync: ssm.onUnlockingUser-0_com.android.server.soundtrigger_middleware.SoundTriggerMiddlewareService$Lifecycle
04-15 17:05:57.216 540 572 V SystemServerTimingAsync: ssm.onUnlockingUser-0_com.android.server.soundtrigger_middleware.SoundTriggerMiddlewareService$Lifecycle took to complete: 0ms
04-15 17:05:57.216 540 572 D SystemServerTimingAsync: ssm.onUnlockingUser-0_com.android.server.DockObserver
04-15 17:05:57.217 540 572 V SystemServerTimingAsync: ssm.onUnlockingUser-0_com.android.server.DockObserver took to complete: 0ms
04-15 17:05:57.217 540 572 D SystemServerTimingAsync: ssm.onUnlockingUser-0_com.android.server.midi.MidiService$Lifecycle
04-15 17:05:57.247 1106 1112 I droid.bluetooth: Background concurrent copying GC freed 6497(705KB) AllocSpace objects, 2(104KB) LOS objects, 49% free, 2313KB/4626KB, paused 437us,69us total 1.990s
04-15 17:05:57.316 540 659 W ActivityManager: Slow operation: 177ms so far, now at startProcess: done creating new process record
04-15 17:05:57.317 540 659 W ActivityManager: Slow operation: 178ms so far, now at startProcess: stepping in to startProcess
04-15 17:05:57.342 540 813 W FileUtils: Failed to chmod(/data/misc_ce/0/apexdata/com.android.wifi/WifiConfigStore.xml, 384):
04-15 17:05:57.342 540 813 W FileUtils: android.system.ErrnoException: chmod failed: ENOENT (No such file or directory)
04-15 17:05:57.342 540 813 W FileUtils: at libcore.io.Linux.chmod(Native Method)
04-15 17:05:57.342 540 813 W FileUtils: at libcore.io.ForwardingOs.chmod(ForwardingOs.java:165)
04-15 17:05:57.342 540 813 W FileUtils: at libcore.io.BlockGuardOs.chmod(BlockGuardOs.java:83)
04-15 17:05:57.342 540 813 W FileUtils: at android.system.Os.chmod(Os.java:119)
04-15 17:05:57.342 540 813 W FileUtils: at com.android.server.wifi.util.FileUtils.chmod(FileUtils.java:44)
04-15 17:05:57.342 540 813 W FileUtils: at com.android.server.wifi.WifiConfigStore$StoreFile.writeBufferedRawData(WifiConfigStore.java:941)
04-15 17:05:57.342 540 813 W FileUtils: at com.android.server.wifi.WifiConfigStore.writeBufferedData(WifiConfigStore.java:510)
04-15 17:05:57.342 540 813 W FileUtils: at com.android.server.wifi.WifiConfigStore.write(WifiConfigStore.java:430)
04-15 17:05:57.342 540 813 W FileUtils: at com.android.server.wifi.WifiConfigManager.saveToStore(WifiConfigManager.java:3688)
04-15 17:05:57.342 540 813 W FileUtils: at com.android.server.wifi.WifiConfigManager.handleUserUnlockOrSwitch(WifiConfigManager.java:3229)
04-15 17:05:57.342 540 813 W FileUtils: at com.android.server.wifi.WifiConfigManager.handleUserUnlock(WifiConfigManager.java:3308)
04-15 17:05:57.342 540 813 W FileUtils: at com.android.server.wifi.WifiServiceImpl.lambda$handleUserUnlock$4(WifiServiceImpl.java:862)
04-15 17:05:57.342 540 813 W FileUtils: at com.android.server.wifi.WifiServiceImpl.$r8$lambda$iCwaHj3x8XNFAdDU5jx297GHjjE(WifiServiceImpl.java:0)
04-15 17:05:57.342 540 813 W FileUtils: at com.android.server.wifi.WifiServiceImpl$$ExternalSyntheticLambda124.run(R8$$SyntheticClass:0)
04-15 17:05:57.342 540 813 W FileUtils: at android.os.Handler.handleCallback(Handler.java:958)
04-15 17:05:57.342 540 813 W FileUtils: at android.os.Handler.dispatchMessage(Handler.java:99)
04-15 17:05:57.342 540 813 W FileUtils: at com.android.server.wifi.RunnerHandler.dispatchMessage(RunnerHandler.java:122)
04-15 17:05:57.342 540 813 W FileUtils: at android.os.Looper.loopOnce(Looper.java:205)
04-15 17:05:57.342 540 813 W FileUtils: at android.os.Looper.loop(Looper.java:294)
04-15 17:05:57.342 540 813 W FileUtils: at android.os.HandlerThread.run(HandlerThread.java:67)
04-15 17:05:57.373 540 813 D WifiConfigStore: Writing to stores completed in 178 ms.
04-15 17:05:57.406 540 659 D CompatibilityChangeReporter: Compat change id reported: 135634846; UID 10129; state: DISABLED
04-15 17:05:57.410 540 573 W ActivityManager: Slow operation: 93ms so far, now at startProcess: asking zygote to start proc
04-15 17:05:57.411 540 573 D CompatibilityChangeReporter: Compat change id reported: 143937733; UID 10129; state: ENABLED
04-15 17:05:57.415 540 659 W ActivityManager: Slow operation: 277ms so far, now at startProcess: done starting proc!
04-15 17:05:57.498 540 615 W system_server: Long monitor contention with owner StorageManagerService (659) at int com.android.server.am.ActivityManagerService.bindServiceInstance(android.app.IApplicationThread, android.os.IBinder, android.content.Intent, java.lang.String, android.app.IServiceConnection, long, java.lang.String, boolean, int, java.lang.String, android.app.IApplicationThread, java.lang.String, int)(ActivityManagerService.java:13404) waiters=0 in android.content.Intent com.android.server.am.ActivityManagerService.registerReceiverWithFeature(android.app.IApplicationThread, java.lang.String, java.lang.String, java.lang.String, android.content.IIntentReceiver, android.content.IntentFilter, java.lang.String, int, int) for 597ms
04-15 17:05:57.508 540 540 W system_server: Long monitor contention with owner StorageManagerService (659) at int com.android.server.am.ActivityManagerService.bindServiceInstance(android.app.IApplicationThread, android.os.IBinder, android.content.Intent, java.lang.String, android.app.IServiceConnection, long, java.lang.String, boolean, int, java.lang.String, android.app.IApplicationThread, java.lang.String, int)(ActivityManagerService.java:13404) waiters=1 in android.content.Intent com.android.server.am.ActivityManagerService.registerReceiverWithFeature(android.app.IApplicationThread, java.lang.String, java.lang.String, java.lang.String, android.content.IIntentReceiver, android.content.IntentFilter, java.lang.String, int, int) for 594ms
04-15 17:05:57.511 540 628 W system_server: Long monitor contention with owner StorageManagerService (659) at int com.android.server.am.ActivityManagerService.bindServiceInstance(android.app.IApplicationThread, android.os.IBinder, android.content.Intent, java.lang.String, android.app.IServiceConnection, long, java.lang.String, boolean, int, java.lang.String, android.app.IApplicationThread, java.lang.String, int)(ActivityManagerService.java:13404) waiters=2 in void com.android.server.am.ActivityManagerService.appNotResponding(java.lang.String, int, com.android.internal.os.TimeoutRecord) for 518ms
04-15 17:05:57.534 331 331 D Zygote : Forked child process 1384
04-15 17:05:57.550 540 572 W SystemServiceManager: Service com.android.server.midi.MidiService$Lifecycle took 329 ms in onUnlockingUser-0
04-15 17:05:57.550 540 572 V SystemServerTimingAsync: ssm.onUnlockingUser-0_com.android.server.midi.MidiService$Lifecycle took to complete: 329ms
04-15 17:05:57.550 540 572 D SystemServerTimingAsync: ssm.onUnlockingUser-0_com.android.server.adb.AdbService$Lifecycle
04-15 17:05:57.550 540 572 V SystemServerTimingAsync: ssm.onUnlockingUser-0_com.android.server.adb.AdbService$Lifecycle took to complete: 0ms
04-15 17:05:57.550 540 572 D SystemServerTimingAsync: ssm.onUnlockingUser-0_com.android.server.usb.UsbService$Lifecycle
04-15 17:05:57.558 540 573 W ActivityManager: Slow operation: 241ms so far, now at startProcess: returned from zygote!
04-15 17:05:57.559 540 573 W ActivityManager: Slow operation: 242ms so far, now at startProcess: done updating battery stats
04-15 17:05:57.565 540 573 I Watchdog: Interesting Java process com.android.providers.media.module started. Pid 1384
04-15 17:05:57.565 540 573 W ActivityManager: Slow operation: 248ms so far, now at startProcess: building log message
04-15 17:05:57.565 540 573 I ActivityManager: Start proc 1384:com.android.providers.media.module/u0a129 for service {com.android.providers.media.module/com.android.providers.media.fuse.ExternalStorageServiceImpl}
04-15 17:05:57.565 540 573 W ActivityManager: Slow operation: 248ms so far, now at startProcess: starting to update pids map
04-15 17:05:57.577 540 572 V SystemServerTimingAsync: ssm.onUnlockingUser-0_com.android.server.usb.UsbService$Lifecycle took to complete: 27ms
04-15 17:05:57.577 540 572 D SystemServerTimingAsync: ssm.onUnlockingUser-0_com.android.server.twilight.TwilightService
04-15 17:05:57.577 540 572 V SystemServerTimingAsync: ssm.onUnlockingUser-0_com.android.server.twilight.TwilightService took to complete: 0ms
04-15 17:05:57.577 540 572 D SystemServerTimingAsync: ssm.onUnlockingUser-0_com.android.server.display.color.ColorDisplayService
04-15 17:05:57.577 540 572 V SystemServerTimingAsync: ssm.onUnlockingUser-0_com.android.server.display.color.ColorDisplayService took to complete: 0ms
04-15 17:05:57.577 540 572 D SystemServerTimingAsync: ssm.onUnlockingUser-0_com.android.server.job.JobSchedulerService
04-15 17:05:57.577 540 572 V SystemServerTimingAsync: ssm.onUnlockingUser-0_com.android.server.job.JobSchedulerService took to complete: 0ms
04-15 17:05:57.577 540 572 D SystemServerTimingAsync: ssm.onUnlockingUser-0_com.android.server.soundtrigger.SoundTriggerService
04-15 17:05:57.577 540 572 V SystemServerTimingAsync: ssm.onUnlockingUser-0_com.android.server.soundtrigger.SoundTriggerService took to complete: 0ms
04-15 17:05:57.577 540 572 D SystemServerTimingAsync: ssm.onUnlockingUser-0_com.android.server.trust.TrustManagerService
04-15 17:05:57.578 540 572 V SystemServerTimingAsync: ssm.onUnlockingUser-0_com.android.server.trust.TrustManagerService took to complete: 0ms
04-15 17:05:57.578 540 572 D SystemServerTimingAsync: ssm.onUnlockingUser-0_com.android.server.backup.BackupManagerService$Lifecycle
04-15 17:05:57.578 540 572 V SystemServerTimingAsync: ssm.onUnlockingUser-0_com.android.server.backup.BackupManagerService$Lifecycle took to complete: 0ms
04-15 17:05:57.578 540 572 D SystemServerTimingAsync: ssm.onUnlockingUser-0_com.android.server.appwidget.AppWidgetService
04-15 17:05:57.578 540 572 V SystemServerTimingAsync: ssm.onUnlockingUser-0_com.android.server.appwidget.AppWidgetService took to complete: 0ms
04-15 17:05:57.579 540 572 D SystemServerTimingAsync: ssm.onUnlockingUser-0_com.android.server.voiceinteraction.VoiceInteractionManagerService
04-15 17:05:57.580 540 561 W Looper : Drained
04-15 17:05:57.585 540 573 W ActivityManager: Slow operation: 268ms so far, now at startProcess: done updating pids map
04-15 17:05:57.588 540 572 W VoiceInteractionManager: no available voice recognition services found for user 0
04-15 17:05:57.590 540 572 V SystemServerTimingAsync: ssm.onUnlockingUser-0_com.android.server.voiceinteraction.VoiceInteractionManagerService took to complete: 11ms
04-15 17:05:57.590 540 572 D SystemServerTimingAsync: ssm.onUnlockingUser-0_com.android.server.GestureLauncherService
04-15 17:05:57.590 540 572 V SystemServerTimingAsync: ssm.onUnlockingUser-0_com.android.server.GestureLauncherService took to complete: 0ms
04-15 17:05:57.590 540 572 D SystemServerTimingAsync: ssm.onUnlockingUser-0_com.android.server.SensorNotificationService
04-15 17:05:57.590 540 572 V SystemServerTimingAsync: ssm.onUnlockingUser-0_com.android.server.SensorNotificationService took to complete: 0ms
04-15 17:05:57.590 540 572 D SystemServerTimingAsync: ssm.onUnlockingUser-0_com.android.server.emergency.EmergencyAffordanceService
04-15 17:05:57.590 540 572 V SystemServerTimingAsync: ssm.onUnlockingUser-0_com.android.server.emergency.EmergencyAffordanceService took to complete: 0ms
04-15 17:05:57.591 540 572 D SystemServerTimingAsync: ssm.onUnlockingUser-0_com.android.server.blob.BlobStoreManagerService
04-15 17:05:57.591 540 572 V SystemServerTimingAsync: ssm.onUnlockingUser-0_com.android.server.blob.BlobStoreManagerService took to complete: 0ms
04-15 17:05:57.591 540 572 D SystemServerTimingAsync: ssm.onUnlockingUser-0_com.android.server.dreams.DreamManagerService
04-15 17:05:57.591 540 572 V SystemServerTimingAsync: ssm.onUnlockingUser-0_com.android.server.dreams.DreamManagerService took to complete: 0ms
04-15 17:05:57.591 540 572 D SystemServerTimingAsync: ssm.onUnlockingUser-0_com.android.server.print.PrintManagerService
04-15 17:05:57.591 540 572 V SystemServerTimingAsync: ssm.onUnlockingUser-0_com.android.server.print.PrintManagerService took to complete: 0ms
04-15 17:05:57.591 540 572 D SystemServerTimingAsync: ssm.onUnlockingUser-0_com.android.server.security.AttestationVerificationManagerService
04-15 17:05:57.591 540 572 V SystemServerTimingAsync: ssm.onUnlockingUser-0_com.android.server.security.AttestationVerificationManagerService took to complete: 0ms
04-15 17:05:57.591 540 572 D SystemServerTimingAsync: ssm.onUnlockingUser-0_com.android.server.companion.CompanionDeviceManagerService
04-15 17:05:57.610 540 572 V SystemServerTimingAsync: ssm.onUnlockingUser-0_com.android.server.companion.CompanionDeviceManagerService took to complete: 0ms
04-15 17:05:57.610 540 572 D SystemServerTimingAsync: ssm.onUnlockingUser-0_com.android.server.companion.virtual.VirtualDeviceManagerService
04-15 17:05:57.611 540 572 V SystemServerTimingAsync: ssm.onUnlockingUser-0_com.android.server.companion.virtual.VirtualDeviceManagerService took to complete: 0ms
04-15 17:05:57.611 540 572 D SystemServerTimingAsync: ssm.onUnlockingUser-0_com.android.server.restrictions.RestrictionsManagerService
04-15 17:05:57.611 540 572 V SystemServerTimingAsync: ssm.onUnlockingUser-0_com.android.server.restrictions.RestrictionsManagerService took to complete: 0ms
04-15 17:05:57.611 540 572 D SystemServerTimingAsync: ssm.onUnlockingUser-0_com.android.server.media.MediaSessionService
04-15 17:05:57.611 540 572 V SystemServerTimingAsync: ssm.onUnlockingUser-0_com.android.server.media.MediaSessionService took to complete: 0ms
04-15 17:05:57.611 540 572 D SystemServerTimingAsync: ssm.onUnlockingUser-0_com.android.server.media.MediaResourceMonitorService
04-15 17:05:57.611 540 572 V SystemServerTimingAsync: ssm.onUnlockingUser-0_com.android.server.media.MediaResourceMonitorService took to complete: 0ms
04-15 17:05:57.611 540 572 D SystemServerTimingAsync: ssm.onUnlockingUser-0_com.android.server.biometrics.sensors.face.FaceService
04-15 17:05:57.611 540 572 V SystemServerTimingAsync: ssm.onUnlockingUser-0_com.android.server.biometrics.sensors.face.FaceService took to complete: 0ms
04-15 17:05:57.611 540 572 D SystemServerTimingAsync: ssm.onUnlockingUser-0_com.android.server.biometrics.sensors.fingerprint.FingerprintService
04-15 17:05:57.611 540 572 V SystemServerTimingAsync: ssm.onUnlockingUser-0_com.android.server.biometrics.sensors.fingerprint.FingerprintService took to complete: 0ms
04-15 17:05:57.611 540 572 D SystemServerTimingAsync: ssm.onUnlockingUser-0_com.android.server.biometrics.BiometricService
04-15 17:05:57.623 540 572 V SystemServerTimingAsync: ssm.onUnlockingUser-0_com.android.server.biometrics.BiometricService took to complete: 0ms
04-15 17:05:57.623 540 572 D SystemServerTimingAsync: ssm.onUnlockingUser-0_com.android.server.biometrics.AuthService
04-15 17:05:57.623 540 572 V SystemServerTimingAsync: ssm.onUnlockingUser-0_com.android.server.biometrics.AuthService took to complete: 0ms
04-15 17:05:57.623 540 572 D SystemServerTimingAsync: ssm.onUnlockingUser-0_com.android.server.pm.ShortcutService$Lifecycle
04-15 17:05:57.632 540 572 V SystemServerTimingAsync: ssm.onUnlockingUser-0_com.android.server.pm.ShortcutService$Lifecycle took to complete: 1ms
04-15 17:05:57.632 540 572 D SystemServerTimingAsync: ssm.onUnlockingUser-0_com.android.server.pm.LauncherAppsService
04-15 17:05:57.632 540 572 V SystemServerTimingAsync: ssm.onUnlockingUser-0_com.android.server.pm.LauncherAppsService took to complete: 0ms
04-15 17:05:57.633 540 572 D SystemServerTimingAsync: ssm.onUnlockingUser-0_com.android.server.pm.CrossProfileAppsService
04-15 17:05:57.633 540 572 V SystemServerTimingAsync: ssm.onUnlockingUser-0_com.android.server.pm.CrossProfileAppsService took to complete: 0ms
04-15 17:05:57.633 540 572 D SystemServerTimingAsync: ssm.onUnlockingUser-0_com.android.server.people.PeopleService
04-15 17:05:57.633 540 572 V SystemServerTimingAsync: ssm.onUnlockingUser-0_com.android.server.people.PeopleService took to complete: 0ms
04-15 17:05:57.633 540 572 D SystemServerTimingAsync: ssm.onUnlockingUser-0_com.android.server.media.metrics.MediaMetricsManagerService
04-15 17:05:57.633 540 572 V SystemServerTimingAsync: ssm.onUnlockingUser-0_com.android.server.media.metrics.MediaMetricsManagerService took to complete: 0ms
04-15 17:05:57.633 540 572 D SystemServerTimingAsync: ssm.onUnlockingUser-0_com.android.server.pm.BackgroundInstallControlService
04-15 17:05:57.633 540 572 V SystemServerTimingAsync: ssm.onUnlockingUser-0_com.android.server.pm.BackgroundInstallControlService took to complete: 0ms
04-15 17:05:57.633 540 572 D SystemServerTimingAsync: ssm.onUnlockingUser-0_com.android.server.media.projection.MediaProjectionManagerService
04-15 17:05:57.633 540 572 V SystemServerTimingAsync: ssm.onUnlockingUser-0_com.android.server.media.projection.MediaProjectionManagerService took to complete: 0ms
04-15 17:05:57.633 540 572 D SystemServerTimingAsync: ssm.onUnlockingUser-0_com.android.server.slice.SliceManagerService$Lifecycle
04-15 17:05:57.634 540 572 V SystemServerTimingAsync: ssm.onUnlockingUser-0_com.android.server.slice.SliceManagerService$Lifecycle took to complete: 0ms
04-15 17:05:57.634 540 572 D SystemServerTimingAsync: ssm.onUnlockingUser-0_com.android.server.stats.StatsCompanion$Lifecycle
04-15 17:05:57.634 540 572 V SystemServerTimingAsync: ssm.onUnlockingUser-0_com.android.server.stats.StatsCompanion$Lifecycle took to complete: 0ms
04-15 17:05:57.634 540 572 D SystemServerTimingAsync: ssm.onUnlockingUser-0_com.android.server.scheduling.RebootReadinessManagerService$Lifecycle
04-15 17:05:57.634 540 572 V SystemServerTimingAsync: ssm.onUnlockingUser-0_com.android.server.scheduling.RebootReadinessManagerService$Lifecycle took to complete: 0ms
04-15 17:05:57.634 540 572 D SystemServerTimingAsync: ssm.onUnlockingUser-0_com.android.server.stats.pull.StatsPullAtomService
04-15 17:05:57.634 540 572 V SystemServerTimingAsync: ssm.onUnlockingUser-0_com.android.server.stats.pull.StatsPullAtomService took to complete: 0ms
04-15 17:05:57.634 540 572 D SystemServerTimingAsync: ssm.onUnlockingUser-0_com.android.server.stats.bootstrap.StatsBootstrapAtomService$Lifecycle
04-15 17:05:57.634 540 572 V SystemServerTimingAsync: ssm.onUnlockingUser-0_com.android.server.stats.bootstrap.StatsBootstrapAtomService$Lifecycle took to complete: 0ms
04-15 17:05:57.634 540 572 D SystemServerTimingAsync: ssm.onUnlockingUser-0_com.android.server.incident.IncidentCompanionService
04-15 17:05:57.634 540 572 V SystemServerTimingAsync: ssm.onUnlockingUser-0_com.android.server.incident.IncidentCompanionService took to complete: 0ms
04-15 17:05:57.634 540 572 D SystemServerTimingAsync: ssm.onUnlockingUser-0_com.android.server.sdksandbox.SdkSandboxManagerService$Lifecycle
04-15 17:05:57.635 540 572 I SdkSandboxManager: onUserUnlocking 0
04-15 17:05:57.639 540 659 I StorageUserConnection: Bound to the ExternalStorageService for user 0
04-15 17:05:57.640 540 572 V SystemServerTimingAsync: ssm.onUnlockingUser-0_com.android.server.sdksandbox.SdkSandboxManagerService$Lifecycle took to complete: 5ms
04-15 17:05:57.640 540 572 D SystemServerTimingAsync: ssm.onUnlockingUser-0_com.android.server.adservices.AdServicesManagerService$Lifecycle
04-15 17:05:57.640 540 572 V SystemServerTimingAsync: ssm.onUnlockingUser-0_com.android.server.adservices.AdServicesManagerService$Lifecycle took to complete: 0ms
04-15 17:05:57.640 540 572 D SystemServerTimingAsync: ssm.onUnlockingUser-0_com.android.server.ondevicepersonalization.OnDevicePersonalizationSystemService$Lifecycle
04-15 17:05:57.640 540 572 V SystemServerTimingAsync: ssm.onUnlockingUser-0_com.android.server.ondevicepersonalization.OnDevicePersonalizationSystemService$Lifecycle took to complete: 0ms
04-15 17:05:57.640 540 572 D SystemServerTimingAsync: ssm.onUnlockingUser-0_com.android.server.MmsServiceBroker
04-15 17:05:57.640 540 572 V SystemServerTimingAsync: ssm.onUnlockingUser-0_com.android.server.MmsServiceBroker took to complete: 0ms
04-15 17:05:57.641 540 572 D SystemServerTimingAsync: ssm.onUnlockingUser-0_com.android.server.autofill.AutofillManagerService
04-15 17:05:57.641 540 572 D AutofillManagerServiceImpl: Reset component for user 0:null
04-15 17:05:57.641 540 572 D FieldClassificationStrategy: reset(): service is not bound. Do nothing.
04-15 17:05:57.642 540 572 V SystemServerTimingAsync: ssm.onUnlockingUser-0_com.android.server.autofill.AutofillManagerService took to complete: 1ms
04-15 17:05:57.642 540 572 D SystemServerTimingAsync: ssm.onUnlockingUser-0_com.android.server.credentials.CredentialManagerService
04-15 17:05:57.643 540 572 V SystemServerTimingAsync: ssm.onUnlockingUser-0_com.android.server.credentials.CredentialManagerService took to complete: 1ms
04-15 17:05:57.643 540 572 D SystemServerTimingAsync: ssm.onUnlockingUser-0_com.android.server.selectiontoolbar.SelectionToolbarManagerService
04-15 17:05:57.648 540 562 D AutofillUI: destroySaveUiUiThread(): already destroyed
04-15 17:05:57.658 540 572 V SystemServerTimingAsync: ssm.onUnlockingUser-0_com.android.server.selectiontoolbar.SelectionToolbarManagerService took to complete: 14ms
04-15 17:05:57.658 540 572 D SystemServerTimingAsync: ssm.onUnlockingUser-0_com.android.server.clipboard.ClipboardService
04-15 17:05:57.658 540 572 V SystemServerTimingAsync: ssm.onUnlockingUser-0_com.android.server.clipboard.ClipboardService took to complete: 0ms
04-15 17:05:57.658 540 572 D SystemServerTimingAsync: ssm.onUnlockingUser-0_com.android.server.appbinding.AppBindingService$Lifecycle
04-15 17:05:57.659 540 572 V SystemServerTimingAsync: ssm.onUnlockingUser-0_com.android.server.appbinding.AppBindingService$Lifecycle took to complete: 0ms
04-15 17:05:57.659 540 572 D SystemServerTimingAsync: ssm.onUnlockingUser-0_com.android.server.tracing.TracingServiceProxy
04-15 17:05:57.659 540 572 V SystemServerTimingAsync: ssm.onUnlockingUser-0_com.android.server.tracing.TracingServiceProxy took to complete: 0ms
04-15 17:05:57.673 540 572 D SystemServerTimingAsync: ssm.onUnlockingUser-0_com.android.server.policy.PermissionPolicyService
04-15 17:05:57.673 540 572 V SystemServerTimingAsync: ssm.onUnlockingUser-0_com.android.server.policy.PermissionPolicyService took to complete: 0ms
04-15 17:05:57.673 540 572 D SystemServerTimingAsync: ssm.onUnlockingUser-0_com.android.server.pm.StagingManager$Lifecycle
04-15 17:05:57.673 540 572 V SystemServerTimingAsync: ssm.onUnlockingUser-0_com.android.server.pm.StagingManager$Lifecycle took to complete: 0ms
04-15 17:05:57.673 540 572 D SystemServerTimingAsync: ssm.onUnlockingUser-0_com.android.server.app.GameManagerService$Lifecycle
04-15 17:05:57.673 540 572 V SystemServerTimingAsync: ssm.onUnlockingUser-0_com.android.server.app.GameManagerService$Lifecycle took to complete: 0ms
04-15 17:05:57.673 540 572 D SystemServerTimingAsync: ssm.onUnlockingUser-0_com.android.safetycenter.SafetyCenterService
04-15 17:05:57.673 540 572 V SystemServerTimingAsync: ssm.onUnlockingUser-0_com.android.safetycenter.SafetyCenterService took to complete: 0ms
04-15 17:05:57.674 540 572 D SystemServerTimingAsync: ssm.onUnlockingUser-0_com.android.server.appsearch.AppSearchModule$Lifecycle
04-15 17:05:57.707 540 540 I Telecom : Class: TelecomSystem.INSTANCE being set❗
04-15 17:05:57.763 895 895 D NavigationModeController: getCurrentInteractionMode: mode=0 contextUser=0
04-15 17:05:57.838 540 1386 D ActivityManager: created ANR temporary file:/data/anr/temp_anr_167660655834338924.txt
04-15 17:05:57.838 540 1386 I ActivityManager: Collecting stacks for pid 540 into temporary file temp_anr_167660655834338924.txt
04-15 17:05:57.857 540 572 W SystemServiceManager: Service com.android.server.appsearch.AppSearchModule$Lifecycle took 184 ms in onUnlockingUser-0
04-15 17:05:57.858 540 572 V SystemServerTimingAsync: ssm.onUnlockingUser-0_com.android.server.appsearch.AppSearchModule$Lifecycle took to complete: 184ms
04-15 17:05:57.858 540 572 D SystemServerTimingAsync: ssm.onUnlockingUser-0_com.android.server.media.MediaCommunicationService
04-15 17:05:57.858 540 572 V SystemServerTimingAsync: ssm.onUnlockingUser-0_com.android.server.media.MediaCommunicationService took to complete: 0ms
04-15 17:05:57.859 540 572 D SystemServerTimingAsync: ssm.onUnlockingUser-0_com.android.server.compat.overrides.AppCompatOverridesService$Lifecycle
04-15 17:05:57.859 540 572 V SystemServerTimingAsync: ssm.onUnlockingUser-0_com.android.server.compat.overrides.AppCompatOverridesService$Lifecycle took to complete: 0ms
04-15 17:05:57.859 540 572 D SystemServerTimingAsync: ssm.onUnlockingUser-0_com.android.server.healthconnect.HealthConnectManagerService
04-15 17:05:57.859 540 572 V SystemServerTimingAsync: ssm.onUnlockingUser-0_com.android.server.healthconnect.HealthConnectManagerService took to complete: 0ms
04-15 17:05:57.862 540 572 D SystemServerTimingAsync: ssm.onUnlockingUser-0_com.android.server.devicelock.DeviceLockService
04-15 17:05:57.863 540 572 D DeviceLockService: onUserUnlocking
04-15 17:05:57.863 540 572 V SystemServerTimingAsync: ssm.onUnlockingUser-0_com.android.server.devicelock.DeviceLockService took to complete: 0ms
04-15 17:05:57.863 540 572 V SystemServerTimingAsync: ssm.UnlockingUser-0 took to complete: 2409ms
04-15 17:05:57.868 540 572 D SystemServerTiming: finishUserUnlocked-0
04-15 17:05:57.869 540 572 I ActivityManager: User 0 state changed from RUNNING_UNLOCKING to RUNNING_UNLOCKED
04-15 17:05:57.878 540 561 I ActivityTaskManager: Loading recents for user 0 into memory.
04-15 17:05:57.878 540 561 E TaskPersister: restoreTasksForUserLocked: Unable to list files from /data/system_ce/0/recent_tasks
04-15 17:05:57.884 540 572 V SystemServerTiming: SystemUserUnlock took to complete: 10420ms
04-15 17:05:57.886 540 561 V PackageConfigPersister: loadPackages: empty list files from /data/system_ce/0/package_configs
04-15 17:05:57.907 1384 1384 I rs.media.module: Using CollectorTypeCC GC.
04-15 17:05:57.938 1384 1384 W rs.media.module: Unexpected CPU variant for x86: x86_64.
04-15 17:05:57.938 1384 1384 W rs.media.module: Known variants: atom, sandybridge, silvermont, goldmont, goldmont-plus, tremont, kabylake, default
04-15 17:05:57.959 895 895 I vol.Events: writeEvent collection_started
04-15 17:05:58.003 1384 1384 E rs.media.module: Not starting debugger since process cannot load the jdwp agent.
04-15 17:05:58.012 540 572 D CompatibilityChangeReporter: Compat change id reported: 135634846; UID 1000; state: DISABLED
04-15 17:05:58.069 540 540 I Telecom : PhoneAccountRegistrar: getSimCallManager: SimCallManager for subId -1 queried, returning: null: TSI.gSCM(a)@AAE🔒
04-15 17:05:58.070 540 540 W Looper : Slow dispatch took 8238ms main h=android.app.ActivityThread$H c=android.app.LoadedApk$ServiceDispatcher$RunConnection@994c2b6 m=0
04-15 17:05:58.082 540 1391 I AppSearchUserInstanceMa: Creating new AppSearch instance at: /data/system_ce/0/appsearch/icing
04-15 17:05:58.116 540 845 I BackupManagerService: Starting service for user: 0
04-15 17:05:58.158 540 573 W ActivityManager: Slow operation: 149ms so far, now at startProcess: asking zygote to start proc
04-15 17:05:58.160 540 615 W system_server: Long monitor contention with owner ActivityManager (572) at void com.android.server.am.ActivityManagerService.startPersistentApps(int)(ActivityManagerService.java:6696) waiters=0 in android.content.Intent com.android.server.am.ActivityManagerService.registerReceiverWithFeature(android.app.IApplicationThread, java.lang.String, java.lang.String, java.lang.String, android.content.IIntentReceiver, android.content.IntentFilter, java.lang.String, int, int) for 141ms
04-15 17:05:58.218 540 584 W ProcessCpuTracker: Failed to stat(/proc/1375): android.system.ErrnoException: stat failed: ENOENT (No such file or directory)
04-15 17:05:58.221 540 584 W ProcessCpuTracker: Skipping unknown process pid 1375
04-15 17:05:58.237 540 572 W BroadcastLoopers: Found previously unknown looper Thread[ActivityManager,5,main]
04-15 17:05:58.247 331 331 D Zygote : Forked child process 1407
04-15 17:05:58.259 540 573 W ActivityManager: Slow operation: 250ms so far, now at startProcess: returned from zygote!
04-15 17:05:58.294 540 540 W Looper : Slow dispatch took 196ms main h=android.os.Handler c=android.database.ContentObserver$$ExternalSyntheticLambda0@a546e45 m=0
04-15 17:05:58.299 540 573 W ActivityManager: Slow operation: 289ms so far, now at startProcess: done updating battery stats
04-15 17:05:58.302 540 573 W ActivityManager: Slow operation: 292ms so far, now at startProcess: building log message
04-15 17:05:58.302 540 573 I ActivityManager: Start proc 1407:com.android.emulator.multidisplay/1000 for added application com.android.emulator.multidisplay
04-15 17:05:58.302 540 573 W ActivityManager: Slow operation: 292ms so far, now at startProcess: starting to update pids map
04-15 17:05:58.308 540 572 I PreBootBroadcaster: Pre-boot of {com.android.documentsui/com.android.documentsui.PreBootReceiver} for user 0
04-15 17:05:58.354 540 845 V BackupManagerService: [UserID:0] Starting with transport com.android.localtransport/.LocalTransport
04-15 17:05:58.355 540 573 W ActivityManager: Slow operation: 314ms so far, now at startProcess: done updating pids map
04-15 17:05:58.360 540 1069 I SELinux : SELinux: Loaded file context from:
04-15 17:05:58.361 540 1069 I SELinux : /system/etc/selinux/plat_file_contexts
04-15 17:05:58.361 540 1069 I SELinux : /vendor/etc/selinux/vendor_file_contexts
04-15 17:05:58.380 540 1387 I ActivityManager: dumpStackTraces pids={905=true, 1106=true, 1137=true, 1195=true, 1271=true, 1289=true}
04-15 17:05:58.406 895 895 D vol.VolumeDialogImpl: initDialog: called!
04-15 17:05:58.408 1407 1407 I or.multidisplay: Using CollectorTypeCC GC.
04-15 17:05:58.467 1407 1407 W or.multidisplay: Unexpected CPU variant for x86: x86_64.
04-15 17:05:58.467 1407 1407 W or.multidisplay: Known variants: atom, sandybridge, silvermont, goldmont, goldmont-plus, tremont, kabylake, default
04-15 17:05:58.496 540 572 V SystemServerTiming: finishUserUnlocked-0 took to complete: 516ms
04-15 17:05:58.522 540 540 W Looper : Slow dispatch took 150ms main h=android.os.Handler c=android.database.ContentObserver$$ExternalSyntheticLambda0@452a9c1 m=0
04-15 17:05:58.525 540 571 I UsageStatsService: Starting migration to system CE for user 0
04-15 17:05:58.529 540 571 I UsageStatsService: Finished migration to system CE for user 0
04-15 17:05:58.541 540 572 W ActivityManager: Timeout executing service: ServiceRecord{6706813 u0 com.android.systemui/.keyguard.KeyguardService}
04-15 17:05:58.565 1407 1407 E or.multidisplay: Not starting debugger since process cannot load the jdwp agent.
04-15 17:05:58.572 540 613 W system_server: Long monitor contention with owner binder:540_A (1069) at android.content.pm.IPackageInstallerSession com.android.server.pm.PackageInstallerService.openSessionInternal(int)(PackageInstallerService.java:1052) waiters=0 in com.android.server.pm.PackageInstallerSession com.android.server.pm.PackageInstallerService.getSession(int) for 1.148s
04-15 17:05:58.577 540 563 W system_server: Long monitor contention with owner binder:540_A (1069) at android.content.pm.IPackageInstallerSession com.android.server.pm.PackageInstallerService.openSessionInternal(int)(PackageInstallerService.java:1052) waiters=1 in java.lang.Boolean com.android.server.pm.PackageInstallerService.lambda$new$0() for 1.153s
04-15 17:05:58.624 540 540 W Looper : Slow dispatch took 101ms main h=com.android.server.notification.NotificationManagerService$WorkerHandler c=null m=8
04-15 17:05:58.687 540 1422 D ActivityManager: created ANR temporary file:/data/anr/temp_anr_8307576878744232997.txt
04-15 17:05:58.693 540 1422 I ActivityManager: Collecting stacks for pid 895 into temporary file temp_anr_8307576878744232997.txt
04-15 17:05:58.724 540 1387 I ActivityManager: Dumping to /data/anr/anr_2026-04-15-17-05-58-500
04-15 17:05:58.810 540 571 I UsageStatsDatabase: Upgrading from version 0 to 5
04-15 17:05:58.860 1137 1137 D FallbackHome: User unlocked and real home found; let's go!
04-15 17:05:59.027 1137 1153 I ndroid.settings: Background concurrent copying GC freed 12128(706KB) AllocSpace objects, 2(104KB) LOS objects, 49% free, 2331KB/4662KB, paused 220us,53us total 141.706ms
04-15 17:05:59.031 895 930 V WindowManagerShell: Transition requested: android.os.BinderProxy@5e65cf9 TransitionRequestInfo { type = CLOSE, triggerTask = TaskInfo{userId=0 taskId=5 displayId=0 isRunning=false baseIntent=Intent { act=android.intent.action.MAIN cat=[android.intent.category.HOME] flg=0x10800100 cmp=com.android.settings/.FallbackHome } baseActivity=null topActivity=null origActivity=null realActivity=ComponentInfo{com.android.settings/com.android.settings.FallbackHome} numActivities=0 lastActiveTime=187507 supportsMultiWindow=false resizeMode=0 isResizeable=false minWidth=-1 minHeight=-1 defaultMinSize=220 token=WCT{android.window.IWindowContainerToken$Stub$Proxy@4ffa43e} topActivityType=2 pictureInPictureParams=null shouldDockBigOverlays=false launchIntoPipHostTaskId=-1 lastParentTaskIdBeforePip=-1 displayCutoutSafeInsets=null topActivityInfo=null launchCookies=[] positionInParent=Point(0, 0) parentTaskId=-1 isFocused=true isVisible=true isVisibleRequested=true isSleeping=false topActivityInSizeCompat=false topActivityEligibleForLetterboxEducation= false topActivityLetterboxed= false isFromDoubleTap= false topActivityLetterboxVerticalPosition= -1 topActivityLetterboxHorizontalPosition= -1 topActivityLetterboxWidth=-1 topActivityLetterboxHeight=-1 locusId=null displayAreaFeatureId=1 cameraCompatControlState=hidden}, remoteTransition = null, displayChange = null }
04-15 17:05:59.118 1271 1351 I LatinIME:LogUtils: Dictionary info: dictionary = main:en ; version = 54 ; date = 1414726273
04-15 17:05:59.170 1271 1351 I LatinIME:LogUtils: Dictionary info: dictionary = main:en ; version = 54 ; date = 1414726273
04-15 17:05:59.177 540 613 W system_server: Long monitor contention with owner android.io (563) at java.lang.Boolean com.android.server.pm.PackageInstallerService.lambda$new$0()(PackageInstallerService.java:277) waiters=0 in com.android.server.pm.PackageInstallerSession com.android.server.pm.PackageInstallerService.getSession(int) for 207ms
04-15 17:05:59.178 540 650 E BluetoothManagerService: MESSAGE_TIMEOUT_BIND
04-15 17:05:59.179 540 563 I DropBoxManagerService: add tag=system_app_strictmode isTagEnabled=true flags=0x2
04-15 17:05:59.184 540 1386 I system_server: libdebuggerd_client: started dumping process 540
04-15 17:05:59.199 540 548 I system_server: Thread[2,tid=548,WaitingInMainSignalCatcherLoop,Thread*=0x7d75a7c666f0,peer=0x14500000,"Signal Catcher"]: reacting to signal 3
04-15 17:05:59.205 540 548 I system_server: Mutator lock exclusive owner tid: -1
04-15 17:05:59.205 540 548 I system_server: ThreadList lock owner tid: 0
04-15 17:05:59.205 540 548 I system_server: ClassLinker classes lock owner tid: 0
04-15 17:05:59.205 540 548 I system_server: ClassLinker dex lock owner tid: 0
04-15 17:05:59.208 196 196 I tombstoned: registered intercept for pid 540 and type kDebuggerdJavaBacktrace
04-15 17:05:59.212 540 1422 I system_server: libdebuggerd_client: started dumping process 895
04-15 17:05:59.216 196 196 I tombstoned: registered intercept for pid 895 and type kDebuggerdJavaBacktrace
04-15 17:05:59.220 540 660 D CompatibilityChangeReporter: Compat change id reported: 265464455; UID 10110; state: DISABLED
04-15 17:05:59.224 895 898 I ndroid.systemui: Thread[4,tid=898,WaitingInMainSignalCatcherLoop,Thread*=0x7d75a7c62f50,peer=0x13c80000,"Signal Catcher"]: reacting to signal 3
04-15 17:05:59.225 895 898 I ndroid.systemui:
04-15 17:05:59.247 1271 1351 I LatinIME:LogUtils: Dictionary info: dictionary = main:en ; version = 54 ; date = 1414726273
04-15 17:05:59.473 540 1389 E system_server: No package ID 7f found for resource ID 0x7f08025b.
04-15 17:05:59.520 540 1391 W system_server: Core platform API violation: Llibcore/io/Memory;->pokeByte(JB)V from Lcom/android/server/appsearch/protobuf/UnsafeUtil; using reflection
04-15 17:05:59.521 540 1391 W system_server: Core platform API violation: Llibcore/io/Memory;->peekByte(J)B from Lcom/android/server/appsearch/protobuf/UnsafeUtil; using reflection
04-15 17:05:59.603 540 845 D BackupManagerService: [UserID:0] Started thread backup-0
04-15 17:05:59.628 540 1389 E system_server: No package ID 7f found for resource ID 0x7f1315be.
04-15 17:05:59.629 540 1389 E system_server: No package ID 7f found for resource ID 0x7f08025a.
04-15 17:05:59.630 540 1389 E system_server: No package ID 7f found for resource ID 0x7f13067c.
04-15 17:05:59.630 540 1389 E system_server: No package ID 7f found for resource ID 0x7f080259.
04-15 17:05:59.630 540 1389 E system_server: No package ID 7f found for resource ID 0x7f130e50.
04-15 17:05:59.671 540 571 I UsageStatsDatabase: Deleting all usage stats files
04-15 17:05:59.925 540 845 E BackupPasswordManager: Unable to read backup pw version
04-15 17:05:59.928 540 845 E BackupPasswordManager: Unable to read saved backup pw hash
04-15 17:06:00.095 1134 1134 D DeferredSmsMmsRestoreService: startIfFilesExist: no files to restore
04-15 17:06:00.144 1134 1134 D DeferredSmsMmsRestoreService: addAllSharedPrefToLocalLog
04-15 17:06:00.235 196 196 I tombstoned: received crash request for pid 895
04-15 17:06:00.235 196 196 I tombstoned: found intercept fd 513 for pid 895 and type kDebuggerdJavaBacktrace
04-15 17:06:00.244 196 196 W tombstoned: skipping tombstone file creation due to intercept
04-15 17:06:00.248 895 898 I ndroid.systemui: Wrote stack traces to tombstoned
04-15 17:06:00.259 540 1422 I system_server: libdebuggerd_client: done dumping process 895
04-15 17:06:00.276 895 948 D libEGL : loaded /vendor/lib64/egl/libEGL_emulation.so
04-15 17:06:00.301 895 948 D libEGL : loaded /vendor/lib64/egl/libGLESv1_CM_emulation.so
04-15 17:06:00.330 895 948 D libEGL : loaded /vendor/lib64/egl/libGLESv2_emulation.so
04-15 17:06:02.399 895 948 W OpenGLRenderer: Failed to initialize 101010-2 format, error = EGL_SUCCESS
04-15 17:06:03.080 540 660 D CompatibilityChangeReporter: Compat change id reported: 265452344; UID 10110; state: DISABLED
