04-15 17:03:28.471 460 460 W mediaswcodec: libminijail[460]: compile_file: /apex/com.android.media.swcodec/etc/seccomp_policy/crash_dump.x86_64.policy(5): syscall exit_group redefined here
04-15 17:03:28.471 460 460 W mediaswcodec: libminijail[460]: compile_file: (46): previous definition here
04-15 17:03:28.496 460 460 W mediaswcodec: libminijail[460]: compile_file: /apex/com.android.media.swcodec/etc/seccomp_policy/crash_dump.x86_64.policy(8): syscall futex redefined here
04-15 17:03:28.496 460 460 W mediaswcodec: libminijail[460]: compile_file: (36): previous definition here
04-15 17:03:28.498 460 460 W mediaswcodec: libminijail[460]: compile_file: /apex/com.android.media.swcodec/etc/seccomp_policy/crash_dump.x86_64.policy(10): syscall getpid redefined here
04-15 17:03:28.498 460 460 W mediaswcodec: libminijail[460]: compile_file: (69): previous definition here
04-15 17:03:28.498 460 460 W mediaswcodec: libminijail[460]: compile_file: /apex/com.android.media.swcodec/etc/seccomp_policy/crash_dump.x86_64.policy(11): syscall gettid redefined here
04-15 17:03:28.499 460 460 W mediaswcodec: libminijail[460]: compile_file: (67): previous definition here
04-15 17:03:28.499 460 460 W mediaswcodec: libminijail[460]: compile_file: /apex/com.android.media.swcodec/etc/seccomp_policy/crash_dump.x86_64.policy(14): syscall openat redefined here
04-15 17:03:28.507 460 460 W mediaswcodec: libminijail[460]: compile_file: (18): previous definition here
04-15 17:03:28.509 460 460 W mediaswcodec: libminijail[460]: compile_file: /apex/com.android.media.swcodec/etc/seccomp_policy/crash_dump.x86_64.policy(15): syscall dup redefined here
04-15 17:03:28.509 460 460 W mediaswcodec: libminijail[460]: compile_file: (56): previous definition here
04-15 17:03:28.511 460 460 W mediaswcodec: libminijail[460]: compile_file: /apex/com.android.media.swcodec/etc/seccomp_policy/crash_dump.x86_64.policy(16): syscall close redefined here
04-15 17:03:28.511 460 460 W mediaswcodec: libminijail[460]: compile_file: (25): previous definition here
04-15 17:03:28.514 460 460 W mediaswcodec: libminijail[460]: compile_file: /apex/com.android.media.swcodec/etc/seccomp_policy/crash_dump.x86_64.policy(17): syscall lseek redefined here
04-15 17:03:28.514 460 460 W mediaswcodec: libminijail[460]: compile_file: (40): previous definition here
04-15 17:03:28.519 460 460 W mediaswcodec: libminijail[460]: compile_file: /apex/com.android.media.swcodec/etc/seccomp_policy/crash_dump.x86_64.policy(19): syscall faccessat redefined here
04-15 17:03:28.519 460 460 W mediaswcodec: libminijail[460]: compile_file: (38): previous definition here
04-15 17:03:28.532 460 460 W mediaswcodec: libminijail[460]: compile_file: /apex/com.android.media.swcodec/etc/seccomp_policy/crash_dump.x86_64.policy(28): syscall prctl redefined here
04-15 17:03:28.532 460 460 W mediaswcodec: libminijail[460]: compile_file: (17): previous definition here
04-15 17:03:28.533 460 460 W mediaswcodec: libminijail[460]: compile_file: /apex/com.android.media.swcodec/etc/seccomp_policy/crash_dump.x86_64.policy(29): syscall madvise redefined here
04-15 17:03:28.541 460 460 W mediaswcodec: libminijail[460]: compile_file: (33): previous definition here
04-15 17:03:28.548 460 460 W mediaswcodec: libminijail[460]: compile_file: /apex/com.android.media.swcodec/etc/seccomp_policy/crash_dump.x86_64.policy(30): syscall mprotect redefined here
04-15 17:03:28.548 460 460 W mediaswcodec: libminijail[460]: compile_file: (16): previous definition here
04-15 17:03:28.549 460 460 W mediaswcodec: libminijail[460]: compile_file: /apex/com.android.media.swcodec/etc/seccomp_policy/crash_dump.x86_64.policy(31): syscall munmap redefined here
04-15 17:03:28.549 460 460 W mediaswcodec: libminijail[460]: compile_file: (37): previous definition here
04-15 17:03:28.549 460 460 W mediaswcodec: libminijail[460]: compile_file: /apex/com.android.media.swcodec/etc/seccomp_policy/crash_dump.x86_64.policy(32): syscall getuid redefined here
04-15 17:03:28.549 460 460 W mediaswcodec: libminijail[460]: compile_file: (21): previous definition here
04-15 17:03:28.550 460 460 W mediaswcodec: libminijail[460]: compile_file: /apex/com.android.media.swcodec/etc/seccomp_policy/crash_dump.x86_64.policy(33): syscall fstat redefined here
04-15 17:03:28.550 460 460 W mediaswcodec: libminijail[460]: compile_file: (29): previous definition here
04-15 17:03:28.551 460 460 W mediaswcodec: libminijail[460]: compile_file: /apex/com.android.media.swcodec/etc/seccomp_policy/crash_dump.x86_64.policy(34): syscall mmap redefined here
04-15 17:03:28.556 460 460 W mediaswcodec: libminijail[460]: compile_file: (27): previous definition here
04-15 17:03:28.558 460 460 W mediaswcodec: libminijail[460]: logging seccomp filter failures
04-15 17:03:28.577 460 460 I CodecServiceRegistrant: Creating software Codec2 service...
04-15 17:03:28.625 460 460 D C2Store : Default ION heapmask = -1
04-15 17:03:28.635 460 460 D C2Store : Default ION flags = 0
04-15 17:03:28.656 460 460 D C2Store : Default ION align = 0
04-15 17:03:28.713 460 460 I HidlServiceManagement: Registered android.hardware.media.c2@1.2::IComponentStore/software
04-15 17:03:28.761 460 460 I CodecServiceRegistrant: Preferred Codec2 store is set to "default".
04-15 17:03:28.762 460 460 I CodecServiceRegistrant: Software Codec2 service created and registered.
04-15 17:03:28.854 447 447 I MediaExtractorFactory: plugin directory not present (/system/lib64/extractors)
04-15 17:03:28.855 447 447 I MediaExtractorFactory: plugin directory not present (/system_ext/lib64/extractors)
04-15 17:03:29.546 453 453 I mediaserver: ServiceManager: 0x7f59ff351a90
04-15 17:03:29.659 379 379 D APM_EngineLoader: Loaded engine from libaudiopolicyenginedefault.so
04-15 17:03:29.659 379 379 D APM::AudioPolicyEngine/Base: loadAudioPolicyEngineConfig: No configuration found, using default matching phone experience.
04-15 17:03:29.677 453 453 W BatteryNotifier: batterystats service unavailable!
04-15 17:03:29.700 453 453 W BatteryNotifier: batterystats service unavailable!
04-15 17:03:29.743 379 379 W APM::AudioPolicyEngine/Base: loadAudioPolicyEngineConfig: No configuration of AUDIO_STREAM_CALL_ASSISTANT found, using default volume configuration
04-15 17:03:29.789 379 379 D AudioFlinger::MelReporter: activateHalSoundDoseComputation: Forcing use of internal MEL computation.
04-15 17:03:29.789 379 379 W AudioFlinger: loadHwModule() sound dose reporting is not available
04-15 17:03:29.805 379 379 I AudioFlinger: loadHwModule() Loaded primary audio interface, handle 10
04-15 17:03:30.239 379 379 I AudioFlinger: openOutput() this 0x7952d7d17a20, module 10 Device AUDIO_DEVICE_OUT_SPEAKER, @:, SamplingRate 48000, Format 0x000001, Channels 0x3, flags 0x2
04-15 17:03:30.439 331 331 D nativeloader: InitDefaultPublicLibraries for_preload=1: libandroid.so:libaaudio.so:libamidi.so:libbinder_ndk.so:libc.so:libcamera2ndk.so:libdl.so:libEGL.so:libGLESv1_CM.so:libGLESv2.so:libGLESv3.so:libicu.so:libicui18n.so:libicuuc.so:libjnigraphics.so:liblog.so:libmediandk.so:libm.so:libnativehelper.so:libnativewindow.so:libOpenMAXAL.so:libOpenSLES.so:libRS.so:libstdc++.so:libsync.so:libvulkan.so:libwebviewchromium_plat_support.so:libz.so
04-15 17:03:30.561 379 379 I AudioFlinger: HAL output buffer size 1088 frames, normal sink buffer size 1088 frames
04-15 17:03:30.696 133 133 I hwservicemanager: getTransport: Cannot find entry android.hardware.audio.effect@7.1::IEffectsFactory/default in either framework or device VINTF manifest.
04-15 17:03:31.220 379 379 I BufferProvider: found effect "Multichannel Downmix To Stereo" from The Android Open Source Project
04-15 17:03:31.233 379 379 D AudioFlinger: Failed to add event callback
04-15 17:03:31.246 379 501 I AudioFlinger: AudioFlinger's thread 0x7953ec417930 tid=501 ready to run
04-15 17:03:31.258 379 501 W AudioFlinger: no wake lock to update, system not ready yet
04-15 17:03:31.259 379 501 D AudioFlinger: ro.audio.silent is ignored since no output device is set
04-15 17:03:31.278 334 334 E android.hardware.audio@7.1-impl.ranchu: getPresentationPosition:510 failure: Result::INVALID_STATE
04-15 17:03:31.342 463 463 W ServiceManagerCppClient: Service android.hardware.gatekeeper.IGatekeeper/default didn't start. Returning NULL
04-15 17:03:31.352 379 379 E APM_AudioPolicyManager: invalid volume index range
04-15 17:03:31.368 379 379 E APM_AudioPolicyManager: invalid volume index range
04-15 17:03:31.385 379 379 E APM_AudioPolicyManager: invalid volume index range
04-15 17:03:31.400 379 379 V APM_AudioPolicyManager: checkAndSetVolume cannot set volume group 4 volume when is not requested for comm
04-15 17:03:31.400 379 379 E APM_AudioPolicyManager: invalid volume index range
04-15 17:03:31.401 379 379 E APM_AudioPolicyManager: invalid volume index range
04-15 17:03:31.401 379 379 E APM_AudioPolicyManager: invalid volume index range
04-15 17:03:31.402 379 379 E APM_AudioPolicyManager: invalid volume index range
04-15 17:03:31.604 379 501 W AudioFlinger: no wake lock to update, system not ready yet
04-15 17:03:31.604 379 501 D AudioFlinger: ro.audio.silent is ignored since no output device is set
04-15 17:03:31.708 379 379 E APM_AudioPolicyManager: invalid volume index range
04-15 17:03:31.709 379 379 E APM_AudioPolicyManager: invalid volume index range
04-15 17:03:31.709 379 379 E APM_AudioPolicyManager: invalid volume index range
04-15 17:03:31.709 379 379 E APM_AudioPolicyManager: invalid volume index range
04-15 17:03:31.762 379 379 W AudioFlinger: moveEffects() bad srcOutput 0
04-15 17:03:31.776 379 379 V APM_AudioPolicyManager: selectOutputForMusicEffects selected output 13
04-15 17:03:31.777 379 379 V APM_AudioPolicyManager: setOutputDevices device {AUDIO_DEVICE_OUT_SPEAKER, @:} delayMs 0
04-15 17:03:31.780 379 379 V APM_AudioPolicyManager: setOutputDevices() prevDevice {AUDIO_DEVICE_OUT_SPEAKER, @:}
04-15 17:03:31.786 379 379 I APM::AudioPolicyEngine: getDevicesForStrategyInt no device found for strategy 9
04-15 17:03:31.801 379 379 V APM_AudioPolicyManager: setOutputDevices changing device to {AUDIO_DEVICE_OUT_SPEAKER, @:}
04-15 17:03:31.879 379 501 D AudioFlinger: updateHalSupportedLatencyModes_l: thread(13) status -38 supported latency modes: { }
04-15 17:03:31.939 379 379 V APM_AudioPolicyManager: setOutputDevices() AF::createAudioPatch returned 0 patchHandle 12 num_sources 1 num_sinks 1
04-15 17:03:31.974 379 379 E APM_AudioPolicyManager: invalid volume index range
04-15 17:03:31.996 379 379 E APM_AudioPolicyManager: invalid volume index range
04-15 17:03:31.997 379 379 E APM_AudioPolicyManager: invalid volume index range
04-15 17:03:32.000 379 379 V APM_AudioPolicyManager: checkAndSetVolume cannot set volume group 4 volume when is not requested for comm
04-15 17:03:32.001 379 379 E APM_AudioPolicyManager: invalid volume index range
04-15 17:03:32.001 379 379 E APM_AudioPolicyManager: invalid volume index range
04-15 17:03:32.002 379 379 E APM_AudioPolicyManager: invalid volume index range
04-15 17:03:32.002 379 379 E APM_AudioPolicyManager: invalid volume index range
04-15 17:03:32.003 379 379 E APM_AudioPolicyManager: invalid volume index range
04-15 17:03:32.010 379 379 E APM_AudioPolicyManager: invalid volume index range
04-15 17:03:32.017 379 379 E APM_AudioPolicyManager: invalid volume index range
04-15 17:03:32.017 379 379 E APM_AudioPolicyManager: invalid volume index range
04-15 17:03:32.019 379 379 I AudioFlinger: openOutput() this 0x7952d7d17a20, module 10 Device AUDIO_DEVICE_OUT_TELEPHONY_TX, @:, SamplingRate 48000, Format 0x000001, Channels 0x3, flags 0
04-15 17:03:32.055 379 379 I AudioFlinger: HAL output buffer size 1088 frames, normal sink buffer size 1088 frames
04-15 17:03:32.063 379 379 D AudioFlinger: Failed to add event callback
04-15 17:03:32.089 331 331 D zygote64: Time zone APEX ICU file found: /apex/com.android.tzdata/etc/icu/icu_tzdata.dat
04-15 17:03:32.096 379 379 E APM_AudioPolicyManager: invalid volume index range
04-15 17:03:32.099 379 503 I AudioFlinger: AudioFlinger's thread 0x7953ec3a1930 tid=503 ready to run
04-15 17:03:32.099 379 503 W AudioFlinger: no wake lock to update, system not ready yet
04-15 17:03:32.099 379 503 D AudioFlinger: ro.audio.silent is ignored since no output device is set
04-15 17:03:32.111 331 331 D zygote64: I18n APEX ICU file found: /apex/com.android.i18n/etc/icu/icudt72l.dat
04-15 17:03:32.103 334 334 E android.hardware.audio@7.1-impl.ranchu: getPresentationPosition:510 failure: Result::INVALID_STATE
04-15 17:03:32.146 379 379 E APM_AudioPolicyManager: invalid volume index range
04-15 17:03:32.146 379 379 E APM_AudioPolicyManager: invalid volume index range
04-15 17:03:32.153 379 379 V APM_AudioPolicyManager: checkAndSetVolume cannot set volume group 4 volume when is not requested for comm
04-15 17:03:32.153 379 379 E APM_AudioPolicyManager: invalid volume index range
04-15 17:03:32.154 379 379 E APM_AudioPolicyManager: invalid volume index range
04-15 17:03:32.154 379 379 E APM_AudioPolicyManager: invalid volume index range
04-15 17:03:32.155 379 379 E APM_AudioPolicyManager: invalid volume index range
04-15 17:03:32.167 379 503 W AudioFlinger: no wake lock to update, system not ready yet
04-15 17:03:32.167 379 503 D AudioFlinger: ro.audio.silent is ignored since no output device is set
04-15 17:03:32.200 379 379 E APM_AudioPolicyManager: invalid volume index range
04-15 17:03:32.201 379 379 E APM_AudioPolicyManager: invalid volume index range
04-15 17:03:32.201 379 379 E APM_AudioPolicyManager: invalid volume index range
04-15 17:03:32.202 379 379 E APM_AudioPolicyManager: invalid volume index range
04-15 17:03:32.230 379 379 V APM_AudioPolicyManager: selectOutputForMusicEffects selected output 13
04-15 17:03:32.230 379 379 V APM_AudioPolicyManager: setOutputDevices device {AUDIO_DEVICE_OUT_TELEPHONY_TX, @:} delayMs 0
04-15 17:03:32.232 379 379 V APM_AudioPolicyManager: setOutputDevices() prevDevice {AUDIO_DEVICE_OUT_TELEPHONY_TX, @:}
04-15 17:03:32.234 379 379 V APM_AudioPolicyManager: setOutputDevices changing device to {AUDIO_DEVICE_OUT_TELEPHONY_TX, @:}
04-15 17:03:32.325 379 503 D AudioFlinger: updateHalSupportedLatencyModes_l: thread(21) status -38 supported latency modes: { }
04-15 17:03:32.344 379 379 V APM_AudioPolicyManager: setOutputDevices() AF::createAudioPatch returned 0 patchHandle 20 num_sources 1 num_sinks 1
04-15 17:03:32.358 379 379 E APM_AudioPolicyManager: invalid volume index range
04-15 17:03:32.384 379 379 E APM_AudioPolicyManager: invalid volume index range
04-15 17:03:32.386 452 452 W ServiceManagerCppClient: Service package_native didn't start. Returning NULL
04-15 17:03:32.387 379 379 E APM_AudioPolicyManager: invalid volume index range
04-15 17:03:32.396 379 379 E APM_AudioPolicyManager: invalid volume index range
04-15 17:03:32.396 379 379 E APM_AudioPolicyManager: invalid volume index range
04-15 17:03:32.397 379 379 E APM_AudioPolicyManager: invalid volume index range
04-15 17:03:32.397 379 379 E APM_AudioPolicyManager: invalid volume index range
04-15 17:03:32.397 379 379 E APM_AudioPolicyManager: invalid volume index range
04-15 17:03:32.397 379 379 E APM_AudioPolicyManager: invalid volume index range
04-15 17:03:32.397 379 379 E APM_AudioPolicyManager: invalid volume index range
04-15 17:03:32.398 379 379 E APM_AudioPolicyManager: invalid volume index range
04-15 17:03:32.398 379 379 E APM_AudioPolicyManager: invalid volume index range
04-15 17:03:32.436 452 452 E ServiceUtilities: getInfo: Cannot find package_native
04-15 17:03:33.050 379 508 I AudioFlinger: AudioFlinger's thread 0x7953ec2d5bb0 tid=508 ready to run
04-15 17:03:33.056 379 508 W AudioFlinger: no wake lock to update, system not ready yet
04-15 17:03:33.215 379 508 W AudioFlinger: no wake lock to update, system not ready yet
04-15 17:03:33.445 379 510 I AudioFlinger: AudioFlinger's thread 0x7953ec2d5bb0 tid=510 ready to run
04-15 17:03:33.449 454 454 W ServiceManagerCppClient: Service package_native didn't start. Returning NULL
04-15 17:03:33.457 379 510 W AudioFlinger: no wake lock to update, system not ready yet
04-15 17:03:33.461 454 454 E storaged: getService package_native failed
04-15 17:03:33.662 474 474 I BootAnimation: boot animation disabled
04-15 17:03:33.677 454 454 W BpBinder: Linking to death on android.hardware.health.IHealth but there are no threads (yet?) listening to incoming transactions. See ProcessState::startThreadPool and ProcessState::setThreadPoolMaxThreadCount. Generally you should setup the binder threadpool before other initialization steps.
04-15 17:03:33.691 454 512 I storaged: storaged: Start
04-15 17:03:33.701 454 512 I ServiceManagerCppClient: Waiting for service 'package_native' on '/dev/binder'...
04-15 17:03:33.720 331 331 I zygote64: Using memfd for future sealing
04-15 17:03:33.805 379 510 W AudioFlinger: no wake lock to update, system not ready yet
04-15 17:03:33.902 331 331 W zygote64: Unexpected CPU variant for x86: x86_64.
04-15 17:03:33.902 331 331 W zygote64: Known variants: atom, sandybridge, silvermont, goldmont, goldmont-plus, tremont, kabylake, default
04-15 17:03:34.039 379 517 I AudioFlinger: AudioFlinger's thread 0x7953ec2d5bb0 tid=517 ready to run
04-15 17:03:34.111 379 517 W AudioFlinger: no wake lock to update, system not ready yet
04-15 17:03:34.157 379 517 W AudioFlinger: no wake lock to update, system not ready yet
04-15 17:03:34.237 334 334 I r_submix: adev_open(name=audio_hw_if)
04-15 17:03:34.243 379 379 D AudioFlinger::MelReporter: activateHalSoundDoseComputation: Forcing use of internal MEL computation.
04-15 17:03:34.243 379 379 W AudioFlinger: loadHwModule() sound dose reporting is not available
04-15 17:03:34.248 334 334 I r_submix: adev_init_check()
04-15 17:03:34.264 379 379 I AudioFlinger: loadHwModule() Loaded r_submix audio interface, handle 18
04-15 17:03:34.273 334 334 D r_submix: adev_open_input_stream(addr=0)
04-15 17:03:34.274 334 334 I r_submix: adev_open_input_stream(): about to create pipe at index 9, rate 48000, pipe size 4096
04-15 17:03:34.274 334 334 D r_submix: submix_audio_device_create_pipe_l(addr=0, idx=9)
04-15 17:03:34.274 334 334 D r_submix: now using address 0 for route 9
04-15 17:03:34.384 379 519 I AudioFlinger: AudioFlinger's thread 0x7953ec2d5bb0 tid=519 ready to run
04-15 17:03:34.388 334 334 I r_submix: in_standby()
04-15 17:03:34.405 379 519 W AudioFlinger: no wake lock to update, system not ready yet
04-15 17:03:34.406 334 334 I r_submix: in_standby()
04-15 17:03:34.429 379 519 W AudioFlinger: no wake lock to update, system not ready yet
04-15 17:03:34.430 334 334 D r_submix: adev_close_input_stream()
04-15 17:03:34.430 334 334 D r_submix: submix_audio_device_release_pipe_l(idx=9) addr=0
04-15 17:03:34.430 334 334 D r_submix: submix_audio_device_destroy_pipe_l(): pipe destroyed
04-15 17:03:34.803 0 0 I init : Service 'bootanim' (pid 474) exited with status 0 oneshot service took 9.447000 seconds in background
04-15 17:03:34.803 0 0 I init : Sending signal 9 to service 'bootanim' (pid 474) process group...
04-15 17:03:34.804 0 0 I libprocessgroup: Successfully killed process cgroup uid 1003 pid 474 in 0ms
04-15 17:03:34.868 379 379 D AudioFlinger::MelReporter: activateHalSoundDoseComputation: Forcing use of internal MEL computation.
04-15 17:03:34.868 379 379 W AudioFlinger: loadHwModule() sound dose reporting is not available
04-15 17:03:34.871 379 379 I AudioFlinger: loadHwModule() Loaded bluetooth audio interface, handle 26
04-15 17:03:34.957 133 133 I hwservicemanager: getTransport: Cannot find entry android.hardware.audio.effect@7.1::IEffectsFactory/default in either framework or device VINTF manifest.
04-15 17:03:34.996 379 379 I audioserver: Waiting for activity service
04-15 17:03:35.394 423 423 I cameraserver: ServiceManager: 0x7099f414f8d0
04-15 17:03:35.439 423 423 I CameraService: CameraService started (pid=423)
04-15 17:03:35.444 423 423 I CameraService: CameraService process starting
04-15 17:03:35.479 423 423 W BatteryNotifier: batterystats service unavailable!
04-15 17:03:35.492 423 423 W BatteryNotifier: batterystats service unavailable!
04-15 17:03:35.730 423 423 I cameraserver: Connecting to new camera provider: internal/0, isRemote? 1
04-15 17:03:35.782 423 423 W BpBinder: Linking to death on android.hardware.camera.provider.ICameraProvider but there are no threads (yet?) listening to incoming transactions. See ProcessState::startThreadPool and ProcessState::setThreadPoolMaxThreadCount. Generally you should setup the binder threadpool before other initialization steps.
04-15 17:03:35.918 423 423 I CameraProviderManager: Enumerating new camera device: device@1.1/internal/1
04-15 17:03:35.980 339 339 W StreamConfigurationMap: StreamConfigurationMap: ANDROID_SCALER_AVAILABLE_STREAM_CONFIGURATIONS missing, maxResolution ? true!
04-15 17:03:35.981 339 339 W StreamConfigurationMap: StreamConfigurationMap: ANDROID_SCALER_AVAILABLE_MIN_FRAME_DURATIONS missing!, max resolution ? true
04-15 17:03:35.981 339 339 W StreamConfigurationMap: StreamConfigurationMap: ANDROID_SCALER_AVAILABLE_STALL_DURATIONS missing! maxResolution ? true
04-15 17:03:35.981 339 339 I EmulatedCameraDeviceHwlImpl: Create: Created EmulatedCameraDeviceHwlImpl for camera 1
04-15 17:03:35.983 339 339 D GCH_Utils: FindLibraryPaths: Unable to open directory /vendor/lib64/camera/capture_sessions/ (No such file or directory)
04-15 17:03:35.997 339 339 I GCH_CameraDevice: Create: Created a camera device for public(1)
04-15 17:03:36.156 423 423 W CameraProviderManager: Camera provider internal/0 says an unknown camera device@1.1/internal/1 now has torch status 1. Curious.
04-15 17:03:36.181 423 423 I CameraProviderManager: Camera provider internal/0 ready with 1 camera devices
04-15 17:03:36.240 423 423 I cameraserver: Connecting to new camera provider: internal/1, isRemote? 1
04-15 17:03:36.297 423 423 W BpBinder: Linking to death on android.hardware.camera.provider.ICameraProvider but there are no threads (yet?) listening to incoming transactions. See ProcessState::startThreadPool and ProcessState::setThreadPoolMaxThreadCount. Generally you should setup the binder threadpool before other initialization steps.
04-15 17:03:36.317 423 423 I CameraProviderManager: Camera provider internal/1 ready with 0 camera devices
04-15 17:03:36.324 423 423 I CameraService: onDeviceStatusChanged: Status changed for cameraId=1, newStatus=1
04-15 17:03:36.332 423 423 I CameraService: onDeviceStatusChanged: Unknown camera ID 1, a new camera is added
04-15 17:03:36.401 423 423 I HidlServiceManagement: Registered android.frameworks.cameraservice.service@2.2::ICameraService/default
04-15 17:03:36.429 0 0 I servicemanager: Found android.frameworks.cameraservice.service.ICameraService/default in framework VINTF manifest.
04-15 17:03:36.439 0 0 I servicemanager: Found android.frameworks.cameraservice.service.ICameraService/default in framework VINTF manifest.
04-15 17:03:36.440 423 423 I CameraService: CameraService pinged cameraservice proxy
04-15 17:03:36.492 423 423 I cameraserver: ServiceManager: 0x7099f414f8d0 done instantiate
04-15 17:03:36.495 423 423 W CameraProviderManager: addAidlProviderLocked: Camera provider HAL with name 'android.hardware.camera.provider.ICameraProvider/internal/0' already registered
04-15 17:03:36.495 423 423 W CameraProviderManager: addAidlProviderLocked: Camera provider HAL with name 'android.hardware.camera.provider.ICameraProvider/internal/1' already registered
04-15 17:03:37.273 331 331 D Zygote : begin preload
04-15 17:03:37.276 331 331 I Zygote : Calling ZygoteHooks.beginPreload()
04-15 17:03:38.182 331 331 V Zygote64Timing: BeginPreload took to complete: 909ms
04-15 17:03:38.182 331 331 I Zygote : Preloading classes...
04-15 17:03:38.724 392 437 D RenderEngine: Shader cache generated 92 shaders in 13422.825195 ms
04-15 17:03:38.760 454 512 W ServiceManagerCppClient: Service package_native didn't start. Returning NULL
04-15 17:03:38.761 454 512 E storaged: getService package_native failed
04-15 17:03:39.100 331 331 W Zygote : Class not found for preloading: android.content.res.AssetFileDescriptor$AutoCloseInputStream$OffsetCorrectFileChannel
04-15 17:03:39.140 331 331 I Typeface: Preloading /system/fonts/Roboto-Regular.ttf
04-15 17:03:39.142 331 331 I Typeface: Preloading /system/fonts/RobotoStatic-Regular.ttf
04-15 17:03:39.166 331 331 W System : No Compatibility callbacks set! Querying change 247079863
04-15 17:03:39.181 331 331 W System : No Compatibility callbacks set! Querying change 247079863
04-15 17:03:39.197 331 331 W System : No Compatibility callbacks set! Querying change 247079863
04-15 17:03:39.199 331 331 W System : No Compatibility callbacks set! Querying change 247079863
04-15 17:03:39.200 331 516 I zygote64: Background verification of 153 classes from boot classpath took 756.114ms
04-15 17:03:39.205 331 331 W System : No Compatibility callbacks set! Querying change 247079863
04-15 17:03:39.206 331 331 W System : No Compatibility callbacks set! Querying change 247079863
04-15 17:03:39.207 331 331 W System : No Compatibility callbacks set! Querying change 247079863
04-15 17:03:39.217 331 331 W System : No Compatibility callbacks set! Querying change 247079863
04-15 17:03:39.217 331 331 W System : No Compatibility callbacks set! Querying change 247079863
04-15 17:03:39.218 331 331 W System : No Compatibility callbacks set! Querying change 247079863
04-15 17:03:39.218 331 331 W System : No Compatibility callbacks set! Querying change 247079863
04-15 17:03:39.219 331 331 W System : No Compatibility callbacks set! Querying change 247079863
04-15 17:03:39.219 331 331 W System : No Compatibility callbacks set! Querying change 247079863
04-15 17:03:39.226 331 331 W System : No Compatibility callbacks set! Querying change 247079863
04-15 17:03:39.227 331 331 W System : No Compatibility callbacks set! Querying change 247079863
04-15 17:03:39.227 331 331 W System : No Compatibility callbacks set! Querying change 247079863
04-15 17:03:39.233 331 331 W System : No Compatibility callbacks set! Querying change 247079863
04-15 17:03:39.234 331 331 W System : No Compatibility callbacks set! Querying change 247079863
04-15 17:03:39.240 331 331 W System : No Compatibility callbacks set! Querying change 247079863
04-15 17:03:39.241 331 331 W System : No Compatibility callbacks set! Querying change 247079863
04-15 17:03:39.242 331 331 W System : No Compatibility callbacks set! Querying change 247079863
04-15 17:03:39.243 331 331 W System : No Compatibility callbacks set! Querying change 247079863
04-15 17:03:39.248 331 331 W System : No Compatibility callbacks set! Querying change 247079863
04-15 17:03:39.249 331 331 W System : No Compatibility callbacks set! Querying change 247079863
04-15 17:03:39.252 331 331 W System : No Compatibility callbacks set! Querying change 247079863
04-15 17:03:39.253 331 331 W System : No Compatibility callbacks set! Querying change 247079863
04-15 17:03:39.254 331 331 W System : No Compatibility callbacks set! Querying change 247079863
04-15 17:03:39.255 331 331 W System : No Compatibility callbacks set! Querying change 247079863
04-15 17:03:39.257 331 331 W System : No Compatibility callbacks set! Querying change 247079863
04-15 17:03:39.258 331 331 W System : No Compatibility callbacks set! Querying change 247079863
04-15 17:03:39.260 331 331 W System : No Compatibility callbacks set! Querying change 247079863
04-15 17:03:39.261 331 331 W System : No Compatibility callbacks set! Querying change 247079863
04-15 17:03:39.262 331 331 W System : No Compatibility callbacks set! Querying change 247079863
04-15 17:03:39.263 331 331 W System : No Compatibility callbacks set! Querying change 247079863
04-15 17:03:39.265 331 331 W System : No Compatibility callbacks set! Querying change 247079863
04-15 17:03:39.266 331 331 W System : No Compatibility callbacks set! Querying change 247079863
04-15 17:03:39.269 331 331 W System : No Compatibility callbacks set! Querying change 247079863
04-15 17:03:39.270 331 331 W System : No Compatibility callbacks set! Querying change 247079863
04-15 17:03:39.272 331 331 W System : No Compatibility callbacks set! Querying change 247079863
04-15 17:03:39.273 331 331 W System : No Compatibility callbacks set! Querying change 247079863
04-15 17:03:39.274 331 331 W System : No Compatibility callbacks set! Querying change 247079863
04-15 17:03:39.275 331 331 W System : No Compatibility callbacks set! Querying change 247079863
04-15 17:03:39.277 331 331 W System : No Compatibility callbacks set! Querying change 247079863
04-15 17:03:39.278 331 331 W System : No Compatibility callbacks set! Querying change 247079863
04-15 17:03:39.279 331 331 W System : No Compatibility callbacks set! Querying change 247079863
04-15 17:03:39.279 331 331 W System : No Compatibility callbacks set! Querying change 247079863
04-15 17:03:39.280 331 331 W System : No Compatibility callbacks set! Querying change 247079863
04-15 17:03:39.281 331 331 W System : No Compatibility callbacks set! Querying change 247079863
04-15 17:03:39.282 331 331 W System : No Compatibility callbacks set! Querying change 247079863
04-15 17:03:39.282 331 331 W System : No Compatibility callbacks set! Querying change 247079863
04-15 17:03:39.283 331 331 W System : No Compatibility callbacks set! Querying change 247079863
04-15 17:03:39.284 331 331 W System : No Compatibility callbacks set! Querying change 247079863
04-15 17:03:39.284 331 331 W System : No Compatibility callbacks set! Querying change 247079863
04-15 17:03:39.286 331 331 W System : No Compatibility callbacks set! Querying change 247079863
04-15 17:03:39.286 331 331 W System : No Compatibility callbacks set! Querying change 247079863
04-15 17:03:39.287 331 331 W System : No Compatibility callbacks set! Querying change 247079863
04-15 17:03:39.289 331 331 W System : No Compatibility callbacks set! Querying change 247079863
04-15 17:03:39.290 331 331 W System : No Compatibility callbacks set! Querying change 247079863
04-15 17:03:39.290 331 331 W System : No Compatibility callbacks set! Querying change 247079863
04-15 17:03:39.291 331 331 W System : No Compatibility callbacks set! Querying change 247079863
04-15 17:03:39.292 331 331 W System : No Compatibility callbacks set! Querying change 247079863
04-15 17:03:39.294 331 331 W System : No Compatibility callbacks set! Querying change 247079863
04-15 17:03:39.294 331 331 W System : No Compatibility callbacks set! Querying change 247079863
04-15 17:03:39.295 331 331 W System : No Compatibility callbacks set! Querying change 247079863
04-15 17:03:39.295 331 331 W System : No Compatibility callbacks set! Querying change 247079863
04-15 17:03:39.297 331 331 W System : No Compatibility callbacks set! Querying change 247079863
04-15 17:03:39.297 331 331 W System : No Compatibility callbacks set! Querying change 247079863
04-15 17:03:39.298 331 331 W System : No Compatibility callbacks set! Querying change 247079863
04-15 17:03:39.299 331 331 W System : No Compatibility callbacks set! Querying change 247079863
04-15 17:03:39.299 331 331 W System : No Compatibility callbacks set! Querying change 247079863
04-15 17:03:39.301 331 331 W System : No Compatibility callbacks set! Querying change 247079863
04-15 17:03:39.301 331 331 W System : No Compatibility callbacks set! Querying change 247079863
04-15 17:03:39.303 331 331 W System : No Compatibility callbacks set! Querying change 247079863
04-15 17:03:39.304 331 331 W System : No Compatibility callbacks set! Querying change 247079863
04-15 17:03:39.305 331 331 W System : No Compatibility callbacks set! Querying change 247079863
04-15 17:03:39.305 331 331 W System : No Compatibility callbacks set! Querying change 247079863
04-15 17:03:39.306 331 331 W System : No Compatibility callbacks set! Querying change 247079863
04-15 17:03:39.307 331 331 W System : No Compatibility callbacks set! Querying change 247079863
04-15 17:03:39.307 331 331 W System : No Compatibility callbacks set! Querying change 247079863
04-15 17:03:39.308 331 331 W System : No Compatibility callbacks set! Querying change 247079863
04-15 17:03:39.309 331 331 W System : No Compatibility callbacks set! Querying change 247079863
04-15 17:03:39.309 331 331 W System : No Compatibility callbacks set! Querying change 247079863
04-15 17:03:39.310 331 331 W System : No Compatibility callbacks set! Querying change 247079863
04-15 17:03:39.311 331 331 W System : No Compatibility callbacks set! Querying change 247079863
04-15 17:03:39.312 331 331 W System : No Compatibility callbacks set! Querying change 247079863
04-15 17:03:39.313 331 331 W System : No Compatibility callbacks set! Querying change 247079863
04-15 17:03:39.313 331 331 W System : No Compatibility callbacks set! Querying change 247079863
04-15 17:03:39.314 331 331 W System : No Compatibility callbacks set! Querying change 247079863
04-15 17:03:39.315 331 331 W System : No Compatibility callbacks set! Querying change 247079863
04-15 17:03:39.316 331 331 W System : No Compatibility callbacks set! Querying change 247079863
04-15 17:03:39.317 331 331 W System : No Compatibility callbacks set! Querying change 247079863
04-15 17:03:39.317 331 331 W System : No Compatibility callbacks set! Querying change 247079863
04-15 17:03:39.318 331 331 W System : No Compatibility callbacks set! Querying change 247079863
04-15 17:03:39.318 331 331 W System : No Compatibility callbacks set! Querying change 247079863
04-15 17:03:39.319 331 331 W System : No Compatibility callbacks set! Querying change 247079863
04-15 17:03:39.320 331 331 W System : No Compatibility callbacks set! Querying change 247079863
04-15 17:03:39.321 331 331 W System : No Compatibility callbacks set! Querying change 247079863
04-15 17:03:39.322 331 331 W System : No Compatibility callbacks set! Querying change 247079863
04-15 17:03:39.322 331 331 W System : No Compatibility callbacks set! Querying change 247079863
04-15 17:03:39.323 331 331 W System : No Compatibility callbacks set! Querying change 247079863
04-15 17:03:39.324 331 331 W System : No Compatibility callbacks set! Querying change 247079863
04-15 17:03:39.325 331 331 W System : No Compatibility callbacks set! Querying change 247079863
04-15 17:03:39.325 331 331 W System : No Compatibility callbacks set! Querying change 247079863
04-15 17:03:39.326 331 331 W System : No Compatibility callbacks set! Querying change 247079863
04-15 17:03:39.326 331 331 W System : No Compatibility callbacks set! Querying change 247079863
04-15 17:03:39.327 331 331 W System : No Compatibility callbacks set! Querying change 247079863
04-15 17:03:39.329 331 331 W System : No Compatibility callbacks set! Querying change 247079863
04-15 17:03:39.330 331 331 W System : No Compatibility callbacks set! Querying change 247079863
04-15 17:03:39.331 331 331 W System : No Compatibility callbacks set! Querying change 247079863
04-15 17:03:39.332 331 331 W System : No Compatibility callbacks set! Querying change 247079863
04-15 17:03:39.333 331 331 W System : No Compatibility callbacks set! Querying change 247079863
04-15 17:03:39.334 331 331 W System : No Compatibility callbacks set! Querying change 247079863
04-15 17:03:39.336 331 331 W System : No Compatibility callbacks set! Querying change 247079863
04-15 17:03:39.337 331 331 W System : No Compatibility callbacks set! Querying change 247079863
04-15 17:03:39.338 331 331 W System : No Compatibility callbacks set! Querying change 247079863
04-15 17:03:39.338 331 331 W System : No Compatibility callbacks set! Querying change 247079863
04-15 17:03:39.339 331 331 W System : No Compatibility callbacks set! Querying change 247079863
04-15 17:03:39.339 331 331 W System : No Compatibility callbacks set! Querying change 247079863
04-15 17:03:39.340 331 331 W System : No Compatibility callbacks set! Querying change 247079863
04-15 17:03:39.341 331 331 W System : No Compatibility callbacks set! Querying change 247079863
04-15 17:03:39.342 331 331 W System : No Compatibility callbacks set! Querying change 247079863
04-15 17:03:39.342 331 331 W System : No Compatibility callbacks set! Querying change 247079863
04-15 17:03:39.343 331 331 W System : No Compatibility callbacks set! Querying change 247079863
04-15 17:03:39.348 331 331 W System : No Compatibility callbacks set! Querying change 247079863
04-15 17:03:39.349 331 331 W System : No Compatibility callbacks set! Querying change 247079863
04-15 17:03:39.350 331 331 W System : No Compatibility callbacks set! Querying change 247079863
04-15 17:03:39.350 331 331 W System : No Compatibility callbacks set! Querying change 247079863
04-15 17:03:39.351 331 331 W System : No Compatibility callbacks set! Querying change 247079863
04-15 17:03:39.352 331 331 W System : No Compatibility callbacks set! Querying change 247079863
04-15 17:03:39.353 331 331 W System : No Compatibility callbacks set! Querying change 247079863
04-15 17:03:39.353 331 331 W System : No Compatibility callbacks set! Querying change 247079863
04-15 17:03:39.355 331 331 W System : No Compatibility callbacks set! Querying change 247079863
04-15 17:03:39.355 331 331 W System : No Compatibility callbacks set! Querying change 247079863
04-15 17:03:39.357 331 331 W System : No Compatibility callbacks set! Querying change 247079863
04-15 17:03:39.358 331 331 W System : No Compatibility callbacks set! Querying change 247079863
04-15 17:03:39.359 331 331 W System : No Compatibility callbacks set! Querying change 247079863
04-15 17:03:39.359 331 331 W System : No Compatibility callbacks set! Querying change 247079863
04-15 17:03:39.360 331 331 W System : No Compatibility callbacks set! Querying change 247079863
04-15 17:03:39.361 331 331 W System : No Compatibility callbacks set! Querying change 247079863
04-15 17:03:39.361 331 331 W System : No Compatibility callbacks set! Querying change 247079863
04-15 17:03:39.362 331 331 W System : No Compatibility callbacks set! Querying change 247079863
04-15 17:03:39.362 331 331 W System : No Compatibility callbacks set! Querying change 247079863
04-15 17:03:39.363 331 331 W System : No Compatibility callbacks set! Querying change 247079863
04-15 17:03:39.365 331 331 W System : No Compatibility callbacks set! Querying change 247079863
04-15 17:03:39.366 331 331 W System : No Compatibility callbacks set! Querying change 247079863
04-15 17:03:39.366 331 331 W System : No Compatibility callbacks set! Querying change 247079863
04-15 17:03:39.367 331 331 W System : No Compatibility callbacks set! Querying change 247079863
04-15 17:03:39.368 331 331 W System : No Compatibility callbacks set! Querying change 247079863
04-15 17:03:39.369 331 331 W System : No Compatibility callbacks set! Querying change 247079863
04-15 17:03:39.369 331 331 W System : No Compatibility callbacks set! Querying change 247079863
04-15 17:03:39.370 331 331 W System : No Compatibility callbacks set! Querying change 247079863
04-15 17:03:39.370 331 331 W System : No Compatibility callbacks set! Querying change 247079863
04-15 17:03:39.371 331 331 W System : No Compatibility callbacks set! Querying change 247079863
04-15 17:03:39.372 331 331 W System : No Compatibility callbacks set! Querying change 247079863
04-15 17:03:39.373 331 331 W System : No Compatibility callbacks set! Querying change 247079863
04-15 17:03:39.373 331 331 W System : No Compatibility callbacks set! Querying change 247079863
04-15 17:03:39.374 331 331 W System : No Compatibility callbacks set! Querying change 247079863
04-15 17:03:39.375 331 331 W System : No Compatibility callbacks set! Querying change 247079863
04-15 17:03:39.375 331 331 W System : No Compatibility callbacks set! Querying change 247079863
04-15 17:03:39.376 331 331 W System : No Compatibility callbacks set! Querying change 247079863
04-15 17:03:39.377 331 331 W System : No Compatibility callbacks set! Querying change 247079863
04-15 17:03:39.377 331 331 W System : No Compatibility callbacks set! Querying change 247079863
04-15 17:03:39.378 331 331 W System : No Compatibility callbacks set! Querying change 247079863
04-15 17:03:39.379 331 331 W System : No Compatibility callbacks set! Querying change 247079863
04-15 17:03:39.380 331 331 W System : No Compatibility callbacks set! Querying change 247079863
04-15 17:03:39.382 331 331 W System : No Compatibility callbacks set! Querying change 247079863
04-15 17:03:39.382 331 331 W System : No Compatibility callbacks set! Querying change 247079863
04-15 17:03:39.383 331 331 W System : No Compatibility callbacks set! Querying change 247079863
04-15 17:03:39.383 331 331 W System : No Compatibility callbacks set! Querying change 247079863
04-15 17:03:39.384 331 331 W System : No Compatibility callbacks set! Querying change 247079863
04-15 17:03:39.385 331 331 W System : No Compatibility callbacks set! Querying change 247079863
04-15 17:03:39.385 331 331 W System : No Compatibility callbacks set! Querying change 247079863
04-15 17:03:39.386 331 331 W System : No Compatibility callbacks set! Querying change 247079863
04-15 17:03:39.387 331 331 W System : No Compatibility callbacks set! Querying change 247079863
04-15 17:03:39.387 331 331 W System : No Compatibility callbacks set! Querying change 247079863
04-15 17:03:39.388 331 331 W System : No Compatibility callbacks set! Querying change 247079863
04-15 17:03:39.389 331 331 W System : No Compatibility callbacks set! Querying change 247079863
04-15 17:03:39.389 331 331 W System : No Compatibility callbacks set! Querying change 247079863
04-15 17:03:39.390 331 331 W System : No Compatibility callbacks set! Querying change 247079863
04-15 17:03:39.390 331 331 W System : No Compatibility callbacks set! Querying change 247079863
04-15 17:03:39.391 331 331 W System : No Compatibility callbacks set! Querying change 247079863
04-15 17:03:39.391 331 331 W System : No Compatibility callbacks set! Querying change 247079863
04-15 17:03:39.392 331 331 W System : No Compatibility callbacks set! Querying change 247079863
04-15 17:03:39.393 331 331 W System : No Compatibility callbacks set! Querying change 247079863
04-15 17:03:39.394 331 331 W System : No Compatibility callbacks set! Querying change 247079863
04-15 17:03:39.395 331 331 W System : No Compatibility callbacks set! Querying change 247079863
04-15 17:03:39.395 331 331 W System : No Compatibility callbacks set! Querying change 247079863
04-15 17:03:39.398 331 331 W System : No Compatibility callbacks set! Querying change 247079863
04-15 17:03:39.398 331 331 W System : No Compatibility callbacks set! Querying change 247079863
04-15 17:03:39.399 331 331 W System : No Compatibility callbacks set! Querying change 247079863
04-15 17:03:39.400 331 331 W System : No Compatibility callbacks set! Querying change 247079863
04-15 17:03:39.401 331 331 W System : No Compatibility callbacks set! Querying change 247079863
04-15 17:03:39.401 331 331 W System : No Compatibility callbacks set! Querying change 247079863
04-15 17:03:39.402 331 331 W System : No Compatibility callbacks set! Querying change 247079863
04-15 17:03:39.402 331 331 W System : No Compatibility callbacks set! Querying change 247079863
04-15 17:03:39.403 331 331 W System : No Compatibility callbacks set! Querying change 247079863
04-15 17:03:39.403 331 331 W System : No Compatibility callbacks set! Querying change 247079863
04-15 17:03:39.406 331 331 W System : No Compatibility callbacks set! Querying change 247079863
04-15 17:03:39.407 331 331 W System : No Compatibility callbacks set! Querying change 247079863
04-15 17:03:39.407 331 331 W System : No Compatibility callbacks set! Querying change 247079863
04-15 17:03:39.408 331 331 W System : No Compatibility callbacks set! Querying change 247079863
04-15 17:03:39.409 331 331 W System : No Compatibility callbacks set! Querying change 247079863
04-15 17:03:39.410 331 331 W System : No Compatibility callbacks set! Querying change 247079863
04-15 17:03:39.410 331 331 W System : No Compatibility callbacks set! Querying change 247079863
04-15 17:03:39.411 331 331 W System : No Compatibility callbacks set! Querying change 247079863
04-15 17:03:39.412 331 331 W System : No Compatibility callbacks set! Querying change 247079863
04-15 17:03:39.412 331 331 W System : No Compatibility callbacks set! Querying change 247079863
04-15 17:03:39.413 331 331 W System : No Compatibility callbacks set! Querying change 247079863
04-15 17:03:39.414 331 331 W System : No Compatibility callbacks set! Querying change 247079863
04-15 17:03:39.415 331 331 W System : No Compatibility callbacks set! Querying change 247079863
04-15 17:03:39.416 331 331 W System : No Compatibility callbacks set! Querying change 247079863
04-15 17:03:39.417 331 331 W System : No Compatibility callbacks set! Querying change 247079863
04-15 17:03:39.417 331 331 W System : No Compatibility callbacks set! Querying change 247079863
04-15 17:03:39.418 331 331 W System : No Compatibility callbacks set! Querying change 247079863
04-15 17:03:39.418 331 331 W System : No Compatibility callbacks set! Querying change 247079863
04-15 17:03:39.419 331 331 W System : No Compatibility callbacks set! Querying change 247079863
04-15 17:03:39.419 331 331 W System : No Compatibility callbacks set! Querying change 247079863
04-15 17:03:39.421 331 331 W System : No Compatibility callbacks set! Querying change 247079863
04-15 17:03:39.421 331 331 W System : No Compatibility callbacks set! Querying change 247079863
04-15 17:03:39.422 331 331 W System : No Compatibility callbacks set! Querying change 247079863
04-15 17:03:39.422 331 331 W System : No Compatibility callbacks set! Querying change 247079863
04-15 17:03:39.423 331 331 W System : No Compatibility callbacks set! Querying change 247079863
04-15 17:03:39.424 331 331 W System : No Compatibility callbacks set! Querying change 247079863
04-15 17:03:39.425 331 331 W System : No Compatibility callbacks set! Querying change 247079863
04-15 17:03:39.426 331 331 W System : No Compatibility callbacks set! Querying change 247079863
04-15 17:03:39.426 331 331 W System : No Compatibility callbacks set! Querying change 247079863
04-15 17:03:39.427 331 331 W System : No Compatibility callbacks set! Querying change 247079863
04-15 17:03:39.428 331 331 W System : No Compatibility callbacks set! Querying change 247079863
04-15 17:03:39.429 331 331 W System : No Compatibility callbacks set! Querying change 247079863
04-15 17:03:39.430 331 331 W System : No Compatibility callbacks set! Querying change 247079863
04-15 17:03:39.430 331 331 W System : No Compatibility callbacks set! Querying change 247079863
04-15 17:03:39.431 331 331 W System : No Compatibility callbacks set! Querying change 247079863
04-15 17:03:39.432 331 331 W System : No Compatibility callbacks set! Querying change 247079863
04-15 17:03:39.433 331 331 W System : No Compatibility callbacks set! Querying change 247079863
04-15 17:03:39.434 331 331 W System : No Compatibility callbacks set! Querying change 247079863
04-15 17:03:39.435 331 331 W System : No Compatibility callbacks set! Querying change 247079863
04-15 17:03:39.436 331 331 W System : No Compatibility callbacks set! Querying change 247079863
04-15 17:03:39.437 331 331 W System : No Compatibility callbacks set! Querying change 247079863
04-15 17:03:39.437 331 331 W System : No Compatibility callbacks set! Querying change 247079863
04-15 17:03:39.438 331 331 W System : No Compatibility callbacks set! Querying change 247079863
04-15 17:03:39.439 331 331 W System : No Compatibility callbacks set! Querying change 247079863
04-15 17:03:39.439 331 331 W System : No Compatibility callbacks set! Querying change 247079863
04-15 17:03:39.440 331 331 W System : No Compatibility callbacks set! Querying change 247079863
04-15 17:03:39.441 331 331 W System : No Compatibility callbacks set! Querying change 247079863
04-15 17:03:39.441 331 331 W System : No Compatibility callbacks set! Querying change 247079863
04-15 17:03:39.442 331 331 W System : No Compatibility callbacks set! Querying change 247079863
04-15 17:03:39.443 331 331 W System : No Compatibility callbacks set! Querying change 247079863
04-15 17:03:39.444 331 331 W System : No Compatibility callbacks set! Querying change 247079863
04-15 17:03:39.445 331 331 W System : No Compatibility callbacks set! Querying change 247079863
04-15 17:03:39.445 331 331 W System : No Compatibility callbacks set! Querying change 247079863
04-15 17:03:39.446 331 331 W System : No Compatibility callbacks set! Querying change 247079863
04-15 17:03:39.447 331 331 W System : No Compatibility callbacks set! Querying change 247079863
04-15 17:03:39.447 331 331 W System : No Compatibility callbacks set! Querying change 247079863
04-15 17:03:39.448 331 331 W System : No Compatibility callbacks set! Querying change 247079863
04-15 17:03:39.449 331 331 W System : No Compatibility callbacks set! Querying change 247079863
04-15 17:03:39.450 331 331 W System : No Compatibility callbacks set! Querying change 247079863
04-15 17:03:39.450 331 331 W System : No Compatibility callbacks set! Querying change 247079863
04-15 17:03:39.451 331 331 W System : No Compatibility callbacks set! Querying change 247079863
04-15 17:03:39.452 331 331 W System : No Compatibility callbacks set! Querying change 247079863
04-15 17:03:39.453 331 331 W System : No Compatibility callbacks set! Querying change 247079863
04-15 17:03:39.453 331 331 W System : No Compatibility callbacks set! Querying change 247079863
04-15 17:03:39.454 331 331 W System : No Compatibility callbacks set! Querying change 247079863
04-15 17:03:39.455 331 331 W System : No Compatibility callbacks set! Querying change 247079863
04-15 17:03:39.455 331 331 W System : No Compatibility callbacks set! Querying change 247079863
04-15 17:03:39.457 331 331 W System : No Compatibility callbacks set! Querying change 247079863
04-15 17:03:39.457 331 331 W System : No Compatibility callbacks set! Querying change 247079863
