04-15 17:02:59.600 0 0 I device-mapper: verity: sha256 using implementation "sha256-ssse3"
04-15 17:02:59.659 0 0 I EXT4-fs (dm-18): mounted filesystem without journal. Quota mode: none.
04-15 17:02:59.659 0 0 I apexd : Successfully mounted package /data/apex/decompressed/com.android.media.swcodec@342090000.decompressed.apex on /apex/com.android.media.swcodec@342090000 duration=1735
04-15 17:02:59.795 0 0 I loop25 : detected capacity change from 0 to 36000
04-15 17:02:59.815 0 0 I device-mapper: verity: sha256 using implementation "sha256-ssse3"
04-15 17:02:59.874 0 0 I EXT4-fs (dm-28): mounted filesystem without journal. Quota mode: none.
04-15 17:02:59.875 0 0 I apexd : Successfully mounted package /data/apex/decompressed/com.android.tethering@342090000.decompressed.apex on /apex/com.android.tethering@342090000 duration=1950
04-15 17:02:59.930 0 0 I loop26 : detected capacity change from 0 to 19784
04-15 17:02:59.957 0 0 I device-mapper: verity: sha256 using implementation "sha256-ssse3"
04-15 17:03:00.007 0 0 I EXT4-fs (dm-24): mounted filesystem without journal. Quota mode: none.
04-15 17:03:00.007 0 0 I apexd : Successfully mounted package /data/apex/decompressed/com.android.mediaprovider@342090000.decompressed.apex on /apex/com.android.mediaprovider@342090000 duration=2081
04-15 17:03:00.021 0 0 I loop27 : detected capacity change from 0 to 7696
04-15 17:03:00.050 0 0 I device-mapper: verity: sha256 using implementation "sha256-ssse3"
04-15 17:03:00.119 0 0 I EXT4-fs (dm-9): mounted filesystem without journal. Quota mode: none.
04-15 17:03:00.120 0 0 I apexd : Successfully mounted package /data/apex/decompressed/com.android.uwb@342090000.decompressed.apex on /apex/com.android.uwb@342090000 duration=2195
04-15 17:03:00.179 0 0 I loop28 : detected capacity change from 0 to 19224
04-15 17:03:00.209 0 0 I device-mapper: verity: sha256 using implementation "sha256-ssse3"
04-15 17:03:00.214 0 0 I loop29 : detected capacity change from 0 to 1624
04-15 17:03:00.267 0 0 I loop30 : detected capacity change from 0 to 536
04-15 17:03:00.295 0 0 I device-mapper: verity: sha256 using implementation "sha256-ssse3"
04-15 17:03:00.301 0 0 I EXT4-fs (dm-10): mounted filesystem without journal. Quota mode: none.
04-15 17:03:00.301 0 0 I apexd : Successfully mounted package /data/apex/decompressed/com.android.extservices@342090000.decompressed.apex on /apex/com.android.extservices@342090000 duration=2376
04-15 17:03:00.343 0 0 I device-mapper: verity: sha256 using implementation "sha256-ssse3"
04-15 17:03:00.349 0 0 I EXT4-fs (dm-7): mounted filesystem without journal. Quota mode: none.
04-15 17:03:00.350 0 0 I apexd : Successfully mounted package /data/apex/decompressed/com.android.ipsec@342090000.decompressed.apex on /apex/com.android.ipsec@342090000 duration=2419
04-15 17:03:00.389 0 0 I EXT4-fs (dm-13): mounted filesystem without journal. Quota mode: none.
04-15 17:03:00.391 0 0 I apexd : Successfully mounted package /data/apex/decompressed/com.android.scheduling@342090000.decompressed.apex on /apex/com.android.scheduling@342090000 duration=2465
04-15 17:03:00.408 0 0 I loop31 : detected capacity change from 0 to 8872
04-15 17:03:00.428 0 0 I device-mapper: verity: sha256 using implementation "sha256-ssse3"
04-15 17:03:00.457 0 0 I EXT4-fs (dm-15): mounted filesystem without journal. Quota mode: none.
04-15 17:03:00.458 0 0 I apexd : Successfully mounted package /data/apex/decompressed/com.android.conscrypt@342090000.decompressed.apex on /apex/com.android.conscrypt@342090000 duration=2532
04-15 17:03:00.518 0 0 I loop32 : detected capacity change from 0 to 17152
04-15 17:03:00.538 0 0 I device-mapper: verity: sha256 using implementation "sha256-ssse3"
04-15 17:03:00.594 0 0 I EXT4-fs (dm-34): mounted filesystem without journal. Quota mode: none.
04-15 17:03:00.594 0 0 I apexd : Successfully mounted package /data/apex/decompressed/com.android.wifi@342090000.decompressed.apex on /apex/com.android.wifi@342090000 duration=2672
04-15 17:03:00.599 0 0 I loop33 : detected capacity change from 0 to 9104
04-15 17:03:00.614 0 0 I loop34 : detected capacity change from 0 to 536
04-15 17:03:00.628 0 0 I device-mapper: verity: sha256 using implementation "sha256-ssse3"
04-15 17:03:00.651 0 0 I EXT4-fs (dm-12): mounted filesystem without journal. Quota mode: none.
04-15 17:03:00.651 0 0 I apexd : Successfully mounted package /data/apex/decompressed/com.android.resolv@342090000.decompressed.apex on /apex/com.android.resolv@342090000 duration=2719
04-15 17:03:00.659 0 0 I device-mapper: verity: sha256 using implementation "sha256-ssse3"
04-15 17:03:00.693 0 0 I loop35 : detected capacity change from 0 to 4600
04-15 17:03:00.701 0 0 I EXT4-fs (dm-11): mounted filesystem without journal. Quota mode: none.
04-15 17:03:00.701 0 0 I apexd : Successfully mounted package /data/apex/decompressed/com.android.configinfrastructure@342090000.decompressed.apex on /apex/com.android.configinfrastructure@342090000 duration=2769
04-15 17:03:00.712 0 0 I device-mapper: verity: sha256 using implementation "sha256-ssse3"
04-15 17:03:00.739 0 0 I EXT4-fs (dm-6): mounted filesystem without journal. Quota mode: none.
04-15 17:03:00.739 0 0 I apexd : Successfully mounted package /data/apex/decompressed/com.android.ondevicepersonalization@342090000.decompressed.apex on /apex/com.android.ondevicepersonalization@342090000 duration=2803
04-15 17:03:00.746 0 0 I apexd : Activated 32 packages.
04-15 17:03:00.747 0 0 I apexd : OnStart done, duration=8687
04-15 17:03:00.748 0 0 I AidlLazyServiceRegistrar: Registering service apexservice
04-15 17:03:00.865 0 0 I apexd : Marking APEXd as activated
04-15 17:03:00.868 0 0 I init : Wait for property 'apexd.status=activated' took 8126ms
04-15 17:03:00.959 0 0 I init : Parsing file /apex/com.android.adbd/etc/init.rc...
04-15 17:03:00.960 0 0 I init : Parsing file /apex/com.android.art/etc/init.rc...
04-15 17:03:00.961 0 0 I init : Parsing file /apex/com.android.media.swcodec/etc/mediaswcodec.32rc...
04-15 17:03:00.962 0 0 I init : Parsing file /apex/com.android.media/etc/mediatranscoding.32rc...
04-15 17:03:00.963 0 0 I init : Parsing file /apex/com.android.os.statsd/etc/init.rc...
04-15 17:03:00.964 0 0 I init : Parsing file /apex/com.android.sdkext/etc/derive_classpath.rc...
04-15 17:03:00.965 0 0 I init : Parsing file /apex/com.android.sdkext/etc/derive_sdk.rc...
04-15 17:03:01.272 0 0 I init : linkerconfig generated /linkerconfig with mounted APEX modules info
04-15 17:03:01.272 0 0 I init : Command 'perform_apex_config' action=post-fs-data (/system/etc/init/hw/init.rc:1010) took 403ms and succeeded
04-15 17:03:01.276 0 0 I init : Encryption policy of /data/bootanim set to 6e1f08607dfc6344cc21c398d57b65c2 v2 modes 1/4 flags 0x2
04-15 17:03:01.280 0 0 I init : starting service 'derive_sdk'...
04-15 17:03:01.325 0 0 I init : ... started service 'derive_sdk' has pid 294
04-15 17:03:01.325 0 0 I init : SVC_EXEC service 'derive_sdk' pid 294 (uid 9999 gid 9999+0 context default) started; waiting...
04-15 17:03:01.430 294 294 I derive_sdk: Read version 7 from 13
04-15 17:03:01.439 294 294 I derive_sdk: Read version 7 from 15
04-15 17:03:01.448 294 294 I derive_sdk: Read version 7 from 10
04-15 17:03:01.450 294 294 I derive_sdk: Read version 7 from 9
04-15 17:03:01.451 294 294 I derive_sdk: Read version 7 from 1
04-15 17:03:01.457 294 294 I derive_sdk: Read version 7 from 14
04-15 17:03:01.459 294 294 I derive_sdk: Read version 7 from 3
04-15 17:03:01.460 294 294 I derive_sdk: Read version 7 from 7
04-15 17:03:01.462 294 294 I derive_sdk: Read version 7 from 11
04-15 17:03:01.463 294 294 I derive_sdk: Read version 7 from 2
04-15 17:03:01.464 294 294 I derive_sdk: Read version 7 from 4
04-15 17:03:01.465 294 294 I derive_sdk: Read version 7 from 8
04-15 17:03:01.466 294 294 I derive_sdk: Read version 7 from 12
04-15 17:03:01.467 294 294 W derive_sdk: Found sdkinfo in unexpected apex com.android.devicelock
04-15 17:03:01.468 294 294 I derive_sdk: Read version 7 from 6
04-15 17:03:01.469 294 294 I derive_sdk: Read version 7 from 5
04-15 17:03:01.470 294 294 I derive_sdk: Read version 7 from 16
04-15 17:03:01.471 294 294 I derive_sdk: extension r version is 7
04-15 17:03:01.475 294 294 I derive_sdk: extension s version is 7
04-15 17:03:01.477 294 294 I derive_sdk: extension t version is 7
04-15 17:03:01.478 294 294 I derive_sdk: extension u version is 7
04-15 17:03:01.479 294 294 I derive_sdk: extension ad_services version is 7
04-15 17:03:01.494 0 0 I init : Service 'derive_sdk' (pid 294) exited with status 0 waiting took 0.208000 seconds
04-15 17:03:01.495 0 0 I init : Sending signal 9 to service 'derive_sdk' (pid 294) process group...
04-15 17:03:01.495 0 0 I libprocessgroup: Successfully killed process cgroup uid 9999 pid 294 in 0ms
04-15 17:03:01.499 0 0 I init : starting service 'exec 10 (/system/bin/vdc --wait cryptfs init_user0)'...
04-15 17:03:01.520 0 0 I init : ... started service 'exec 10 (/system/bin/vdc --wait cryptfs init_user0)' has pid 295
04-15 17:03:01.520 0 0 I init : SVC_EXEC service 'exec 10 (/system/bin/vdc --wait cryptfs init_user0)' pid 295 (uid 0 gid 0+0 context default) started; waiting...
04-15 17:03:01.616 0 0 D vdc : Waited 0ms for vold
04-15 17:03:01.606 144 144 D vold : fscrypt_init_user0
04-15 17:03:01.606 144 144 D vold : Preparing: /data/misc/vold/user_keys
04-15 17:03:01.618 144 144 D vold : Preparing: /data/misc/vold/user_keys/ce
04-15 17:03:01.619 144 144 D vold : Preparing: /data/misc/vold/user_keys/de
04-15 17:03:01.621 144 144 D vold : Generating standard storage key
04-15 17:03:01.633 144 144 D vold : Generating "key storage" key
04-15 17:03:01.635 156 156 E keystore2: system/security/keystore2/src/error.rs:180 - system/security/keystore2/src/security_level.rs:622
04-15 17:03:01.635 156 156 E keystore2:
04-15 17:03:01.635 156 156 E keystore2: Caused by:
04-15 17:03:01.635 156 156 E keystore2: 0: system/security/keystore2/src/security_level.rs:620: While generating Key without explicit attestation key.
04-15 17:03:01.635 156 156 E keystore2: 1: Error::Km(r#ROLLBACK_RESISTANCE_UNAVAILABLE)
04-15 17:03:01.635 144 144 E vold : keystore2 Keystore generateKey returned service specific error: -67
04-15 17:03:01.636 144 144 W vold : Failed to generate rollback-resistant key. This is expected if keystore doesn't support rollback resistance. Falling back to non-rollback-resistant key.
04-15 17:03:01.646 0 0 E vold : keystore2 Keystore generateKey returned service specific error: -67
04-15 17:03:01.647 0 0 W vold : Failed to generate rollback-resistant key. This is expected if keystore doesn't support rollback resistance. Falling back to non-rollback-resistant key.
04-15 17:03:01.656 144 144 D vold : Stored key /data/misc/vold/user_keys/de/0
04-15 17:03:01.657 144 144 D vold : Installed fscrypt key with ref 5401b6d6b01ac2bbdf545edf5229b6e6 to /data
04-15 17:03:01.657 144 144 D vold : Added fscrypt-provisioning key for 5401b6d6b01ac2bbdf545edf5229b6e6 to session keyring
04-15 17:03:01.658 144 144 I vold : Created DE key for user 0
04-15 17:03:01.658 144 144 D vold : Generating standard storage key
04-15 17:03:01.658 144 144 D vold : Preparing: /data/misc/vold/user_keys/ce/0
04-15 17:03:01.661 144 144 D vold : Installed fscrypt key with ref ba5f9b5732be32362ab4dd6ed9e5816a to /data
04-15 17:03:01.661 144 144 D vold : Added fscrypt-provisioning key for ba5f9b5732be32362ab4dd6ed9e5816a to session keyring
04-15 17:03:01.661 144 144 I vold : Created CE key for user 0
04-15 17:03:01.673 144 144 D vold : Installed fscrypt key with ref 5401b6d6b01ac2bbdf545edf5229b6e6 to /data
04-15 17:03:01.674 144 144 D vold : Added fscrypt-provisioning key for 5401b6d6b01ac2bbdf545edf5229b6e6 to session keyring
04-15 17:03:01.674 144 144 D vold : Installed de key for user 0
04-15 17:03:01.674 144 144 D vold : Preparing: /data/data
04-15 17:03:01.678 144 144 I vold : Encryption policy of /data/data set to ba5f9b5732be32362ab4dd6ed9e5816a v2 modes 1/4 flags 0x2
04-15 17:03:01.678 144 144 D vold : Preparing: /data/user/0
04-15 17:03:01.680 144 144 D vold : Preparing: /data/media/obb
04-15 17:03:01.682 144 144 I vold : Encryption policy of /data/media/obb set to 6e1f08607dfc6344cc21c398d57b65c2 v2 modes 1/4 flags 0x2
04-15 17:03:01.682 144 144 D vold : fscrypt_prepare_user_storage for volume null, user 0, serial 0, flags 1
04-15 17:03:01.683 144 144 D vold : Preparing: /data/system/users/0
04-15 17:03:01.688 144 144 D vold : Preparing: /data/misc/profiles/cur/0
04-15 17:03:01.689 144 144 D vold : Preparing: /data/system_de/0
04-15 17:03:01.690 144 144 I vold : Encryption policy of /data/system_de/0 set to 5401b6d6b01ac2bbdf545edf5229b6e6 v2 modes 1/4 flags 0x2
04-15 17:03:01.691 144 144 D vold : Preparing: /data/vendor_de/0
04-15 17:03:01.696 144 144 I vold : Encryption policy of /data/vendor_de/0 set to 5401b6d6b01ac2bbdf545edf5229b6e6 v2 modes 1/4 flags 0x2
04-15 17:03:01.696 144 144 D vold : Preparing: /data/misc_de/0
04-15 17:03:01.698 144 144 I vold : Encryption policy of /data/misc_de/0 set to 5401b6d6b01ac2bbdf545edf5229b6e6 v2 modes 1/4 flags 0x2
04-15 17:03:01.698 144 144 D vold : Preparing: /data/user_de/0
04-15 17:03:01.699 144 144 I vold : Encryption policy of /data/user_de/0 set to 5401b6d6b01ac2bbdf545edf5229b6e6 v2 modes 1/4 flags 0x2
04-15 17:03:01.699 144 144 D vold : /system/bin/vold_prepare_subdirs
04-15 17:03:01.699 144 144 D vold : prepare
04-15 17:03:01.699 144 144 D vold :
04-15 17:03:01.699 144 144 D vold : 0
04-15 17:03:01.699 144 144 D vold : 1
04-15 17:03:01.819 296 296 D vold_prepare_subdirs: Setting up mode 771 uid 1000 gid 1000 context u:object_r:system_data_file:s0:c512,c768 on path: /data/user_de/0
04-15 17:03:01.821 296 296 I vold_prepare_subdirs: Relabelling from u:object_r:system_data_file:s0 to u:object_r:system_data_file:s0:c512,c768: /data/user_de/0
04-15 17:03:01.823 296 296 D vold_prepare_subdirs: Setting up mode 771 uid 1000 gid 1000 context u:object_r:sdk_sandbox_system_data_file:s0:c512,c768 on path: /data/misc_de/0/sdksandbox
04-15 17:03:01.825 296 296 D vold_prepare_subdirs: Setting up mode 700 uid 0 gid 0 context u:object_r:vold_data_file:s0 on path: /data/misc_de/0/vold
04-15 17:03:01.827 296 296 D vold_prepare_subdirs: Setting up mode 700 uid 0 gid 0 context u:object_r:storaged_data_file:s0 on path: /data/misc_de/0/storaged
04-15 17:03:01.829 296 296 D vold_prepare_subdirs: Setting up mode 700 uid 0 gid 0 context u:object_r:rollback_data_file:s0 on path: /data/misc_de/0/rollback
04-15 17:03:01.831 296 296 D vold_prepare_subdirs: Setting up mode 700 uid 0 gid 0 context u:object_r:apex_rollback_data_file:s0 on path: /data/misc_de/0/apexrollback
04-15 17:03:01.832 296 296 D vold_prepare_subdirs: Setting up mode 711 uid 0 gid 0 context u:object_r:apex_module_data_file:s0 on path: /data/misc_de/0/apexdata
04-15 17:03:01.834 296 296 D vold_prepare_subdirs: Setting up mode 771 uid 0 gid 1000 context u:object_r:apex_module_data_file:s0 on path: /data/misc_de/0/apexdata/com.android.ondevicepersonalization
04-15 17:03:01.836 296 296 D vold_prepare_subdirs: Setting up mode 771 uid 0 gid 1000 context u:object_r:apex_module_data_file:s0 on path: /data/misc_de/0/apexdata/com.android.configinfrastructure
04-15 17:03:01.837 296 296 D vold_prepare_subdirs: Setting up mode 771 uid 0 gid 1000 context u:object_r:apex_module_data_file:s0 on path: /data/misc_de/0/apexdata/com.android.resolv
04-15 17:03:01.838 296 296 D vold_prepare_subdirs: Setting up mode 771 uid 0 gid 1000 context u:object_r:apex_system_server_data_file:s0 on path: /data/misc_de/0/apexdata/com.android.wifi
04-15 17:03:01.840 296 296 D vold_prepare_subdirs: Setting up mode 771 uid 0 gid 1000 context u:object_r:apex_module_data_file:s0 on path: /data/misc_de/0/apexdata/com.android.conscrypt
04-15 17:03:01.842 296 296 D vold_prepare_subdirs: Setting up mode 771 uid 0 gid 1000 context u:object_r:apex_module_data_file:s0 on path: /data/misc_de/0/apexdata/com.android.scheduling
04-15 17:03:01.843 296 296 D vold_prepare_subdirs: Setting up mode 771 uid 0 gid 1000 context u:object_r:apex_module_data_file:s0 on path: /data/misc_de/0/apexdata/com.android.ipsec
04-15 17:03:01.845 296 296 D vold_prepare_subdirs: Setting up mode 771 uid 0 gid 1000 context u:object_r:apex_module_data_file:s0 on path: /data/misc_de/0/apexdata/com.android.extservices
04-15 17:03:01.846 296 296 D vold_prepare_subdirs: Setting up mode 771 uid 0 gid 1000 context u:object_r:apex_system_server_data_file:s0 on path: /data/misc_de/0/apexdata/com.android.uwb
04-15 17:03:01.847 296 296 D vold_prepare_subdirs: Setting up mode 771 uid 0 gid 1000 context u:object_r:apex_module_data_file:s0 on path: /data/misc_de/0/apexdata/com.android.mediaprovider
04-15 17:03:01.849 296 296 D vold_prepare_subdirs: Setting up mode 771 uid 0 gid 1000 context u:object_r:apex_module_data_file:s0 on path: /data/misc_de/0/apexdata/com.android.tethering
04-15 17:03:01.850 296 296 D vold_prepare_subdirs: Setting up mode 771 uid 0 gid 1000 context u:object_r:apex_module_data_file:s0 on path: /data/misc_de/0/apexdata/com.android.media.swcodec
04-15 17:03:01.851 296 296 D vold_prepare_subdirs: Setting up mode 771 uid 0 gid 1000 context u:object_r:apex_module_data_file:s0 on path: /data/misc_de/0/apexdata/com.android.neuralnetworks
04-15 17:03:01.853 296 296 D vold_prepare_subdirs: Setting up mode 771 uid 0 gid 1000 context u:object_r:apex_module_data_file:s0 on path: /data/misc_de/0/apexdata/com.android.adbd
04-15 17:03:01.854 296 296 D vold_prepare_subdirs: Setting up mode 771 uid 0 gid 1000 context u:object_r:apex_module_data_file:s0 on path: /data/misc_de/0/apexdata/com.android.adservices
04-15 17:03:01.856 296 296 D vold_prepare_subdirs: Setting up mode 771 uid 0 gid 1000 context u:object_r:apex_module_data_file:s0 on path: /data/misc_de/0/apexdata/com.android.media
04-15 17:03:01.858 296 296 D vold_prepare_subdirs: Setting up mode 771 uid 0 gid 1000 context u:object_r:apex_system_server_data_file:s0 on path: /data/misc_de/0/apexdata/com.android.permission
04-15 17:03:01.859 296 296 D vold_prepare_subdirs: Setting up mode 771 uid 0 gid 1000 context u:object_r:apex_module_data_file:s0 on path: /data/misc_de/0/apexdata/com.android.art
04-15 17:03:01.860 296 296 D vold_prepare_subdirs: Setting up mode 771 uid 0 gid 1000 context u:object_r:apex_module_data_file:s0 on path: /data/misc_de/0/apexdata/com.android.apex.cts.shim
04-15 17:03:01.862 296 296 D vold_prepare_subdirs: Setting up mode 771 uid 0 gid 1000 context u:object_r:apex_module_data_file:s0 on path: /data/misc_de/0/apexdata/com.android.virt
04-15 17:03:01.863 296 296 D vold_prepare_subdirs: Setting up mode 771 uid 0 gid 1000 context u:object_r:apex_module_data_file:s0 on path: /data/misc_de/0/apexdata/com.android.appsearch
04-15 17:03:01.864 296 296 D vold_prepare_subdirs: Setting up mode 771 uid 0 gid 1000 context u:object_r:apex_module_data_file:s0 on path: /data/misc_de/0/apexdata/com.android.cellbroadcast
04-15 17:03:01.866 296 296 D vold_prepare_subdirs: Setting up mode 771 uid 0 gid 1000 context u:object_r:apex_module_data_file:s0 on path: /data/misc_de/0/apexdata/com.android.devicelock
04-15 17:03:01.867 296 296 D vold_prepare_subdirs: Setting up mode 771 uid 0 gid 1000 context u:object_r:apex_module_data_file:s0 on path: /data/misc_de/0/apexdata/com.android.os.statsd
04-15 17:03:01.868 296 296 D vold_prepare_subdirs: Setting up mode 771 uid 0 gid 1000 context u:object_r:apex_module_data_file:s0 on path: /data/misc_de/0/apexdata/com.android.sdkext
04-15 17:03:01.870 296 296 D vold_prepare_subdirs: Setting up mode 771 uid 0 gid 1000 context u:object_r:apex_module_data_file:s0 on path: /data/misc_de/0/apexdata/com.android.healthfitness
04-15 17:03:01.871 296 296 D vold_prepare_subdirs: Setting up mode 771 uid 0 gid 1000 context u:object_r:apex_module_data_file:s0 on path: /data/misc_de/0/apexdata/com.android.rkpd
04-15 17:03:01.872 296 296 D vold_prepare_subdirs: Setting up mode 771 uid 0 gid 1000 context u:object_r:apex_module_data_file:s0 on path: /data/misc_de/0/apexdata/com.android.btservices
04-15 17:03:01.874 296 296 D vold_prepare_subdirs: Setting up mode 771 uid 0 gid 1000 context u:object_r:apex_module_data_file:s0 on path: /data/misc_de/0/apexdata/com.android.i18n
04-15 17:03:01.875 296 296 D vold_prepare_subdirs: Setting up mode 771 uid 0 gid 1000 context u:object_r:apex_module_data_file:s0 on path: /data/misc_de/0/apexdata/com.android.vndk.v34
04-15 17:03:01.876 296 296 D vold_prepare_subdirs: Setting up mode 771 uid 0 gid 1000 context u:object_r:apex_module_data_file:s0 on path: /data/misc_de/0/apexdata/com.android.tzdata
04-15 17:03:01.877 296 296 D vold_prepare_subdirs: Setting up mode 771 uid 0 gid 1000 context u:object_r:apex_module_data_file:s0 on path: /data/misc_de/0/apexdata/com.android.runtime
04-15 17:03:01.878 296 296 D vold_prepare_subdirs: Setting up mode 771 uid 0 gid 1000 context u:object_r:apex_module_data_file:s0 on path: /data/misc_de/0/apexdata/sharedlibs
04-15 17:03:01.880 296 296 D vold_prepare_subdirs: Setting up mode 771 uid 1000 gid 1000 context u:object_r:user_profile_root_file:s0:c512,c768 on path: /data/misc/profiles/cur/0
04-15 17:03:01.881 296 296 I vold_prepare_subdirs: Relabelling from u:object_r:user_profile_root_file:s0 to u:object_r:user_profile_root_file:s0:c512,c768: /data/misc/profiles/cur/0
04-15 17:03:01.881 296 296 D vold_prepare_subdirs: Setting up mode 700 uid 1000 gid 1000 context u:object_r:fingerprint_vendor_data_file:s0 on path: /data/vendor_de/0/fpdata
04-15 17:03:01.883 296 296 D vold_prepare_subdirs: Setting up mode 700 uid 1000 gid 1000 context u:object_r:face_vendor_data_file:s0 on path: /data/vendor_de/0/facedata
04-15 17:03:01.887 144 144 D vold : Detected support for FS_IOC_ADD_ENCRYPTION_KEY
04-15 17:03:01.890 144 144 D vold : Installing fscrypt-provisioning key for ba5f9b5732be32362ab4dd6ed9e5816a back into /data fs-keyring
04-15 17:03:01.907 0 0 I init : Service 'exec 10 (/system/bin/vdc --wait cryptfs init_user0)' (pid 295) exited with status 0 waiting took 0.402000 seconds
04-15 17:03:01.907 0 0 I init : Sending signal 9 to service 'exec 10 (/system/bin/vdc --wait cryptfs init_user0)' (pid 295) process group...
04-15 17:03:01.908 0 0 I libprocessgroup: Successfully killed process cgroup uid 0 pid 295 in 0ms
04-15 17:03:02.154 0 0 I selinux : SELinux: Skipping restorecon on directory(/data/system/shutdown-checkpoints)
04-15 17:03:02.266 0 0 I init : Command 'restorecon --recursive --skip-ce /data' action=post-fs-data (/system/etc/init/hw/init.rc:1020) took 357ms and succeeded
04-15 17:03:02.267 0 0 I init : starting service 'derive_classpath'...
04-15 17:03:02.298 0 0 I init : ... started service 'derive_classpath' has pid 298
04-15 17:03:02.298 0 0 I init : SVC_EXEC service 'derive_classpath' pid 298 (uid 1000 gid 1000+1 context default) started; waiting...
04-15 17:03:02.355 298 298 I derive_classpath: ParseFragments for bootclasspath
04-15 17:03:02.382 298 298 I derive_classpath: ReadClasspathFragment /apex/com.android.art/etc/classpaths/bootclasspath.pb
04-15 17:03:02.384 298 298 I derive_classpath: ReadClasspathFragment /system/etc/classpaths/bootclasspath.pb
04-15 17:03:02.385 298 298 I derive_classpath: ReadClasspathFragment /apex/com.android.adservices/etc/classpaths/bootclasspath.pb
04-15 17:03:02.386 298 298 I derive_classpath: ReadClasspathFragment /apex/com.android.appsearch/etc/classpaths/bootclasspath.pb
04-15 17:03:02.387 298 298 I derive_classpath: ReadClasspathFragment /apex/com.android.btservices/etc/classpaths/bootclasspath.pb
04-15 17:03:02.388 298 298 I derive_classpath: ReadClasspathFragment /apex/com.android.configinfrastructure/etc/classpaths/bootclasspath.pb
04-15 17:03:02.389 298 298 I derive_classpath: ReadClasspathFragment /apex/com.android.conscrypt/etc/classpaths/bootclasspath.pb
04-15 17:03:02.390 298 298 I derive_classpath: ReadClasspathFragment /apex/com.android.devicelock/etc/classpaths/bootclasspath.pb
04-15 17:03:02.391 298 298 I derive_classpath: ReadClasspathFragment /apex/com.android.healthfitness/etc/classpaths/bootclasspath.pb
04-15 17:03:02.392 298 298 I derive_classpath: ReadClasspathFragment /apex/com.android.ipsec/etc/classpaths/bootclasspath.pb
04-15 17:03:02.392 298 298 I derive_classpath: ReadClasspathFragment /apex/com.android.media/etc/classpaths/bootclasspath.pb
04-15 17:03:02.393 298 298 I derive_classpath: ReadClasspathFragment /apex/com.android.mediaprovider/etc/classpaths/bootclasspath.pb
04-15 17:03:02.394 298 298 I derive_classpath: ReadClasspathFragment /apex/com.android.ondevicepersonalization/etc/classpaths/bootclasspath.pb
04-15 17:03:02.395 298 298 I derive_classpath: ReadClasspathFragment /apex/com.android.os.statsd/etc/classpaths/bootclasspath.pb
04-15 17:03:02.396 298 298 I derive_classpath: ReadClasspathFragment /apex/com.android.permission/etc/classpaths/bootclasspath.pb
04-15 17:03:02.397 298 298 I derive_classpath: ReadClasspathFragment /apex/com.android.scheduling/etc/classpaths/bootclasspath.pb
04-15 17:03:02.397 298 298 I derive_classpath: ReadClasspathFragment /apex/com.android.sdkext/etc/classpaths/bootclasspath.pb
04-15 17:03:02.398 298 298 I derive_classpath: ReadClasspathFragment /apex/com.android.tethering/etc/classpaths/bootclasspath.pb
04-15 17:03:02.399 298 298 I derive_classpath: ReadClasspathFragment /apex/com.android.uwb/etc/classpaths/bootclasspath.pb
04-15 17:03:02.400 298 298 I derive_classpath: ReadClasspathFragment /apex/com.android.virt/etc/classpaths/bootclasspath.pb
04-15 17:03:02.401 298 298 I derive_classpath: ReadClasspathFragment /apex/com.android.wifi/etc/classpaths/bootclasspath.pb
04-15 17:03:02.401 298 298 I derive_classpath: ParseFragments for systemserverclasspath
04-15 17:03:02.407 298 298 I derive_classpath: ReadClasspathFragment /system/etc/classpaths/systemserverclasspath.pb
04-15 17:03:02.409 298 298 I derive_classpath: ReadClasspathFragment /apex/com.android.adservices/etc/classpaths/systemserverclasspath.pb
04-15 17:03:02.410 298 298 I derive_classpath: ReadClasspathFragment /apex/com.android.appsearch/etc/classpaths/systemserverclasspath.pb
04-15 17:03:02.410 298 298 I derive_classpath: ReadClasspathFragment /apex/com.android.art/etc/classpaths/systemserverclasspath.pb
04-15 17:03:02.411 298 298 I derive_classpath: ReadClasspathFragment /apex/com.android.btservices/etc/classpaths/systemserverclasspath.pb
04-15 17:03:02.412 298 298 I derive_classpath: ReadClasspathFragment /apex/com.android.configinfrastructure/etc/classpaths/systemserverclasspath.pb
04-15 17:03:02.413 298 298 I derive_classpath: ReadClasspathFragment /apex/com.android.devicelock/etc/classpaths/systemserverclasspath.pb
04-15 17:03:02.414 298 298 I derive_classpath: ReadClasspathFragment /apex/com.android.healthfitness/etc/classpaths/systemserverclasspath.pb
04-15 17:03:02.415 298 298 I derive_classpath: ReadClasspathFragment /apex/com.android.media/etc/classpaths/systemserverclasspath.pb
04-15 17:03:02.416 298 298 I derive_classpath: ReadClasspathFragment /apex/com.android.ondevicepersonalization/etc/classpaths/systemserverclasspath.pb
04-15 17:03:02.417 298 298 I derive_classpath: ReadClasspathFragment /apex/com.android.os.statsd/etc/classpaths/systemserverclasspath.pb
04-15 17:03:02.417 298 298 I derive_classpath: ReadClasspathFragment /apex/com.android.permission/etc/classpaths/systemserverclasspath.pb
04-15 17:03:02.418 298 298 I derive_classpath: ReadClasspathFragment /apex/com.android.rkpd/etc/classpaths/systemserverclasspath.pb
04-15 17:03:02.419 298 298 I derive_classpath: ReadClasspathFragment /apex/com.android.scheduling/etc/classpaths/systemserverclasspath.pb
04-15 17:03:02.420 298 298 I derive_classpath: ReadClasspathFragment /apex/com.android.tethering/etc/classpaths/systemserverclasspath.pb
04-15 17:03:02.421 298 298 I derive_classpath: ReadClasspathFragment /apex/com.android.uwb/etc/classpaths/systemserverclasspath.pb
04-15 17:03:02.421 298 298 I derive_classpath: ReadClasspathFragment /apex/com.android.wifi/etc/classpaths/systemserverclasspath.pb
04-15 17:03:02.422 298 298 I derive_classpath: WriteClasspathExports /data/system/environ/classpath
04-15 17:03:02.423 298 298 I derive_classpath: WriteClasspathExports content
04-15 17:03:02.423 298 298 I derive_classpath: export BOOTCLASSPATH /apex/com.android.art/javalib/core-oj.jar:/apex/com.android.art/javalib/core-libart.jar:/apex/com.android.art/javalib/okhttp.jar:/apex/com.android.art/javalib/bouncycastle.jar:/apex/com.android.art/javalib/apache-xml.jar:/system/framework/framework.jar:/system/framework/framework-graphics.jar:/system/framework/ext.jar:/system/framework/telephony-common.jar:/system/framework/voip-common.jar:/system/framework/ims-common.jar:/apex/com.android.i18n/javalib/core-icu4j.jar:/apex/com.android.adservices/javalib/framework-adservices.jar:/apex/com.android.adservices/javalib/framework-sdksandbox.jar:/apex/com.android.appsearch/javalib/framework-appsearch.jar:/apex/com.android.btservices/javalib/framework-bluetooth.jar:/apex/com.android.configinfrastructure/javalib/framework-configinfrastructure.jar:/apex/com.android.conscrypt/javalib/conscrypt.jar:/apex/com.android.devicelock/javalib/framework-devicelock.jar:/apex/com.android.healthfitness/javalib/framework-healthfitness.jar:/apex/com.android.ipsec/javalib/android.net.ipsec.ike.jar:/apex/com.android.media/javalib/updatable-media.jar:/apex/com.android.mediaprovider/javalib/framework-mediaprovider.jar:/apex/com.android.ondevicepersonalization/javalib/framework-ondevicepersonalization.jar:/apex/com.android.os.statsd/javalib/framework-statsd.jar:/apex/com.android.permission/javalib/framework-permission.jar:/apex/com.android.permission/javalib/framework-permission-s.jar:/apex/com.android.scheduling/javalib/framework-scheduling.jar:/apex/com.android.sdkext/javalib/framework-sdkextensions.jar:/apex/com.android.tethering/javalib/framework-connectivity.jar:/apex/com.android.tethering/javalib/framework-connectivity-t.jar:/apex/com.android.tethering/javalib/framework-tethering.jar:/apex/com.android.uwb/javalib/framework-uwb.jar:/apex/com.android.virt/javalib/framework-virtualization.jar:/apex/com.android.wifi/javalib/framework-wifi.jar
04-15 17:03:02.423 298 298 I derive_classpath: export DEX2OATBOOTCLASSPATH /apex/com.android.art/javalib/core-oj.jar:/apex/com.android.art/javalib/core-libart.jar:/apex/com.android.art/javalib/okhttp.jar:/apex/com.android.art/javalib/bouncycastle.jar:/apex/com.android.art/javalib/apache-xml.jar:/system/framework/framework.jar:/system/framework/framework-graphics.jar:/system/framework/ext.jar:/system/framework/telephony-common.jar:/system/framework/voip-common.jar:/system/framework/ims-common.jar:/apex/com.android.i18n/javalib/core-icu4j.jar
04-15 17:03:02.423 298 298 I derive_classpath: export SYSTEMSERVERCLASSPATH /system/framework/com.android.location.provider.jar:/system/framework/services.jar:/apex/com.android.adservices/javalib/service-adservices.jar:/apex/com.android.adservices/javalib/service-sdksandbox.jar:/apex/com.android.appsearch/javalib/service-appsearch.jar:/apex/com.android.art/javalib/service-art.jar:/apex/com.android.configinfrastructure/javalib/service-configinfrastructure.jar:/apex/com.android.healthfitness/javalib/service-healthfitness.jar:/apex/com.android.media/javalib/service-media-s.jar:/apex/com.android.ondevicepersonalization/javalib/service-ondevicepersonalization.jar:/apex/com.android.permission/javalib/service-permission.jar:/apex/com.android.rkpd/javalib/service-rkp.jar
04-15 17:03:02.423 298 298 I derive_classpath: export STANDALONE_SYSTEMSERVER_JARS /apex/com.android.btservices/javalib/service-bluetooth.jar:/apex/com.android.devicelock/javalib/service-devicelock.jar:/apex/com.android.os.statsd/javalib/service-statsd.jar:/apex/com.android.scheduling/javalib/service-scheduling.jar:/apex/com.android.tethering/javalib/service-connectivity.jar:/apex/com.android.uwb/javalib/service-uwb.jar:/apex/com.android.wifi/javalib/service-wifi.jar
04-15 17:03:02.438 0 0 I init : Service 'derive_classpath' (pid 298) exited with status 0 waiting took 0.166000 seconds
04-15 17:03:02.438 0 0 I init : Sending signal 9 to service 'derive_classpath' (pid 298) process group...
04-15 17:03:02.439 0 0 I libprocessgroup: Successfully killed process cgroup uid 1000 pid 298 in 0ms
04-15 17:03:02.443 0 0 I init : starting service 'art_boot'...
04-15 17:03:02.474 0 0 I init : ... started service 'art_boot' has pid 299
04-15 17:03:02.474 0 0 I init : SVC_EXEC service 'art_boot' pid 299 (uid 0 gid 0+0 context default) started; waiting...
04-15 17:03:02.565 299 299 I art_boot: Property persist.device_config.runtime_native_boot.useartservice not set
04-15 17:03:02.579 0 0 I init : Service 'art_boot' (pid 299) exited with status 0 waiting took 0.131000 seconds
04-15 17:03:02.579 0 0 I init : Sending signal 9 to service 'art_boot' (pid 299) process group...
04-15 17:03:02.579 0 0 I libprocessgroup: Successfully killed process cgroup uid 0 pid 299 in 0ms
04-15 17:03:02.583 0 0 I init : starting service 'odsign'...
04-15 17:03:02.616 0 0 I init : ... started service 'odsign' has pid 300
04-15 17:03:02.759 300 300 I odsign : Trying to retrieve existing HMAC key...
04-15 17:03:02.768 300 300 I odsign : Existing HMAC key not found or invalid, creating new key
04-15 17:03:02.801 300 300 I odsign : Trying to retrieve existing keystore key...
04-15 17:03:02.803 300 300 I odsign : Failed to find keystore key...
04-15 17:03:02.803 300 300 I odsign : Existing keystore key not found or invalid, creating new key
04-15 17:03:03.501 300 300 I odsign : Initialized Keystore key.
04-15 17:03:03.502 300 300 W odsign : Key certificate not found: /data/misc/odsign/key.cert: No such file or directory
04-15 17:03:04.046 301 301 I odrefresh: ART APEX version 342090000
04-15 17:03:04.050 301 301 I odrefresh: No prior cache-info file: '/data/misc/apexdata/com.android.art/dalvik-cache/cache-info.xml'
04-15 17:03:04.053 301 301 I odrefresh: Boot images on /system OK (x86_64)
04-15 17:03:04.060 301 301 I odrefresh: system_server artifacts on /system OK
04-15 17:03:04.071 300 300 I odrefresh: odrefresh terminated by exit(79)
04-15 17:03:04.075 300 300 I odsign : /data/misc/odsign/odsign.info not found.
04-15 17:03:04.214 302 302 I odrefresh: ART APEX version 342090000
04-15 17:03:04.218 302 302 I odrefresh: No prior cache-info file: '/data/misc/apexdata/com.android.art/dalvik-cache/cache-info.xml'
04-15 17:03:04.222 302 302 I odrefresh: Boot images on /system OK (x86_64)
04-15 17:03:04.225 302 302 I odrefresh: system_server artifacts on /system OK
04-15 17:03:04.634 300 300 I odrefresh: odrefresh terminated by exit(80)
04-15 17:03:04.635 300 300 I odsign : odrefresh compiled all artifacts, returned 80
04-15 17:03:04.641 300 300 I odsign : Adding "/data/misc/apexdata/com.android.art/dalvik-cache/cache-info.xml" to fs-verity...
04-15 17:03:04.652 0 0 I fs-verity: sha256 using implementation "sha256-ssse3"
04-15 17:03:04.685 300 300 I odsign : On-device signing done.
04-15 17:03:04.700 0 0 I init : Wait for property 'odsign.key.done=1' took 2083ms
04-15 17:03:04.701 0 0 I init : starting service 'exec 11 (/system/bin/fsverity_init --lock)'...
04-15 17:03:04.732 0 0 I init : ... started service 'exec 11 (/system/bin/fsverity_init --lock)' has pid 303
04-15 17:03:04.732 0 0 I init : SVC_EXEC service 'exec 11 (/system/bin/fsverity_init --lock)' pid 303 (uid 0 gid 0+0 context default) started; waiting...
04-15 17:03:04.738 0 0 I init : Sending signal 9 to service 'odsign' (pid 300) process group...
04-15 17:03:04.745 0 0 I libprocessgroup: Successfully killed process cgroup uid 0 pid 300 in 6ms
04-15 17:03:04.752 0 0 I init : Control message: Processed ctl.stop for 'odsign' from pid: 300 (/system/bin/odsign)
04-15 17:03:04.753 0 0 I init : Service 'odsign' (pid 300) received signal 9
04-15 17:03:04.825 156 200 I keystore2: system/security/keystore2/src/super_key.rs:330 - keystore.boot_level 1000000000 hits maximum 1000000000, finishing.
04-15 17:03:04.832 0 0 I init : Service 'exec 11 (/system/bin/fsverity_init --lock)' (pid 303) exited with status 0 waiting took 0.122000 seconds
04-15 17:03:04.832 0 0 I init : Sending signal 9 to service 'exec 11 (/system/bin/fsverity_init --lock)' (pid 303) process group...
04-15 17:03:04.833 0 0 I libprocessgroup: Successfully killed process cgroup uid 0 pid 303 in 0ms
04-15 17:03:04.839 0 0 I init : starting service 'apexd-snapshotde'...
04-15 17:03:04.871 0 0 I init : ... started service 'apexd-snapshotde' has pid 304
04-15 17:03:04.871 0 0 I init : SVC_EXEC service 'apexd-snapshotde' pid 304 (uid 0 gid 1000+0 context default) started; waiting...
04-15 17:03:05.002 0 0 I apexd : Snapshot DE subcommand detected
04-15 17:03:05.016 0 0 I apexd-snapshotde: Marking APEXd as ready
04-15 17:03:05.040 0 0 I init : Service 'apexd-snapshotde' (pid 304) exited with status 0 waiting took 0.195000 seconds
04-15 17:03:05.040 0 0 I init : Sending signal 9 to service 'apexd-snapshotde' (pid 304) process group...
04-15 17:03:05.041 0 0 I libprocessgroup: Successfully killed process cgroup uid 0 pid 304 in 0ms
04-15 17:03:05.083 0 0 I init : processing action (post-fs-data) from (/system/etc/init/hw/init.usb.rc:6)
04-15 17:03:05.089 0 0 I init : Encryption policy of /data/adb set to 6e1f08607dfc6344cc21c398d57b65c2 v2 modes 1/4 flags 0x2
04-15 17:03:05.089 0 0 I init : processing action (post-fs-data) from (/vendor/etc/init/hw/init.ranchu.rc:58)
04-15 17:03:05.111 0 0 I init : starting service 'qemu-adb-keys'...
04-15 17:03:05.149 0 0 I init : ... started service 'qemu-adb-keys' has pid 305
04-15 17:03:05.156 0 0 I init : starting service 'qemu-device-state'...
04-15 17:03:05.199 0 0 I init : ... started service 'qemu-device-state' has pid 306
04-15 17:03:05.200 0 0 I init : processing action (ro.boot.qemu.virtiowifi=1 && post-fs-data) from (/vendor/etc/init/hw/init.ranchu.rc:112)
04-15 17:03:05.202 0 0 I init : starting service 'ranchu-net'...
04-15 17:03:05.270 0 0 I init : ... started service 'ranchu-net' has pid 307
04-15 17:03:05.274 0 0 I init : Command 'start ranchu-net' action=ro.boot.qemu.virtiowifi=1 && post-fs-data (/vendor/etc/init/hw/init.ranchu.rc:113) took 69ms and succeeded
04-15 17:03:05.274 0 0 I init : processing action (post-fs-data) from (/system/etc/init/bootstat.rc:9)
04-15 17:03:05.316 0 0 I init : processing action (ro.debuggable=1 && post-fs-data) from (/system/etc/init/clean_scratch_files.rc:1)
04-15 17:03:05.317 0 0 I init : starting service 'exec 12 (/system/bin/clean_scratch_files)'...
04-15 17:03:05.387 0 0 I init : ... started service 'exec 12 (/system/bin/clean_scratch_files)' has pid 308
04-15 17:03:05.388 0 0 I init : Command 'exec_background - root root -- /system/bin/clean_scratch_files' action=ro.debuggable=1 && post-fs-data (/system/etc/init/clean_scratch_files.rc:2) took 71ms and succeeded
04-15 17:03:05.388 0 0 I init : processing action (post-fs-data) from (/system/etc/init/gsid.rc:17)
04-15 17:03:05.397 0 0 I init : Not setting encryption policy on: /data/gsi
04-15 17:03:05.448 0 0 I init : processing action (post-fs-data) from (/system/etc/init/incidentd.rc:21)
04-15 17:03:05.463 0 0 I init : processing action (post-fs-data) from (/system/etc/init/logtagd.rc:4)
04-15 17:03:05.480 0 0 I init : processing action (post-fs-data) from (/system/etc/init/otapreopt.rc:3)
04-15 17:03:05.481 0 0 I init : starting service 'exec 13 (/system/bin/otapreopt_slot)'...
04-15 17:03:05.531 0 0 I init : ... started service 'exec 13 (/system/bin/otapreopt_slot)' has pid 309
04-15 17:03:05.532 0 0 I init : SVC_EXEC service 'exec 13 (/system/bin/otapreopt_slot)' pid 309 (uid 0 gid 0+0 context default) started; waiting...
04-15 17:03:05.532 0 0 I init : Command 'exec - root -- /system/bin/otapreopt_slot' action=post-fs-data (/system/etc/init/otapreopt.rc:4) took 52ms and succeeded
04-15 17:03:05.583 0 0 I init : Service 'qemu-device-state' (pid 306) exited with status 0 oneshot service took 0.419000 seconds in background
04-15 17:03:05.583 0 0 I init : Sending signal 9 to service 'qemu-device-state' (pid 306) process group...
04-15 17:03:05.584 0 0 I libprocessgroup: Successfully killed process cgroup uid 0 pid 306 in 0ms
04-15 17:03:05.602 0 0 I init : Service 'qemu-adb-keys' (pid 305) exited with status 0 oneshot service took 0.486000 seconds in background
04-15 17:03:05.602 0 0 I init : Sending signal 9 to service 'qemu-adb-keys' (pid 305) process group...
04-15 17:03:05.603 0 0 I libprocessgroup: Successfully killed process cgroup uid 0 pid 305 in 0ms
04-15 17:03:05.994 0 0 I init : Service 'exec 12 (/system/bin/clean_scratch_files)' (pid 308) exited with status 0 oneshot service took 0.664000 seconds in background
04-15 17:03:05.994 0 0 I init : Sending signal 9 to service 'exec 12 (/system/bin/clean_scratch_files)' (pid 308) process group...
04-15 17:03:05.995 0 0 I libprocessgroup: Successfully killed process cgroup uid 0 pid 308 in 0ms
04-15 17:03:06.291 313 313 W otapreopt_slot: Slot property empty.
04-15 17:03:06.361 0 0 I init : Service 'exec 13 (/system/bin/otapreopt_slot)' (pid 309) exited with status 1 waiting took 0.866000 seconds
04-15 17:03:06.367 0 0 I init : Sending signal 9 to service 'exec 13 (/system/bin/otapreopt_slot)' (pid 309) process group...
04-15 17:03:06.369 0 0 I libprocessgroup: Successfully killed process cgroup uid 0 pid 309 in 1ms
04-15 17:03:06.384 0 0 E selinux : SELinux: Could not stat /data/dalvik-cache/arm: No such file or directory.
04-15 17:03:06.384 0 0 E selinux : SELinux: Could not stat /data/dalvik-cache/arm64: No such file or directory.
04-15 17:03:06.385 0 0 E selinux : SELinux: Could not stat /data/dalvik-cache/riscv64: No such file or directory.
04-15 17:03:06.385 0 0 E selinux : SELinux: Could not stat /data/dalvik-cache/x86: No such file or directory.
04-15 17:03:06.385 0 0 E selinux : SELinux: Could not stat /data/dalvik-cache/x86_64: No such file or directory.
04-15 17:03:06.391 0 0 I init : processing action (post-fs-data) from (/system/etc/init/perfetto.rc:73)
04-15 17:03:06.392 0 0 I init : Command 'rm /data/misc/perfetto-traces/.guardraildata' action=post-fs-data (/system/etc/init/perfetto.rc:74) took 0ms and failed: unlink() failed: No such file or directory
04-15 17:03:06.392 0 0 I init : processing action (post-fs-data) from (/system/etc/init/profcollectd.rc:9)
04-15 17:03:06.424 0 0 I init : processing action (post-fs-data) from (/system/etc/init/recovery-persist.rc:1)
04-15 17:03:06.433 0 0 I init : starting service 'exec 14 (/system/bin/recovery-persist)'...
04-15 17:03:06.436 0 0 D ieee80211 phy1: Selected rate control algorithm 'minstrel_ht'
04-15 17:03:06.494 0 0 I init : ... started service 'exec 14 (/system/bin/recovery-persist)' has pid 315
04-15 17:03:06.495 0 0 I init : Command 'exec_background - system log -- /system/bin/recovery-persist' action=post-fs-data (/system/etc/init/recovery-persist.rc:3) took 70ms and succeeded
04-15 17:03:06.495 0 0 I init : processing action (post-fs-data) from (/system/etc/init/wifi.rc:18)
04-15 17:03:06.504 0 0 I selinux : SELinux: Skipping restorecon on directory(/data/misc/apexdata/com.android.wifi)
04-15 17:03:06.522 0 0 I init : processing action (post-fs-data) from (/vendor/etc/init/hostapd.android.rc:9)
04-15 17:03:06.571 0 0 I init : processing action (sys.init.perf_lsm_hooks=1 && load_bpf_programs) from (/system/etc/init/hw/init.rc:1253)
04-15 17:03:06.573 0 0 I init : processing action (load_bpf_programs) from (/system/etc/init/bpfloader.rc:17)
04-15 17:03:06.578 0 0 I init : starting service 'bpfloader'...
04-15 17:03:06.657 0 0 I init : ... started service 'bpfloader' has pid 317
04-15 17:03:06.657 0 0 I init : SVC_EXEC service 'bpfloader' pid 317 (uid 0 gid 0+7 context default) started; waiting...
04-15 17:03:06.658 0 0 I init : Command 'exec_start bpfloader' action=load_bpf_programs (/system/etc/init/bpfloader.rc:18) took 84ms and succeeded
04-15 17:03:06.663 0 0 I init : starting service 'dhcpclient_wifi'...
04-15 17:03:06.725 0 0 I init : ... started service 'dhcpclient_wifi' has pid 318
04-15 17:03:06.725 0 0 I init : Control message: Processed ctl.start for 'dhcpclient_wifi' from pid: 316 (setprop ctl.start dhcpclient_wifi)
04-15 17:03:06.743 0 0 I init : Service 'exec 14 (/system/bin/recovery-persist)' (pid 315) exited with status 0 oneshot service took 0.273000 seconds in background
04-15 17:03:06.743 0 0 I init : Sending signal 9 to service 'exec 14 (/system/bin/recovery-persist)' (pid 315) process group...
04-15 17:03:06.743 0 0 I libprocessgroup: Successfully killed process cgroup uid 1000 pid 315 in 0ms
04-15 17:03:06.992 0 0 D LibBpfLoader: Loading optional ELF object /apex/com.android.tethering/etc/bpf/test.o with license Apache 2.0
04-15 17:03:06.993 0 0 I LibBpfLoader: Section bpfloader_min_ver value is 2 [0x2]
04-15 17:03:06.993 0 0 I LibBpfLoader: Section bpfloader_max_ver value is 25 [0x19]
04-15 17:03:06.994 0 0 D LibBpfLoader: Couldn't find section bpfloader_min_required_ver (defaulting to 0 [0x0]).
04-15 17:03:06.998 0 0 I LibBpfLoader: Section size_of_bpf_map_def value is 120 [0x78]
04-15 17:03:06.999 0 0 I LibBpfLoader: Section size_of_bpf_prog_def value is 92 [0x5c]
04-15 17:03:06.999 0 0 I LibBpfLoader: BpfLoader version 0x00026 ignoring ELF object /apex/com.android.tethering/etc/bpf/test.o with max ver 0x00019
04-15 17:03:06.999 0 0 I bpfloader: Loaded object: /apex/com.android.tethering/etc/bpf/test.o
04-15 17:03:07.018 0 0 D LibBpfLoader: Loading critical for Connectivity (Tethering) ELF object /apex/com.android.tethering/etc/bpf/offload.o with license Apache 2.0
04-15 17:03:07.019 0 0 I LibBpfLoader: Section bpfloader_min_ver value is 2 [0x2]
04-15 17:03:07.019 0 0 I LibBpfLoader: Section bpfloader_max_ver value is 25 [0x19]
04-15 17:03:07.020 0 0 D LibBpfLoader: Couldn't find section bpfloader_min_required_ver (defaulting to 0 [0x0]).
04-15 17:03:07.020 0 0 I LibBpfLoader: Section size_of_bpf_map_def value is 120 [0x78]
04-15 17:03:07.020 0 0 I LibBpfLoader: Section size_of_bpf_prog_def value is 92 [0x5c]
04-15 17:03:07.020 0 0 I LibBpfLoader: BpfLoader version 0x00026 ignoring ELF object /apex/com.android.tethering/etc/bpf/offload.o with max ver 0x00019
04-15 17:03:07.021 0 0 I bpfloader: Loaded object: /apex/com.android.tethering/etc/bpf/offload.o
04-15 17:03:07.023 0 0 D LibBpfLoader: Loading optional ELF object /apex/com.android.tethering/etc/bpf/test@btf.o with license Apache 2.0
04-15 17:03:07.023 0 0 I LibBpfLoader: Section bpfloader_min_ver value is 25 [0x19]
04-15 17:03:07.024 0 0 I LibBpfLoader: Section bpfloader_max_ver value is 65536 [0x10000]
04-15 17:03:07.024 0 0 D LibBpfLoader: Couldn't find section bpfloader_min_required_ver (defaulting to 0 [0x0]).
04-15 17:03:07.024 0 0 I LibBpfLoader: Section size_of_bpf_map_def value is 120 [0x78]
04-15 17:03:07.025 0 0 I LibBpfLoader: Section size_of_bpf_prog_def value is 92 [0x5c]
04-15 17:03:07.025 0 0 I LibBpfLoader: BpfLoader version 0x00026 processing ELF object /apex/com.android.tethering/etc/bpf/test@btf.o with ver [0x00019,0x10000)
04-15 17:03:07.033 0 0 D LibBpfLoader: Loaded code section 3 (xdp_drop_ipv4_udp_ether)
04-15 17:03:07.043 0 0 D LibBpfLoader: Adding section 3 to cs list
04-15 17:03:07.049 0 0 I init : Service 'ranchu-net' (pid 307) exited with status 0 oneshot service took 1.826000 seconds in background
04-15 17:03:07.050 0 0 I init : Sending signal 9 to service 'ranchu-net' (pid 307) process group...
04-15 17:03:07.052 0 0 D LibBpfLoader: Couldn't find section btf_min_bpfloader_ver (defaulting to 0 [0x0]).
04-15 17:03:07.053 0 0 D LibBpfLoader: Couldn't find section btf_min_kernel_ver (defaulting to 0 [0x0]).
04-15 17:03:07.054 0 0 I libprocessgroup: Successfully killed process cgroup uid 0 pid 307 in 4ms
04-15 17:03:07.151 0 0 D LibBpfLoader: bpf_create_map name tether_downstream6_map, ret: 6
04-15 17:03:07.152 0 0 I LibBpfLoader: map /sys/fs/bpf/tethering/map_test_tether_downstream6_map id 1
04-15 17:03:07.152 0 0 D LibBpfLoader: bpf_create_map name bitmap, ret: 8
04-15 17:03:07.152 0 0 I LibBpfLoader: map /sys/fs/bpf/tethering/map_test_bitmap id 2
04-15 17:03:07.153 0 0 D LibBpfLoader: map_fd found at 0 is 6 in /apex/com.android.tethering/etc/bpf/test@btf.o
04-15 17:03:07.153 0 0 D LibBpfLoader: map_fd found at 1 is 8 in /apex/com.android.tethering/etc/bpf/test@btf.o
04-15 17:03:07.155 0 0 D LibBpfLoader: cs[0].name:xdp_drop_ipv4_udp_ether min_kver:5090000 .max_kver:ffffffff (kvers:6010017)
04-15 17:03:07.155 0 0 D LibBpfLoader: cs[0].name:xdp_drop_ipv4_udp_ether requires bpfloader version [0x00019,0x10000)
04-15 17:03:07.165 0 0 D LibBpfLoader: bpf_prog_load lib call for /apex/com.android.tethering/etc/bpf/test@btf.o (xdp_drop_ipv4_udp_ether) returned fd: 7 (no error)
04-15 17:03:07.166 0 0 I LibBpfLoader: prog /sys/fs/bpf/tethering/prog_test_xdp_drop_ipv4_udp_ether id 1
04-15 17:03:07.167 0 0 I bpfloader: Loaded object: /apex/com.android.tethering/etc/bpf/test@btf.o
04-15 17:03:07.171 0 0 D LibBpfLoader: Loading critical for Connectivity (Tethering) ELF object /apex/com.android.tethering/etc/bpf/offload@btf.o with license Apache 2.0
04-15 17:03:07.171 0 0 I LibBpfLoader: Section bpfloader_min_ver value is 25 [0x19]
04-15 17:03:07.172 0 0 I LibBpfLoader: Section bpfloader_max_ver value is 65536 [0x10000]
04-15 17:03:07.172 0 0 D LibBpfLoader: Couldn't find section bpfloader_min_required_ver (defaulting to 0 [0x0]).
04-15 17:03:07.173 0 0 I LibBpfLoader: Section size_of_bpf_map_def value is 120 [0x78]
04-15 17:03:07.173 0 0 I LibBpfLoader: Section size_of_bpf_prog_def value is 92 [0x5c]
04-15 17:03:07.173 0 0 I LibBpfLoader: BpfLoader version 0x00026 processing ELF object /apex/com.android.tethering/etc/bpf/offload@btf.o with ver [0x00019,0x10000)
04-15 17:03:07.194 0 0 D LibBpfLoader: Loaded code section 3 (schedcls_tether_downstream6_ether)
04-15 17:03:07.196 0 0 D LibBpfLoader: Loaded relo section 3 (.relschedcls/tether_downstream6_ether)
04-15 17:03:07.196 0 0 D LibBpfLoader: Adding section 3 to cs list
