04-15 17:04:11.972 540 666 I ArtService: Dexopt result: [packageName = com.android.captiveportallogin] DexContainerFileDexoptResult{dexContainerFile=/system/app/CaptivePortalLogin/CaptivePortalLogin.apk, primaryAbi=true, abi=x86_64, actualCompilerFilter=verify, status=SKIPPED, dex2oatWallTimeMillis=0, dex2oatCpuTimeMillis=0, sizeBytes=0, sizeBeforeBytes=0}
04-15 17:04:12.024 540 666 I ArtService: Dexopt result: [packageName = com.android.mms.service] DexContainerFileDexoptResult{dexContainerFile=/system/priv-app/MmsService/MmsService.apk, primaryAbi=true, abi=x86_64, actualCompilerFilter=verify, status=SKIPPED, dex2oatWallTimeMillis=0, dex2oatCpuTimeMillis=0, sizeBytes=0, sizeBeforeBytes=0}
04-15 17:04:12.076 540 666 I ArtService: Dexopt result: [packageName = com.android.bips] DexContainerFileDexoptResult{dexContainerFile=/system/priv-app/BuiltInPrintService/BuiltInPrintService.apk, primaryAbi=true, abi=x86_64, actualCompilerFilter=verify, status=SKIPPED, dex2oatWallTimeMillis=0, dex2oatCpuTimeMillis=0, sizeBytes=0, sizeBeforeBytes=0}
04-15 17:04:12.099 540 666 I ArtService: Dexopt result: [packageName = com.android.musicfx] DexContainerFileDexoptResult{dexContainerFile=/system/priv-app/MusicFX/MusicFX.apk, primaryAbi=true, abi=x86_64, actualCompilerFilter=verify, status=SKIPPED, dex2oatWallTimeMillis=0, dex2oatCpuTimeMillis=0, sizeBytes=0, sizeBeforeBytes=0}
04-15 17:04:12.130 540 666 I ArtService: Dexopt result: [packageName = com.android.providers.contacts] DexContainerFileDexoptResult{dexContainerFile=/system/priv-app/ContactsProvider/ContactsProvider.apk, primaryAbi=true, abi=x86_64, actualCompilerFilter=verify, status=SKIPPED, dex2oatWallTimeMillis=0, dex2oatCpuTimeMillis=0, sizeBytes=0, sizeBeforeBytes=0}
04-15 17:04:12.167 540 666 I ArtService: Dexopt result: [packageName = com.android.certinstaller] DexContainerFileDexoptResult{dexContainerFile=/system/app/CertInstaller/CertInstaller.apk, primaryAbi=true, abi=x86_64, actualCompilerFilter=verify, status=SKIPPED, dex2oatWallTimeMillis=0, dex2oatCpuTimeMillis=0, sizeBytes=0, sizeBeforeBytes=0}
04-15 17:04:12.287 540 666 I ArtService: Dexopt result: [packageName = com.android.printservice.recommendation] DexContainerFileDexoptResult{dexContainerFile=/system/app/PrintRecommendationService/PrintRecommendationService.apk, primaryAbi=true, abi=x86_64, actualCompilerFilter=verify, status=SKIPPED, dex2oatWallTimeMillis=0, dex2oatCpuTimeMillis=0, sizeBytes=0, sizeBeforeBytes=0}
04-15 17:04:12.311 540 666 I ArtService: Dexopt result: [packageName = com.android.providers.calendar] DexContainerFileDexoptResult{dexContainerFile=/system/priv-app/CalendarProvider/CalendarProvider.apk, primaryAbi=true, abi=x86_64, actualCompilerFilter=verify, status=SKIPPED, dex2oatWallTimeMillis=0, dex2oatCpuTimeMillis=0, sizeBytes=0, sizeBeforeBytes=0}
04-15 17:04:12.339 540 666 I ArtService: Dexopt result: [packageName = com.android.providers.downloads] DexContainerFileDexoptResult{dexContainerFile=/system/priv-app/DownloadProvider/DownloadProvider.apk, primaryAbi=true, abi=x86_64, actualCompilerFilter=verify, status=SKIPPED, dex2oatWallTimeMillis=0, dex2oatCpuTimeMillis=0, sizeBytes=0, sizeBeforeBytes=0}
04-15 17:04:12.367 540 666 I ArtService: Dexopt result: [packageName = com.android.wallpaperbackup] DexContainerFileDexoptResult{dexContainerFile=/system/app/WallpaperBackup/WallpaperBackup.apk, primaryAbi=true, abi=x86_64, actualCompilerFilter=verify, status=SKIPPED, dex2oatWallTimeMillis=0, dex2oatCpuTimeMillis=0, sizeBytes=0, sizeBeforeBytes=0}
04-15 17:04:12.414 0 0 W healthd : battery l=100 v=5000 t=25.0 h=2 st=2 c=900000 fc=3000000 cc=10 chg=a
04-15 17:04:12.453 668 684 W artd : ClassLoaderContext shared library size mismatch. Expected=1, found=0 (PCL[]{PCL[/vendor/framework/androidx.camera.extensions.impl.jar*2663675288]} | PCL[])
04-15 17:04:12.459 540 666 I ArtService: Dexopt result: [packageName = com.android.cameraextensions] DexContainerFileDexoptResult{dexContainerFile=/system/app/CameraExtensionsProxy/CameraExtensionsProxy.apk, primaryAbi=true, abi=x86_64, actualCompilerFilter=verify, status=SKIPPED, dex2oatWallTimeMillis=0, dex2oatCpuTimeMillis=0, sizeBytes=0, sizeBeforeBytes=0}
04-15 17:04:12.483 540 666 I ArtService: Dexopt result: [packageName = com.android.vpndialogs] DexContainerFileDexoptResult{dexContainerFile=/system/priv-app/VpnDialogs/VpnDialogs.apk, primaryAbi=true, abi=x86_64, actualCompilerFilter=verify, status=SKIPPED, dex2oatWallTimeMillis=0, dex2oatCpuTimeMillis=0, sizeBytes=0, sizeBeforeBytes=0}
04-15 17:04:12.523 540 666 I ArtService: Dexopt result: [packageName = com.android.proxyhandler] DexContainerFileDexoptResult{dexContainerFile=/system/priv-app/ProxyHandler/ProxyHandler.apk, primaryAbi=true, abi=x86_64, actualCompilerFilter=verify, status=SKIPPED, dex2oatWallTimeMillis=0, dex2oatCpuTimeMillis=0, sizeBytes=0, sizeBeforeBytes=0}
04-15 17:04:12.559 540 666 I ArtService: Dexopt result: [packageName = com.android.pacprocessor] DexContainerFileDexoptResult{dexContainerFile=/system/app/PacProcessor/PacProcessor.apk, primaryAbi=true, abi=x86_64, actualCompilerFilter=verify, status=SKIPPED, dex2oatWallTimeMillis=0, dex2oatCpuTimeMillis=0, sizeBytes=0, sizeBeforeBytes=0}
04-15 17:04:12.602 540 666 I ArtService: Dexopt result: [packageName = com.android.localtransport] DexContainerFileDexoptResult{dexContainerFile=/system/priv-app/LocalTransport/LocalTransport.apk, primaryAbi=true, abi=x86_64, actualCompilerFilter=verify, status=SKIPPED, dex2oatWallTimeMillis=0, dex2oatCpuTimeMillis=0, sizeBytes=0, sizeBeforeBytes=0}
04-15 17:04:12.631 540 666 I ArtService: Dexopt result: [packageName = com.android.location.fused] DexContainerFileDexoptResult{dexContainerFile=/system/priv-app/FusedLocation/FusedLocation.apk, primaryAbi=true, abi=x86_64, actualCompilerFilter=verify, status=SKIPPED, dex2oatWallTimeMillis=0, dex2oatCpuTimeMillis=0, sizeBytes=0, sizeBeforeBytes=0}
04-15 17:04:12.659 540 666 I ArtService: Dexopt result: [packageName = com.android.bluetoothmidiservice] DexContainerFileDexoptResult{dexContainerFile=/system/app/BluetoothMidiService/BluetoothMidiService.apk, primaryAbi=true, abi=x86_64, actualCompilerFilter=verify, status=SKIPPED, dex2oatWallTimeMillis=0, dex2oatCpuTimeMillis=0, sizeBytes=0, sizeBeforeBytes=0}
04-15 17:04:12.686 540 666 I ArtService: Dexopt result: [packageName = com.android.externalstorage] DexContainerFileDexoptResult{dexContainerFile=/system/priv-app/ExternalStorageProvider/ExternalStorageProvider.apk, primaryAbi=true, abi=x86_64, actualCompilerFilter=verify, status=SKIPPED, dex2oatWallTimeMillis=0, dex2oatCpuTimeMillis=0, sizeBytes=0, sizeBeforeBytes=0}
04-15 17:04:12.739 540 666 I ArtService: Dexopt result: [packageName = com.android.sharedstoragebackup] DexContainerFileDexoptResult{dexContainerFile=/system/priv-app/SharedStorageBackup/SharedStorageBackup.apk, primaryAbi=true, abi=x86_64, actualCompilerFilter=verify, status=SKIPPED, dex2oatWallTimeMillis=0, dex2oatCpuTimeMillis=0, sizeBytes=0, sizeBeforeBytes=0}
04-15 17:04:12.775 540 666 I ArtService: Dexopt result: [packageName = com.android.htmlviewer] DexContainerFileDexoptResult{dexContainerFile=/system/app/HTMLViewer/HTMLViewer.apk, primaryAbi=true, abi=x86_64, actualCompilerFilter=verify, status=SKIPPED, dex2oatWallTimeMillis=0, dex2oatCpuTimeMillis=0, sizeBytes=0, sizeBeforeBytes=0}
04-15 17:04:12.802 540 666 I ArtService: Dexopt result: [packageName = com.android.providers.blockednumber] DexContainerFileDexoptResult{dexContainerFile=/system/priv-app/BlockedNumberProvider/BlockedNumberProvider.apk, primaryAbi=true, abi=x86_64, actualCompilerFilter=verify, status=SKIPPED, dex2oatWallTimeMillis=0, dex2oatCpuTimeMillis=0, sizeBytes=0, sizeBeforeBytes=0}
04-15 17:04:12.842 540 666 I ArtService: Dexopt result: [packageName = com.android.providers.userdictionary] DexContainerFileDexoptResult{dexContainerFile=/system/priv-app/UserDictionaryProvider/UserDictionaryProvider.apk, primaryAbi=true, abi=x86_64, actualCompilerFilter=verify, status=SKIPPED, dex2oatWallTimeMillis=0, dex2oatCpuTimeMillis=0, sizeBytes=0, sizeBeforeBytes=0}
04-15 17:04:12.874 540 666 I ArtService: Dexopt result: [packageName = com.android.calllogbackup] DexContainerFileDexoptResult{dexContainerFile=/system/priv-app/CallLogBackup/CallLogBackup.apk, primaryAbi=true, abi=x86_64, actualCompilerFilter=verify, status=SKIPPED, dex2oatWallTimeMillis=0, dex2oatCpuTimeMillis=0, sizeBytes=0, sizeBeforeBytes=0}
04-15 17:04:12.911 540 666 I ArtService: Dexopt result: [packageName = com.android.dreams.basic] DexContainerFileDexoptResult{dexContainerFile=/system/app/BasicDreams/BasicDreams.apk, primaryAbi=true, abi=x86_64, actualCompilerFilter=verify, status=SKIPPED, dex2oatWallTimeMillis=0, dex2oatCpuTimeMillis=0, sizeBytes=0, sizeBeforeBytes=0}
04-15 17:04:12.947 540 666 I ArtService: Dexopt result: [packageName = com.android.providers.partnerbookmarks] DexContainerFileDexoptResult{dexContainerFile=/system/app/PartnerBookmarksProvider/PartnerBookmarksProvider.apk, primaryAbi=true, abi=x86_64, actualCompilerFilter=verify, status=SKIPPED, dex2oatWallTimeMillis=0, dex2oatCpuTimeMillis=0, sizeBytes=0, sizeBeforeBytes=0}
04-15 17:04:12.976 540 666 I ArtService: Dexopt result: [packageName = com.android.providers.downloads.ui] DexContainerFileDexoptResult{dexContainerFile=/system/priv-app/DownloadProviderUi/DownloadProviderUi.apk, primaryAbi=true, abi=x86_64, actualCompilerFilter=verify, status=SKIPPED, dex2oatWallTimeMillis=0, dex2oatCpuTimeMillis=0, sizeBytes=0, sizeBeforeBytes=0}
04-15 17:04:13.002 540 666 I ArtService: Dexopt result: [packageName = com.android.backupconfirm] DexContainerFileDexoptResult{dexContainerFile=/system/priv-app/BackupRestoreConfirmation/BackupRestoreConfirmation.apk, primaryAbi=true, abi=x86_64, actualCompilerFilter=verify, status=SKIPPED, dex2oatWallTimeMillis=0, dex2oatCpuTimeMillis=0, sizeBytes=0, sizeBeforeBytes=0}
04-15 17:04:13.035 540 666 I ArtService: Dexopt result: [packageName = com.android.bookmarkprovider] DexContainerFileDexoptResult{dexContainerFile=/system/app/BookmarkProvider/BookmarkProvider.apk, primaryAbi=true, abi=x86_64, actualCompilerFilter=verify, status=SKIPPED, dex2oatWallTimeMillis=0, dex2oatCpuTimeMillis=0, sizeBytes=0, sizeBeforeBytes=0}
04-15 17:04:13.085 540 666 I ArtService: Dexopt result: [packageName = com.android.inputdevices] DexContainerFileDexoptResult{dexContainerFile=/system/priv-app/InputDevices/InputDevices.apk, primaryAbi=true, abi=x86_64, actualCompilerFilter=verify, status=SKIPPED, dex2oatWallTimeMillis=0, dex2oatCpuTimeMillis=0, sizeBytes=0, sizeBeforeBytes=0}
04-15 17:04:13.122 540 666 I ArtService: Dexopt result: [packageName = android.ext.shared] DexContainerFileDexoptResult{dexContainerFile=/system/app/ExtShared/ExtShared.apk, primaryAbi=true, abi=x86_64, actualCompilerFilter=verify, status=SKIPPED, dex2oatWallTimeMillis=0, dex2oatCpuTimeMillis=0, sizeBytes=0, sizeBeforeBytes=0}
04-15 17:04:13.148 540 666 I ArtService: Dexopt result: [packageName = com.android.dynsystem] DexContainerFileDexoptResult{dexContainerFile=/system/priv-app/DynamicSystemInstallationService/DynamicSystemInstallationService.apk, primaryAbi=true, abi=x86_64, actualCompilerFilter=verify, status=SKIPPED, dex2oatWallTimeMillis=0, dex2oatCpuTimeMillis=0, sizeBytes=0, sizeBeforeBytes=0}
04-15 17:04:13.207 540 666 I ArtService: Dexopt result: [packageName = com.android.se] DexContainerFileDexoptResult{dexContainerFile=/system/app/SecureElement/SecureElement.apk, primaryAbi=true, abi=x86_64, actualCompilerFilter=verify, status=SKIPPED, dex2oatWallTimeMillis=0, dex2oatCpuTimeMillis=0, sizeBytes=0, sizeBeforeBytes=0}
04-15 17:04:13.221 668 684 W ziparchive: Unable to open '/vendor/overlay/SystemUI__auto_generated_rro_vendor.dm': No such file or directory
04-15 17:04:13.221 668 684 W ziparchive: Unable to open '/vendor/overlay/SystemUI__auto_generated_rro_vendor.dm': No such file or directory
04-15 17:04:13.225 540 666 I ArtService: Dexopt result: [packageName = com.android.systemui.auto_generated_rro_vendor__] DexContainerFileDexoptResult{dexContainerFile=/vendor/overlay/SystemUI__auto_generated_rro_vendor.apk, primaryAbi=true, abi=x86_64, actualCompilerFilter=verify, status=SKIPPED, dex2oatWallTimeMillis=0, dex2oatCpuTimeMillis=0, sizeBytes=0, sizeBeforeBytes=0}
04-15 17:04:13.231 668 684 W ziparchive: Unable to open '/vendor/overlay/TeleService__auto_generated_rro_vendor.dm': No such file or directory
04-15 17:04:13.231 668 684 W ziparchive: Unable to open '/vendor/overlay/TeleService__auto_generated_rro_vendor.dm': No such file or directory
04-15 17:04:13.236 540 666 I ArtService: Dexopt result: [packageName = com.android.phone.auto_generated_rro_vendor__] DexContainerFileDexoptResult{dexContainerFile=/vendor/overlay/TeleService__auto_generated_rro_vendor.apk, primaryAbi=true, abi=x86_64, actualCompilerFilter=verify, status=SKIPPED, dex2oatWallTimeMillis=0, dex2oatCpuTimeMillis=0, sizeBytes=0, sizeBeforeBytes=0}
04-15 17:04:13.245 668 684 W ziparchive: Unable to open '/vendor/overlay/framework-res__auto_generated_rro_vendor.dm': No such file or directory
04-15 17:04:13.245 668 684 W ziparchive: Unable to open '/vendor/overlay/framework-res__auto_generated_rro_vendor.dm': No such file or directory
04-15 17:04:13.249 540 666 I ArtService: Dexopt result: [packageName = android.auto_generated_rro_vendor__] DexContainerFileDexoptResult{dexContainerFile=/vendor/overlay/framework-res__auto_generated_rro_vendor.apk, primaryAbi=true, abi=x86_64, actualCompilerFilter=verify, status=SKIPPED, dex2oatWallTimeMillis=0, dex2oatCpuTimeMillis=0, sizeBytes=0, sizeBeforeBytes=0}
04-15 17:04:13.257 668 684 W ziparchive: Unable to open '/vendor/overlay/CarrierConfig__auto_generated_rro_vendor.dm': No such file or directory
04-15 17:04:13.257 668 684 W ziparchive: Unable to open '/vendor/overlay/CarrierConfig__auto_generated_rro_vendor.dm': No such file or directory
04-15 17:04:13.260 540 666 I ArtService: Dexopt result: [packageName = com.android.carrierconfig.auto_generated_rro_vendor__] DexContainerFileDexoptResult{dexContainerFile=/vendor/overlay/CarrierConfig__auto_generated_rro_vendor.apk, primaryAbi=true, abi=x86_64, actualCompilerFilter=verify, status=SKIPPED, dex2oatWallTimeMillis=0, dex2oatCpuTimeMillis=0, sizeBytes=0, sizeBeforeBytes=0}
04-15 17:04:13.284 668 684 W ziparchive: Unable to open '/vendor/overlay/SettingsProvider__auto_generated_rro_vendor.dm': No such file or directory
04-15 17:04:13.285 668 684 W ziparchive: Unable to open '/vendor/overlay/SettingsProvider__auto_generated_rro_vendor.dm': No such file or directory
04-15 17:04:13.289 540 666 I ArtService: Dexopt result: [packageName = com.android.providers.settings.auto_generated_rro_vendor__] DexContainerFileDexoptResult{dexContainerFile=/vendor/overlay/SettingsProvider__auto_generated_rro_vendor.apk, primaryAbi=true, abi=x86_64, actualCompilerFilter=verify, status=SKIPPED, dex2oatWallTimeMillis=0, dex2oatCpuTimeMillis=0, sizeBytes=0, sizeBeforeBytes=0}
04-15 17:04:13.304 668 684 W ziparchive: Unable to open '/apex/com.android.adservices/priv-app/AdServicesApk@UE1A.230829.036.A1/AdServicesApk.dm': No such file or directory
04-15 17:04:13.305 668 684 W ziparchive: Unable to open '/apex/com.android.adservices/priv-app/AdServicesApk@UE1A.230829.036.A1/AdServicesApk.dm': No such file or directory
04-15 17:04:13.358 668 684 I artd : Running dex2oat: /apex/com.android.art/bin/art_exec --drop-capabilities --keep-fds=7:8:9:10 -- /apex/com.android.art/bin/dex2oat64 --zip-fd=7 --zip-location=/apex/com.android.adservices/priv-app/AdServicesApk@UE1A.230829.036.A1/AdServicesApk.apk --oat-fd=8 --oat-location=/data/dalvik-cache/x86_64/apex@com.android.adservices@priv-app@AdServicesApk@UE1A.230829.036.A1@AdServicesApk.apk@classes.dex --output-vdex-fd=9 --swap-fd=10 --class-loader-context=PCL[] --classpath-dir=/apex/com.android.adservices/priv-app/AdServicesApk@UE1A.230829.036.A1 --instruction-set=x86_64 --instruction-set-features=default --instruction-set-variant=x86_64 --compiler-filter=verify --compilation-reason=first-boot --compact-dex-level=none --max-image-block-size=524288 --resolve-startup-const-strings=true --generate-mini-debug-info --runtime-arg -Xtarget-sdk-version:34 --runtime-arg -Xms64m --runtime-arg -Xmx512m --comments=app-version-name:14,app-version-code:34,art-version:342090000
04-15 17:04:13.358 668 684 I artd : Opened FDs: 7:/apex/com.android.adservices/priv-app/AdServicesApk@UE1A.230829.036.A1/AdServicesApk.apk 8:/data/dalvik-cache/x86_64/apex@com.android.adservices@priv-app@AdServicesApk@UE1A.230829.036.A1@AdServicesApk.apk@classes.dex.oq0aLV.tmp 9:/data/dalvik-cache/x86_64/apex@com.android.adservices@priv-app@AdServicesApk@UE1A.230829.036.A1@AdServicesApk.apk@classes.vdex.ZdJWM5.tmp 10:/data/dalvik-cache/x86_64/apex@com.android.adservices@priv-app@AdServicesApk@UE1A.230829.036.A1@AdServicesApk.apk@classes.dex.swap.12aBQP.tmp
04-15 17:04:14.067 0 0 I init : Sending signal 9 to service 'idmap2d' (pid 434) process group...
04-15 17:04:14.083 0 0 I libprocessgroup: Successfully killed process cgroup uid 1000 pid 434 in 16ms
04-15 17:04:14.085 0 0 I init : Control message: Processed ctl.stop for 'idmap2d' from pid: 540 (system_server)
04-15 17:04:14.085 0 0 I init : Service 'idmap2d' (pid 434) received signal 9
04-15 17:04:14.091 540 660 W OverlayManager: service 'idmap' died
04-15 17:04:14.103 689 689 W dex2oat64: Unexpected CPU variant for x86: x86_64.
04-15 17:04:14.103 689 689 W dex2oat64: Known variants: atom, sandybridge, silvermont, goldmont, goldmont-plus, tremont, kabylake, default
04-15 17:04:14.158 689 689 W dex2oat64: Mismatch between dex2oat instruction set features to use (ISA: X86_64 Feature string: -ssse3,-sse4.1,-sse4.2,-avx,-avx2,-popcnt) and those from CPP defines (ISA: X86_64 Feature string: ssse3,sse4.1,sse4.2,-avx,-avx2,popcnt) for the command line:
04-15 17:04:14.158 689 689 W dex2oat64: /apex/com.android.art/bin/dex2oat64 --zip-fd=7 --zip-location=/apex/com.android.adservices/priv-app/AdServicesApk@UE1A.230829.036.A1/AdServicesApk.apk --oat-fd=8 --oat-location=/data/dalvik-cache/x86_64/apex@com.android.adservices@priv-app@AdServicesApk@UE1A.230829.036.A1@AdServicesApk.apk@classes.dex --output-vdex-fd=9 --swap-fd=10 --class-loader-context=PCL[] --classpath-dir=/apex/com.android.adservices/priv-app/AdServicesApk@UE1A.230829.036.A1 --instruction-set=x86_64 --instruction-set-features=default --instruction-set-variant=x86_64 --compiler-filter=verify --compilation-reason=first-boot --compact-dex-level=none --max-image-block-size=524288 --resolve-startup-const-strings=true --generate-mini-debug-info --runtime-arg -Xtarget-sdk-version:34 --runtime-arg -Xms64m --runtime-arg -Xmx512m --comments=app-version-name:14,app-version-code:34,art-version:342090000
04-15 17:04:14.169 689 689 I dex2oat64: /apex/com.android.art/bin/dex2oat64 --output-vdex-fd=9 --class-loader-context=PCL[] --classpath-dir=/apex/com.android.adservices/priv-app/AdServicesApk@UE1A.230829.036.A1 --compiler-filter=verify --compilation-reason=first-boot --compact-dex-level=none --max-image-block-size=524288 --resolve-startup-const-strings=true --generate-mini-debug-info --comments=app-version-name:14,app-version-code:34,art-version:342090000
04-15 17:04:14.617 689 689 I dex2oat64: Using CollectorTypeCC GC.
04-15 17:04:21.501 689 689 I dex2oat64: dex2oat took 7.453s (7.624s cpu) (threads: 2) arena alloc=0B (0B) java alloc=4652KB (4764112B) native alloc=1820KB (1864416B) free=1229KB (1259472B)
04-15 17:04:21.550 668 684 I artd : dex2oat returned code 0
04-15 17:04:21.561 540 666 I ArtService: Dexopt result: [packageName = com.android.adservices.api] DexContainerFileDexoptResult{dexContainerFile=/apex/com.android.adservices/priv-app/AdServicesApk@UE1A.230829.036.A1/AdServicesApk.apk, primaryAbi=true, abi=x86_64, actualCompilerFilter=verify, status=PERFORMED, dex2oatWallTimeMillis=8187, dex2oatCpuTimeMillis=8210, sizeBytes=179644, sizeBeforeBytes=0}
04-15 17:04:21.577 668 684 W ziparchive: Unable to open '/apex/com.android.healthfitness/priv-app/HealthConnectController@UE1A.230829.036.A1/HealthConnectController.dm': No such file or directory
04-15 17:04:21.578 668 684 W ziparchive: Unable to open '/apex/com.android.healthfitness/priv-app/HealthConnectController@UE1A.230829.036.A1/HealthConnectController.dm': No such file or directory
04-15 17:04:21.615 668 684 I artd : Running dex2oat: /apex/com.android.art/bin/art_exec --drop-capabilities --keep-fds=7:8:9:10:11:12:13 -- /apex/com.android.art/bin/dex2oat64 --zip-fd=7 --zip-location=/apex/com.android.healthfitness/priv-app/HealthConnectController@UE1A.230829.036.A1/HealthConnectController.apk --oat-fd=8 --oat-location=/data/dalvik-cache/x86_64/apex@com.android.healthfitness@priv-app@HealthConnectController@UE1A.230829.036.A1@HealthConnectController.apk@classes.dex --output-vdex-fd=9 --swap-fd=10 --class-loader-context-fds=11:12:13 --class-loader-context=PCL[]{PCL[/system_ext/framework/androidx.window.extensions.jar]#PCL[/system_ext/framework/androidx.window.sidecar.jar]#PCL[/system/framework/org.apache.http.legacy.jar]} --classpath-dir=/apex/com.android.healthfitness/priv-app/HealthConnectController@UE1A.230829.036.A1 --instruction-set=x86_64 --instruction-set-features=default --instruction-set-variant=x86_64 --compiler-filter=verify --compilation-reason=first-boot --compact-dex-level=none --max-image-block-size=524288 --resolve-startup-const-strings=true --generate-mini-debug-info --runtime-arg -Xtarget-sdk-version:34 --runtime-arg -Xms64m --runtime-arg -Xmx512m --comments=app-version-name:14,app-version-code:34,art-version:342090000
04-15 17:04:21.615 668 684 I artd : Opened FDs: 7:/apex/com.android.healthfitness/priv-app/HealthConnectController@UE1A.230829.036.A1/HealthConnectController.apk 8:/data/dalvik-cache/x86_64/apex@com.android.healthfitness@priv-app@HealthConnectController@UE1A.230829.036.A1@HealthConnectController.apk@classes.dex.T3maqr.tmp 9:/data/dalvik-cache/x86_64/apex@com.android.healthfitness@priv-app@HealthConnectController@UE1A.230829.036.A1@HealthConnectController.apk@classes.vdex.29D4pc.tmp 10:/data/dalvik-cache/x86_64/apex@com.android.healthfitness@priv-app@HealthConnectController@UE1A.230829.036.A1@HealthConnectController.apk@classes.dex.swap.3KeQql.tmp 11:/system/framework/org.apache.http.legacy.jar 12:/system_ext/framework/androidx.window.sidecar.jar 13:/system_ext/framework/androidx.window.extensions.jar
04-15 17:04:22.479 699 699 W dex2oat64: Unexpected CPU variant for x86: x86_64.
04-15 17:04:22.479 699 699 W dex2oat64: Known variants: atom, sandybridge, silvermont, goldmont, goldmont-plus, tremont, kabylake, default
04-15 17:04:22.532 699 699 W dex2oat64: Mismatch between dex2oat instruction set features to use (ISA: X86_64 Feature string: -ssse3,-sse4.1,-sse4.2,-avx,-avx2,-popcnt) and those from CPP defines (ISA: X86_64 Feature string: ssse3,sse4.1,sse4.2,-avx,-avx2,popcnt) for the command line:
04-15 17:04:22.532 699 699 W dex2oat64: /apex/com.android.art/bin/dex2oat64 --zip-fd=7 --zip-location=/apex/com.android.healthfitness/priv-app/HealthConnectController@UE1A.230829.036.A1/HealthConnectController.apk --oat-fd=8 --oat-location=/data/dalvik-cache/x86_64/apex@com.android.healthfitness@priv-app@HealthConnectController@UE1A.230829.036.A1@HealthConnectController.apk@classes.dex --output-vdex-fd=9 --swap-fd=10 --class-loader-context-fds=11:12:13 --class-loader-context=PCL[]{PCL[/system_ext/framework/androidx.window.extensions.jar]#PCL[/system_ext/framework/androidx.window.sidecar.jar]#PCL[/system/framework/org.apache.http.legacy.jar]} --classpath-dir=/apex/com.android.healthfitness/priv-app/HealthConnectController@UE1A.230829.036.A1 --instruction-set=x86_64 --instruction-set-features=default --instruction-set-variant=x86_64 --compiler-filter=verify --compilation-reason=first-boot --compact-dex-level=none --max-image-block-size=524288 --resolve-startup-const-strings=true --generate-mini-debug-info --runtime-arg -Xtarget-sdk-version:34 --runtime-arg -Xms64m --runtime-arg -Xmx512m --comments=app-version-name:14,app-version-code:34,art-version:342090000
04-15 17:04:22.539 699 699 I dex2oat64: /apex/com.android.art/bin/dex2oat64 --output-vdex-fd=9 --class-loader-context-fds=11:12:13 --class-loader-context=PCL[]{PCL[/system_ext/framework/androidx.window.extensions.jar]#PCL[/system_ext/framework/androidx.window.sidecar.jar]#PCL[/system/framework/org.apache.http.legacy.jar]} --classpath-dir=/apex/com.android.healthfitness/priv-app/HealthConnectController@UE1A.230829.036.A1 --compiler-filter=verify --compilation-reason=first-boot --compact-dex-level=none --max-image-block-size=524288 --resolve-startup-const-strings=true --generate-mini-debug-info --comments=app-version-name:14,app-version-code:34,art-version:342090000
04-15 17:04:22.742 699 699 I dex2oat64: Using CollectorTypeCC GC.
04-15 17:04:27.816 699 699 I dex2oat64: dex2oat took 5.399s (5.732s cpu) (threads: 2) arena alloc=0B (0B) java alloc=4259KB (4361728B) native alloc=1739KB (1781568B) free=976KB (1000176B)
04-15 17:04:27.887 668 684 I artd : dex2oat returned code 0
04-15 17:04:27.939 540 666 I ArtService: Dexopt result: [packageName = com.android.healthconnect.controller] DexContainerFileDexoptResult{dexContainerFile=/apex/com.android.healthfitness/priv-app/HealthConnectController@UE1A.230829.036.A1/HealthConnectController.apk, primaryAbi=true, abi=x86_64, actualCompilerFilter=verify, status=PERFORMED, dex2oatWallTimeMillis=6253, dex2oatCpuTimeMillis=6340, sizeBytes=120788, sizeBeforeBytes=0}
04-15 17:04:27.960 668 684 W ziparchive: Unable to open '/apex/com.android.healthfitness/app/HealthConnectBackupRestore@UE1A.230829.036.A1/HealthConnectBackupRestore.dm': No such file or directory
04-15 17:04:27.961 668 684 W ziparchive: Unable to open '/apex/com.android.healthfitness/app/HealthConnectBackupRestore@UE1A.230829.036.A1/HealthConnectBackupRestore.dm': No such file or directory
04-15 17:04:27.979 668 684 I artd : Running dex2oat: /apex/com.android.art/bin/art_exec --drop-capabilities --keep-fds=7:8:9:10 -- /apex/com.android.art/bin/dex2oat64 --zip-fd=7 --zip-location=/apex/com.android.healthfitness/app/HealthConnectBackupRestore@UE1A.230829.036.A1/HealthConnectBackupRestore.apk --oat-fd=8 --oat-location=/data/dalvik-cache/x86_64/apex@com.android.healthfitness@app@HealthConnectBackupRestore@UE1A.230829.036.A1@HealthConnectBackupRestore.apk@classes.dex --output-vdex-fd=9 --swap-fd=10 --class-loader-context=PCL[] --classpath-dir=/apex/com.android.healthfitness/app/HealthConnectBackupRestore@UE1A.230829.036.A1 --instruction-set=x86_64 --instruction-set-features=default --instruction-set-variant=x86_64 --compiler-filter=verify --compilation-reason=first-boot --compact-dex-level=none --max-image-block-size=524288 --resolve-startup-const-strings=true --generate-mini-debug-info --runtime-arg -Xtarget-sdk-version:34 --runtime-arg -Xms64m --runtime-arg -Xmx512m --comments=app-version-name:14,app-version-code:34,art-version:342090000
04-15 17:04:27.979 668 684 I artd : Opened FDs: 7:/apex/com.android.healthfitness/app/HealthConnectBackupRestore@UE1A.230829.036.A1/HealthConnectBackupRestore.apk 8:/data/dalvik-cache/x86_64/apex@com.android.healthfitness@app@HealthConnectBackupRestore@UE1A.230829.036.A1@HealthConnectBackupRestore.apk@classes.dex.JkqV4E.tmp 9:/data/dalvik-cache/x86_64/apex@com.android.healthfitness@app@HealthConnectBackupRestore@UE1A.230829.036.A1@HealthConnectBackupRestore.apk@classes.vdex.0M9I46.tmp 10:/data/dalvik-cache/x86_64/apex@com.android.healthfitness@app@HealthConnectBackupRestore@UE1A.230829.036.A1@HealthConnectBackupRestore.apk@classes.dex.swap.5WgOly.tmp
04-15 17:04:28.855 709 709 W dex2oat64: Unexpected CPU variant for x86: x86_64.
04-15 17:04:28.855 709 709 W dex2oat64: Known variants: atom, sandybridge, silvermont, goldmont, goldmont-plus, tremont, kabylake, default
04-15 17:04:28.899 709 709 W dex2oat64: Mismatch between dex2oat instruction set features to use (ISA: X86_64 Feature string: -ssse3,-sse4.1,-sse4.2,-avx,-avx2,-popcnt) and those from CPP defines (ISA: X86_64 Feature string: ssse3,sse4.1,sse4.2,-avx,-avx2,popcnt) for the command line:
04-15 17:04:28.899 709 709 W dex2oat64: /apex/com.android.art/bin/dex2oat64 --zip-fd=7 --zip-location=/apex/com.android.healthfitness/app/HealthConnectBackupRestore@UE1A.230829.036.A1/HealthConnectBackupRestore.apk --oat-fd=8 --oat-location=/data/dalvik-cache/x86_64/apex@com.android.healthfitness@app@HealthConnectBackupRestore@UE1A.230829.036.A1@HealthConnectBackupRestore.apk@classes.dex --output-vdex-fd=9 --swap-fd=10 --class-loader-context=PCL[] --classpath-dir=/apex/com.android.healthfitness/app/HealthConnectBackupRestore@UE1A.230829.036.A1 --instruction-set=x86_64 --instruction-set-features=default --instruction-set-variant=x86_64 --compiler-filter=verify --compilation-reason=first-boot --compact-dex-level=none --max-image-block-size=524288 --resolve-startup-const-strings=true --generate-mini-debug-info --runtime-arg -Xtarget-sdk-version:34 --runtime-arg -Xms64m --runtime-arg -Xmx512m --comments=app-version-name:14,app-version-code:34,art-version:342090000
04-15 17:04:28.911 709 709 I dex2oat64: /apex/com.android.art/bin/dex2oat64 --output-vdex-fd=9 --class-loader-context=PCL[] --classpath-dir=/apex/com.android.healthfitness/app/HealthConnectBackupRestore@UE1A.230829.036.A1 --compiler-filter=verify --compilation-reason=first-boot --compact-dex-level=none --max-image-block-size=524288 --resolve-startup-const-strings=true --generate-mini-debug-info --comments=app-version-name:14,app-version-code:34,art-version:342090000
04-15 17:04:29.019 709 709 I dex2oat64: Using CollectorTypeCC GC.
04-15 17:04:30.499 709 709 I dex2oat64: dex2oat took 1.679s (1.276s cpu) (threads: 2) arena alloc=0B (0B) java alloc=32KB (32768B) native alloc=1100KB (1126608B) free=915KB (937312B)
04-15 17:04:30.551 668 684 I artd : dex2oat returned code 0
04-15 17:04:30.570 540 666 I ArtService: Dexopt result: [packageName = com.android.health.connect.backuprestore] DexContainerFileDexoptResult{dexContainerFile=/apex/com.android.healthfitness/app/HealthConnectBackupRestore@UE1A.230829.036.A1/HealthConnectBackupRestore.apk, primaryAbi=true, abi=x86_64, actualCompilerFilter=verify, status=PERFORMED, dex2oatWallTimeMillis=2542, dex2oatCpuTimeMillis=2050, sizeBytes=17456, sizeBeforeBytes=0}
04-15 17:04:30.614 668 684 W ziparchive: Unable to open '/apex/com.android.ondevicepersonalization/app/FederatedCompute@UE1A.230829.036.A1/FederatedCompute.dm': No such file or directory
04-15 17:04:30.617 668 684 W ziparchive: Unable to open '/apex/com.android.ondevicepersonalization/app/FederatedCompute@UE1A.230829.036.A1/FederatedCompute.dm': No such file or directory
04-15 17:04:30.683 668 684 I artd : Running dex2oat: /apex/com.android.art/bin/art_exec --drop-capabilities --keep-fds=7:8:9:10 -- /apex/com.android.art/bin/dex2oat64 --zip-fd=7 --zip-location=/apex/com.android.ondevicepersonalization/app/FederatedCompute@UE1A.230829.036.A1/FederatedCompute.apk --oat-fd=8 --oat-location=/data/dalvik-cache/x86_64/apex@com.android.ondevicepersonalization@app@FederatedCompute@UE1A.230829.036.A1@FederatedCompute.apk@classes.dex --output-vdex-fd=9 --swap-fd=10 --class-loader-context=PCL[] --classpath-dir=/apex/com.android.ondevicepersonalization/app/FederatedCompute@UE1A.230829.036.A1 --instruction-set=x86_64 --instruction-set-features=default --instruction-set-variant=x86_64 --compiler-filter=verify --compilation-reason=first-boot --compact-dex-level=none --max-image-block-size=524288 --resolve-startup-const-strings=true --generate-mini-debug-info --runtime-arg -Xtarget-sdk-version:34 --runtime-arg -Xms64m --runtime-arg -Xmx512m --comments=app-version-name:T-initial,app-version-code:1,art-version:342090000
04-15 17:04:30.683 668 684 I artd : Opened FDs: 7:/apex/com.android.ondevicepersonalization/app/FederatedCompute@UE1A.230829.036.A1/FederatedCompute.apk 8:/data/dalvik-cache/x86_64/apex@com.android.ondevicepersonalization@app@FederatedCompute@UE1A.230829.036.A1@FederatedCompute.apk@classes.dex.2FCe6F.tmp 9:/data/dalvik-cache/x86_64/apex@com.android.ondevicepersonalization@app@FederatedCompute@UE1A.230829.036.A1@FederatedCompute.apk@classes.vdex.RbVukZ.tmp 10:/data/dalvik-cache/x86_64/apex@com.android.ondevicepersonalization@app@FederatedCompute@UE1A.230829.036.A1@FederatedCompute.apk@classes.dex.swap.X00qY7.tmp
04-15 17:04:31.226 715 715 W dex2oat64: Unexpected CPU variant for x86: x86_64.
04-15 17:04:31.226 715 715 W dex2oat64: Known variants: atom, sandybridge, silvermont, goldmont, goldmont-plus, tremont, kabylake, default
04-15 17:04:31.266 715 715 W dex2oat64: Mismatch between dex2oat instruction set features to use (ISA: X86_64 Feature string: -ssse3,-sse4.1,-sse4.2,-avx,-avx2,-popcnt) and those from CPP defines (ISA: X86_64 Feature string: ssse3,sse4.1,sse4.2,-avx,-avx2,popcnt) for the command line:
04-15 17:04:31.266 715 715 W dex2oat64: /apex/com.android.art/bin/dex2oat64 --zip-fd=7 --zip-location=/apex/com.android.ondevicepersonalization/app/FederatedCompute@UE1A.230829.036.A1/FederatedCompute.apk --oat-fd=8 --oat-location=/data/dalvik-cache/x86_64/apex@com.android.ondevicepersonalization@app@FederatedCompute@UE1A.230829.036.A1@FederatedCompute.apk@classes.dex --output-vdex-fd=9 --swap-fd=10 --class-loader-context=PCL[] --classpath-dir=/apex/com.android.ondevicepersonalization/app/FederatedCompute@UE1A.230829.036.A1 --instruction-set=x86_64 --instruction-set-features=default --instruction-set-variant=x86_64 --compiler-filter=verify --compilation-reason=first-boot --compact-dex-level=none --max-image-block-size=524288 --resolve-startup-const-strings=true --generate-mini-debug-info --runtime-arg -Xtarget-sdk-version:34 --runtime-arg -Xms64m --runtime-arg -Xmx512m --comments=app-version-name:T-initial,app-version-code:1,art-version:342090000
04-15 17:04:31.270 715 715 I dex2oat64: /apex/com.android.art/bin/dex2oat64 --output-vdex-fd=9 --class-loader-context=PCL[] --classpath-dir=/apex/com.android.ondevicepersonalization/app/FederatedCompute@UE1A.230829.036.A1 --compiler-filter=verify --compilation-reason=first-boot --compact-dex-level=none --max-image-block-size=524288 --resolve-startup-const-strings=true --generate-mini-debug-info --comments=app-version-name:T-initial,app-version-code:1,art-version:342090000
04-15 17:04:31.358 715 715 I dex2oat64: Using CollectorTypeCC GC.
04-15 17:04:32.544 715 715 I dex2oat64: dex2oat took 1.351s (1.126s cpu) (threads: 2) arena alloc=0B (0B) java alloc=64KB (65824B) native alloc=1107KB (1134256B) free=829KB (849088B)
04-15 17:04:32.578 668 684 I artd : dex2oat returned code 0
04-15 17:04:32.620 540 666 I ArtService: Dexopt result: [packageName = com.android.federatedcompute.services] DexContainerFileDexoptResult{dexContainerFile=/apex/com.android.ondevicepersonalization/app/FederatedCompute@UE1A.230829.036.A1/FederatedCompute.apk, primaryAbi=true, abi=x86_64, actualCompilerFilter=verify, status=PERFORMED, dex2oatWallTimeMillis=1887, dex2oatCpuTimeMillis=1570, sizeBytes=23236, sizeBeforeBytes=0}
04-15 17:04:32.650 668 684 W ziparchive: Unable to open '/apex/com.android.permission/priv-app/SafetyCenterResources@UE1A.230829.036.A1/SafetyCenterResources.dm': No such file or directory
04-15 17:04:32.651 668 684 W ziparchive: Unable to open '/apex/com.android.permission/priv-app/SafetyCenterResources@UE1A.230829.036.A1/SafetyCenterResources.dm': No such file or directory
04-15 17:04:32.672 540 666 I ArtService: Dexopt result: [packageName = com.android.safetycenter.resources] DexContainerFileDexoptResult{dexContainerFile=/apex/com.android.permission/priv-app/SafetyCenterResources@UE1A.230829.036.A1/SafetyCenterResources.apk, primaryAbi=true, abi=x86_64, actualCompilerFilter=verify, status=SKIPPED, dex2oatWallTimeMillis=0, dex2oatCpuTimeMillis=0, sizeBytes=0, sizeBeforeBytes=0}
04-15 17:04:32.689 668 684 W ziparchive: Unable to open '/apex/com.android.wifi/app/WifiDialog@UE1A.230829.036.A1/WifiDialog.dm': No such file or directory
04-15 17:04:32.690 668 684 W ziparchive: Unable to open '/apex/com.android.wifi/app/WifiDialog@UE1A.230829.036.A1/WifiDialog.dm': No such file or directory
04-15 17:04:32.730 668 684 I artd : Running dex2oat: /apex/com.android.art/bin/art_exec --drop-capabilities --keep-fds=7:8:9:10 -- /apex/com.android.art/bin/dex2oat64 --zip-fd=7 --zip-location=/apex/com.android.wifi/app/WifiDialog@UE1A.230829.036.A1/WifiDialog.apk --oat-fd=8 --oat-location=/data/dalvik-cache/x86_64/apex@com.android.wifi@app@WifiDialog@UE1A.230829.036.A1@WifiDialog.apk@classes.dex --output-vdex-fd=9 --swap-fd=10 --class-loader-context=PCL[] --classpath-dir=/apex/com.android.wifi/app/WifiDialog@UE1A.230829.036.A1 --instruction-set=x86_64 --instruction-set-features=default --instruction-set-variant=x86_64 --compiler-filter=verify --compilation-reason=first-boot --compact-dex-level=none --max-image-block-size=524288 --resolve-startup-const-strings=true --generate-mini-debug-info --runtime-arg -Xtarget-sdk-version:34 --runtime-arg -Xms64m --runtime-arg -Xmx512m --comments=app-version-name:14,app-version-code:34,art-version:342090000
04-15 17:04:32.730 668 684 I artd : Opened FDs: 7:/apex/com.android.wifi/app/WifiDialog@UE1A.230829.036.A1/WifiDialog.apk 8:/data/dalvik-cache/x86_64/apex@com.android.wifi@app@WifiDialog@UE1A.230829.036.A1@WifiDialog.apk@classes.dex.a6eHkA.tmp 9:/data/dalvik-cache/x86_64/apex@com.android.wifi@app@WifiDialog@UE1A.230829.036.A1@WifiDialog.apk@classes.vdex.JNQPwR.tmp 10:/data/dalvik-cache/x86_64/apex@com.android.wifi@app@WifiDialog@UE1A.230829.036.A1@WifiDialog.apk@classes.dex.swap.uzDyii.tmp
04-15 17:04:33.291 721 721 W dex2oat64: Unexpected CPU variant for x86: x86_64.
04-15 17:04:33.291 721 721 W dex2oat64: Known variants: atom, sandybridge, silvermont, goldmont, goldmont-plus, tremont, kabylake, default
04-15 17:04:33.433 721 721 W dex2oat64: Mismatch between dex2oat instruction set features to use (ISA: X86_64 Feature string: -ssse3,-sse4.1,-sse4.2,-avx,-avx2,-popcnt) and those from CPP defines (ISA: X86_64 Feature string: ssse3,sse4.1,sse4.2,-avx,-avx2,popcnt) for the command line:
04-15 17:04:33.433 721 721 W dex2oat64: /apex/com.android.art/bin/dex2oat64 --zip-fd=7 --zip-location=/apex/com.android.wifi/app/WifiDialog@UE1A.230829.036.A1/WifiDialog.apk --oat-fd=8 --oat-location=/data/dalvik-cache/x86_64/apex@com.android.wifi@app@WifiDialog@UE1A.230829.036.A1@WifiDialog.apk@classes.dex --output-vdex-fd=9 --swap-fd=10 --class-loader-context=PCL[] --classpath-dir=/apex/com.android.wifi/app/WifiDialog@UE1A.230829.036.A1 --instruction-set=x86_64 --instruction-set-features=default --instruction-set-variant=x86_64 --compiler-filter=verify --compilation-reason=first-boot --compact-dex-level=none --max-image-block-size=524288 --resolve-startup-const-strings=true --generate-mini-debug-info --runtime-arg -Xtarget-sdk-version:34 --runtime-arg -Xms64m --runtime-arg -Xmx512m --comments=app-version-name:14,app-version-code:34,art-version:342090000
04-15 17:04:33.447 721 721 I dex2oat64: /apex/com.android.art/bin/dex2oat64 --output-vdex-fd=9 --class-loader-context=PCL[] --classpath-dir=/apex/com.android.wifi/app/WifiDialog@UE1A.230829.036.A1 --compiler-filter=verify --compilation-reason=first-boot --compact-dex-level=none --max-image-block-size=524288 --resolve-startup-const-strings=true --generate-mini-debug-info --comments=app-version-name:14,app-version-code:34,art-version:342090000
04-15 17:04:33.559 721 721 I dex2oat64: Using CollectorTypeCC GC.
04-15 17:04:35.501 721 721 I dex2oat64: dex2oat took 2.242s (1.900s cpu) (threads: 2) arena alloc=0B (0B) java alloc=866KB (887744B) native alloc=1166KB (1194016B) free=829KB (849424B)
04-15 17:04:35.527 668 684 I artd : dex2oat returned code 0
04-15 17:04:35.541 540 666 I ArtService: Dexopt result: [packageName = com.android.wifi.dialog] DexContainerFileDexoptResult{dexContainerFile=/apex/com.android.wifi/app/WifiDialog@UE1A.230829.036.A1/WifiDialog.apk, primaryAbi=true, abi=x86_64, actualCompilerFilter=verify, status=PERFORMED, dex2oatWallTimeMillis=2795, dex2oatCpuTimeMillis=2340, sizeBytes=39140, sizeBeforeBytes=0}
04-15 17:04:35.550 668 684 W ziparchive: Unable to open '/apex/com.android.rkpd/priv-app/rkpdapp@UE1A.230829.036.A1/rkpdapp.dm': No such file or directory
04-15 17:04:35.551 668 684 W ziparchive: Unable to open '/apex/com.android.rkpd/priv-app/rkpdapp@UE1A.230829.036.A1/rkpdapp.dm': No such file or directory
04-15 17:04:35.578 668 722 I artd : Running dex2oat: /apex/com.android.art/bin/art_exec --drop-capabilities --keep-fds=7:8:9:10 -- /apex/com.android.art/bin/dex2oat64 --zip-fd=7 --zip-location=/apex/com.android.rkpd/priv-app/rkpdapp@UE1A.230829.036.A1/rkpdapp.apk --oat-fd=8 --oat-location=/data/dalvik-cache/x86_64/apex@com.android.rkpd@priv-app@rkpdapp@UE1A.230829.036.A1@rkpdapp.apk@classes.dex --output-vdex-fd=9 --swap-fd=10 --class-loader-context=PCL[] --classpath-dir=/apex/com.android.rkpd/priv-app/rkpdapp@UE1A.230829.036.A1 --instruction-set=x86_64 --instruction-set-features=default --instruction-set-variant=x86_64 --compiler-filter=verify --compilation-reason=first-boot --compact-dex-level=none --max-image-block-size=524288 --resolve-startup-const-strings=true --generate-mini-debug-info --runtime-arg -Xtarget-sdk-version:34 --runtime-arg -Xms64m --runtime-arg -Xmx512m --comments=app-version-name:14,app-version-code:34,art-version:342090000
04-15 17:04:35.578 668 722 I artd : Opened FDs: 7:/apex/com.android.rkpd/priv-app/rkpdapp@UE1A.230829.036.A1/rkpdapp.apk 8:/data/dalvik-cache/x86_64/apex@com.android.rkpd@priv-app@rkpdapp@UE1A.230829.036.A1@rkpdapp.apk@classes.dex.DSDt2M.tmp 9:/data/dalvik-cache/x86_64/apex@com.android.rkpd@priv-app@rkpdapp@UE1A.230829.036.A1@rkpdapp.apk@classes.vdex.P2iZfV.tmp 10:/data/dalvik-cache/x86_64/apex@com.android.rkpd@priv-app@rkpdapp@UE1A.230829.036.A1@rkpdapp.apk@classes.dex.swap.Qq4zoc.tmp
04-15 17:04:36.081 728 728 W dex2oat64: Unexpected CPU variant for x86: x86_64.
04-15 17:04:36.081 728 728 W dex2oat64: Known variants: atom, sandybridge, silvermont, goldmont, goldmont-plus, tremont, kabylake, default
04-15 17:04:36.115 728 728 W dex2oat64: Mismatch between dex2oat instruction set features to use (ISA: X86_64 Feature string: -ssse3,-sse4.1,-sse4.2,-avx,-avx2,-popcnt) and those from CPP defines (ISA: X86_64 Feature string: ssse3,sse4.1,sse4.2,-avx,-avx2,popcnt) for the command line:
04-15 17:04:36.115 728 728 W dex2oat64: /apex/com.android.art/bin/dex2oat64 --zip-fd=7 --zip-location=/apex/com.android.rkpd/priv-app/rkpdapp@UE1A.230829.036.A1/rkpdapp.apk --oat-fd=8 --oat-location=/data/dalvik-cache/x86_64/apex@com.android.rkpd@priv-app@rkpdapp@UE1A.230829.036.A1@rkpdapp.apk@classes.dex --output-vdex-fd=9 --swap-fd=10 --class-loader-context=PCL[] --classpath-dir=/apex/com.android.rkpd/priv-app/rkpdapp@UE1A.230829.036.A1 --instruction-set=x86_64 --instruction-set-features=default --instruction-set-variant=x86_64 --compiler-filter=verify --compilation-reason=first-boot --compact-dex-level=none --max-image-block-size=524288 --resolve-startup-const-strings=true --generate-mini-debug-info --runtime-arg -Xtarget-sdk-version:34 --runtime-arg -Xms64m --runtime-arg -Xmx512m --comments=app-version-name:14,app-version-code:34,art-version:342090000
04-15 17:04:36.122 728 728 I dex2oat64: /apex/com.android.art/bin/dex2oat64 --output-vdex-fd=9 --class-loader-context=PCL[] --classpath-dir=/apex/com.android.rkpd/priv-app/rkpdapp@UE1A.230829.036.A1 --compiler-filter=verify --compilation-reason=first-boot --compact-dex-level=none --max-image-block-size=524288 --resolve-startup-const-strings=true --generate-mini-debug-info --comments=app-version-name:14,app-version-code:34,art-version:342090000
04-15 17:04:36.212 728 728 I dex2oat64: Using CollectorTypeCC GC.
04-15 17:04:38.076 728 728 I dex2oat64: dex2oat took 2.033s (1.747s cpu) (threads: 2) arena alloc=0B (0B) java alloc=496KB (508240B) native alloc=1205KB (1234912B) free=781KB (800016B)
04-15 17:04:38.103 668 722 I artd : dex2oat returned code 0
04-15 17:04:38.109 540 666 I ArtService: Dexopt result: [packageName = com.android.rkpdapp] DexContainerFileDexoptResult{dexContainerFile=/apex/com.android.rkpd/priv-app/rkpdapp@UE1A.230829.036.A1/rkpdapp.apk, primaryAbi=true, abi=x86_64, actualCompilerFilter=verify, status=PERFORMED, dex2oatWallTimeMillis=2521, dex2oatCpuTimeMillis=2150, sizeBytes=42040, sizeBeforeBytes=0}
04-15 17:04:38.125 668 722 W ziparchive: Unable to open '/apex/com.android.cellbroadcast/priv-app/CellBroadcastServiceModule@UE1A.230829.036.A1/CellBroadcastServiceModule.dm': No such file or directory
04-15 17:04:38.125 668 722 W ziparchive: Unable to open '/apex/com.android.cellbroadcast/priv-app/CellBroadcastServiceModule@UE1A.230829.036.A1/CellBroadcastServiceModule.dm': No such file or directory
04-15 17:04:38.139 668 722 I artd : Running dex2oat: /apex/com.android.art/bin/art_exec --drop-capabilities --keep-fds=7:8:9:10 -- /apex/com.android.art/bin/dex2oat64 --zip-fd=7 --zip-location=/apex/com.android.cellbroadcast/priv-app/CellBroadcastServiceModule@UE1A.230829.036.A1/CellBroadcastServiceModule.apk --oat-fd=8 --oat-location=/data/dalvik-cache/x86_64/apex@com.android.cellbroadcast@priv-app@CellBroadcastServiceModule@UE1A.230829.036.A1@CellBroadcastServiceModule.apk@classes.dex --output-vdex-fd=9 --swap-fd=10 --class-loader-context=PCL[] --classpath-dir=/apex/com.android.cellbroadcast/priv-app/CellBroadcastServiceModule@UE1A.230829.036.A1 --instruction-set=x86_64 --instruction-set-features=default --instruction-set-variant=x86_64 --compiler-filter=verify --compilation-reason=first-boot --compact-dex-level=none --max-image-block-size=524288 --resolve-startup-const-strings=true --generate-mini-debug-info --runtime-arg -Xtarget-sdk-version:34 --runtime-arg -Xms64m --runtime-arg -Xmx512m --comments=app-version-name:R-initial,app-version-code:300000000,art-version:342090000
04-15 17:04:38.139 668 722 I artd : Opened FDs: 7:/apex/com.android.cellbroadcast/priv-app/CellBroadcastServiceModule@UE1A.230829.036.A1/CellBroadcastServiceModule.apk 8:/data/dalvik-cache/x86_64/apex@com.android.cellbroadcast@priv-app@CellBroadcastServiceModule@UE1A.230829.036.A1@CellBroadcastServiceModule.apk@classes.dex.g9Gc0h.tmp 9:/data/dalvik-cache/x86_64/apex@com.android.cellbroadcast@priv-app@CellBroadcastServiceModule@UE1A.230829.036.A1@CellBroadcastServiceModule.apk@classes.vdex.J1Ox9Q.tmp 10:/data/dalvik-cache/x86_64/apex@com.android.cellbroadcast@priv-app@CellBroadcastServiceModule@UE1A.230829.036.A1@CellBroadcastServiceModule.apk@classes.dex.swap.QDTFUf.tmp
04-15 17:04:38.749 734 734 W dex2oat64: Unexpected CPU variant for x86: x86_64.
04-15 17:04:38.749 734 734 W dex2oat64: Known variants: atom, sandybridge, silvermont, goldmont, goldmont-plus, tremont, kabylake, default
04-15 17:04:38.792 734 734 W dex2oat64: Mismatch between dex2oat instruction set features to use (ISA: X86_64 Feature string: -ssse3,-sse4.1,-sse4.2,-avx,-avx2,-popcnt) and those from CPP defines (ISA: X86_64 Feature string: ssse3,sse4.1,sse4.2,-avx,-avx2,popcnt) for the command line:
04-15 17:04:38.792 734 734 W dex2oat64: /apex/com.android.art/bin/dex2oat64 --zip-fd=7 --zip-location=/apex/com.android.cellbroadcast/priv-app/CellBroadcastServiceModule@UE1A.230829.036.A1/CellBroadcastServiceModule.apk --oat-fd=8 --oat-location=/data/dalvik-cache/x86_64/apex@com.android.cellbroadcast@priv-app@CellBroadcastServiceModule@UE1A.230829.036.A1@CellBroadcastServiceModule.apk@classes.dex --output-vdex-fd=9 --swap-fd=10 --class-loader-context=PCL[] --classpath-dir=/apex/com.android.cellbroadcast/priv-app/CellBroadcastServiceModule@UE1A.230829.036.A1 --instruction-set=x86_64 --instruction-set-features=default --instruction-set-variant=x86_64 --compiler-filter=verify --compilation-reason=first-boot --compact-dex-level=none --max-image-block-size=524288 --resolve-startup-const-strings=true --generate-mini-debug-info --runtime-arg -Xtarget-sdk-version:34 --runtime-arg -Xms64m --runtime-arg -Xmx512m --comments=app-version-name:R-initial,app-version-code:300000000,art-version:342090000
04-15 17:04:38.795 734 734 I dex2oat64: /apex/com.android.art/bin/dex2oat64 --output-vdex-fd=9 --class-loader-context=PCL[] --classpath-dir=/apex/com.android.cellbroadcast/priv-app/CellBroadcastServiceModule@UE1A.230829.036.A1 --compiler-filter=verify --compilation-reason=first-boot --compact-dex-level=none --max-image-block-size=524288 --resolve-startup-const-strings=true --generate-mini-debug-info --comments=app-version-name:R-initial,app-version-code:300000000,art-version:342090000
04-15 17:04:38.877 734 734 I dex2oat64: Using CollectorTypeCC GC.
04-15 17:04:40.200 734 734 I dex2oat64: dex2oat took 1.549s (1.290s cpu) (threads: 2) arena alloc=0B (0B) java alloc=64KB (66032B) native alloc=1110KB (1137584B) free=817KB (837440B)
04-15 17:04:40.249 668 722 I artd : dex2oat returned code 0
04-15 17:04:40.258 540 666 I ArtService: Dexopt result: [packageName = com.android.cellbroadcastservice] DexContainerFileDexoptResult{dexContainerFile=/apex/com.android.cellbroadcast/priv-app/CellBroadcastServiceModule@UE1A.230829.036.A1/CellBroadcastServiceModule.apk, primaryAbi=true, abi=x86_64, actualCompilerFilter=verify, status=PERFORMED, dex2oatWallTimeMillis=2101, dex2oatCpuTimeMillis=1690, sizeBytes=23252, sizeBeforeBytes=0}
04-15 17:04:40.286 668 722 W ziparchive: Unable to open '/apex/com.android.extservices/priv-app/ExtServices@UE1A.230829.036.A1/ExtServices.dm': No such file or directory
04-15 17:04:40.287 668 722 W ziparchive: Unable to open '/apex/com.android.extservices/priv-app/ExtServices@UE1A.230829.036.A1/ExtServices.dm': No such file or directory
