04-15 17:05:35.615 540 540 V GameManagerService_GameManagerSettings: Settings file doesn't exist, skip reading
04-15 17:05:35.619 540 540 V SystemServerTimingAsync: ssm.onStartUser-0_com.android.server.app.GameManagerService$Lifecycle took to complete: 12ms
04-15 17:05:35.622 540 540 D SystemServerTimingAsync: ssm.onStartUser-0_com.android.safetycenter.SafetyCenterService
04-15 17:05:35.623 540 540 V SystemServerTimingAsync: ssm.onStartUser-0_com.android.safetycenter.SafetyCenterService took to complete: 0ms
04-15 17:05:35.623 540 540 D SystemServerTimingAsync: ssm.onStartUser-0_com.android.server.appsearch.AppSearchModule$Lifecycle
04-15 17:05:35.623 540 540 V SystemServerTimingAsync: ssm.onStartUser-0_com.android.server.appsearch.AppSearchModule$Lifecycle took to complete: 0ms
04-15 17:05:35.623 540 540 D SystemServerTimingAsync: ssm.onStartUser-0_com.android.server.media.MediaCommunicationService
04-15 17:05:35.628 540 540 V SystemServerTimingAsync: ssm.onStartUser-0_com.android.server.media.MediaCommunicationService took to complete: 4ms
04-15 17:05:35.636 540 540 D SystemServerTimingAsync: ssm.onStartUser-0_com.android.server.compat.overrides.AppCompatOverridesService$Lifecycle
04-15 17:05:35.636 540 540 V SystemServerTimingAsync: ssm.onStartUser-0_com.android.server.compat.overrides.AppCompatOverridesService$Lifecycle took to complete: 0ms
04-15 17:05:35.644 540 540 D SystemServerTimingAsync: ssm.onStartUser-0_com.android.server.healthconnect.HealthConnectManagerService
04-15 17:05:35.646 540 540 V SystemServerTimingAsync: ssm.onStartUser-0_com.android.server.healthconnect.HealthConnectManagerService took to complete: 0ms
04-15 17:05:35.646 540 540 V SystemServerTimingAsync: ssm.StartUser-0 took to complete: 3200ms
04-15 17:05:35.648 540 540 D SystemServerTiming: startPersistentApps
04-15 17:05:35.682 540 540 D CompatibilityChangeReporter: Compat change id reported: 135634846; UID 1068; state: DISABLED
04-15 17:05:35.709 540 573 W ActivityManager: com.android.se inode == 0 (b/152760674)
04-15 17:05:35.715 540 540 D CompatibilityChangeReporter: Compat change id reported: 135634846; UID 1001; state: DISABLED
04-15 17:05:35.717 540 540 D CompatibilityChangeReporter: Compat change id reported: 177438394; UID 1001; state: DISABLED
04-15 17:05:35.718 540 540 D CompatibilityChangeReporter: Compat change id reported: 135772972; UID 1001; state: DISABLED
04-15 17:05:35.719 540 540 D CompatibilityChangeReporter: Compat change id reported: 135754954; UID 1001; state: ENABLED
04-15 17:05:35.732 540 540 V SystemServerTiming: startPersistentApps took to complete: 84ms
04-15 17:05:35.743 331 331 D Zygote : Forked child process 1122
04-15 17:05:35.745 540 540 D SystemServerTiming: startHomeOnAllDisplays
04-15 17:05:35.756 540 573 W ActivityManager: Slow operation: 69ms so far, now at startProcess: returned from zygote!
04-15 17:05:35.822 1122 1122 I com.android.se: Using CollectorTypeCC GC.
04-15 17:05:35.833 1122 1122 W com.android.se: Unexpected CPU variant for x86: x86_64.
04-15 17:05:35.833 1122 1122 W com.android.se: Known variants: atom, sandybridge, silvermont, goldmont, goldmont-plus, tremont, kabylake, default
04-15 17:05:35.862 540 540 D CompatibilityChangeReporter: Compat change id reported: 265464455; UID 1000; state: DISABLED
04-15 17:05:35.863 540 540 D CompatibilityChangeReporter: Compat change id reported: 265452344; UID 1000; state: DISABLED
04-15 17:05:35.868 540 540 D CompatibilityChangeReporter: Compat change id reported: 266124927; UID 1000; state: DISABLED
04-15 17:05:35.869 540 540 D CompatibilityChangeReporter: Compat change id reported: 265451093; UID 1000; state: DISABLED
04-15 17:05:35.870 540 540 D CompatibilityChangeReporter: Compat change id reported: 265456536; UID 1000; state: DISABLED
04-15 17:05:35.870 540 540 D CompatibilityChangeReporter: Compat change id reported: 255940284; UID 1000; state: DISABLED
04-15 17:05:35.871 540 540 D CompatibilityChangeReporter: Compat change id reported: 236283604; UID 1000; state: DISABLED
04-15 17:05:35.876 540 540 D CompatibilityChangeReporter: Compat change id reported: 263959004; UID 1000; state: DISABLED
04-15 17:05:35.877 540 540 D CompatibilityChangeReporter: Compat change id reported: 264304459; UID 1000; state: DISABLED
04-15 17:05:35.877 540 540 D CompatibilityChangeReporter: Compat change id reported: 264301586; UID 1000; state: DISABLED
04-15 17:05:35.878 540 540 D CompatibilityChangeReporter: Compat change id reported: 254631730; UID 1000; state: DISABLED
04-15 17:05:35.879 540 540 D CompatibilityChangeReporter: Compat change id reported: 273509367; UID 1000; state: DISABLED
04-15 17:05:35.879 540 540 D CompatibilityChangeReporter: Compat change id reported: 263259275; UID 1000; state: DISABLED
04-15 17:05:35.884 540 540 D CompatibilityChangeReporter: Compat change id reported: 174042980; UID 1000; state: DISABLED
04-15 17:05:35.885 540 540 D CompatibilityChangeReporter: Compat change id reported: 174042936; UID 1000; state: DISABLED
04-15 17:05:35.886 540 540 D CompatibilityChangeReporter: Compat change id reported: 181136395; UID 1000; state: DISABLED
04-15 17:05:35.925 1122 1122 E com.android.se: Not starting debugger since process cannot load the jdwp agent.
04-15 17:05:35.939 540 540 D CompatibilityChangeReporter: Compat change id reported: 194480991; UID 1000; state: ENABLED
04-15 17:05:36.065 540 540 D CompatibilityChangeReporter: Compat change id reported: 197654537; UID 1000; state: ENABLED
04-15 17:05:36.077 363 363 I android.hardware.power-service.example: Power isModeSupported: 5
04-15 17:05:36.094 540 540 I ActivityTaskManager: START u0 {act=android.intent.action.MAIN cat=[android.intent.category.HOME] flg=0x10000100 cmp=com.android.settings/.FallbackHome (has extras)} with LAUNCH_MULTIPLE from uid 0 (BAL_ALLOW_ALLOWLISTED_UID) result code=0
04-15 17:05:36.105 540 540 V SystemServerTiming: startHomeOnAllDisplays took to complete: 351ms
04-15 17:05:36.106 540 540 D SystemServerTiming: showSystemReadyErrorDialogs
04-15 17:05:36.107 540 540 I system_server: getFrameworkHalManifest: Reading VINTF information.
04-15 17:05:36.185 540 540 I system_server: getDeviceHalManifest: Reading VINTF information.
04-15 17:05:36.298 540 540 I system_server: getDeviceHalManifest: Successfully processed VINTF information
04-15 17:05:36.299 540 540 I system_server: getFrameworkHalManifest: Successfully processed VINTF information
04-15 17:05:36.305 540 540 W system_server: uname() reports kernel level 8 but device manifest sets kernel level 7. Using kernel level 8
04-15 17:05:36.305 540 540 I system_server: getFrameworkCompatibilityMatrix: Reading VINTF information.
04-15 17:05:36.642 540 540 I system_server: getFrameworkCompatibilityMatrix: Successfully processed VINTF information
04-15 17:05:36.643 540 540 I system_server: getDeviceCompatibilityMatrix: Reading VINTF information.
04-15 17:05:36.653 540 540 I system_server: getDeviceCompatibilityMatrix: Successfully processed VINTF information
04-15 17:05:36.664 540 540 V SystemServerTiming: showSystemReadyErrorDialogs took to complete: 558ms
04-15 17:05:36.665 540 540 D SystemServerTiming: sendUserStartBroadcast
04-15 17:05:36.671 540 540 V SystemServerTiming: sendUserStartBroadcast took to complete: 5ms
04-15 17:05:36.671 540 540 D SystemServerTiming: resumeTopActivities
04-15 17:05:36.679 540 540 V SystemServerTiming: resumeTopActivities took to complete: 3ms
04-15 17:05:36.682 540 540 D SystemServerTiming: sendUserSwitchBroadcasts
04-15 17:05:36.685 540 540 V SystemServerTiming: sendUserSwitchBroadcasts took to complete: 2ms
04-15 17:05:36.685 540 540 D SystemServerTiming: setBinderProxies
04-15 17:05:36.686 540 540 V SystemServerTiming: setBinderProxies took to complete: 0ms
04-15 17:05:36.687 540 540 V SystemServerTiming: ActivityManagerStartApps took to complete: 4243ms
04-15 17:05:36.687 540 540 D SystemServerTiming: componentAlias
04-15 17:05:36.693 540 540 D ComponentAliasResolver: Compat listener set.
04-15 17:05:36.694 540 540 V SystemServerTiming: componentAlias took to complete: 2ms
04-15 17:05:36.695 540 540 V SystemServerTiming: PhaseActivityManagerReady took to complete: 20613ms
04-15 17:05:36.695 540 540 D SystemServerTiming: LockSettingsThirdPartyAppsStarted
04-15 17:05:36.699 540 573 W system_server: Long monitor contention with owner main (540) at int com.android.server.am.UserController$Injector.broadcastIntent(android.content.Intent, java.lang.String, android.content.IIntentReceiver, int, java.lang.String, android.os.Bundle, java.lang.String[], int, android.os.Bundle, boolean, boolean, int, int, int, int, int)(UserController.java:3436) waiters=0 in void com.android.server.am.ProcessList.lambda$handleProcessStart$1(com.android.server.am.ProcessRecord, java.lang.String, int[], int, int, int, java.lang.String, java.lang.String, java.lang.String, long) for 940ms
04-15 17:05:36.703 540 540 I LockSettingsService: Migrating unsecured user 0 to SP-based credential
04-15 17:05:36.703 540 540 I LockSettingsService: Initializing synthetic password for user 0
04-15 17:05:36.711 540 573 W ActivityManager: Slow operation: 1031ms so far, now at startProcess: done updating battery stats
04-15 17:05:36.711 540 573 W ActivityManager: Slow operation: 1031ms so far, now at startProcess: building log message
04-15 17:05:36.711 540 573 I ActivityManager: Start proc 1122:com.android.se/1068 for added application com.android.se
04-15 17:05:36.715 540 573 W ActivityManager: Slow operation: 1035ms so far, now at startProcess: starting to update pids map
04-15 17:05:36.719 540 573 W ActivityManager: Slow operation: 1039ms so far, now at startProcess: done updating pids map
04-15 17:05:36.719 540 573 W ActivityManager: Slow operation: 1021ms so far, now at startProcess: asking zygote to start proc
04-15 17:05:36.722 540 969 W system_server: Long monitor contention with owner main (540) at int com.android.server.am.UserController$Injector.broadcastIntent(android.content.Intent, java.lang.String, android.content.IIntentReceiver, int, java.lang.String, android.os.Bundle, java.lang.String[], int, android.os.Bundle, boolean, boolean, int, int, int, int, int)(UserController.java:3436) waiters=1 in void com.android.server.am.ActivityManagerService.attachApplication(android.app.IApplicationThread, long) for 667ms
04-15 17:05:36.726 540 969 D CompatibilityChangeReporter: Compat change id reported: 168419799; UID 1068; state: DISABLED
04-15 17:05:36.728 540 969 D CompatibilityChangeReporter: Compat change id reported: 273564678; UID 1068; state: DISABLED
04-15 17:05:36.742 540 573 W ActivityManager: com.android.providers.telephony inode == 0 (b/152760674)
04-15 17:05:36.805 1122 1122 D CompatibilityChangeReporter: Compat change id reported: 171979766; UID 1068; state: ENABLED
04-15 17:05:36.809 1122 1122 D CompatibilityChangeReporter: Compat change id reported: 242716250; UID 1068; state: ENABLED
04-15 17:05:36.821 540 628 D CompatibilityChangeReporter: Compat change id reported: 265195908; UID 1068; state: ENABLED
04-15 17:05:36.855 331 331 D Zygote : Forked child process 1134
04-15 17:05:36.858 540 573 W ActivityManager: Slow operation: 1160ms so far, now at startProcess: returned from zygote!
04-15 17:05:36.859 540 573 W ActivityManager: Slow operation: 1161ms so far, now at startProcess: done updating battery stats
04-15 17:05:36.864 540 573 I Watchdog: Interesting Java process com.android.phone started. Pid 1134
04-15 17:05:36.871 540 573 W ActivityManager: Slow operation: 1173ms so far, now at startProcess: building log message
04-15 17:05:36.871 540 573 I ActivityManager: Start proc 1134:com.android.phone/1001 for added application com.android.phone
04-15 17:05:36.871 540 573 W ActivityManager: Slow operation: 1173ms so far, now at startProcess: starting to update pids map
04-15 17:05:36.873 540 573 W ActivityManager: Slow operation: 1175ms so far, now at startProcess: done updating pids map
04-15 17:05:36.873 540 573 W ActivityManager: Slow operation: 86ms so far, now at startProcess: asking zygote to start proc
04-15 17:05:36.874 540 573 W ActivityManager: com.android.inputdevices inode == 0 (b/152760674)
04-15 17:05:36.901 540 540 I SyntheticPasswordManager: Creating LSKF-based protector 99ffd56db2422458 for user 0
04-15 17:05:36.913 0 0 I servicemanager: Could not find android.hardware.weaver.IWeaver/default in the VINTF manifest.
04-15 17:05:36.915 1122 1122 D CompatibilityChangeReporter: Compat change id reported: 3400644; UID 1068; state: ENABLED
04-15 17:05:36.917 133 133 I hwservicemanager: getTransport: Cannot find entry android.hardware.weaver@1.0::IWeaver/default in either framework or device VINTF manifest.
04-15 17:05:36.918 540 820 D ConnectivityService: Got NetworkProvider Messenger for VpnNetworkProvider:0
04-15 17:05:36.921 540 540 W SyntheticPasswordManager: Device does not support weaver
04-15 17:05:36.987 1122 1122 D nativeloader: Configuring clns-shared-6 for other apk /system/app/SecureElement/SecureElement.apk. target_sdk_version=34, uses_libraries=, library_path=/system/app/SecureElement/lib/x86_64:/system/lib64:/system_ext/lib64, permitted_path=/data:/mnt/expand:/data/user/0/com.android.se:/system/app/SecureElement:/system/lib64:/system_ext/lib64
04-15 17:05:37.002 331 331 D Zygote : Forked child process 1137
04-15 17:05:37.028 540 573 W ActivityManager: Slow operation: 241ms so far, now at startProcess: returned from zygote!
04-15 17:05:37.030 540 573 W ActivityManager: Slow operation: 243ms so far, now at startProcess: done updating battery stats
04-15 17:05:37.040 540 573 W ActivityManager: Slow operation: 253ms so far, now at startProcess: building log message
04-15 17:05:37.041 540 573 I ActivityManager: Start proc 1137:com.android.settings/1000 for top-activity {com.android.settings/com.android.settings.FallbackHome}
04-15 17:05:37.041 540 573 W ActivityManager: Slow operation: 254ms so far, now at startProcess: starting to update pids map
04-15 17:05:37.042 540 573 W ActivityManager: Slow operation: 255ms so far, now at startProcess: done updating pids map
04-15 17:05:37.045 1134 1134 I m.android.phone: Using CollectorTypeCC GC.
04-15 17:05:37.062 1134 1134 W m.android.phone: Unexpected CPU variant for x86: x86_64.
04-15 17:05:37.062 1134 1134 W m.android.phone: Known variants: atom, sandybridge, silvermont, goldmont, goldmont-plus, tremont, kabylake, default
04-15 17:05:37.098 1106 1106 I bt_stack_config: packages/modules/Bluetooth/system/main/stack_config.cc:199 get_pts_broadcast_audio_config_options: Config isn't ready, use default option
04-15 17:05:37.130 156 165 E keystore2: system/security/keystore2/src/error.rs:180 - system/security/keystore2/src/security_level.rs:681: Trying to call importKey
04-15 17:05:37.130 156 165 E keystore2:
04-15 17:05:37.130 156 165 E keystore2: Caused by:
04-15 17:05:37.130 156 165 E keystore2: Error::Km(r#ROLLBACK_RESISTANCE_UNAVAILABLE)
04-15 17:05:37.142 1137 1137 I ndroid.settings: Using CollectorTypeCC GC.
04-15 17:05:37.149 1134 1134 E m.android.phone: Not starting debugger since process cannot load the jdwp agent.
04-15 17:05:37.153 1137 1137 W ndroid.settings: Unexpected CPU variant for x86: x86_64.
04-15 17:05:37.153 1137 1137 W ndroid.settings: Known variants: atom, sandybridge, silvermont, goldmont, goldmont-plus, tremont, kabylake, default
04-15 17:05:37.165 540 540 W SyntheticPasswordCrypto: Rollback-resistant keys unavailable. Falling back to non-rollback-resistant key
04-15 17:05:37.184 1122 1122 W ContextImpl: Failed to ensure /data/user/0/com.android.se/cache: mkdir failed: ENOENT (No such file or directory)
04-15 17:05:37.185 1122 1122 W ContextImpl: Failed to update user.inode_cache: stat failed: ENOENT (No such file or directory)
04-15 17:05:37.194 1122 1122 V GraphicsEnvironment: Currently set values for:
04-15 17:05:37.194 1122 1122 V GraphicsEnvironment: angle_gl_driver_selection_pkgs=[]
04-15 17:05:37.194 1122 1122 V GraphicsEnvironment: angle_gl_driver_selection_values=[]
04-15 17:05:37.195 1122 1122 V GraphicsEnvironment: ANGLE GameManagerService for com.android.se: false
04-15 17:05:37.195 1122 1122 V GraphicsEnvironment: com.android.se is not listed in per-application setting
04-15 17:05:37.195 1122 1122 V GraphicsEnvironment: Neither updatable production driver nor prerelease driver is supported.
04-15 17:05:37.203 1137 1137 E ndroid.settings: Not starting debugger since process cannot load the jdwp agent.
04-15 17:05:37.258 540 969 I ActivityManager: Flag disabled. Ignoring finishAttachApplication from uid: 1068. pid: 1122
04-15 17:05:37.318 1122 1122 I SecureElementService: main onCreate
04-15 17:05:37.323 540 969 D CompatibilityChangeReporter: Compat change id reported: 168419799; UID 1001; state: DISABLED
04-15 17:05:37.327 540 969 D CompatibilityChangeReporter: Compat change id reported: 273564678; UID 1001; state: DISABLED
04-15 17:05:37.378 540 660 D CompatibilityChangeReporter: Compat change id reported: 161145287; UID 1068; state: ENABLED
04-15 17:05:37.386 540 555 D CompatibilityChangeReporter: Compat change id reported: 168419799; UID 1000; state: DISABLED
04-15 17:05:37.387 540 555 D CompatibilityChangeReporter: Compat change id reported: 273564678; UID 1000; state: DISABLED
04-15 17:05:37.390 540 628 D CompatibilityChangeReporter: Compat change id reported: 265195908; UID 1001; state: ENABLED
04-15 17:05:37.405 1134 1134 D CompatibilityChangeReporter: Compat change id reported: 171979766; UID 1001; state: ENABLED
04-15 17:05:37.406 1134 1134 D CompatibilityChangeReporter: Compat change id reported: 242716250; UID 1001; state: ENABLED
04-15 17:05:37.488 392 392 I BpBinder: onLastStrongRef automatically unlinking death recipients:
04-15 17:05:37.490 1134 1134 D nativeloader: Configuring clns-shared-6 for other apk /system/framework/org.apache.http.legacy.jar. target_sdk_version=34, uses_libraries=ALL, library_path=/system/priv-app/TeleService/lib/x86_64:/system/lib64:/system_ext/lib64, permitted_path=/data:/mnt/expand:/data/user_de/0/com.android.phone:/system/priv-app/TeleService:/system/lib64:/system_ext/lib64
04-15 17:05:37.511 540 555 W ActivityManager: Slow operation: 99ms so far, now at finishAttachApplicationInner: after mServices.attachApplicationLocked
04-15 17:05:37.511 540 555 W ActivityManager: Slow operation: 99ms so far, now at finishAttachApplicationInner: after dispatching broadcasts
04-15 17:05:37.534 1122 1122 I SecureElementService: Check if terminal eSE1 is available.
04-15 17:05:37.551 0 0 I servicemanager: Could not find android.hardware.secure_element.ISecureElement/eSE1 in the VINTF manifest.
04-15 17:05:37.546 1137 1137 D CompatibilityChangeReporter: Compat change id reported: 171979766; UID 1000; state: ENABLED
04-15 17:05:37.547 1137 1137 D CompatibilityChangeReporter: Compat change id reported: 242716250; UID 1000; state: ENABLED
04-15 17:05:37.589 1137 1137 D CompatibilityChangeReporter: Compat change id reported: 3400644; UID 1000; state: ENABLED
04-15 17:05:37.606 1106 1106 I droid.bluetooth: [0415/170537.541578:INFO:btif_config_cache.cc(67)] BtifConfigCache, capacity: 10000
04-15 17:05:37.647 1137 1137 D nativeloader: Configuring clns-shared-6 for other apk /system/framework/org.apache.http.legacy.jar. target_sdk_version=34, uses_libraries=ALL, library_path=/system_ext/priv-app/Settings/lib/x86_64:/system_ext/priv-app/Settings/Settings.apk!/lib/x86_64:/system/lib64:/system_ext/lib64, permitted_path=/data:/mnt/expand:/data/user_de/0/com.android.settings:/system_ext/priv-app/Settings:/system/lib64:/system_ext/lib64
04-15 17:05:37.665 1137 1137 D ApplicationLoaders: Returning zygote-cached class loader: /system_ext/framework/androidx.window.extensions.jar
04-15 17:05:37.666 1137 1137 D ApplicationLoaders: Returning zygote-cached class loader: /system_ext/framework/androidx.window.sidecar.jar
04-15 17:05:37.677 133 133 I hwservicemanager: getTransport: Cannot find entry android.hardware.secure_element@1.2::ISecureElement/eSE1 in either framework or device VINTF manifest.
04-15 17:05:37.679 1122 1122 D SecureElement-Terminal-eSE1: SE Hal V1.2 is not supported
04-15 17:05:37.689 133 133 I hwservicemanager: getTransport: Cannot find entry android.hardware.secure_element@1.1::ISecureElement/eSE1 in either framework or device VINTF manifest.
04-15 17:05:37.704 1122 1122 D SecureElement-Terminal-eSE1: SE Hal V1.1 is not supported
04-15 17:05:37.709 133 133 I hwservicemanager: getTransport: Cannot find entry android.hardware.secure_element@1.0::ISecureElement/eSE1 in either framework or device VINTF manifest.
04-15 17:05:37.725 1122 1122 I SecureElementService: No HAL implementation for eSE1
04-15 17:05:37.740 1122 1122 I SecureElementService: Check if terminal SIM1 is available.
04-15 17:05:37.752 0 0 I servicemanager: Could not find android.hardware.secure_element.ISecureElement/SIM1 in the VINTF manifest.
04-15 17:05:37.747 133 133 I hwservicemanager: getTransport: Cannot find entry android.hardware.secure_element@1.2::ISecureElement/SIM1 in either framework or device VINTF manifest.
04-15 17:05:37.750 144 144 D vold : fscrypt_set_user_key_protection 0
04-15 17:05:37.758 1134 1134 D nativeloader: Configuring clns-shared-7 for other apk /system/priv-app/TeleService/TeleService.apk. target_sdk_version=34, uses_libraries=, library_path=/system/priv-app/TeleService/lib/x86_64:/system/lib64:/system_ext/lib64, permitted_path=/data:/mnt/expand:/data/user_de/0/com.android.phone:/system/priv-app/TeleService:/system/lib64:/system_ext/lib64
04-15 17:05:37.760 1122 1122 D SecureElement-Terminal-SIM1: SE Hal V1.2 is not supported
04-15 17:05:37.764 133 133 I hwservicemanager: getTransport: Cannot find entry android.hardware.secure_element@1.1::ISecureElement/SIM1 in either framework or device VINTF manifest.
04-15 17:05:37.809 144 144 D vold : Stored key /data/misc/vold/user_keys/ce/0/current
04-15 17:05:37.810 144 144 I vold : Stored CE key for new user 0
04-15 17:05:37.829 1122 1122 D SecureElement-Terminal-SIM1: SE Hal V1.1 is not supported
04-15 17:05:37.833 540 540 I LockSettingsService: Sending vendor auth secret to IAuthSecret HAL as user: 0
04-15 17:05:37.841 540 540 I LockSettingsService: Successfully initialized synthetic password for user 0
04-15 17:05:37.846 133 133 I hwservicemanager: getTransport: Cannot find entry android.hardware.secure_element@1.0::ISecureElement/SIM1 in either framework or device VINTF manifest.
04-15 17:05:37.856 1122 1122 I SecureElementService: No HAL implementation for SIM1
04-15 17:05:37.900 1137 1137 D nativeloader: Configuring clns-shared-7 for other apk /system_ext/priv-app/Settings/Settings.apk. target_sdk_version=34, uses_libraries=, library_path=/system_ext/priv-app/Settings/lib/x86_64:/system_ext/priv-app/Settings/Settings.apk!/lib/x86_64:/system/lib64:/system_ext/lib64, permitted_path=/data:/mnt/expand:/data/user_de/0/com.android.settings:/system_ext/priv-app/Settings:/system/lib64:/system_ext/lib64
04-15 17:05:37.983 1134 1134 V GraphicsEnvironment: Currently set values for:
04-15 17:05:37.986 1134 1134 V GraphicsEnvironment: angle_gl_driver_selection_pkgs=[]
04-15 17:05:37.987 1134 1134 V GraphicsEnvironment: angle_gl_driver_selection_values=[]
04-15 17:05:37.994 1134 1134 V GraphicsEnvironment: ANGLE GameManagerService for com.android.phone: false
04-15 17:05:38.011 1134 1134 V GraphicsEnvironment: com.android.phone is not listed in per-application setting
04-15 17:05:38.012 1134 1134 V GraphicsEnvironment: Neither updatable production driver nor prerelease driver is supported.
04-15 17:05:38.023 540 540 V SystemServerTiming: LockSettingsThirdPartyAppsStarted took to complete: 1328ms
04-15 17:05:38.032 540 540 D SystemServerTiming: StartSystemUI
04-15 17:05:38.050 540 540 V SystemServerTiming: StartSystemUI took to complete: 18ms
04-15 17:05:38.050 540 540 V SystemServerTiming: startOtherServices took to complete: 93183ms
04-15 17:05:38.050 540 540 D SystemServerTiming: startApexServices
04-15 17:05:38.051 540 540 D SystemServerTiming: starting com.android.server.devicelock.DeviceLockService
04-15 17:05:38.057 540 540 I SystemServiceManager: Starting com.android.server.devicelock.DeviceLockService
04-15 17:05:38.057 540 540 D DeviceLockService: DeviceLockService constructor
04-15 17:05:38.067 540 540 I DeviceLockService: Registering device_lock
04-15 17:05:38.088 540 540 V SystemServerTiming: starting com.android.server.devicelock.DeviceLockService took to complete: 37ms
04-15 17:05:38.088 540 540 D SystemServerTiming: starting com.android.server.scheduling.RebootReadinessManagerService$Lifecycle
04-15 17:05:38.089 540 540 I SystemServiceManager: Starting com.android.server.scheduling.RebootReadinessManagerService$Lifecycle
04-15 17:05:38.089 540 540 I SystemServiceManager: Not starting an already started service com.android.server.scheduling.RebootReadinessManagerService$Lifecycle
04-15 17:05:38.089 540 540 V SystemServerTiming: starting com.android.server.scheduling.RebootReadinessManagerService$Lifecycle took to complete: 1ms
04-15 17:05:38.089 540 540 V SystemServerTiming: startApexServices took to complete: 38ms
04-15 17:05:38.089 540 540 D SystemServerTiming: UpdateWatchdogTimeout
04-15 17:05:38.090 540 540 I Watchdog: Watchdog timeout updated to 60000 millis
04-15 17:05:38.090 540 540 V SystemServerTiming: UpdateWatchdogTimeout took to complete: 0ms
04-15 17:05:38.090 540 540 V SystemServerTiming: StartServices took to complete: 108878ms
04-15 17:05:38.100 540 650 E BluetoothManagerService: MESSAGE_TIMEOUT_BIND
04-15 17:05:38.110 895 895 V SystemUIBootTiming: StartServices com.android.keyguard.KeyguardBiometricLockoutLogger took to complete: 11ms
04-15 17:05:38.120 1137 1137 V GraphicsEnvironment: Currently set values for:
04-15 17:05:38.121 1137 1137 V GraphicsEnvironment: angle_gl_driver_selection_pkgs=[]
04-15 17:05:38.121 1137 1137 V GraphicsEnvironment: angle_gl_driver_selection_values=[]
04-15 17:05:38.129 1137 1137 V GraphicsEnvironment: ANGLE GameManagerService for com.android.settings: false
04-15 17:05:38.129 1137 1137 V GraphicsEnvironment: com.android.settings is not listed in per-application setting
04-15 17:05:38.129 1137 1137 V GraphicsEnvironment: Neither updatable production driver nor prerelease driver is supported.
04-15 17:05:38.136 540 540 W Looper : Slow delivery took 107019ms main h=android.app.PropertyInvalidatedCache$AutoCorker$1 c=null m=0
04-15 17:05:38.145 895 895 V SystemUIBootTiming: StartServices com.android.systemui.LatencyTester took to complete: 35ms
04-15 17:05:38.186 1137 1137 D CompatibilityChangeReporter: Compat change id reported: 183155436; UID 1000; state: ENABLED
04-15 17:05:38.224 1137 1137 D BatteryStateDatabase: initialize battery states database
04-15 17:05:38.230 1137 1137 W BatteryUsageContentProvider: create content provider from null
04-15 17:05:38.251 1137 1137 D SettingsSliceProvider: init
04-15 17:05:38.259 1137 1137 D SettingsSliceProvider: onCreateSliceProvider
04-15 17:05:38.264 540 540 W Looper : Slow dispatch took 128ms main h=com.android.server.pm.UserManagerService$MainHandler c=null m=2
04-15 17:05:38.299 540 572 D OomAdjuster: Not killing cached processes
04-15 17:05:38.338 1134 1134 D nativeloader: Configuring clns-shared-8 for other apk /system/app/Stk/Stk.apk. target_sdk_version=34, uses_libraries=, library_path=/system/app/Stk/lib/x86_64:/system/lib64:/system_ext/lib64, permitted_path=/data:/mnt/expand:/data/user_de/0/com.android.stk:/system/app/Stk:/system/lib64:/system_ext/lib64
04-15 17:05:38.367 1137 1137 D SpaEnvironment: reset
04-15 17:05:38.439 540 561 W QuotaTracker: Alarm not scheduled because boot isn't completed
04-15 17:05:38.491 540 540 D CompatibilityChangeReporter: Compat change id reported: 289878283; UID 1000; state: ENABLED
04-15 17:05:38.572 540 540 W Looper : Slow dispatch took 246ms main h=com.android.providers.settings.SettingsProvider$SettingsRegistry$MyHandler c=null m=2
04-15 17:05:38.608 540 949 I ActivityManager: Flag disabled. Ignoring finishAttachApplication from uid: 1000. pid: 1137
04-15 17:05:38.641 1134 1134 D nativeloader: Configuring clns-shared-9 for other apk /system/priv-app/TelephonyProvider/TelephonyProvider.apk. target_sdk_version=34, uses_libraries=, library_path=/system/priv-app/TelephonyProvider/lib/x86_64:/system/lib64:/system_ext/lib64, permitted_path=/data:/mnt/expand:/data/user_de/0/com.android.providers.telephony:/system/priv-app/TelephonyProvider:/system/lib64:/system_ext/lib64
04-15 17:05:38.655 540 540 D ConditionProviders.SCP: onConnected
04-15 17:05:38.668 540 833 D CompatibilityChangeReporter: Compat change id reported: 150939131; UID 1000; state: ENABLED
04-15 17:05:38.691 540 540 D UaBiometricScheduler/FaceProvider/default/4: [Added] {[0] com.android.server.biometrics.sensors.face.aidl.FaceInternalCleanupClient, proto=7, owner=android, cookie=0, requestId=-1, userId=0}, new queue size: 1
04-15 17:05:38.700 540 540 D UaBiometricScheduler/FaceProvider/default/4: [Starting User] {[1] com.android.server.biometrics.sensors.face.aidl.FaceStartUserClient, proto=17, owner=android, cookie=0, requestId=-1, userId=0}
04-15 17:05:38.700 540 540 D FaceProvider/default: Daemon was null, reconnecting
04-15 17:05:38.712 0 0 I servicemanager: Found android.hardware.biometrics.face.IFace/default in device VINTF manifest.
04-15 17:05:38.714 895 895 V SystemUIBootTiming: StartServices com.android.systemui.ScreenDecorations took to complete: 567ms
04-15 17:05:38.717 895 895 V SystemUIBootTiming: StartServices com.android.systemui.SliceBroadcastRelayHandler took to complete: 1ms
04-15 17:05:38.724 540 540 D FaceProvider/default/4: New session created for user: 0 with hal version: 3
04-15 17:05:38.726 540 540 D UaBiometricScheduler/FingerprintProvider/default/0: [Added] {[2] com.android.server.biometrics.sensors.fingerprint.aidl.FingerprintInternalCleanupClient, proto=7, owner=android, cookie=0, requestId=-1, userId=0}, new queue size: 1
04-15 17:05:38.727 540 540 D UaBiometricScheduler/FingerprintProvider/default/0: [Starting User] {[3] com.android.server.biometrics.sensors.fingerprint.aidl.FingerprintStartUserClient, proto=17, owner=android, cookie=0, requestId=-1, userId=0}
04-15 17:05:38.727 540 540 D FingerprintProvider/default: Daemon was null, reconnecting
04-15 17:05:38.739 0 0 I servicemanager: Found android.hardware.biometrics.fingerprint.IFingerprint/default in device VINTF manifest.
04-15 17:05:38.697 1106 1106 W ActivityThread: Failed to find provider info for bluetooth_legacy.provider (user not unlocked)
04-15 17:05:38.740 1106 1106 D DataMigration: Legacy migration skiped: no migration app installed
04-15 17:05:38.747 0 0 I servicemanager: Since 'android.hardware.biometrics.fingerprint.IFingerprint/default' could not be found, trying to start it as a lazy AIDL service. (if it's not configured to be a lazy service, it may be stuck starting or still starting).
04-15 17:05:38.758 1134 1134 D CarrierProvider: onCreate
04-15 17:05:38.763 0 0 I init : starting service 'vendor.biometrics.fingerprint-service.ranchu'...
04-15 17:05:38.777 392 417 E HwcComposer: getDisplayDecorationSupport failed Status(-8, EX_SERVICE_SPECIFIC): '8: '
04-15 17:05:38.779 392 417 E HWComposer: getDisplayDecorationSupport: getDisplayDecorationSupport failed for display 4619827259835644672: Unsupported (8)
04-15 17:05:38.782 1106 1106 I BluetoothAvrcpControllerJni: classInitNative: succeeds
04-15 17:05:38.807 1137 1180 D libEGL : loaded /vendor/lib64/egl/libEGL_emulation.so
04-15 17:05:38.810 1106 1106 D CompatibilityChangeReporter: Compat change id reported: 263076149; UID 1002; state: ENABLED
04-15 17:05:38.822 1106 1106 I BluetoothHidHostServiceJni: classInitNative: succeeds
04-15 17:05:38.843 1134 1134 D CompatibilityChangeReporter: Compat change id reported: 263076149; UID 1001; state: ENABLED
04-15 17:05:38.862 1137 1180 D libEGL : loaded /vendor/lib64/egl/libGLESv1_CM_emulation.so
04-15 17:05:38.896 0 0 I init : ... started service 'vendor.biometrics.fingerprint-service.ranchu' has pid 1184
04-15 17:05:38.896 0 0 I init : Control message: Processed ctl.interface_start for 'aidl/android.hardware.biometrics.fingerprint.IFingerprint/default' from pid: 132 (/system/bin/servicemanager)
04-15 17:05:38.925 1137 1180 D libEGL : loaded /vendor/lib64/egl/libGLESv2_emulation.so
04-15 17:05:38.987 1134 1134 D DeferredSmsMmsRestoreService: startIfFilesExist: no files to restore
04-15 17:05:38.987 1134 1134 D DeferredSmsMmsRestoreService: addAllSharedPrefToLocalLog
04-15 17:05:39.261 1137 1137 D CompatibilityChangeReporter: Compat change id reported: 237531167; UID 1000; state: DISABLED
04-15 17:05:39.302 1137 1137 W OpenGLRenderer: Unknown dataspace 0
04-15 17:05:39.371 540 555 D CompatibilityChangeReporter: Compat change id reported: 168419799; UID 10117; state: DISABLED
04-15 17:05:39.376 540 555 D CompatibilityChangeReporter: Compat change id reported: 273564678; UID 10117; state: DISABLED
04-15 17:05:39.376 1184 1184 I AidlLazyServiceRegistrar: Registering service android.hardware.biometrics.fingerprint.IFingerprint/default
04-15 17:05:39.409 0 0 I servicemanager: Found android.hardware.biometrics.fingerprint.IFingerprint/default in device VINTF manifest.
04-15 17:05:39.442 0 0 I BpBinder: onLastStrongRef automatically unlinking death recipients:
04-15 17:05:39.471 1106 1106 I BluetoothPanServiceJni: classInitNative(L108): succeeds
04-15 17:05:39.501 540 969 W WindowManager: Failed looking up window session=Session{164cd96 1137:1000} callers=com.android.server.wm.WindowManagerService.windowForClientLocked:6034 com.android.server.wm.Session.updateRequestedVisibleTypes:690 android.view.IWindowSession$Stub.onTransact:1034
04-15 17:05:39.515 1184 1184 E fingerprint-service.ranchu: openFile:48 open('/data/vendor_de/0/fpdata/sensor0.bin', output=0) failed with errno=2
04-15 17:05:39.515 1184 1184 D fingerprint-service.ranchu: 0x746468088010:Session: New session: sensorId=0 userId=0
04-15 17:05:39.530 540 540 D FingerprintProvider/default/0: New session created for user: 0 with hal version: 3
04-15 17:05:39.530 540 540 W Looper : Slow dispatch took 805ms main h=android.os.Handler c=com.android.server.biometrics.sensors.fingerprint.aidl.FingerprintProvider$$ExternalSyntheticLambda2@9b1909c m=0
04-15 17:05:39.563 1137 1137 D BatteryUsageBroadcastReceiver: onReceive:android.intent.action.BATTERY_LEVEL_CHANGED
04-15 17:05:39.581 895 895 D NavigationModeController: getCurrentInteractionMode: mode=0 contextUser=0
04-15 17:05:39.611 540 949 D CompatibilityChangeReporter: Compat change id reported: 161145287; UID 1001; state: ENABLED
04-15 17:05:39.620 1137 1137 D CompatibilityChangeReporter: Compat change id reported: 170233598; UID 1000; state: ENABLED
04-15 17:05:39.639 1134 1134 D CarrierIdProvider: onCreate
04-15 17:05:39.652 540 540 W Looper : Slow dispatch took 115ms main h=android.os.Handler c= m=1
04-15 17:05:39.658 1137 1137 D BatteryUsageBroadcastReceiver: fetch data because of event: ACTION_BATTERY_LEVEL_CHANGED
04-15 17:05:39.661 1134 1134 D CarrierIdDatabaseHelper: CarrierIdDatabaseHelper: 5
04-15 17:05:39.670 1106 1106 I AdapterServiceConfig: init: profile=A2dpService, enabled=true
04-15 17:05:39.670 1106 1106 I AdapterServiceConfig: init: profile=A2dpSinkService, enabled=false
04-15 17:05:39.670 1106 1106 I AdapterServiceConfig: init: profile=AvrcpTargetService, enabled=true
04-15 17:05:39.670 1106 1106 I AdapterServiceConfig: init: profile=AvrcpControllerService, enabled=false
04-15 17:05:39.670 1106 1106 I AdapterServiceConfig: init: profile=BassClientService, enabled=false
04-15 17:05:39.670 1106 1106 I AdapterServiceConfig: init: profile=BatteryService, enabled=false
04-15 17:05:39.671 1106 1106 I AdapterServiceConfig: init: profile=CsipSetCoordinatorService, enabled=false
04-15 17:05:39.671 1106 1106 I AdapterServiceConfig: init: profile=HapClientService, enabled=false
04-15 17:05:39.671 1106 1106 I AdapterServiceConfig: init: profile=HeadsetService, enabled=true
04-15 17:05:39.671 1106 1106 I AdapterServiceConfig: init: profile=HeadsetClientService, enabled=false
04-15 17:05:39.671 1106 1106 I AdapterServiceConfig: init: profile=HearingAidService, enabled=true
04-15 17:05:39.671 1106 1106 I AdapterServiceConfig: init: profile=HidDeviceService, enabled=true
04-15 17:05:39.671 1106 1106 I AdapterServiceConfig: init: profile=HidHostService, enabled=true
04-15 17:05:39.671 1106 1106 I AdapterServiceConfig: init: profile=GattService, enabled=true
04-15 17:05:39.671 1106 1106 I AdapterServiceConfig: init: profile=LeAudioService, enabled=false
04-15 17:05:39.675 895 895 D OverviewProxyService: disconnectFromLauncherService bound?: false currentProxy: null disconnectReason: startConnectionToCurrentUser
04-15 17:05:39.675 895 895 D OverviewProxyService: java.lang.Throwable
04-15 17:05:39.675 895 895 D OverviewProxyService: at com.android.systemui.recents.OverviewProxyService.disconnectFromLauncherService(go/retraceme bb0c85583bc8cef368173602f8ea06d241ec8a7fed6aca80388046fe2c5dd77a:37)
04-15 17:05:39.675 895 895 D OverviewProxyService: at com.android.systemui.recents.OverviewProxyService.internalConnectToCurrentUser(go/retraceme bb0c85583bc8cef368173602f8ea06d241ec8a7fed6aca80388046fe2c5dd77a:1)
04-15 17:05:39.675 895 895 D OverviewProxyService: at com.android.systemui.recents.OverviewProxyService.startConnectionToCurrentUser(go/retraceme bb0c85583bc8cef368173602f8ea06d241ec8a7fed6aca80388046fe2c5dd77a:22)
04-15 17:05:39.675 895 895 D OverviewProxyService: at com.android.systemui.recents.OverviewProxyService.updateEnabledAndBinding(go/retraceme bb0c85583bc8cef368173602f8ea06d241ec8a7fed6aca80388046fe2c5dd77a:30)
04-15 17:05:39.675 895 895 D OverviewProxyService: at com.android.systemui.recents.OverviewProxyService.(go/retraceme bb0c85583bc8cef368173602f8ea06d241ec8a7fed6aca80388046fe2c5dd77a:324)
04-15 17:05:39.675 895 895 D OverviewProxyService: at com.android.systemui.dagger.DaggerReferenceGlobalRootComponent$ReferenceSysUIComponentImpl$SwitchingProvider.get0(go/retraceme bb0c85583bc8cef368173602f8ea06d241ec8a7fed6aca80388046fe2c5dd77a:11)
04-15 17:05:39.675 895 895 D OverviewProxyService: at com.android.systemui.dagger.DaggerReferenceGlobalRootComponent$ReferenceSysUIComponentImpl$SwitchingProvider.get(go/retraceme bb0c85583bc8cef368173602f8ea06d241ec8a7fed6aca80388046fe2c5dd77a:51)
04-15 17:05:39.675 895 895 D OverviewProxyService: at dagger.internal.DoubleCheck.get(go/retraceme bb0c85583bc8cef368173602f8ea06d241ec8a7fed6aca80388046fe2c5dd77a:14)
04-15 17:05:39.675 895 895 D OverviewProxyService: at com.android.systemui.dagger.DaggerReferenceGlobalRootComponent$ReferenceSysUIComponentImpl$SwitchingProvider.get4(go/retraceme bb0c85583bc8cef368173602f8ea06d241ec8a7fed6aca80388046fe2c5dd77a:30)
04-15 17:05:39.675 895 895 D OverviewProxyService: at com.android.systemui.dagger.DaggerReferenceGlobalRootComponent$ReferenceSysUIComponentImpl$SwitchingProvider.get(go/retraceme bb0c85583bc8cef368173602f8ea06d241ec8a7fed6aca80388046fe2c5dd77a:31)
04-15 17:05:39.675 895 895 D OverviewProxyService: at dagger.internal.DoubleCheck.get(go/retraceme bb0c85583bc8cef368173602f8ea06d241ec8a7fed6aca80388046fe2c5dd77a:14)
04-15 17:05:39.675 895 895 D OverviewProxyService: at com.android.systemui.dagger.ContextComponentResolver.resolve(go/retraceme bb0c85583bc8cef368173602f8ea06d241ec8a7fed6aca80388046fe2c5dd77a:14)
04-15 17:05:39.675 895 895 D OverviewProxyService: at com.android.systemui.recents.RecentsModule_ProvideRecentsImplFactory.provideRecentsImpl(go/retraceme bb0c85583bc8cef368173602f8ea06d241ec8a7fed6aca80388046fe2c5dd77a:20)
04-15 17:05:39.675 895 895 D OverviewProxyService: at com.android.systemui.dagger.DaggerReferenceGlobalRootComponent$ReferenceSysUIComponentImpl.recentsImplementation(go/retraceme bb0c85583bc8cef368173602f8ea06d241ec8a7fed6aca80388046fe2c5dd77a:13)
04-15 17:05:39.675 895 895 D OverviewProxyService: at com.android.systemui.dagger.DaggerReferenceGlobalRootComponent$ReferenceSysUIComponentImpl.-$$Nest$mrecentsImplementation(go/retraceme bb0c85583bc8cef368173602f8ea06d241ec8a7fed6aca80388046fe2c5dd77a:1)
04-15 17:05:39.675 895 895 D OverviewProxyService: at com.android.systemui.dagger.DaggerReferenceGlobalRootComponent$ReferenceSysUIComponentImpl$SwitchingProvider.get1(go/retraceme bb0c85583bc8cef368173602f8ea06d241ec8a7fed6aca80388046fe2c5dd77a:81)
04-15 17:05:39.675 895 895 D OverviewProxyService: at com.android.systemui.dagger.DaggerReferenceGlobalRootComponent$ReferenceSysUIComponentImpl$SwitchingProvider.get(go/retraceme bb0c85583bc8cef368173602f8ea06d241ec8a7fed6aca80388046fe2c5dd77a:46)
04-15 17:05:39.675 895 895 D OverviewProxyService: at dagger.internal.DoubleCheck.get(go/retraceme bb0c85583bc8cef368173602f8ea06d241ec8a7fed6aca80388046fe2c5dd77a:14)
04-15 17:05:39.675 895 895 D OverviewProxyService: at com.android.systemui.dagger.DaggerReferenceGlobalRootComponent$ReferenceSysUIComponentImpl$SwitchingProvider.get1(go/retraceme bb0c85583bc8cef368173602f8ea06d241ec8a7fed6aca80388046fe2c5dd77a:134)
04-15 17:05:39.675 895 895 D OverviewProxyService: at com.android.systemui.dagger.DaggerReferenceGlobalRootComponent$ReferenceSysUIComponentImpl$SwitchingProvider.get(go/retraceme bb0c85583bc8cef368173602f8ea06d241ec8a7fed6aca80388046fe2c5dd77a:46)
04-15 17:05:39.675 895 895 D OverviewProxyService: at dagger.internal.DoubleCheck.get(go/retraceme bb0c85583bc8cef368173602f8ea06d241ec8a7fed6aca80388046fe2c5dd77a:14)
04-15 17:05:39.675 895 895 D OverviewProxyService: at com.android.systemui.SystemUIApplication$$ExternalSyntheticLambda1.run(go/retraceme bb0c85583bc8cef368173602f8ea06d241ec8a7fed6aca80388046fe2c5dd77a:47)
04-15 17:05:39.676 1137 1137 D BatteryUsageBroadcastReceiver: cancel sendBroadcastToFetchUsageData when broadcastDelay is 2210255ms.
04-15 17:05:39.706 895 895 D OverviewProxyService: at com.android.systemui.SystemUIApplication.timeInitialization(go/retraceme bb0c85583bc8cef368173602f8ea06d241ec8a7fed6aca80388046fe2c5dd77a:28)
04-15 17:05:39.706 895 895 D OverviewProxyService: at com.android.systemui.SystemUIApplication.startServicesIfNeeded(go/retraceme bb0c85583bc8cef368173602f8ea06d241ec8a7fed6aca80388046fe2c5dd77a:18)
04-15 17:05:39.706 895 895 D OverviewProxyService: at com.android.systemui.SystemUIApplication.startServicesIfNeeded(go/retraceme bb0c85583bc8cef368173602f8ea06d241ec8a7fed6aca80388046fe2c5dd77a:6)
04-15 17:05:39.706 895 895 D OverviewProxyService: at com.android.systemui.SystemUIService.onCreate(go/retraceme bb0c85583bc8cef368173602f8ea06d241ec8a7fed6aca80388046fe2c5dd77a:10)
04-15 17:05:39.706 895 895 D OverviewProxyService: at android.app.ActivityThread.handleCreateService(ActivityThread.java:4651)
04-15 17:05:39.706 895 895 D OverviewProxyService: at android.app.ActivityThread.-$$Nest$mhandleCreateService(Unknown Source:0)
04-15 17:05:39.706 895 895 D OverviewProxyService: at android.app.ActivityThread$H.handleMessage(ActivityThread.java:2264)
04-15 17:05:39.706 895 895 D OverviewProxyService: at android.os.Handler.dispatchMessage(Handler.java:106)
04-15 17:05:39.706 895 895 D OverviewProxyService: at android.os.Looper.loopOnce(Looper.java:205)
04-15 17:05:39.706 895 895 D OverviewProxyService: at android.os.Looper.loop(Looper.java:294)
04-15 17:05:39.706 895 895 D OverviewProxyService: at android.app.ActivityThread.main(ActivityThread.java:8177)
04-15 17:05:39.706 895 895 D OverviewProxyService: at java.lang.reflect.Method.invoke(Native Method)
04-15 17:05:39.706 895 895 D OverviewProxyService: at com.android.internal.os.RuntimeInit$MethodAndArgsCaller.run(RuntimeInit.java:552)
04-15 17:05:39.706 895 895 D OverviewProxyService: at com.android.internal.os.ZygoteInit.main(ZygoteInit.java:971)
04-15 17:05:39.708 540 969 D CoreBackPreview: Window{eaff96e u0 com.android.settings/com.android.settings.FallbackHome}: Setting back callback OnBackInvokedCallbackInfo{mCallback=android.window.IOnBackInvokedCallback$Stub$Proxy@90b3a2a, mPriority=-1, mIsAnimationCallback=false}
04-15 17:05:39.749 540 540 D ConditionProviders.SCP: onSubscribe condition://android/schedule?days=1.2.3.4.5.6.7&start=22.0&end=7.0&exitAtAlarm=true
04-15 17:05:39.774 540 540 D ConditionProviders.SCP: setRegistered true
04-15 17:05:39.778 1106 1106 I AdapterServiceConfig: init: profile=TbsService, enabled=false
04-15 17:05:39.778 1106 1106 I AdapterServiceConfig: init: profile=BluetoothMapService, enabled=true
04-15 17:05:39.778 1106 1106 I AdapterServiceConfig: init: profile=MapClientService, enabled=false
04-15 17:05:39.779 1106 1106 I AdapterServiceConfig: init: profile=McpService, enabled=true
04-15 17:05:39.779 1106 1106 I AdapterServiceConfig: init: profile=BluetoothOppService, enabled=true
04-15 17:05:39.779 1106 1106 I AdapterServiceConfig: init: profile=PanService, enabled=true
04-15 17:05:39.779 1106 1106 I AdapterServiceConfig: init: profile=BluetoothPbapService, enabled=true
04-15 17:05:39.779 1106 1106 I AdapterServiceConfig: init: profile=PbapClientService, enabled=false
04-15 17:05:39.779 1106 1106 I AdapterServiceConfig: init: profile=SapService, enabled=false
04-15 17:05:39.779 1106 1106 I AdapterServiceConfig: init: profile=VolumeControlService, enabled=false
04-15 17:05:39.783 540 660 I ActivityManager: Flag disabled. Ignoring finishAttachApplication from uid: 1002. pid: 1106
04-15 17:05:39.862 540 949 D CompatibilityChangeReporter: Compat change id reported: 135634846; UID 10112; state: DISABLED
04-15 17:05:39.876 1106 1106 I BluetoothMetricsLogger: setCounterMetricsAlarm()
04-15 17:05:39.877 540 949 D CompatibilityChangeReporter: Compat change id reported: 177438394; UID 10112; state: DISABLED
04-15 17:05:39.888 540 949 D CompatibilityChangeReporter: Compat change id reported: 135772972; UID 10112; state: DISABLED
04-15 17:05:39.889 540 949 D CompatibilityChangeReporter: Compat change id reported: 135754954; UID 10112; state: ENABLED
04-15 17:05:39.890 540 949 W ActivityManager: Slow operation: 65ms so far, now at startProcess: done starting proc!
04-15 17:05:39.898 540 828 W ActivityThread: Failed to find provider info for com.android.calendar (user not unlocked)
04-15 17:05:39.900 540 828 W ActivityThread: Failed to find provider info for com.android.calendar (user not unlocked)
04-15 17:05:39.902 540 828 D CompatibilityChangeReporter: Compat change id reported: 171306433; UID 1000; state: ENABLED
04-15 17:05:39.903 540 828 D CompatibilityChangeReporter: Compat change id reported: 218533173; UID 1000; state: ENABLED
04-15 17:05:39.906 540 573 D CompatibilityChangeReporter: Compat change id reported: 143937733; UID 10112; state: ENABLED
04-15 17:05:39.907 540 573 W ActivityManager: com.android.launcher3 inode == 0 (b/152760674)
04-15 17:05:39.941 540 540 D ConditionProviders.SCP: evaluateSubscriptionLocked cal=ScheduleCalendar[mDays={1, 2, 3, 4, 5, 6, 7}, mSchedule=ScheduleInfo{days=[1, 2, 3, 4, 5, 6, 7], startHour=22, startMinute=0, endHour=7, endMinute=0, exitAtAlarm=true, nextAlarm=Thu Jan 01 00:00:00 UTC 1970 (0)}], now=Wed Apr 15 17:05:39 UTC 2026 (1776272739773), nextUserAlarmTime=Thu Jan 01 00:00:00 UTC 1970 (0)
04-15 17:05:39.942 540 540 D ConditionProviders.SCP: notifyCondition condition://android/schedule?days=1.2.3.4.5.6.7&start=22.0&end=7.0&exitAtAlarm=true STATE_FALSE reason=!meetsSchedule
04-15 17:05:39.952 1106 1106 W BluetoothMetricsLogger: MetricsLogger is creating a new Bloomfilter file
04-15 17:05:39.956 540 540 D ConditionProviders.SCP: Scheduling evaluate for Wed Apr 15 22:00:00 UTC 2026 (1776290400000), in +4h54m20s227ms, now=Wed Apr 15 17:05:39 UTC 2026 (1776272739773)
04-15 17:05:39.957 540 540 W Looper : Slow dispatch took 208ms main h=android.service.notification.ConditionProviderService$H c=null m=3
04-15 17:05:39.963 895 1179 I Choreographer: Skipped 42 frames! The application may be doing too much work on its main thread.
04-15 17:05:40.060 540 969 D CoreBackPreview: Window{5982d22 u0 ScreenDecorOverlay}: Setting back callback OnBackInvokedCallbackInfo{mCallback=android.window.IOnBackInvokedCallback$Stub$Proxy@c3846a9, mPriority=0, mIsAnimationCallback=false}
04-15 17:05:40.176 1137 1174 W OpenGLRenderer: Failed to initialize 101010-2 format, error = EGL_SUCCESS
04-15 17:05:40.258 331 331 D Zygote : Forked child process 1195
04-15 17:05:40.264 540 573 W ActivityManager: Slow operation: 406ms so far, now at startProcess: returned from zygote!
04-15 17:05:40.265 540 573 W ActivityManager: Slow operation: 407ms so far, now at startProcess: done updating battery stats
04-15 17:05:40.266 540 573 W ActivityManager: Slow operation: 408ms so far, now at startProcess: building log message
04-15 17:05:40.267 540 573 I ActivityManager: Start proc 1195:com.android.launcher3/u0a112 for service {com.android.launcher3/com.android.quickstep.TouchInteractionService}
04-15 17:05:40.267 540 573 W ActivityManager: Slow operation: 409ms so far, now at startProcess: starting to update pids map
04-15 17:05:40.267 540 573 W ActivityManager: Slow operation: 410ms so far, now at startProcess: done updating pids map
04-15 17:05:40.366 0 0 I servicemanager: Could not find android.hardware.graphics.allocator.IAllocator/default in the VINTF manifest.
04-15 17:05:40.387 133 133 I hwservicemanager: getTransport: Cannot find entry android.hardware.graphics.mapper@4.0::IMapper/default in either framework or device VINTF manifest.
04-15 17:05:40.394 1137 1174 I Gralloc4: mapper 4.x is not supported
04-15 17:05:40.494 540 951 W system_server: Long monitor contention with owner binder:540_9 (969) at void com.android.server.wm.WindowManagerService.setInsetsWindow(com.android.server.wm.Session, android.view.IWindow, int, android.graphics.Rect, android.graphics.Rect, android.graphics.Region)(WindowManagerService.java:2120) waiters=0 in boolean com.android.server.wm.WindowManagerService.isInTouchMode(int) for 167ms
04-15 17:05:40.518 1195 1195 I droid.launcher3: Using CollectorTypeCC GC.
04-15 17:05:40.650 1195 1195 W droid.launcher3: Unexpected CPU variant for x86: x86_64.
