04-15 17:05:19.331 895 895 V WindowManagerShell: Adding init callback for ShellTaskOrganizer
04-15 17:05:19.357 540 660 D PackageManager: Instant App installer not found with android.intent.action.INSTALL_INSTANT_APP_PACKAGE
04-15 17:05:19.358 540 660 D PackageManager: Clear ephemeral installer activity
04-15 17:05:19.481 460 460 D C2SoftH263Enc: Given level 3004 does not cover current configuration: adjusting to 3003
04-15 17:05:19.487 540 660 I ActivityManager: Flag disabled. Ignoring finishAttachApplication from uid: 10123. pid: 905
04-15 17:05:19.610 895 895 V WindowManagerShell: Adding init callback for OneHandedController
04-15 17:05:19.614 460 460 I mediaswcodec: missing struct descriptor #Param::CoreIndex(--004) for field values of struct #Param::CoreIndex(F-12004)
04-15 17:05:19.648 460 460 I mediaswcodec: missing struct descriptor #Param::CoreIndex(--1812) for field values of struct #Param::CoreIndex(F-11812)
04-15 17:05:19.652 905 936 I RuntimePermissions: observing UserPackageInfoLiveData for 0 in RuntimePermissionsUpgradeController
04-15 17:05:19.700 895 895 V WindowManagerShell: Adding init callback for DefaultTransitionHandler
04-15 17:05:19.701 895 895 V WindowManagerShell: addHandler: Default
04-15 17:05:19.701 895 895 V WindowManagerShell: addHandler: Remote
04-15 17:05:19.701 895 895 V WindowManagerShell: Adding init callback for Transitions
04-15 17:05:19.728 895 895 V WindowManagerShell: Adding init callback for BubbleController
04-15 17:05:19.730 895 895 V WindowManagerShell: Adding init callback for SplitScreenController
04-15 17:05:19.743 540 660 D CompatibilityChangeReporter: Compat change id reported: 161145287; UID 10117; state: ENABLED
04-15 17:05:19.750 895 895 D CompatibilityChangeReporter: Compat change id reported: 160794467; UID 10117; state: ENABLED
04-15 17:05:19.797 895 895 V WindowManagerShell: Adding init callback for PipTransition
04-15 17:05:19.841 895 895 V WindowManagerShell: Adding init callback for PipTouchHandler
04-15 17:05:19.843 895 895 V WindowManagerShell: Adding init callback for DevicePostureController
04-15 17:05:19.848 895 895 V WindowManagerShell: Adding init callback for TabletopModeController
04-15 17:05:19.858 895 895 V WindowManagerShell: Adding init callback for PipController
04-15 17:05:19.890 895 895 V WindowManagerShell: Adding init callback for FullscreenTaskListener
04-15 17:05:19.907 895 895 V WindowManagerShell: Adding init callback for FreeformTaskTransitionHandler
04-15 17:05:19.913 895 895 V WindowManagerShell: Adding init callback for RecentsTransitionHandler
04-15 17:05:19.937 895 895 V WindowManagerShell: Adding init callback for ActivityEmbeddingController
04-15 17:05:19.969 895 895 V WindowManagerShell: Adding init callback for StartingWindowController
04-15 17:05:19.970 895 895 V WindowManagerShell: Adding init callback for ProtoLogController
04-15 17:05:19.971 895 895 V WindowManagerShell: Adding init callback for KeyguardTransitionHandler
04-15 17:05:19.972 895 895 V WindowManagerShell: Adding init callback for DefaultMixedHandler
04-15 17:05:19.983 895 895 V WindowManagerShell: Adding init callback for BackAnimationController
04-15 17:05:19.990 895 930 V WindowManagerShell: Initializing Shell Components: 28
04-15 17:05:19.994 895 930 V WindowManagerShell: DisplayChangeController init took 3ms
04-15 17:05:19.997 895 930 V WindowManagerShell: DisplayController init took 3ms
04-15 17:05:20.000 895 930 V WindowManagerShell: DisplayInsetsController init took 2ms
04-15 17:05:20.001 895 930 V WindowManagerShell: DisplayImeController init took 0ms
04-15 17:05:20.002 895 930 V WindowManagerShell: Adding dump callback for ShellController
04-15 17:05:20.003 895 930 V WindowManagerShell: ShellController init took 1ms
04-15 17:05:20.004 895 930 V WindowManagerShell: Adding external interface from DragAndDropController with key extra_shell_drag_and_drop
04-15 17:05:20.005 895 930 V WindowManagerShell: Adding dump callback for DragAndDropController
04-15 17:05:20.005 895 930 V WindowManagerShell: DragAndDropController init took 2ms
04-15 17:05:20.006 895 930 V WindowManagerShell: Adding command class compatui for CompatUIShellCommandHandler
04-15 17:05:20.007 895 930 V WindowManagerShell: CompatUIController init took 1ms
04-15 17:05:20.007 895 930 V WindowManagerShell: Adding external interface from RecentTasksController with key extra_shell_recent_tasks
04-15 17:05:20.008 895 930 V WindowManagerShell: Adding dump callback for RecentTasksController
04-15 17:05:20.010 895 930 V WindowManagerShell: RecentTasksController init took 3ms
04-15 17:05:20.011 895 930 V WindowManagerShell: Adding dump callback for ShellTaskOrganizer
04-15 17:05:20.027 895 930 V WindowManagerShell: ShellTaskOrganizer init took 16ms
04-15 17:05:20.036 895 930 V WindowManagerShell: Adding dump callback for OneHandedController
04-15 17:05:20.088 392 478 D PermissionCache: checking android.permission.ROTATE_SURFACE_FLINGER for uid=10117 => granted (23817 us)
04-15 17:05:20.090 392 478 D PermissionCache: checking android.permission.INTERNAL_SYSTEM_WINDOW for uid=10117 => granted (1869 us)
04-15 17:05:20.091 392 478 D PermissionCache: checking android.permission.ACCESS_SURFACE_FLINGER for uid=10117 => granted (866 us)
04-15 17:05:20.124 895 930 V WindowManagerShell: Adding external interface from OneHandedController with key extra_shell_one_handed
04-15 17:05:20.132 895 930 V WindowManagerShell: OneHandedController init took 100ms
04-15 17:05:20.145 460 460 I C2SoftVpxEnc: setting temporal layering 0 + 0
04-15 17:05:20.158 895 930 V WindowManagerShell: DefaultTransitionHandler init took 26ms
04-15 17:05:20.164 895 930 V WindowManagerShell: Adding external interface from Transitions with key extra_shell_shell_transitions
04-15 17:05:20.179 895 930 V WindowManagerShell: Adding command class transitions for Transitions
04-15 17:05:20.179 895 930 V WindowManagerShell: Transitions init took 20ms
04-15 17:05:20.213 460 460 I C2SoftVpxEnc: setting temporal layering 0 + 0
04-15 17:05:20.219 895 930 V WindowManagerShell: Adding external interface from BubbleController with key extra_shell_bubbles
04-15 17:05:20.220 895 930 V WindowManagerShell: Adding dump callback for BubbleController
04-15 17:05:20.221 895 930 V WindowManagerShell: BubbleController init took 42ms
04-15 17:05:20.221 895 930 V WindowManagerShell: Adding dump callback for SplitScreenController
04-15 17:05:20.222 895 930 V WindowManagerShell: Adding command class splitscreen for SplitScreenController
04-15 17:05:20.223 895 930 V WindowManagerShell: Adding external interface from SplitScreenController with key extra_shell_split_screen
04-15 17:05:20.236 453 498 D MediaCodecsXmlParser: parsing /apex/com.android.media.swcodec/etc/media_codecs.xml...
04-15 17:05:20.256 453 498 D MediaCodecsXmlParser: disabling c2.android.gsm.decoder
04-15 17:05:20.259 453 498 D MediaCodecsXmlParser: disabling c2.android.mpeg2.decoder
04-15 17:05:20.266 453 498 D MediaCodecsXmlParser: disabling c2.android.av1.encoder
04-15 17:05:20.267 453 498 I MediaCodecsXmlParser: codec c2.android.av1.encoder enabled, device sdk 35 >= required 34
04-15 17:05:20.272 453 498 I MediaCodecsXmlParser: Did not find media_codecs_performance.xml in search path
04-15 17:05:20.273 453 498 I MediaCodecsXmlParser: Did not find media_codecs_c2.xml in search path
04-15 17:05:20.273 453 498 D MediaCodecsXmlParser: parsing /vendor/etc/media_codecs_performance_c2.xml...
04-15 17:05:20.287 453 498 D MediaCodecsXmlParser: parsing /vendor/etc/media_codecs.xml...
04-15 17:05:20.310 453 498 D MediaCodecsXmlParser: Ignoring unrecognized tag at line 85 of /vendor/etc/media_codecs.xml
04-15 17:05:20.311 453 498 D MediaCodecsXmlParser: Ignoring unrecognized tag at line 88 of /vendor/etc/media_codecs.xml
04-15 17:05:20.311 453 498 D MediaCodecsXmlParser: Ignoring unrecognized tag at line 91 of /vendor/etc/media_codecs.xml
04-15 17:05:20.311 453 498 D MediaCodecsXmlParser: Ignoring unrecognized tag at line 95 of /vendor/etc/media_codecs.xml
04-15 17:05:20.311 453 498 D MediaCodecsXmlParser: Ignoring unrecognized tag at line 98 of /vendor/etc/media_codecs.xml
04-15 17:05:20.311 453 498 D MediaCodecsXmlParser: Ignoring unrecognized tag at line 101 of /vendor/etc/media_codecs.xml
04-15 17:05:20.311 453 498 D MediaCodecsXmlParser: Ignoring unrecognized tag at line 104 of /vendor/etc/media_codecs.xml
04-15 17:05:20.311 453 498 D MediaCodecsXmlParser: parsing /vendor/etc/media_codecs_google_tv.xml...
04-15 17:05:20.337 453 498 D MediaCodecsXmlParser: unable to open media codecs configuration xml file: /vendor/etc/media_codecs_google_tv.xml
04-15 17:05:20.337 453 498 D MediaCodecsXmlParser: parsing /vendor/etc/media_codecs_google_audio.xml...
04-15 17:05:20.363 540 597 W BroadcastLoopers: Found previously unknown looper Thread[PackageManager,5,main]
04-15 17:05:20.378 895 930 V WindowManagerShell: addHandler: StageCoordinator
04-15 17:05:20.392 895 930 D CompatibilityChangeReporter: Compat change id reported: 147798919; UID 10117; state: ENABLED
04-15 17:05:20.394 895 930 V WindowManagerShell: SplitScreenController init took 173ms
04-15 17:05:20.394 895 930 V WindowManagerShell: addHandler: PipTransition
04-15 17:05:20.395 895 930 V WindowManagerShell: PipTransition init took 0ms
04-15 17:05:20.436 453 498 D MediaCodecsXmlParser: parsing /vendor/etc/media_codecs_google_telephony.xml...
04-15 17:05:20.448 453 498 D MediaCodecsXmlParser: parsing /vendor/etc/media_codecs_google_video.xml...
04-15 17:05:20.468 453 498 D MediaCodecsXmlParser: parsing /vendor/etc/media_codecs_performance.xml...
04-15 17:05:20.507 453 498 I MediaCodecsXmlParser: Did not find media_codecs_shaping.xml in search path
04-15 17:05:20.524 895 930 V WindowManagerShell: PipTouchHandler init took 125ms
04-15 17:05:20.525 895 930 V WindowManagerShell: DevicePostureController init took 1ms
04-15 17:05:20.525 895 930 V WindowManagerShell: TabletopModeController init took 0ms
04-15 17:05:20.526 895 930 V WindowManagerShell: Adding dump callback for PipController
04-15 17:05:20.554 453 498 I MediaCodecsXmlParser: Did not find media_codecs_shaping.xml in search path
04-15 17:05:20.556 343 343 I GoldfishComponentStore: in init
04-15 17:05:20.557 343 343 I GoldfishComponentStore: loading dll of path libcodec2_goldfish_avcdec.so
04-15 17:05:20.558 343 343 I GoldfishComponentStore: Create()
04-15 17:05:20.560 343 343 I GoldfishComponentStore: created interface
04-15 17:05:20.562 343 343 I GoldfishComponentStore: created interface
04-15 17:05:20.571 343 343 E Codec2-FilterWrapper: plugin not OK: -19
04-15 17:05:20.587 453 498 I Codec2InfoBuilder: adding type 'video/avc'
04-15 17:05:20.589 895 930 V WindowManagerShell: Adding external interface from PipController with key extra_shell_pip
04-15 17:05:20.589 895 930 V WindowManagerShell: PipController init took 63ms
04-15 17:05:20.589 895 930 V WindowManagerShell: FullscreenTaskListener init took 0ms
04-15 17:05:20.590 895 930 V WindowManagerShell: FreeformTaskTransitionHandler init took 1ms
04-15 17:05:20.590 895 930 V WindowManagerShell: addHandler: RecentsTransitionHandler
04-15 17:05:20.590 895 930 V WindowManagerShell: RecentsTransitionHandler init took 0ms
04-15 17:05:20.590 895 930 V WindowManagerShell: addHandler: ActivityEmbeddingController
04-15 17:05:20.590 895 930 V WindowManagerShell: ActivityEmbeddingController init took 0ms
04-15 17:05:20.590 895 930 V WindowManagerShell: Adding external interface from StartingWindowController with key extra_shell_starting_window
04-15 17:05:20.590 895 930 V WindowManagerShell: StartingWindowController init took 1ms
04-15 17:05:20.591 895 930 V WindowManagerShell: Adding command class protolog for ProtoLogController
04-15 17:05:20.591 895 930 V WindowManagerShell: ProtoLogController init took 0ms
04-15 17:05:20.591 895 930 V WindowManagerShell: addHandler: KeyguardTransitionHandler
04-15 17:05:20.591 895 930 V WindowManagerShell: KeyguardTransitionHandler init took 0ms
04-15 17:05:20.591 895 930 V WindowManagerShell: addHandler: DefaultMixedHandler
04-15 17:05:20.591 895 930 V WindowManagerShell: DefaultMixedHandler init took 1ms
04-15 17:05:20.619 895 930 D ShellBackPreview: Back animation enabled=false
04-15 17:05:20.621 895 930 V WindowManagerShell: Adding external interface from BackAnimationController with key extra_shell_back_animation
04-15 17:05:20.626 540 571 W BroadcastLoopers: Found previously unknown looper Thread[android.bg,5,main]
04-15 17:05:20.639 895 930 V WindowManagerShell: BackAnimationController init took 47ms
04-15 17:05:20.648 343 343 I GoldfishComponentStore: in ~ComponentModule
04-15 17:05:20.648 343 343 I GoldfishComponentStore: unloading dll
04-15 17:05:20.649 343 398 I GoldfishComponentStore: in init
04-15 17:05:20.650 343 398 I GoldfishComponentStore: loading dll of path libcodec2_goldfish_hevcdec.so
04-15 17:05:20.651 343 398 I GoldfishComponentStore: Create()
04-15 17:05:20.654 343 398 I GoldfishComponentStore: created interface
04-15 17:05:20.655 343 398 I GoldfishComponentStore: created interface
04-15 17:05:20.658 895 930 W Looper : Slow dispatch took 669ms wmshell.main h=android.os.Handler c=com.android.wm.shell.common.ShellExecutor$$ExternalSyntheticLambda0@8a5d59f m=0
04-15 17:05:20.658 895 930 V WindowManagerShell: Display added: 0
04-15 17:05:20.684 453 498 I Codec2InfoBuilder: adding type 'video/hevc'
04-15 17:05:20.695 540 555 D CompatibilityChangeReporter: Compat change id reported: 161145287; UID 10123; state: ENABLED
04-15 17:05:20.723 895 930 D CompatibilityChangeReporter: Compat change id reported: 237531167; UID 10117; state: DISABLED
04-15 17:05:20.740 343 343 I GoldfishComponentStore: in ~ComponentModule
04-15 17:05:20.741 343 343 I GoldfishComponentStore: unloading dll
04-15 17:05:20.742 343 343 I GoldfishComponentStore: in init
04-15 17:05:20.742 343 343 I GoldfishComponentStore: loading dll of path libcodec2_goldfish_vp8dec.so
04-15 17:05:20.743 343 343 I GoldfishComponentStore: Create()
04-15 17:05:20.749 343 343 I C2GoldfishVpxDec: platform store is 0x7b875119b1a8, reflector is 0x7b86d11a13d8
04-15 17:05:20.753 895 930 W OpenGLRenderer: Unknown dataspace 0
04-15 17:05:20.764 343 343 I GoldfishComponentStore: created interface
04-15 17:05:20.770 343 343 I GoldfishComponentStore: created interface
04-15 17:05:20.785 453 498 I Codec2InfoBuilder: adding type 'video/x-vnd.on2.vp8'
04-15 17:05:20.794 343 343 I GoldfishComponentStore: in ~ComponentModule
04-15 17:05:20.794 343 343 I GoldfishComponentStore: unloading dll
04-15 17:05:20.795 343 343 I GoldfishComponentStore: in init
04-15 17:05:20.795 343 343 I GoldfishComponentStore: loading dll of path libcodec2_goldfish_vp9dec.so
04-15 17:05:20.801 343 343 I GoldfishComponentStore: Create()
04-15 17:05:20.808 343 343 I C2GoldfishVpxDec: platform store is 0x7b8751198de8, reflector is 0x7b86d11a13d8
04-15 17:05:20.810 343 343 I GoldfishComponentStore: created interface
04-15 17:05:20.817 343 343 I GoldfishComponentStore: created interface
04-15 17:05:20.825 540 614 D CompatibilityChangeReporter: Compat change id reported: 171306433; UID 1000; state: ENABLED
04-15 17:05:20.841 453 498 I Codec2InfoBuilder: adding type 'video/x-vnd.on2.vp9'
04-15 17:05:20.850 343 343 I GoldfishComponentStore: in ~ComponentModule
04-15 17:05:20.850 343 343 I GoldfishComponentStore: unloading dll
04-15 17:05:20.886 540 614 D GameManagerService: User ID '0' does not have a Game Mode selected for package: 'com.android.systemui'
04-15 17:05:20.918 453 498 I Codec2InfoBuilder: adding type 'audio/mp4a-latm'
04-15 17:05:21.039 895 930 W Looper : Slow delivery took 655ms wmshell.main h=android.os.Handler c=com.android.wm.shell.draganddrop.DragAndDropController$$ExternalSyntheticLambda0@46e2b6d m=0
04-15 17:05:21.044 895 930 W Looper : Slow dispatch took 381ms wmshell.main h=android.os.Handler c=com.android.wm.shell.draganddrop.DragAndDropController$$ExternalSyntheticLambda0@46e2b6d m=0
04-15 17:05:21.048 453 498 I Codec2InfoBuilder: adding type 'audio/mp4a-latm'
04-15 17:05:21.121 895 930 W Looper : Slow dispatch took 47ms wmshell.main h=android.os.Handler c=android.window.TaskOrganizer$1$$ExternalSyntheticLambda5@6ae97ee m=0
04-15 17:05:21.184 453 498 I Codec2InfoBuilder: adding type 'audio/3gpp'
04-15 17:05:21.199 453 498 I Codec2InfoBuilder: adding type 'audio/3gpp'
04-15 17:05:21.214 895 930 W Looper : Slow dispatch took 92ms wmshell.main h=android.os.Handler c=android.window.TaskOrganizer$1$$ExternalSyntheticLambda5@9a80ff3 m=0
04-15 17:05:21.234 453 498 I Codec2InfoBuilder: adding type 'audio/amr-wb'
04-15 17:05:21.241 540 950 D CoreBackPreview: Window{1ccecae u0 ShellDropTarget}: Setting back callback OnBackInvokedCallbackInfo{mCallback=android.window.IOnBackInvokedCallback$Stub$Proxy@f2448a2, mPriority=0, mIsAnimationCallback=false}
04-15 17:05:21.282 895 930 W Looper : Slow dispatch took 48ms wmshell.main h=android.view.Choreographer$FrameHandler c=android.view.Choreographer$FrameDisplayEventReceiver@128cf29 m=0
04-15 17:05:21.285 453 498 I Codec2InfoBuilder: adding type 'audio/amr-wb'
04-15 17:05:21.322 453 498 I Codec2InfoBuilder: adding type 'video/av01'
04-15 17:05:21.424 453 498 I Codec2InfoBuilder: adding type 'video/av01'
04-15 17:05:21.446 905 905 I RuntimePermissions: observing PreinstalledUserPackageInfoLiveData for 0 in RuntimePermissionsUpgradeController
04-15 17:05:21.552 453 498 I Codec2InfoBuilder: adding type 'video/avc'
04-15 17:05:21.621 540 555 D PackageManager: Instant App installer not found with android.intent.action.INSTALL_INSTANT_APP_PACKAGE
04-15 17:05:21.622 540 555 D PackageManager: Clear ephemeral installer activity
04-15 17:05:21.717 460 495 I mediaswcodec: missing struct descriptor #Param::CoreIndex(--004) for field values of struct #Param::CoreIndex(F-12004)
04-15 17:05:21.718 460 495 I mediaswcodec: missing struct descriptor #Param::CoreIndex(--1812) for field values of struct #Param::CoreIndex(F-11812)
04-15 17:05:21.722 460 495 I mediaswcodec: missing struct descriptor #Param::CoreIndex(--004) for field values of struct #Param::CoreIndex(F-12004)
04-15 17:05:21.722 460 495 I mediaswcodec: missing struct descriptor #Param::CoreIndex(--1812) for field values of struct #Param::CoreIndex(F-11812)
04-15 17:05:21.748 453 498 I Codec2InfoBuilder: adding type 'video/avc'
04-15 17:05:21.765 460 953 D C2SoftAvcEnc: Given level 0 does not cover current configuration: adjusting to 5000
04-15 17:05:21.832 453 498 I Codec2InfoBuilder: adding type 'audio/flac'
04-15 17:05:21.890 453 498 I Codec2InfoBuilder: adding type 'audio/flac'
04-15 17:05:21.939 453 498 I Codec2InfoBuilder: adding type 'audio/g711-alaw'
04-15 17:05:21.965 453 498 I Codec2InfoBuilder: adding type 'audio/g711-mlaw'
04-15 17:05:22.008 453 498 D Codec2InfoBuilder: codec entry for 'c2.android.gsm.decoder' is disabled
04-15 17:05:22.041 453 498 I Codec2InfoBuilder: adding type 'video/3gpp'
04-15 17:05:22.058 460 953 D C2SoftH263Enc: Given level 3004 does not cover current configuration: adjusting to 3003
04-15 17:05:22.072 460 953 D C2SoftH263Enc: Given level 3004 does not cover current configuration: adjusting to 3003
04-15 17:05:22.093 453 498 I Codec2InfoBuilder: adding type 'video/3gpp'
04-15 17:05:22.095 460 495 D C2SoftH263Enc: Given level 0 does not cover current configuration: adjusting to 3003
04-15 17:05:22.111 453 498 I Codec2InfoBuilder: adding type 'video/hevc'
04-15 17:05:22.122 460 953 I mediaswcodec: missing struct descriptor #Param::CoreIndex(--004) for field values of struct #Param::CoreIndex(F-12004)
04-15 17:05:22.125 460 953 I mediaswcodec: missing struct descriptor #Param::CoreIndex(--1812) for field values of struct #Param::CoreIndex(F-11812)
04-15 17:05:22.128 460 953 I mediaswcodec: missing struct descriptor #Param::CoreIndex(--004) for field values of struct #Param::CoreIndex(F-12004)
04-15 17:05:22.130 460 953 I mediaswcodec: missing struct descriptor #Param::CoreIndex(--1812) for field values of struct #Param::CoreIndex(F-11812)
04-15 17:05:22.154 453 498 I Codec2InfoBuilder: adding type 'video/hevc'
04-15 17:05:22.180 460 953 D C2SoftHevcEnc: Given level 0 does not cover current configuration: adjusting to 6000
04-15 17:05:22.248 453 498 I Codec2InfoBuilder: adding type 'audio/mpeg'
04-15 17:05:22.283 453 498 D Codec2InfoBuilder: codec entry for 'c2.android.mpeg2.decoder' is disabled
04-15 17:05:22.337 895 895 D CompatibilityChangeReporter: Compat change id reported: 183155436; UID 10117; state: ENABLED
04-15 17:05:22.370 540 555 D CompatibilityChangeReporter: Compat change id reported: 157233955; UID 10117; state: ENABLED
04-15 17:05:22.399 453 498 I Codec2InfoBuilder: adding type 'video/mp4v-es'
04-15 17:05:22.463 453 498 I Codec2InfoBuilder: adding type 'video/mp4v-es'
04-15 17:05:22.478 460 953 D C2SoftMpeg4Enc: Given level 0 does not cover current configuration: adjusting to 4003
04-15 17:05:22.504 453 498 I Codec2InfoBuilder: adding type 'audio/opus'
04-15 17:05:22.571 895 895 I FalsingManager: xdpi, ydpi: 420.0, 420.0
04-15 17:05:22.582 895 895 I FalsingManager: width, height: 1080, 2400
04-15 17:05:22.588 453 498 I Codec2InfoBuilder: adding type 'audio/opus'
04-15 17:05:22.619 453 498 I Codec2InfoBuilder: adding type 'audio/raw'
04-15 17:05:22.662 0 0 I init : starting service 'idmap2d'...
04-15 17:05:22.690 453 498 I Codec2InfoBuilder: adding type 'audio/vorbis'
04-15 17:05:22.737 0 0 I init : ... started service 'idmap2d' has pid 966
04-15 17:05:22.737 0 0 I init : Control message: Processed ctl.start for 'idmap2d' from pid: 540 (system_server)
04-15 17:05:22.865 453 498 I Codec2InfoBuilder: adding type 'video/x-vnd.on2.vp8'
04-15 17:05:22.991 460 952 I C2SoftVpxEnc: setting temporal layering 0 + 0
04-15 17:05:23.060 460 952 I C2SoftVpxEnc: setting temporal layering 0 + 0
04-15 17:05:23.063 453 498 I Codec2InfoBuilder: adding type 'video/x-vnd.on2.vp8'
04-15 17:05:23.085 540 950 W system_server: Long monitor contention with owner ActivityManager (572) at void com.android.server.am.BroadcastQueueModernImpl.checkPendingColdStartValidity()(BroadcastQueueModernImpl.java:551) waiters=0 in android.content.Intent com.android.server.am.ActivityManagerService.registerReceiverWithFeature(android.app.IApplicationThread, java.lang.String, java.lang.String, java.lang.String, android.content.IIntentReceiver, android.content.IntentFilter, java.lang.String, int, int) for 443ms
04-15 17:05:23.089 966 966 I idmap2d : Starting
04-15 17:05:23.091 540 571 W system_server: Long monitor contention with owner ActivityManager (572) at void com.android.server.am.BroadcastQueueModernImpl.checkPendingColdStartValidity()(BroadcastQueueModernImpl.java:551) waiters=1 in int com.android.server.am.ActivityManagerService.broadcastIntentWithFeature(android.app.IApplicationThread, java.lang.String, android.content.Intent, java.lang.String, android.content.IIntentReceiver, int, java.lang.String, android.os.Bundle, java.lang.String[], java.lang.String[], java.lang.String[], int, android.os.Bundle, boolean, boolean, int) for 308ms
04-15 17:05:23.101 540 556 W system_server: Long monitor contention with owner ActivityManager (572) at void com.android.server.am.BroadcastQueueModernImpl.checkPendingColdStartValidity()(BroadcastQueueModernImpl.java:551) waiters=2 in android.content.Intent com.android.server.am.ActivityManagerService.registerReceiverWithFeature(android.app.IApplicationThread, java.lang.String, java.lang.String, java.lang.String, android.content.IIntentReceiver, android.content.IntentFilter, java.lang.String, int, int) for 234ms
04-15 17:05:23.105 895 930 W Looper : Drained
04-15 17:05:23.115 453 498 I Codec2InfoBuilder: adding type 'video/x-vnd.on2.vp9'
04-15 17:05:23.137 966 966 W idmap2d : failed to parse idmap header of '/data/resource-cache/vendor@overlay@SystemUI__auto_generated_rro_vendor.apk@idmap'
04-15 17:05:23.173 966 971 W idmap2d : failed to find resource 'bool/config_show4GForLTE'
04-15 17:05:23.175 966 971 E idmap2d : no resources were overlaid
04-15 17:05:23.176 460 460 I C2SoftVpxEnc: setting temporal layering 0 + 0
04-15 17:05:23.179 460 460 I C2SoftVpxEnc: setting temporal layering 0 + 0
04-15 17:05:23.194 453 498 I Codec2InfoBuilder: adding type 'video/x-vnd.on2.vp9'
04-15 17:05:23.200 460 952 D C2SoftVpxEnc: Given level 0 does not cover current configuration: adjusting to 7000
04-15 17:05:23.222 895 959 W Looper : Slow dispatch took 1014ms BroadcastRunning h=com.android.systemui.broadcast.BroadcastDispatcher$handler$1 c=null m=0
04-15 17:05:23.226 540 907 D MediaCodecList: codecHandlesFormat: no format, so no extra checks
04-15 17:05:23.336 540 920 D CCodec : allocate(c2.android.vorbis.decoder)
04-15 17:05:23.364 540 920 I Codec2Client: Available Codec2 services: "default" "software"
04-15 17:05:23.410 540 920 I CCodec : setting up 'default' as default (vendor) store
04-15 17:05:23.580 895 959 W Looper : Slow delivery took 1028ms BroadcastRunning h=com.android.systemui.broadcast.BroadcastDispatcher$handler$1 c=null m=0
04-15 17:05:23.601 895 895 W Settings: Setting secure_frp_mode has moved from android.provider.Settings.Secure to android.provider.Settings.Global, returning global URI.
04-15 17:05:23.619 540 920 I CCodec : Created component [c2.android.vorbis.decoder]
04-15 17:05:23.629 540 920 D CCodecConfig: read media type: audio/vorbis
04-15 17:05:23.710 895 895 D NavigationModeController: getCurrentUserContext: contextUser=0 currentUser=0
04-15 17:05:23.714 895 895 D NavigationModeController: getCurrentInteractionMode: mode=0 contextUser=0
04-15 17:05:23.731 895 895 D NavigationModeController: updateCurrentInteractionMode: mode=0
04-15 17:05:23.736 895 895 D NavigationModeController: contextUser=0
04-15 17:05:23.737 895 895 D NavigationModeController: assetPaths=
04-15 17:05:23.738 895 895 D NavigationModeController: and /system/framework/framework-res.apk
04-15 17:05:23.738 895 895 D NavigationModeController: /vendor/overlay/framework-res__auto_generated_rro_vendor.apk
04-15 17:05:23.738 895 895 D NavigationModeController: and /system_ext/priv-app/SystemUI/SystemUI.apk
04-15 17:05:23.754 540 920 D ReflectedParamUpdater: extent() != 1 for single value type: algo.buffers.max-count.values
04-15 17:05:23.776 540 920 D ReflectedParamUpdater: extent() != 1 for single value type: output.subscribed-indices.values
04-15 17:05:23.784 540 920 D ReflectedParamUpdater: extent() != 1 for single value type: input.buffers.allocator-ids.values
04-15 17:05:23.792 540 920 D ReflectedParamUpdater: extent() != 1 for single value type: output.buffers.allocator-ids.values
04-15 17:05:23.808 540 920 D ReflectedParamUpdater: extent() != 1 for single value type: algo.buffers.allocator-ids.values
04-15 17:05:23.814 540 920 D ReflectedParamUpdater: extent() != 1 for single value type: output.buffers.pool-ids.values
04-15 17:05:23.820 540 920 D ReflectedParamUpdater: extent() != 1 for single value type: algo.buffers.pool-ids.values
04-15 17:05:23.842 895 956 V MediaRouter: Selecting route: RouteInfo{ name=Phone, description=null, status=null, category=RouteCategory{ name=System types=ROUTE_TYPE_LIVE_AUDIO ROUTE_TYPE_LIVE_VIDEO groupable=false }, supportedTypes=ROUTE_TYPE_LIVE_AUDIO ROUTE_TYPE_LIVE_VIDEO , presentationDisplay=null }
04-15 17:05:23.854 895 956 I MediaRouter: Skip setBluetoothA2dpOn(): types=8388615, isPlaybackActive()=false, BT route=null
04-15 17:05:23.884 540 920 I CCodecConfig: query failed after returning 7 values (BAD_INDEX)
04-15 17:05:23.889 540 920 D CCodecConfig: c2 config diff is Dict {
04-15 17:05:23.889 540 920 D CCodecConfig: c2::u32 coded.bitrate.value = 64000
04-15 17:05:23.889 540 920 D CCodecConfig: c2::u32 input.buffers.max-size.value = 32768
04-15 17:05:23.889 540 920 D CCodecConfig: c2::u32 input.delay.value = 0
04-15 17:05:23.889 540 920 D CCodecConfig: string input.media-type.value = "audio/vorbis"
04-15 17:05:23.889 540 920 D CCodecConfig: string output.media-type.value = "audio/raw"
04-15 17:05:23.889 540 920 D CCodecConfig: c2::u32 raw.channel-count.value = 1
04-15 17:05:23.889 540 920 D CCodecConfig: c2::u32 raw.sample-rate.value = 48000
04-15 17:05:23.889 540 920 D CCodecConfig: }
04-15 17:05:23.941 540 920 D MediaCodec: flushMediametrics
04-15 17:05:23.943 540 920 D CCodec : [c2.android.vorbis.decoder] buffers are bound to CCodec for this session
04-15 17:05:23.948 540 920 D CCodecConfig: no c2 equivalents for durationUs
04-15 17:05:23.949 540 920 D CCodecConfig: no c2 equivalents for track-id
04-15 17:05:23.949 540 920 D CCodecConfig: no c2 equivalents for csd-1
04-15 17:05:23.950 540 920 D CCodecConfig: no c2 equivalents for flags
04-15 17:05:23.976 540 920 D CCodecConfig: c2 config diff is c2::u32 coded.bitrate.value = 96000
04-15 17:05:23.976 540 920 D CCodecConfig: c2::u32 raw.channel-count.value = 2
04-15 17:05:23.979 895 895 D NavigationModeController: getCurrentInteractionMode: mode=0 contextUser=0
04-15 17:05:23.984 540 920 W Codec2Client: query -- param skipped: index = 1107298332.
04-15 17:05:23.984 540 920 D CCodec : encoding statistics level = 0
04-15 17:05:23.985 540 920 D CCodec : setup formats input: AMessage(what = 0x00000000) = {
04-15 17:05:23.985 540 920 D CCodec : int32_t bitrate = 96000
04-15 17:05:23.985 540 920 D CCodec : int32_t channel-count = 2
04-15 17:05:23.985 540 920 D CCodec : int32_t max-input-size = 32768
04-15 17:05:23.985 540 920 D CCodec : string mime = "audio/vorbis"
04-15 17:05:23.985 540 920 D CCodec : int32_t sample-rate = 48000
04-15 17:05:23.985 540 920 D CCodec : }
04-15 17:05:23.985 540 920 D CCodec : setup formats output: AMessage(what = 0x00000000) = {
04-15 17:05:23.985 540 920 D CCodec : int32_t channel-count = 2
04-15 17:05:23.985 540 920 D CCodec : string mime = "audio/raw"
04-15 17:05:23.985 540 920 D CCodec : int32_t sample-rate = 48000
04-15 17:05:23.985 540 920 D CCodec : int32_t channel-mask = 3
04-15 17:05:23.985 540 920 D CCodec : int32_t android._config-pcm-encoding = 2
04-15 17:05:23.985 540 920 D CCodec : }
04-15 17:05:23.992 540 920 I CCodecConfig: query failed after returning 7 values (BAD_INDEX)
04-15 17:05:24.003 540 920 W Codec2Client: query -- param skipped: index = 1342179345.
04-15 17:05:24.003 540 920 W Codec2Client: query -- param skipped: index = 2415921170.
04-15 17:05:24.005 540 920 D C2Store : Using DMABUF Heaps
04-15 17:05:24.021 540 920 D CCodecBufferChannel: [c2.android.vorbis.decoder#121] Created input block pool with allocatorID 16 => poolID 17 - OK (0)
04-15 17:05:24.022 460 952 D C2Store : Using DMABUF Heaps
04-15 17:05:24.042 540 920 I CCodecBufferChannel: [c2.android.vorbis.decoder#121] Created output block pool with allocatorID 16 => poolID 17 - OK
04-15 17:05:24.043 540 920 D CCodecBufferChannel: [c2.android.vorbis.decoder#121] Configured output block pool ids 17 => OK
04-15 17:05:24.051 540 920 I DMABUFHEAPS: Using DMA-BUF heap named: system
04-15 17:05:24.070 460 983 D SimpleC2Component: Using output block pool with poolID 17 => got 17 - 0
04-15 17:05:24.158 895 895 D CompatibilityChangeReporter: Compat change id reported: 247079863; UID 10117; state: ENABLED
04-15 17:05:24.192 460 983 I DMABUFHEAPS: Using DMA-BUF heap named: system
04-15 17:05:24.461 540 920 D CCodecBufferChannel: [c2.android.vorbis.decoder#121] MediaCodec discarded an unknown buffer
04-15 17:05:24.462 540 920 D CCodecBufferChannel: [c2.android.vorbis.decoder#121] MediaCodec discarded an unknown buffer
04-15 17:05:24.462 540 920 D CCodecBufferChannel: [c2.android.vorbis.decoder#121] MediaCodec discarded an unknown buffer
04-15 17:05:24.504 460 952 I hw-BpHwBinder: onLastStrongRef automatically unlinking death recipients
04-15 17:05:24.505 460 952 I hw-BpHwBinder: onLastStrongRef automatically unlinking death recipients
04-15 17:05:24.537 540 990 I hw-BpHwBinder: onLastStrongRef automatically unlinking death recipients
04-15 17:05:24.550 540 907 D MediaCodec: flushMediametrics
04-15 17:05:24.707 540 907 D MediaCodecList: codecHandlesFormat: no format, so no extra checks
04-15 17:05:24.737 540 993 D CCodec : allocate(c2.android.vorbis.decoder)
04-15 17:05:24.754 540 993 I CCodec : setting up 'default' as default (vendor) store
04-15 17:05:24.760 540 556 W system_server: Long monitor contention with owner PackageManager (597) at void com.android.server.pm.PackageManagerService.writeSettings(boolean)(PackageManagerService.java:1491) waiters=0 in com.android.server.pm.Computer com.android.server.pm.PackageManagerService.snapshotComputer(boolean) for 245ms
04-15 17:05:24.785 540 993 I CCodec : Created component [c2.android.vorbis.decoder]
04-15 17:05:24.788 540 993 D CCodecConfig: read media type: audio/vorbis
04-15 17:05:24.872 895 959 W Looper : Drained
04-15 17:05:24.907 895 895 D MediaResumeListener: loaded resume components for 0: []
04-15 17:05:24.935 895 895 D CompatibilityChangeReporter: Compat change id reported: 263076149; UID 10117; state: ENABLED
04-15 17:05:24.940 540 993 D ReflectedParamUpdater: extent() != 1 for single value type: algo.buffers.max-count.values
04-15 17:05:24.952 540 993 D ReflectedParamUpdater: extent() != 1 for single value type: output.subscribed-indices.values
04-15 17:05:24.960 540 993 D ReflectedParamUpdater: extent() != 1 for single value type: input.buffers.allocator-ids.values
04-15 17:05:24.969 540 993 D ReflectedParamUpdater: extent() != 1 for single value type: output.buffers.allocator-ids.values
04-15 17:05:24.972 540 993 D ReflectedParamUpdater: extent() != 1 for single value type: algo.buffers.allocator-ids.values
04-15 17:05:24.979 540 993 D ReflectedParamUpdater: extent() != 1 for single value type: output.buffers.pool-ids.values
04-15 17:05:24.981 540 993 D ReflectedParamUpdater: extent() != 1 for single value type: algo.buffers.pool-ids.values
04-15 17:05:24.989 895 895 D LocalBluetoothProfileManager: LocalBluetoothProfileManager construction complete
04-15 17:05:25.011 895 895 D LocalBluetoothProfileManager: Adding local Hearing Aid profile
04-15 17:05:25.013 540 993 I CCodecConfig: query failed after returning 7 values (BAD_INDEX)
04-15 17:05:25.013 540 993 D CCodecConfig: c2 config diff is Dict {
04-15 17:05:25.013 540 993 D CCodecConfig: c2::u32 coded.bitrate.value = 64000
04-15 17:05:25.013 540 993 D CCodecConfig: c2::u32 input.buffers.max-size.value = 32768
04-15 17:05:25.013 540 993 D CCodecConfig: c2::u32 input.delay.value = 0
04-15 17:05:25.013 540 993 D CCodecConfig: string input.media-type.value = "audio/vorbis"
04-15 17:05:25.013 540 993 D CCodecConfig: string output.media-type.value = "audio/raw"
04-15 17:05:25.013 540 993 D CCodecConfig: c2::u32 raw.channel-count.value = 1
04-15 17:05:25.013 540 993 D CCodecConfig: c2::u32 raw.sample-rate.value = 48000
04-15 17:05:25.013 540 993 D CCodecConfig: }
04-15 17:05:25.029 540 993 D MediaCodec: flushMediametrics
04-15 17:05:25.030 540 993 D CCodec : [c2.android.vorbis.decoder] buffers are bound to CCodec for this session
04-15 17:05:25.031 540 993 D CCodecConfig: no c2 equivalents for durationUs
04-15 17:05:25.032 540 993 D CCodecConfig: no c2 equivalents for track-id
04-15 17:05:25.032 540 993 D CCodecConfig: no c2 equivalents for csd-1
04-15 17:05:25.033 540 993 D CCodecConfig: no c2 equivalents for flags
04-15 17:05:25.042 540 993 D CCodecConfig: c2 config diff is c2::u32 coded.bitrate.value = 140000
04-15 17:05:25.044 895 895 D BluetoothHearingAid: Binding service...
04-15 17:05:25.045 540 555 D BluetoothManagerService: Trying to bind to profile: 21, while Bluetooth was disabled
04-15 17:05:25.049 540 993 W Codec2Client: query -- param skipped: index = 1107298332.
04-15 17:05:25.049 540 993 D CCodec : encoding statistics level = 0
04-15 17:05:25.050 540 993 D CCodec : setup formats input: AMessage(what = 0x00000000) = {
04-15 17:05:25.050 540 993 D CCodec : int32_t bitrate = 140000
04-15 17:05:25.050 540 993 D CCodec : int32_t channel-count = 1
04-15 17:05:25.050 540 993 D CCodec : int32_t max-input-size = 32768
04-15 17:05:25.050 540 993 D CCodec : string mime = "audio/vorbis"
04-15 17:05:25.050 540 993 D CCodec : int32_t sample-rate = 48000
04-15 17:05:25.050 540 993 D CCodec : }
04-15 17:05:25.050 540 993 D CCodec : setup formats output: AMessage(what = 0x00000000) = {
04-15 17:05:25.050 540 993 D CCodec : int32_t channel-count = 1
04-15 17:05:25.050 540 993 D CCodec : string mime = "audio/raw"
04-15 17:05:25.050 540 993 D CCodec : int32_t sample-rate = 48000
04-15 17:05:25.050 540 993 D CCodec : int32_t channel-mask = 1
04-15 17:05:25.050 540 993 D CCodec : int32_t android._config-pcm-encoding = 2
04-15 17:05:25.050 540 993 D CCodec : }
04-15 17:05:25.052 540 993 I CCodecConfig: query failed after returning 7 values (BAD_INDEX)
04-15 17:05:25.060 540 555 I MR2ServiceImpl: registerManager | uid: 10117, pid: 895, package: com.android.systemui, user: 0
04-15 17:05:25.065 540 993 W Codec2Client: query -- param skipped: index = 1342179345.
04-15 17:05:25.065 540 993 W Codec2Client: query -- param skipped: index = 2415921170.
04-15 17:05:25.071 540 993 D CCodecBufferChannel: [c2.android.vorbis.decoder#825] Created input block pool with allocatorID 16 => poolID 18 - OK (0)
04-15 17:05:25.085 540 993 I CCodecBufferChannel: [c2.android.vorbis.decoder#825] Created output block pool with allocatorID 16 => poolID 18 - OK
04-15 17:05:25.089 540 993 D CCodecBufferChannel: [c2.android.vorbis.decoder#825] Configured output block pool ids 18 => OK
04-15 17:05:25.099 460 994 D SimpleC2Component: Using output block pool with poolID 18 => got 18 - 0
04-15 17:05:25.380 540 993 D CCodecBufferChannel: [c2.android.vorbis.decoder#825] MediaCodec discarded an unknown buffer
04-15 17:05:25.381 540 993 D CCodecBufferChannel: [c2.android.vorbis.decoder#825] MediaCodec discarded an unknown buffer
04-15 17:05:25.384 540 993 D CCodecBufferChannel: [c2.android.vorbis.decoder#825] MediaCodec discarded an unknown buffer
04-15 17:05:25.391 895 895 D KeyguardBouncerRepositoryImpl: Keyguard Bouncer is hiding.
04-15 17:05:25.431 540 1004 I hw-BpHwBinder: onLastStrongRef automatically unlinking death recipients
04-15 17:05:25.433 460 460 I hw-BpHwBinder: onLastStrongRef automatically unlinking death recipients
04-15 17:05:25.434 460 460 I hw-BpHwBinder: onLastStrongRef automatically unlinking death recipients
04-15 17:05:25.453 540 907 D MediaCodec: flushMediametrics
04-15 17:05:25.726 895 895 D BiometricsRepositoryImpl: Registering StrongAuthTracker
04-15 17:05:25.796 540 907 D MediaCodecList: codecHandlesFormat: no format, so no extra checks
04-15 17:05:25.824 540 1007 D CCodec : allocate(c2.android.vorbis.decoder)
04-15 17:05:25.831 540 1007 I CCodec : setting up 'default' as default (vendor) store
04-15 17:05:25.842 895 895 D BiometricsRepositoryImpl: currentUser authFlags changed, new value: AuthenticationFlags(userId=0, flag=1)
04-15 17:05:25.863 540 1007 I CCodec : Created component [c2.android.vorbis.decoder]
04-15 17:05:25.880 540 1007 D CCodecConfig: read media type: audio/vorbis
04-15 17:05:25.896 895 895 D BiometricsRepositoryImpl: isNonStrongBiometricAllowed changed for current user
04-15 17:05:25.984 540 1007 D ReflectedParamUpdater: extent() != 1 for single value type: algo.buffers.max-count.values
04-15 17:05:25.996 540 1007 D ReflectedParamUpdater: extent() != 1 for single value type: output.subscribed-indices.values
04-15 17:05:25.999 540 1007 D ReflectedParamUpdater: extent() != 1 for single value type: input.buffers.allocator-ids.values
04-15 17:05:26.001 540 1007 D ReflectedParamUpdater: extent() != 1 for single value type: output.buffers.allocator-ids.values
04-15 17:05:26.007 540 1007 D ReflectedParamUpdater: extent() != 1 for single value type: algo.buffers.allocator-ids.values
04-15 17:05:26.036 540 1007 D ReflectedParamUpdater: extent() != 1 for single value type: output.buffers.pool-ids.values
04-15 17:05:26.043 540 1007 D ReflectedParamUpdater: extent() != 1 for single value type: algo.buffers.pool-ids.values
04-15 17:05:26.058 895 895 W AlarmManager: Unrecognized alarm listener com.android.systemui.keyguard.KeyguardSliceProvider$$ExternalSyntheticLambda0@5240800
04-15 17:05:26.103 540 1007 I CCodecConfig: query failed after returning 7 values (BAD_INDEX)
04-15 17:05:26.103 540 1007 D CCodecConfig: c2 config diff is Dict {
04-15 17:05:26.103 540 1007 D CCodecConfig: c2::u32 coded.bitrate.value = 64000
04-15 17:05:26.103 540 1007 D CCodecConfig: c2::u32 input.buffers.max-size.value = 32768
04-15 17:05:26.103 540 1007 D CCodecConfig: c2::u32 input.delay.value = 0
04-15 17:05:26.103 540 1007 D CCodecConfig: string input.media-type.value = "audio/vorbis"
04-15 17:05:26.103 540 1007 D CCodecConfig: string output.media-type.value = "audio/raw"
04-15 17:05:26.103 540 1007 D CCodecConfig: c2::u32 raw.channel-count.value = 1
04-15 17:05:26.103 540 1007 D CCodecConfig: c2::u32 raw.sample-rate.value = 48000
04-15 17:05:26.103 540 1007 D CCodecConfig: }
04-15 17:05:26.133 540 1007 D MediaCodec: flushMediametrics
04-15 17:05:26.133 540 1007 D CCodec : [c2.android.vorbis.decoder] buffers are bound to CCodec for this session
04-15 17:05:26.134 540 1007 D CCodecConfig: no c2 equivalents for durationUs
04-15 17:05:26.135 540 1007 D CCodecConfig: no c2 equivalents for track-id
04-15 17:05:26.135 540 1007 D CCodecConfig: no c2 equivalents for csd-1
04-15 17:05:26.140 540 1007 D CCodecConfig: no c2 equivalents for flags
04-15 17:05:26.142 540 1007 D CCodecConfig: c2 config diff is c2::u32 coded.bitrate.value = 140000
04-15 17:05:26.143 540 1007 W Codec2Client: query -- param skipped: index = 1107298332.
04-15 17:05:26.148 540 1007 D CCodec : encoding statistics level = 0
04-15 17:05:26.148 540 1007 D CCodec : setup formats input: AMessage(what = 0x00000000) = {
04-15 17:05:26.148 540 1007 D CCodec : int32_t bitrate = 140000
04-15 17:05:26.148 540 1007 D CCodec : int32_t channel-count = 1
04-15 17:05:26.148 540 1007 D CCodec : int32_t max-input-size = 32768
04-15 17:05:26.148 540 1007 D CCodec : string mime = "audio/vorbis"
04-15 17:05:26.148 540 1007 D CCodec : int32_t sample-rate = 48000
04-15 17:05:26.148 540 1007 D CCodec : }
04-15 17:05:26.149 540 1007 D CCodec : setup formats output: AMessage(what = 0x00000000) = {
04-15 17:05:26.149 540 1007 D CCodec : int32_t channel-count = 1
04-15 17:05:26.149 540 1007 D CCodec : string mime = "audio/raw"
04-15 17:05:26.149 540 1007 D CCodec : int32_t sample-rate = 48000
04-15 17:05:26.149 540 1007 D CCodec : int32_t channel-mask = 1
04-15 17:05:26.149 540 1007 D CCodec : int32_t android._config-pcm-encoding = 2
04-15 17:05:26.149 540 1007 D CCodec : }
04-15 17:05:26.150 540 1007 I CCodecConfig: query failed after returning 7 values (BAD_INDEX)
04-15 17:05:26.157 540 1007 W Codec2Client: query -- param skipped: index = 1342179345.
04-15 17:05:26.158 540 1007 W Codec2Client: query -- param skipped: index = 2415921170.
04-15 17:05:26.236 540 1007 D CCodecBufferChannel: [c2.android.vorbis.decoder#412] Created input block pool with allocatorID 16 => poolID 19 - OK (0)
04-15 17:05:26.246 540 1007 I CCodecBufferChannel: [c2.android.vorbis.decoder#412] Created output block pool with allocatorID 16 => poolID 19 - OK
04-15 17:05:26.252 540 1007 D CCodecBufferChannel: [c2.android.vorbis.decoder#412] Configured output block pool ids 19 => OK
04-15 17:05:26.311 460 1008 D SimpleC2Component: Using output block pool with poolID 19 => got 19 - 0
04-15 17:05:26.397 895 895 V SystemUIBootTiming: DependencyInjection took to complete: 2ms
04-15 17:05:26.404 392 437 E EGL_emulation: eglQueryContext 3100 EGL_BAD_ATTRIBUTE
04-15 17:05:26.404 392 437 E EGL_emulation: tid 437: eglQueryContext(2146): error 0x3004 (EGL_BAD_ATTRIBUTE)
04-15 17:05:26.410 895 955 E AppWidgetManager: Nofity service of inheritance info
04-15 17:05:26.410 895 955 E AppWidgetManager: java.lang.IllegalStateException: User 0 must be unlocked for widgets to be available
04-15 17:05:26.410 895 955 E AppWidgetManager: at android.os.Parcel.createExceptionOrNull(Parcel.java:3065)
04-15 17:05:26.410 895 955 E AppWidgetManager: at android.os.Parcel.createException(Parcel.java:3041)
04-15 17:05:26.410 895 955 E AppWidgetManager: at android.os.Parcel.readException(Parcel.java:3024)
04-15 17:05:26.410 895 955 E AppWidgetManager: at android.os.Parcel.readException(Parcel.java:2966)
04-15 17:05:26.410 895 955 E AppWidgetManager: at com.android.internal.appwidget.IAppWidgetService$Stub$Proxy.getInstalledProvidersForProfile(IAppWidgetService.java:990)
04-15 17:05:26.410 895 955 E AppWidgetManager: at android.appwidget.AppWidgetManager.getInstalledProvidersForProfile(AppWidgetManager.java:923)
04-15 17:05:26.410 895 955 E AppWidgetManager: at android.appwidget.AppWidgetManager.getInstalledProvidersForPackage(AppWidgetManager.java:857)
04-15 17:05:26.410 895 955 E AppWidgetManager: at android.appwidget.AppWidgetManager.lambda$new$3(AppWidgetManager.java:536)
04-15 17:05:26.410 895 955 E AppWidgetManager: at android.appwidget.AppWidgetManager.$r8$lambda$MnZCUjy90wcD58stsygv3SVPbu4(Unknown Source:0)
04-15 17:05:26.410 895 955 E AppWidgetManager: at android.appwidget.AppWidgetManager$$ExternalSyntheticLambda4.run(Unknown Source:2)
04-15 17:05:26.410 895 955 E AppWidgetManager: at android.os.Handler.handleCallback(Handler.java:958)
04-15 17:05:26.410 895 955 E AppWidgetManager: at android.os.Handler.dispatchMessage(Handler.java:99)
04-15 17:05:26.410 895 955 E AppWidgetManager: at android.os.Looper.loopOnce(Looper.java:205)
04-15 17:05:26.410 895 955 E AppWidgetManager: at android.os.Looper.loop(Looper.java:294)
04-15 17:05:26.410 895 955 E AppWidgetManager: at android.os.HandlerThread.run(HandlerThread.java:67)
04-15 17:05:26.410 895 955 E AppWidgetManager: Caused by: android.os.RemoteException: Remote stack trace:
04-15 17:05:26.410 895 955 E AppWidgetManager: at com.android.server.appwidget.AppWidgetServiceImpl.ensureGroupStateLoadedLocked(AppWidgetServiceImpl.java:650)
04-15 17:05:26.410 895 955 E AppWidgetManager: at com.android.server.appwidget.AppWidgetServiceImpl.ensureGroupStateLoadedLocked(AppWidgetServiceImpl.java:644)
04-15 17:05:26.410 895 955 E AppWidgetManager: at com.android.server.appwidget.AppWidgetServiceImpl.getInstalledProvidersForProfile(AppWidgetServiceImpl.java:1708)
04-15 17:05:26.410 895 955 E AppWidgetManager: at com.android.internal.appwidget.IAppWidgetService$Stub.onTransact(IAppWidgetService.java:510)
04-15 17:05:26.410 895 955 E AppWidgetManager: at android.os.Binder.execTransactInternal(Binder.java:1339)
04-15 17:05:26.410 895 955 E AppWidgetManager:
04-15 17:05:26.423 895 895 I SystemUIService: Found SurfaceFlinger's GPU Priority: 0
04-15 17:05:26.435 540 950 I ActivityManager: Flag disabled. Ignoring finishAttachApplication from uid: 10117. pid: 895
04-15 17:05:26.512 540 556 W system_server: Long monitor contention with owner PackageManagerBg (594) at void com.android.server.pm.permission.PermissionManagerServiceImpl.lambda$writeLegacyPermissionStateTEMP$16(int[], com.android.server.pm.PackageSetting)(PermissionManagerServiceImpl.java:4638) waiters=0 in android.content.pm.PermissionInfo com.android.server.pm.permission.PermissionManagerServiceImpl.getPermissionInfo(java.lang.String, int, java.lang.String) for 216ms
04-15 17:05:26.587 895 962 W KeyguardUpdateMonitorLog: invalid subId in handleServiceStateChange()
04-15 17:05:26.600 895 962 W KeyguardUpdateMonitorLog: invalid subId in handleSimStateChange()
04-15 17:05:26.677 540 551 I system_server: Background young concurrent copying GC freed 273654(9039KB) AllocSpace objects, 15(484KB) LOS objects, 33% free, 14MB/21MB, paused 2.227ms,2.225ms total 1.751s
04-15 17:05:26.679 540 1007 D CCodecBufferChannel: [c2.android.vorbis.decoder#412] MediaCodec discarded an unknown buffer
04-15 17:05:26.689 540 553 W System : A resource failed to call release.
04-15 17:05:26.696 540 1007 D CCodecBufferChannel: [c2.android.vorbis.decoder#412] MediaCodec discarded an unknown buffer
04-15 17:05:26.698 540 1007 D CCodecBufferChannel: [c2.android.vorbis.decoder#412] MediaCodec discarded an unknown buffer
04-15 17:05:26.704 540 553 W System : A resource failed to call release.
04-15 17:05:26.705 540 553 W System : A resource failed to call release.
04-15 17:05:26.742 460 494 I hw-BpHwBinder: onLastStrongRef automatically unlinking death recipients
04-15 17:05:26.744 460 494 I hw-BpHwBinder: onLastStrongRef automatically unlinking death recipients
04-15 17:05:26.747 540 1019 I hw-BpHwBinder: onLastStrongRef automatically unlinking death recipients
04-15 17:05:26.812 540 907 D MediaCodec: flushMediametrics
04-15 17:05:27.144 540 907 D MediaCodecList: codecHandlesFormat: no format, so no extra checks
04-15 17:05:27.173 540 1020 D CCodec : allocate(c2.android.vorbis.decoder)
04-15 17:05:27.178 540 1020 I CCodec : setting up 'default' as default (vendor) store
04-15 17:05:27.200 540 1020 I CCodec : Created component [c2.android.vorbis.decoder]
04-15 17:05:27.208 540 1020 D CCodecConfig: read media type: audio/vorbis
04-15 17:05:27.264 540 1020 D ReflectedParamUpdater: extent() != 1 for single value type: algo.buffers.max-count.values
04-15 17:05:27.276 540 1020 D ReflectedParamUpdater: extent() != 1 for single value type: output.subscribed-indices.values
04-15 17:05:27.281 540 1020 D ReflectedParamUpdater: extent() != 1 for single value type: input.buffers.allocator-ids.values
04-15 17:05:27.284 540 1020 D ReflectedParamUpdater: extent() != 1 for single value type: output.buffers.allocator-ids.values
04-15 17:05:27.289 540 1020 D ReflectedParamUpdater: extent() != 1 for single value type: algo.buffers.allocator-ids.values
04-15 17:05:27.293 540 1020 D ReflectedParamUpdater: extent() != 1 for single value type: output.buffers.pool-ids.values
04-15 17:05:27.297 540 1020 D ReflectedParamUpdater: extent() != 1 for single value type: algo.buffers.pool-ids.values
04-15 17:05:27.312 540 1020 I CCodecConfig: query failed after returning 7 values (BAD_INDEX)
04-15 17:05:27.313 540 1020 D CCodecConfig: c2 config diff is Dict {
04-15 17:05:27.313 540 1020 D CCodecConfig: c2::u32 coded.bitrate.value = 64000
04-15 17:05:27.313 540 1020 D CCodecConfig: c2::u32 input.buffers.max-size.value = 32768
