04-15 17:05:40.650 1195 1195 W droid.launcher3: Known variants: atom, sandybridge, silvermont, goldmont, goldmont-plus, tremont, kabylake, default
04-15 17:05:40.746 1195 1195 E droid.launcher3: Not starting debugger since process cannot load the jdwp agent.
04-15 17:05:40.864 1137 1137 I Choreographer: Skipped 54 frames! The application may be doing too much work on its main thread.
04-15 17:05:40.884 392 392 I SurfaceFlinger: Enter boot animation
04-15 17:05:40.891 1106 1106 D BluetoothAdapterService: onCreate()
04-15 17:05:40.907 1137 1159 I OpenGLRenderer: Davey! duration=1399ms; Flags=1, FrameTimelineVsyncId=350, IntendedVsync=189501381583, Vsync=189751381573, InputEventId=0, HandleInputStart=189761743345, AnimationStart=189761749517, PerformTraversalsStart=189761752432, DrawStart=190772866419, FrameDeadline=189518048249, FrameInterval=189753734168, FrameStartTime=16666666, SyncQueued=190776525112, SyncStart=190786397234, IssueDrawCommandsStart=190799678609, SwapBuffers=190861545216, FrameCompleted=190911018908, DequeueBufferDuration=123472, QueueBufferDuration=20023720, GpuCompleted=190910188326, SwapBuffersCompleted=190911018908, DisplayPresentTime=0, CommandSubmissionCompleted=190861545216,
04-15 17:05:40.936 540 564 D ActivityManagerTiming: FinishBooting
04-15 17:05:40.976 540 540 W Looper : Slow dispatch took 163ms main h=android.os.Handler c=null m=1
04-15 17:05:41.103 540 969 D CoreBackPreview: Window{14858cc u0 ScreenDecorOverlayBottom}: Setting back callback OnBackInvokedCallbackInfo{mCallback=android.window.IOnBackInvokedCallback$Stub$Proxy@66655c7, mPriority=0, mIsAnimationCallback=false}
04-15 17:05:41.108 540 564 W KeyguardServiceDelegate: onScreenTurningOn(): no keyguard service!
04-15 17:05:41.126 540 628 D CompatibilityChangeReporter: Compat change id reported: 265195908; UID 10112; state: ENABLED
04-15 17:05:41.195 540 540 W Looper : Slow dispatch took 103ms main h=android.os.Handler c=null m=1
04-15 17:05:41.437 895 1179 I Choreographer: Skipped 69 frames! The application may be doing too much work on its main thread.
04-15 17:05:41.443 540 540 W Looper : Slow dispatch took 114ms main h=android.os.Handler c=null m=1
04-15 17:05:41.518 540 950 D CompatibilityChangeReporter: Compat change id reported: 168419799; UID 10112; state: DISABLED
04-15 17:05:41.519 540 950 D CompatibilityChangeReporter: Compat change id reported: 273564678; UID 10112; state: DISABLED
04-15 17:05:41.536 540 561 I ActivityTaskManager: Displayed com.android.settings/.FallbackHome for user 0: +5s167ms
04-15 17:05:41.537 540 561 W Looper : Slow dispatch took 529ms android.fg h=android.os.Handler c=com.android.server.wm.ActivityMetricsLogger$$ExternalSyntheticLambda0@baf94de m=0
04-15 17:05:41.539 540 561 V WindowManager: Sent Transition #1 createdAt=04-15 17:05:36.003
04-15 17:05:41.549 540 561 V WindowManager: startWCT=WindowContainerTransaction { changes = {} hops = [] errorCallbackToken=null taskFragmentOrganizer=null }
04-15 17:05:41.550 540 561 V WindowManager: info=null
04-15 17:05:41.550 540 561 W Looper : Slow delivery took 535ms android.fg h=android.os.Handler c=com.android.server.wm.Transition$$ExternalSyntheticLambda10@be170d5 m=0
04-15 17:05:41.570 540 950 W ActivityManager: Slow operation: 78ms so far, now at attachApplicationLocked: immediately after bindApplication
04-15 17:05:41.571 540 950 W ActivityManager: Slow operation: 79ms so far, now at attachApplicationLocked: after updateLruProcessLocked
04-15 17:05:41.603 540 950 D CompatibilityChangeReporter: Compat change id reported: 261072174; UID 10117; state: ENABLED
04-15 17:05:41.624 540 949 D CompatibilityChangeReporter: Compat change id reported: 161145287; UID 1002; state: ENABLED
04-15 17:05:41.638 540 561 V WindowManager: Finish Transition #1: created at
04-15 17:05:36.003 collect-started=0.275ms request-sent=84.523ms started=809.63ms ready=1470.742ms sent=4998.772ms finished=5119.319ms
04-15 17:05:41.651 540 561 W Looper : Slow dispatch took 100ms android.fg h=android.os.Handler c=com.android.server.wm.Transition$$ExternalSyntheticLambda2@957e58d m=0
04-15 17:05:41.655 540 561 W Looper : Drained
04-15 17:05:41.668 1195 1195 D CompatibilityChangeReporter: Compat change id reported: 171979766; UID 10112; state: ENABLED
04-15 17:05:41.670 1195 1195 D CompatibilityChangeReporter: Compat change id reported: 242716250; UID 10112; state: ENABLED
04-15 17:05:41.678 1134 1134 D CarrierIdDatabaseHelper: onCreate
04-15 17:05:41.789 1106 1106 D AdapterState: make() - Creating AdapterState
04-15 17:05:41.816 540 950 D CompatibilityChangeReporter: Compat change id reported: 170503758; UID 10112; state: ENABLED
04-15 17:05:41.836 1106 1217 I AdapterState: OFF : entered
04-15 17:05:41.841 1106 1217 D AdapterProperties: Setting state to OFF
04-15 17:05:41.850 1184 1184 I AidlLazyServiceRegistrar: Process has 1 (of 1 available) client(s) in use after notification android.hardware.biometrics.fingerprint.IFingerprint/default has clients: 1
04-15 17:05:41.858 0 0 I servicemanager: Notifying android.hardware.biometrics.fingerprint.IFingerprint/default they do (previously: don't) have clients when we now have a record of a client
04-15 17:05:41.869 1106 1106 D BluetoothKeystoreService: new BluetoothKeystoreService isCommonCriteriaMode: false
04-15 17:05:41.871 1106 1106 D BluetoothKeystoreService: start
04-15 17:05:41.884 1195 1195 D CompatibilityChangeReporter: Compat change id reported: 3400644; UID 10112; state: ENABLED
04-15 17:05:41.895 1106 1106 I droid.bluetooth: [0415/170541.894314:INFO:com_android_bluetooth_btservice_BluetoothKeystore.cpp(97)] classInitNative: succeeds
04-15 17:05:41.909 1106 1106 D BluetoothKeystoreService: setBluetoothKeystoreService(): set to: com.android.bluetooth.btservice.bluetoothkeystore.BluetoothKeystoreService@8628d
04-15 17:05:42.039 1106 1106 D BluetoothKeystoreService: loadConfigData
04-15 17:05:42.075 1106 1106 D BluetoothKeystoreService: getCompareResult: 0
04-15 17:05:42.124 1134 1134 D CarrierIdProvider: update database from pb file
04-15 17:05:42.130 1195 1195 D nativeloader: Configuring clns-shared-6 for other apk /system_ext/priv-app/Launcher3QuickStep/Launcher3QuickStep.apk. target_sdk_version=34, uses_libraries=, library_path=/system_ext/priv-app/Launcher3QuickStep/lib/x86_64:/system/lib64:/system_ext/lib64, permitted_path=/data:/mnt/expand:/data/user/0/com.android.launcher3:/system_ext/priv-app/Launcher3QuickStep:/system/lib64:/system_ext/lib64
04-15 17:05:42.283 895 901 I ndroid.systemui: Background concurrent copying GC freed 72568(3531KB) AllocSpace objects, 5(224KB) LOS objects, 49% free, 4021KB/8043KB, paused 773us,243us total 935.573ms
04-15 17:05:42.411 1134 1134 E CarrierIdProvider: read carrier list from ota pb failure: java.io.FileNotFoundException: /data/misc/carrierid/carrier_list.pb: open failed: ENOENT (No such file or directory)
04-15 17:05:42.427 1134 1134 D CarrierIdProvider: latest version: 117440538 need update: true
04-15 17:05:42.498 540 949 W system_server: Long monitor contention with owner PackageManager (597) at void com.android.server.pm.permission.LegacyPermissionSettings.writePermissionTrees(com.android.modules.utils.TypedXmlSerializer)(LegacyPermissionSettings.java:150) waiters=0 in com.android.server.pm.Computer com.android.server.pm.PackageManagerService.snapshotComputer(boolean) for 400ms
04-15 17:05:42.504 540 540 W system_server: Long monitor contention with owner binder:540_6 (949) at com.android.server.pm.Computer com.android.server.pm.PackageManagerService.snapshotComputer(boolean)(PackageManagerService.java:1195) waiters=0 in com.android.server.pm.Computer com.android.server.pm.PackageManagerService.snapshotComputer(boolean) for 407ms
04-15 17:05:42.505 540 540 W Looper : Slow dispatch took 428ms main h=android.os.Handler c=null m=1
04-15 17:05:42.516 540 969 W system_server: Long monitor contention with owner binder:540_6 (949) at com.android.server.pm.Computer com.android.server.pm.PackageManagerService.snapshotComputer(boolean)(PackageManagerService.java:1195) waiters=1 in com.android.server.pm.Computer com.android.server.pm.PackageManagerService.snapshotComputer(boolean) for 383ms
04-15 17:05:42.529 540 950 W system_server: Long monitor contention with owner binder:540_6 (949) at com.android.server.pm.Computer com.android.server.pm.PackageManagerService.snapshotComputer(boolean)(PackageManagerService.java:1195) waiters=2 in com.android.server.pm.Computer com.android.server.pm.PackageManagerService.snapshotComputer(boolean) for 396ms
04-15 17:05:42.533 540 951 W system_server: Long monitor contention with owner binder:540_6 (949) at com.android.server.pm.Computer com.android.server.pm.PackageManagerService.snapshotComputer(boolean)(PackageManagerService.java:1195) waiters=3 in com.android.server.pm.Computer com.android.server.pm.PackageManagerService.snapshotComputer(boolean) for 286ms
04-15 17:05:42.558 1106 1106 D CompatibilityChangeReporter: Compat change id reported: 183155436; UID 1002; state: ENABLED
04-15 17:05:42.570 895 895 D NavigationModeController: getCurrentInteractionMode: mode=0 contextUser=0
04-15 17:05:42.606 1106 1106 I bt_btif : packages/modules/Bluetooth/system/btif/src/bluetooth.cc:386 init: init: start restricted = 0 ; common criteria mode = 0, config compare result = 0
04-15 17:05:42.609 1195 1195 W ContextImpl: Failed to ensure /data/user/0/com.android.launcher3/cache: mkdir failed: ENOENT (No such file or directory)
04-15 17:05:42.633 1195 1195 W ContextImpl: Failed to update user.inode_cache: stat failed: ENOENT (No such file or directory)
04-15 17:05:42.638 1106 1106 I bt : bt_common::init_flags: Flags loaded: asha_packet_drop_frequency_threshold=60asha_phy_update_retry_limit=5always_send_services_if_gatt_disc_done=truealways_use_private_gatt_for_debugging=falseasynchronously_start_l2cap_coc=truebtaa_hci=truebta_dm_clear_conn_id_on_client_close=truebtm_dm_flush_discovery_queue_on_search_cancel=falseclassic_discovery_only=falseclear_hidd_interrupt_cid_on_disconnect=truedelay_hidh_cleanup_until_hidh_ready_start=truedevice_iot_config_logging=falsedynamic_avrcp_version_enhancement=truefinite_att_timeout=truegatt_robust_caching_client=truegatt_robust_caching_server=falsegd_core=falsegd_hal_snoop_logger_socket=truegd_hal_snoop_logger_filtering=truegd_l2cap=falsegd_link_policy=falsegd_remote_name_request=falsegd_rust=falsehci_adapter=0hfp_dynamic_version=trueirk_rotation=falseleaudio_targeted_announcement_reconnection_mode=truepass_phy_update_callback=truepbap_pse_dynamic_version_upgrade=falseperiodic_advertising_adi=trueprivate_gatt=truequeue_l2cap_coc_while_encrypting=trueread_encryption_key_size=trueredact_log=truerust_event_loop=truesco_codec_select_lc3=falsesco_codec_timeout_clear=falsesdp_serialization=truesdp_skip_rnr_if_known=truebluetooth_quality_report_callback=trueset_min_encryption=truesubrating=truetrigger_advertising_callbacks_on_first_resume_after_pause=trueuse_unified_connection_manager=falsesdp_return_classic_services_when_le_discovery_fails=truedefault_log_level=4logging_explicit_tag_settings={}
04-15 17:05:42.649 1106 1106 I bt_osi_allocation_tracker: packages/modules/Bluetooth/system/osi/src/allocation_tracker.cc:60 allocation_tracker_init: canary initialized
04-15 17:05:42.671 1195 1195 V GraphicsEnvironment: Currently set values for:
04-15 17:05:42.671 1195 1195 V GraphicsEnvironment: angle_gl_driver_selection_pkgs=[]
04-15 17:05:42.672 1195 1195 V GraphicsEnvironment: angle_gl_driver_selection_values=[]
04-15 17:05:42.689 1106 1224 I droid.bluetooth: [0415/170542.689110:INFO:message_loop_thread.cc(184)] Run: message loop starting for thread bt_stack_manager_thread
04-15 17:05:42.709 1106 1224 I bt_stack_manager: packages/modules/Bluetooth/system/btif/src/stack_manager.cc:277 event_init_stack: is initializing the stack
04-15 17:05:42.719 1195 1195 V GraphicsEnvironment: ANGLE GameManagerService for com.android.launcher3: false
04-15 17:05:42.728 1106 1225 I droid.bluetooth: [0415/170542.728710:INFO:message_loop_thread.cc(184)] Run: message loop starting for thread bt_main_thread
04-15 17:05:42.749 895 895 I StatusBarIconController: Ignoring removal of (mobile). It should be controlled elsewhere
04-15 17:05:42.753 1106 1224 I device_iot_config: packages/modules/Bluetooth/system/device/src/device_iot_config_int.cc:68 device_iot_config_module_init:
04-15 17:05:42.756 1195 1195 V GraphicsEnvironment: com.android.launcher3 is not listed in per-application setting
04-15 17:05:42.757 1195 1195 V GraphicsEnvironment: Neither updatable production driver nor prerelease driver is supported.
04-15 17:05:42.761 1106 1224 E droid.bluetooth: [0415/170542.761379:ERROR:config.cc(106)] config_new: unable to open file '/data/misc/bluedroid/bt_remote_dev_info.conf': No such file or directory
04-15 17:05:42.762 1106 1224 W device_iot_config: packages/modules/Bluetooth/system/device/src/device_iot_config_int.cc:83 device_iot_config_module_init: Unable to load config file: /data/misc/bluedroid/bt_remote_dev_info.conf; using backup.
04-15 17:05:42.763 1106 1224 E droid.bluetooth: [0415/170542.763138:ERROR:config.cc(106)] config_new: unable to open file '/data/misc/bluedroid/bt_remote_dev_info.bak': No such file or directory
04-15 17:05:42.776 1106 1224 E device_iot_config: packages/modules/Bluetooth/system/device/src/device_iot_config_int.cc:89 device_iot_config_module_init: Unable to load bak file; creating empty config.
04-15 17:05:42.776 1106 1224 I device_iot_config: packages/modules/Bluetooth/system/device/src/device_iot_config_int.cc:130 device_iot_config_module_init: Devices loaded 0
04-15 17:05:42.822 895 895 I StatusBarIconController: Ignoring removal of (wifi). It should be controlled elsewhere
04-15 17:05:42.835 1106 1228 I bt_osi_thread: packages/modules/Bluetooth/system/osi/src/thread.cc:210 run_thread: run_thread: thread id 1228, thread name alarm_default_ca started
04-15 17:05:42.864 1106 1229 I bt_osi_thread: packages/modules/Bluetooth/system/osi/src/thread.cc:210 run_thread: run_thread: thread id 1229, thread name alarm_dispatcher started
04-15 17:05:42.870 1106 1224 I bt_core_module: packages/modules/Bluetooth/system/btcore/src/module.cc:86 module_start_up: module_start_up Starting module "gd_shim_module"
04-15 17:05:42.870 1106 1224 I bt_gd_shim: packages/modules/Bluetooth/system/main/shim/stack.cc:81 StartEverything: StartEverything Starting Gd stack
04-15 17:05:42.871 1106 1224 I bt_gd_shim: packages/modules/Bluetooth/system/main/shim/stack.cc:160 Start: Start Starting Gd stack
04-15 17:05:42.878 1106 1224 I BtGdWakelockNative: packages/modules/Bluetooth/system/gd/os/android/wakelock_native.cc:79 Initialize: Initializing native wake locks
04-15 17:05:42.949 540 951 I ActivityManager: Flag disabled. Ignoring finishAttachApplication from uid: 10112. pid: 1195
04-15 17:05:42.959 1106 1232 I BtGdModule: packages/modules/Bluetooth/system/gd/module.cc:85 Start: Constructing next module
04-15 17:05:42.968 1106 1232 I BtGdModule: packages/modules/Bluetooth/system/gd/module.cc:89 Start: Starting dependencies of BluetoothCounterMetrics
04-15 17:05:42.969 1106 1232 I BtGdModule: packages/modules/Bluetooth/system/gd/module.cc:93 Start: Finished starting dependencies and calling Start() of BluetoothCounterMetrics
04-15 17:05:42.969 1106 1232 I BluetoothCounterMetrics: packages/modules/Bluetooth/system/gd/metrics/counter_metrics.cc:40 Start: Counter metrics initialized
04-15 17:05:42.970 1106 1232 I BtGdModule: packages/modules/Bluetooth/system/gd/module.cc:99 Start: Started BluetoothCounterMetrics
04-15 17:05:42.970 1106 1232 I BtGdModule: packages/modules/Bluetooth/system/gd/module.cc:85 Start: Constructing next module
04-15 17:05:42.970 1106 1232 I BtGdModule: packages/modules/Bluetooth/system/gd/module.cc:89 Start: Starting dependencies of HciHalHidl
04-15 17:05:42.971 1106 1232 I BtGdModule: packages/modules/Bluetooth/system/gd/module.cc:85 Start: Constructing next module
04-15 17:05:42.971 1106 1232 I bluetooth: packages/modules/Bluetooth/system/gd/hal/snoop_logger.cc:1432 GetBtSnoopMode: btsnoop_mode_empty: 1
04-15 17:05:42.977 1106 1232 I bluetooth: packages/modules/Bluetooth/system/gd/hal/snoop_logger.cc:505 SnoopLogger: Snoop Logs filtered mode enabled
04-15 17:05:42.984 1106 1232 I bluetooth: packages/modules/Bluetooth/system/gd/hal/snoop_logger.cc:588 EnableFilters: persist.bluetooth.snooplogfilter.profiles.rfcomm.enabled: 0
04-15 17:05:42.992 1106 1232 I bluetooth: packages/modules/Bluetooth/system/gd/hal/snoop_logger.cc:588 EnableFilters: persist.bluetooth.snooplogfilter.profiles.a2dp.enabled: 0
04-15 17:05:42.992 1106 1232 I bluetooth: packages/modules/Bluetooth/system/gd/hal/snoop_logger.cc:588 EnableFilters: persist.bluetooth.snooplogfilter.headers.enabled: 0
04-15 17:05:42.993 1106 1232 I bluetooth: packages/modules/Bluetooth/system/gd/hal/snoop_logger.cc:597 EnableFilters: persist.bluetooth.snooplogfilter.profiles.map: disabled
04-15 17:05:42.993 1106 1232 I bluetooth: packages/modules/Bluetooth/system/gd/hal/snoop_logger.cc:597 EnableFilters: persist.bluetooth.snooplogfilter.profiles.pbap: disabled
04-15 17:05:42.993 1106 1232 I bluetooth: packages/modules/Bluetooth/system/gd/hal/snoop_logger.cc:334 delete_btsnoop_files: Deleting logs if they exist
04-15 17:05:42.996 1106 1232 I bluetooth: packages/modules/Bluetooth/system/gd/hal/snoop_logger.cc:340 delete_btsnoop_files: Main log file does not exist at "/data/misc/bluetooth/logs/btsnoop_hci.log"
04-15 17:05:42.996 1106 1232 I bluetooth: packages/modules/Bluetooth/system/gd/hal/snoop_logger.cc:348 delete_btsnoop_files: Last log file does not exist at "/data/misc/bluetooth/logs/btsnoop_hci.log"
04-15 17:05:42.997 1106 1232 I bluetooth: packages/modules/Bluetooth/system/gd/hal/snoop_logger.cc:334 delete_btsnoop_files: Deleting logs if they exist
04-15 17:05:42.997 1106 1232 I bluetooth: packages/modules/Bluetooth/system/gd/hal/snoop_logger.cc:340 delete_btsnoop_files: Main log file does not exist at "/data/misc/bluetooth/logs/btsnooz_hci.log"
04-15 17:05:42.997 1106 1232 I bluetooth: packages/modules/Bluetooth/system/gd/hal/snoop_logger.cc:348 delete_btsnoop_files: Last log file does not exist at "/data/misc/bluetooth/logs/btsnooz_hci.log"
04-15 17:05:43.010 1106 1232 I BtGdModule: packages/modules/Bluetooth/system/gd/module.cc:89 Start: Starting dependencies of SnoopLogger
04-15 17:05:43.010 1106 1232 I BtGdModule: packages/modules/Bluetooth/system/gd/module.cc:93 Start: Finished starting dependencies and calling Start() of SnoopLogger
04-15 17:05:43.011 1106 1232 I bluetooth: packages/modules/Bluetooth/system/gd/hal/snoop_logger.cc:555 OpenNextSnoopLogFile: Previous log file "/data/misc/bluetooth/logs/btsnoop_hci.log.filtered" does not exist, skip renaming
04-15 17:05:43.021 1106 1232 I bluetooth: packages/modules/Bluetooth/system/gd/hal/snoop_logger.cc:588 EnableFilters: persist.bluetooth.snooplogfilter.profiles.rfcomm.enabled: 0
04-15 17:05:43.024 1106 1232 I bluetooth: packages/modules/Bluetooth/system/gd/hal/snoop_logger.cc:588 EnableFilters: persist.bluetooth.snooplogfilter.profiles.a2dp.enabled: 0
04-15 17:05:43.025 1106 1232 I bluetooth: packages/modules/Bluetooth/system/gd/hal/snoop_logger.cc:588 EnableFilters: persist.bluetooth.snooplogfilter.headers.enabled: 0
04-15 17:05:43.025 1106 1232 I bluetooth: packages/modules/Bluetooth/system/gd/hal/snoop_logger.cc:597 EnableFilters: persist.bluetooth.snooplogfilter.profiles.map: disabled
04-15 17:05:43.025 1106 1232 I bluetooth: packages/modules/Bluetooth/system/gd/hal/snoop_logger.cc:597 EnableFilters: persist.bluetooth.snooplogfilter.profiles.pbap: disabled
04-15 17:05:43.026 1106 1232 I bluetooth: packages/modules/Bluetooth/system/gd/hal/snoop_logger_socket.cc:63 SnoopLoggerSocket: address 2130706433 port 8872
04-15 17:05:43.040 1106 1232 I BtGdModule: packages/modules/Bluetooth/system/gd/module.cc:99 Start: Started SnoopLogger
04-15 17:05:43.041 1106 1232 I BtGdModule: packages/modules/Bluetooth/system/gd/module.cc:85 Start: Constructing next module
04-15 17:05:43.041 1106 1232 I BtGdModule: packages/modules/Bluetooth/system/gd/module.cc:89 Start: Starting dependencies of Btaa Module
04-15 17:05:43.042 1106 1232 I BtGdModule: packages/modules/Bluetooth/system/gd/module.cc:93 Start: Finished starting dependencies and calling Start() of Btaa Module
04-15 17:05:43.053 0 0 E servicemanager: VINTF HALs require names in the format type/instance (e.g. some.package.foo.IFoo/default) but got: suspend_control
04-15 17:05:43.064 1106 1232 E btaa : packages/modules/Bluetooth/system/gd/btaa/android/activity_attribution.cc:107 impl: No suspend control service available.
04-15 17:05:43.088 1106 1232 I BtGdModule: packages/modules/Bluetooth/system/gd/module.cc:99 Start: Started Btaa Module
04-15 17:05:43.089 1106 1232 I BtGdModule: packages/modules/Bluetooth/system/gd/module.cc:93 Start: Finished starting dependencies and calling Start() of HciHalHidl
04-15 17:05:43.101 0 0 I servicemanager: Found android.hardware.bluetooth.IBluetoothHci/default in device VINTF manifest.
04-15 17:05:43.128 1106 1232 I bluetooth: packages/modules/Bluetooth/system/gd/hal/hci_hal_android_hidl.cc:417 start_aidl: Using the AIDL interface
04-15 17:05:43.133 356 356 I android.hardware.bluetooth.service.default: initialize
04-15 17:05:43.134 356 356 I android.hardware.bluetooth.service.default: opening hci interface 0
04-15 17:05:43.135 356 356 E android.hardware.bluetooth.service.default: unable to open /dev/rfkill: Permission denied
04-15 17:05:43.135 356 356 E android.hardware.bluetooth.service.default: rfkill unavailable
04-15 17:05:43.137 356 356 I android.hardware.bluetooth.service.default: waiting for hci interface 0
04-15 17:05:43.138 356 356 I android.hardware.bluetooth.service.default: hci interface 0 found
04-15 17:05:43.139 356 356 I android.hardware.bluetooth.service.default: hci interface 0 ready
04-15 17:05:43.187 895 895 W AudioManager: attempt to call registerAudioRecordingCallback() on a previouslyregistered callback
04-15 17:05:43.236 895 940 I WifiStateWorker: WifiManager.getWifiState():3
04-15 17:05:43.246 356 356 I android.hardware.bluetooth.service.default: HCI Reset successful
04-15 17:05:43.247 356 356 I android.hardware.bluetooth.service.default: initialization complete
04-15 17:05:43.256 1106 1232 I BtGdModule: packages/modules/Bluetooth/system/gd/module.cc:99 Start: Started HciHalHidl
04-15 17:05:43.257 1106 1232 I BtGdModule: packages/modules/Bluetooth/system/gd/module.cc:85 Start: Constructing next module
04-15 17:05:43.257 1106 1232 I BtGdModule: packages/modules/Bluetooth/system/gd/module.cc:89 Start: Starting dependencies of Hci Layer
04-15 17:05:43.259 1106 1232 I BtGdModule: packages/modules/Bluetooth/system/gd/module.cc:85 Start: Constructing next module
04-15 17:05:43.260 1106 1232 I BtGdModule: packages/modules/Bluetooth/system/gd/module.cc:89 Start: Starting dependencies of Storage Module
04-15 17:05:43.280 0 0 I init : Sending signal 9 to service 'idmap2d' (pid 966) process group...
04-15 17:05:43.282 540 540 D WifiP2pService: Wifi enabled=true, P2P disallowed by admin=false
04-15 17:05:43.289 1106 1232 I BtGdModule: packages/modules/Bluetooth/system/gd/module.cc:93 Start: Finished starting dependencies and calling Start() of Storage Module
04-15 17:05:43.289 1106 1232 E bluetooth: packages/modules/Bluetooth/system/gd/storage/legacy_config_file.cc:39 Read: unable to open file '/data/misc/bluedroid/bt_config.conf', error: No such file or directory
04-15 17:05:43.290 1106 1232 W bluetooth: packages/modules/Bluetooth/system/gd/storage/storage_module.cc:168 Start: cannot load config at /data/misc/bluedroid/bt_config.conf, using backup at /data/misc/bluedroid/bt_config.bak.
04-15 17:05:43.290 1106 1232 E bluetooth: packages/modules/Bluetooth/system/gd/storage/legacy_config_file.cc:39 Read: unable to open file '/data/misc/bluedroid/bt_config.bak', error: No such file or directory
04-15 17:05:43.290 1106 1232 W bluetooth: packages/modules/Bluetooth/system/gd/storage/storage_module.cc:175 Start: cannot load backup config at /data/misc/bluedroid/bt_config.bak; creating new empty ones
04-15 17:05:43.307 0 0 I libprocessgroup: Successfully killed process cgroup uid 1000 pid 966 in 26ms
04-15 17:05:43.317 540 951 W OverlayManager: service 'idmap' died
04-15 17:05:43.332 0 0 I init : Control message: Processed ctl.stop for 'idmap2d' from pid: 540 (system_server)
04-15 17:05:43.330 1106 1232 I droid.bluetooth: [0415/170543.329784:INFO:btif_keystore.cc(61)] ConvertEncryptOrDecryptKeyIfNeeded callback isn't ready.
04-15 17:05:43.330 1106 1232 I BtGdModule: packages/modules/Bluetooth/system/gd/module.cc:99 Start: Started Storage Module
04-15 17:05:43.330 1106 1232 I BtGdModule: packages/modules/Bluetooth/system/gd/module.cc:93 Start: Finished starting dependencies and calling Start() of Hci Layer
04-15 17:05:43.339 0 0 I init : Service 'idmap2d' (pid 966) received signal 9
04-15 17:05:43.345 540 951 D CompatibilityChangeReporter: Compat change id reported: 161145287; UID 10112; state: ENABLED
04-15 17:05:43.358 1195 1195 D b/283944974: possibleMaximumWindowMetrics: [WindowMetrics:{bounds=Rect(0, 0 - 1080, 2400), windowInsets=WindowInsets{
04-15 17:05:43.358 1195 1195 D b/283944974: statusBars=null max=null vis=false
04-15 17:05:43.358 1195 1195 D b/283944974: navigationBars=null max=null vis=false
04-15 17:05:43.358 1195 1195 D b/283944974: captionBar=null max=null vis=false
04-15 17:05:43.358 1195 1195 D b/283944974: ime=Insets{left=0, top=0, right=0, bottom=0} max=null vis=false
04-15 17:05:43.358 1195 1195 D b/283944974: systemGestures=null max=null vis=false
04-15 17:05:43.358 1195 1195 D b/283944974: mandatorySystemGestures=null max=null vis=false
04-15 17:05:43.358 1195 1195 D b/283944974: tappableElement=null max=null vis=false
04-15 17:05:43.358 1195 1195 D b/283944974: displayCutout=null max=null vis=false
04-15 17:05:43.358 1195 1195 D b/283944974: windowDecor=null max=null vis=false
04-15 17:05:43.358 1195 1195 D b/283944974: systemOverlays=null max=null vis=false
04-15 17:05:43.358 1195 1195 D b/283944974:
04-15 17:05:43.358 1195 1195 D b/283944974: roundedCorners=RoundedCorners{[RoundedCorner{position=TopLeft, radius=0, center=Point(0, 0)}, RoundedCorner{position=TopRight, radius=0, center=Point(0, 0)}, RoundedCorner{position=BottomRight, radius=0, center=Point(0, 0)}, RoundedCorner{position=BottomLeft, radius=0, center=Point(0, 0)}]}
04-15 17:05:43.358 1195 1195 D b/283944974: privacyIndicatorBounds=PrivacyIndicatorBounds {static bounds=null rotation=0}
04-15 17:05:43.358 1195 1195 D b/283944974: displayShape=DisplayShape{ spec=-1893857183 displayWidth=1080 displayHeight=2400 physicalPixelDisplaySizeRatio=1.0 rotation=0 offsetX=0 offsetY=0 scale=1.0}
04-15 17:05:43.358 1195 1195 D b/283944974: suppressScrimTypes=
04-15 17:05:43.358 1195 1195 D b/283944974: compatInsetsTypes=statusBars navigationBars captionBar systemOverlays
04-15 17:05:43.358 1195 1195 D b/283944974: compatIgnoreVisibility=false
04-15 17:05:43.358 1195 1195 D b/283944974: systemWindowInsetsConsumed=false
04-15 17:05:43.358 1195 1195 D b/283944974: stableInsetsConsumed=false
04-15 17:05:43.358 1195 1195 D b/283944974: displayCutoutConsumed=false
04-15 17:05:43.358 1195 1195 D b/283944974: }, density=2.625}]
04-15 17:05:43.398 1106 1232 I BtGdModule: packages/modules/Bluetooth/system/gd/module.cc:99 Start: Started Hci Layer
04-15 17:05:43.399 1106 1232 I BtGdModule: packages/modules/Bluetooth/system/gd/module.cc:85 Start: Constructing next module
04-15 17:05:43.405 1106 1232 I BtGdModule: packages/modules/Bluetooth/system/gd/module.cc:89 Start: Starting dependencies of shim::Dumpsys
04-15 17:05:43.405 1106 1232 I BtGdModule: packages/modules/Bluetooth/system/gd/module.cc:93 Start: Finished starting dependencies and calling Start() of shim::Dumpsys
04-15 17:05:43.406 1106 1232 I BtGdModule: packages/modules/Bluetooth/system/gd/module.cc:99 Start: Started shim::Dumpsys
04-15 17:05:43.406 1106 1232 I BtGdModule: packages/modules/Bluetooth/system/gd/module.cc:85 Start: Constructing next module
04-15 17:05:43.406 1106 1232 I BtGdModule: packages/modules/Bluetooth/system/gd/module.cc:89 Start: Starting dependencies of Vendor Specific Event Manager
04-15 17:05:43.416 1106 1232 I BtGdModule: packages/modules/Bluetooth/system/gd/module.cc:85 Start: Constructing next module
04-15 17:05:43.434 1106 1232 I BtGdModule: packages/modules/Bluetooth/system/gd/module.cc:89 Start: Starting dependencies of Controller
04-15 17:05:43.434 1106 1232 I BtGdModule: packages/modules/Bluetooth/system/gd/module.cc:85 Start: Constructing next module
04-15 17:05:43.434 1106 1232 I BtGdModule: packages/modules/Bluetooth/system/gd/module.cc:89 Start: Starting dependencies of Sysprops Module
04-15 17:05:43.434 1106 1232 I BtGdModule: packages/modules/Bluetooth/system/gd/module.cc:93 Start: Finished starting dependencies and calling Start() of Sysprops Module
04-15 17:05:43.434 1106 1232 I BtGdModule: packages/modules/Bluetooth/system/gd/module.cc:99 Start: Started Sysprops Module
04-15 17:05:43.434 1106 1232 I BtGdModule: packages/modules/Bluetooth/system/gd/module.cc:93 Start: Finished starting dependencies and calling Start() of Controller
04-15 17:05:43.559 540 540 D nativeloader: Configuring clns-shared-15 for other apk /system/priv-app/Telecom/Telecom.apk. target_sdk_version=34, uses_libraries=, library_path=/system/priv-app/Telecom/lib/x86_64:/system/priv-app/Telecom/Telecom.apk!/lib/x86_64:/system/lib64:/system_ext/lib64, permitted_path=/data:/mnt/expand:/data/user_de/0/com.android.server.telecom:/system/priv-app/Telecom:/system/lib64:/system_ext/lib64
04-15 17:05:43.591 1195 1195 I DisplayController: (CTOR) perDisplayBounds - CachedDisplayInfo{size=Point(1080, 2400), cutout=Rect(0, 0 - 0, 0), rotation=0}: [WindowBounds{bounds=Rect(0, 0 - 1080, 2400), insets=Rect(0, 63 - 0, 126), availableSize=Point(1080, 2211), rotationHint=0}, WindowBounds{bounds=Rect(0, 0 - 2400, 1080), insets=Rect(0, 63 - 126, 0), availableSize=Point(2274, 1017), rotationHint=1}, WindowBounds{bounds=Rect(0, 0 - 1080, 2400), insets=Rect(0, 63 - 0, 126), availableSize=Point(1080, 2211), rotationHint=2}, WindowBounds{bounds=Rect(0, 0 - 2400, 1080), insets=Rect(126, 63 - 0, 0), availableSize=Point(2274, 1017), rotationHint=3}]
04-15 17:05:43.815 1106 1232 I BtGdModule: packages/modules/Bluetooth/system/gd/module.cc:99 Start: Started Controller
04-15 17:05:43.815 1106 1232 I BtGdModule: packages/modules/Bluetooth/system/gd/module.cc:93 Start: Finished starting dependencies and calling Start() of Vendor Specific Event Manager
04-15 17:05:43.815 1106 1232 I BtGdModule: packages/modules/Bluetooth/system/gd/module.cc:99 Start: Started Vendor Specific Event Manager
04-15 17:05:43.815 1106 1232 I BtGdModule: packages/modules/Bluetooth/system/gd/module.cc:85 Start: Constructing next module
04-15 17:05:43.815 1106 1232 I BtGdModule: packages/modules/Bluetooth/system/gd/module.cc:89 Start: Starting dependencies of AclSchedulerModule
04-15 17:05:43.815 1106 1232 I BtGdModule: packages/modules/Bluetooth/system/gd/module.cc:93 Start: Finished starting dependencies and calling Start() of AclSchedulerModule
04-15 17:05:43.830 540 820 D ConnectivityService: NetReassign [no changes] [c 0] [a 0] [i 0]
04-15 17:05:43.840 1106 1232 I BtGdModule: packages/modules/Bluetooth/system/gd/module.cc:99 Start: Started AclSchedulerModule
04-15 17:05:43.841 1106 1232 I BtGdModule: packages/modules/Bluetooth/system/gd/module.cc:85 Start: Constructing next module
04-15 17:05:43.841 1106 1232 I BtGdModule: packages/modules/Bluetooth/system/gd/module.cc:89 Start: Starting dependencies of Acl Manager
04-15 17:05:43.842 1106 1232 I BtGdModule: packages/modules/Bluetooth/system/gd/module.cc:93 Start: Finished starting dependencies and calling Start() of Acl Manager
04-15 17:05:43.849 1106 1232 I BtGdModule: packages/modules/Bluetooth/system/gd/module.cc:99 Start: Started Acl Manager
04-15 17:05:43.851 1106 1232 I BtGdModule: packages/modules/Bluetooth/system/gd/module.cc:85 Start: Constructing next module
04-15 17:05:43.857 540 951 D ConnectivityService: requestNetwork for uid/pid:10117/895 activeRequest: null callbackRequest: 21 [NetworkRequest [ REQUEST id=22, [ Capabilities: INTERNET&NOT_RESTRICTED&TRUSTED&NOT_VCN_MANAGED Uid: 10117 RequestorUid: 10117 RequestorPkg: com.android.systemui UnderlyingNetworks: Null] ]] callback flags: 1 order: 2147483647
04-15 17:05:43.859 540 820 D ConnectivityService: NetReassign [no changes] [c 0] [a 0] [i 0]
04-15 17:05:43.875 895 895 V WifiManager: registerTrafficStateCallback: callback=com.android.systemui.statusbar.connectivity.WifiSignalController$WifiTrafficStateCallback@d55c047, executor=android.os.HandlerExecutor@cb49a84
04-15 17:05:43.920 540 540 W Looper : Slow dispatch took 517ms main h=android.app.ActivityThread$H c=null m=114
04-15 17:05:43.937 1106 1232 I BtGdModule: packages/modules/Bluetooth/system/gd/module.cc:89 Start: Starting dependencies of Le Advertising Manager
04-15 17:05:43.938 1106 1232 I BtGdModule: packages/modules/Bluetooth/system/gd/module.cc:93 Start: Finished starting dependencies and calling Start() of Le Advertising Manager
04-15 17:05:43.950 895 895 V WifiManager: registerScanResultsCallback: callback=com.android.systemui.statusbar.connectivity.NetworkControllerImpl$5@ca0a99d, executor=androidx.mediarouter.media.MediaRoute2Provider$$ExternalSyntheticLambda0@843e12
04-15 17:05:43.966 540 951 D ConnectivityService: requestNetwork for uid/pid:10117/895 activeRequest: null callbackRequest: 23 [NetworkRequest [ REQUEST id=24, [ Capabilities: INTERNET&NOT_RESTRICTED&TRUSTED&NOT_VCN_MANAGED Uid: 10117 RequestorUid: 10117 RequestorPkg: com.android.systemui UnderlyingNetworks: Null] ]] callback flags: 1 order: 2147483647
04-15 17:05:43.972 540 820 D ConnectivityService: NetReassign [no changes] [c 1] [a 0] [i 0]
04-15 17:05:43.940 1106 1232 I bluetooth: packages/modules/Bluetooth/system/gd/hci/le_advertising_manager.cc:177 get_tx_path_loss_compensation: Tx path loss compensation: 0
04-15 17:05:44.002 1106 1232 I BtGdModule: packages/modules/Bluetooth/system/gd/module.cc:99 Start: Started Le Advertising Manager
04-15 17:05:44.003 1106 1232 I BtGdModule: packages/modules/Bluetooth/system/gd/module.cc:85 Start: Constructing next module
04-15 17:05:44.009 540 820 D ConnectivityService: NetReassign [no changes] [c 0] [a 0] [i 1]
04-15 17:05:44.044 1106 1232 I bluetooth: packages/modules/Bluetooth/system/gd/hci/msft.cc:305 MsftExtensionManager: MsftExtensionManager()
04-15 17:05:44.045 1106 1232 I BtGdModule: packages/modules/Bluetooth/system/gd/module.cc:89 Start: Starting dependencies of Microsoft Extension Manager
04-15 17:05:44.045 1106 1232 I BtGdModule: packages/modules/Bluetooth/system/gd/module.cc:93 Start: Finished starting dependencies and calling Start() of Microsoft Extension Manager
04-15 17:05:44.045 1106 1232 I bluetooth: packages/modules/Bluetooth/system/gd/hci/msft.cc:51 start: MsftExtensionManager start()
04-15 17:05:44.046 1106 1232 I bluetooth: packages/modules/Bluetooth/system/gd/hci/msft.cc:63 start: MSFT extension is not supported.
04-15 17:05:44.052 1106 1232 I BtGdModule: packages/modules/Bluetooth/system/gd/module.cc:99 Start: Started Microsoft Extension Manager
04-15 17:05:44.053 1106 1232 I BtGdModule: packages/modules/Bluetooth/system/gd/module.cc:85 Start: Constructing next module
04-15 17:05:44.053 1106 1232 I BtGdModule: packages/modules/Bluetooth/system/gd/module.cc:89 Start: Starting dependencies of Le Scanning Manager
04-15 17:05:44.054 1106 1232 I BtGdModule: packages/modules/Bluetooth/system/gd/module.cc:93 Start: Finished starting dependencies and calling Start() of Le Scanning Manager
04-15 17:05:44.065 1195 1195 D CompatibilityChangeReporter: Compat change id reported: 160794467; UID 10112; state: ENABLED
04-15 17:05:44.092 1106 1232 I bluetooth: packages/modules/Bluetooth/system/gd/hci/le_scanning_manager.cc:304 get_rx_path_loss_compensation: Rx path loss compensation: 0
04-15 17:05:44.095 1106 1232 I BtGdModule: packages/modules/Bluetooth/system/gd/module.cc:99 Start: Started Le Scanning Manager
04-15 17:05:44.097 1106 1232 I BtGdModule: packages/modules/Bluetooth/system/gd/module.cc:85 Start: Constructing next module
04-15 17:05:44.108 1195 1195 D b/254119092: TaskbarManager created
04-15 17:05:44.108 1195 1195 D b/254119092: mActivity and mContext agree taskbarIsPresent=false
04-15 17:05:44.112 1106 1231 I bluetooth: packages/modules/Bluetooth/system/gd/hci/le_scanning_manager.cc:1485 on_apcf_read_extended_features_complete: set is_ad_type_filter_supported_ to 1 & is_transport_discovery_data_filter_supported_ to 0
04-15 17:05:44.120 1106 1232 I BtGdModule: packages/modules/Bluetooth/system/gd/module.cc:89 Start: Starting dependencies of Distance Measurement Manager
04-15 17:05:44.121 1106 1232 I BtGdModule: packages/modules/Bluetooth/system/gd/module.cc:93 Start: Finished starting dependencies and calling Start() of Distance Measurement Manager
04-15 17:05:44.121 1106 1232 I BtGdModule: packages/modules/Bluetooth/system/gd/module.cc:99 Start: Started Distance Measurement Manager
04-15 17:05:44.124 1106 1224 I bluetooth: packages/modules/Bluetooth/system/gd/stack_manager.cc:52 StartUp: init_status == 0
04-15 17:05:44.124 1106 1224 I bluetooth: packages/modules/Bluetooth/system/gd/stack_manager.cc:59 StartUp: init complete
04-15 17:05:44.125 1106 1224 I bt_gd_shim: packages/modules/Bluetooth/system/main/shim/stack.cc:168 Start: Start Successfully toggled Gd stack
04-15 17:05:44.148 1195 1195 D b/254119092: destroyExistingTaskbar: null
04-15 17:05:44.148 1195 1195 D b/254119092: mActivity and mContext agree taskbarIsPresent=false
04-15 17:05:44.149 1195 1195 D b/254119092: recreateTaskbar: isTaskbarEnabled=false [dp != null (i.e. mUserUnlocked)]=false FLAG_HIDE_NAVBAR_WINDOW=false dp.isTaskbarPresent=null
04-15 17:05:44.149 1195 1195 D b/254119092: mActivity and mContext agree taskbarIsPresent=false
04-15 17:05:44.173 1195 1195 D TouchInteractionService: disposeEventHandlers: Reason: Initializing input monitor due to: onNavigationModeChanged()
04-15 17:05:44.182 540 540 W Looper : Slow dispatch took 144ms main h=android.os.Handler c=android.app.LoadedApk$ReceiverDispatcher$Args$$ExternalSyntheticLambda0@72fa5d6 m=0
04-15 17:05:44.197 1106 1224 I bt_shim_scanner: packages/modules/Bluetooth/system/main/shim/le_scanning_manager.cc:144 Init: init BleScannerInterfaceImpl
04-15 17:05:44.198 1106 1224 I bt_core_module: packages/modules/Bluetooth/system/btcore/src/module.cc:91 module_start_up: module_start_up Started module "gd_shim_module"
04-15 17:05:44.199 1106 1224 W droid.bluetooth: [0415/170544.199353:WARNING:btif_config.cc(102)] read_or_set_metrics_salt: Failed to read metrics salt from config
04-15 17:05:44.213 1195 1195 W ContextImpl: Failed to ensure /data/user/0/com.android.launcher3/files: mkdir failed: ENOENT (No such file or directory)
04-15 17:05:44.219 1195 1195 D TouchInteractionService: Touch service connected: user=0
04-15 17:05:44.229 1106 1224 I droid.bluetooth: [0415/170544.200642:INFO:btif_config.cc(113)] read_or_set_metrics_salt: Metrics salt is invalid, creating new one
04-15 17:05:44.252 1106 1224 I bt_btif_core: packages/modules/Bluetooth/system/btif/src/btif_core.cc:228 btif_init_bluetooth: btif_init_bluetooth entered
04-15 17:05:44.278 1106 1246 I droid.bluetooth: [0415/170544.278409:INFO:message_loop_thread.cc(184)] Run: message loop starting for thread bt_jni_thread
04-15 17:05:44.279 1106 1224 I bt_btif_core: packages/modules/Bluetooth/system/btif/src/btif_core.cc:232 btif_init_bluetooth: btif_init_bluetooth finished
04-15 17:05:44.301 895 895 D CompatibilityChangeReporter: Compat change id reported: 171228096; UID 10117; state: ENABLED
04-15 17:05:44.337 540 628 D CompatibilityChangeReporter: Compat change id reported: 261072174; UID 1000; state: ENABLED
04-15 17:05:44.367 540 540 I MR2ServiceImpl: addProviderRoutes | provider: com.android.server.media/.SystemMediaRoute2Provider, routes: [DEVICE_ROUTE | Phone]
04-15 17:05:44.383 540 540 D WallpaperManagerService: WPMS.onServiceConnected-ComponentInfo{com.android.systemui/com.android.systemui.wallpapers.ImageWallpaper}
04-15 17:05:44.392 1106 1224 W bt_device_interop: packages/modules/Bluetooth/system/device/src/interop.cc:1676 interop_database_save_allowlisted_media_players_list: found feature - INTEROP_BROWSE_PLAYER_ALLOW_LIST
04-15 17:05:44.392 1106 1224 I bt_stack_config: packages/modules/Bluetooth/system/main/stack_config.cc:72 init: init attempt to load stack conf from /apex/com.android.btservices/etc/bluetooth/bt_stack.conf
04-15 17:05:44.394 540 540 D WallpaperManagerService: WPMS.attachServiceLocked
04-15 17:05:44.395 540 540 V WallpaperManagerService: WPMS.attachServiceLocked took to complete: 0ms
04-15 17:05:44.396 1106 1224 I bt_stack_manager: packages/modules/Bluetooth/system/btif/src/stack_manager.cc:285 event_init_stack: finished
04-15 17:05:44.401 540 540 V WallpaperManagerService: WPMS.onServiceConnected-ComponentInfo{com.android.systemui/com.android.systemui.wallpapers.ImageWallpaper} took to complete: 7ms
04-15 17:05:44.404 1106 1106 I bt_osi_wakelock: packages/modules/Bluetooth/system/osi/src/wakelock.cc:99 wakelock_set_os_callouts: wakelock_set_os_callouts set to non-native
04-15 17:05:44.404 1106 1106 I bt_btif : packages/modules/Bluetooth/system/btif/src/bluetooth.cc:829 get_profile_interface: get_profile_interface: id = socket
04-15 17:05:44.408 1106 1225 E bt_btif_storage: packages/modules/Bluetooth/system/btif/src/btif_storage.cc:622 btif_storage_get_adapter_property: btif_storage_get_adapter_property: Controller not ready! Unable to return Bluetooth Address
04-15 17:05:44.412 1106 1246 E BluetoothServiceJni: adapter_properties_callback: Status 1 is incorrect
04-15 17:05:44.419 1106 1106 D BluetoothKeystoreService: initJni()
04-15 17:05:44.430 1106 1106 I bt_btif : packages/modules/Bluetooth/system/btif/src/bluetooth.cc:829 get_profile_interface: get_profile_interface: id = bluetooth_keystore
04-15 17:05:44.431 1106 1106 I droid.bluetooth: [0415/170544.430979:INFO:com_android_bluetooth_BluetoothQualityReport.cpp(88)] classInitNative: succeeds
04-15 17:05:44.436 1106 1106 I bt_btif : packages/modules/Bluetooth/system/btif/src/bluetooth.cc:829 get_profile_interface: get_profile_interface: id = bqr
04-15 17:05:44.437 1106 1106 I bluetooth: packages/modules/Bluetooth/system/btif/src/btif_bqr.cc:739 init: BluetoothQualityReportInterfaceImpl
04-15 17:05:44.438 1106 1106 I bt_btif : packages/modules/Bluetooth/system/btif/src/bluetooth.cc:829 get_profile_interface: get_profile_interface: id = sdp
04-15 17:05:44.446 1106 1106 I BluetoothAdapterService: loadLeAudioAllowDevices
04-15 17:05:44.447 1106 1106 I BluetoothAdapterService: LE Audio allow list is disabled.
04-15 17:05:44.458 895 1179 D CompatibilityChangeReporter: Compat change id reported: 150939131; UID 10117; state: ENABLED
04-15 17:05:44.460 1106 1246 D AdapterProperties: Name is: Android SDK built for x86_64
04-15 17:05:44.460 1106 1246 I bluetooth: packages/modules/Bluetooth/system/gd/storage/config_cache.cc:289 ConvertEncryptOrDecryptKeyIfNeeded: ConvertEncryptOrDecryptKeyIfNeeded
04-15 17:05:44.486 540 540 I HealthFirstGrantTimeMan: State for user: 0 has not been restored and validated.
04-15 17:05:44.498 1106 1106 D BluetoothDatabase: start()
04-15 17:05:44.506 540 540 W GrantTimeSerializer: /data/system_ce/0/healthconnect/health-permissions-first-grant-times.xml not found
04-15 17:05:44.539 1106 1106 D BluetoothDatabase: Load Database
04-15 17:05:44.539 1106 1106 I BluetoothAdapterService: Phone policy enabled
04-15 17:05:44.559 540 540 W HealthConnectPackageInfoUtils: Can't extract requested permissions from the package info.
04-15 17:05:44.564 540 540 W HealthConnectPackageInfoUtils: Can't extract requested permissions from the package info.
04-15 17:05:44.564 540 540 W HealthConnectPackageInfoUtils: Can't extract requested permissions from the package info.
04-15 17:05:44.565 540 540 W HealthConnectPackageInfoUtils: Can't extract requested permissions from the package info.
04-15 17:05:44.565 540 540 W HealthConnectPackageInfoUtils: Can't extract requested permissions from the package info.
04-15 17:05:44.566 540 540 W HealthConnectPackageInfoUtils: Can't extract requested permissions from the package info.
04-15 17:05:44.566 540 540 W HealthConnectPackageInfoUtils: Can't extract requested permissions from the package info.
04-15 17:05:44.567 540 540 W HealthConnectPackageInfoUtils: Can't extract requested permissions from the package info.
04-15 17:05:44.567 540 540 W HealthConnectPackageInfoUtils: Can't extract requested permissions from the package info.
04-15 17:05:44.572 540 540 W HealthConnectPackageInfoUtils: Can't extract requested permissions from the package info.
04-15 17:05:44.572 540 540 W HealthConnectPackageInfoUtils: Can't extract requested permissions from the package info.
04-15 17:05:44.573 540 540 W HealthConnectPackageInfoUtils: Can't extract requested permissions from the package info.
04-15 17:05:44.573 540 540 W HealthConnectPackageInfoUtils: Can't extract requested permissions from the package info.
04-15 17:05:44.574 540 540 W HealthConnectPackageInfoUtils: Can't extract requested permissions from the package info.
04-15 17:05:44.574 540 540 W HealthConnectPackageInfoUtils: Can't extract requested permissions from the package info.
04-15 17:05:44.574 540 540 W HealthConnectPackageInfoUtils: Can't extract requested permissions from the package info.
04-15 17:05:44.575 540 540 W HealthConnectPackageInfoUtils: Can't extract requested permissions from the package info.
04-15 17:05:44.575 540 540 W HealthConnectPackageInfoUtils: Can't extract requested permissions from the package info.
04-15 17:05:44.580 540 540 W HealthConnectPackageInfoUtils: Can't extract requested permissions from the package info.
04-15 17:05:44.580 540 540 W HealthConnectPackageInfoUtils: Can't extract requested permissions from the package info.
04-15 17:05:44.580 540 540 W HealthConnectPackageInfoUtils: Can't extract requested permissions from the package info.
04-15 17:05:44.581 540 540 W HealthConnectPackageInfoUtils: Can't extract requested permissions from the package info.
04-15 17:05:44.581 540 540 W HealthConnectPackageInfoUtils: Can't extract requested permissions from the package info.
04-15 17:05:44.581 540 540 W HealthConnectPackageInfoUtils: Can't extract requested permissions from the package info.
04-15 17:05:44.582 540 540 W HealthConnectPackageInfoUtils: Can't extract requested permissions from the package info.
04-15 17:05:44.582 540 540 W HealthConnectPackageInfoUtils: Can't extract requested permissions from the package info.
04-15 17:05:44.582 540 540 W HealthConnectPackageInfoUtils: Can't extract requested permissions from the package info.
04-15 17:05:44.582 540 540 W HealthConnectPackageInfoUtils: Can't extract requested permissions from the package info.
04-15 17:05:44.583 540 540 W HealthConnectPackageInfoUtils: Can't extract requested permissions from the package info.
04-15 17:05:44.583 540 540 W HealthConnectPackageInfoUtils: Can't extract requested permissions from the package info.
04-15 17:05:44.583 540 540 W HealthConnectPackageInfoUtils: Can't extract requested permissions from the package info.
04-15 17:05:44.583 540 540 W HealthConnectPackageInfoUtils: Can't extract requested permissions from the package info.
04-15 17:05:44.588 540 540 W HealthConnectPackageInfoUtils: Can't extract requested permissions from the package info.
04-15 17:05:44.588 540 540 W HealthConnectPackageInfoUtils: Can't extract requested permissions from the package info.
04-15 17:05:44.589 540 540 W HealthConnectPackageInfoUtils: Can't extract requested permissions from the package info.
04-15 17:05:44.589 540 540 W HealthConnectPackageInfoUtils: Can't extract requested permissions from the package info.
04-15 17:05:44.589 540 540 W HealthConnectPackageInfoUtils: Can't extract requested permissions from the package info.
04-15 17:05:44.590 540 540 W HealthConnectPackageInfoUtils: Can't extract requested permissions from the package info.
04-15 17:05:44.590 540 540 W HealthConnectPackageInfoUtils: Can't extract requested permissions from the package info.
04-15 17:05:44.590 540 540 W HealthConnectPackageInfoUtils: Can't extract requested permissions from the package info.
04-15 17:05:44.590 540 540 W HealthConnectPackageInfoUtils: Can't extract requested permissions from the package info.
04-15 17:05:44.591 540 540 W HealthConnectPackageInfoUtils: Can't extract requested permissions from the package info.
04-15 17:05:44.591 540 540 W HealthConnectPackageInfoUtils: Can't extract requested permissions from the package info.
04-15 17:05:44.591 540 540 W HealthConnectPackageInfoUtils: Can't extract requested permissions from the package info.
04-15 17:05:44.591 540 540 W HealthConnectPackageInfoUtils: Can't extract requested permissions from the package info.
04-15 17:05:44.596 540 540 W HealthConnectPackageInfoUtils: Can't extract requested permissions from the package info.
04-15 17:05:44.598 540 540 W HealthConnectPackageInfoUtils: Can't extract requested permissions from the package info.
04-15 17:05:44.598 540 540 W HealthConnectPackageInfoUtils: Can't extract requested permissions from the package info.
04-15 17:05:44.598 540 540 W HealthConnectPackageInfoUtils: Can't extract requested permissions from the package info.
04-15 17:05:44.598 540 540 W HealthConnectPackageInfoUtils: Can't extract requested permissions from the package info.
04-15 17:05:44.598 540 540 W HealthConnectPackageInfoUtils: Can't extract requested permissions from the package info.
04-15 17:05:44.598 540 540 W HealthConnectPackageInfoUtils: Can't extract requested permissions from the package info.
04-15 17:05:44.598 540 540 W HealthConnectPackageInfoUtils: Can't extract requested permissions from the package info.
