04-15 17:05:16.766 540 540 D SystemServerTiming: OnBootPhase_550_com.android.server.camera.CameraServiceProxy
04-15 17:05:16.766 540 540 V SystemServerTiming: OnBootPhase_550_com.android.server.camera.CameraServiceProxy took to complete: 0ms
04-15 17:05:16.766 540 540 D SystemServerTiming: OnBootPhase_550_com.android.server.bluetooth.BluetoothService
04-15 17:05:16.766 540 540 V SystemServerTiming: OnBootPhase_550_com.android.server.bluetooth.BluetoothService took to complete: 0ms
04-15 17:05:16.767 540 540 D SystemServerTiming: OnBootPhase_550_com.android.server.connectivity.IpConnectivityMetrics
04-15 17:05:16.767 540 540 V SystemServerTiming: OnBootPhase_550_com.android.server.connectivity.IpConnectivityMetrics took to complete: 0ms
04-15 17:05:16.767 540 540 D SystemServerTiming: OnBootPhase_550_com.android.server.net.watchlist.NetworkWatchlistService$Lifecycle
04-15 17:05:16.801 540 540 V SystemServerTiming: OnBootPhase_550_com.android.server.net.watchlist.NetworkWatchlistService$Lifecycle took to complete: 34ms
04-15 17:05:16.801 540 540 D SystemServerTiming: OnBootPhase_550_com.android.server.PinnerService
04-15 17:05:16.801 540 540 V SystemServerTiming: OnBootPhase_550_com.android.server.PinnerService took to complete: 0ms
04-15 17:05:16.802 540 540 D SystemServerTiming: OnBootPhase_550_com.android.server.integrity.AppIntegrityManagerService
04-15 17:05:16.802 540 540 V SystemServerTiming: OnBootPhase_550_com.android.server.integrity.AppIntegrityManagerService took to complete: 0ms
04-15 17:05:16.802 540 540 D SystemServerTiming: OnBootPhase_550_com.android.server.logcat.LogcatManagerService
04-15 17:05:16.803 540 540 V SystemServerTiming: OnBootPhase_550_com.android.server.logcat.LogcatManagerService took to complete: 0ms
04-15 17:05:16.803 540 540 D SystemServerTiming: OnBootPhase_550_com.android.server.inputmethod.InputMethodManagerService$Lifecycle
04-15 17:05:16.811 540 610 D SystemServerTimingAsync: InitThreadPoolExec:Lazily initialize IMMS#mImeDrawsImeNavBarRes
04-15 17:05:16.816 540 610 D SystemServerInitThreadPool: Started executing Lazily initialize IMMS#mImeDrawsImeNavBarRes
04-15 17:05:16.854 668 759 I AidlLazyServiceRegistrar: Process has 0 (of 1 available) client(s) in use after notification artd has clients: 0
04-15 17:05:16.854 668 759 I AidlLazyServiceRegistrar: Trying to shut down the service. No clients in use for any service in process.
04-15 17:05:16.870 668 759 I AidlLazyServiceRegistrar: Unregistered all clients and exiting
04-15 17:05:16.856 0 0 I servicemanager: Notifying apexservice they don't (previously: do) have clients when we now have no record of a client
04-15 17:05:16.857 0 0 I servicemanager: Notifying artd they don't (previously: do) have clients when we now have no record of a client
04-15 17:05:16.879 0 0 I servicemanager: Unregistering artd
04-15 17:05:16.879 0 0 I BpBinder: onLastStrongRef automatically unlinking death recipients:
04-15 17:05:16.885 0 0 I AidlLazyServiceRegistrar: Process has 0 (of 1 available) client(s) in use after notification apexservice has clients: 0
04-15 17:05:16.885 0 0 I AidlLazyServiceRegistrar: Shutdown prevented by forcePersist override flag.
04-15 17:05:16.935 0 0 I init : Service 'artd' (pid 668) exited with status 0 oneshot service took 69.280998 seconds in background
04-15 17:05:16.935 0 0 I init : Sending signal 9 to service 'artd' (pid 668) process group...
04-15 17:05:16.937 0 0 I libprocessgroup: Successfully killed process cgroup uid 1082 pid 668 in 1ms
04-15 17:05:17.053 540 540 W SystemServiceManager: Service com.android.server.inputmethod.InputMethodManagerService$Lifecycle took 250 ms in onBootPhase
04-15 17:05:17.053 540 540 V SystemServerTiming: OnBootPhase_550_com.android.server.inputmethod.InputMethodManagerService$Lifecycle took to complete: 250ms
04-15 17:05:17.053 540 540 D SystemServerTiming: OnBootPhase_550_com.android.server.accessibility.AccessibilityManagerService$Lifecycle
04-15 17:05:17.053 540 540 V SystemServerTiming: OnBootPhase_550_com.android.server.accessibility.AccessibilityManagerService$Lifecycle took to complete: 1ms
04-15 17:05:17.054 540 540 D SystemServerTiming: OnBootPhase_550_com.android.server.StorageManagerService$Lifecycle
04-15 17:05:17.056 540 610 W system_server: Long monitor contention with owner main (540) at void com.android.server.inputmethod.InputMethodManagerService.systemRunning()(InputMethodManagerService.java:1991) waiters=0 in void com.android.server.inputmethod.InputMethodManagerService.lambda$systemRunning$2(int) for 236ms
04-15 17:05:17.068 540 540 V SystemServerTiming: OnBootPhase_550_com.android.server.StorageManagerService$Lifecycle took to complete: 14ms
04-15 17:05:17.068 540 540 D SystemServerTiming: OnBootPhase_550_com.android.server.usage.StorageStatsService$Lifecycle
04-15 17:05:17.068 540 540 V SystemServerTiming: OnBootPhase_550_com.android.server.usage.StorageStatsService$Lifecycle took to complete: 0ms
04-15 17:05:17.068 540 540 D SystemServerTiming: OnBootPhase_550_com.android.server.UiModeManagerService
04-15 17:05:17.068 540 540 V SystemServerTiming: OnBootPhase_550_com.android.server.UiModeManagerService took to complete: 0ms
04-15 17:05:17.068 540 540 D SystemServerTiming: OnBootPhase_550_com.android.server.locales.LocaleManagerService
04-15 17:05:17.068 540 540 V SystemServerTiming: OnBootPhase_550_com.android.server.locales.LocaleManagerService took to complete: 0ms
04-15 17:05:17.069 540 540 D SystemServerTiming: OnBootPhase_550_com.android.server.grammaticalinflection.GrammaticalInflectionService
04-15 17:05:17.069 540 540 V SystemServerTiming: OnBootPhase_550_com.android.server.grammaticalinflection.GrammaticalInflectionService took to complete: 0ms
04-15 17:05:17.069 540 540 D SystemServerTiming: OnBootPhase_550_com.android.server.apphibernation.AppHibernationService
04-15 17:05:17.069 540 540 V SystemServerTiming: OnBootPhase_550_com.android.server.apphibernation.AppHibernationService took to complete: 0ms
04-15 17:05:17.069 540 540 D SystemServerTiming: OnBootPhase_550_com.android.server.locksettings.LockSettingsService$Lifecycle
04-15 17:05:17.079 540 610 D SystemServerInitThreadPool: Finished executing Lazily initialize IMMS#mImeDrawsImeNavBarRes
04-15 17:05:17.081 540 610 V SystemServerTimingAsync: InitThreadPoolExec:Lazily initialize IMMS#mImeDrawsImeNavBarRes took to complete: 265ms
04-15 17:05:17.110 453 498 D MediaCodecList: Allowing only non-surface-encoder OMX codecs
04-15 17:05:17.119 133 133 I hwservicemanager: getTransport: Cannot find entry android.hardware.media.omx@1.0::IOmxStore/default in either framework or device VINTF manifest.
04-15 17:05:17.121 453 498 E OmxInfoBuilder: Cannot find an IOmxStore service.
04-15 17:05:17.122 453 498 D MediaCodecList: ignored failed builder
04-15 17:05:17.135 540 540 I RebootEscrowManager: No reboot escrow data found for users, skipping loading escrow data
04-15 17:05:17.140 540 540 W SystemServiceManager: Service com.android.server.locksettings.LockSettingsService$Lifecycle took 71 ms in onBootPhase
04-15 17:05:17.142 540 540 V SystemServerTiming: OnBootPhase_550_com.android.server.locksettings.LockSettingsService$Lifecycle took to complete: 73ms
04-15 17:05:17.142 540 540 D SystemServerTiming: OnBootPhase_550_com.android.server.testharness.TestHarnessModeService
04-15 17:05:17.142 540 540 V SystemServerTiming: OnBootPhase_550_com.android.server.testharness.TestHarnessModeService took to complete: 0ms
04-15 17:05:17.142 540 540 D SystemServerTiming: OnBootPhase_550_com.android.server.DeviceIdleController
04-15 17:05:17.142 540 540 V SystemServerTiming: OnBootPhase_550_com.android.server.DeviceIdleController took to complete: 0ms
04-15 17:05:17.142 540 540 D SystemServerTiming: OnBootPhase_550_com.android.server.devicepolicy.DevicePolicyManagerService$Lifecycle
04-15 17:05:17.147 540 540 I DevicePolicyManager: Started device policies migration to the device policy engine.
04-15 17:05:17.153 453 498 I Codec2Client: Available Codec2 services: "default" "software"
04-15 17:05:17.158 540 540 V SystemServerTiming: OnBootPhase_550_com.android.server.devicepolicy.DevicePolicyManagerService$Lifecycle took to complete: 15ms
04-15 17:05:17.158 540 540 D SystemServerTiming: OnBootPhase_550_com.android.server.texttospeech.TextToSpeechManagerService
04-15 17:05:17.158 540 540 V SystemServerTiming: OnBootPhase_550_com.android.server.texttospeech.TextToSpeechManagerService took to complete: 0ms
04-15 17:05:17.158 540 540 D SystemServerTiming: OnBootPhase_550_com.android.server.ambientcontext.AmbientContextManagerService
04-15 17:05:17.158 540 540 V SystemServerTiming: OnBootPhase_550_com.android.server.ambientcontext.AmbientContextManagerService took to complete: 0ms
04-15 17:05:17.158 540 540 D SystemServerTiming: OnBootPhase_550_com.android.server.wearable.WearableSensingManagerService
04-15 17:05:17.158 540 540 V SystemServerTiming: OnBootPhase_550_com.android.server.wearable.WearableSensingManagerService took to complete: 0ms
04-15 17:05:17.158 540 540 D SystemServerTiming: OnBootPhase_550_com.android.server.speech.SpeechRecognitionManagerService
04-15 17:05:17.159 540 540 V SystemServerTiming: OnBootPhase_550_com.android.server.speech.SpeechRecognitionManagerService took to complete: 0ms
04-15 17:05:17.159 540 540 D SystemServerTiming: OnBootPhase_550_com.android.server.searchui.SearchUiManagerService
04-15 17:05:17.159 540 540 V SystemServerTiming: OnBootPhase_550_com.android.server.searchui.SearchUiManagerService took to complete: 0ms
04-15 17:05:17.159 540 540 D SystemServerTiming: OnBootPhase_550_com.android.server.smartspace.SmartspaceManagerService
04-15 17:05:17.159 540 540 V SystemServerTiming: OnBootPhase_550_com.android.server.smartspace.SmartspaceManagerService took to complete: 0ms
04-15 17:05:17.159 540 540 D SystemServerTiming: OnBootPhase_550_com.android.server.graphics.fonts.FontManagerService$Lifecycle
04-15 17:05:17.159 540 540 V SystemServerTiming: OnBootPhase_550_com.android.server.graphics.fonts.FontManagerService$Lifecycle took to complete: 0ms
04-15 17:05:17.159 540 540 D SystemServerTiming: OnBootPhase_550_com.android.server.textservices.TextServicesManagerService$Lifecycle
04-15 17:05:17.159 540 540 V SystemServerTiming: OnBootPhase_550_com.android.server.textservices.TextServicesManagerService$Lifecycle took to complete: 0ms
04-15 17:05:17.159 540 540 D SystemServerTiming: OnBootPhase_550_com.android.server.textclassifier.TextClassificationManagerService$Lifecycle
04-15 17:05:17.159 540 540 V SystemServerTiming: OnBootPhase_550_com.android.server.textclassifier.TextClassificationManagerService$Lifecycle took to complete: 0ms
04-15 17:05:17.166 540 540 D SystemServerTiming: OnBootPhase_550_com.android.server.NetworkScoreService$Lifecycle
04-15 17:05:17.166 540 540 V SystemServerTiming: OnBootPhase_550_com.android.server.NetworkScoreService$Lifecycle took to complete: 0ms
04-15 17:05:17.166 540 540 D SystemServerTiming: OnBootPhase_550_com.android.server.NetworkStatsServiceInitializer
04-15 17:05:17.180 343 343 I GoldfishComponentStore: in init
04-15 17:05:17.181 343 343 I GoldfishComponentStore: loading dll of path libcodec2_goldfish_avcdec.so
04-15 17:05:17.227 540 540 I NetworkStats: Starting import : attempts 0/1
04-15 17:05:17.238 540 540 I NetworkStats: Importing platform collection for prefix dev
04-15 17:05:17.245 540 540 I NetworkStats: Successfully read platform collection spanning from +292278994-08-17T07:12:55.807Z to -292275055-05-16T16:47:04.192Z
04-15 17:05:17.245 540 540 I NetworkStats: Importing platform collection for prefix xt
04-15 17:05:17.245 540 540 I NetworkStats: Successfully read platform collection spanning from +292278994-08-17T07:12:55.807Z to -292275055-05-16T16:47:04.192Z
04-15 17:05:17.246 540 540 I NetworkStats: Importing platform collection for prefix uid
04-15 17:05:17.247 540 540 I NetworkStats: Successfully read platform collection spanning from +292278994-08-17T07:12:55.807Z to -292275055-05-16T16:47:04.192Z
04-15 17:05:17.247 540 540 I NetworkStats: Importing platform collection for prefix uid_tag
04-15 17:05:17.250 343 343 I GoldfishComponentStore: Create()
04-15 17:05:17.251 540 540 I NetworkStats: Successfully read platform collection spanning from +292278994-08-17T07:12:55.807Z to -292275055-05-16T16:47:04.192Z
04-15 17:05:17.252 540 540 I NetworkStats: Rewriting data with imported collections with cutoff -292275055-05-16T16:47:04.192Z
04-15 17:05:17.271 343 343 I GoldfishComponentStore: created interface
04-15 17:05:17.273 343 343 I GoldfishComponentStore: in ~ComponentModule
04-15 17:05:17.274 343 343 I GoldfishComponentStore: unloading dll
04-15 17:05:17.274 343 343 I GoldfishComponentStore: in init
04-15 17:05:17.275 343 343 I GoldfishComponentStore: loading dll of path libcodec2_goldfish_hevcdec.so
04-15 17:05:17.286 540 540 I NetworkStats: Successfully imported platform collections
04-15 17:05:17.294 343 343 I GoldfishComponentStore: Create()
04-15 17:05:17.305 540 540 W BestClock: java.time.DateTimeException: Missing network time fix
04-15 17:05:17.310 343 343 I GoldfishComponentStore: created interface
04-15 17:05:17.311 343 343 I GoldfishComponentStore: in ~ComponentModule
04-15 17:05:17.311 343 343 I GoldfishComponentStore: unloading dll
04-15 17:05:17.313 343 343 I GoldfishComponentStore: in init
04-15 17:05:17.313 343 343 I GoldfishComponentStore: loading dll of path libcodec2_goldfish_vp8dec.so
04-15 17:05:17.325 343 343 I GoldfishComponentStore: Create()
04-15 17:05:17.327 343 343 I C2GoldfishVpxDec: platform store is 0x7b875119a968, reflector is 0x7b86d11a13d8
04-15 17:05:17.340 343 343 I GoldfishComponentStore: created interface
04-15 17:05:17.341 343 343 I GoldfishComponentStore: in ~ComponentModule
04-15 17:05:17.342 343 343 I GoldfishComponentStore: unloading dll
04-15 17:05:17.342 343 343 I GoldfishComponentStore: in init
04-15 17:05:17.343 343 343 I GoldfishComponentStore: loading dll of path libcodec2_goldfish_vp9dec.so
04-15 17:05:17.359 330 330 I netd : tetherGetStats() -> {[]} <18.67ms>
04-15 17:05:17.362 343 343 I GoldfishComponentStore: Create()
04-15 17:05:17.363 343 343 I C2GoldfishVpxDec: platform store is 0x7b8751199368, reflector is 0x7b86d11a0258
04-15 17:05:17.376 343 343 I GoldfishComponentStore: created interface
04-15 17:05:17.377 343 343 I GoldfishComponentStore: in ~ComponentModule
04-15 17:05:17.377 343 343 I GoldfishComponentStore: unloading dll
04-15 17:05:17.381 540 540 I TetheringManager: registerTetheringEventCallback caller:android
04-15 17:05:17.388 540 562 W WindowManager: Keyguard drawn timeout. Setting mKeyguardDrawComplete
04-15 17:05:17.397 330 330 I netd : registerUnsolicitedEventListener(interface:0x7a84a30d1610) <0.49ms>
04-15 17:05:17.421 540 813 I WifiClientModeImpl[165020:wlan0]: disconnectedstate enter
04-15 17:05:17.423 540 813 W WifiConnectivityManager: mConnectedSingleSavedNetworkSingleScanScheduleSec is not configured! Using default scan schedule
04-15 17:05:17.429 540 813 W WifiConnectivityManager: mConnectedSingleSavedNetworkSingleScanType is not configured! Using default scan types
04-15 17:05:17.439 330 330 I netd : bandwidthSetGlobalAlert(2097152) <30.82ms>
04-15 17:05:17.446 540 540 W SystemServiceManager: Service com.android.server.NetworkStatsServiceInitializer took 279 ms in onBootPhase
04-15 17:05:17.446 540 540 V SystemServerTiming: OnBootPhase_550_com.android.server.NetworkStatsServiceInitializer took to complete: 279ms
04-15 17:05:17.447 540 540 D SystemServerTiming: OnBootPhase_550_com.android.server.wifi.WifiService
04-15 17:05:17.447 540 540 V SystemServerTiming: OnBootPhase_550_com.android.server.wifi.WifiService took to complete: 0ms
04-15 17:05:17.447 540 540 D SystemServerTiming: OnBootPhase_550_com.android.server.wifi.scanner.WifiScanningService
04-15 17:05:17.447 540 540 V SystemServerTiming: OnBootPhase_550_com.android.server.wifi.scanner.WifiScanningService took to complete: 0ms
04-15 17:05:17.447 540 540 D SystemServerTiming: OnBootPhase_550_com.android.server.wifi.p2p.WifiP2pService
04-15 17:05:17.449 540 540 V SystemServerTiming: OnBootPhase_550_com.android.server.wifi.p2p.WifiP2pService took to complete: 0ms
04-15 17:05:17.449 540 540 D SystemServerTiming: OnBootPhase_550_com.android.server.ConnectivityServiceInitializer
04-15 17:05:17.449 540 540 V SystemServerTiming: OnBootPhase_550_com.android.server.ConnectivityServiceInitializer took to complete: 0ms
04-15 17:05:17.449 540 540 D SystemServerTiming: OnBootPhase_550_com.android.server.notification.NotificationManagerService
04-15 17:05:17.450 540 540 V SystemServerTiming: OnBootPhase_550_com.android.server.notification.NotificationManagerService took to complete: 0ms
04-15 17:05:17.450 540 540 D SystemServerTiming: OnBootPhase_550_com.android.server.storage.DeviceStorageMonitorService
04-15 17:05:17.450 540 540 V SystemServerTiming: OnBootPhase_550_com.android.server.storage.DeviceStorageMonitorService took to complete: 0ms
04-15 17:05:17.450 540 540 D SystemServerTiming: OnBootPhase_550_com.android.server.timedetector.TimeDetectorService$Lifecycle
04-15 17:05:17.451 540 540 V SystemServerTiming: OnBootPhase_550_com.android.server.timedetector.TimeDetectorService$Lifecycle took to complete: 0ms
04-15 17:05:17.451 540 540 D SystemServerTiming: OnBootPhase_550_com.android.server.location.LocationManagerService$Lifecycle
04-15 17:05:17.451 540 540 V SystemServerTiming: OnBootPhase_550_com.android.server.location.LocationManagerService$Lifecycle took to complete: 0ms
04-15 17:05:17.451 540 540 D SystemServerTiming: OnBootPhase_550_com.android.server.timezonedetector.TimeZoneDetectorService$Lifecycle
04-15 17:05:17.451 540 540 V SystemServerTiming: OnBootPhase_550_com.android.server.timezonedetector.TimeZoneDetectorService$Lifecycle took to complete: 0ms
04-15 17:05:17.452 540 540 D SystemServerTiming: OnBootPhase_550_com.android.server.location.altitude.AltitudeService$Lifecycle
04-15 17:05:17.456 540 540 V SystemServerTiming: OnBootPhase_550_com.android.server.location.altitude.AltitudeService$Lifecycle took to complete: 0ms
04-15 17:05:17.456 540 540 D SystemServerTiming: OnBootPhase_550_com.android.server.timezonedetector.location.LocationTimeZoneManagerService$Lifecycle
04-15 17:05:17.457 540 540 V SystemServerTiming: OnBootPhase_550_com.android.server.timezonedetector.location.LocationTimeZoneManagerService$Lifecycle took to complete: 0ms
04-15 17:05:17.457 540 540 D SystemServerTiming: OnBootPhase_550_com.android.server.search.SearchManagerService$Lifecycle
04-15 17:05:17.457 540 540 V SystemServerTiming: OnBootPhase_550_com.android.server.search.SearchManagerService$Lifecycle took to complete: 0ms
04-15 17:05:17.457 540 540 D SystemServerTiming: OnBootPhase_550_com.android.server.wallpaper.WallpaperManagerService$Lifecycle
04-15 17:05:17.462 540 540 V WallpaperManagerService: bindWallpaperComponentLocked: componentName=ComponentInfo{com.android.systemui/com.android.systemui.wallpapers.ImageWallpaper}
04-15 17:05:17.462 540 540 D WallpaperManagerService: WPMS.bindWallpaperComponentLocked-ComponentInfo{com.android.systemui/com.android.systemui.wallpapers.ImageWallpaper}
04-15 17:05:17.473 540 813 D WifiConfigStore: Writing to stores completed in 39 ms.
04-15 17:05:17.492 540 813 D WifiConfigStore: Writing to stores completed in 17 ms.
04-15 17:05:17.509 540 813 D WifiConfigStore: Writing to stores completed in 14 ms.
04-15 17:05:17.518 330 330 I netd : interfaceGetCfg(wlan0) -> {InterfaceConfigurationParcel{ifName: wlan0, hwAddr: 02:15:b2:00:00:00, ipv4Addr: 0.0.0.0, prefixLength: 0, flags: [up, broadcast, multicast]}} <4.98ms>
04-15 17:05:17.535 540 540 D CompatibilityChangeReporter: Compat change id reported: 135634846; UID 10117; state: DISABLED
04-15 17:05:17.548 540 540 D CompatibilityChangeReporter: Compat change id reported: 177438394; UID 10117; state: DISABLED
04-15 17:05:17.549 540 540 D CompatibilityChangeReporter: Compat change id reported: 135772972; UID 10117; state: DISABLED
04-15 17:05:17.550 540 540 D CompatibilityChangeReporter: Compat change id reported: 135754954; UID 10117; state: ENABLED
04-15 17:05:17.559 540 573 D CompatibilityChangeReporter: Compat change id reported: 143937733; UID 10117; state: ENABLED
04-15 17:05:17.569 540 573 W ActivityManager: com.android.systemui inode == 0 (b/152760674)
04-15 17:05:17.584 540 540 W ActivityManager: Slow operation: 77ms so far, now at startProcess: done starting proc!
04-15 17:05:17.621 540 540 V WallpaperManagerService: WPMS.bindWallpaperComponentLocked-ComponentInfo{com.android.systemui/com.android.systemui.wallpapers.ImageWallpaper} took to complete: 159ms
04-15 17:05:17.626 331 331 I Zygote : Entering forkRepeatedly native zygote loop
04-15 17:05:17.630 540 540 I WallpaperDataParser: No static wallpaper imagery; defaults will be shown
04-15 17:05:17.631 540 540 W WallpaperDataParser: no current wallpaper -- first boot?
04-15 17:05:17.638 540 540 W SystemServiceManager: Service com.android.server.wallpaper.WallpaperManagerService$Lifecycle took 180 ms in onBootPhase
04-15 17:05:17.638 540 540 V SystemServerTiming: OnBootPhase_550_com.android.server.wallpaper.WallpaperManagerService$Lifecycle took to complete: 180ms
04-15 17:05:17.638 540 540 D SystemServerTiming: OnBootPhase_550_com.android.server.wallpapereffectsgeneration.WallpaperEffectsGenerationManagerService
04-15 17:05:17.638 540 540 V SystemServerTiming: OnBootPhase_550_com.android.server.wallpapereffectsgeneration.WallpaperEffectsGenerationManagerService took to complete: 0ms
04-15 17:05:17.638 540 540 D SystemServerTiming: OnBootPhase_550_com.android.server.audio.AudioService$Lifecycle
04-15 17:05:17.639 540 540 V SystemServerTiming: OnBootPhase_550_com.android.server.audio.AudioService$Lifecycle took to complete: 0ms
04-15 17:05:17.639 540 540 D SystemServerTiming: OnBootPhase_550_com.android.server.soundtrigger_middleware.SoundTriggerMiddlewareService$Lifecycle
04-15 17:05:17.639 540 540 V SystemServerTiming: OnBootPhase_550_com.android.server.soundtrigger_middleware.SoundTriggerMiddlewareService$Lifecycle took to complete: 0ms
04-15 17:05:17.639 540 540 D SystemServerTiming: OnBootPhase_550_com.android.server.DockObserver
04-15 17:05:17.660 540 540 V SystemServerTiming: OnBootPhase_550_com.android.server.DockObserver took to complete: 21ms
04-15 17:05:17.661 540 540 D SystemServerTiming: OnBootPhase_550_com.android.server.midi.MidiService$Lifecycle
04-15 17:05:17.661 540 540 V SystemServerTiming: OnBootPhase_550_com.android.server.midi.MidiService$Lifecycle took to complete: 0ms
04-15 17:05:17.662 540 540 D SystemServerTiming: OnBootPhase_550_com.android.server.adb.AdbService$Lifecycle
04-15 17:05:17.695 540 833 D BluetoothHeadset: Binding service...
04-15 17:05:17.700 331 331 D Zygote : Forked child process 895
04-15 17:05:17.709 540 573 W ActivityManager: Slow operation: 179ms so far, now at startProcess: returned from zygote!
04-15 17:05:17.711 540 573 W ActivityManager: Slow operation: 188ms so far, now at startProcess: done updating battery stats
04-15 17:05:17.716 540 833 D BluetoothManagerService: Trying to bind to profile: 1, while Bluetooth was disabled
04-15 17:05:17.718 540 573 W ActivityManager: Slow operation: 196ms so far, now at startProcess: building log message
04-15 17:05:17.720 540 573 I ActivityManager: Start proc 895:com.android.systemui/u0a117 for service {com.android.systemui/com.android.systemui.wallpapers.ImageWallpaper}
04-15 17:05:17.722 540 573 W ActivityManager: Slow operation: 199ms so far, now at startProcess: starting to update pids map
04-15 17:05:17.723 540 573 W ActivityManager: Slow operation: 200ms so far, now at startProcess: done updating pids map
04-15 17:05:17.728 540 540 W SystemServiceManager: Service com.android.server.adb.AdbService$Lifecycle took 59 ms in onBootPhase
04-15 17:05:17.728 540 540 V SystemServerTiming: OnBootPhase_550_com.android.server.adb.AdbService$Lifecycle took to complete: 66ms
04-15 17:05:17.729 540 540 D SystemServerTiming: OnBootPhase_550_com.android.server.usb.UsbService$Lifecycle
04-15 17:05:17.730 540 568 D SystemServerTimingAsync: InitThreadPoolExec:UsbService$Lifecycle#onBootPhase
04-15 17:05:17.730 540 568 D SystemServerInitThreadPool: Started executing UsbService$Lifecycle#onBootPhase
04-15 17:05:17.734 540 568 D SystemServerInitThreadPool: Finished executing UsbService$Lifecycle#onBootPhase
04-15 17:05:17.735 540 568 V SystemServerTimingAsync: InitThreadPoolExec:UsbService$Lifecycle#onBootPhase took to complete: 4ms
04-15 17:05:17.738 540 540 V SystemServerTiming: OnBootPhase_550_com.android.server.usb.UsbService$Lifecycle took to complete: 9ms
04-15 17:05:17.739 540 540 D SystemServerTiming: OnBootPhase_550_com.android.server.twilight.TwilightService
04-15 17:05:17.739 540 540 V SystemServerTiming: OnBootPhase_550_com.android.server.twilight.TwilightService took to complete: 0ms
04-15 17:05:17.754 540 555 I UsbPortManager: all: opID:1 successful
04-15 17:05:17.760 540 540 D SystemServerTiming: OnBootPhase_550_com.android.server.display.color.ColorDisplayService
04-15 17:05:17.761 540 540 V SystemServerTiming: OnBootPhase_550_com.android.server.display.color.ColorDisplayService took to complete: 0ms
04-15 17:05:17.761 540 540 D SystemServerTiming: OnBootPhase_550_com.android.server.job.JobSchedulerService
04-15 17:05:17.762 540 540 V SystemServerTiming: OnBootPhase_550_com.android.server.job.JobSchedulerService took to complete: 0ms
04-15 17:05:17.768 540 540 D SystemServerTiming: OnBootPhase_550_com.android.server.soundtrigger.SoundTriggerService
04-15 17:05:17.769 540 540 D SoundTriggerService: onBootPhase: 550 : false
04-15 17:05:17.770 540 540 V SystemServerTiming: OnBootPhase_550_com.android.server.soundtrigger.SoundTriggerService took to complete: 1ms
04-15 17:05:17.771 540 540 D SystemServerTiming: OnBootPhase_550_com.android.server.trust.TrustManagerService
04-15 17:05:17.771 540 540 V SystemServerTiming: OnBootPhase_550_com.android.server.trust.TrustManagerService took to complete: 0ms
04-15 17:05:17.773 540 833 D BluetoothA2dp: Binding service...
04-15 17:05:17.773 540 833 D BluetoothManagerService: Trying to bind to profile: 2, while Bluetooth was disabled
04-15 17:05:17.774 540 540 D SystemServerTiming: OnBootPhase_550_com.android.server.backup.BackupManagerService$Lifecycle
04-15 17:05:17.775 540 540 V SystemServerTiming: OnBootPhase_550_com.android.server.backup.BackupManagerService$Lifecycle took to complete: 0ms
04-15 17:05:17.775 540 540 D SystemServerTiming: OnBootPhase_550_com.android.server.appwidget.AppWidgetService
04-15 17:05:17.775 540 540 V SystemServerTiming: OnBootPhase_550_com.android.server.appwidget.AppWidgetService took to complete: 0ms
04-15 17:05:17.780 540 540 D SystemServerTiming: OnBootPhase_550_com.android.server.voiceinteraction.VoiceInteractionManagerService
04-15 17:05:17.784 540 540 V SystemServerTiming: OnBootPhase_550_com.android.server.voiceinteraction.VoiceInteractionManagerService took to complete: 0ms
04-15 17:05:17.785 540 540 D SystemServerTiming: OnBootPhase_550_com.android.server.GestureLauncherService
04-15 17:05:17.785 540 540 V SystemServerTiming: OnBootPhase_550_com.android.server.GestureLauncherService took to complete: 0ms
04-15 17:05:17.785 540 540 D SystemServerTiming: OnBootPhase_550_com.android.server.SensorNotificationService
04-15 17:05:17.786 540 540 V SystemServerTiming: OnBootPhase_550_com.android.server.SensorNotificationService took to complete: 0ms
04-15 17:05:17.786 540 540 D SystemServerTiming: OnBootPhase_550_com.android.server.emergency.EmergencyAffordanceService
04-15 17:05:17.787 540 540 V SystemServerTiming: OnBootPhase_550_com.android.server.emergency.EmergencyAffordanceService took to complete: 0ms
04-15 17:05:17.787 540 540 D SystemServerTiming: OnBootPhase_550_com.android.server.blob.BlobStoreManagerService
04-15 17:05:17.796 540 833 D BluetoothHearingAid: Binding service...
04-15 17:05:17.796 540 833 D BluetoothManagerService: Trying to bind to profile: 21, while Bluetooth was disabled
04-15 17:05:17.799 540 540 V SystemServerTiming: OnBootPhase_550_com.android.server.blob.BlobStoreManagerService took to complete: 12ms
04-15 17:05:17.801 540 540 D SystemServerTiming: OnBootPhase_550_com.android.server.dreams.DreamManagerService
04-15 17:05:17.802 540 540 V SystemServerTiming: OnBootPhase_550_com.android.server.dreams.DreamManagerService took to complete: 0ms
04-15 17:05:17.802 540 540 D SystemServerTiming: OnBootPhase_550_com.android.server.print.PrintManagerService
04-15 17:05:17.803 540 540 V SystemServerTiming: OnBootPhase_550_com.android.server.print.PrintManagerService took to complete: 0ms
04-15 17:05:17.803 540 540 D SystemServerTiming: OnBootPhase_550_com.android.server.security.AttestationVerificationManagerService
04-15 17:05:17.803 540 540 V SystemServerTiming: OnBootPhase_550_com.android.server.security.AttestationVerificationManagerService took to complete: 0ms
04-15 17:05:17.809 540 540 D SystemServerTiming: OnBootPhase_550_com.android.server.companion.CompanionDeviceManagerService
04-15 17:05:17.810 540 540 V SystemServerTiming: OnBootPhase_550_com.android.server.companion.CompanionDeviceManagerService took to complete: 0ms
04-15 17:05:17.810 540 540 D SystemServerTiming: OnBootPhase_550_com.android.server.companion.virtual.VirtualDeviceManagerService
04-15 17:05:17.810 540 540 V SystemServerTiming: OnBootPhase_550_com.android.server.companion.virtual.VirtualDeviceManagerService took to complete: 0ms
04-15 17:05:17.811 540 540 D SystemServerTiming: OnBootPhase_550_com.android.server.restrictions.RestrictionsManagerService
04-15 17:05:17.811 540 540 V SystemServerTiming: OnBootPhase_550_com.android.server.restrictions.RestrictionsManagerService took to complete: 0ms
04-15 17:05:17.831 540 540 D SystemServerTiming: OnBootPhase_550_com.android.server.media.MediaSessionService
04-15 17:05:17.833 895 895 I ndroid.systemui: Using CollectorTypeCC GC.
04-15 17:05:17.845 540 833 D BluetoothLeAudio: Binding service...
04-15 17:05:17.846 540 833 D BluetoothManagerService: Trying to bind to profile: 22, while Bluetooth was disabled
04-15 17:05:17.847 540 834 W BroadcastLoopers: Found previously unknown looper Thread[AudioDeviceBroker,5,main]
04-15 17:05:17.858 895 895 W ndroid.systemui: Unexpected CPU variant for x86: x86_64.
04-15 17:05:17.858 895 895 W ndroid.systemui: Known variants: atom, sandybridge, silvermont, goldmont, goldmont-plus, tremont, kabylake, default
04-15 17:05:17.883 895 895 E ndroid.systemui: Not starting debugger since process cannot load the jdwp agent.
04-15 17:05:17.901 379 616 I AudioFlinger: systemReady
04-15 17:05:17.909 540 540 W SystemServiceManager: Service com.android.server.media.MediaSessionService took 78 ms in onBootPhase
04-15 17:05:17.909 540 540 V SystemServerTiming: OnBootPhase_550_com.android.server.media.MediaSessionService took to complete: 71ms
04-15 17:05:17.909 540 540 D SystemServerTiming: OnBootPhase_550_com.android.server.media.MediaResourceMonitorService
04-15 17:05:17.909 540 540 V SystemServerTiming: OnBootPhase_550_com.android.server.media.MediaResourceMonitorService took to complete: 0ms
04-15 17:05:17.909 540 540 D SystemServerTiming: OnBootPhase_550_com.android.server.biometrics.sensors.face.FaceService
04-15 17:05:17.909 540 540 V SystemServerTiming: OnBootPhase_550_com.android.server.biometrics.sensors.face.FaceService took to complete: 0ms
04-15 17:05:17.910 540 540 D SystemServerTiming: OnBootPhase_550_com.android.server.biometrics.sensors.fingerprint.FingerprintService
04-15 17:05:17.910 540 540 V SystemServerTiming: OnBootPhase_550_com.android.server.biometrics.sensors.fingerprint.FingerprintService took to complete: 0ms
04-15 17:05:17.910 540 540 D SystemServerTiming: OnBootPhase_550_com.android.server.biometrics.BiometricService
04-15 17:05:17.910 540 540 V SystemServerTiming: OnBootPhase_550_com.android.server.biometrics.BiometricService took to complete: 0ms
04-15 17:05:17.910 540 540 D SystemServerTiming: OnBootPhase_550_com.android.server.biometrics.AuthService
04-15 17:05:17.910 540 540 V SystemServerTiming: OnBootPhase_550_com.android.server.biometrics.AuthService took to complete: 0ms
04-15 17:05:17.910 540 540 D SystemServerTiming: OnBootPhase_550_com.android.server.pm.ShortcutService$Lifecycle
04-15 17:05:17.910 540 540 V SystemServerTiming: OnBootPhase_550_com.android.server.pm.ShortcutService$Lifecycle took to complete: 0ms
04-15 17:05:17.910 540 540 D SystemServerTiming: OnBootPhase_550_com.android.server.pm.LauncherAppsService
04-15 17:05:17.910 540 540 V SystemServerTiming: OnBootPhase_550_com.android.server.pm.LauncherAppsService took to complete: 0ms
04-15 17:05:17.910 540 540 D SystemServerTiming: OnBootPhase_550_com.android.server.pm.CrossProfileAppsService
04-15 17:05:17.911 540 540 V SystemServerTiming: OnBootPhase_550_com.android.server.pm.CrossProfileAppsService took to complete: 0ms
04-15 17:05:17.911 540 540 D SystemServerTiming: OnBootPhase_550_com.android.server.people.PeopleService
04-15 17:05:17.911 540 540 V SystemServerTiming: OnBootPhase_550_com.android.server.people.PeopleService took to complete: 0ms
04-15 17:05:17.911 540 540 D SystemServerTiming: OnBootPhase_550_com.android.server.media.metrics.MediaMetricsManagerService
04-15 17:05:17.911 540 540 V SystemServerTiming: OnBootPhase_550_com.android.server.media.metrics.MediaMetricsManagerService took to complete: 0ms
04-15 17:05:17.911 540 540 D SystemServerTiming: OnBootPhase_550_com.android.server.pm.BackgroundInstallControlService
04-15 17:05:17.911 540 540 V SystemServerTiming: OnBootPhase_550_com.android.server.pm.BackgroundInstallControlService took to complete: 0ms
04-15 17:05:17.911 540 540 D SystemServerTiming: OnBootPhase_550_com.android.server.media.projection.MediaProjectionManagerService
04-15 17:05:17.911 540 540 V SystemServerTiming: OnBootPhase_550_com.android.server.media.projection.MediaProjectionManagerService took to complete: 0ms
04-15 17:05:17.911 540 540 D SystemServerTiming: OnBootPhase_550_com.android.server.slice.SliceManagerService$Lifecycle
04-15 17:05:17.911 540 540 V SystemServerTiming: OnBootPhase_550_com.android.server.slice.SliceManagerService$Lifecycle took to complete: 0ms
04-15 17:05:17.912 540 540 D SystemServerTiming: OnBootPhase_550_com.android.server.stats.StatsCompanion$Lifecycle
04-15 17:05:17.922 540 540 V SystemServerTiming: OnBootPhase_550_com.android.server.stats.StatsCompanion$Lifecycle took to complete: 0ms
04-15 17:05:17.923 540 540 D SystemServerTiming: OnBootPhase_550_com.android.server.scheduling.RebootReadinessManagerService$Lifecycle
04-15 17:05:17.923 540 540 V SystemServerTiming: OnBootPhase_550_com.android.server.scheduling.RebootReadinessManagerService$Lifecycle took to complete: 0ms
04-15 17:05:17.923 540 540 D SystemServerTiming: OnBootPhase_550_com.android.server.stats.pull.StatsPullAtomService
04-15 17:05:17.923 540 540 V SystemServerTiming: OnBootPhase_550_com.android.server.stats.pull.StatsPullAtomService took to complete: 0ms
04-15 17:05:17.923 540 540 D SystemServerTiming: OnBootPhase_550_com.android.server.stats.bootstrap.StatsBootstrapAtomService$Lifecycle
04-15 17:05:17.923 540 540 V SystemServerTiming: OnBootPhase_550_com.android.server.stats.bootstrap.StatsBootstrapAtomService$Lifecycle took to complete: 0ms
04-15 17:05:17.923 540 540 D SystemServerTiming: OnBootPhase_550_com.android.server.incident.IncidentCompanionService
04-15 17:05:17.923 540 540 V SystemServerTiming: OnBootPhase_550_com.android.server.incident.IncidentCompanionService took to complete: 0ms
04-15 17:05:17.923 540 540 D SystemServerTiming: OnBootPhase_550_com.android.server.sdksandbox.SdkSandboxManagerService$Lifecycle
04-15 17:05:17.923 540 540 V SystemServerTiming: OnBootPhase_550_com.android.server.sdksandbox.SdkSandboxManagerService$Lifecycle took to complete: 0ms
04-15 17:05:17.923 540 540 D SystemServerTiming: OnBootPhase_550_com.android.server.adservices.AdServicesManagerService$Lifecycle
04-15 17:05:17.928 540 540 V SystemServerTiming: OnBootPhase_550_com.android.server.adservices.AdServicesManagerService$Lifecycle took to complete: 0ms
04-15 17:05:17.929 540 540 D SystemServerTiming: OnBootPhase_550_com.android.server.ondevicepersonalization.OnDevicePersonalizationSystemService$Lifecycle
04-15 17:05:17.929 540 540 V SystemServerTiming: OnBootPhase_550_com.android.server.ondevicepersonalization.OnDevicePersonalizationSystemService$Lifecycle took to complete: 0ms
04-15 17:05:17.929 540 540 D SystemServerTiming: OnBootPhase_550_com.android.server.MmsServiceBroker
04-15 17:05:17.929 540 540 V SystemServerTiming: OnBootPhase_550_com.android.server.MmsServiceBroker took to complete: 0ms
04-15 17:05:17.929 540 540 D SystemServerTiming: OnBootPhase_550_com.android.server.autofill.AutofillManagerService
04-15 17:05:17.929 540 540 V SystemServerTiming: OnBootPhase_550_com.android.server.autofill.AutofillManagerService took to complete: 0ms
04-15 17:05:17.929 540 540 D SystemServerTiming: OnBootPhase_550_com.android.server.credentials.CredentialManagerService
04-15 17:05:17.929 540 540 V SystemServerTiming: OnBootPhase_550_com.android.server.credentials.CredentialManagerService took to complete: 0ms
04-15 17:05:17.929 540 540 D SystemServerTiming: OnBootPhase_550_com.android.server.selectiontoolbar.SelectionToolbarManagerService
04-15 17:05:17.929 540 540 V SystemServerTiming: OnBootPhase_550_com.android.server.selectiontoolbar.SelectionToolbarManagerService took to complete: 0ms
04-15 17:05:17.929 540 540 D SystemServerTiming: OnBootPhase_550_com.android.server.clipboard.ClipboardService
04-15 17:05:17.929 540 540 V SystemServerTiming: OnBootPhase_550_com.android.server.clipboard.ClipboardService took to complete: 0ms
04-15 17:05:17.930 540 540 D SystemServerTiming: OnBootPhase_550_com.android.server.appbinding.AppBindingService$Lifecycle
04-15 17:05:17.931 540 540 I AppBindingService: Updating constants with: null
04-15 17:05:17.944 540 540 V SystemServerTiming: OnBootPhase_550_com.android.server.appbinding.AppBindingService$Lifecycle took to complete: 14ms
04-15 17:05:17.944 540 540 D SystemServerTiming: OnBootPhase_550_com.android.server.tracing.TracingServiceProxy
04-15 17:05:17.944 540 540 V SystemServerTiming: OnBootPhase_550_com.android.server.tracing.TracingServiceProxy took to complete: 0ms
04-15 17:05:17.944 540 540 D SystemServerTiming: OnBootPhase_550_com.android.server.policy.PermissionPolicyService
04-15 17:05:17.945 540 540 D SystemServerTiming: Permission_grant_default_permissions-0
04-15 17:05:17.961 540 540 D SystemServerTiming: Permission_callback_waiting-0
04-15 17:05:18.004 540 876 D CompatibilityChangeReporter: Compat change id reported: 135634846; UID 10123; state: DISABLED
04-15 17:05:18.005 540 876 D CompatibilityChangeReporter: Compat change id reported: 177438394; UID 10123; state: DISABLED
04-15 17:05:18.006 540 876 D CompatibilityChangeReporter: Compat change id reported: 135772972; UID 10123; state: DISABLED
04-15 17:05:18.007 540 876 D CompatibilityChangeReporter: Compat change id reported: 135754954; UID 10123; state: ENABLED
04-15 17:05:18.014 540 573 D CompatibilityChangeReporter: Compat change id reported: 143937733; UID 10123; state: ENABLED
04-15 17:05:18.014 540 573 W ActivityManager: com.android.permissioncontroller inode == 0 (b/152760674)
04-15 17:05:18.047 331 331 D Zygote : Forked child process 905
04-15 17:05:18.060 540 573 W ActivityManager: Slow operation: 70ms so far, now at startProcess: returned from zygote!
04-15 17:05:18.062 540 573 W ActivityManager: Slow operation: 72ms so far, now at startProcess: done updating battery stats
04-15 17:05:18.062 540 573 W ActivityManager: Slow operation: 72ms so far, now at startProcess: building log message
04-15 17:05:18.062 540 573 I ActivityManager: Start proc 905:com.android.permissioncontroller/u0a123 for service {com.android.permissioncontroller/com.android.permissioncontroller.permission.service.PermissionControllerServiceImpl}
04-15 17:05:18.062 540 573 W ActivityManager: Slow operation: 72ms so far, now at startProcess: starting to update pids map
04-15 17:05:18.063 540 573 W ActivityManager: Slow operation: 73ms so far, now at startProcess: done updating pids map
04-15 17:05:18.176 540 555 D GameManagerService: User ID '0' does not have a Game Mode selected for package: 'com.android.systemui'
04-15 17:05:18.184 540 555 D CompatibilityChangeReporter: Compat change id reported: 168419799; UID 10117; state: DISABLED
04-15 17:05:18.208 905 905 I ssioncontroller: Using CollectorTypeCC GC.
04-15 17:05:18.225 905 905 W ssioncontroller: Unexpected CPU variant for x86: x86_64.
04-15 17:05:18.225 905 905 W ssioncontroller: Known variants: atom, sandybridge, silvermont, goldmont, goldmont-plus, tremont, kabylake, default
04-15 17:05:18.254 905 905 E ssioncontroller: Not starting debugger since process cannot load the jdwp agent.
04-15 17:05:18.257 460 460 I mediaswcodec: missing struct descriptor #Param::CoreIndex(--001) for field red of struct #Param::CoreIndex(--002)
04-15 17:05:18.257 460 460 I mediaswcodec: missing struct descriptor #Param::CoreIndex(--001) for field green of struct #Param::CoreIndex(--002)
04-15 17:05:18.257 460 460 I mediaswcodec: missing struct descriptor #Param::CoreIndex(--001) for field blue of struct #Param::CoreIndex(--002)
04-15 17:05:18.257 460 460 I mediaswcodec: missing struct descriptor #Param::CoreIndex(--001) for field white of struct #Param::CoreIndex(--002)
04-15 17:05:18.273 540 555 D CompatibilityChangeReporter: Compat change id reported: 273564678; UID 10117; state: DISABLED
04-15 17:05:18.274 540 555 W ActivityManager: Slow operation: 105ms so far, now at attachApplicationLocked: immediately before bindApplication
04-15 17:05:18.316 0 0 I servicemanager: Could not find android.hardware.graphics.allocator.IAllocator/default in the VINTF manifest.
04-15 17:05:18.323 133 133 I hwservicemanager: getTransport: Cannot find entry android.hardware.graphics.mapper@4.0::IMapper/default in either framework or device VINTF manifest.
04-15 17:05:18.336 460 460 I Gralloc4: mapper 4.x is not supported
04-15 17:05:18.393 540 555 W ActivityManager: Slow operation: 224ms so far, now at attachApplicationLocked: immediately after bindApplication
04-15 17:05:18.394 540 555 W ActivityManager: Slow operation: 225ms so far, now at attachApplicationLocked: after updateLruProcessLocked
04-15 17:05:18.435 540 660 W system_server: Long monitor contention with owner binder:540_1 (555) at void com.android.server.am.ActivityManagerService.finishAttachApplicationInner(long, int, int)(ActivityManagerService.java:4940) waiters=0 in void com.android.server.am.ActivityManagerService.attachApplication(android.app.IApplicationThread, long) for 103ms
04-15 17:05:18.438 540 660 D GameManagerService: User ID '0' does not have a Game Mode selected for package: 'com.android.permissioncontroller'
04-15 17:05:18.439 540 660 D CompatibilityChangeReporter: Compat change id reported: 168419799; UID 10123; state: DISABLED
04-15 17:05:18.441 540 660 D CompatibilityChangeReporter: Compat change id reported: 273564678; UID 10123; state: DISABLED
04-15 17:05:18.499 540 628 D CompatibilityChangeReporter: Compat change id reported: 265195908; UID 10117; state: ENABLED
04-15 17:05:18.510 540 628 D CompatibilityChangeReporter: Compat change id reported: 265195908; UID 10123; state: ENABLED
04-15 17:05:18.519 905 905 D CompatibilityChangeReporter: Compat change id reported: 171979766; UID 10123; state: ENABLED
04-15 17:05:18.519 905 905 D CompatibilityChangeReporter: Compat change id reported: 242716250; UID 10123; state: ENABLED
04-15 17:05:18.527 895 895 D CompatibilityChangeReporter: Compat change id reported: 171979766; UID 10117; state: ENABLED
04-15 17:05:18.527 895 895 D CompatibilityChangeReporter: Compat change id reported: 242716250; UID 10117; state: ENABLED
04-15 17:05:18.546 540 555 D CompatibilityChangeReporter: Compat change id reported: 170503758; UID 10117; state: ENABLED
04-15 17:05:18.555 895 895 D CompatibilityChangeReporter: Compat change id reported: 3400644; UID 10117; state: ENABLED
04-15 17:05:18.561 540 555 D CompatibilityChangeReporter: Compat change id reported: 170503758; UID 10123; state: ENABLED
04-15 17:05:18.570 905 905 D CompatibilityChangeReporter: Compat change id reported: 3400644; UID 10123; state: ENABLED
04-15 17:05:18.573 895 895 D ApplicationLoaders: Returning zygote-cached class loader: /system_ext/framework/androidx.window.extensions.jar
04-15 17:05:18.573 895 895 D ApplicationLoaders: Returning zygote-cached class loader: /system_ext/framework/androidx.window.sidecar.jar
04-15 17:05:18.575 905 905 D ApplicationLoaders: Returning zygote-cached class loader: /system_ext/framework/androidx.window.extensions.jar
04-15 17:05:18.575 905 905 D ApplicationLoaders: Returning zygote-cached class loader: /system_ext/framework/androidx.window.sidecar.jar
04-15 17:05:18.633 895 895 D nativeloader: Configuring clns-shared-6 for other apk /system_ext/priv-app/SystemUI/SystemUI.apk. target_sdk_version=34, uses_libraries=, library_path=/system_ext/priv-app/SystemUI/lib/x86_64:/system/lib64:/system_ext/lib64, permitted_path=/data:/mnt/expand:/data/user_de/0/com.android.systemui:/system_ext/priv-app/SystemUI:/system/lib64:/system_ext/lib64
04-15 17:05:18.675 905 905 D nativeloader: Configuring clns-shared-6 for other apk /system/framework/org.apache.http.legacy.jar. target_sdk_version=34, uses_libraries=ALL, library_path=/apex/com.android.permission/priv-app/PermissionController@UE1A.230829.036.A1/lib/x86_64:/system/lib64:/system_ext/lib64, permitted_path=/data:/mnt/expand:/data/user_de/0/com.android.permissioncontroller:/apex/com.android.permission/priv-app/PermissionController@UE1A.230829.036.A1:/system/lib64:/system_ext/lib64
04-15 17:05:18.714 905 905 D nativeloader: Configuring clns-shared-7 for other apk /apex/com.android.permission/priv-app/PermissionController@UE1A.230829.036.A1/PermissionController.apk. target_sdk_version=34, uses_libraries=, library_path=/apex/com.android.permission/priv-app/PermissionController@UE1A.230829.036.A1/lib/x86_64:/system/lib64:/system_ext/lib64, permitted_path=/data:/mnt/expand:/data/user_de/0/com.android.permissioncontroller:/apex/com.android.permission/priv-app/PermissionController@UE1A.230829.036.A1:/system/lib64:/system_ext/lib64
04-15 17:05:18.721 905 905 D nativeloader: InitApexLibraries:
04-15 17:05:18.721 905 905 D nativeloader: com_android_adservices: libhpke_jni.so:libtflite_support_classifiers_native.so
04-15 17:05:18.721 905 905 D nativeloader: com_android_appsearch: libicing.so
04-15 17:05:18.721 905 905 D nativeloader: com_android_art: libartservice.so
04-15 17:05:18.721 905 905 D nativeloader: com_android_btservices: libbluetooth_jni.so
04-15 17:05:18.721 905 905 D nativeloader: com_android_conscrypt: libjavacrypto.so
04-15 17:05:18.721 905 905 D nativeloader: com_android_extservices: libtflite_support_classifiers_native.so
04-15 17:05:18.721 905 905 D nativeloader: com_android_os_statsd: libstats_jni.so
04-15 17:05:18.721 905 905 D nativeloader: com_android_tethering: libandroid_net_connectivity_com_android_net_module_util_jni.so:libcronet.114.0.5735.84.so:libframework-connectivity-jni.so:libframework-connectivity-tiramisu-jni.so:libservice-connectivity.so
04-15 17:05:18.721 905 905 D nativeloader: com_android_uwb: libuwb_uci_jni_rust.so
04-15 17:05:18.721 905 905 D nativeloader: com_android_virt: libvirtualizationservice_jni.so:libvirtualmachine_jni.so
04-15 17:05:18.799 895 895 V GraphicsEnvironment: Currently set values for:
04-15 17:05:18.804 895 895 V GraphicsEnvironment: angle_gl_driver_selection_pkgs=[]
04-15 17:05:18.804 895 895 V GraphicsEnvironment: angle_gl_driver_selection_values=[]
04-15 17:05:18.807 905 905 V GraphicsEnvironment: Currently set values for:
04-15 17:05:18.812 905 905 V GraphicsEnvironment: angle_gl_driver_selection_pkgs=[]
04-15 17:05:18.813 905 905 V GraphicsEnvironment: angle_gl_driver_selection_values=[]
04-15 17:05:18.814 905 905 V GraphicsEnvironment: ANGLE GameManagerService for com.android.permissioncontroller: false
04-15 17:05:18.818 905 905 V GraphicsEnvironment: com.android.permissioncontroller is not listed in per-application setting
04-15 17:05:18.819 905 905 V GraphicsEnvironment: Neither updatable production driver nor prerelease driver is supported.
04-15 17:05:18.823 895 895 V GraphicsEnvironment: ANGLE GameManagerService for com.android.systemui: false
04-15 17:05:18.828 895 895 V GraphicsEnvironment: com.android.systemui is not listed in per-application setting
04-15 17:05:18.849 895 895 V GraphicsEnvironment: Neither updatable production driver nor prerelease driver is supported.
04-15 17:05:18.938 540 660 W StorageManagerService: No primary storage defined yet; hacking together a stub
04-15 17:05:18.971 460 460 I mediaswcodec: missing struct descriptor #Param::CoreIndex(--004) for field values of struct #Param::CoreIndex(F-12004)
04-15 17:05:18.986 460 460 I mediaswcodec: missing struct descriptor #Param::CoreIndex(--1812) for field values of struct #Param::CoreIndex(F-11812)
04-15 17:05:19.015 905 929 I carui : CarUi plugin is disabled
04-15 17:05:19.158 895 895 V WindowManagerShell: Adding init callback for DisplayChangeController
04-15 17:05:19.159 895 895 V WindowManagerShell: Adding init callback for DisplayController
04-15 17:05:19.164 895 895 V WindowManagerShell: Adding init callback for DisplayInsetsController
04-15 17:05:19.167 895 895 V WindowManagerShell: Adding init callback for DisplayImeController
04-15 17:05:19.172 895 895 V WindowManagerShell: Adding init callback for ShellController
04-15 17:05:19.181 895 895 V WindowManagerShell: Adding init callback for DragAndDropController
04-15 17:05:19.279 895 895 V WindowManagerShell: Adding init callback for CompatUIController
04-15 17:05:19.321 895 895 V WindowManagerShell: Adding init callback for RecentTasksController
