04-15 17:05:49.551 1289 1289 W ContextImpl: Failed to ensure /data/user/0/android.ext.services/cache: mkdir failed: ENOENT (No such file or directory)
04-15 17:05:49.556 1289 1289 W ContextImpl: Failed to update user.inode_cache: stat failed: ENOENT (No such file or directory)
04-15 17:05:49.568 1289 1289 V GraphicsEnvironment: Currently set values for:
04-15 17:05:49.569 1289 1289 V GraphicsEnvironment: angle_gl_driver_selection_pkgs=[]
04-15 17:05:49.569 1289 1289 V GraphicsEnvironment: angle_gl_driver_selection_values=[]
04-15 17:05:49.570 1289 1289 V GraphicsEnvironment: ANGLE GameManagerService for android.ext.services: false
04-15 17:05:49.570 1289 1289 V GraphicsEnvironment: android.ext.services is not listed in per-application setting
04-15 17:05:49.570 1289 1289 V GraphicsEnvironment: Neither updatable production driver nor prerelease driver is supported.
04-15 17:05:49.400 540 813 D UntrustedWifiNetworkFactory: got request NetworkRequest [ REQUEST id=17, [ Capabilities: INTERNET&NOT_RESTRICTED&TRUSTED&NOT_VCN_MANAGED Uid: 1073 RequestorUid: 1073 RequestorPkg: com.android.networkstack UnderlyingNetworks: Null] ]
04-15 17:05:49.581 540 813 D UntrustedWifiNetworkFactory: got request NetworkRequest [ REQUEST id=15, [ Capabilities: INTERNET&NOT_RESTRICTED&TRUSTED&NOT_VCN_MANAGED Uid: 1000 RequestorUid: 1000 RequestorPkg: android UnderlyingNetworks: Null] ]
04-15 17:05:49.582 1134 1134 D TelephonyProvider: dbh.createCarriersTable:-
04-15 17:05:49.588 540 561 W PackageManager: Skipping preparing app data for com.android.appsearch
04-15 17:05:49.589 540 561 W PackageManager: Skipping preparing app data for com.android.adservices
04-15 17:05:49.589 540 561 W PackageManager: Skipping preparing app data for com.android.scheduling
04-15 17:05:49.589 540 561 W PackageManager: Skipping preparing app data for com.android.permission
04-15 17:05:49.590 540 561 W PackageManager: Skipping preparing app data for com.android.art
04-15 17:05:49.590 540 561 W PackageManager: Skipping preparing app data for com.android.uwb
04-15 17:05:49.590 540 561 W PackageManager: Skipping preparing app data for com.android.tethering
04-15 17:05:49.590 540 561 W PackageManager: Skipping preparing app data for com.android.btservices
04-15 17:05:49.590 540 561 W PackageManager: Skipping preparing app data for com.android.media.swcodec
04-15 17:05:49.591 540 561 W PackageManager: Skipping preparing app data for com.android.conscrypt
04-15 17:05:49.591 540 561 W PackageManager: Skipping preparing app data for com.android.adbd
04-15 17:05:49.591 540 561 W PackageManager: Skipping preparing app data for com.android.i18n
04-15 17:05:49.591 540 561 W PackageManager: Skipping preparing app data for com.android.rkpd
04-15 17:05:49.592 540 561 W PackageManager: Skipping preparing app data for com.android.virt
04-15 17:05:49.596 540 561 W PackageManager: Skipping preparing app data for com.android.wifi
04-15 17:05:49.596 540 561 W PackageManager: Skipping preparing app data for com.android.runtime
04-15 17:05:49.596 540 561 W PackageManager: Skipping preparing app data for com.android.devicelock
04-15 17:05:49.597 540 561 W PackageManager: Skipping preparing app data for com.android.apex.cts.shim
04-15 17:05:49.597 540 561 W PackageManager: Skipping preparing app data for com.android.neuralnetworks
04-15 17:05:49.597 540 561 W PackageManager: Skipping preparing app data for com.android.healthfitness
04-15 17:05:49.600 540 561 W PackageManager: Skipping preparing app data for com.android.resolv
04-15 17:05:49.600 540 561 W PackageManager: Skipping preparing app data for com.android.sdkext
04-15 17:05:49.600 540 561 W PackageManager: Skipping preparing app data for com.android.tzdata
04-15 17:05:49.601 540 561 W PackageManager: Skipping preparing app data for com.android.vndk.v34
04-15 17:05:49.601 540 561 W PackageManager: Skipping preparing app data for com.android.os.statsd
04-15 17:05:49.601 540 561 W PackageManager: Skipping preparing app data for com.android.extservices
04-15 17:05:49.601 540 561 W PackageManager: Skipping preparing app data for com.android.cellbroadcast
04-15 17:05:49.601 540 561 W PackageManager: Skipping preparing app data for com.android.ipsec
04-15 17:05:49.602 540 561 W PackageManager: Skipping preparing app data for com.android.media
04-15 17:05:49.602 540 561 W PackageManager: Skipping preparing app data for com.android.sdksandbox
04-15 17:05:49.602 540 561 W PackageManager: Skipping preparing app data for com.android.mediaprovider
04-15 17:05:49.603 540 561 W PackageManager: Skipping preparing app data for com.android.ondevicepersonalization
04-15 17:05:49.616 540 628 D CompatibilityChangeReporter: Compat change id reported: 265195908; UID 10121; state: ENABLED
04-15 17:05:49.619 540 540 W Looper : Slow dispatch took 817ms main h=com.android.server.notification.NotificationManagerService$WorkerHandler c=com.android.server.notification.NotificationManagerService$11$1@814babe m=0
04-15 17:05:49.650 540 969 I ActivityManager: Flag disabled. Ignoring finishAttachApplication from uid: 10121. pid: 1289
04-15 17:05:49.684 1134 1134 D TelephonyProvider: dbh.onCreate: Apply apns from xml.
04-15 17:05:49.706 1134 1134 D TelephonyProvider: Load APNs from /system/etc/apns-conf.xml instead of /oem/telephony/apns-conf.xml
04-15 17:05:49.706 1134 1134 D TelephonyProvider: Load APNs from /product/etc/apns-conf.xml instead of /system/etc/apns-conf.xml
04-15 17:05:49.706 1134 1134 D TelephonyProvider: Load APNs from /data/misc/apns/apns-conf.xml instead of /product/etc/apns-conf.xml
04-15 17:05:49.707 1134 1134 D TelephonyProvider: confFile = /data/misc/apns/apns-conf.xml
04-15 17:05:49.716 540 813 D UntrustedWifiNetworkFactory: got request NetworkRequest [ REQUEST id=1, [ Capabilities: INTERNET&NOT_RESTRICTED&TRUSTED&NOT_VPN&NOT_VCN_MANAGED RequestorUid: 1000 RequestorPkg: android UnderlyingNetworks: Null] ]
04-15 17:05:49.738 540 572 W system_server: Long monitor contention with owner binder:540_8 (951) at void com.android.server.am.ActivityManagerService.finishAttachApplicationInner(long, int, int)(ActivityManagerService.java:4940) waiters=0 in boolean com.android.server.am.BroadcastQueueModernImpl.lambda$new$0(android.os.Message) for 805ms
04-15 17:05:49.758 1271 1271 D CompatibilityChangeReporter: Compat change id reported: 171979766; UID 10108; state: DISABLED
04-15 17:05:49.758 1271 1271 D CompatibilityChangeReporter: Compat change id reported: 242716250; UID 10108; state: DISABLED
04-15 17:05:49.809 540 813 D UntrustedWifiNetworkFactory: got request NetworkRequest [ REQUEST id=22, [ Capabilities: INTERNET&NOT_RESTRICTED&TRUSTED&NOT_VCN_MANAGED Uid: 10117 RequestorUid: 10117 RequestorPkg: com.android.systemui UnderlyingNetworks: Null] ]
04-15 17:05:49.809 540 813 D UntrustedWifiNetworkFactory: got request NetworkRequest [ REQUEST id=24, [ Capabilities: INTERNET&NOT_RESTRICTED&TRUSTED&NOT_VCN_MANAGED Uid: 10117 RequestorUid: 10117 RequestorPkg: com.android.systemui UnderlyingNetworks: Null] ]
04-15 17:05:49.811 540 540 W Looper : Slow dispatch took 150ms main h=android.os.Handler c=android.database.ContentObserver$$ExternalSyntheticLambda0@a9e863b m=0
04-15 17:05:49.833 540 813 D UntrustedWifiNetworkFactory: got request NetworkRequest [ REQUEST id=7, [ Capabilities: INTERNET&NOT_RESTRICTED&TRUSTED&NOT_VCN_MANAGED Uid: 1000 RequestorUid: 1000 RequestorPkg: android UnderlyingNetworks: Null] ]
04-15 17:05:49.833 540 813 D OemPaidWifiNetworkFactory: got request NetworkRequest [ REQUEST id=17, [ Capabilities: INTERNET&NOT_RESTRICTED&TRUSTED&NOT_VCN_MANAGED Uid: 1073 RequestorUid: 1073 RequestorPkg: com.android.networkstack UnderlyingNetworks: Null] ]
04-15 17:05:49.834 540 813 D OemPaidWifiNetworkFactory: got request NetworkRequest [ REQUEST id=15, [ Capabilities: INTERNET&NOT_RESTRICTED&TRUSTED&NOT_VCN_MANAGED Uid: 1000 RequestorUid: 1000 RequestorPkg: android UnderlyingNetworks: Null] ]
04-15 17:05:49.834 540 813 D OemPaidWifiNetworkFactory: got request NetworkRequest [ REQUEST id=1, [ Capabilities: INTERNET&NOT_RESTRICTED&TRUSTED&NOT_VPN&NOT_VCN_MANAGED RequestorUid: 1000 RequestorPkg: android UnderlyingNetworks: Null] ]
04-15 17:05:49.840 540 813 D OemPaidWifiNetworkFactory: got request NetworkRequest [ REQUEST id=22, [ Capabilities: INTERNET&NOT_RESTRICTED&TRUSTED&NOT_VCN_MANAGED Uid: 10117 RequestorUid: 10117 RequestorPkg: com.android.systemui UnderlyingNetworks: Null] ]
04-15 17:05:49.840 540 813 D OemPaidWifiNetworkFactory: got request NetworkRequest [ REQUEST id=24, [ Capabilities: INTERNET&NOT_RESTRICTED&TRUSTED&NOT_VCN_MANAGED Uid: 10117 RequestorUid: 10117 RequestorPkg: com.android.systemui UnderlyingNetworks: Null] ]
04-15 17:05:49.841 540 813 D OemPaidWifiNetworkFactory: got request NetworkRequest [ REQUEST id=7, [ Capabilities: INTERNET&NOT_RESTRICTED&TRUSTED&NOT_VCN_MANAGED Uid: 1000 RequestorUid: 1000 RequestorPkg: android UnderlyingNetworks: Null] ]
04-15 17:05:49.870 540 813 D MultiInternetWifiNetworkFactory: got request NetworkRequest [ REQUEST id=17, [ Capabilities: INTERNET&NOT_RESTRICTED&TRUSTED&NOT_VCN_MANAGED Uid: 1073 RequestorUid: 1073 RequestorPkg: com.android.networkstack UnderlyingNetworks: Null] ]
04-15 17:05:49.871 540 876 W Looper : Slow dispatch took 202ms android.perm h=android.os.Handler c=com.android.internal.infra.ServiceConnector$Impl$$ExternalSyntheticLambda1@f075158 m=0
04-15 17:05:49.874 540 614 D CompatibilityChangeReporter: Compat change id reported: 170503758; UID 10108; state: DISABLED
04-15 17:05:49.878 1271 1271 D CompatibilityChangeReporter: Compat change id reported: 3400644; UID 10108; state: DISABLED
04-15 17:05:49.945 540 813 D MultiInternetWifiNetworkFactory: got request NetworkRequest [ REQUEST id=15, [ Capabilities: INTERNET&NOT_RESTRICTED&TRUSTED&NOT_VCN_MANAGED Uid: 1000 RequestorUid: 1000 RequestorPkg: android UnderlyingNetworks: Null] ]
04-15 17:05:49.959 0 0 I init : Command 'mkdir /sys/kernel/tracing/instances/wifi 711' action=sys.boot_completed=1 && sys.wifitracing.started=0 (/system/etc/init/wifi.rc:36) took 889ms and succeeded
04-15 17:05:49.959 0 0 I init : Service 'exec 21 (/system/bin/bootstat --record_boot_complete --record_boot_reason --record_time_since_factory_reset -l)' (pid 1309) exited with status 0 oneshot service took 1.992000 seconds in background
04-15 17:05:49.960 0 0 I init : Sending signal 9 to service 'exec 21 (/system/bin/bootstat --record_boot_complete --record_boot_reason --record_time_since_factory_reset -l)' (pid 1309) process group...
04-15 17:05:49.960 0 0 I libprocessgroup: Successfully killed process cgroup uid 1000 pid 1309 in 0ms
04-15 17:05:49.984 540 813 D MultiInternetWifiNetworkFactory: got request NetworkRequest [ REQUEST id=1, [ Capabilities: INTERNET&NOT_RESTRICTED&TRUSTED&NOT_VPN&NOT_VCN_MANAGED RequestorUid: 1000 RequestorPkg: android UnderlyingNetworks: Null] ]
04-15 17:05:49.985 540 813 D MultiInternetWifiNetworkFactory: got request NetworkRequest [ REQUEST id=22, [ Capabilities: INTERNET&NOT_RESTRICTED&TRUSTED&NOT_VCN_MANAGED Uid: 10117 RequestorUid: 10117 RequestorPkg: com.android.systemui UnderlyingNetworks: Null] ]
04-15 17:05:49.985 540 813 D MultiInternetWifiNetworkFactory: got request NetworkRequest [ REQUEST id=24, [ Capabilities: INTERNET&NOT_RESTRICTED&TRUSTED&NOT_VCN_MANAGED Uid: 10117 RequestorUid: 10117 RequestorPkg: com.android.systemui UnderlyingNetworks: Null] ]
04-15 17:05:49.985 540 813 D MultiInternetWifiNetworkFactory: got request NetworkRequest [ REQUEST id=7, [ Capabilities: INTERNET&NOT_RESTRICTED&TRUSTED&NOT_VCN_MANAGED Uid: 1000 RequestorUid: 1000 RequestorPkg: android UnderlyingNetworks: Null] ]
04-15 17:05:50.019 1271 1271 D nativeloader: InitLlndkLibrariesProduct: libEGL.so:libGLESv1_CM.so:libGLESv2.so:libGLESv3.so:libRS.so:libandroid_net.so:libbinder_ndk.so:libc.so:libcgrouprc.so:libclang_rt.asan-x86_64-android.so:libcom.android.tethering.connectivity_native.so:libdl.so:libft2.so:liblog.so:libm.so:libmediandk.so:libnativewindow.so:libneuralnetworks.so:libselinux.so:libsync.so:libvndksupport.so:libvulkan.so
04-15 17:05:50.041 1271 1271 D nativeloader: Configuring product-clns-6 for unbundled product apk /product/app/LatinIME/LatinIME.apk. target_sdk_version=30, uses_libraries=, library_path=/product/app/LatinIME/lib/x86_64:/product/app/LatinIME/LatinIME.apk!/lib/x86_64:/product/lib64:/system/product/lib64, permitted_path=/data:/mnt/expand:/data/user_de/0/com.android.inputmethod.latin:/product/lib64:/system/product/lib64
04-15 17:05:50.047 1271 1271 D nativeloader: InitVndkspLibrariesProduct: android.hardware.common-V2-ndk.so:android.hardware.common.fmq-V1-ndk.so:android.hardware.graphics.allocator-V2-ndk.so:android.hardware.graphics.common-V4-ndk.so:android.hardware.graphics.common@1.0.so:android.hardware.graphics.common@1.1.so:android.hardware.graphics.common@1.2.so:android.hardware.graphics.composer3-V1-ndk.so:android.hardware.graphics.mapper@2.0.so:android.hardware.graphics.mapper@2.1.so:android.hardware.graphics.mapper@3.0.so:android.hardware.graphics.mapper@4.0.so:android.hardware.renderscript@1.0.so:android.hidl.memory.token@1.0.so:android.hidl.memory@1.0-impl.so:android.hidl.memory@1.0.so:android.hidl.safe_union@1.0.so:libRSCpuRef.so:libRSDriver.so:libRS_internal.so:libbase.so:libbcinfo.so:libblas.so:libc++.so:libcompiler_rt.so:libcutils.so:libdmabufheap.so:libgralloctypes.so:libhardware.so:libhidlbase.so:libhidlmemory.so:libion.so:libjsoncpp.so:liblzma.so:libprocessgroup.so:libunwindstack.so:libutils.so:libutilscallstack.so:libz.so
04-15 17:05:50.085 0 0 I init : Command 'write /sys/kernel/tracing/instances/wifi/events/cfg80211/rdev_add_key/enable 1' action=sys.boot_completed=1 && sys.wifitracing.started=0 (/system/etc/init/wifi.rc:56) took 63ms and succeeded
04-15 17:05:50.213 1271 1271 V GraphicsEnvironment: Currently set values for:
04-15 17:05:50.213 1271 1271 V GraphicsEnvironment: angle_gl_driver_selection_pkgs=[]
04-15 17:05:50.213 1271 1271 V GraphicsEnvironment: angle_gl_driver_selection_values=[]
04-15 17:05:50.214 1271 1271 V GraphicsEnvironment: ANGLE GameManagerService for com.android.inputmethod.latin: false
04-15 17:05:50.216 1271 1271 V GraphicsEnvironment: com.android.inputmethod.latin is not listed in per-application setting
04-15 17:05:50.217 1271 1271 V GraphicsEnvironment: Neither updatable production driver nor prerelease driver is supported.
04-15 17:05:50.296 0 0 I init : processing action (dev.bootcomplete=1 && vendor.qemu.dev.bootcomplete=0) from (/vendor/etc/init/hw/init.ranchu.rc:107)
04-15 17:05:50.305 0 0 I init : starting service 'qemu-props-bootcomplete'...
04-15 17:05:50.356 0 0 I init : ... started service 'qemu-props-bootcomplete' has pid 1328
04-15 17:05:50.356 0 0 I init : Command 'start qemu-props-bootcomplete' action=dev.bootcomplete=1 && vendor.qemu.dev.bootcomplete=0 (/vendor/etc/init/hw/init.ranchu.rc:109) took 51ms and succeeded
04-15 17:05:50.369 0 0 I init : starting service 'ranchu-setup'...
04-15 17:05:50.371 1137 1137 D CompatibilityChangeReporter: Compat change id reported: 171228096; UID 1000; state: ENABLED
04-15 17:05:50.450 0 0 I init : ... started service 'ranchu-setup' has pid 1329
04-15 17:05:50.450 0 0 I init : Command 'start ranchu-setup' action=dev.bootcomplete=1 && vendor.qemu.dev.bootcomplete=0 (/vendor/etc/init/hw/init.ranchu.rc:110) took 94ms and succeeded
04-15 17:05:50.451 0 0 I init : processing action (persist.sys.zram_enabled=1 && sys-boot-completed-set) from (/vendor/etc/init/hw/init.ranchu.rc:198)
04-15 17:05:50.494 0 0 I zram0 : detected capacity change from 0 to 3032288
04-15 17:05:50.538 540 555 I ActivityManager: Flag disabled. Ignoring finishAttachApplication from uid: 10108. pid: 1271
04-15 17:05:50.635 895 1017 D WallpaperService: Wallpaper has updated the surface:null
04-15 17:05:50.825 1271 1271 I LatinIME: Hardware accelerated drawing: true
04-15 17:05:50.963 0 0 I apexd : Deleting unused dm device com.android.apex.cts.shim
04-15 17:05:50.969 0 0 E apexd : Didn't generate uevent for [com.android.apex.cts.shim] removal
04-15 17:05:50.969 0 0 W apexd : Failed to delete dm-device com.android.apex.cts.shim
04-15 17:05:50.969 0 0 I apexd : Deleting unused dm device com.android.btservices
04-15 17:05:50.972 0 0 E apexd : Didn't generate uevent for [com.android.btservices] removal
04-15 17:05:50.972 0 0 W apexd : Failed to delete dm-device com.android.btservices
04-15 17:05:50.972 0 0 I apexd : Deleting unused dm device com.android.devicelock
04-15 17:05:50.973 0 0 E apexd : Didn't generate uevent for [com.android.devicelock] removal
04-15 17:05:50.973 0 0 W apexd : Failed to delete dm-device com.android.devicelock
04-15 17:05:50.973 0 0 I apexd : Deleting unused dm device com.android.healthfitness
04-15 17:05:50.973 0 0 E apexd : Didn't generate uevent for [com.android.healthfitness] removal
04-15 17:05:50.973 0 0 W apexd : Failed to delete dm-device com.android.healthfitness
04-15 17:05:50.973 0 0 I apexd : Deleting unused dm device com.android.i18n
04-15 17:05:50.975 0 0 E apexd : Didn't generate uevent for [com.android.i18n] removal
04-15 17:05:50.975 0 0 W apexd : Failed to delete dm-device com.android.i18n
04-15 17:05:50.976 0 0 I apexd : Deleting unused dm device com.android.os.statsd
04-15 17:05:50.976 0 0 E apexd : Didn't generate uevent for [com.android.os.statsd] removal
04-15 17:05:50.976 0 0 W apexd : Failed to delete dm-device com.android.os.statsd
04-15 17:05:50.976 0 0 I apexd : Deleting unused dm device com.android.rkpd
04-15 17:05:50.977 0 0 E apexd : Didn't generate uevent for [com.android.rkpd] removal
04-15 17:05:50.977 0 0 W apexd : Failed to delete dm-device com.android.rkpd
04-15 17:05:50.977 0 0 I apexd : Deleting unused dm device com.android.runtime
04-15 17:05:50.983 0 0 E apexd : Didn't generate uevent for [com.android.runtime] removal
04-15 17:05:50.983 0 0 W apexd : Failed to delete dm-device com.android.runtime
04-15 17:05:50.983 0 0 I apexd : Deleting unused dm device com.android.sdkext
04-15 17:05:50.983 0 0 E apexd : Didn't generate uevent for [com.android.sdkext] removal
04-15 17:05:50.983 0 0 W apexd : Failed to delete dm-device com.android.sdkext
04-15 17:05:50.984 0 0 I apexd : Deleting unused dm device com.android.tzdata
04-15 17:05:50.987 0 0 E apexd : Didn't generate uevent for [com.android.tzdata] removal
04-15 17:05:50.987 0 0 W apexd : Failed to delete dm-device com.android.tzdata
04-15 17:05:50.988 0 0 I apexd : Deleting unused dm device com.android.virt
04-15 17:05:50.988 0 0 E apexd : Didn't generate uevent for [com.android.virt] removal
04-15 17:05:50.988 0 0 W apexd : Failed to delete dm-device com.android.virt
04-15 17:05:50.988 0 0 I apexd : Deleting unused dm device com.android.vndk.v34
04-15 17:05:50.988 0 0 E apexd : Didn't generate uevent for [com.android.vndk.v34] removal
04-15 17:05:50.989 0 0 W apexd : Failed to delete dm-device com.android.vndk.v34
04-15 17:05:51.125 1271 1271 D WindowTokenClient: Only apply configuration update to Resources because shouldReportConfigChange is false.
04-15 17:05:51.125 1271 1271 D WindowTokenClient: android.window.WindowTokenClient.attachToDisplayArea:119 android.window.WindowContextController.attachToDisplayArea:107 android.window.WindowProviderService.attachBaseContext:208 android.app.Service.attach:982 android.app.ActivityThread.handleCreateService:4642
04-15 17:05:51.353 379 379 W AudioFlinger: createTrack_l(): mismatch between requested flags (00000004) and output flags (00000002)
04-15 17:05:51.414 0 0 I mkswap : Swapspace size: 1516140k, UUID=73723661-0073-4064-b75a-3fd619596bdc
04-15 17:05:51.453 0 0 I : Adding 1516140k swap on /dev/block/zram0. Priority:-2 extents:1 across:1516140k SS
04-15 17:05:51.460 0 0 I init : Command 'swapon_all /vendor/etc/fstab.${ro.hardware}' action=persist.sys.zram_enabled=1 && sys-boot-completed-set (/vendor/etc/init/hw/init.ranchu.rc:199) took 1007ms and succeeded
04-15 17:05:51.460 0 0 I init : Service 'qemu-props-bootcomplete' (pid 1328) exited with status 0 oneshot service took 1.146000 seconds in background
04-15 17:05:51.460 0 0 I init : Sending signal 9 to service 'qemu-props-bootcomplete' (pid 1328) process group...
04-15 17:05:51.461 0 0 I libprocessgroup: Successfully killed process cgroup uid 0 pid 1328 in 0ms
04-15 17:05:51.469 0 0 I init : processing action (bootreceiver.enable=1 && dmesgd.start=1 && ro.product.cpu.abilist64=*) from (/system/etc/init/dmesgd.rc:12)
04-15 17:05:51.479 0 0 I init : starting service 'dmesgd'...
04-15 17:05:51.476 379 379 D AF::TrackHandle: OpPlayAudio: track:55 usage:13 not muted
04-15 17:05:51.694 0 0 I init : ... started service 'dmesgd' has pid 1338
04-15 17:05:51.694 0 0 I init : Command 'start dmesgd' action=bootreceiver.enable=1 && dmesgd.start=1 && ro.product.cpu.abilist64=* (/system/etc/init/dmesgd.rc:13) took 224ms and succeeded
04-15 17:05:51.707 0 0 I init : processing action (sys.user.0.ce_available=true) from (/system/etc/init/wifi.rc:21)
04-15 17:05:51.751 0 0 I init : processing action (sys.boot_completed=1 && sys.wifitracing.started=1 && wifi.interface=*) from (/system/etc/init/wifi.rc:98)
04-15 17:05:51.900 0 0 I init : Command 'write /sys/kernel/tracing/instances/wifi/events/net/filter name==${wifi.interface}' action=sys.boot_completed=1 && sys.wifitracing.started=1 && wifi.interface=* (/system/etc/init/wifi.rc:101) took 148ms and succeeded
04-15 17:05:51.901 0 0 I init : Service 'ranchu-setup' (pid 1329) exited with status 0 oneshot service took 1.516000 seconds in background
04-15 17:05:51.901 0 0 I init : Sending signal 9 to service 'ranchu-setup' (pid 1329) process group...
04-15 17:05:51.902 0 0 I libprocessgroup: Successfully killed process cgroup uid 0 pid 1329 in 0ms
04-15 17:05:52.123 1338 1338 E dmesgd : /data/misc/dmesgd/sent_reports.txt is empty: No such file or directory
04-15 17:05:52.330 1134 1134 D TelephonyProvider: Checksum for /data/misc/apns/apns-conf.xml is 2001431324
04-15 17:05:52.372 1134 1134 D TelephonyProvider: Checksum after adding resource is 61296002
04-15 17:05:52.374 1134 1134 D TelephonyProvider: dbh.onCreate:- db=SQLiteDatabase: /data/user_de/0/com.android.providers.telephony/databases/telephony.db
04-15 17:05:52.424 156 1043 I keystore2: system/security/keystore2/src/watchdog.rs:319 - Watchdog thread idle -> terminating. Have a great day.
04-15 17:05:52.507 1134 1134 D TelephonyProvider: dbh.onOpen: ok, queried table=siminfo
04-15 17:05:52.561 1134 1134 D TelephonyProvider: dbh.onOpen: ok, queried table=carriers
04-15 17:05:52.583 379 379 D audioserver: FGS Logger Transaction failed
04-15 17:05:52.584 379 379 D audioserver: -129
04-15 17:05:53.213 1271 1271 W InputAttributes: No editor info for this field. Bug?
04-15 17:05:53.370 1134 1134 D TelephonyProvider: Load APNs from /system/etc/apns-conf.xml instead of /oem/telephony/apns-conf.xml
04-15 17:05:53.372 1134 1134 D TelephonyProvider: Load APNs from /product/etc/apns-conf.xml instead of /system/etc/apns-conf.xml
04-15 17:05:53.374 1134 1134 D TelephonyProvider: Load APNs from /data/misc/apns/apns-conf.xml instead of /product/etc/apns-conf.xml
04-15 17:05:53.375 1134 1134 D TelephonyProvider: confFile = /data/misc/apns/apns-conf.xml
04-15 17:05:53.523 379 501 D audioserver: FGS Logger Transaction failed
04-15 17:05:53.524 379 501 D audioserver: -129
04-15 17:05:53.570 0 0 I init : Service 'dmesgd' (pid 1338) exited with status 0 oneshot service took 2.061000 seconds in background
04-15 17:05:53.571 0 0 I init : Sending signal 9 to service 'dmesgd' (pid 1338) process group...
04-15 17:05:53.572 0 0 I libprocessgroup: Successfully killed process cgroup uid 1086 pid 1338 in 0ms
04-15 17:05:53.736 540 951 D WifiNl80211Manager: Scan result ready event
04-15 17:05:53.833 540 951 D WifiNative: Scan result ready event
04-15 17:05:53.873 540 615 D CompatibilityChangeReporter: Compat change id reported: 161145287; UID 10121; state: ENABLED
04-15 17:05:53.894 540 660 D CompatibilityChangeReporter: Compat change id reported: 161145287; UID 10108; state: DISABLED
04-15 17:05:53.933 1271 1351 I LatinIME:LogUtils: Dictionary info: dictionary = UserHistoryDictionary.en_US ; version = 1776272753 ; date = ?
04-15 17:05:53.938 1271 1351 I LatinIME:LogUtils: Dictionary info: dictionary = userunigram.en_US ; version = 1776272753 ; date = ?
04-15 17:05:53.971 1271 1351 W ActivityThread: Failed to find provider info for user_dictionary (user not unlocked)
04-15 17:05:54.421 540 540 D BluetoothHeadset: Binding service...
04-15 17:05:54.421 540 540 D BluetoothManagerService: Trying to bind to profile: 1, while Bluetooth was disabled
04-15 17:05:54.422 540 540 D BluetoothHearingAid: Binding service...
04-15 17:05:54.423 540 540 D BluetoothManagerService: Trying to bind to profile: 21, while Bluetooth was disabled
04-15 17:05:54.423 540 540 D BluetoothLeAudio: Binding service...
04-15 17:05:54.426 540 540 D BluetoothManagerService: Trying to bind to profile: 22, while Bluetooth was disabled
04-15 17:05:54.453 540 540 I Telecom : SystemStateHelper: Registering broadcast receiver: android.content.IntentFilter@a4aecf0: TS.init@AAA❗
04-15 17:05:54.454 540 540 I Telecom : SystemStateHelper: Registering broadcast receiver: android.content.IntentFilter@7b83269: TS.init@AAA❗
04-15 17:05:54.467 540 1354 I Telecom : BluetoothRouteManager: getBluetoothAudioConnectedDevice: no service available.❗
04-15 17:05:54.470 1271 1351 I BinaryDictionaryFileDumper: reinitializeClientRecordInDictionaryContentProvider() : MetadataFileUri =
04-15 17:05:54.839 540 561 V PackageManager: reconcileAppsData finished 203 packages
04-15 17:05:54.839 540 561 V SystemServerTiming: reconcileAppsData-0 took to complete: 5624ms
04-15 17:05:55.285 1271 1351 I LatinIME:LogUtils: Dictionary info: dictionary = main:de ; version = 54 ; date = 1414726263
04-15 17:05:55.316 540 561 V SystemServerTiming: UM.onBeforeUnlockUser-0 took to complete: 7117ms
04-15 17:05:55.327 1271 1351 I LatinIME:LogUtils: Dictionary info: dictionary = main:en ; version = 54 ; date = 1414726273
04-15 17:05:55.328 540 561 I ActivityManager: User 0 state changed from RUNNING_LOCKED to RUNNING_UNLOCKING
04-15 17:05:55.405 1271 1351 I LatinIME:LogUtils: Dictionary info: dictionary = main:es ; version = 54 ; date = 1414726268
04-15 17:05:55.441 540 561 D ActivityManager: Unlocking user 0 progress 20
04-15 17:05:55.444 540 572 D SystemServerTimingAsync: ssm.UnlockingUser-0
04-15 17:05:55.454 540 572 I SystemServiceManager: Calling onUnlockingUser 0
04-15 17:05:55.460 540 572 D SystemServerTimingAsync: ssm.onUnlockingUser-0_com.android.server.security.FileIntegrityService
04-15 17:05:55.461 540 572 V SystemServerTimingAsync: ssm.onUnlockingUser-0_com.android.server.security.FileIntegrityService took to complete: 0ms
04-15 17:05:55.462 540 572 D SystemServerTimingAsync: ssm.onUnlockingUser-0_com.android.server.pm.Installer
04-15 17:05:55.462 540 572 V SystemServerTimingAsync: ssm.onUnlockingUser-0_com.android.server.pm.Installer took to complete: 0ms
04-15 17:05:55.463 540 572 D SystemServerTimingAsync: ssm.onUnlockingUser-0_com.android.server.os.DeviceIdentifiersPolicyService
04-15 17:05:55.463 540 572 V SystemServerTimingAsync: ssm.onUnlockingUser-0_com.android.server.os.DeviceIdentifiersPolicyService took to complete: 0ms
04-15 17:05:55.463 540 572 D SystemServerTimingAsync: ssm.onUnlockingUser-0_com.android.server.uri.UriGrantsManagerService$Lifecycle
04-15 17:05:55.469 540 572 V SystemServerTimingAsync: ssm.onUnlockingUser-0_com.android.server.uri.UriGrantsManagerService$Lifecycle took to complete: 0ms
04-15 17:05:55.469 540 572 D SystemServerTimingAsync: ssm.onUnlockingUser-0_com.android.server.powerstats.PowerStatsService
04-15 17:05:55.470 540 572 V SystemServerTimingAsync: ssm.onUnlockingUser-0_com.android.server.powerstats.PowerStatsService took to complete: 0ms
04-15 17:05:55.470 540 572 D SystemServerTimingAsync: ssm.onUnlockingUser-0_com.android.server.permission.access.AccessCheckingService
04-15 17:05:55.470 540 572 V SystemServerTimingAsync: ssm.onUnlockingUser-0_com.android.server.permission.access.AccessCheckingService took to complete: 0ms
04-15 17:05:55.481 540 572 D SystemServerTimingAsync: ssm.onUnlockingUser-0_com.android.server.wm.ActivityTaskManagerService$Lifecycle
04-15 17:05:55.481 540 572 V SystemServerTimingAsync: ssm.onUnlockingUser-0_com.android.server.wm.ActivityTaskManagerService$Lifecycle took to complete: 0ms
04-15 17:05:55.482 540 572 D SystemServerTimingAsync: ssm.onUnlockingUser-0_com.android.server.am.ActivityManagerService$Lifecycle
04-15 17:05:55.483 540 572 V SystemServerTimingAsync: ssm.onUnlockingUser-0_com.android.server.am.ActivityManagerService$Lifecycle took to complete: 0ms
04-15 17:05:55.488 540 572 D SystemServerTimingAsync: ssm.onUnlockingUser-0_com.android.server.pm.DataLoaderManagerService
04-15 17:05:55.488 540 572 V SystemServerTimingAsync: ssm.onUnlockingUser-0_com.android.server.pm.DataLoaderManagerService took to complete: 0ms
04-15 17:05:55.488 540 572 D SystemServerTimingAsync: ssm.onUnlockingUser-0_com.android.server.power.PowerManagerService
04-15 17:05:55.489 540 572 V SystemServerTimingAsync: ssm.onUnlockingUser-0_com.android.server.power.PowerManagerService took to complete: 0ms
04-15 17:05:55.489 540 572 D SystemServerTimingAsync: ssm.onUnlockingUser-0_com.android.server.power.ThermalManagerService
04-15 17:05:55.489 540 572 V SystemServerTimingAsync: ssm.onUnlockingUser-0_com.android.server.power.ThermalManagerService took to complete: 0ms
04-15 17:05:55.490 540 572 D SystemServerTimingAsync: ssm.onUnlockingUser-0_com.android.server.power.hint.HintManagerService
04-15 17:05:55.490 540 572 V SystemServerTimingAsync: ssm.onUnlockingUser-0_com.android.server.power.hint.HintManagerService took to complete: 0ms
04-15 17:05:55.490 540 572 D SystemServerTimingAsync: ssm.onUnlockingUser-0_com.android.server.recoverysystem.RecoverySystemService$Lifecycle
04-15 17:05:55.490 540 572 V SystemServerTimingAsync: ssm.onUnlockingUser-0_com.android.server.recoverysystem.RecoverySystemService$Lifecycle took to complete: 0ms
04-15 17:05:55.491 540 572 D SystemServerTimingAsync: ssm.onUnlockingUser-0_com.android.server.lights.LightsService
04-15 17:05:55.491 540 572 V SystemServerTimingAsync: ssm.onUnlockingUser-0_com.android.server.lights.LightsService took to complete: 0ms
04-15 17:05:55.504 540 572 D SystemServerTimingAsync: ssm.onUnlockingUser-0_com.android.server.display.DisplayManagerService
04-15 17:05:55.504 540 572 V SystemServerTimingAsync: ssm.onUnlockingUser-0_com.android.server.display.DisplayManagerService took to complete: 0ms
04-15 17:05:55.504 540 572 D SystemServerTimingAsync: ssm.onUnlockingUser-0_com.android.server.pm.verify.domain.DomainVerificationService
04-15 17:05:55.505 540 572 V SystemServerTimingAsync: ssm.onUnlockingUser-0_com.android.server.pm.verify.domain.DomainVerificationService took to complete: 0ms
04-15 17:05:55.508 540 572 D SystemServerTimingAsync: ssm.onUnlockingUser-0_com.android.server.pm.PackageInstallerService$Lifecycle
04-15 17:05:55.509 540 572 V SystemServerTimingAsync: ssm.onUnlockingUser-0_com.android.server.pm.PackageInstallerService$Lifecycle took to complete: 0ms
04-15 17:05:55.520 540 572 D SystemServerTimingAsync: ssm.onUnlockingUser-0_com.android.server.pm.UserManagerService$LifeCycle
04-15 17:05:55.522 540 572 V SystemServerTimingAsync: ssm.onUnlockingUser-0_com.android.server.pm.UserManagerService$LifeCycle took to complete: 0ms
04-15 17:05:55.526 540 572 D SystemServerTimingAsync: ssm.onUnlockingUser-0_com.android.server.om.OverlayManagerService
04-15 17:05:55.527 540 572 V SystemServerTimingAsync: ssm.onUnlockingUser-0_com.android.server.om.OverlayManagerService took to complete: 0ms
04-15 17:05:55.527 540 572 D SystemServerTimingAsync: ssm.onUnlockingUser-0_com.android.server.resources.ResourcesManagerService
04-15 17:05:55.540 1271 1351 I LatinIME:LogUtils: Dictionary info: dictionary = main:fr ; version = 54 ; date = 1414726264
04-15 17:05:55.587 1271 1351 I LatinIME:LogUtils: Dictionary info: dictionary = main:it ; version = 54 ; date = 1414726258
04-15 17:05:55.528 540 572 V SystemServerTimingAsync: ssm.onUnlockingUser-0_com.android.server.resources.ResourcesManagerService took to complete: 0ms
04-15 17:05:55.717 1271 1351 I LatinIME:LogUtils: Dictionary info: dictionary = main:ru ; version = 54 ; date = 1414726277
04-15 17:05:55.721 540 561 W Looper : Slow dispatch took 7856ms android.fg h=android.os.Handler c=com.android.server.am.UserController$$ExternalSyntheticLambda2@48fe6b9 m=0
04-15 17:05:55.731 540 572 D SystemServerTimingAsync: ssm.onUnlockingUser-0_com.android.server.sensorprivacy.SensorPrivacyService
04-15 17:05:55.731 540 572 V SystemServerTimingAsync: ssm.onUnlockingUser-0_com.android.server.sensorprivacy.SensorPrivacyService took to complete: 0ms
04-15 17:05:55.737 540 572 D SystemServerTimingAsync: ssm.onUnlockingUser-0_com.android.server.sensors.SensorService
04-15 17:05:55.737 540 572 V SystemServerTimingAsync: ssm.onUnlockingUser-0_com.android.server.sensors.SensorService took to complete: 0ms
04-15 17:05:55.737 540 572 D SystemServerTimingAsync: ssm.onUnlockingUser-0_com.android.server.SystemConfigService
04-15 17:05:55.737 540 572 V SystemServerTimingAsync: ssm.onUnlockingUser-0_com.android.server.SystemConfigService took to complete: 0ms
04-15 17:05:55.737 540 572 D SystemServerTimingAsync: ssm.onUnlockingUser-0_com.android.server.BatteryService
04-15 17:05:55.737 540 572 V SystemServerTimingAsync: ssm.onUnlockingUser-0_com.android.server.BatteryService took to complete: 0ms
04-15 17:05:55.737 540 572 D SystemServerTimingAsync: ssm.onUnlockingUser-0_com.android.server.usage.UsageStatsService
04-15 17:05:55.737 540 572 V SystemServerTimingAsync: ssm.onUnlockingUser-0_com.android.server.usage.UsageStatsService took to complete: 0ms
04-15 17:05:55.737 540 572 D SystemServerTimingAsync: ssm.onUnlockingUser-0_com.android.server.webkit.WebViewUpdateService
04-15 17:05:55.738 540 572 V SystemServerTimingAsync: ssm.onUnlockingUser-0_com.android.server.webkit.WebViewUpdateService took to complete: 0ms
04-15 17:05:55.738 540 572 D SystemServerTimingAsync: ssm.onUnlockingUser-0_com.android.server.CachedDeviceStateService
04-15 17:05:55.738 540 572 V SystemServerTimingAsync: ssm.onUnlockingUser-0_com.android.server.CachedDeviceStateService took to complete: 0ms
04-15 17:05:55.738 540 572 D SystemServerTimingAsync: ssm.onUnlockingUser-0_com.android.server.BinderCallsStatsService$LifeCycle
04-15 17:05:55.738 540 572 V SystemServerTimingAsync: ssm.onUnlockingUser-0_com.android.server.BinderCallsStatsService$LifeCycle took to complete: 0ms
04-15 17:05:55.738 540 572 D SystemServerTimingAsync: ssm.onUnlockingUser-0_com.android.server.LooperStatsService$Lifecycle
04-15 17:05:55.738 540 572 V SystemServerTimingAsync: ssm.onUnlockingUser-0_com.android.server.LooperStatsService$Lifecycle took to complete: 0ms
04-15 17:05:55.738 540 572 D SystemServerTimingAsync: ssm.onUnlockingUser-0_com.android.server.rollback.RollbackManagerService
04-15 17:05:55.806 540 572 W SystemServiceManager: Service com.android.server.rollback.RollbackManagerService took 68 ms in onUnlockingUser-0
04-15 17:05:55.807 1271 1351 I BinaryDictionaryFileDumper: reinitializeClientRecordInDictionaryContentProvider() : Insert DictionaryInfo : Id = 'main:de' : Locale=de : Version=54
04-15 17:05:55.835 0 0 I apexd : destroyCeSnapshotsNotSpecified() received by ApexService user_id : 0 retain_rollback_ids : []
04-15 17:05:55.850 540 572 V SystemServerTimingAsync: ssm.onUnlockingUser-0_com.android.server.rollback.RollbackManagerService took to complete: 112ms
04-15 17:05:55.851 540 572 D SystemServerTimingAsync: ssm.onUnlockingUser-0_com.android.server.os.NativeTombstoneManagerService
04-15 17:05:55.860 540 572 V SystemServerTimingAsync: ssm.onUnlockingUser-0_com.android.server.os.NativeTombstoneManagerService took to complete: 0ms
04-15 17:05:55.861 540 572 D SystemServerTimingAsync: ssm.onUnlockingUser-0_com.android.server.os.BugreportManagerService
04-15 17:05:55.872 540 572 V SystemServerTimingAsync: ssm.onUnlockingUser-0_com.android.server.os.BugreportManagerService took to complete: 0ms
04-15 17:05:55.872 540 572 D SystemServerTimingAsync: ssm.onUnlockingUser-0_com.android.server.gpu.GpuService
04-15 17:05:55.872 540 572 V SystemServerTimingAsync: ssm.onUnlockingUser-0_com.android.server.gpu.GpuService took to complete: 0ms
04-15 17:05:55.873 540 572 D SystemServerTimingAsync: ssm.onUnlockingUser-0_com.android.server.security.rkp.RemoteProvisioningService
04-15 17:05:55.873 540 572 V SystemServerTimingAsync: ssm.onUnlockingUser-0_com.android.server.security.rkp.RemoteProvisioningService took to complete: 0ms
04-15 17:05:55.873 540 572 D SystemServerTimingAsync: ssm.onUnlockingUser-0_com.android.server.cpu.CpuMonitorService
04-15 17:05:55.873 540 572 V SystemServerTimingAsync: ssm.onUnlockingUser-0_com.android.server.cpu.CpuMonitorService took to complete: 0ms
04-15 17:05:55.873 540 572 D SystemServerTimingAsync: ssm.onUnlockingUser-0_com.android.server.security.KeyChainSystemService
04-15 17:05:55.873 540 572 V SystemServerTimingAsync: ssm.onUnlockingUser-0_com.android.server.security.KeyChainSystemService took to complete: 0ms
04-15 17:05:55.873 540 572 D SystemServerTimingAsync: ssm.onUnlockingUser-0_com.android.server.BinaryTransparencyService
04-15 17:05:55.873 540 572 V SystemServerTimingAsync: ssm.onUnlockingUser-0_com.android.server.BinaryTransparencyService took to complete: 0ms
04-15 17:05:55.873 540 572 D SystemServerTimingAsync: ssm.onUnlockingUser-0_com.android.server.telecom.TelecomLoaderService
04-15 17:05:55.873 540 572 V SystemServerTimingAsync: ssm.onUnlockingUser-0_com.android.server.telecom.TelecomLoaderService took to complete: 0ms
04-15 17:05:55.873 540 572 D SystemServerTimingAsync: ssm.onUnlockingUser-0_com.android.server.accounts.AccountManagerService$Lifecycle
04-15 17:05:55.874 540 572 V SystemServerTimingAsync: ssm.onUnlockingUser-0_com.android.server.accounts.AccountManagerService$Lifecycle took to complete: 0ms
04-15 17:05:55.874 540 572 D SystemServerTimingAsync: ssm.onUnlockingUser-0_com.android.server.content.ContentService$Lifecycle
04-15 17:05:55.874 540 572 V SystemServerTimingAsync: ssm.onUnlockingUser-0_com.android.server.content.ContentService$Lifecycle took to complete: 0ms
04-15 17:05:55.874 540 572 D SystemServerTimingAsync: ssm.onUnlockingUser-0_com.android.server.deviceconfig.DeviceConfigInit$Lifecycle
04-15 17:05:55.875 540 572 V SystemServerTimingAsync: ssm.onUnlockingUser-0_com.android.server.deviceconfig.DeviceConfigInit$Lifecycle took to complete: 0ms
04-15 17:05:55.875 540 572 D SystemServerTimingAsync: ssm.onUnlockingUser-0_com.android.server.DropBoxManagerService
04-15 17:05:55.875 540 572 V SystemServerTimingAsync: ssm.onUnlockingUser-0_com.android.server.DropBoxManagerService took to complete: 0ms
04-15 17:05:55.875 540 572 D SystemServerTimingAsync: ssm.onUnlockingUser-0_com.android.role.RoleService
04-15 17:05:55.875 540 572 V SystemServerTimingAsync: ssm.onUnlockingUser-0_com.android.role.RoleService took to complete: 0ms
04-15 17:05:55.875 540 572 D SystemServerTimingAsync: ssm.onUnlockingUser-0_com.android.server.vibrator.VibratorManagerService$Lifecycle
04-15 17:05:55.875 540 572 V SystemServerTimingAsync: ssm.onUnlockingUser-0_com.android.server.vibrator.VibratorManagerService$Lifecycle took to complete: 0ms
04-15 17:05:55.875 540 572 D SystemServerTimingAsync: ssm.onUnlockingUser-0_com.android.server.tare.InternalResourceService
04-15 17:05:55.875 540 572 V SystemServerTimingAsync: ssm.onUnlockingUser-0_com.android.server.tare.InternalResourceService took to complete: 0ms
04-15 17:05:55.875 540 572 D SystemServerTimingAsync: ssm.onUnlockingUser-0_com.android.server.alarm.AlarmManagerService
04-15 17:05:55.875 540 572 V SystemServerTimingAsync: ssm.onUnlockingUser-0_com.android.server.alarm.AlarmManagerService took to complete: 0ms
04-15 17:05:55.875 540 572 D SystemServerTimingAsync: ssm.onUnlockingUser-0_com.android.server.devicestate.DeviceStateManagerService
04-15 17:05:55.913 540 572 V SystemServerTimingAsync: ssm.onUnlockingUser-0_com.android.server.devicestate.DeviceStateManagerService took to complete: 0ms
04-15 17:05:55.914 540 572 D SystemServerTimingAsync: ssm.onUnlockingUser-0_com.android.server.camera.CameraServiceProxy
04-15 17:05:55.914 540 572 V SystemServerTimingAsync: ssm.onUnlockingUser-0_com.android.server.camera.CameraServiceProxy took to complete: 0ms
04-15 17:05:55.918 540 572 D SystemServerTimingAsync: ssm.onUnlockingUser-0_com.android.server.bluetooth.BluetoothService
04-15 17:05:55.919 540 572 D BluetoothManagerService: User UserHandle{0} unlocked
04-15 17:05:55.926 540 650 D BluetoothManagerService: MESSAGE_USER_UNLOCKED
04-15 17:05:55.927 540 650 D BluetoothManagerService: Enabled but not bound; retrying after unlock
04-15 17:05:55.928 540 650 D BluetoothManagerService: binding Bluetooth service
04-15 17:05:55.948 540 572 V SystemServerTimingAsync: ssm.onUnlockingUser-0_com.android.server.bluetooth.BluetoothService took to complete: 29ms
04-15 17:05:55.951 540 572 D SystemServerTimingAsync: ssm.onUnlockingUser-0_com.android.server.connectivity.IpConnectivityMetrics
04-15 17:05:55.957 540 572 V SystemServerTimingAsync: ssm.onUnlockingUser-0_com.android.server.connectivity.IpConnectivityMetrics took to complete: 0ms
04-15 17:05:55.957 540 572 D SystemServerTimingAsync: ssm.onUnlockingUser-0_com.android.server.net.watchlist.NetworkWatchlistService$Lifecycle
04-15 17:05:55.957 540 572 V SystemServerTimingAsync: ssm.onUnlockingUser-0_com.android.server.net.watchlist.NetworkWatchlistService$Lifecycle took to complete: 0ms
04-15 17:05:55.958 540 572 D SystemServerTimingAsync: ssm.onUnlockingUser-0_com.android.server.PinnerService
04-15 17:05:55.958 540 572 V SystemServerTimingAsync: ssm.onUnlockingUser-0_com.android.server.PinnerService took to complete: 0ms
04-15 17:05:55.959 540 572 D SystemServerTimingAsync: ssm.onUnlockingUser-0_com.android.server.integrity.AppIntegrityManagerService
04-15 17:05:55.959 540 572 V SystemServerTimingAsync: ssm.onUnlockingUser-0_com.android.server.integrity.AppIntegrityManagerService took to complete: 0ms
04-15 17:05:55.959 540 572 D SystemServerTimingAsync: ssm.onUnlockingUser-0_com.android.server.logcat.LogcatManagerService
04-15 17:05:55.959 540 572 V SystemServerTimingAsync: ssm.onUnlockingUser-0_com.android.server.logcat.LogcatManagerService took to complete: 0ms
04-15 17:05:55.963 540 561 W Looper : Slow dispatch took 191ms android.fg h=com.android.server.DropBoxManagerService$DropBoxManagerBroadcastHandler c=null m=2
04-15 17:05:55.966 540 614 D CompatibilityChangeReporter: Compat change id reported: 229362273; UID 10108; state: DISABLED
04-15 17:05:55.969 540 572 D SystemServerTimingAsync: ssm.onUnlockingUser-0_com.android.server.inputmethod.InputMethodManagerService$Lifecycle
04-15 17:05:55.984 540 572 V SystemServerTimingAsync: ssm.onUnlockingUser-0_com.android.server.inputmethod.InputMethodManagerService$Lifecycle took to complete: 14ms
04-15 17:05:55.986 540 572 D SystemServerTimingAsync: ssm.onUnlockingUser-0_com.android.server.accessibility.AccessibilityManagerService$Lifecycle
04-15 17:05:55.986 540 572 V SystemServerTimingAsync: ssm.onUnlockingUser-0_com.android.server.accessibility.AccessibilityManagerService$Lifecycle took to complete: 0ms
04-15 17:05:55.987 540 572 D SystemServerTimingAsync: ssm.onUnlockingUser-0_com.android.server.StorageManagerService$Lifecycle
04-15 17:05:55.992 540 572 D StorageManagerService: onUnlockUser 0
04-15 17:05:56.000 540 572 I StorageSessionController: On user unlock 0
04-15 17:05:56.010 1134 1134 D TelephonyProvider: Checksum for /data/misc/apns/apns-conf.xml is 2001431324
04-15 17:05:56.012 540 572 I StorageSessionController: Initialialising...
04-15 17:05:56.012 1134 1134 D TelephonyProvider: Checksum after adding resource is 61296002
04-15 17:05:56.044 334 1347 D android.hardware.audio@7.1-impl.ranchu: threadLoop: entering standby, frames: 103360
04-15 17:05:56.069 540 561 W Looper : Slow dispatch took 106ms android.fg h=com.android.server.DropBoxManagerService$DropBoxManagerBroadcastHandler c=null m=2
04-15 17:05:56.072 1271 1351 I BinaryDictionaryFileDumper: reinitializeClientRecordInDictionaryContentProvider() : Insert DictionaryInfo : Id = 'main:en' : Locale=en : Version=54
04-15 17:05:56.098 540 650 D OomAdjuster: Not killing cached processes
04-15 17:05:56.101 144 144 I vold : onUserStarted: 0
04-15 17:05:56.114 1134 1134 D TelephonyProvider: addAllApnSharedPrefToLocalLog
04-15 17:05:56.123 540 614 V StorageManagerService: Found primary storage at VolumeInfo{emulated;0}:
04-15 17:05:56.123 540 614 V StorageManagerService: type=EMULATED diskId=null partGuid= mountFlags=0 mountUserId=0
04-15 17:05:56.123 540 614 V StorageManagerService: state=UNMOUNTED
04-15 17:05:56.123 540 614 V StorageManagerService: fsType=null fsUuid=null fsLabel=null
04-15 17:05:56.123 540 614 V StorageManagerService: path=null internalPath=null
04-15 17:05:56.157 540 572 W SystemServiceManager: Service com.android.server.StorageManagerService$Lifecycle took 135 ms in onUnlockingUser-0
04-15 17:05:56.157 540 572 V SystemServerTimingAsync: ssm.onUnlockingUser-0_com.android.server.StorageManagerService$Lifecycle took to complete: 165ms
04-15 17:05:56.157 540 572 D SystemServerTimingAsync: ssm.onUnlockingUser-0_com.android.server.usage.StorageStatsService$Lifecycle
04-15 17:05:56.157 540 572 V SystemServerTimingAsync: ssm.onUnlockingUser-0_com.android.server.usage.StorageStatsService$Lifecycle took to complete: 0ms
04-15 17:05:56.157 540 572 D SystemServerTimingAsync: ssm.onUnlockingUser-0_com.android.server.UiModeManagerService
04-15 17:05:56.157 540 572 V SystemServerTimingAsync: ssm.onUnlockingUser-0_com.android.server.UiModeManagerService took to complete: 0ms
04-15 17:05:56.158 540 572 D SystemServerTimingAsync: ssm.onUnlockingUser-0_com.android.server.locales.LocaleManagerService
04-15 17:05:56.158 540 572 V SystemServerTimingAsync: ssm.onUnlockingUser-0_com.android.server.locales.LocaleManagerService took to complete: 0ms
04-15 17:05:56.158 540 572 D SystemServerTimingAsync: ssm.onUnlockingUser-0_com.android.server.grammaticalinflection.GrammaticalInflectionService
04-15 17:05:56.158 540 572 V SystemServerTimingAsync: ssm.onUnlockingUser-0_com.android.server.grammaticalinflection.GrammaticalInflectionService took to complete: 0ms
04-15 17:05:56.158 540 572 D SystemServerTimingAsync: ssm.onUnlockingUser-0_com.android.server.apphibernation.AppHibernationService
04-15 17:05:56.168 540 572 V SystemServerTimingAsync: ssm.onUnlockingUser-0_com.android.server.apphibernation.AppHibernationService took to complete: 10ms
04-15 17:05:56.168 540 572 D SystemServerTimingAsync: ssm.onUnlockingUser-0_com.android.server.locksettings.LockSettingsService$Lifecycle
04-15 17:05:56.169 540 572 V SystemServerTimingAsync: ssm.onUnlockingUser-0_com.android.server.locksettings.LockSettingsService$Lifecycle took to complete: 1ms
04-15 17:05:56.169 540 572 D SystemServerTimingAsync: ssm.onUnlockingUser-0_com.android.server.testharness.TestHarnessModeService
04-15 17:05:56.169 540 572 V SystemServerTimingAsync: ssm.onUnlockingUser-0_com.android.server.testharness.TestHarnessModeService took to complete: 0ms
04-15 17:05:56.169 540 572 D SystemServerTimingAsync: ssm.onUnlockingUser-0_com.android.server.DeviceIdleController
04-15 17:05:56.169 540 572 V SystemServerTimingAsync: ssm.onUnlockingUser-0_com.android.server.DeviceIdleController took to complete: 0ms
04-15 17:05:56.169 540 572 D SystemServerTimingAsync: ssm.onUnlockingUser-0_com.android.server.devicepolicy.DevicePolicyManagerService$Lifecycle
04-15 17:05:56.170 540 572 V SystemServerTimingAsync: ssm.onUnlockingUser-0_com.android.server.devicepolicy.DevicePolicyManagerService$Lifecycle took to complete: 1ms
04-15 17:05:56.170 540 572 D SystemServerTimingAsync: ssm.onUnlockingUser-0_com.android.server.texttospeech.TextToSpeechManagerService
04-15 17:05:56.171 540 572 V SystemServerTimingAsync: ssm.onUnlockingUser-0_com.android.server.texttospeech.TextToSpeechManagerService took to complete: 1ms
04-15 17:05:56.171 540 572 D SystemServerTimingAsync: ssm.onUnlockingUser-0_com.android.server.ambientcontext.AmbientContextManagerService
04-15 17:05:56.186 540 1270 I HibernationStateDiskStore: No hibernation file on disk for file /data/system_ce/0/hibernation/states
04-15 17:05:56.234 540 808 D LockSettingsService: Hiding encryption notification for user 0
04-15 17:05:56.268 1271 1351 I BinaryDictionaryFileDumper: reinitializeClientRecordInDictionaryContentProvider() : Insert DictionaryInfo : Id = 'main:es' : Locale=es : Version=54
04-15 17:05:56.306 540 1362 I Telecom : Logging.Events: Non-call EVENT: AUDIO_ROUTE, Entering state QuiescentSpeakerRoute❗
04-15 17:05:56.307 540 1362 I Telecom : BluetoothRouteManager: getBluetoothAudioConnectedDevice: no service available.❗
04-15 17:05:56.342 540 659 I StorageManagerService: Mounting volume VolumeInfo{emulated;0}:
04-15 17:05:56.342 540 659 I StorageManagerService: type=EMULATED diskId=null partGuid= mountFlags=PRIMARY|VISIBLE_FOR_WRITE
04-15 17:05:56.342 540 659 I StorageManagerService: mountUserId=0 state=UNMOUNTED
04-15 17:05:56.342 540 659 I StorageManagerService: fsType=null fsUuid=null fsLabel=null
04-15 17:05:56.342 540 659 I StorageManagerService: path=null internalPath=null
04-15 17:05:56.389 144 144 I vold : Mounting emulated fuse volume
04-15 17:05:56.444 1134 1134 D TelephonyProvider: onCreate: updating build id to UE1A.230829.036.A1
04-15 17:05:56.446 540 572 I AmbientContextManagerService: serviceNames sent in newServiceListLocked is null, or empty
04-15 17:05:56.447 540 572 W SystemServiceManager: Service com.android.server.ambientcontext.AmbientContextManagerService took 276 ms in onUnlockingUser-0
04-15 17:05:56.451 540 572 V SystemServerTimingAsync: ssm.onUnlockingUser-0_com.android.server.ambientcontext.AmbientContextManagerService took to complete: 280ms
