04-15 17:03:49.869 540 568 W SystemConfig: at com.android.server.SystemConfig.readPublicNativeLibrariesList(SystemConfig.java:1800)
04-15 17:03:49.869 540 568 W SystemConfig: at com.android.server.SystemConfig.(SystemConfig.java:565)
04-15 17:03:49.869 540 568 W SystemConfig: at com.android.server.SystemConfig.getInstance(SystemConfig.java:366)
04-15 17:03:49.869 540 568 W SystemConfig: at com.android.server.SystemServer$$ExternalSyntheticLambda2.run(R8$$SyntheticClass:0)
04-15 17:03:49.869 540 568 W SystemConfig: at com.android.server.SystemServerInitThreadPool.lambda$submitTask$0(SystemServerInitThreadPool.java:107)
04-15 17:03:49.869 540 568 W SystemConfig: at com.android.server.SystemServerInitThreadPool.$r8$lambda$iar571g8isa6ZrPZMHj1USmyX48(SystemServerInitThreadPool.java:0)
04-15 17:03:49.869 540 568 W SystemConfig: at com.android.server.SystemServerInitThreadPool$$ExternalSyntheticLambda1.run(R8$$SyntheticClass:0)
04-15 17:03:49.869 540 568 W SystemConfig: at java.util.concurrent.Executors$RunnableAdapter.call(Executors.java:487)
04-15 17:03:49.869 540 568 W SystemConfig: at java.util.concurrent.FutureTask.run(FutureTask.java:264)
04-15 17:03:49.869 540 568 W SystemConfig: at java.util.concurrent.ThreadPoolExecutor.runWorker(ThreadPoolExecutor.java:1145)
04-15 17:03:49.869 540 568 W SystemConfig: at java.util.concurrent.ThreadPoolExecutor$Worker.run(ThreadPoolExecutor.java:644)
04-15 17:03:49.869 540 568 W SystemConfig: at com.android.internal.util.ConcurrentUtils$1$1.run(ConcurrentUtils.java:65)
04-15 17:03:49.869 540 568 W SystemConfig: Caused by: android.system.ErrnoException: open failed: ENOENT (No such file or directory)
04-15 17:03:49.869 540 568 W SystemConfig: at libcore.io.Linux.open(Native Method)
04-15 17:03:49.869 540 568 W SystemConfig: at libcore.io.ForwardingOs.open(ForwardingOs.java:563)
04-15 17:03:49.869 540 568 W SystemConfig: at libcore.io.BlockGuardOs.open(BlockGuardOs.java:274)
04-15 17:03:49.869 540 568 W SystemConfig: at libcore.io.IoBridge.open(IoBridge.java:560)
04-15 17:03:49.869 540 568 W SystemConfig: ... 15 more
04-15 17:03:49.870 540 568 V SystemConfig: readAllPermissions took to complete: 604ms
04-15 17:03:49.871 540 568 D SystemServerInitThreadPool: Finished executing ReadingSystemConfig
04-15 17:03:49.871 540 568 V SystemServerTimingAsync: InitThreadPoolExec:ReadingSystemConfig took to complete: 609ms
04-15 17:03:49.929 540 540 D BatteryStatsImpl: Reading daily items from /data/system/batterystats-daily.xml
04-15 17:03:49.956 133 133 I hwservicemanager: getTransport: Cannot find entry android.hardware.power.stats@1.0::IPowerStats/default in either framework or device VINTF manifest.
04-15 17:03:49.960 540 579 E BatteryStatsService: Unable to load Power.Stats.HAL. Setting rail availability to false
04-15 17:03:49.982 540 579 D CompatibilityChangeReporter: Compat change id reported: 263076149; UID 1000; state: ENABLED
04-15 17:03:50.015 540 579 E BluetoothAdapter: Bluetooth service is null
04-15 17:03:50.045 540 579 I KernelCpuUidFreqTimeReader: mPerClusterTimesAvailable=false
04-15 17:03:50.309 540 540 I AppOps : No existing app ops /data/system/appops.xml; starting empty
04-15 17:03:50.311 540 540 I LegacyAppOpsServiceInterfaceImpl: No existing app ops /data/system/appops.xml; starting empty
04-15 17:03:50.372 540 540 I IntentFirewall: Read new rules (A:0 B:0 S:0)
04-15 17:03:50.390 540 579 W KernelMemoryBandwidthStats: No kernel memory bandwidth stats available
04-15 17:03:50.413 540 540 D OomAdjuster: Not killing cached processes
04-15 17:03:50.465 540 540 D AppOps : AppOpsService published
04-15 17:03:50.475 540 540 V SystemServerTiming: StartActivityManager took to complete: 728ms
04-15 17:03:50.484 540 540 D SystemServerTiming: StartDataLoaderManagerService
04-15 17:03:50.485 540 540 I SystemServiceManager: Starting com.android.server.pm.DataLoaderManagerService
04-15 17:03:50.490 540 585 I CriticalEventLog: No log found, returning empty log proto.
04-15 17:03:50.497 540 556 W android.permission.PermissionManager: Missing ActivityManager; assuming 1047 does not hold android.permission.MANAGE_APP_OPS_MODES
04-15 17:03:50.508 540 540 V SystemServerTiming: StartDataLoaderManagerService took to complete: 23ms
04-15 17:03:50.508 540 540 D SystemServerTiming: StartIncrementalService
04-15 17:03:50.539 540 540 I incfs-mounts: [incfs] Loaded incremental-fs mount info: 0 instances, 0 mount points
04-15 17:03:50.547 540 540 V SystemServerTiming: StartIncrementalService took to complete: 38ms
04-15 17:03:50.547 540 540 D SystemServerTiming: StartPowerManager
04-15 17:03:50.549 540 540 I SystemServiceManager: Starting com.android.server.power.PowerManagerService
04-15 17:03:50.603 0 0 I servicemanager: Found android.hardware.power.IPower/default in device VINTF manifest.
04-15 17:03:50.612 363 363 I android.hardware.power-service.example: Power isModeSupported: 7
04-15 17:03:50.617 363 363 I android.hardware.power-service.example: Power isModeSupported: 0
04-15 17:03:50.628 540 540 V SystemServerTiming: StartPowerManager took to complete: 81ms
04-15 17:03:50.629 540 540 D SystemServerTiming: StartThermalManager
04-15 17:03:50.629 540 540 I SystemServiceManager: Starting com.android.server.power.ThermalManagerService
04-15 17:03:50.633 540 540 V SystemServerTiming: StartThermalManager took to complete: 4ms
04-15 17:03:50.633 540 540 D SystemServerTiming: StartHintManager
04-15 17:03:50.634 540 540 I SystemServiceManager: Starting com.android.server.power.hint.HintManagerService
04-15 17:03:50.637 540 540 V SystemServerTiming: StartHintManager took to complete: 3ms
04-15 17:03:50.638 540 540 D SystemServerTiming: InitPowerManagement
04-15 17:03:50.644 540 540 V SystemServerTiming: InitPowerManagement took to complete: 7ms
04-15 17:03:50.645 540 540 D SystemServerTiming: StartRecoverySystemService
04-15 17:03:50.645 540 540 I SystemServiceManager: Starting com.android.server.recoverysystem.RecoverySystemService$Lifecycle
04-15 17:03:50.662 540 540 V SystemServerTiming: StartRecoverySystemService took to complete: 17ms
04-15 17:03:50.663 540 540 I PackageWatchdog: Syncing state, reason: added new observer
04-15 17:03:50.663 540 540 I PackageWatchdog: Not pruning observers, elapsed time: 0ms
04-15 17:03:50.664 540 540 I PackageWatchdog: Cancelling state sync, nothing to sync
04-15 17:03:50.667 540 571 I PackageWatchdog: Saving observer state to file
04-15 17:03:50.674 540 540 D SystemServerTiming: StartLightsService
04-15 17:03:50.675 540 540 I SystemServiceManager: Starting com.android.server.lights.LightsService
04-15 17:03:50.687 0 0 I servicemanager: Found android.hardware.light.ILights/default in device VINTF manifest.
04-15 17:03:50.684 362 362 I android.hardware.lights-service.example: Lights reporting supported lights
04-15 17:03:50.700 540 540 V SystemServerTiming: StartLightsService took to complete: 25ms
04-15 17:03:50.700 540 540 D SystemServerTiming: StartDisplayOffloadService
04-15 17:03:50.700 540 540 V SystemServerTiming: StartDisplayOffloadService took to complete: 0ms
04-15 17:03:50.700 540 540 D SystemServerTiming: StartSidekickService
04-15 17:03:50.701 540 540 V SystemServerTiming: StartSidekickService took to complete: 0ms
04-15 17:03:50.701 540 540 D SystemServerTiming: StartDisplayManager
04-15 17:03:50.701 540 540 I SystemServiceManager: Starting com.android.server.display.DisplayManagerService
04-15 17:03:50.750 540 540 V SystemServerTiming: StartDisplayManager took to complete: 49ms
04-15 17:03:50.751 540 540 D SystemServerTiming: WaitForDisplay
04-15 17:03:50.756 540 540 I SystemServiceManager: Starting phase 100
04-15 17:03:50.757 540 540 D SystemServerTiming: OnBootPhase_100
04-15 17:03:50.757 540 540 D SystemServerTiming: OnBootPhase_100_com.android.server.security.FileIntegrityService
04-15 17:03:50.758 540 540 V SystemServerTiming: OnBootPhase_100_com.android.server.security.FileIntegrityService took to complete: 0ms
04-15 17:03:50.758 540 540 D SystemServerTiming: OnBootPhase_100_com.android.server.pm.Installer
04-15 17:03:50.758 540 540 V SystemServerTiming: OnBootPhase_100_com.android.server.pm.Installer took to complete: 0ms
04-15 17:03:50.759 540 540 D SystemServerTiming: OnBootPhase_100_com.android.server.os.DeviceIdentifiersPolicyService
04-15 17:03:50.759 540 540 V SystemServerTiming: OnBootPhase_100_com.android.server.os.DeviceIdentifiersPolicyService took to complete: 0ms
04-15 17:03:50.759 540 540 D SystemServerTiming: OnBootPhase_100_com.android.server.uri.UriGrantsManagerService$Lifecycle
04-15 17:03:50.759 540 540 V SystemServerTiming: OnBootPhase_100_com.android.server.uri.UriGrantsManagerService$Lifecycle took to complete: 0ms
04-15 17:03:50.764 540 540 D SystemServerTiming: OnBootPhase_100_com.android.server.powerstats.PowerStatsService
04-15 17:03:50.764 540 540 V SystemServerTiming: OnBootPhase_100_com.android.server.powerstats.PowerStatsService took to complete: 0ms
04-15 17:03:50.769 540 540 D SystemServerTiming: OnBootPhase_100_com.android.server.permission.access.AccessCheckingService
04-15 17:03:50.770 540 540 V SystemServerTiming: OnBootPhase_100_com.android.server.permission.access.AccessCheckingService took to complete: 0ms
04-15 17:03:50.770 540 540 D SystemServerTiming: OnBootPhase_100_com.android.server.wm.ActivityTaskManagerService$Lifecycle
04-15 17:03:50.770 540 540 V SystemServerTiming: OnBootPhase_100_com.android.server.wm.ActivityTaskManagerService$Lifecycle took to complete: 0ms
04-15 17:03:50.771 540 540 D SystemServerTiming: OnBootPhase_100_com.android.server.am.ActivityManagerService$Lifecycle
04-15 17:03:50.771 540 540 V SystemServerTiming: OnBootPhase_100_com.android.server.am.ActivityManagerService$Lifecycle took to complete: 0ms
04-15 17:03:50.771 540 540 D SystemServerTiming: OnBootPhase_100_com.android.server.pm.DataLoaderManagerService
04-15 17:03:50.771 540 540 V SystemServerTiming: OnBootPhase_100_com.android.server.pm.DataLoaderManagerService took to complete: 0ms
04-15 17:03:50.776 540 540 D SystemServerTiming: OnBootPhase_100_com.android.server.power.PowerManagerService
04-15 17:03:50.776 540 540 V SystemServerTiming: OnBootPhase_100_com.android.server.power.PowerManagerService took to complete: 0ms
04-15 17:03:50.776 540 540 D SystemServerTiming: OnBootPhase_100_com.android.server.power.ThermalManagerService
04-15 17:03:50.776 540 540 V SystemServerTiming: OnBootPhase_100_com.android.server.power.ThermalManagerService took to complete: 0ms
04-15 17:03:50.776 540 540 D SystemServerTiming: OnBootPhase_100_com.android.server.power.hint.HintManagerService
04-15 17:03:50.777 540 540 V SystemServerTiming: OnBootPhase_100_com.android.server.power.hint.HintManagerService took to complete: 0ms
04-15 17:03:50.777 540 540 D SystemServerTiming: OnBootPhase_100_com.android.server.recoverysystem.RecoverySystemService$Lifecycle
04-15 17:03:50.777 540 540 V SystemServerTiming: OnBootPhase_100_com.android.server.recoverysystem.RecoverySystemService$Lifecycle took to complete: 0ms
04-15 17:03:50.777 540 540 D SystemServerTiming: OnBootPhase_100_com.android.server.lights.LightsService
04-15 17:03:50.777 540 540 V SystemServerTiming: OnBootPhase_100_com.android.server.lights.LightsService took to complete: 0ms
04-15 17:03:50.777 540 540 D SystemServerTiming: OnBootPhase_100_com.android.server.display.DisplayManagerService
04-15 17:03:50.780 540 564 W LocalDisplayAdapter: DisplayModeSpecs base mode no longer available, using currently active mode.
04-15 17:03:50.854 540 564 I DisplayDeviceRepository: Display device added: DisplayDeviceInfo{"Built-in Screen": uniqueId="local:4619827259835644672", 1080 x 2400, modeId 1, renderFrameRate 60.000004, defaultModeId 1, supportedModes [{id=1, width=1080, height=2400, fps=60.000004, alternativeRefreshRates=[], supportedHdrTypes=[]}], colorMode 0, supportedColorModes [0], hdrCapabilities HdrCapabilities{mSupportedHdrTypes=[], mMaxLuminance=500.0, mMaxAverageLuminance=500.0, mMinLuminance=0.0}, allmSupported false, gameContentTypeSupported false, density 420, 420.0 x 420.0 dpi, appVsyncOff 1000000, presDeadline 16666666, touch INTERNAL, rotation 0, type INTERNAL, address {port=0, model=0x401cec6a7a2b7b}, deviceProductInfo DeviceProductInfo{name=EMU_display_0, manufacturerPnpId=GGL, productId=1, modelYear=null, manufactureDate=ManufactureDate{week=27, year=2006}, connectionToSinkType=0}, state UNKNOWN, committedState UNKNOWN, frameRateOverride , brightnessMinimum 0.0, brightnessMaximum 1.0, brightnessDefault 0.39763778, hdrSdrRatio NaN, FLAG_ALLOWED_TO_BE_DEFAULT_DISPLAY, FLAG_ROTATES_WITH_CONTENT, FLAG_SECURE, FLAG_SUPPORTS_PROTECTED_BUFFERS, FLAG_TRUSTED, installOrientation 0, displayShape DisplayShape{ spec=-1893857183 displayWidth=1080 displayHeight=2400 physicalPixelDisplaySizeRatio=1.0 rotation=0 offsetX=0 offsetY=0 scale=1.0}}
04-15 17:03:50.865 540 564 I LogicalDisplayMapper: Applying layout: [{dispId: 0(ON), displayGroupName: , addr: {port=0, model=0x401cec6a7a2b7b}, mThermalBrightnessThrottlingMapId: null, mRefreshRateZoneId: null, mLeadDisplayId: -1, mThermalRefreshRateThrottlingMapId: null}], Previous layout: null
04-15 17:03:50.888 540 564 I LogicalDisplayMapper: Setting new display group 0 for display 0, from previous group: null
04-15 17:03:50.897 540 564 I LogicalDisplayMapper: Adding new display: 0: DisplayInfo{"Built-in Screen", displayId 0, displayGroupId 0, FLAG_SECURE, FLAG_SUPPORTS_PROTECTED_BUFFERS, FLAG_TRUSTED, real 1080 x 2400, largest app 1080 x 2400, smallest app 1080 x 2400, appVsyncOff 1000000, presDeadline 16666666, mode 160.000004, defaultMode 1, modes [{id=1, width=1080, height=2400, fps=60.000004, alternativeRefreshRates=[], supportedHdrTypes=[]}], hdrCapabilities HdrCapabilities{mSupportedHdrTypes=[], mMaxLuminance=500.0, mMaxAverageLuminance=500.0, mMinLuminance=0.0}, userDisabledHdrTypes [], minimalPostProcessingSupported false, rotation 0, state UNKNOWN, committedState UNKNOWN, type INTERNAL, uniqueId "local:4619827259835644672", app 1080 x 2400, density 420 (420.0 x 420.0) dpi, layerStack 0, colorMode 0, supportedColorModes [0], address {port=0, model=0x401cec6a7a2b7b}, deviceProductInfo DeviceProductInfo{name=EMU_display_0, manufacturerPnpId=GGL, productId=1, modelYear=null, manufactureDate=ManufactureDate{week=27, year=2006}, connectionToSinkType=0}, removeMode 0, refreshRateOverride 0.0, brightnessMinimum 0.0, brightnessMaximum 1.0, brightnessDefault 0.39763778, installOrientation ROTATION_0, layoutLimitedRefreshRate null, hdrSdrRatio not_available, thermalRefreshRateThrottling {}, thermalBrightnessThrottlingDataId default}
04-15 17:03:50.903 540 564 W android.permission.PermissionManager: Missing ActivityManager; assuming 1000 holds android.permission.READ_DEVICE_CONFIG
04-15 17:03:50.945 540 540 W SystemServiceManager: Service com.android.server.display.DisplayManagerService took 168 ms in onBootPhase
04-15 17:03:50.946 540 540 V SystemServerTiming: OnBootPhase_100_com.android.server.display.DisplayManagerService took to complete: 169ms
04-15 17:03:50.946 540 540 V SystemServerTiming: OnBootPhase_100 took to complete: 189ms
04-15 17:03:50.946 540 540 V SystemServerTiming: WaitForDisplay took to complete: 190ms
04-15 17:03:50.947 540 540 D SystemServerTiming: StartDomainVerificationService
04-15 17:03:50.953 540 540 V SystemServerTiming: StartDomainVerificationService took to complete: 6ms
04-15 17:03:50.953 540 540 D SystemServerTiming: StartPackageManagerService
04-15 17:03:50.954 540 540 I Watchdog: Pausing HandlerChecker: main thread for reason: packagemanagermain. Pause count: 1
04-15 17:03:50.958 540 540 W system_server: 'extract' is an obsolete compiler filter name that will be removed in future releases, please use 'verify' instead.
04-15 17:03:50.959 540 540 W system_server: 'extract' is an obsolete compiler filter name that will be removed in future releases, please use 'verify' instead.
04-15 17:03:50.964 540 540 D PackageManagerTiming: create package manager
04-15 17:03:50.978 540 540 D PackageManagerTiming: createSubComponents
04-15 17:03:50.982 540 564 W StrictMode: No activity manager; failed to Dropbox violation.
04-15 17:03:50.988 540 564 W StrictMode: No activity manager; failed to Dropbox violation.
04-15 17:03:50.992 540 564 W StrictMode: No activity manager; failed to Dropbox violation.
04-15 17:03:50.995 540 564 W StrictMode: No activity manager; failed to Dropbox violation.
04-15 17:03:50.998 540 564 W StrictMode: No activity manager; failed to Dropbox violation.
04-15 17:03:51.000 540 564 W StrictMode: No activity manager; failed to Dropbox violation.
04-15 17:03:51.004 540 564 W StrictMode: No activity manager; failed to Dropbox violation.
04-15 17:03:51.006 540 540 E UserManagerService: No user list file
04-15 17:03:51.007 540 540 E UserManagerService: userlist.xml not found, fallback to single user
04-15 17:03:51.057 540 540 W FileUtils: Failed to chmod(/data/system/packages.list): android.system.ErrnoException: chmod failed: ENOENT (No such file or directory)
04-15 17:03:51.072 540 540 V PackageManagerTiming: createSubComponents took to complete: 94ms
04-15 17:03:51.073 540 540 D PackageManagerTiming: addSharedUsers
04-15 17:03:51.074 540 540 V PackageManagerTiming: addSharedUsers took to complete: 1ms
04-15 17:03:51.081 540 540 D PackageManagerTiming: get system config
04-15 17:03:51.082 540 540 V PackageManagerTiming: get system config took to complete: 0ms
04-15 17:03:51.095 540 540 D SELinuxMMAC: Using policy file /system/etc/selinux/plat_mac_permissions.xml
04-15 17:03:51.102 540 540 D SELinuxMMAC: Using policy file /vendor/etc/selinux/vendor_mac_permissions.xml
04-15 17:03:51.105 540 540 D PackageManagerTiming: loadFallbacks
04-15 17:03:51.109 540 540 D FallbackCategoryProvider: Found 1 fallback categories
04-15 17:03:51.110 540 540 V PackageManagerTiming: loadFallbacks took to complete: 4ms
04-15 17:03:51.110 540 540 D PackageManagerTiming: read user settings
04-15 17:03:51.114 540 540 I PackageManager: No package manager settings file
04-15 17:03:51.120 540 540 V PackageManagerTiming: read user settings took to complete: 9ms
04-15 17:03:51.121 540 540 D PackageManagerTiming: setFirstBoot:
04-15 17:03:51.124 540 540 V PackageManagerTiming: setFirstBoot: took to complete: 4ms
04-15 17:03:51.135 540 540 D PackageManager: Directories scanned as system partitions: [/system:0, /vendor:524288, /odm:4194304, /oem:262144, /product:1048576, /system_ext:2097152, /apex/com.android.healthfitness:41943040, /apex/com.android.extservices:58720256, /apex/com.android.permission:58720256, /apex/com.android.ondevicepersonalization:58720256, /apex/com.android.adbd:58720256, /apex/com.android.ipsec:58720256, /apex/com.android.runtime:41943040, /apex/com.android.configinfrastructure:58720256, /apex/com.android.vndk.v34:41943040, /apex/com.android.appsearch:58720256, /apex/com.android.conscrypt:58720256, /apex/com.android.i18n:41943040, /apex/com.android.cellbroadcast:58720256, /apex/com.android.media:58720256, /apex/com.android.neuralnetworks:58720256, /apex/com.android.scheduling:58720256, /apex/com.android.rkpd:41943040, /apex/com.android.virt:41943040, /apex/com.android.tzdata:41943040, /apex/com.android.mediaprovider:58720256, /apex/com.android.uwb:58720256, /apex/com.android.os.statsd:41943040, /apex/com.android.btservices:41943040, /apex/com.android.wifi:58720256, /apex/com.android.apex.cts.shim:41943040, /apex/com.android.resolv:58720256, /apex/com.android.sdkext:41943040, /apex/com.android.tethering:58720256, /apex/com.android.media.swcodec:58720256, /apex/com.android.devicelock:41943040, /apex/com.android.art:58720256, /apex/com.android.adservices:58720256]
04-15 17:03:51.157 0 0 I apexd : getAllPackages received by ApexService
04-15 17:03:51.517 540 540 I PackageManager: /system/apex/com.android.apex.cts.shim.apex changed; collecting certs
04-15 17:03:51.649 540 540 I PackageBackwardCompatibility: Loaded android.content.pm.AndroidTestBaseUpdater
04-15 17:03:51.681 540 540 D CompatibilityChangeReporter: Compat change id reported: 143539591; UID -1; state: DISABLED
04-15 17:03:51.683 540 540 D CompatibilityChangeReporter: Compat change id reported: 168782947; UID -1; state: DISABLED
04-15 17:03:51.693 540 540 W PackageManager: Odd, /system/apex/com.android.apex.cts.shim.apex doesn't look like an APK
04-15 17:03:51.715 540 540 I PackageManager: /data/apex/decompressed/com.android.adbd@342090000.decompressed.apex changed; collecting certs
04-15 17:03:51.740 540 540 D CompatibilityChangeReporter: Compat change id reported: 168782947; UID -1; state: ENABLED
04-15 17:03:51.742 540 540 W PackageManager: Odd, /data/apex/decompressed/com.android.adbd@342090000.decompressed.apex doesn't look like an APK
04-15 17:03:51.742 540 540 W PackageManager: Unrecognized code path /data/apex/decompressed/com.android.adbd@342090000.decompressed.apex - using /data
04-15 17:03:51.752 540 540 I PackageManager: /data/apex/decompressed/com.android.adservices@342090000.decompressed.apex changed; collecting certs
04-15 17:03:51.765 540 540 W PackageManager: Odd, /data/apex/decompressed/com.android.adservices@342090000.decompressed.apex doesn't look like an APK
04-15 17:03:51.765 540 540 W PackageManager: Unrecognized code path /data/apex/decompressed/com.android.adservices@342090000.decompressed.apex - using /data
04-15 17:03:51.776 540 540 I PackageManager: /system/apex/com.android.btservices.apex changed; collecting certs
04-15 17:03:51.790 540 540 W PackageManager: Odd, /system/apex/com.android.btservices.apex doesn't look like an APK
04-15 17:03:51.800 540 540 I PackageManager: /data/apex/decompressed/com.android.cellbroadcast@342090000.decompressed.apex changed; collecting certs
04-15 17:03:51.812 540 540 W PackageManager: Odd, /data/apex/decompressed/com.android.cellbroadcast@342090000.decompressed.apex doesn't look like an APK
04-15 17:03:51.812 540 540 W PackageManager: Unrecognized code path /data/apex/decompressed/com.android.cellbroadcast@342090000.decompressed.apex - using /data
04-15 17:03:51.823 540 540 I PackageManager: /data/apex/decompressed/com.android.art@342090000.decompressed.apex changed; collecting certs
04-15 17:03:51.834 540 540 W PackageManager: Odd, /data/apex/decompressed/com.android.art@342090000.decompressed.apex doesn't look like an APK
04-15 17:03:51.835 540 540 W PackageManager: Unrecognized code path /data/apex/decompressed/com.android.art@342090000.decompressed.apex - using /data
04-15 17:03:51.845 540 540 I PackageManager: /data/apex/decompressed/com.android.appsearch@342090000.decompressed.apex changed; collecting certs
04-15 17:03:51.856 540 540 W PackageManager: Odd, /data/apex/decompressed/com.android.appsearch@342090000.decompressed.apex doesn't look like an APK
04-15 17:03:51.857 540 540 W PackageManager: Unrecognized code path /data/apex/decompressed/com.android.appsearch@342090000.decompressed.apex - using /data
04-15 17:03:51.866 540 540 I PackageManager: /data/apex/decompressed/com.android.conscrypt@342090000.decompressed.apex changed; collecting certs
04-15 17:03:51.877 540 540 W PackageManager: Odd, /data/apex/decompressed/com.android.conscrypt@342090000.decompressed.apex doesn't look like an APK
04-15 17:03:51.877 540 540 W PackageManager: Unrecognized code path /data/apex/decompressed/com.android.conscrypt@342090000.decompressed.apex - using /data
04-15 17:03:51.886 540 540 I PackageManager: /system/apex/com.android.devicelock.apex changed; collecting certs
04-15 17:03:51.899 540 540 W PackageManager: Odd, /system/apex/com.android.devicelock.apex doesn't look like an APK
04-15 17:03:51.909 540 540 I PackageManager: /data/apex/decompressed/com.android.extservices@342090000.decompressed.apex changed; collecting certs
04-15 17:03:51.921 540 540 W PackageManager: Odd, /data/apex/decompressed/com.android.extservices@342090000.decompressed.apex doesn't look like an APK
04-15 17:03:51.921 540 540 W PackageManager: Unrecognized code path /data/apex/decompressed/com.android.extservices@342090000.decompressed.apex - using /data
04-15 17:03:51.932 540 540 I PackageManager: /system/apex/com.android.healthfitness.apex changed; collecting certs
04-15 17:03:51.944 540 540 W PackageManager: Odd, /system/apex/com.android.healthfitness.apex doesn't look like an APK
04-15 17:03:51.953 540 540 I PackageManager: /data/apex/decompressed/com.android.configinfrastructure@342090000.decompressed.apex changed; collecting certs
04-15 17:03:51.963 540 540 W PackageManager: Odd, /data/apex/decompressed/com.android.configinfrastructure@342090000.decompressed.apex doesn't look like an APK
04-15 17:03:51.963 540 540 W PackageManager: Unrecognized code path /data/apex/decompressed/com.android.configinfrastructure@342090000.decompressed.apex - using /data
04-15 17:03:51.973 540 540 I PackageManager: /data/apex/decompressed/com.android.ipsec@342090000.decompressed.apex changed; collecting certs
04-15 17:03:51.988 540 540 W PackageManager: Odd, /data/apex/decompressed/com.android.ipsec@342090000.decompressed.apex doesn't look like an APK
04-15 17:03:51.989 540 540 W PackageManager: Unrecognized code path /data/apex/decompressed/com.android.ipsec@342090000.decompressed.apex - using /data
04-15 17:03:51.999 540 540 I PackageManager: /system/apex/com.android.i18n.apex changed; collecting certs
04-15 17:03:52.013 540 540 W PackageManager: Odd, /system/apex/com.android.i18n.apex doesn't look like an APK
04-15 17:03:52.023 540 540 I PackageManager: /data/apex/decompressed/com.android.media@342090000.decompressed.apex changed; collecting certs
04-15 17:03:52.037 540 540 W PackageManager: Odd, /data/apex/decompressed/com.android.media@342090000.decompressed.apex doesn't look like an APK
04-15 17:03:52.037 540 540 W PackageManager: Unrecognized code path /data/apex/decompressed/com.android.media@342090000.decompressed.apex - using /data
04-15 17:03:52.047 540 540 I PackageManager: /data/apex/decompressed/com.android.media.swcodec@342090000.decompressed.apex changed; collecting certs
04-15 17:03:52.058 540 540 W PackageManager: Odd, /data/apex/decompressed/com.android.media.swcodec@342090000.decompressed.apex doesn't look like an APK
04-15 17:03:52.059 540 540 W PackageManager: Unrecognized code path /data/apex/decompressed/com.android.media.swcodec@342090000.decompressed.apex - using /data
04-15 17:03:52.071 540 540 I PackageManager: /data/apex/decompressed/com.android.neuralnetworks@342090000.decompressed.apex changed; collecting certs
04-15 17:03:52.086 540 540 W PackageManager: Odd, /data/apex/decompressed/com.android.neuralnetworks@342090000.decompressed.apex doesn't look like an APK
04-15 17:03:52.086 540 540 W PackageManager: Unrecognized code path /data/apex/decompressed/com.android.neuralnetworks@342090000.decompressed.apex - using /data
04-15 17:03:52.100 540 540 I PackageManager: /data/apex/decompressed/com.android.mediaprovider@342090000.decompressed.apex changed; collecting certs
04-15 17:03:52.117 540 540 W PackageManager: Odd, /data/apex/decompressed/com.android.mediaprovider@342090000.decompressed.apex doesn't look like an APK
04-15 17:03:52.118 540 540 W PackageManager: Unrecognized code path /data/apex/decompressed/com.android.mediaprovider@342090000.decompressed.apex - using /data
04-15 17:03:52.132 540 540 I PackageManager: /system/apex/com.android.os.statsd.apex changed; collecting certs
04-15 17:03:52.150 540 540 W PackageManager: Odd, /system/apex/com.android.os.statsd.apex doesn't look like an APK
04-15 17:03:52.163 540 540 I PackageManager: /data/apex/decompressed/com.android.permission@342090000.decompressed.apex changed; collecting certs
04-15 17:03:52.178 540 540 W PackageManager: Odd, /data/apex/decompressed/com.android.permission@342090000.decompressed.apex doesn't look like an APK
04-15 17:03:52.180 540 540 W PackageManager: Unrecognized code path /data/apex/decompressed/com.android.permission@342090000.decompressed.apex - using /data
04-15 17:03:52.192 540 540 I PackageManager: /data/apex/decompressed/com.android.ondevicepersonalization@342090000.decompressed.apex changed; collecting certs
04-15 17:03:52.206 540 540 W PackageManager: Odd, /data/apex/decompressed/com.android.ondevicepersonalization@342090000.decompressed.apex doesn't look like an APK
04-15 17:03:52.207 540 540 W PackageManager: Unrecognized code path /data/apex/decompressed/com.android.ondevicepersonalization@342090000.decompressed.apex - using /data
04-15 17:03:52.219 540 540 I PackageManager: /data/apex/decompressed/com.android.scheduling@342090000.decompressed.apex changed; collecting certs
04-15 17:03:52.232 540 540 W PackageManager: Odd, /data/apex/decompressed/com.android.scheduling@342090000.decompressed.apex doesn't look like an APK
04-15 17:03:52.233 540 540 W PackageManager: Unrecognized code path /data/apex/decompressed/com.android.scheduling@342090000.decompressed.apex - using /data
04-15 17:03:52.243 540 540 I PackageManager: /system/apex/com.android.sdkext.apex changed; collecting certs
04-15 17:03:52.255 540 540 W PackageManager: Odd, /system/apex/com.android.sdkext.apex doesn't look like an APK
04-15 17:03:52.265 540 540 I PackageManager: /system/apex/com.android.runtime.apex changed; collecting certs
04-15 17:03:52.276 540 540 W PackageManager: Odd, /system/apex/com.android.runtime.apex doesn't look like an APK
04-15 17:03:52.285 540 540 I PackageManager: /system/apex/com.android.rkpd.apex changed; collecting certs
04-15 17:03:52.298 540 540 W PackageManager: Odd, /system/apex/com.android.rkpd.apex doesn't look like an APK
04-15 17:03:52.309 540 540 I PackageManager: /data/apex/decompressed/com.android.resolv@342090000.decompressed.apex changed; collecting certs
04-15 17:03:52.321 540 540 W PackageManager: Odd, /data/apex/decompressed/com.android.resolv@342090000.decompressed.apex doesn't look like an APK
04-15 17:03:52.322 540 540 W PackageManager: Unrecognized code path /data/apex/decompressed/com.android.resolv@342090000.decompressed.apex - using /data
04-15 17:03:52.331 540 540 I PackageManager: /data/apex/decompressed/com.android.tethering@342090000.decompressed.apex changed; collecting certs
04-15 17:03:52.347 540 540 W PackageManager: Odd, /data/apex/decompressed/com.android.tethering@342090000.decompressed.apex doesn't look like an APK
04-15 17:03:52.349 540 540 W PackageManager: Unrecognized code path /data/apex/decompressed/com.android.tethering@342090000.decompressed.apex - using /data
04-15 17:03:52.358 540 540 I PackageManager: /system/apex/com.android.tzdata.apex changed; collecting certs
04-15 17:03:52.372 540 540 W PackageManager: Odd, /system/apex/com.android.tzdata.apex doesn't look like an APK
04-15 17:03:52.381 540 540 I PackageManager: /data/apex/decompressed/com.android.wifi@342090000.decompressed.apex changed; collecting certs
04-15 17:03:52.396 540 540 W PackageManager: Odd, /data/apex/decompressed/com.android.wifi@342090000.decompressed.apex doesn't look like an APK
04-15 17:03:52.398 540 540 W PackageManager: Unrecognized code path /data/apex/decompressed/com.android.wifi@342090000.decompressed.apex - using /data
04-15 17:03:52.409 540 540 I PackageManager: /system/apex/com.android.vndk.current.apex changed; collecting certs
04-15 17:03:52.424 540 540 W PackageManager: Odd, /system/apex/com.android.vndk.current.apex doesn't look like an APK
04-15 17:03:52.435 540 540 I PackageManager: /system/apex/com.android.virt.apex changed; collecting certs
04-15 17:03:52.449 540 540 W PackageManager: Odd, /system/apex/com.android.virt.apex doesn't look like an APK
04-15 17:03:52.459 540 540 I PackageManager: /data/apex/decompressed/com.android.uwb@342090000.decompressed.apex changed; collecting certs
04-15 17:03:52.474 540 540 W PackageManager: Odd, /data/apex/decompressed/com.android.uwb@342090000.decompressed.apex doesn't look like an APK
04-15 17:03:52.475 540 540 W PackageManager: Unrecognized code path /data/apex/decompressed/com.android.uwb@342090000.decompressed.apex - using /data
04-15 17:03:52.483 540 540 D PackageManager: No files in app dir /system_ext/overlay
04-15 17:03:52.636 540 599 I PackageParsing: Parse times for '/product/overlay/EmulationPixel4XL': parse=88ms, update_cache=27 ms
04-15 17:03:52.637 540 540 I PackageManager: /product/overlay/EmulationPixel4XL changed; collecting certs
04-15 17:03:52.652 540 598 I PackageParsing: Parse times for '/product/overlay/EmulationPixel4a': parse=91ms, update_cache=62 ms
04-15 17:03:52.660 540 600 I PackageParsing: Parse times for '/product/overlay/EmulationPixel7': parse=75ms, update_cache=50 ms
04-15 17:03:52.672 540 601 I PackageParsing: Parse times for '/product/overlay/EmulationPixel8': parse=95ms, update_cache=72 ms
04-15 17:03:52.729 540 540 I PackageManager: /product/overlay/EmulationPixel4a changed; collecting certs
04-15 17:03:52.809 540 540 I PackageManager: /product/overlay/EmulationPixel7 changed; collecting certs
04-15 17:03:52.814 540 598 I PackageParsing: Parse times for '/product/overlay/NavigationBarModeGesturalNarrowBack': parse=78ms, update_cache=81 ms
04-15 17:03:52.825 540 599 I PackageParsing: Parse times for '/product/overlay/DisplayCutoutEmulationEmu01': parse=94ms, update_cache=67 ms
04-15 17:03:52.893 540 540 I PackageManager: /product/overlay/EmulationPixel8 changed; collecting certs
04-15 17:03:52.911 540 600 I PackageParsing: Parse times for '/product/overlay/SystemUIEmulationPixel6': parse=187ms, update_cache=1 ms
04-15 17:03:52.925 540 540 I PackageManager: /product/overlay/EmulationPixel3aXL changed; collecting certs
04-15 17:03:52.994 540 540 I PackageManager: /product/overlay/EmulationPixel3XL changed; collecting certs
04-15 17:03:53.063 540 540 I PackageManager: /product/overlay/NavigationBarModeGesturalNarrowBack changed; collecting certs
04-15 17:03:53.121 540 540 I PackageManager: /product/overlay/DisplayCutoutEmulationEmu01 changed; collecting certs
04-15 17:03:53.201 540 540 I PackageManager: /product/overlay/EmulationPixel5 changed; collecting certs
04-15 17:03:53.224 540 540 I PackageManager: /product/overlay/DisplayCutoutEmulationDouble changed; collecting certs
04-15 17:03:53.244 540 540 I PackageManager: /product/overlay/NavigationBarModeGesturalExtraWideBack changed; collecting certs
04-15 17:03:53.260 540 540 I PackageManager: /product/overlay/EmulationPixel3 changed; collecting certs
04-15 17:03:53.276 540 540 I PackageManager: /product/overlay/SystemUIEmulationPixel6 changed; collecting certs
04-15 17:03:53.296 540 540 I PackageManager: /product/overlay/NavigationBarModeGestural changed; collecting certs
04-15 17:03:53.316 540 540 I PackageManager: /product/overlay/SystemUIEmulationPixelFold changed; collecting certs
04-15 17:03:53.326 540 540 I PackageManager: /product/overlay/SystemUIEmulationPixel7a changed; collecting certs
04-15 17:03:53.352 540 540 I PackageManager: /product/overlay/EmulationPixel6 changed; collecting certs
04-15 17:03:53.363 540 540 I PackageManager: /product/overlay/EmulationPixel6Pro changed; collecting certs
04-15 17:03:53.373 540 540 I PackageManager: /product/overlay/SystemUIEmulationPixel7Pro changed; collecting certs
04-15 17:03:53.382 540 540 I PackageManager: /product/overlay/SystemUIEmulationPixel3XL changed; collecting certs
04-15 17:03:53.393 540 540 I PackageManager: /product/overlay/DisplayCutoutEmulationHole changed; collecting certs
04-15 17:03:53.403 540 540 I PackageManager: /product/overlay/EmulationPixel4 changed; collecting certs
04-15 17:03:53.413 540 540 I PackageManager: /product/overlay/SystemUIEmulationPixel8Pro changed; collecting certs
04-15 17:03:53.422 540 540 I PackageManager: /product/overlay/SystemUIEmulationPixel4a changed; collecting certs
04-15 17:03:53.431 540 540 I PackageManager: /product/overlay/EmulationPixel7a changed; collecting certs
04-15 17:03:53.439 540 540 I PackageManager: /product/overlay/SystemUIEmulationPixel3a changed; collecting certs
04-15 17:03:53.450 540 540 I PackageManager: /product/overlay/NotesRoleEnabled changed; collecting certs
04-15 17:03:53.460 540 540 I PackageManager: /product/overlay/SystemUIEmulationPixel3aXL changed; collecting certs
04-15 17:03:53.470 540 540 I PackageManager: /product/overlay/NavigationBarMode2Button changed; collecting certs
04-15 17:03:53.483 540 540 I PackageManager: /product/overlay/EmulatorTetheringConfigOverlay.apk changed; collecting certs
04-15 17:03:53.498 540 540 I PackageManager: /product/overlay/SystemUIEmulationPixel6a changed; collecting certs
04-15 17:03:53.511 540 540 I PackageManager: /product/overlay/EmulationPixel8Pro changed; collecting certs
04-15 17:03:53.523 540 540 I PackageManager: /product/overlay/EmulationPixelFold changed; collecting certs
04-15 17:03:53.538 540 540 I PackageManager: /product/overlay/TransparentNavigationBar changed; collecting certs
04-15 17:03:53.550 540 540 I PackageManager: /product/overlay/FontNotoSerifSource changed; collecting certs
04-15 17:03:53.562 540 540 I PackageManager: /product/overlay/SystemUIEmulationPixel7 changed; collecting certs
04-15 17:03:53.572 540 540 I PackageManager: /product/overlay/DisplayCutoutEmulationCorner changed; collecting certs
04-15 17:03:53.584 540 540 I PackageManager: /product/overlay/NavigationBarMode3Button changed; collecting certs
04-15 17:03:53.595 540 540 I PackageManager: /product/overlay/SystemUIEmulationPixel4XL changed; collecting certs
04-15 17:03:53.605 540 540 I PackageManager: /product/overlay/EmulationPixel7Pro changed; collecting certs
04-15 17:03:53.615 540 540 I PackageManager: /product/overlay/DisplayCutoutEmulationTall changed; collecting certs
04-15 17:03:53.624 540 540 I PackageManager: /product/overlay/EmulationPixel2XL changed; collecting certs
04-15 17:03:53.633 540 540 I PackageManager: /product/overlay/DisplayCutoutEmulationWaterfall changed; collecting certs
04-15 17:03:53.643 540 540 I PackageManager: /product/overlay/SystemUIEmulationPixel8 changed; collecting certs
04-15 17:03:53.651 540 540 I PackageManager: /product/overlay/EmulationPixel6a changed; collecting certs
04-15 17:03:53.661 540 540 I PackageManager: /product/overlay/NavigationBarModeGesturalWideBack changed; collecting certs
04-15 17:03:53.671 540 540 I PackageManager: /product/overlay/SystemUIEmulationPixel5 changed; collecting certs
04-15 17:03:53.680 540 540 I PackageManager: /product/overlay/EmulationPixel3a changed; collecting certs
04-15 17:03:53.690 540 540 I PackageManager: /product/overlay/SystemUIEmulationPixel3 changed; collecting certs
04-15 17:03:53.698 540 540 I PackageManager: /product/overlay/SystemUIEmulationPixel4 changed; collecting certs
04-15 17:03:53.707 540 540 I PackageManager: /product/overlay/SystemUIEmulationPixel6Pro changed; collecting certs
04-15 17:03:53.717 540 540 D PackageManager: No files in app dir /oem/overlay
04-15 17:03:53.717 540 540 D PackageManager: No files in app dir /odm/overlay
04-15 17:03:53.735 540 540 I PackageManager: /vendor/overlay/SettingsProvider__auto_generated_rro_vendor.apk changed; collecting certs
04-15 17:03:53.766 540 540 I PackageManager: /vendor/overlay/CarrierConfig__auto_generated_rro_vendor.apk changed; collecting certs
04-15 17:03:53.786 540 540 I PackageManager: /vendor/overlay/framework-res__auto_generated_rro_vendor.apk changed; collecting certs
04-15 17:03:53.797 540 540 I PackageManager: /vendor/overlay/goldfish_overlay_connectivity_gsi.apk changed; collecting certs
04-15 17:03:53.806 540 540 I PackageManager: /vendor/overlay/SystemUI__auto_generated_rro_vendor.apk changed; collecting certs
04-15 17:03:53.815 540 540 I PackageManager: /vendor/overlay/TeleService__auto_generated_rro_vendor.apk changed; collecting certs
04-15 17:03:53.834 540 540 W PackageManager: Failed to parse /system/framework/x86_64: Missing base APK in /system/framework/x86_64
04-15 17:03:53.846 540 540 W PackageManager: Failed to parse /system/framework/oat: Missing base APK in /system/framework/oat/x86_64
04-15 17:03:53.922 540 601 W PackageParsing: android defines a knownSigner permission but the provided knownCerts resource is null
04-15 17:03:53.923 540 601 W PackageParsing: android defines a knownSigner permission but the provided knownCerts resource is null
04-15 17:03:53.924 540 601 W PackageParsing: android defines a knownSigner permission but the provided knownCerts resource is null
04-15 17:03:53.947 540 601 W PackageParsing: android defines a knownSigner permission but the provided knownCerts resource is null
04-15 17:03:53.960 540 601 W PackageParsing: android defines a knownSigner permission but the provided knownCerts resource is null
04-15 17:03:53.961 540 601 W PackageParsing: android defines a knownSigner permission but the provided knownCerts resource is null
04-15 17:03:53.999 540 601 I PackageParsing: Parse times for '/system/framework/framework-res.apk': parse=147ms, update_cache=20 ms
04-15 17:03:53.999 540 540 I PackageManager: /system/framework/framework-res.apk changed; collecting certs
04-15 17:03:54.016 540 540 W PackageManager: Adding duplicate shared id: 1000 name=android
04-15 17:03:54.131 540 540 I PackageManager: New shared user android.uid.shared: id=10057
04-15 17:03:54.132 540 540 I PackageManager: /system/priv-app/ContactsProvider changed; collecting certs
04-15 17:03:54.153 540 540 W PackageManager: Adding duplicate app id: 10057 name=com.android.providers.contacts
04-15 17:03:54.174 540 600 I PackageParsing: Parse times for '/system/priv-app/MmsService': parse=78ms, update_cache=27 ms
04-15 17:03:54.188 540 599 I PackageParsing: Parse times for '/system/priv-app/Telecom': parse=115ms, update_cache=17 ms
04-15 17:03:54.196 540 540 I PackageManager: /system/priv-app/MmsService changed; collecting certs
04-15 17:03:54.222 540 540 W PackageManager: Adding duplicate shared id: 1001 name=com.android.mms.service
04-15 17:03:54.230 540 540 I PackageManager: /system/priv-app/Telecom changed; collecting certs
04-15 17:03:54.265 540 540 W PackageManager: Adding duplicate shared id: 1000 name=com.android.server.telecom
04-15 17:03:54.290 540 540 I PackageManager: /system/priv-app/NetworkStack changed; collecting certs
04-15 17:03:54.302 540 598 W PackageParsing: Ignoring duplicate uses-permissions/uses-permissions-sdk-m: android.permission.SATELLITE_COMMUNICATION in package: com.android.shell at: Binary XML file line #732
04-15 17:03:54.307 540 599 I PackageParsing: Parse times for '/system/priv-app/SettingsProvider': parse=104ms, update_cache=2 ms
04-15 17:03:54.329 540 540 W PackageManager: Adding duplicate shared id: 1073 name=com.android.networkstack
04-15 17:03:54.349 540 540 I PackageManager: /system/priv-app/SharedStorageBackup changed; collecting certs
04-15 17:03:54.363 540 600 I PackageParsing: Parse times for '/system/priv-app/StatementService': parse=162ms, update_cache=16 ms
04-15 17:03:54.379 540 598 W PackageParsing: Ignoring duplicate uses-permissions/uses-permissions-sdk-m: android.permission.FOREGROUND_SERVICE in package: com.android.shell at: Binary XML file line #824
04-15 17:03:54.381 540 598 W PackageParsing: Ignoring duplicate uses-permissions/uses-permissions-sdk-m: android.permission.FOREGROUND_SERVICE_SYSTEM_EXEMPTED in package: com.android.shell at: Binary XML file line #825
04-15 17:03:54.406 540 598 I PackageParsing: Parse times for '/system/priv-app/Shell': parse=343ms, update_cache=5 ms
04-15 17:03:54.417 540 540 I PackageManager: /system/priv-app/SettingsProvider changed; collecting certs
04-15 17:03:54.479 540 601 I PackageParsing: Parse times for '/system/priv-app/TelephonyProvider': parse=144ms, update_cache=2 ms
04-15 17:03:54.499 540 540 W PackageManager: Adding duplicate shared id: 1000 name=com.android.providers.settings
04-15 17:03:54.507 540 599 I PackageParsing: Parse times for '/system/priv-app/IntentResolver': parse=188ms, update_cache=2 ms
04-15 17:03:54.518 540 540 I PackageManager: /system/priv-app/CallLogBackup changed; collecting certs
04-15 17:03:54.583 540 598 I PackageParsing: Parse times for '/system/priv-app/InputDevices': parse=108ms, update_cache=1 ms
04-15 17:03:54.593 540 540 W PackageManager: Adding duplicate app id: 10057 name=com.android.calllogbackup
04-15 17:03:54.617 540 540 I PackageManager: /system/priv-app/StatementService changed; collecting certs
04-15 17:03:54.627 540 600 I PackageParsing: Parse times for '/system/priv-app/CredentialManager': parse=179ms, update_cache=2 ms
04-15 17:03:54.780 540 540 I PackageManager: /system/priv-app/Shell changed; collecting certs
04-15 17:03:54.792 540 598 I PackageParsing: Parse times for '/system/priv-app/DynamicSystemInstallationService': parse=104ms, update_cache=56 ms
04-15 17:03:54.842 540 601 W PackageParsing: Ignoring duplicate uses-permissions/uses-permissions-sdk-m: android.permission.POST_NOTIFICATIONS in package: com.android.phone at: Binary XML file line #168
04-15 17:03:54.879 540 599 I PackageParsing: Parse times for '/system/priv-app/NetworkStackNext': parse=161ms, update_cache=18 ms
04-15 17:03:54.913 540 540 W PackageManager: Adding duplicate shared id: 2000 name=com.android.shell
04-15 17:03:54.916 540 600 I PackageParsing: Parse times for '/system/priv-app/PackageInstaller': parse=250ms, update_cache=29 ms
04-15 17:03:55.033 540 540 I PackageManager: /system/priv-app/VpnDialogs changed; collecting certs
04-15 17:03:55.041 540 601 I PackageParsing: Parse times for '/system/priv-app/TeleService': parse=409ms, update_cache=121 ms
04-15 17:03:55.157 540 540 I PackageManager: New shared user android.uid.calendar: id=10061
04-15 17:03:55.159 540 540 I PackageManager: /system/priv-app/CalendarProvider changed; collecting certs
04-15 17:03:55.178 540 598 I PackageParsing: Parse times for '/system/priv-app/BuiltInPrintService': parse=270ms, update_cache=43 ms
04-15 17:03:55.270 540 540 W PackageManager: Adding duplicate app id: 10061 name=com.android.providers.calendar
04-15 17:03:55.302 540 540 I PackageManager: /system/priv-app/TelephonyProvider changed; collecting certs
04-15 17:03:55.313 540 598 I PackageParsing: Parse times for '/system/priv-app/SoundPicker': parse=113ms, update_cache=3 ms
04-15 17:03:55.315 540 601 I PackageParsing: Parse times for '/system/priv-app/BlockedNumberProvider': parse=157ms, update_cache=43 ms
04-15 17:03:55.328 540 600 I PackageParsing: Parse times for '/system/priv-app/ManagedProvisioning': parse=342ms, update_cache=37 ms
04-15 17:03:55.337 540 540 W PackageManager: Adding duplicate shared id: 1001 name=com.android.providers.telephony
04-15 17:03:55.350 540 540 I PackageManager: /system/priv-app/IntentResolver changed; collecting certs
04-15 17:03:55.375 540 599 I PackageParsing: Parse times for '/system/priv-app/LiveWallpapersPicker': parse=413ms, update_cache=17 ms
04-15 17:03:55.472 540 540 I PackageManager: /system/priv-app/CellBroadcastLegacyApp changed; collecting certs
04-15 17:03:55.479 540 598 I PackageParsing: Parse times for '/system/priv-app/DownloadProviderUi': parse=137ms, update_cache=25 ms
04-15 17:03:55.485 540 601 I PackageParsing: Parse times for '/system/priv-app/DocumentsUI': parse=118ms, update_cache=26 ms
04-15 17:03:55.558 540 540 I PackageManager: /system/priv-app/InputDevices changed; collecting certs
04-15 17:03:55.580 540 540 W PackageManager: Adding duplicate shared id: 1000 name=com.android.inputdevices
04-15 17:03:55.592 540 540 I PackageManager: /system/priv-app/CredentialManager changed; collecting certs
04-15 17:03:55.611 540 540 I PackageManager: New shared user android.media: id=10065
04-15 17:03:55.613 540 540 I PackageManager: /system/priv-app/MediaProviderLegacy changed; collecting certs
04-15 17:03:55.624 540 540 W PackageManager: Adding duplicate app id: 10065 name=com.android.providers.media
04-15 17:03:55.630 540 540 I PackageManager: /system/priv-app/DynamicSystemInstallationService changed; collecting certs
04-15 17:03:55.645 540 540 W PackageManager: Adding duplicate shared id: 1000 name=com.android.dynsystem
04-15 17:03:55.650 540 540 I PackageManager: /system/priv-app/DownloadProvider changed; collecting certs
04-15 17:03:55.658 540 540 W PackageManager: Adding duplicate app id: 10065 name=com.android.providers.downloads
04-15 17:03:55.663 540 540 I PackageManager: /system/priv-app/NetworkStackNext changed; collecting certs
04-15 17:03:55.669 540 540 W PackageManager: Failed to scan /system/priv-app/NetworkStackNext: Application package com.android.networkstack already installed. Skipping duplicate.
04-15 17:03:55.670 540 540 I PackageManager: /system/priv-app/PackageInstaller changed; collecting certs
04-15 17:03:55.681 540 540 I PackageManager: /system/priv-app/TeleService changed; collecting certs
04-15 17:03:55.688 540 540 W PackageManager: Adding duplicate shared id: 1001 name=com.android.phone
04-15 17:03:55.693 540 540 I PackageManager: /system/priv-app/LocalTransport changed; collecting certs
04-15 17:03:55.701 540 540 W PackageManager: Adding duplicate shared id: 1000 name=com.android.localtransport
04-15 17:03:55.705 540 540 I PackageManager: /system/priv-app/BuiltInPrintService changed; collecting certs
04-15 17:03:55.715 540 540 I PackageManager: /system/priv-app/SoundPicker changed; collecting certs
04-15 17:03:55.722 540 540 W PackageManager: Adding duplicate app id: 10065 name=com.android.soundpicker
04-15 17:03:55.727 540 540 I PackageManager: /system/priv-app/BlockedNumberProvider changed; collecting certs
04-15 17:03:55.736 540 540 W PackageManager: Adding duplicate app id: 10057 name=com.android.providers.blockednumber
04-15 17:03:55.739 540 540 I PackageManager: /system/priv-app/ManagedProvisioning changed; collecting certs
04-15 17:03:55.749 540 540 I PackageManager: /system/priv-app/LiveWallpapersPicker changed; collecting certs
04-15 17:03:55.759 540 540 I PackageManager: /system/priv-app/ONS changed; collecting certs
04-15 17:03:55.767 540 540 W PackageManager: Adding duplicate shared id: 1001 name=com.android.ons
04-15 17:03:55.772 540 540 I PackageManager: /system/priv-app/ExternalStorageProvider changed; collecting certs
04-15 17:03:55.784 540 540 I PackageManager: /system/priv-app/DownloadProviderUi changed; collecting certs
