04-15 17:04:05.947 540 540 V SystemServerTiming: OnBootPhase_200 took to complete: 20ms
04-15 17:04:05.970 540 540 I WindowManager: No existing display settings, starting empty
04-15 17:04:05.995 540 564 I WindowTracing: Setting window tracing log level to 1
04-15 17:04:05.995 540 564 I WindowTracing: Setting window tracing buffer capacity to 10485760bytes
04-15 17:04:06.036 540 540 V SystemServerTiming: StartWindowManagerService took to complete: 110ms
04-15 17:04:06.036 540 540 D SystemServerTiming: SetWindowManagerService
04-15 17:04:06.223 540 540 I ActivityTaskManager: Loaded persisted task ids for user 0
04-15 17:04:06.238 540 540 V SystemServerTiming: SetWindowManagerService took to complete: 202ms
04-15 17:04:06.238 540 540 D SystemServerTiming: WindowManagerServiceOnInitReady
04-15 17:04:06.240 540 565 W system_server: Long monitor contention with owner main (540) at void com.android.server.wm.ActivityTaskManagerService.setWindowManager(com.android.server.wm.WindowManagerService)(ActivityTaskManagerService.java:1042) waiters=0 in void com.android.server.wm.WindowAnimator.lambda$new$1(long) for 167ms
04-15 17:04:06.278 540 562 W BroadcastLoopers: Found previously unknown looper Thread[android.ui,5,main]
04-15 17:04:06.286 540 540 V SystemServerTiming: WindowManagerServiceOnInitReady took to complete: 47ms
04-15 17:04:06.287 540 540 D SystemServerTiming: StartInputManager
04-15 17:04:06.287 540 540 I InputManager: Starting input manager
04-15 17:04:06.289 540 568 D SystemServerTimingAsync: InitThreadPoolExec:StartISensorManagerService
04-15 17:04:06.289 540 568 D SystemServerInitThreadPool: Started executing StartISensorManagerService
04-15 17:04:06.289 540 568 D SystemServerTimingAsync: StartISensorManagerService
04-15 17:04:06.289 540 610 D SystemServerTimingAsync: InitThreadPoolExec:StartHidlServices
04-15 17:04:06.289 540 610 D SystemServerInitThreadPool: Started executing StartHidlServices
04-15 17:04:06.289 540 610 D SystemServerTimingAsync: StartHidlServices
04-15 17:04:06.297 133 133 I hwservicemanager: getTransport: Cannot find entry android.frameworks.schedulerservice@1.0::ISchedulingPolicyService/default in either framework or device VINTF manifest.
04-15 17:04:06.301 540 540 V SystemServerTiming: StartInputManager took to complete: 14ms
04-15 17:04:06.301 540 540 D SystemServerTiming: DisplayManagerWindowManagerAndInputReady
04-15 17:04:06.302 540 540 V HistoricalRegistry: Interaction before persistence initialized
04-15 17:04:06.306 540 610 W system_server: android.frameworks.schedulerservice@1.0::ISchedulingPolicyService is deprecated. Skipping registration.
04-15 17:04:06.307 540 610 V SystemServerTimingAsync: StartHidlServices took to complete: 17ms
04-15 17:04:06.307 540 610 D SystemServerInitThreadPool: Finished executing StartHidlServices
04-15 17:04:06.308 540 610 V SystemServerTimingAsync: InitThreadPoolExec:StartHidlServices took to complete: 20ms
04-15 17:04:06.313 540 540 V SystemServerTiming: DisplayManagerWindowManagerAndInputReady took to complete: 5ms
04-15 17:04:06.314 540 540 D SystemServerTiming: StartBluetoothService
04-15 17:04:06.318 540 540 I SystemServiceManager: Starting com.android.server.bluetooth.BluetoothService
04-15 17:04:06.347 540 540 D BluetoothManagerService: Loading stored name and address
04-15 17:04:06.348 540 540 D BluetoothManagerService: Stored bluetooth Name=null,Address=null
04-15 17:04:06.350 540 540 D BluetoothManagerService: Bluetooth persisted state: 1
04-15 17:04:06.351 540 540 D BluetoothManagerService: Startup: Bluetooth persisted state is ON.
04-15 17:04:06.353 540 568 I HidlServiceManagement: Registered android.frameworks.sensorservice@1.0::ISensorManager/default
04-15 17:04:06.358 540 540 D BluetoothManagerService: Detected SystemUiUid: 10117
04-15 17:04:06.359 540 540 D BluetoothSatelliteModeListener: BluetoothSatelliteModeListener
04-15 17:04:06.371 0 0 I servicemanager: Found android.frameworks.sensorservice.ISensorManager/default in framework VINTF manifest.
04-15 17:04:06.363 540 540 V SystemServerTiming: StartBluetoothService took to complete: 49ms
04-15 17:04:06.363 540 540 D SystemServerTiming: IpConnectivityMetrics
04-15 17:04:06.364 540 540 I SystemServiceManager: Starting com.android.server.connectivity.IpConnectivityMetrics
04-15 17:04:06.368 540 540 V SystemServerTiming: IpConnectivityMetrics took to complete: 5ms
04-15 17:04:06.371 540 540 D SystemServerTiming: NetworkWatchlistService
04-15 17:04:06.371 540 540 I SystemServiceManager: Starting com.android.server.net.watchlist.NetworkWatchlistService$Lifecycle
04-15 17:04:06.377 540 568 V SystemServerTimingAsync: StartISensorManagerService took to complete: 80ms
04-15 17:04:06.380 540 568 D SystemServerInitThreadPool: Finished executing StartISensorManagerService
04-15 17:04:06.397 540 568 V SystemServerTimingAsync: InitThreadPoolExec:StartISensorManagerService took to complete: 108ms
04-15 17:04:06.405 540 652 I WatchlistLoggingHandler: Start aggregating watchlist records.
04-15 17:04:06.408 540 540 V SystemServerTiming: NetworkWatchlistService took to complete: 37ms
04-15 17:04:06.408 540 540 D SystemServerTiming: PinnerService
04-15 17:04:06.409 540 540 I SystemServiceManager: Starting com.android.server.PinnerService
04-15 17:04:06.410 540 540 V HistoricalRegistry: Interaction before persistence initialized
04-15 17:04:06.418 540 540 V SystemServerTiming: PinnerService took to complete: 10ms
04-15 17:04:06.427 540 540 D SystemServerTiming: SignedConfigService
04-15 17:04:06.431 540 648 W EventHub: Unable to disable kernel key repeat for /dev/input/event12: Function not implemented
04-15 17:04:06.433 540 648 I EventHub: usingClockIoctl=true
04-15 17:04:06.434 540 648 I EventHub: New device: id=1, fd=197, path='/dev/input/event12', name='virtio_input_multi_touch_11', classes=KEYBOARD | TOUCH | TOUCH_MT | SWITCH, configuration='/vendor/usr/idc/virtio_input_multi_touch_11.idc', keyLayout='/system/usr/keylayout/Generic.kl', keyCharacterMap='/system/usr/keychars/Generic.kcm', builtinKeyboard=false,
04-15 17:04:06.441 540 540 V SystemServerTiming: SignedConfigService took to complete: 5ms
04-15 17:04:06.441 540 540 D SystemServerTiming: AppIntegrityService
04-15 17:04:06.441 540 540 I SystemServiceManager: Starting com.android.server.integrity.AppIntegrityManagerService
04-15 17:04:06.466 540 648 W EventHub: Unable to disable kernel key repeat for /dev/input/event11: Function not implemented
04-15 17:04:06.467 540 648 I EventHub: usingClockIoctl=true
04-15 17:04:06.467 540 648 I EventHub: New device: id=2, fd=208, path='/dev/input/event11', name='virtio_input_multi_touch_10', classes=KEYBOARD | TOUCH | TOUCH_MT | SWITCH, configuration='/vendor/usr/idc/virtio_input_multi_touch_10.idc', keyLayout='/system/usr/keylayout/Generic.kl', keyCharacterMap='/system/usr/keychars/Generic.kcm', builtinKeyboard=false,
04-15 17:04:06.472 540 540 V SystemServerTiming: AppIntegrityService took to complete: 31ms
04-15 17:04:06.472 540 540 D SystemServerTiming: StartLogcatManager
04-15 17:04:06.473 540 540 I SystemServiceManager: Starting com.android.server.logcat.LogcatManagerService
04-15 17:04:06.480 540 540 V SystemServerTiming: StartLogcatManager took to complete: 8ms
04-15 17:04:06.489 540 648 W EventHub: Unable to disable kernel key repeat for /dev/input/event10: Function not implemented
04-15 17:04:06.489 540 648 I EventHub: usingClockIoctl=true
04-15 17:04:06.490 540 648 I EventHub: New device: id=3, fd=209, path='/dev/input/event10', name='virtio_input_multi_touch_9', classes=KEYBOARD | TOUCH | TOUCH_MT | SWITCH, configuration='/vendor/usr/idc/virtio_input_multi_touch_9.idc', keyLayout='/system/usr/keylayout/Generic.kl', keyCharacterMap='/system/usr/keychars/Generic.kcm', builtinKeyboard=false,
04-15 17:04:06.502 540 648 W EventHub: Unable to disable kernel key repeat for /dev/input/event9: Function not implemented
04-15 17:04:06.503 540 648 I EventHub: usingClockIoctl=true
04-15 17:04:06.503 540 648 I EventHub: New device: id=4, fd=210, path='/dev/input/event9', name='virtio_input_multi_touch_8', classes=KEYBOARD | TOUCH | TOUCH_MT | SWITCH, configuration='/vendor/usr/idc/virtio_input_multi_touch_8.idc', keyLayout='/system/usr/keylayout/Generic.kl', keyCharacterMap='/system/usr/keychars/Generic.kcm', builtinKeyboard=false,
04-15 17:04:06.519 540 648 W EventHub: Unable to disable kernel key repeat for /dev/input/event8: Function not implemented
04-15 17:04:06.519 540 648 I EventHub: usingClockIoctl=true
04-15 17:04:06.520 540 648 I EventHub: New device: id=5, fd=211, path='/dev/input/event8', name='virtio_input_multi_touch_7', classes=KEYBOARD | TOUCH | TOUCH_MT | SWITCH, configuration='/vendor/usr/idc/virtio_input_multi_touch_7.idc', keyLayout='/system/usr/keylayout/Generic.kl', keyCharacterMap='/system/usr/keychars/Generic.kcm', builtinKeyboard=false,
04-15 17:04:06.531 540 648 W EventHub: Unable to disable kernel key repeat for /dev/input/event7: Function not implemented
04-15 17:04:06.532 540 648 I EventHub: usingClockIoctl=true
04-15 17:04:06.532 540 648 I EventHub: New device: id=6, fd=212, path='/dev/input/event7', name='virtio_input_multi_touch_6', classes=KEYBOARD | TOUCH | TOUCH_MT | SWITCH, configuration='/vendor/usr/idc/virtio_input_multi_touch_6.idc', keyLayout='/system/usr/keylayout/Generic.kl', keyCharacterMap='/system/usr/keychars/Generic.kcm', builtinKeyboard=false,
04-15 17:04:06.548 540 648 W EventHub: Unable to disable kernel key repeat for /dev/input/event6: Function not implemented
04-15 17:04:06.548 540 648 I EventHub: usingClockIoctl=true
04-15 17:04:06.548 540 648 I EventHub: New device: id=7, fd=213, path='/dev/input/event6', name='virtio_input_multi_touch_5', classes=KEYBOARD | TOUCH | TOUCH_MT | SWITCH, configuration='/vendor/usr/idc/virtio_input_multi_touch_5.idc', keyLayout='/system/usr/keylayout/Generic.kl', keyCharacterMap='/system/usr/keychars/Generic.kcm', builtinKeyboard=false,
04-15 17:04:06.561 540 648 W EventHub: Unable to disable kernel key repeat for /dev/input/event5: Function not implemented
04-15 17:04:06.562 540 648 I EventHub: usingClockIoctl=true
04-15 17:04:06.562 540 648 I EventHub: New device: id=8, fd=214, path='/dev/input/event5', name='virtio_input_multi_touch_4', classes=KEYBOARD | TOUCH | TOUCH_MT | SWITCH, configuration='/vendor/usr/idc/virtio_input_multi_touch_4.idc', keyLayout='/system/usr/keylayout/Generic.kl', keyCharacterMap='/system/usr/keychars/Generic.kcm', builtinKeyboard=false,
04-15 17:04:06.580 540 648 W EventHub: Unable to disable kernel key repeat for /dev/input/event4: Function not implemented
04-15 17:04:06.580 540 648 I EventHub: usingClockIoctl=true
04-15 17:04:06.580 540 648 I EventHub: New device: id=9, fd=215, path='/dev/input/event4', name='virtio_input_multi_touch_3', classes=KEYBOARD | TOUCH | TOUCH_MT | SWITCH, configuration='/vendor/usr/idc/virtio_input_multi_touch_3.idc', keyLayout='/system/usr/keylayout/Generic.kl', keyCharacterMap='/system/usr/keychars/Generic.kcm', builtinKeyboard=false,
04-15 17:04:06.608 540 648 W EventHub: Unable to disable kernel key repeat for /dev/input/event3: Function not implemented
04-15 17:04:06.609 540 648 I EventHub: usingClockIoctl=true
04-15 17:04:06.609 540 648 I EventHub: New device: id=10, fd=207, path='/dev/input/event3', name='virtio_input_multi_touch_2', classes=KEYBOARD | TOUCH | TOUCH_MT | SWITCH, configuration='/vendor/usr/idc/virtio_input_multi_touch_2.idc', keyLayout='/system/usr/keylayout/Generic.kl', keyCharacterMap='/system/usr/keychars/Generic.kcm', builtinKeyboard=false,
04-15 17:04:06.637 540 648 W EventHub: Unable to disable kernel key repeat for /dev/input/event2: Function not implemented
04-15 17:04:06.638 540 648 I EventHub: usingClockIoctl=true
04-15 17:04:06.638 540 648 I EventHub: New device: id=11, fd=217, path='/dev/input/event2', name='virtio_input_multi_touch_1', classes=KEYBOARD | TOUCH | TOUCH_MT | SWITCH, configuration='/vendor/usr/idc/virtio_input_multi_touch_1.idc', keyLayout='/system/usr/keylayout/Generic.kl', keyCharacterMap='/system/usr/keychars/Generic.kcm', builtinKeyboard=false,
04-15 17:04:06.650 540 648 D EventHub: No input device configuration file found for device 'Power Button'.
04-15 17:04:06.662 540 648 W EventHub: Unable to disable kernel key repeat for /dev/input/event0: Function not implemented
04-15 17:04:06.662 540 648 I EventHub: usingClockIoctl=true
04-15 17:04:06.663 540 648 I EventHub: New device: id=12, fd=219, path='/dev/input/event0', name='Power Button', classes=KEYBOARD, configuration='', keyLayout='/system/usr/keylayout/Generic.kl', keyCharacterMap='/system/usr/keychars/Generic.kcm', builtinKeyboard=false,
04-15 17:04:06.666 540 648 D EventHub: No input device configuration file found for device 'AT Translated Set 2 keyboard'.
04-15 17:04:06.676 540 648 I EventHub: usingClockIoctl=true
04-15 17:04:06.677 540 648 I EventHub: New device: id=13, fd=220, path='/dev/input/event1', name='AT Translated Set 2 keyboard', classes=KEYBOARD | ALPHAKEY, configuration='', keyLayout='/system/usr/keylayout/Generic.kl', keyCharacterMap='/system/usr/keychars/Generic.kcm', builtinKeyboard=false,
04-15 17:04:06.698 540 648 I InputReader: Device added: id=-1, eventHubId=-1, name='Virtual', descriptor='a718a782d34bc767f4689c232d64d527998ea7fd',sources=KEYBOARD | DPAD
04-15 17:04:06.705 540 648 I InputReader: Device added: id=2, eventHubId=13, name='AT Translated Set 2 keyboard', descriptor='485d69228e24f5e46da1598745890b214130dbc4',sources=KEYBOARD
04-15 17:04:06.705 540 648 I InputReader: Device added: id=3, eventHubId=12, name='Power Button', descriptor='26d13db3fa0f6bd5d05831266fb01ea6c500b88c',sources=KEYBOARD
04-15 17:04:06.714 540 648 I InputReader: Touch device 'virtio_input_multi_touch_1' could not query the properties of its associated display. The device will be inoperable until the display size becomes available.
04-15 17:04:06.715 540 648 I InputReader: Device added: id=4, eventHubId=11, name='virtio_input_multi_touch_1', descriptor='43db9dd6fa61939c1b516cd9522f0fe93926a00b',sources=KEYBOARD | TOUCHSCREEN | STYLUS
04-15 17:04:06.720 540 648 I InputReader: Touch device 'virtio_input_multi_touch_2' could not query the properties of its associated display. The device will be inoperable until the display size becomes available.
04-15 17:04:06.721 540 648 I InputReader: Device added: id=5, eventHubId=10, name='virtio_input_multi_touch_2', descriptor='929d4636b8e04f50240a26561429a6e91c9eff9e',sources=KEYBOARD | TOUCHSCREEN | STYLUS
04-15 17:04:06.722 540 648 I InputReader: Touch device 'virtio_input_multi_touch_3' could not query the properties of its associated display. The device will be inoperable until the display size becomes available.
04-15 17:04:06.723 540 648 I InputReader: Device added: id=6, eventHubId=9, name='virtio_input_multi_touch_3', descriptor='d02b0eff93435c71d7fcb0c5db2c4e01c700002e',sources=KEYBOARD | TOUCHSCREEN | STYLUS
04-15 17:04:06.727 540 648 I InputReader: Touch device 'virtio_input_multi_touch_4' could not query the properties of its associated display. The device will be inoperable until the display size becomes available.
04-15 17:04:06.741 540 648 I InputReader: Device added: id=7, eventHubId=8, name='virtio_input_multi_touch_4', descriptor='3e50b6575df319e017bd447766007caeb20ef93b',sources=KEYBOARD | TOUCHSCREEN | STYLUS
04-15 17:04:06.743 540 648 I InputReader: Touch device 'virtio_input_multi_touch_5' could not query the properties of its associated display. The device will be inoperable until the display size becomes available.
04-15 17:04:06.743 540 648 I InputReader: Device added: id=8, eventHubId=7, name='virtio_input_multi_touch_5', descriptor='a009ac16f7539a9e4072c1f537120c35a8163d3b',sources=KEYBOARD | TOUCHSCREEN | STYLUS
04-15 17:04:06.757 540 648 I InputReader: Touch device 'virtio_input_multi_touch_6' could not query the properties of its associated display. The device will be inoperable until the display size becomes available.
04-15 17:04:06.759 540 648 I InputReader: Device added: id=9, eventHubId=6, name='virtio_input_multi_touch_6', descriptor='0b49b597447c4c7be1d009f9a86bbed08b2e6b6d',sources=KEYBOARD | TOUCHSCREEN | STYLUS
04-15 17:04:06.764 540 648 I InputReader: Touch device 'virtio_input_multi_touch_7' could not query the properties of its associated display. The device will be inoperable until the display size becomes available.
04-15 17:04:06.772 540 648 I InputReader: Device added: id=10, eventHubId=5, name='virtio_input_multi_touch_7', descriptor='e1c836c7be888adb29ca6646292e486f96461e97',sources=KEYBOARD | TOUCHSCREEN | STYLUS
04-15 17:04:06.773 540 648 I InputReader: Touch device 'virtio_input_multi_touch_8' could not query the properties of its associated display. The device will be inoperable until the display size becomes available.
04-15 17:04:06.774 540 648 I InputReader: Device added: id=11, eventHubId=4, name='virtio_input_multi_touch_8', descriptor='df0ec362af5f2fec5a1bbb512f6e9556bd6b3fcf',sources=KEYBOARD | TOUCHSCREEN | STYLUS
04-15 17:04:06.774 540 648 I InputReader: Touch device 'virtio_input_multi_touch_9' could not query the properties of its associated display. The device will be inoperable until the display size becomes available.
04-15 17:04:06.775 540 648 I InputReader: Device added: id=12, eventHubId=3, name='virtio_input_multi_touch_9', descriptor='ac8abc2b3d95a68148a903fffc0a312b4dd19302',sources=KEYBOARD | TOUCHSCREEN | STYLUS
04-15 17:04:06.782 540 648 I InputReader: Touch device 'virtio_input_multi_touch_10' could not query the properties of its associated display. The device will be inoperable until the display size becomes available.
04-15 17:04:06.783 540 648 I InputReader: Device added: id=13, eventHubId=2, name='virtio_input_multi_touch_10', descriptor='03d5168c37d991df1726df002537cd6ccc5b68cb',sources=KEYBOARD | TOUCHSCREEN | STYLUS
04-15 17:04:06.789 540 648 I InputReader: Touch device 'virtio_input_multi_touch_11' could not query the properties of its associated display. The device will be inoperable until the display size becomes available.
04-15 17:04:06.789 540 648 I InputReader: Device added: id=14, eventHubId=1, name='virtio_input_multi_touch_11', descriptor='e760666b71e579617395a5018f318365e9f44147',sources=KEYBOARD | TOUCHSCREEN | STYLUS
04-15 17:04:06.810 540 540 I WindowManager: SAFE MODE not enabled
04-15 17:04:06.811 540 540 D SystemServerTiming: StartInputMethodManagerLifecycle
04-15 17:04:06.815 540 540 I SystemServiceManager: Starting com.android.server.inputmethod.InputMethodManagerService$Lifecycle
04-15 17:04:06.905 540 540 V SystemServerTiming: StartInputMethodManagerLifecycle took to complete: 94ms
04-15 17:04:06.906 540 540 D SystemServerTiming: StartAccessibilityManagerService
04-15 17:04:06.906 540 540 I SystemServiceManager: Starting com.android.server.accessibility.AccessibilityManagerService$Lifecycle
04-15 17:04:07.020 540 540 V SystemServerTiming: StartAccessibilityManagerService took to complete: 114ms
04-15 17:04:07.020 540 540 D SystemServerTiming: MakeDisplayReady
04-15 17:04:07.050 540 540 I ActivityTaskManager: Config changes=20005df8 {1.0 ?mcc0mnc [en_US] ldltr sw411dp w411dp h914dp 420dpi nrml long port ?uimode ?night -touch qwerty/v/v -nav/h winConfig={ mBounds=Rect(0, 0 - 1080, 2400) mAppBounds=Rect(0, 0 - 1080, 2400) mMaxBounds=Rect(0, 0 - 1080, 2400) mDisplayRotation=ROTATION_0 mWindowingMode=fullscreen mDisplayWindowingMode=fullscreen mActivityType=undefined mAlwaysOnTop=undefined mRotation=ROTATION_0} s.2 ?fontWeightAdjustment}
04-15 17:04:07.057 540 540 I WindowManager: Override config changes=60007dfc {1.0 ?mcc0mnc [en_US] ldltr sw411dp w411dp h914dp 420dpi nrml long port ?uimode ?night -touch qwerty/v/v -nav/h winConfig={ mBounds=Rect(0, 0 - 1080, 2400) mAppBounds=Rect(0, 0 - 1080, 2400) mMaxBounds=Rect(0, 0 - 1080, 2400) mDisplayRotation=ROTATION_0 mWindowingMode=fullscreen mDisplayWindowingMode=fullscreen mActivityType=undefined mAlwaysOnTop=undefined mRotation=ROTATION_0} s.2 ?fontWeightAdjustment} for displayId=0
04-15 17:04:07.078 540 540 I DisplayDevice: [0] Layerstack set to 0 for local:4619827259835644672
04-15 17:04:07.131 540 562 W Looper : Slow dispatch took 102ms android.ui h=android.os.Handler c=android.hardware.display.DisplayManagerGlobal$DisplayListenerDelegate$$ExternalSyntheticLambda0@1a21cad m=0
04-15 17:04:07.147 540 540 I ActivityTaskManager: Config changes=8 {1.0 ?mcc0mnc [en_US] ldltr sw411dp w411dp h914dp 420dpi nrml long port ?uimode ?night finger qwerty/v/v -nav/h winConfig={ mBounds=Rect(0, 0 - 1080, 2400) mAppBounds=Rect(0, 0 - 1080, 2400) mMaxBounds=Rect(0, 0 - 1080, 2400) mDisplayRotation=ROTATION_0 mWindowingMode=fullscreen mDisplayWindowingMode=fullscreen mActivityType=undefined mAlwaysOnTop=undefined mRotation=ROTATION_0} s.4 ?fontWeightAdjustment}
04-15 17:04:07.165 0 0 I init : processing action (sys.sysctl.extra_free_kbytes=*) from (/system/etc/init/hw/init.rc:1233)
04-15 17:04:07.150 540 540 I WindowManager: Override config changes=8 {1.0 ?mcc0mnc [en_US] ldltr sw411dp w411dp h914dp 420dpi nrml long port ?uimode ?night finger qwerty/v/v -nav/h winConfig={ mBounds=Rect(0, 0 - 1080, 2400) mAppBounds=Rect(0, 0 - 1080, 2400) mMaxBounds=Rect(0, 0 - 1080, 2400) mDisplayRotation=ROTATION_0 mWindowingMode=fullscreen mDisplayWindowingMode=fullscreen mActivityType=undefined mAlwaysOnTop=undefined mRotation=ROTATION_0} s.4 ?fontWeightAdjustment} for displayId=0
04-15 17:04:07.158 540 540 V SystemServerTiming: MakeDisplayReady took to complete: 138ms
04-15 17:04:07.158 540 540 D SystemServerTiming: StartStorageManagerService
04-15 17:04:07.158 540 540 I SystemServiceManager: Starting com.android.server.StorageManagerService$Lifecycle
04-15 17:04:07.165 540 564 W BroadcastLoopers: Found previously unknown looper Thread[android.display,5,main]
04-15 17:04:07.167 540 564 I InputManager-JNI: Viewport [0] to add: local:4619827259835644672, isActive: false
04-15 17:04:07.185 444 465 D installd: Found quota mount /dev/block/dm-38 at /data
04-15 17:04:07.200 0 0 I init : starting service 'exec 19 (/system/bin/extra_free_kbytes.sh 30375)'...
04-15 17:04:07.201 540 648 I InputReader: Reconfiguring input devices, changes=DISPLAY_INFO
04-15 17:04:07.202 540 648 I InputReader: Touch device 'virtio_input_multi_touch_11' could not query the properties of its associated display. The device will be inoperable until the display size becomes available.
04-15 17:04:07.203 540 648 I InputReader: Touch device 'virtio_input_multi_touch_10' could not query the properties of its associated display. The device will be inoperable until the display size becomes available.
04-15 17:04:07.203 540 648 I InputReader: Touch device 'virtio_input_multi_touch_9' could not query the properties of its associated display. The device will be inoperable until the display size becomes available.
04-15 17:04:07.205 444 465 D installd: Found quota mount /dev/block/dm-38 at /data/user/0
04-15 17:04:07.208 540 648 I InputReader: Touch device 'virtio_input_multi_touch_7' could not query the properties of its associated display. The device will be inoperable until the display size becomes available.
04-15 17:04:07.209 540 648 I InputReader: Touch device 'virtio_input_multi_touch_6' could not query the properties of its associated display. The device will be inoperable until the display size becomes available.
04-15 17:04:07.209 540 648 I InputReader: Touch device 'virtio_input_multi_touch_5' could not query the properties of its associated display. The device will be inoperable until the display size becomes available.
04-15 17:04:07.218 540 648 I InputReader: Touch device 'virtio_input_multi_touch_4' could not query the properties of its associated display. The device will be inoperable until the display size becomes available.
04-15 17:04:07.218 540 648 I InputReader: Touch device 'virtio_input_multi_touch_3' could not query the properties of its associated display. The device will be inoperable until the display size becomes available.
04-15 17:04:07.218 540 648 I InputReader: Disabling virtio_input_multi_touch_1 (device 4) because the associated viewport is not active
04-15 17:04:07.218 540 648 I InputReader: Device reconfigured: id=4, name='virtio_input_multi_touch_1', size 32768x32768, orientation 0, mode 0, display id 0
04-15 17:04:07.219 540 648 I InputReader: Touch device 'virtio_input_multi_touch_2' could not query the properties of its associated display. The device will be inoperable until the display size becomes available.
04-15 17:04:07.219 540 648 I InputReader: Touch device 'virtio_input_multi_touch_8' could not query the properties of its associated display. The device will be inoperable until the display size becomes available.
04-15 17:04:07.246 540 659 D StorageManagerService: Thinking about reset, mBootCompleted=false, mDaemonConnected=true
04-15 17:04:07.265 0 0 I init : ... started service 'exec 19 (/system/bin/extra_free_kbytes.sh 30375)' has pid 661
04-15 17:04:07.265 0 0 I init : SVC_EXEC service 'exec 19 (/system/bin/extra_free_kbytes.sh 30375)' pid 661 (uid 0 gid 0+0 context default) started; waiting...
04-15 17:04:07.270 0 0 I init : Command 'exec -- /system/bin/extra_free_kbytes.sh ${sys.sysctl.extra_free_kbytes}' action=sys.sysctl.extra_free_kbytes=* (/system/etc/init/hw/init.rc:1234) took 100ms and succeeded
04-15 17:04:07.265 540 540 D StorageManagerService: CE storage for users [0] is already unlocked
04-15 17:04:07.273 540 659 D StorageManagerService: Thinking about reset, mBootCompleted=false, mDaemonConnected=true
04-15 17:04:07.274 540 540 W SystemServiceManager: Service com.android.server.StorageManagerService$Lifecycle took 115 ms in onStart
04-15 17:04:07.275 540 540 V SystemServerTiming: StartStorageManagerService took to complete: 117ms
04-15 17:04:07.275 540 540 D SystemServerTiming: StartStorageStatsService
04-15 17:04:07.281 540 540 I SystemServiceManager: Starting com.android.server.usage.StorageStatsService$Lifecycle
04-15 17:04:07.291 444 465 D installd: Found quota mount /dev/block/dm-38 at /data
04-15 17:04:07.299 444 465 D installd: Found quota mount /dev/block/dm-38 at /data/user/0
04-15 17:04:07.311 444 465 D installd: Found quota mount /dev/block/dm-38 at /data
04-15 17:04:07.329 444 465 D installd: Found quota mount /dev/block/dm-38 at /data/user/0
04-15 17:04:07.391 540 540 W SystemServiceManager: Service com.android.server.usage.StorageStatsService$Lifecycle took 109 ms in onStart
04-15 17:04:07.396 540 540 V SystemServerTiming: StartStorageStatsService took to complete: 116ms
04-15 17:04:07.396 540 540 D SystemServerTiming: StartUiModeManager
04-15 17:04:07.399 540 540 I SystemServiceManager: Starting com.android.server.UiModeManagerService
04-15 17:04:07.408 540 610 D SystemServerTimingAsync: InitThreadPoolExec:UiModeManager.onStart
04-15 17:04:07.409 540 610 D SystemServerInitThreadPool: Started executing UiModeManager.onStart
04-15 17:04:07.426 540 540 V SystemServerTiming: StartUiModeManager took to complete: 30ms
04-15 17:04:07.427 540 540 D SystemServerTiming: StartLocaleManagerService
04-15 17:04:07.427 540 540 I SystemServiceManager: Starting com.android.server.locales.LocaleManagerService
04-15 17:04:07.490 540 610 D SystemServerInitThreadPool: Finished executing UiModeManager.onStart
04-15 17:04:07.490 540 610 V SystemServerTimingAsync: InitThreadPoolExec:UiModeManager.onStart took to complete: 81ms
04-15 17:04:07.492 540 540 V SystemServerTiming: StartLocaleManagerService took to complete: 65ms
04-15 17:04:07.493 540 540 D SystemServerTiming: StartGrammarInflectionService
04-15 17:04:07.494 540 540 I SystemServiceManager: Starting com.android.server.grammaticalinflection.GrammaticalInflectionService
04-15 17:04:07.512 540 540 V SystemServerTiming: StartGrammarInflectionService took to complete: 18ms
04-15 17:04:07.513 540 540 D SystemServerTiming: StartAppHibernationService
04-15 17:04:07.514 540 540 I SystemServiceManager: Starting com.android.server.apphibernation.AppHibernationService
04-15 17:04:07.537 540 540 V SystemServerTiming: StartAppHibernationService took to complete: 24ms
04-15 17:04:07.538 540 540 D SystemServerTiming: ArtManagerLocal
04-15 17:04:07.561 540 540 V SystemServerTiming: ArtManagerLocal took to complete: 23ms
04-15 17:04:07.562 540 540 D SystemServerTiming: UpdatePackagesIfNeeded
04-15 17:04:07.563 540 540 I Watchdog: Pausing HandlerChecker: main thread for reason: dexopt. Pause count: 1
04-15 17:04:07.563 540 540 I PackageManager: Starting boot dexopt for reason first-boot
04-15 17:04:07.593 540 540 I ArtService: Dexopting packages
04-15 17:04:07.618 0 0 I servicemanager: Since 'artd' could not be found, trying to start it as a lazy AIDL service. (if it's not configured to be a lazy service, it may be stuck starting or still starting).
04-15 17:04:07.632 0 0 I init : starting service 'artd'...
04-15 17:04:07.782 0 0 I init : ... started service 'artd' has pid 668
04-15 17:04:07.782 0 0 I init : Control message: Processed ctl.interface_start for 'aidl/artd' from pid: 132 (/system/bin/servicemanager)
04-15 17:04:08.208 668 668 I artd : Starting artd
04-15 17:04:08.241 668 668 I AidlLazyServiceRegistrar: Registering service artd
04-15 17:04:08.282 0 0 I BpBinder: onLastStrongRef automatically unlinking death recipients:
04-15 17:04:08.306 540 666 I RolesPersistenceImpl: roles.xml not found
04-15 17:04:08.307 540 666 I RoleServicePlatformHelperImpl: Legacy roles.xml not found
04-15 17:04:08.325 0 0 I servicemanager: Notifying artd they do (previously: don't) have clients when service is guaranteed to be in use
04-15 17:04:08.316 668 671 I AidlLazyServiceRegistrar: Process has 1 (of 1 available) client(s) in use after notification artd has clients: 1
04-15 17:04:08.778 540 666 I ArtService: Dexopt result: [packageName = com.android.systemui] DexContainerFileDexoptResult{dexContainerFile=/system_ext/priv-app/SystemUI/SystemUI.apk, primaryAbi=true, abi=x86_64, actualCompilerFilter=verify, status=SKIPPED, dex2oatWallTimeMillis=0, dex2oatCpuTimeMillis=0, sizeBytes=0, sizeBeforeBytes=0}
04-15 17:04:08.862 540 666 I ArtService: Dexopt result: [packageName = com.android.settings] DexContainerFileDexoptResult{dexContainerFile=/system_ext/priv-app/Settings/Settings.apk, primaryAbi=true, abi=x86_64, actualCompilerFilter=verify, status=SKIPPED, dex2oatWallTimeMillis=0, dex2oatCpuTimeMillis=0, sizeBytes=0, sizeBeforeBytes=0}
04-15 17:04:08.952 540 666 I ArtService: Dexopt result: [packageName = com.android.server.telecom] DexContainerFileDexoptResult{dexContainerFile=/system/priv-app/Telecom/Telecom.apk, primaryAbi=true, abi=x86_64, actualCompilerFilter=verify, status=SKIPPED, dex2oatWallTimeMillis=0, dex2oatCpuTimeMillis=0, sizeBytes=0, sizeBeforeBytes=0}
04-15 17:04:09.032 540 666 I ArtService: Dexopt result: [packageName = com.android.dialer] DexContainerFileDexoptResult{dexContainerFile=/product/priv-app/Dialer/Dialer.apk, primaryAbi=true, abi=x86_64, actualCompilerFilter=verify, status=SKIPPED, dex2oatWallTimeMillis=0, dex2oatCpuTimeMillis=0, sizeBytes=0, sizeBeforeBytes=0}
04-15 17:04:09.092 540 666 I ArtService: Dexopt result: [packageName = com.android.emulator.radio.config] DexContainerFileDexoptResult{dexContainerFile=/system_ext/priv-app/EmulatorRadioConfig/EmulatorRadioConfig.apk, primaryAbi=true, abi=x86_64, actualCompilerFilter=verify, status=SKIPPED, dex2oatWallTimeMillis=0, dex2oatCpuTimeMillis=0, sizeBytes=0, sizeBeforeBytes=0}
04-15 17:04:09.212 540 666 I ArtService: Dexopt result: [packageName = com.android.emergency] DexContainerFileDexoptResult{dexContainerFile=/system_ext/priv-app/EmergencyInfo/EmergencyInfo.apk, primaryAbi=true, abi=x86_64, actualCompilerFilter=verify, status=SKIPPED, dex2oatWallTimeMillis=0, dex2oatCpuTimeMillis=0, sizeBytes=0, sizeBeforeBytes=0}
04-15 17:04:09.343 540 666 I ArtService: Dexopt result: [packageName = com.android.traceur] DexContainerFileDexoptResult{dexContainerFile=/system/app/Traceur/Traceur.apk, primaryAbi=true, abi=x86_64, actualCompilerFilter=verify, status=SKIPPED, dex2oatWallTimeMillis=0, dex2oatCpuTimeMillis=0, sizeBytes=0, sizeBeforeBytes=0}
04-15 17:04:09.461 540 666 I ArtService: Dexopt result: [packageName = com.android.storagemanager] DexContainerFileDexoptResult{dexContainerFile=/system_ext/priv-app/StorageManager/StorageManager.apk, primaryAbi=true, abi=x86_64, actualCompilerFilter=verify, status=SKIPPED, dex2oatWallTimeMillis=0, dex2oatCpuTimeMillis=0, sizeBytes=0, sizeBeforeBytes=0}
04-15 17:04:09.564 540 666 I ArtService: Dexopt result: [packageName = com.android.launcher3] DexContainerFileDexoptResult{dexContainerFile=/system_ext/priv-app/Launcher3QuickStep/Launcher3QuickStep.apk, primaryAbi=true, abi=x86_64, actualCompilerFilter=verify, status=SKIPPED, dex2oatWallTimeMillis=0, dex2oatCpuTimeMillis=0, sizeBytes=0, sizeBeforeBytes=0}
04-15 17:04:09.685 540 666 I ArtService: Dexopt result: [packageName = com.android.managedprovisioning] DexContainerFileDexoptResult{dexContainerFile=/system/priv-app/ManagedProvisioning/ManagedProvisioning.apk, primaryAbi=true, abi=x86_64, actualCompilerFilter=verify, status=SKIPPED, dex2oatWallTimeMillis=0, dex2oatCpuTimeMillis=0, sizeBytes=0, sizeBeforeBytes=0}
04-15 17:04:09.758 540 666 I ArtService: Dexopt result: [packageName = com.android.credentialmanager] DexContainerFileDexoptResult{dexContainerFile=/system/priv-app/CredentialManager/CredentialManager.apk, primaryAbi=true, abi=x86_64, actualCompilerFilter=verify, status=SKIPPED, dex2oatWallTimeMillis=0, dex2oatCpuTimeMillis=0, sizeBytes=0, sizeBeforeBytes=0}
04-15 17:04:09.804 540 666 I ArtService: Dexopt result: [packageName = com.android.deskclock] DexContainerFileDexoptResult{dexContainerFile=/product/app/DeskClock/DeskClock.apk, primaryAbi=true, abi=x86_64, actualCompilerFilter=verify, status=SKIPPED, dex2oatWallTimeMillis=0, dex2oatCpuTimeMillis=0, sizeBytes=0, sizeBeforeBytes=0}
04-15 17:04:09.852 540 666 I ArtService: Dexopt result: [packageName = com.android.webview] DexContainerFileDexoptResult{dexContainerFile=/product/app/webview/webview.apk, primaryAbi=true, abi=x86_64, actualCompilerFilter=verify, status=SKIPPED, dex2oatWallTimeMillis=0, dex2oatCpuTimeMillis=0, sizeBytes=0, sizeBeforeBytes=0}
04-15 17:04:09.912 540 666 I ArtService: Dexopt result: [packageName = com.android.messaging] DexContainerFileDexoptResult{dexContainerFile=/product/app/messaging/messaging.apk, primaryAbi=true, abi=x86_64, actualCompilerFilter=verify, status=SKIPPED, dex2oatWallTimeMillis=0, dex2oatCpuTimeMillis=0, sizeBytes=0, sizeBeforeBytes=0}
04-15 17:04:09.948 540 666 I ArtService: Dexopt result: [packageName = com.android.settings.intelligence] DexContainerFileDexoptResult{dexContainerFile=/product/priv-app/SettingsIntelligence/SettingsIntelligence.apk, primaryAbi=true, abi=x86_64, actualCompilerFilter=verify, status=SKIPPED, dex2oatWallTimeMillis=0, dex2oatCpuTimeMillis=0, sizeBytes=0, sizeBeforeBytes=0}
04-15 17:04:09.974 540 666 I ArtService: Dexopt result: [packageName = com.android.quicksearchbox] DexContainerFileDexoptResult{dexContainerFile=/product/app/QuickSearchBox/QuickSearchBox.apk, primaryAbi=true, abi=x86_64, actualCompilerFilter=verify, status=SKIPPED, dex2oatWallTimeMillis=0, dex2oatCpuTimeMillis=0, sizeBytes=0, sizeBeforeBytes=0}
04-15 17:04:10.007 540 666 I ArtService: Dexopt result: [packageName = com.android.dreams.phototable] DexContainerFileDexoptResult{dexContainerFile=/product/app/PhotoTable/PhotoTable.apk, primaryAbi=true, abi=x86_64, actualCompilerFilter=verify, status=SKIPPED, dex2oatWallTimeMillis=0, dex2oatCpuTimeMillis=0, sizeBytes=0, sizeBeforeBytes=0}
04-15 17:04:10.044 540 666 I ArtService: Dexopt result: [packageName = com.android.music] DexContainerFileDexoptResult{dexContainerFile=/product/app/Music/Music.apk, primaryAbi=true, abi=x86_64, actualCompilerFilter=verify, status=SKIPPED, dex2oatWallTimeMillis=0, dex2oatCpuTimeMillis=0, sizeBytes=0, sizeBeforeBytes=0}
04-15 17:04:10.092 540 666 I ArtService: Dexopt result: [packageName = com.android.wallpaperpicker] DexContainerFileDexoptResult{dexContainerFile=/product/app/WallpaperPicker/WallpaperPicker.apk, primaryAbi=true, abi=x86_64, actualCompilerFilter=verify, status=SKIPPED, dex2oatWallTimeMillis=0, dex2oatCpuTimeMillis=0, sizeBytes=0, sizeBeforeBytes=0}
04-15 17:04:10.131 540 666 I ArtService: Dexopt result: [packageName = com.android.wallpapercropper] DexContainerFileDexoptResult{dexContainerFile=/system_ext/priv-app/WallpaperCropper/WallpaperCropper.apk, primaryAbi=true, abi=x86_64, actualCompilerFilter=verify, status=SKIPPED, dex2oatWallTimeMillis=0, dex2oatCpuTimeMillis=0, sizeBytes=0, sizeBeforeBytes=0}
04-15 17:04:10.197 0 0 I init : Service 'exec 19 (/system/bin/extra_free_kbytes.sh 30375)' (pid 661) exited with status 0 waiting took 2.975000 seconds
04-15 17:04:10.197 0 0 I init : Sending signal 9 to service 'exec 19 (/system/bin/extra_free_kbytes.sh 30375)' (pid 661) process group...
04-15 17:04:10.193 540 666 I ArtService: Dexopt result: [packageName = com.android.contacts] DexContainerFileDexoptResult{dexContainerFile=/product/priv-app/Contacts/Contacts.apk, primaryAbi=true, abi=x86_64, actualCompilerFilter=verify, status=SKIPPED, dex2oatWallTimeMillis=0, dex2oatCpuTimeMillis=0, sizeBytes=0, sizeBeforeBytes=0}
04-15 17:04:10.209 0 0 I libprocessgroup: Successfully killed process cgroup uid 0 pid 661 in 11ms
04-15 17:04:10.231 540 666 I ArtService: Dexopt result: [packageName = com.android.inputmethod.latin] DexContainerFileDexoptResult{dexContainerFile=/product/app/LatinIME/LatinIME.apk, primaryAbi=true, abi=x86_64, actualCompilerFilter=verify, status=SKIPPED, dex2oatWallTimeMillis=0, dex2oatCpuTimeMillis=0, sizeBytes=0, sizeBeforeBytes=0}
04-15 17:04:10.276 540 666 I ArtService: Dexopt result: [packageName = com.android.imsserviceentitlement] DexContainerFileDexoptResult{dexContainerFile=/product/priv-app/ImsServiceEntitlement/ImsServiceEntitlement.apk, primaryAbi=true, abi=x86_64, actualCompilerFilter=verify, status=SKIPPED, dex2oatWallTimeMillis=0, dex2oatCpuTimeMillis=0, sizeBytes=0, sizeBeforeBytes=0}
04-15 17:04:10.299 540 666 I ArtService: Dexopt result: [packageName = com.android.carrierconfig] DexContainerFileDexoptResult{dexContainerFile=/system_ext/priv-app/CarrierConfig/CarrierConfig.apk, primaryAbi=true, abi=x86_64, actualCompilerFilter=verify, status=SKIPPED, dex2oatWallTimeMillis=0, dex2oatCpuTimeMillis=0, sizeBytes=0, sizeBeforeBytes=0}
04-15 17:04:10.328 540 666 I ArtService: Dexopt result: [packageName = com.android.gallery3d] DexContainerFileDexoptResult{dexContainerFile=/product/app/Gallery2/Gallery2.apk, primaryAbi=true, abi=x86_64, actualCompilerFilter=verify, status=SKIPPED, dex2oatWallTimeMillis=0, dex2oatCpuTimeMillis=0, sizeBytes=0, sizeBeforeBytes=0}
04-15 17:04:10.364 540 666 I ArtService: Dexopt result: [packageName = com.android.camera2] DexContainerFileDexoptResult{dexContainerFile=/product/app/Camera2/Camera2.apk, primaryAbi=true, abi=x86_64, actualCompilerFilter=verify, status=SKIPPED, dex2oatWallTimeMillis=0, dex2oatCpuTimeMillis=0, sizeBytes=0, sizeBeforeBytes=0}
04-15 17:04:10.394 540 666 I ArtService: Dexopt result: [packageName = com.android.calendar] DexContainerFileDexoptResult{dexContainerFile=/product/app/Calendar/Calendar.apk, primaryAbi=true, abi=x86_64, actualCompilerFilter=verify, status=SKIPPED, dex2oatWallTimeMillis=0, dex2oatCpuTimeMillis=0, sizeBytes=0, sizeBeforeBytes=0}
04-15 17:04:10.422 540 666 I ArtService: Dexopt result: [packageName = com.android.systemui.accessibility.accessibilitymenu] DexContainerFileDexoptResult{dexContainerFile=/system_ext/priv-app/AccessibilityMenu/AccessibilityMenu.apk, primaryAbi=true, abi=x86_64, actualCompilerFilter=verify, status=SKIPPED, dex2oatWallTimeMillis=0, dex2oatCpuTimeMillis=0, sizeBytes=0, sizeBeforeBytes=0}
04-15 17:04:10.446 540 666 I ArtService: Dexopt result: [packageName = com.android.sdksetup] DexContainerFileDexoptResult{dexContainerFile=/system_ext/priv-app/SdkSetup/SdkSetup.apk, primaryAbi=true, abi=x86_64, actualCompilerFilter=verify, status=SKIPPED, dex2oatWallTimeMillis=0, dex2oatCpuTimeMillis=0, sizeBytes=0, sizeBeforeBytes=0}
04-15 17:04:10.495 540 666 I ArtService: Dexopt result: [packageName = org.chromium.webview_shell] DexContainerFileDexoptResult{dexContainerFile=/product/app/Browser2/Browser2.apk, primaryAbi=true, abi=x86_64, actualCompilerFilter=verify, status=SKIPPED, dex2oatWallTimeMillis=0, dex2oatCpuTimeMillis=0, sizeBytes=0, sizeBeforeBytes=0}
04-15 17:04:10.530 540 666 I ArtService: Dexopt result: [packageName = com.android.emulator.multidisplay] DexContainerFileDexoptResult{dexContainerFile=/system_ext/priv-app/MultiDisplayProvider/MultiDisplayProvider.apk, primaryAbi=true, abi=x86_64, actualCompilerFilter=verify, status=SKIPPED, dex2oatWallTimeMillis=0, dex2oatCpuTimeMillis=0, sizeBytes=0, sizeBeforeBytes=0}
04-15 17:04:10.600 540 666 I ArtService: Dexopt result: [packageName = com.android.egg] DexContainerFileDexoptResult{dexContainerFile=/system/app/EasterEgg/EasterEgg.apk, primaryAbi=true, abi=x86_64, actualCompilerFilter=verify, status=SKIPPED, dex2oatWallTimeMillis=0, dex2oatCpuTimeMillis=0, sizeBytes=0, sizeBeforeBytes=0}
04-15 17:04:10.699 540 666 I ArtService: Dexopt result: [packageName = com.android.documentsui] DexContainerFileDexoptResult{dexContainerFile=/system/priv-app/DocumentsUI/DocumentsUI.apk, primaryAbi=true, abi=x86_64, actualCompilerFilter=verify, status=SKIPPED, dex2oatWallTimeMillis=0, dex2oatCpuTimeMillis=0, sizeBytes=0, sizeBeforeBytes=0}
04-15 17:04:10.758 540 666 I ArtService: Dexopt result: [packageName = com.android.phone] DexContainerFileDexoptResult{dexContainerFile=/system/priv-app/TeleService/TeleService.apk, primaryAbi=true, abi=x86_64, actualCompilerFilter=verify, status=SKIPPED, dex2oatWallTimeMillis=0, dex2oatCpuTimeMillis=0, sizeBytes=0, sizeBeforeBytes=0}
04-15 17:04:10.824 540 666 I ArtService: Dexopt result: [packageName = com.android.intentresolver] DexContainerFileDexoptResult{dexContainerFile=/system/priv-app/IntentResolver/IntentResolver.apk, primaryAbi=true, abi=x86_64, actualCompilerFilter=verify, status=SKIPPED, dex2oatWallTimeMillis=0, dex2oatCpuTimeMillis=0, sizeBytes=0, sizeBeforeBytes=0}
04-15 17:04:10.898 329 336 W ServiceManagerCppClient: Service statscompanion didn't start. Returning NULL
04-15 17:04:10.898 329 336 E statsd : Uid 1000 does not have the android.permission.REGISTER_STATS_PULL_ATOM permission when registering atom 10110 (-1)
04-15 17:04:10.939 540 666 I ArtService: Dexopt result: [packageName = com.android.nfc] DexContainerFileDexoptResult{dexContainerFile=/system/app/NfcNci/NfcNci.apk, primaryAbi=true, abi=x86_64, actualCompilerFilter=verify, status=SKIPPED, dex2oatWallTimeMillis=0, dex2oatCpuTimeMillis=0, sizeBytes=0, sizeBeforeBytes=0}
04-15 17:04:11.002 540 666 I ArtService: Dexopt result: [packageName = com.android.stk] DexContainerFileDexoptResult{dexContainerFile=/system/app/Stk/Stk.apk, primaryAbi=true, abi=x86_64, actualCompilerFilter=verify, status=SKIPPED, dex2oatWallTimeMillis=0, dex2oatCpuTimeMillis=0, sizeBytes=0, sizeBeforeBytes=0}
04-15 17:04:11.074 540 666 I ArtService: Dexopt result: [packageName = com.android.wallpaper.livepicker] DexContainerFileDexoptResult{dexContainerFile=/system/priv-app/LiveWallpapersPicker/LiveWallpapersPicker.apk, primaryAbi=true, abi=x86_64, actualCompilerFilter=verify, status=SKIPPED, dex2oatWallTimeMillis=0, dex2oatCpuTimeMillis=0, sizeBytes=0, sizeBeforeBytes=0}
04-15 17:04:11.156 540 666 I ArtService: Dexopt result: [packageName = com.android.keychain] DexContainerFileDexoptResult{dexContainerFile=/system/app/KeyChain/KeyChain.apk, primaryAbi=true, abi=x86_64, actualCompilerFilter=verify, status=SKIPPED, dex2oatWallTimeMillis=0, dex2oatCpuTimeMillis=0, sizeBytes=0, sizeBeforeBytes=0}
04-15 17:04:11.207 540 666 I ArtService: Dexopt result: [packageName = com.android.statementservice] DexContainerFileDexoptResult{dexContainerFile=/system/priv-app/StatementService/StatementService.apk, primaryAbi=true, abi=x86_64, actualCompilerFilter=verify, status=SKIPPED, dex2oatWallTimeMillis=0, dex2oatCpuTimeMillis=0, sizeBytes=0, sizeBeforeBytes=0}
04-15 17:04:11.260 540 666 I ArtService: Dexopt result: [packageName = com.android.packageinstaller] DexContainerFileDexoptResult{dexContainerFile=/system/priv-app/PackageInstaller/PackageInstaller.apk, primaryAbi=true, abi=x86_64, actualCompilerFilter=verify, status=SKIPPED, dex2oatWallTimeMillis=0, dex2oatCpuTimeMillis=0, sizeBytes=0, sizeBeforeBytes=0}
04-15 17:04:11.284 540 666 I ArtService: Dexopt result: [packageName = com.android.companiondevicemanager] DexContainerFileDexoptResult{dexContainerFile=/system/app/CompanionDeviceManager/CompanionDeviceManager.apk, primaryAbi=true, abi=x86_64, actualCompilerFilter=verify, status=SKIPPED, dex2oatWallTimeMillis=0, dex2oatCpuTimeMillis=0, sizeBytes=0, sizeBeforeBytes=0}
04-15 17:04:11.311 540 666 I ArtService: Dexopt result: [packageName = com.android.mtp] DexContainerFileDexoptResult{dexContainerFile=/system/priv-app/MtpService/MtpService.apk, primaryAbi=true, abi=x86_64, actualCompilerFilter=verify, status=SKIPPED, dex2oatWallTimeMillis=0, dex2oatCpuTimeMillis=0, sizeBytes=0, sizeBeforeBytes=0}
04-15 17:04:11.390 540 666 I ArtService: Dexopt result: [packageName = com.android.soundpicker] DexContainerFileDexoptResult{dexContainerFile=/system/priv-app/SoundPicker/SoundPicker.apk, primaryAbi=true, abi=x86_64, actualCompilerFilter=verify, status=SKIPPED, dex2oatWallTimeMillis=0, dex2oatCpuTimeMillis=0, sizeBytes=0, sizeBeforeBytes=0}
04-15 17:04:11.474 540 666 I ArtService: Dexopt result: [packageName = com.android.shell] DexContainerFileDexoptResult{dexContainerFile=/system/priv-app/Shell/Shell.apk, primaryAbi=true, abi=x86_64, actualCompilerFilter=verify, status=SKIPPED, dex2oatWallTimeMillis=0, dex2oatCpuTimeMillis=0, sizeBytes=0, sizeBeforeBytes=0}
04-15 17:04:11.511 540 666 I ArtService: Dexopt result: [packageName = com.android.providers.media] DexContainerFileDexoptResult{dexContainerFile=/system/priv-app/MediaProviderLegacy/MediaProviderLegacy.apk, primaryAbi=true, abi=x86_64, actualCompilerFilter=verify, status=SKIPPED, dex2oatWallTimeMillis=0, dex2oatCpuTimeMillis=0, sizeBytes=0, sizeBeforeBytes=0}
04-15 17:04:11.527 540 666 I ArtService: Dexopt result: [packageName = com.android.providers.settings] DexContainerFileDexoptResult{dexContainerFile=/system/priv-app/SettingsProvider/SettingsProvider.apk, primaryAbi=true, abi=x86_64, actualCompilerFilter=verify, status=SKIPPED, dex2oatWallTimeMillis=0, dex2oatCpuTimeMillis=0, sizeBytes=0, sizeBeforeBytes=0}
04-15 17:04:11.568 540 666 I ArtService: Dexopt result: [packageName = com.android.cellbroadcastreceiver] DexContainerFileDexoptResult{dexContainerFile=/system/priv-app/CellBroadcastLegacyApp/CellBroadcastLegacyApp.apk, primaryAbi=true, abi=x86_64, actualCompilerFilter=verify, status=SKIPPED, dex2oatWallTimeMillis=0, dex2oatCpuTimeMillis=0, sizeBytes=0, sizeBeforeBytes=0}
04-15 17:04:11.606 540 666 I ArtService: Dexopt result: [packageName = com.android.simappdialog] DexContainerFileDexoptResult{dexContainerFile=/system/app/SimAppDialog/SimAppDialog.apk, primaryAbi=true, abi=x86_64, actualCompilerFilter=verify, status=SKIPPED, dex2oatWallTimeMillis=0, dex2oatCpuTimeMillis=0, sizeBytes=0, sizeBeforeBytes=0}
04-15 17:04:11.650 540 666 I ArtService: Dexopt result: [packageName = com.android.apps.tag] DexContainerFileDexoptResult{dexContainerFile=/system/priv-app/Tag/Tag.apk, primaryAbi=true, abi=x86_64, actualCompilerFilter=verify, status=SKIPPED, dex2oatWallTimeMillis=0, dex2oatCpuTimeMillis=0, sizeBytes=0, sizeBeforeBytes=0}
04-15 17:04:11.708 540 666 I ArtService: Dexopt result: [packageName = com.android.providers.telephony] DexContainerFileDexoptResult{dexContainerFile=/system/priv-app/TelephonyProvider/TelephonyProvider.apk, primaryAbi=true, abi=x86_64, actualCompilerFilter=verify, status=SKIPPED, dex2oatWallTimeMillis=0, dex2oatCpuTimeMillis=0, sizeBytes=0, sizeBeforeBytes=0}
04-15 17:04:11.770 540 551 I system_server: Background young concurrent copying GC freed 85147(4714KB) AllocSpace objects, 35(700KB) LOS objects, 42% free, 7915KB/13MB, paused 115us,131us total 144.361ms
04-15 17:04:11.777 540 666 I ArtService: Dexopt result: [packageName = com.android.carrierdefaultapp] DexContainerFileDexoptResult{dexContainerFile=/system/app/CarrierDefaultApp/CarrierDefaultApp.apk, primaryAbi=true, abi=x86_64, actualCompilerFilter=verify, status=SKIPPED, dex2oatWallTimeMillis=0, dex2oatCpuTimeMillis=0, sizeBytes=0, sizeBeforeBytes=0}
04-15 17:04:11.819 540 666 I ArtService: Dexopt result: [packageName = com.android.ons] DexContainerFileDexoptResult{dexContainerFile=/system/priv-app/ONS/ONS.apk, primaryAbi=true, abi=x86_64, actualCompilerFilter=verify, status=SKIPPED, dex2oatWallTimeMillis=0, dex2oatCpuTimeMillis=0, sizeBytes=0, sizeBeforeBytes=0}
04-15 17:04:11.877 540 666 I ArtService: Dexopt result: [packageName = com.android.printspooler] DexContainerFileDexoptResult{dexContainerFile=/system/app/PrintSpooler/PrintSpooler.apk, primaryAbi=true, abi=x86_64, actualCompilerFilter=verify, status=SKIPPED, dex2oatWallTimeMillis=0, dex2oatCpuTimeMillis=0, sizeBytes=0, sizeBeforeBytes=0}
04-15 17:04:11.918 668 668 W artd : ClassLoaderContext shared library size mismatch. Expected=1, found=0 (PCL[]{PCL[/system/framework/android.net.ipsec.ike.jar*3039086002]} | PCL[])
04-15 17:04:11.933 540 666 I ArtService: Dexopt result: [packageName = com.android.networkstack] DexContainerFileDexoptResult{dexContainerFile=/system/priv-app/NetworkStack/NetworkStack.apk, primaryAbi=true, abi=x86_64, actualCompilerFilter=verify, status=SKIPPED, dex2oatWallTimeMillis=0, dex2oatCpuTimeMillis=0, sizeBytes=0, sizeBeforeBytes=0}
