04-15 17:03:48.033 540 540 W System : No Compatibility callbacks set! Querying change 247079863
04-15 17:03:48.034 540 540 W System : No Compatibility callbacks set! Querying change 247079863
04-15 17:03:48.034 540 540 W System : No Compatibility callbacks set! Querying change 247079863
04-15 17:03:48.034 540 540 W System : No Compatibility callbacks set! Querying change 247079863
04-15 17:03:48.034 540 540 W System : No Compatibility callbacks set! Querying change 247079863
04-15 17:03:48.034 540 540 W System : No Compatibility callbacks set! Querying change 247079863
04-15 17:03:48.035 540 540 W System : No Compatibility callbacks set! Querying change 247079863
04-15 17:03:48.035 540 540 W System : No Compatibility callbacks set! Querying change 247079863
04-15 17:03:48.035 540 540 W System : No Compatibility callbacks set! Querying change 247079863
04-15 17:03:48.036 540 540 W System : No Compatibility callbacks set! Querying change 247079863
04-15 17:03:48.040 540 540 W System : No Compatibility callbacks set! Querying change 247079863
04-15 17:03:48.040 540 540 W System : No Compatibility callbacks set! Querying change 247079863
04-15 17:03:48.040 540 540 W System : No Compatibility callbacks set! Querying change 247079863
04-15 17:03:48.041 540 540 W System : No Compatibility callbacks set! Querying change 247079863
04-15 17:03:48.041 540 540 W System : No Compatibility callbacks set! Querying change 247079863
04-15 17:03:48.041 540 540 W System : No Compatibility callbacks set! Querying change 247079863
04-15 17:03:48.041 540 540 W System : No Compatibility callbacks set! Querying change 247079863
04-15 17:03:49.213 540 540 V SystemServerTiming: InitBeforeStartServices took to complete: 2498ms
04-15 17:03:49.213 540 540 D SystemServerTiming: StartServices
04-15 17:03:49.213 540 540 D SystemServerTiming: startBootstrapServices
04-15 17:03:49.213 540 540 D SystemServerTiming: ArtModuleServiceInitializer
04-15 17:03:49.223 540 540 V SystemServerTiming: ArtModuleServiceInitializer took to complete: 9ms
04-15 17:03:49.223 540 540 D SystemServerTiming: StartWatchdog
04-15 17:03:49.241 540 562 W System : No Compatibility callbacks set! Querying change 3400644
04-15 17:03:49.245 540 564 W System : No Compatibility callbacks set! Querying change 3400644
04-15 17:03:49.247 540 565 W System : No Compatibility callbacks set! Querying change 3400644
04-15 17:03:49.251 540 566 W System : No Compatibility callbacks set! Querying change 3400644
04-15 17:03:49.252 540 540 V SystemServerTiming: StartWatchdog took to complete: 30ms
04-15 17:03:49.253 540 540 I SystemServer: Reading configuration...
04-15 17:03:49.253 540 540 D SystemServerTiming: ReadingSystemConfig
04-15 17:03:49.254 540 540 V SystemServerTiming: ReadingSystemConfig took to complete: 1ms
04-15 17:03:49.254 540 540 D SystemServerTiming: PlatformCompat
04-15 17:03:49.259 540 568 D SystemServerTimingAsync: InitThreadPoolExec:ReadingSystemConfig
04-15 17:03:49.262 540 568 D SystemServerInitThreadPool: Started executing ReadingSystemConfig
04-15 17:03:49.268 540 540 D CompatConfig: Found a config file: /system/etc/compatconfig/documents-ui-compat-config.xml
04-15 17:03:49.273 540 568 I SystemConfig: Reading permissions from /system/etc/sysconfig/preinstalled-packages-platform-handheld-system.xml
04-15 17:03:49.275 540 540 D CompatConfig: Adding: com.android.server.compat.config.Change@6f36b13
04-15 17:03:49.279 540 568 I incfs : Initial API level of the device: 34
04-15 17:03:49.280 540 568 I incfs : ro.incremental.enable: yes
04-15 17:03:49.281 540 568 I incfs : isFsAvailable: true
04-15 17:03:49.282 540 568 I incfs : isFsAvailable: true
04-15 17:03:49.282 540 568 I incfs : IncFs_Features: v2
04-15 17:03:49.290 540 540 D CompatConfig: Found a config file: /system/etc/compatconfig/calendar-provider-compat-config.xml
04-15 17:03:49.293 540 540 D CompatConfig: Adding: com.android.server.compat.config.Change@4226f49
04-15 17:03:49.296 540 540 D CompatConfig: Found a config file: /system/etc/compatconfig/contacts-provider-platform-compat-config.xml
04-15 17:03:49.300 540 568 I SystemConfig: Reading permissions from /system/etc/sysconfig/preinstalled-packages-platform.xml
04-15 17:03:49.301 540 540 D CompatConfig: Found a config file: /system/etc/compatconfig/TeleService-platform-compat-config.xml
04-15 17:03:49.304 540 568 I SystemConfig: Reading permissions from /system/etc/sysconfig/preinstalled-packages-platform-generic-system.xml
04-15 17:03:49.306 540 540 D CompatConfig: Adding: com.android.server.compat.config.Change@914a35a
04-15 17:03:49.306 540 540 D CompatConfig: Adding: com.android.server.compat.config.Change@92b298b
04-15 17:03:49.307 540 540 D CompatConfig: Adding: com.android.server.compat.config.Change@a8b3a68
04-15 17:03:49.307 540 540 D CompatConfig: Adding: com.android.server.compat.config.Change@d83be81
04-15 17:03:49.307 540 540 D CompatConfig: Adding: com.android.server.compat.config.Change@de99b26
04-15 17:03:49.307 540 540 D CompatConfig: Adding: com.android.server.compat.config.Change@f20d367
04-15 17:03:49.310 540 568 I SystemConfig: Reading permissions from /system/etc/sysconfig/preinstalled-packages-asl-files.xml
04-15 17:03:49.311 540 540 D CompatConfig: Found a config file: /system/etc/compatconfig/services-platform-compat-config.xml
04-15 17:03:49.315 540 568 I SystemConfig: Reading permissions from /system/etc/sysconfig/preinstalled-packages-com.android.providers.media.module.xml
04-15 17:03:49.322 540 540 D CompatConfig: Adding: com.android.server.compat.config.Change@6dd3f03
04-15 17:03:49.322 540 540 D CompatConfig: Adding: com.android.server.compat.config.Change@4b8ee80
04-15 17:03:49.322 540 540 D CompatConfig: Adding: com.android.server.compat.config.Change@268bcb9
04-15 17:03:49.322 540 540 D CompatConfig: Adding: com.android.server.compat.config.Change@2ee8fe
04-15 17:03:49.322 540 540 D CompatConfig: Adding: com.android.server.compat.config.Change@16ac85f
04-15 17:03:49.322 540 540 D CompatConfig: Adding: com.android.server.compat.config.Change@bfe72ac
04-15 17:03:49.323 540 540 D CompatConfig: Adding: com.android.server.compat.config.Change@f4f6b75
04-15 17:03:49.323 540 540 D CompatConfig: Adding: com.android.server.compat.config.Change@90c970a
04-15 17:03:49.323 540 540 D CompatConfig: Adding: com.android.server.compat.config.Change@c1d8b7b
04-15 17:03:49.323 540 540 D CompatConfig: Adding: com.android.server.compat.config.Change@5360d98
04-15 17:03:49.323 540 540 D CompatConfig: Adding: com.android.server.compat.config.Change@bb849f1
04-15 17:03:49.323 540 540 D CompatConfig: Adding: com.android.server.compat.config.Change@56519d6
04-15 17:03:49.323 540 540 D CompatConfig: Adding: com.android.server.compat.config.Change@b6f6457
04-15 17:03:49.323 540 540 D CompatConfig: Adding: com.android.server.compat.config.Change@14a6b44
04-15 17:03:49.323 540 540 D CompatConfig: Adding: com.android.server.compat.config.Change@3f6942d
04-15 17:03:49.327 540 568 I SystemConfig: Reading permissions from /system/etc/sysconfig/hiddenapi-package-whitelist.xml
04-15 17:03:49.328 540 540 D CompatConfig: Adding: com.android.server.compat.config.Change@79beef3
04-15 17:03:49.328 540 540 D CompatConfig: Adding: com.android.server.compat.config.Change@324f7b0
04-15 17:03:49.328 540 540 D CompatConfig: Adding: com.android.server.compat.config.Change@c554629
04-15 17:03:49.328 540 540 D CompatConfig: Adding: com.android.server.compat.config.Change@8658dae
04-15 17:03:49.328 540 540 D CompatConfig: Adding: com.android.server.compat.config.Change@6fc874f
04-15 17:03:49.328 540 540 D CompatConfig: Adding: com.android.server.compat.config.Change@d9dedc
04-15 17:03:49.329 540 540 D CompatConfig: Adding: com.android.server.compat.config.Change@8d31be5
04-15 17:03:49.329 540 540 D CompatConfig: Adding: com.android.server.compat.config.Change@c80d6ba
04-15 17:03:49.329 540 540 D CompatConfig: Adding: com.android.server.compat.config.Change@224496b
04-15 17:03:49.329 540 540 D CompatConfig: Adding: com.android.server.compat.config.Change@b940cc8
04-15 17:03:49.329 540 540 D CompatConfig: Adding: com.android.server.compat.config.Change@49e9161
04-15 17:03:49.329 540 540 D CompatConfig: Adding: com.android.server.compat.config.Change@9d5a486
04-15 17:03:49.329 540 540 D CompatConfig: Adding: com.android.server.compat.config.Change@dbc1147
04-15 17:03:49.329 540 540 D CompatConfig: Adding: com.android.server.compat.config.Change@a412d74
04-15 17:03:49.329 540 540 D CompatConfig: Adding: com.android.server.compat.config.Change@551e29d
04-15 17:03:49.329 540 540 D CompatConfig: Adding: com.android.server.compat.config.Change@9578312
04-15 17:03:49.330 540 540 D CompatConfig: Adding: com.android.server.compat.config.Change@61e7ae3
04-15 17:03:49.330 540 540 D CompatConfig: Adding: com.android.server.compat.config.Change@2fdace0
04-15 17:03:49.330 540 540 D CompatConfig: Adding: com.android.server.compat.config.Change@5ef0b99
04-15 17:03:49.330 540 540 D CompatConfig: Adding: com.android.server.compat.config.Change@da6be5e
04-15 17:03:49.330 540 540 D CompatConfig: Adding: com.android.server.compat.config.Change@8b3e23f
04-15 17:03:49.330 540 540 D CompatConfig: Adding: com.android.server.compat.config.Change@f40b70c
04-15 17:03:49.330 540 540 D CompatConfig: Adding: com.android.server.compat.config.Change@59bc855
04-15 17:03:49.330 540 540 D CompatConfig: Adding: com.android.server.compat.config.Change@11c626a
04-15 17:03:49.330 540 540 D CompatConfig: Adding: com.android.server.compat.config.Change@70e635b
04-15 17:03:49.331 540 540 D CompatConfig: Adding: com.android.server.compat.config.Change@6c837f8
04-15 17:03:49.331 540 540 D CompatConfig: Adding: com.android.server.compat.config.Change@61d94d1
04-15 17:03:49.331 540 540 D CompatConfig: Adding: com.android.server.compat.config.Change@8963b36
04-15 17:03:49.331 540 540 D CompatConfig: Adding: com.android.server.compat.config.Change@fc5da37
04-15 17:03:49.331 540 540 D CompatConfig: Adding: com.android.server.compat.config.Change@d44dba4
04-15 17:03:49.331 540 540 D CompatConfig: Adding: com.android.server.compat.config.Change@615ad0d
04-15 17:03:49.331 540 540 D CompatConfig: Adding: com.android.server.compat.config.Change@702d4c2
04-15 17:03:49.331 540 540 D CompatConfig: Adding: com.android.server.compat.config.Change@913e2d3
04-15 17:03:49.331 540 540 D CompatConfig: Adding: com.android.server.compat.config.Change@ec60e10
04-15 17:03:49.334 540 540 D CompatConfig: Adding: com.android.server.compat.config.Change@2fd0d09
04-15 17:03:49.334 540 540 D CompatConfig: Adding: com.android.server.compat.config.Change@dad7b0e
04-15 17:03:49.334 540 540 D CompatConfig: Adding: com.android.server.compat.config.Change@92fd92f
04-15 17:03:49.335 540 540 D CompatConfig: Adding: com.android.server.compat.config.Change@6e5fb3c
04-15 17:03:49.335 540 540 D CompatConfig: Adding: com.android.server.compat.config.Change@ee070c5
04-15 17:03:49.335 540 540 D CompatConfig: Adding: com.android.server.compat.config.Change@54a3a1a
04-15 17:03:49.335 540 540 D CompatConfig: Adding: com.android.server.compat.config.Change@86ad94b
04-15 17:03:49.335 540 540 D CompatConfig: Adding: com.android.server.compat.config.Change@eb58f28
04-15 17:03:49.335 540 540 D CompatConfig: Adding: com.android.server.compat.config.Change@5dc5441
04-15 17:03:49.335 540 540 D CompatConfig: Adding: com.android.server.compat.config.Change@bc1dde6
04-15 17:03:49.335 540 540 D CompatConfig: Adding: com.android.server.compat.config.Change@90bbf27
04-15 17:03:49.335 540 540 D CompatConfig: Adding: com.android.server.compat.config.Change@d6875d4
04-15 17:03:49.339 540 540 D CompatConfig: Adding: com.android.server.compat.config.Change@f58f37d
04-15 17:03:49.339 540 540 D CompatConfig: Adding: com.android.server.compat.config.Change@2bdf272
04-15 17:03:49.339 540 540 D CompatConfig: Adding: com.android.server.compat.config.Change@eb26c3
04-15 17:03:49.339 540 540 D CompatConfig: Adding: com.android.server.compat.config.Change@7c11b40
04-15 17:03:49.339 540 540 D CompatConfig: Adding: com.android.server.compat.config.Change@7064a79
04-15 17:03:49.339 540 540 D CompatConfig: Adding: com.android.server.compat.config.Change@af4c3be
04-15 17:03:49.339 540 540 D CompatConfig: Adding: com.android.server.compat.config.Change@cf6c1f
04-15 17:03:49.339 540 540 D CompatConfig: Adding: com.android.server.compat.config.Change@a3cab6c
04-15 17:03:49.340 540 540 D CompatConfig: Adding: com.android.server.compat.config.Change@9981535
04-15 17:03:49.340 540 540 D CompatConfig: Adding: com.android.server.compat.config.Change@8355dca
04-15 17:03:49.340 540 540 D CompatConfig: Adding: com.android.server.compat.config.Change@588ab3b
04-15 17:03:49.340 540 540 D CompatConfig: Adding: com.android.server.compat.config.Change@9ff1258
04-15 17:03:49.340 540 540 D CompatConfig: Adding: com.android.server.compat.config.Change@141cfb1
04-15 17:03:49.340 540 540 D CompatConfig: Adding: com.android.server.compat.config.Change@a338c96
04-15 17:03:49.340 540 540 D CompatConfig: Adding: com.android.server.compat.config.Change@eccc017
04-15 17:03:49.340 540 540 D CompatConfig: Adding: com.android.server.compat.config.Change@87efc04
04-15 17:03:49.340 540 540 D CompatConfig: Adding: com.android.server.compat.config.Change@df2b5ed
04-15 17:03:49.341 540 540 D CompatConfig: Adding: com.android.server.compat.config.Change@613dc22
04-15 17:03:49.341 540 540 D CompatConfig: Adding: com.android.server.compat.config.Change@7d346b3
04-15 17:03:49.341 540 540 D CompatConfig: Adding: com.android.server.compat.config.Change@5f1d470
04-15 17:03:49.341 540 540 D CompatConfig: Adding: com.android.server.compat.config.Change@551c3e9
04-15 17:03:49.341 540 540 D CompatConfig: Adding: com.android.server.compat.config.Change@cb7986e
04-15 17:03:49.341 540 540 D CompatConfig: Adding: com.android.server.compat.config.Change@db19b0f
04-15 17:03:49.341 540 540 D CompatConfig: Adding: com.android.server.compat.config.Change@e77c79c
04-15 17:03:49.341 540 540 D CompatConfig: Adding: com.android.server.compat.config.Change@679b5a5
04-15 17:03:49.341 540 540 D CompatConfig: Adding: com.android.server.compat.config.Change@9c8cd7a
04-15 17:03:49.341 540 540 D CompatConfig: Adding: com.android.server.compat.config.Change@f76d92b
04-15 17:03:49.345 540 540 D CompatConfig: Found a config file: /system/etc/compatconfig/icu4j-platform-compat-config.xml
04-15 17:03:49.348 540 568 I SystemConfig: Reading permissions from /system/etc/sysconfig/framework-sysconfig.xml
04-15 17:03:49.353 540 540 D CompatConfig: Adding: com.android.server.compat.config.Change@7864746
04-15 17:03:49.354 540 540 D CompatConfig: Found a config file: /system/etc/compatconfig/framework-platform-compat-config.xml
04-15 17:03:49.359 540 568 I SystemConfig: Reading permissions from /system/etc/sysconfig/initial-package-stopped-states.xml
04-15 17:03:49.369 540 540 D CompatConfig: Adding: com.android.server.compat.config.Change@279f45d
04-15 17:03:49.369 540 540 D CompatConfig: Adding: com.android.server.compat.config.Change@34f91d2
04-15 17:03:49.370 540 540 D CompatConfig: Adding: com.android.server.compat.config.Change@1bb42a3
04-15 17:03:49.370 540 540 D CompatConfig: Adding: com.android.server.compat.config.Change@81b39a0
04-15 17:03:49.370 540 540 D CompatConfig: Adding: com.android.server.compat.config.Change@e67959
04-15 17:03:49.370 540 540 D CompatConfig: Adding: com.android.server.compat.config.Change@ef0f91e
04-15 17:03:49.370 540 540 D CompatConfig: Adding: com.android.server.compat.config.Change@3b565ff
04-15 17:03:49.371 540 540 D CompatConfig: Adding: com.android.server.compat.config.Change@b8a4fcc
04-15 17:03:49.371 540 540 D CompatConfig: Adding: com.android.server.compat.config.Change@1fc5215
04-15 17:03:49.371 540 540 D CompatConfig: Adding: com.android.server.compat.config.Change@aaf892a
04-15 17:03:49.371 540 540 D CompatConfig: Adding: com.android.server.compat.config.Change@904631b
04-15 17:03:49.371 540 540 D CompatConfig: Adding: com.android.server.compat.config.Change@ef29cb8
04-15 17:03:49.376 540 540 D CompatConfig: Adding: com.android.server.compat.config.Change@4150df6
04-15 17:03:49.376 540 540 D CompatConfig: Adding: com.android.server.compat.config.Change@97c15f7
04-15 17:03:49.376 540 540 D CompatConfig: Adding: com.android.server.compat.config.Change@c90cc64
04-15 17:03:49.376 540 540 D CompatConfig: Adding: com.android.server.compat.config.Change@145aecd
04-15 17:03:49.376 540 540 D CompatConfig: Adding: com.android.server.compat.config.Change@57c1382
04-15 17:03:49.376 540 540 D CompatConfig: Adding: com.android.server.compat.config.Change@c521a93
04-15 17:03:49.377 540 540 D CompatConfig: Adding: com.android.server.compat.config.Change@3c04ad0
04-15 17:03:49.377 540 540 D CompatConfig: Adding: com.android.server.compat.config.Change@c8b6ac9
04-15 17:03:49.377 540 540 D CompatConfig: Adding: com.android.server.compat.config.Change@25be5ce
04-15 17:03:49.377 540 540 D CompatConfig: Adding: com.android.server.compat.config.Change@c79ccef
04-15 17:03:49.377 540 540 D CompatConfig: Adding: com.android.server.compat.config.Change@c2743fc
04-15 17:03:49.377 540 540 D CompatConfig: Adding: com.android.server.compat.config.Change@456ea85
04-15 17:03:49.377 540 540 D CompatConfig: Adding: com.android.server.compat.config.Change@c5490da
04-15 17:03:49.377 540 540 D CompatConfig: Adding: com.android.server.compat.config.Change@6c0490b
04-15 17:03:49.377 540 540 D CompatConfig: Adding: com.android.server.compat.config.Change@fa2a3e8
04-15 17:03:49.378 540 540 D CompatConfig: Adding: com.android.server.compat.config.Change@3a0aa01
04-15 17:03:49.378 540 540 D CompatConfig: Adding: com.android.server.compat.config.Change@cfae0a6
04-15 17:03:49.378 540 540 D CompatConfig: Adding: com.android.server.compat.config.Change@da86ae7
04-15 17:03:49.378 540 540 D CompatConfig: Adding: com.android.server.compat.config.Change@6f21694
04-15 17:03:49.378 540 540 D CompatConfig: Adding: com.android.server.compat.config.Change@26ce53d
04-15 17:03:49.378 540 540 D CompatConfig: Adding: com.android.server.compat.config.Change@646132
04-15 17:03:49.378 540 540 D CompatConfig: Adding: com.android.server.compat.config.Change@f06ce83
04-15 17:03:49.378 540 540 D CompatConfig: Adding: com.android.server.compat.config.Change@5240800
04-15 17:03:49.378 540 540 D CompatConfig: Adding: com.android.server.compat.config.Change@ac79839
04-15 17:03:49.378 540 540 D CompatConfig: Adding: com.android.server.compat.config.Change@c735e7e
04-15 17:03:49.379 540 540 D CompatConfig: Adding: com.android.server.compat.config.Change@75dcfdf
04-15 17:03:49.379 540 540 D CompatConfig: Adding: com.android.server.compat.config.Change@dc1a42c
04-15 17:03:49.379 540 540 D CompatConfig: Adding: com.android.server.compat.config.Change@1807ef5
04-15 17:03:49.379 540 540 D CompatConfig: Adding: com.android.server.compat.config.Change@e2e48a
04-15 17:03:49.379 540 540 D CompatConfig: Adding: com.android.server.compat.config.Change@ef98afb
04-15 17:03:49.379 540 540 D CompatConfig: Adding: com.android.server.compat.config.Change@1bad718
04-15 17:03:49.379 540 540 D CompatConfig: Adding: com.android.server.compat.config.Change@ea71571
04-15 17:03:49.379 540 540 D CompatConfig: Adding: com.android.server.compat.config.Change@c12bf56
04-15 17:03:49.379 540 540 D CompatConfig: Adding: com.android.server.compat.config.Change@ccbdbd7
04-15 17:03:49.381 540 540 D CompatConfig: Adding: com.android.server.compat.config.Change@f124cc4
04-15 17:03:49.381 540 540 D CompatConfig: Adding: com.android.server.compat.config.Change@1c697ad
04-15 17:03:49.381 540 540 D CompatConfig: Adding: com.android.server.compat.config.Change@937ae2
04-15 17:03:49.381 540 540 D CompatConfig: Adding: com.android.server.compat.config.Change@b085e73
04-15 17:03:49.381 540 540 D CompatConfig: Adding: com.android.server.compat.config.Change@f497130
04-15 17:03:49.381 540 540 D CompatConfig: Adding: com.android.server.compat.config.Change@de201a9
04-15 17:03:49.382 540 540 D CompatConfig: Adding: com.android.server.compat.config.Change@772632e
04-15 17:03:49.382 540 540 D CompatConfig: Adding: com.android.server.compat.config.Change@9806ecf
04-15 17:03:49.382 540 540 D CompatConfig: Adding: com.android.server.compat.config.Change@8c705c
04-15 17:03:49.382 540 540 D CompatConfig: Adding: com.android.server.compat.config.Change@9300f65
04-15 17:03:49.382 540 540 D CompatConfig: Adding: com.android.server.compat.config.Change@b45843a
04-15 17:03:49.382 540 540 D CompatConfig: Adding: com.android.server.compat.config.Change@9bf28eb
04-15 17:03:49.382 540 540 D CompatConfig: Adding: com.android.server.compat.config.Change@59e3648
04-15 17:03:49.382 540 540 D CompatConfig: Adding: com.android.server.compat.config.Change@c973ce1
04-15 17:03:49.382 540 540 D CompatConfig: Adding: com.android.server.compat.config.Change@7f7aa06
04-15 17:03:49.383 540 540 D CompatConfig: Adding: com.android.server.compat.config.Change@e568c7
04-15 17:03:49.383 540 540 D CompatConfig: Adding: com.android.server.compat.config.Change@8846ef4
04-15 17:03:49.383 540 540 D CompatConfig: Adding: com.android.server.compat.config.Change@ee9c61d
04-15 17:03:49.383 540 540 D CompatConfig: Adding: com.android.server.compat.config.Change@b546092
04-15 17:03:49.383 540 540 D CompatConfig: Adding: com.android.server.compat.config.Change@b45ca63
04-15 17:03:49.383 540 540 D CompatConfig: Adding: com.android.server.compat.config.Change@bf38660
04-15 17:03:49.383 540 540 D CompatConfig: Adding: com.android.server.compat.config.Change@7e1a719
04-15 17:03:49.383 540 540 D CompatConfig: Adding: com.android.server.compat.config.Change@253f3de
04-15 17:03:49.383 540 540 D CompatConfig: Adding: com.android.server.compat.config.Change@dc0a9bf
04-15 17:03:49.383 540 540 D CompatConfig: Adding: com.android.server.compat.config.Change@77aa88c
04-15 17:03:49.388 540 540 D CompatConfig: Adding: com.android.server.compat.config.Change@6dc9bd5
04-15 17:03:49.388 540 540 D CompatConfig: Adding: com.android.server.compat.config.Change@f276fea
04-15 17:03:49.388 540 540 D CompatConfig: Adding: com.android.server.compat.config.Change@e022db
04-15 17:03:49.388 540 540 D CompatConfig: Adding: com.android.server.compat.config.Change@a6fc178
04-15 17:03:49.388 540 540 D CompatConfig: Adding: com.android.server.compat.config.Change@9582051
04-15 17:03:49.388 540 540 D CompatConfig: Adding: com.android.server.compat.config.Change@404a0b6
04-15 17:03:49.388 540 540 D CompatConfig: Adding: com.android.server.compat.config.Change@1b411b7
04-15 17:03:49.389 540 540 D CompatConfig: Adding: com.android.server.compat.config.Change@19b7d24
04-15 17:03:49.389 540 540 D CompatConfig: Adding: com.android.server.compat.config.Change@d2d708d
04-15 17:03:49.389 540 540 D CompatConfig: Adding: com.android.server.compat.config.Change@eb21242
04-15 17:03:49.389 540 540 D CompatConfig: Adding: com.android.server.compat.config.Change@46e1253
04-15 17:03:49.389 540 540 D CompatConfig: Adding: com.android.server.compat.config.Change@ba54790
04-15 17:03:49.389 540 540 D CompatConfig: Adding: com.android.server.compat.config.Change@a8d8889
04-15 17:03:49.389 540 540 D CompatConfig: Adding: com.android.server.compat.config.Change@d3108e
04-15 17:03:49.389 540 540 D CompatConfig: Adding: com.android.server.compat.config.Change@4bd80af
04-15 17:03:49.392 540 540 D CompatConfig: Adding: com.android.server.compat.config.Change@83f4cbc
04-15 17:03:49.393 540 540 D CompatConfig: Adding: com.android.server.compat.config.Change@1bd2445
04-15 17:03:49.393 540 540 D CompatConfig: Adding: com.android.server.compat.config.Change@f3a79a
04-15 17:03:49.393 540 540 D CompatConfig: Adding: com.android.server.compat.config.Change@feb78cb
04-15 17:03:49.393 540 540 D CompatConfig: Adding: com.android.server.compat.config.Change@e1278a8
04-15 17:03:49.393 540 540 D CompatConfig: Adding: com.android.server.compat.config.Change@890bfc1
04-15 17:03:49.393 540 540 D CompatConfig: Adding: com.android.server.compat.config.Change@54a366
04-15 17:03:49.393 540 540 D CompatConfig: Adding: com.android.server.compat.config.Change@4b6d6a7
04-15 17:03:49.393 540 540 D CompatConfig: Adding: com.android.server.compat.config.Change@36a7754
04-15 17:03:49.394 540 540 D CompatConfig: Adding: com.android.server.compat.config.Change@3a896fd
04-15 17:03:49.394 540 540 D CompatConfig: Adding: com.android.server.compat.config.Change@1778ff2
04-15 17:03:49.394 540 540 D CompatConfig: Adding: com.android.server.compat.config.Change@4f03643
04-15 17:03:49.394 540 540 D CompatConfig: Adding: com.android.server.compat.config.Change@5a1b4c0
04-15 17:03:49.394 540 540 D CompatConfig: Adding: com.android.server.compat.config.Change@76ca5f9
04-15 17:03:49.394 540 540 D CompatConfig: Adding: com.android.server.compat.config.Change@b6ab93e
04-15 17:03:49.394 540 540 D CompatConfig: Adding: com.android.server.compat.config.Change@4d5f39f
04-15 17:03:49.394 540 540 D CompatConfig: Adding: com.android.server.compat.config.Change@b4d5cec
04-15 17:03:49.394 540 540 D CompatConfig: Adding: com.android.server.compat.config.Change@cc8a8b5
04-15 17:03:49.395 540 540 D CompatConfig: Adding: com.android.server.compat.config.Change@5d52b4a
04-15 17:03:49.395 540 540 D CompatConfig: Adding: com.android.server.compat.config.Change@4302abb
04-15 17:03:49.395 540 540 D CompatConfig: Adding: com.android.server.compat.config.Change@d295bd8
04-15 17:03:49.395 540 540 D CompatConfig: Adding: com.android.server.compat.config.Change@5a81b31
04-15 17:03:49.395 540 540 D CompatConfig: Adding: com.android.server.compat.config.Change@9c2b216
04-15 17:03:49.395 540 540 D CompatConfig: Adding: com.android.server.compat.config.Change@d2cb797
04-15 17:03:49.395 540 540 D CompatConfig: Adding: com.android.server.compat.config.Change@1c45d84
04-15 17:03:49.395 540 540 D CompatConfig: Adding: com.android.server.compat.config.Change@d32396d
04-15 17:03:49.395 540 540 D CompatConfig: Adding: com.android.server.compat.config.Change@32fd9a2
04-15 17:03:49.395 540 540 D CompatConfig: Adding: com.android.server.compat.config.Change@4fb3633
04-15 17:03:49.398 540 540 D CompatConfig: Adding: com.android.server.compat.config.Change@7ebcdf0
04-15 17:03:49.398 540 540 D CompatConfig: Adding: com.android.server.compat.config.Change@fc5ff69
04-15 17:03:49.398 540 540 D CompatConfig: Adding: com.android.server.compat.config.Change@f55edee
04-15 17:03:49.398 540 540 D CompatConfig: Adding: com.android.server.compat.config.Change@a29028f
04-15 17:03:49.398 540 540 D CompatConfig: Adding: com.android.server.compat.config.Change@bd7d91c
04-15 17:03:49.398 540 540 D CompatConfig: Adding: com.android.server.compat.config.Change@6b62925
04-15 17:03:49.398 540 540 D CompatConfig: Adding: com.android.server.compat.config.Change@3b6fafa
04-15 17:03:49.398 540 540 D CompatConfig: Adding: com.android.server.compat.config.Change@cbd38ab
04-15 17:03:49.399 540 540 D CompatConfig: Adding: com.android.server.compat.config.Change@3176b08
04-15 17:03:49.399 540 540 D CompatConfig: Adding: com.android.server.compat.config.Change@3c532a1
04-15 17:03:49.399 540 540 D CompatConfig: Adding: com.android.server.compat.config.Change@9e9ccc6
04-15 17:03:49.399 540 540 D CompatConfig: Adding: com.android.server.compat.config.Change@c14b487
04-15 17:03:49.399 540 540 D CompatConfig: Adding: com.android.server.compat.config.Change@b3c2fb4
04-15 17:03:49.399 540 540 D CompatConfig: Adding: com.android.server.compat.config.Change@86157dd
04-15 17:03:49.400 540 568 I SystemConfig: Reading permissions from /system/etc/permissions/android.test.base.xml
04-15 17:03:49.405 540 568 I SystemConfig: Reading permissions from /system/etc/permissions/com.android.location.provider.xml
04-15 17:03:49.408 540 540 D CompatConfig: Found a config file: /system/system_ext/etc/compatconfig/settings-platform-compat-config.xml
04-15 17:03:49.410 540 568 I SystemConfig: Reading permissions from /system/etc/permissions/privapp_allowlist_com.android.providers.media.module.xml
04-15 17:03:49.427 0 0 I servicemanager: Notifying apexservice they do (previously: don't) have clients when service is guaranteed to be in use
04-15 17:03:49.412 540 540 D CompatConfig: Adding: com.android.server.compat.config.Change@4a094d9
04-15 17:03:49.415 540 540 D ApexManagerTiming: getActiveApexInfos_noCache
04-15 17:03:49.437 0 0 I AidlLazyServiceRegistrar: Process has 1 (of 1 available) client(s) in use after notification apexservice has clients: 1
04-15 17:03:49.437 0 0 I AidlLazyServiceRegistrar: Shutdown prevented by forcePersist override flag.
04-15 17:03:49.424 540 568 I SystemConfig: Reading permissions from /system/etc/permissions/com.android.adservices.sdksandbox.xml
04-15 17:03:49.429 540 568 I SystemConfig: Reading permissions from /system/etc/permissions/com.android.intentresolver.xml
04-15 17:03:49.441 0 0 I apexd : getActivePackages received by ApexService
04-15 17:03:49.437 540 568 I SystemConfig: Reading permissions from /system/etc/permissions/org.apache.http.legacy.xml
04-15 17:03:49.446 540 568 I SystemConfig: Reading permissions from /system/etc/permissions/android.software.live_wallpaper.xml
04-15 17:03:49.453 540 568 I SystemConfig: Reading permissions from /system/etc/permissions/android.test.mock.xml
04-15 17:03:49.457 540 568 I SystemConfig: Reading permissions from /system/etc/permissions/android.test.runner.xml
04-15 17:03:49.461 540 568 I SystemConfig: Reading permissions from /system/etc/permissions/android.software.webview.xml
04-15 17:03:49.465 540 568 I SystemConfig: Reading permissions from /system/etc/permissions/com.android.networkstack.xml
04-15 17:03:49.469 540 568 I SystemConfig: Reading permissions from /system/etc/permissions/android.software.window_magnification.xml
04-15 17:03:49.471 540 568 I SystemConfig: Reading permissions from /system/etc/permissions/com.android.nfc_extras.xml
04-15 17:03:49.481 540 568 I SystemConfig: Reading permissions from /system/etc/permissions/com.android.documentsui.xml
04-15 17:03:49.485 540 568 I SystemConfig: Reading permissions from /system/etc/permissions/javax.obex.xml
04-15 17:03:49.489 540 568 I SystemConfig: Reading permissions from /system/etc/permissions/privapp_allowlist_com.android.adservices.api.xml
04-15 17:03:49.493 540 568 I SystemConfig: Reading permissions from /system/etc/permissions/com.android.media.remotedisplay.xml
04-15 17:03:49.495 540 568 I SystemConfig: Reading permissions from /system/etc/permissions/privapp-permissions-platform.xml
04-15 17:03:49.522 540 568 I SystemConfig: Reading permissions from /system/etc/permissions/com.android.mediadrm.signer.xml
04-15 17:03:49.525 540 568 I SystemConfig: Reading permissions from /system/etc/permissions/com.android.future.usb.accessory.xml
04-15 17:03:49.530 540 540 V ApexManagerTiming: getActiveApexInfos_noCache took to complete: 115ms
04-15 17:03:49.530 540 540 D CompatConfig: No directory /apex/com.android.healthfitness/etc/compatconfig, skipping
04-15 17:03:49.531 540 540 D CompatConfig: No directory /apex/com.android.extservices/etc/compatconfig, skipping
04-15 17:03:49.533 540 568 I SystemConfig: Reading permissions from /system/etc/permissions/platform.xml
04-15 17:03:49.537 540 540 D CompatConfig: No directory /apex/com.android.permission/etc/compatconfig, skipping
04-15 17:03:49.537 540 540 D CompatConfig: No directory /apex/com.android.ondevicepersonalization/etc/compatconfig, skipping
04-15 17:03:49.537 540 540 D CompatConfig: No directory /apex/com.android.adbd/etc/compatconfig, skipping
04-15 17:03:49.538 540 540 D CompatConfig: No directory /apex/com.android.ipsec/etc/compatconfig, skipping
04-15 17:03:49.538 540 540 D CompatConfig: No directory /apex/com.android.runtime/etc/compatconfig, skipping
04-15 17:03:49.538 540 540 D CompatConfig: No directory /apex/com.android.configinfrastructure/etc/compatconfig, skipping
04-15 17:03:49.538 540 540 D CompatConfig: No directory /apex/com.android.vndk.v34/etc/compatconfig, skipping
04-15 17:03:49.539 540 540 D CompatConfig: No directory /apex/com.android.appsearch/etc/compatconfig, skipping
04-15 17:03:49.539 540 540 D CompatConfig: No directory /apex/com.android.conscrypt/etc/compatconfig, skipping
04-15 17:03:49.539 540 540 D CompatConfig: No directory /apex/com.android.i18n/etc/compatconfig, skipping
04-15 17:03:49.539 540 540 D CompatConfig: No directory /apex/com.android.cellbroadcast/etc/compatconfig, skipping
04-15 17:03:49.540 540 540 D CompatConfig: No directory /apex/com.android.media/etc/compatconfig, skipping
04-15 17:03:49.540 540 540 D CompatConfig: No directory /apex/com.android.neuralnetworks/etc/compatconfig, skipping
04-15 17:03:49.541 540 540 D CompatConfig: No directory /apex/com.android.scheduling/etc/compatconfig, skipping
04-15 17:03:49.541 540 540 D CompatConfig: No directory /apex/com.android.rkpd/etc/compatconfig, skipping
04-15 17:03:49.541 540 540 D CompatConfig: No directory /apex/com.android.virt/etc/compatconfig, skipping
04-15 17:03:49.541 540 540 D CompatConfig: No directory /apex/com.android.tzdata/etc/compatconfig, skipping
04-15 17:03:49.542 540 540 D CompatConfig: Found a config file: /apex/com.android.mediaprovider/etc/compatconfig/media-provider-platform-compat-config.xml
04-15 17:03:49.556 540 540 D CompatConfig: Adding: com.android.server.compat.config.Change@4cc02e5
04-15 17:03:49.557 540 540 D CompatConfig: Adding: com.android.server.compat.config.Change@5dd31ba
04-15 17:03:49.557 540 540 D CompatConfig: Adding: com.android.server.compat.config.Change@431086b
04-15 17:03:49.557 540 540 D CompatConfig: Adding: com.android.server.compat.config.Change@7335fc8
04-15 17:03:49.557 540 540 D CompatConfig: Adding: com.android.server.compat.config.Change@4bee861
04-15 17:03:49.558 540 540 D CompatConfig: Adding: com.android.server.compat.config.Change@c1caf86
04-15 17:03:49.558 540 540 D CompatConfig: Adding: com.android.server.compat.config.Change@d55c047
04-15 17:03:49.560 540 568 I SystemConfig: Reading permissions from /vendor/etc/permissions/android.hardware.touchscreen.multitouch.jazzhand.xml
04-15 17:03:49.561 540 540 D CompatConfig: No directory /apex/com.android.uwb/etc/compatconfig, skipping
04-15 17:03:49.563 540 540 D CompatConfig: No directory /apex/com.android.os.statsd/etc/compatconfig, skipping
04-15 17:03:49.566 540 568 I SystemConfig: Reading permissions from /vendor/etc/permissions/android.hardware.camera.flash-autofocus.xml
04-15 17:03:49.568 540 540 D CompatConfig: Found a config file: /apex/com.android.btservices/etc/compatconfig/bluetoothapk-platform-compat-config.xml
04-15 17:03:49.571 540 568 I SystemConfig: Reading permissions from /vendor/etc/permissions/android.hardware.wifi.passpoint.xml
04-15 17:03:49.572 540 540 D CompatConfig: Adding: com.android.server.compat.config.Change@2d45fe0
04-15 17:03:49.574 540 540 D CompatConfig: Found a config file: /apex/com.android.btservices/etc/compatconfig/bluetooth-compat-config.xml
04-15 17:03:49.577 540 540 D CompatConfig: Adding: com.android.server.compat.config.Change@a64295e
04-15 17:03:49.578 540 540 D CompatConfig: Found a config file: /apex/com.android.btservices/etc/compatconfig/framework-bluetooth-compat-config.xml
04-15 17:03:49.582 540 568 I SystemConfig: Reading permissions from /vendor/etc/permissions/android.hardware.camera.front.xml
04-15 17:03:49.583 540 540 D CompatConfig: Adding: com.android.server.compat.config.Change@11c6f55
04-15 17:03:49.585 540 568 I SystemConfig: Reading permissions from /vendor/etc/permissions/android.hardware.bluetooth.xml
04-15 17:03:49.590 540 568 I SystemConfig: Reading permissions from /vendor/etc/permissions/android.hardware.bluetooth_le.xml
04-15 17:03:49.593 540 568 I SystemConfig: Reading permissions from /vendor/etc/permissions/android.hardware.identity_credential.xml
04-15 17:03:49.597 540 568 I SystemConfig: Reading permissions from /vendor/etc/permissions/handheld_core_hardware.xml
04-15 17:03:49.599 540 568 I SystemConfig: Reading permissions from /vendor/etc/permissions/android.hardware.camera.raw.xml
04-15 17:03:49.601 540 540 D CompatConfig: Found a config file: /apex/com.android.wifi/etc/compatconfig/wifi-compat-config.xml
04-15 17:03:49.603 540 540 D CompatConfig: Adding: com.android.server.compat.config.Change@fed1ea4
04-15 17:03:49.604 540 540 D CompatConfig: Adding: com.android.server.compat.config.Change@e24340d
04-15 17:03:49.604 540 540 D CompatConfig: Adding: com.android.server.compat.config.Change@c544fc2
04-15 17:03:49.606 540 540 D CompatConfig: No directory /apex/com.android.apex.cts.shim/etc/compatconfig, skipping
04-15 17:03:49.607 540 540 D CompatConfig: No directory /apex/com.android.resolv/etc/compatconfig, skipping
04-15 17:03:49.607 540 540 D CompatConfig: No directory /apex/com.android.sdkext/etc/compatconfig, skipping
04-15 17:03:49.610 540 568 I SystemConfig: Reading permissions from /vendor/etc/permissions/android.hardware.vulkan.compute.xml
04-15 17:03:49.611 540 540 D CompatConfig: Found a config file: /apex/com.android.tethering/etc/compatconfig/connectivity-platform-compat-config.xml
04-15 17:03:49.613 540 568 I SystemConfig: Reading permissions from /vendor/etc/permissions/android.hardware.biometrics.face.xml
04-15 17:03:49.616 540 540 D CompatConfig: Adding: com.android.server.compat.config.Change@61ba60e
04-15 17:03:49.616 540 540 D CompatConfig: Adding: com.android.server.compat.config.Change@332282f
04-15 17:03:49.617 540 540 D CompatConfig: Adding: com.android.server.compat.config.Change@7f39e3c
04-15 17:03:49.617 540 540 D CompatConfig: Adding: com.android.server.compat.config.Change@b58d7c5
04-15 17:03:49.619 540 540 D CompatConfig: No directory /apex/com.android.media.swcodec/etc/compatconfig, skipping
04-15 17:03:49.619 540 540 D CompatConfig: No directory /apex/com.android.devicelock/etc/compatconfig, skipping
04-15 17:03:49.621 540 568 I SystemConfig: Reading permissions from /vendor/etc/permissions/android.software.opengles.deqp.level.xml
04-15 17:03:49.623 540 540 D CompatConfig: Found a config file: /apex/com.android.art/etc/compatconfig/libcore-platform-compat-config.xml
04-15 17:03:49.626 540 568 I SystemConfig: Reading permissions from /vendor/etc/permissions/android.hardware.camera.concurrent.xml
04-15 17:03:49.629 540 568 I SystemConfig: Reading permissions from /vendor/etc/permissions/android.hardware.vulkan.version.xml
04-15 17:03:49.630 540 540 D CompatConfig: Adding: com.android.server.compat.config.Change@86a68e6
04-15 17:03:49.631 540 540 D CompatConfig: Adding: com.android.server.compat.config.Change@928ee27
04-15 17:03:49.631 540 540 D CompatConfig: Adding: com.android.server.compat.config.Change@82778d4
04-15 17:03:49.633 540 540 D CompatConfig: Adding: com.android.server.compat.config.Change@8e42d72
04-15 17:03:49.633 540 540 D CompatConfig: Adding: com.android.server.compat.config.Change@72c45c3
04-15 17:03:49.634 540 540 D CompatConfig: Adding: com.android.server.compat.config.Change@2ed4e40
04-15 17:03:49.634 540 540 D CompatConfig: Adding: com.android.server.compat.config.Change@2620179
04-15 17:03:49.634 540 540 D CompatConfig: Adding: com.android.server.compat.config.Change@cc3aebe
04-15 17:03:49.634 540 540 D CompatConfig: Adding: com.android.server.compat.config.Change@3837b1f
04-15 17:03:49.634 540 540 D CompatConfig: Adding: com.android.server.compat.config.Change@7790e6c
04-15 17:03:49.635 540 540 D CompatConfig: Adding: com.android.server.compat.config.Change@4783c35
04-15 17:03:49.637 540 568 I SystemConfig: Reading permissions from /vendor/etc/permissions/android.hardware.hardware_keystore.xml
04-15 17:03:49.638 540 540 D CompatConfig: No directory /apex/com.android.adservices/etc/compatconfig, skipping
04-15 17:03:49.643 540 540 V SystemServerTiming: PlatformCompat took to complete: 389ms
04-15 17:03:49.644 540 540 D SystemServerTiming: StartFileIntegrityService
04-15 17:03:49.645 540 540 I SystemServiceManager: Starting com.android.server.security.FileIntegrityService
04-15 17:03:49.647 540 568 I SystemConfig: Reading permissions from /vendor/etc/permissions/android.software.autofill.xml
04-15 17:03:49.655 540 540 V SystemServerTiming: StartFileIntegrityService took to complete: 10ms
04-15 17:03:49.655 540 540 D SystemServerTiming: StartInstaller
04-15 17:03:49.655 540 540 I SystemServiceManager: Starting com.android.server.pm.Installer
04-15 17:03:49.657 540 568 I SystemConfig: Reading permissions from /vendor/etc/permissions/android.software.vulkan.deqp.level.xml
04-15 17:03:49.665 540 568 I SystemConfig: Reading permissions from /vendor/etc/permissions/android.hardware.wifi.xml
04-15 17:03:49.666 444 465 D installd: Found quota mount /dev/block/dm-38 at /data
04-15 17:03:49.670 444 465 D installd: Found quota mount /dev/block/dm-38 at /data/user/0
04-15 17:03:49.673 540 568 I SystemConfig: Reading permissions from /vendor/etc/permissions/android.hardware.fingerprint.xml
04-15 17:03:49.676 540 540 V SystemServerTiming: StartInstaller took to complete: 21ms
04-15 17:03:49.676 540 540 D SystemServerTiming: DeviceIdentifiersPolicyService
04-15 17:03:49.677 540 540 I SystemServiceManager: Starting com.android.server.os.DeviceIdentifiersPolicyService
04-15 17:03:49.679 540 540 V SystemServerTiming: DeviceIdentifiersPolicyService took to complete: 2ms
04-15 17:03:49.679 540 540 D SystemServerTiming: UriGrantsManagerService
04-15 17:03:49.681 540 540 I SystemServiceManager: Starting com.android.server.uri.UriGrantsManagerService$Lifecycle
04-15 17:03:49.684 540 568 I SystemConfig: Reading permissions from /vendor/etc/permissions/android.hardware.camera.full.xml
04-15 17:03:49.685 540 540 V SystemServerTiming: UriGrantsManagerService took to complete: 4ms
04-15 17:03:49.686 540 540 D SystemServerTiming: StartPowerStatsService
04-15 17:03:49.686 540 540 I SystemServiceManager: Starting com.android.server.powerstats.PowerStatsService
04-15 17:03:49.689 540 568 I SystemConfig: Reading permissions from /vendor/etc/permissions/android.hardware.wifi.direct.xml
04-15 17:03:49.700 0 0 I servicemanager: Found android.hardware.power.stats.IPowerStats/default in device VINTF manifest.
04-15 17:03:49.693 540 568 I SystemConfig: Reading permissions from /vendor/etc/permissions/android.hardware.keystore.app_attest_key.xml
04-15 17:03:49.697 540 568 I SystemConfig: Reading permissions from /vendor/etc/permissions/android.hardware.vulkan.level.xml
04-15 17:03:49.704 540 568 I SystemConfig: Reading permissions from /product/etc/sysconfig/preinstalled-packages-platform-telephony-product.xml
04-15 17:03:49.706 540 568 I SystemConfig: Reading permissions from /product/etc/sysconfig/preinstalled-packages-platform-overlays.xml
04-15 17:03:49.710 540 568 I SystemConfig: Reading permissions from /product/etc/sysconfig/initial-package-stopped-states-aosp.xml
04-15 17:03:49.711 540 540 V SystemServerTiming: StartPowerStatsService took to complete: 25ms
04-15 17:03:49.711 540 540 D SystemServerTiming: StartIStatsService
04-15 17:03:49.714 540 568 I SystemConfig: Reading permissions from /product/etc/sysconfig/preinstalled-packages-platform-handheld-product.xml
04-15 17:03:49.718 540 568 I SystemConfig: Reading permissions from /product/etc/sysconfig/preinstalled-packages-platform-aosp-product.xml
04-15 17:03:49.722 133 133 I hwservicemanager: getTransport: Cannot find entry android.frameworks.stats@1.0::IStats/default in either framework or device VINTF manifest.
04-15 17:03:49.723 540 540 E HidlServiceManagement: Service android.frameworks.stats@1.0::IStats/default must be in VINTF manifest in order to register/get.
04-15 17:03:49.723 540 540 W system_server: Cannot register HIDL android.frameworks.stats@1.0::IStats: -2147483648
04-15 17:03:49.725 540 568 I SystemConfig: Reading permissions from /product/etc/permissions/com.android.dialer.xml
04-15 17:03:49.729 540 540 V SystemServerTiming: StartIStatsService took to complete: 18ms
04-15 17:03:49.729 540 540 D SystemServerTiming: MemtrackProxyService
04-15 17:03:49.739 0 0 I servicemanager: Found android.frameworks.stats.IStats/default in framework VINTF manifest.
04-15 17:03:49.741 0 0 I servicemanager: Could not find android.hardware.memtrack.IMemtrack/default in the VINTF manifest.
04-15 17:03:49.734 540 568 I SystemConfig: Reading permissions from /product/etc/permissions/com.android.contacts.xml
04-15 17:03:49.735 133 133 I hwservicemanager: getTransport: Cannot find entry android.hardware.memtrack@1.0::IMemtrack/default in either framework or device VINTF manifest.
04-15 17:03:49.737 540 540 I Stability: Interface set with vintf stability downgraded to system stability stability
04-15 17:03:49.739 540 568 I SystemConfig: Reading permissions from /product/etc/permissions/android.software.verified_boot.xml
04-15 17:03:49.741 540 568 I SystemConfig: Reading permissions from /product/etc/permissions/com.android.settings.intelligence.xml
04-15 17:03:49.743 540 540 V SystemServerTiming: MemtrackProxyService took to complete: 13ms
04-15 17:03:49.743 540 540 D SystemServerTiming: StartAccessCheckingService
04-15 17:03:49.743 540 540 I SystemServiceManager: Starting com.android.server.permission.access.AccessCheckingService
04-15 17:03:49.746 540 540 V SystemServerTiming: StartAccessCheckingService took to complete: 3ms
04-15 17:03:49.746 540 540 D SystemServerTiming: StartActivityManager
04-15 17:03:49.746 540 540 I SystemServiceManager: Starting com.android.server.wm.ActivityTaskManagerService$Lifecycle
04-15 17:03:49.750 540 568 I SystemConfig: Reading permissions from /product/etc/permissions/com.android.imsserviceentitlement.xml
04-15 17:03:49.753 540 568 I SystemConfig: Reading permissions from /product/etc/permissions/privapp-permissions-goldfish.xml
04-15 17:03:49.763 540 568 W SystemConfig: No directory /system_ext/etc/sysconfig, skipping
04-15 17:03:49.766 540 540 I SystemServiceManager: Starting com.android.server.am.ActivityManagerService$Lifecycle
04-15 17:03:49.768 540 568 I SystemConfig: Reading permissions from /system_ext/etc/permissions/com.android.sdksetup.xml
04-15 17:03:49.771 540 568 I SystemConfig: Reading permissions from /system_ext/etc/permissions/com.android.settings.xml
04-15 17:03:49.774 540 568 I SystemConfig: Reading permissions from /system_ext/etc/permissions/com.android.systemui.xml
04-15 17:03:49.779 540 568 I SystemConfig: Reading permissions from /system_ext/etc/permissions/com.android.emulator.radio.config.xml
04-15 17:03:49.782 540 568 I SystemConfig: Reading permissions from /system_ext/etc/permissions/androidx.window.extensions.xml
04-15 17:03:49.785 540 540 I ActivityManager: Memory class: 192
04-15 17:03:49.787 540 572 D CompatibilityChangeReporter: Compat change id reported: 3400644; UID 1000; state: ENABLED
04-15 17:03:49.791 540 568 I SystemConfig: Reading permissions from /system_ext/etc/permissions/com.android.launcher3.xml
04-15 17:03:49.794 540 568 I SystemConfig: Reading permissions from /system_ext/etc/permissions/androidx.window.sidecar.xml
04-15 17:03:49.798 540 568 I SystemConfig: Reading permissions from /system_ext/etc/permissions/com.android.emergency.xml
04-15 17:03:49.803 540 572 I Binder : Setting heavy hitter watcher config: false, 0, 0.0
04-15 17:03:49.806 540 568 I SystemConfig: Reading permissions from /system_ext/etc/permissions/com.android.storagemanager.xml
04-15 17:03:49.813 540 568 I SystemConfig: Reading permissions from /system_ext/etc/permissions/com.android.carrierconfig.xml
04-15 17:03:49.820 540 568 I SystemConfig: Reading permissions from /apex/com.android.ipsec/etc/permissions/android.net.ipsec.ike.xml
04-15 17:03:49.823 540 568 I SystemConfig: Reading permissions from /apex/com.android.extservices/etc/permissions/privapp_allowlist_android.ext.services.xml
04-15 17:03:49.827 540 568 I SystemConfig: Reading permissions from /apex/com.android.mediaprovider/etc/permissions/privapp_allowlist_com.android.providers.media.module.xml
04-15 17:03:49.830 540 568 I SystemConfig: Reading permissions from /apex/com.android.tethering/etc/permissions/permissions.xml
04-15 17:03:49.834 540 568 I SystemConfig: Reading permissions from /apex/com.android.adservices/etc/permissions/privapp_allowlist_com.android.adservices.api.xml
04-15 17:03:49.838 540 568 I SystemConfig: Reading permissions from /apex/com.android.permission/etc/permissions/privapp_allowlist_com.android.permissioncontroller.xml
04-15 17:03:49.843 540 568 I SystemConfig: Reading permissions from /apex/com.android.cellbroadcast/etc/permissions/privapp_allowlist_com.android.cellbroadcastreceiver.module.xml
04-15 17:03:49.846 540 568 I SystemConfig: Reading permissions from /apex/com.android.cellbroadcast/etc/permissions/privapp_allowlist_com.android.cellbroadcastservice.xml
04-15 17:03:49.849 540 568 I SystemConfig: Reading permissions from /apex/com.android.devicelock/etc/permissions/privapp_allowlist_com.android.devicelockcontroller.xml
04-15 17:03:49.853 540 568 I SystemConfig: Reading permissions from /apex/com.android.healthfitness/etc/permissions/privapp_allowlist_com.android.healthconnect.controller.xml
04-15 17:03:49.857 540 568 I SystemConfig: Reading permissions from /apex/com.android.btservices/etc/permissions/privapp_allowlist_com.android.bluetooth.xml
04-15 17:03:49.869 540 568 W SystemConfig: Failed to read public libraries file /vendor/etc/public.libraries.txt
04-15 17:03:49.869 540 568 W SystemConfig: java.io.FileNotFoundException: /vendor/etc/public.libraries.txt: open failed: ENOENT (No such file or directory)
04-15 17:03:49.869 540 568 W SystemConfig: at libcore.io.IoBridge.open(IoBridge.java:574)
04-15 17:03:49.869 540 568 W SystemConfig: at java.io.FileInputStream.(FileInputStream.java:160)
04-15 17:03:49.869 540 568 W SystemConfig: at java.io.FileReader.(FileReader.java:75)
04-15 17:03:49.869 540 568 W SystemConfig: at com.android.server.SystemConfig.readPublicLibrariesListFile(SystemConfig.java:1818)
