04-15 17:03:08.638 0 0 D LibBpfLoader: bpf_prog_load lib call for /system/etc/bpf/gpuMem.o (tracepoint_gpu_mem_gpu_mem_total) returned fd: 7 (no error)
04-15 17:03:08.639 0 0 I LibBpfLoader: prog /sys/fs/bpf/prog_gpuMem_tracepoint_gpu_mem_gpu_mem_total id 30
04-15 17:03:08.639 0 0 I bpfloader: Loaded object: /system/etc/bpf/gpuMem.o
04-15 17:03:08.643 0 0 D LibBpfLoader: Loading optional ELF object /system/etc/bpf/timeInState.o with license GPL
04-15 17:03:08.643 0 0 I LibBpfLoader: Section bpfloader_min_ver value is 28 [0x1c]
04-15 17:03:08.643 0 0 I LibBpfLoader: Section bpfloader_max_ver value is 65536 [0x10000]
04-15 17:03:08.644 0 0 D LibBpfLoader: Couldn't find section bpfloader_min_required_ver (defaulting to 0 [0x0]).
04-15 17:03:08.644 0 0 I LibBpfLoader: Section size_of_bpf_map_def value is 120 [0x78]
04-15 17:03:08.644 0 0 I LibBpfLoader: Section size_of_bpf_prog_def value is 92 [0x5c]
04-15 17:03:08.644 0 0 I LibBpfLoader: BpfLoader version 0x00026 processing ELF object /system/etc/bpf/timeInState.o with ver [0x0001c,0x10000)
04-15 17:03:08.653 0 0 D LibBpfLoader: Loaded code section 3 (tracepoint_sched_sched_switch)
04-15 17:03:08.654 0 0 D LibBpfLoader: Loaded relo section 3 (.reltracepoint/sched/sched_switch)
04-15 17:03:08.654 0 0 D LibBpfLoader: Adding section 3 to cs list
04-15 17:03:08.655 0 0 D LibBpfLoader: Loaded code section 5 (tracepoint_power_cpu_frequency)
04-15 17:03:08.657 0 0 D LibBpfLoader: Loaded relo section 5 (.reltracepoint/power/cpu_frequency)
04-15 17:03:08.657 0 0 D LibBpfLoader: Adding section 5 to cs list
04-15 17:03:08.657 0 0 D LibBpfLoader: Loaded code section 7 (tracepoint_sched_sched_process_free)
04-15 17:03:08.660 0 0 D LibBpfLoader: Loaded relo section 7 (.reltracepoint/sched/sched_process_free)
04-15 17:03:08.660 0 0 D LibBpfLoader: Adding section 7 to cs list
04-15 17:03:08.670 0 0 D LibBpfLoader: Couldn't find section btf_min_bpfloader_ver (defaulting to 0 [0x0]).
04-15 17:03:08.671 0 0 D LibBpfLoader: Couldn't find section btf_min_kernel_ver (defaulting to 0 [0x0]).
04-15 17:03:08.735 0 0 D LibBpfLoader: bpf_create_map name total_time_in_state_map, ret: 6
04-15 17:03:08.736 0 0 I LibBpfLoader: map /sys/fs/bpf/map_timeInState_total_time_in_state_map id 33
04-15 17:03:08.739 0 0 D LibBpfLoader: bpf_create_map name uid_time_in_state_map, ret: 8
04-15 17:03:08.740 0 0 I LibBpfLoader: map /sys/fs/bpf/map_timeInState_uid_time_in_state_map id 34
04-15 17:03:08.742 0 0 D LibBpfLoader: bpf_create_map name uid_concurrent_times_map, ret: 9
04-15 17:03:08.743 0 0 I LibBpfLoader: map /sys/fs/bpf/map_timeInState_uid_concurrent_times_map id 35
04-15 17:03:08.743 0 0 D LibBpfLoader: bpf_create_map name uid_last_update_map, ret: 10
04-15 17:03:08.743 0 0 I LibBpfLoader: map /sys/fs/bpf/map_timeInState_uid_last_update_map id 36
04-15 17:03:08.743 0 0 D LibBpfLoader: bpf_create_map name cpu_last_update_map, ret: 11
04-15 17:03:08.744 0 0 I LibBpfLoader: map /sys/fs/bpf/map_timeInState_cpu_last_update_map id 37
04-15 17:03:08.744 0 0 D LibBpfLoader: bpf_create_map name cpu_last_pid_map, ret: 12
04-15 17:03:08.744 0 0 I LibBpfLoader: map /sys/fs/bpf/map_timeInState_cpu_last_pid_map id 38
04-15 17:03:08.744 0 0 D LibBpfLoader: bpf_create_map name cpu_policy_map, ret: 13
04-15 17:03:08.744 0 0 I LibBpfLoader: map /sys/fs/bpf/map_timeInState_cpu_policy_map id 39
04-15 17:03:08.745 0 0 D LibBpfLoader: bpf_create_map name policy_freq_idx_map, ret: 14
04-15 17:03:08.745 0 0 I LibBpfLoader: map /sys/fs/bpf/map_timeInState_policy_freq_idx_map id 40
04-15 17:03:08.745 0 0 D LibBpfLoader: bpf_create_map name freq_to_idx_map, ret: 15
04-15 17:03:08.745 0 0 I LibBpfLoader: map /sys/fs/bpf/map_timeInState_freq_to_idx_map id 41
04-15 17:03:08.745 0 0 D LibBpfLoader: bpf_create_map name nr_active_map, ret: 16
04-15 17:03:08.746 0 0 I LibBpfLoader: map /sys/fs/bpf/map_timeInState_nr_active_map id 42
04-15 17:03:08.746 0 0 D LibBpfLoader: bpf_create_map name policy_nr_active_map, ret: 17
04-15 17:03:08.746 0 0 I LibBpfLoader: map /sys/fs/bpf/map_timeInState_policy_nr_active_map id 43
04-15 17:03:08.746 0 0 D LibBpfLoader: bpf_create_map name pid_tracked_hash_map, ret: 18
04-15 17:03:08.747 0 0 I LibBpfLoader: map /sys/fs/bpf/map_timeInState_pid_tracked_hash_map id 44
04-15 17:03:08.747 0 0 D LibBpfLoader: bpf_create_map name pid_tracked_map, ret: 19
04-15 17:03:08.747 0 0 I LibBpfLoader: map /sys/fs/bpf/map_timeInState_pid_tracked_map id 45
04-15 17:03:08.747 0 0 D LibBpfLoader: bpf_create_map name pid_task_aggregation_map, ret: 20
04-15 17:03:08.747 0 0 I LibBpfLoader: map /sys/fs/bpf/map_timeInState_pid_task_aggregation_map id 46
04-15 17:03:08.751 0 0 D LibBpfLoader: bpf_create_map name pid_time_in_state_map, ret: 21
04-15 17:03:08.751 0 0 I LibBpfLoader: map /sys/fs/bpf/map_timeInState_pid_time_in_state_map id 47
04-15 17:03:08.751 0 0 D LibBpfLoader: map_fd found at 0 is 6 in /system/etc/bpf/timeInState.o
04-15 17:03:08.751 0 0 D LibBpfLoader: map_fd found at 1 is 8 in /system/etc/bpf/timeInState.o
04-15 17:03:08.751 0 0 D LibBpfLoader: map_fd found at 2 is 9 in /system/etc/bpf/timeInState.o
04-15 17:03:08.751 0 0 D LibBpfLoader: map_fd found at 3 is 10 in /system/etc/bpf/timeInState.o
04-15 17:03:08.751 0 0 D LibBpfLoader: map_fd found at 4 is 11 in /system/etc/bpf/timeInState.o
04-15 17:03:08.751 0 0 D LibBpfLoader: map_fd found at 5 is 12 in /system/etc/bpf/timeInState.o
04-15 17:03:08.751 0 0 D LibBpfLoader: map_fd found at 6 is 13 in /system/etc/bpf/timeInState.o
04-15 17:03:08.751 0 0 D LibBpfLoader: map_fd found at 7 is 14 in /system/etc/bpf/timeInState.o
04-15 17:03:08.751 0 0 D LibBpfLoader: map_fd found at 8 is 15 in /system/etc/bpf/timeInState.o
04-15 17:03:08.751 0 0 D LibBpfLoader: map_fd found at 9 is 16 in /system/etc/bpf/timeInState.o
04-15 17:03:08.751 0 0 D LibBpfLoader: map_fd found at 10 is 17 in /system/etc/bpf/timeInState.o
04-15 17:03:08.751 0 0 D LibBpfLoader: map_fd found at 11 is 18 in /system/etc/bpf/timeInState.o
04-15 17:03:08.751 0 0 D LibBpfLoader: map_fd found at 12 is 19 in /system/etc/bpf/timeInState.o
04-15 17:03:08.752 0 0 D LibBpfLoader: map_fd found at 13 is 20 in /system/etc/bpf/timeInState.o
04-15 17:03:08.752 0 0 D LibBpfLoader: map_fd found at 14 is 21 in /system/etc/bpf/timeInState.o
04-15 17:03:08.777 0 0 D LibBpfLoader: cs[0].name:tracepoint_sched_sched_switch min_kver:0 .max_kver:ffffffff (kvers:6010017)
04-15 17:03:08.777 0 0 D LibBpfLoader: cs[0].name:tracepoint_sched_sched_switch requires bpfloader version [0x0001c,0x10000)
04-15 17:03:08.789 0 0 D LibBpfLoader: bpf_prog_load lib call for /system/etc/bpf/timeInState.o (tracepoint_sched_sched_switch) returned fd: 7 (no error)
04-15 17:03:08.790 0 0 I LibBpfLoader: prog /sys/fs/bpf/prog_timeInState_tracepoint_sched_sched_switch id 31
04-15 17:03:08.790 0 0 D LibBpfLoader: cs[1].name:tracepoint_power_cpu_frequency min_kver:0 .max_kver:ffffffff (kvers:6010017)
04-15 17:03:08.790 0 0 D LibBpfLoader: cs[1].name:tracepoint_power_cpu_frequency requires bpfloader version [0x0001c,0x10000)
04-15 17:03:08.796 0 0 D LibBpfLoader: bpf_prog_load lib call for /system/etc/bpf/timeInState.o (tracepoint_power_cpu_frequency) returned fd: 22 (no error)
04-15 17:03:08.797 0 0 I LibBpfLoader: prog /sys/fs/bpf/prog_timeInState_tracepoint_power_cpu_frequency id 32
04-15 17:03:08.797 0 0 D LibBpfLoader: cs[2].name:tracepoint_sched_sched_process_free min_kver:0 .max_kver:ffffffff (kvers:6010017)
04-15 17:03:08.797 0 0 D LibBpfLoader: cs[2].name:tracepoint_sched_sched_process_free requires bpfloader version [0x0001c,0x10000)
04-15 17:03:08.803 0 0 D LibBpfLoader: bpf_prog_load lib call for /system/etc/bpf/timeInState.o (tracepoint_sched_sched_process_free) returned fd: 23 (no error)
04-15 17:03:08.804 0 0 I LibBpfLoader: prog /sys/fs/bpf/prog_timeInState_tracepoint_sched_sched_process_free id 33
04-15 17:03:08.804 0 0 I bpfloader: Loaded object: /system/etc/bpf/timeInState.o
04-15 17:03:08.806 0 0 D LibBpfLoader: Loading critical for BPF Ringbuf test ELF object /system/etc/bpf/bpfRingbufProg.o with license Apache 2.0
04-15 17:03:08.807 0 0 I LibBpfLoader: Section bpfloader_min_ver value is 28 [0x1c]
04-15 17:03:08.807 0 0 I LibBpfLoader: Section bpfloader_max_ver value is 65536 [0x10000]
04-15 17:03:08.808 0 0 D LibBpfLoader: Couldn't find section bpfloader_min_required_ver (defaulting to 0 [0x0]).
04-15 17:03:08.808 0 0 I LibBpfLoader: Section size_of_bpf_map_def value is 120 [0x78]
04-15 17:03:08.808 0 0 I LibBpfLoader: Section size_of_bpf_prog_def value is 92 [0x5c]
04-15 17:03:08.808 0 0 I LibBpfLoader: BpfLoader version 0x00026 processing ELF object /system/etc/bpf/bpfRingbufProg.o with ver [0x0001c,0x10000)
04-15 17:03:08.812 0 0 D LibBpfLoader: Loaded code section 3 (skfilter_ringbuf_test)
04-15 17:03:08.814 0 0 D LibBpfLoader: Loaded relo section 3 (.relskfilter/ringbuf_test)
04-15 17:03:08.814 0 0 D LibBpfLoader: Adding section 3 to cs list
04-15 17:03:08.818 0 0 D LibBpfLoader: Couldn't find section btf_min_bpfloader_ver (defaulting to 0 [0x0]).
04-15 17:03:08.819 0 0 D LibBpfLoader: Couldn't find section btf_min_kernel_ver (defaulting to 0 [0x0]).
04-15 17:03:08.819 0 0 D LibBpfLoader: bpf_create_map name test_ringbuf, ret: 6
04-15 17:03:08.819 0 0 I LibBpfLoader: map /sys/fs/bpf/map_bpfRingbufProg_test_ringbuf id 48
04-15 17:03:08.819 0 0 D LibBpfLoader: map_fd found at 0 is 6 in /system/etc/bpf/bpfRingbufProg.o
04-15 17:03:08.821 0 0 D LibBpfLoader: cs[0].name:skfilter_ringbuf_test min_kver:5080000 .max_kver:ffffffff (kvers:6010017)
04-15 17:03:08.821 0 0 D LibBpfLoader: cs[0].name:skfilter_ringbuf_test requires bpfloader version [0x0001c,0x10000)
04-15 17:03:08.827 0 0 D LibBpfLoader: bpf_prog_load lib call for /system/etc/bpf/bpfRingbufProg.o (skfilter_ringbuf_test) returned fd: 7 (no error)
04-15 17:03:08.827 0 0 I LibBpfLoader: prog /sys/fs/bpf/prog_bpfRingbufProg_skfilter_ringbuf_test id 34
04-15 17:03:08.828 0 0 I bpfloader: Loaded object: /system/etc/bpf/bpfRingbufProg.o
04-15 17:03:08.835 0 0 I init : Service 'bpfloader' (pid 317) exited with status 0 waiting took 2.240000 seconds
04-15 17:03:08.835 0 0 I init : Sending signal 9 to service 'bpfloader' (pid 317) process group...
04-15 17:03:08.835 0 0 I libprocessgroup: Successfully killed process cgroup uid 0 pid 317 in 0ms
04-15 17:03:08.838 0 0 I init : processing action (ro.crypto.state=encrypted && ro.crypto.type=file && zygote-start) from (/system/etc/init/hw/init.rc:1090)
04-15 17:03:08.838 0 0 I init : start_waiting_for_property("odsign.verification.done", "1"): already set
04-15 17:03:08.840 0 0 I init : starting service 'update_verifier_nonencrypted'...
04-15 17:03:08.868 0 0 I init : ... started service 'update_verifier_nonencrypted' has pid 328
04-15 17:03:08.868 0 0 I init : SVC_EXEC service 'update_verifier_nonencrypted' pid 328 (uid 0 gid 2001+1 context default) started; waiting...
04-15 17:03:08.974 0 0 I init : Service 'update_verifier_nonencrypted' (pid 328) exited with status 0 waiting took 0.130000 seconds
04-15 17:03:08.974 0 0 I init : Sending signal 9 to service 'update_verifier_nonencrypted' (pid 328) process group...
04-15 17:03:08.975 0 0 I libprocessgroup: Successfully killed process cgroup uid 0 pid 328 in 0ms
04-15 17:03:08.979 0 0 I init : starting service 'statsd'...
04-15 17:03:08.981 0 0 I init : Created socket '/dev/socket/statsdw', mode 222, user 1066, group 1066
04-15 17:03:09.007 0 0 I init : ... started service 'statsd' has pid 329
04-15 17:03:09.008 0 0 I init : starting service 'netd'...
04-15 17:03:09.010 0 0 I init : Created socket '/dev/socket/dnsproxyd', mode 660, user 0, group 3003
04-15 17:03:09.011 0 0 I init : Created socket '/dev/socket/mdns', mode 660, user 0, group 1000
04-15 17:03:09.012 0 0 I init : Created socket '/dev/socket/fwmarkd', mode 660, user 0, group 3003
04-15 17:03:09.072 0 0 I init : ... started service 'netd' has pid 330
04-15 17:03:09.073 0 0 I init : Command 'start netd' action=ro.crypto.state=encrypted && ro.crypto.type=file && zygote-start (/system/etc/init/hw/init.rc:1095) took 64ms and succeeded
04-15 17:03:09.074 0 0 I init : starting service 'zygote'...
04-15 17:03:09.077 0 0 I init : Created socket '/dev/socket/zygote', mode 660, user 0, group 1000
04-15 17:03:09.083 0 0 I init : Created socket '/dev/socket/usap_pool_primary', mode 660, user 0, group 1000
04-15 17:03:09.153 0 0 I init : ... started service 'zygote' has pid 331
04-15 17:03:09.154 0 0 I init : Command 'start zygote' action=ro.crypto.state=encrypted && ro.crypto.type=file && zygote-start (/system/etc/init/hw/init.rc:1096) took 80ms and succeeded
04-15 17:03:09.157 0 0 I init : Command 'start zygote_secondary' action=ro.crypto.state=encrypted && ro.crypto.type=file && zygote-start (/system/etc/init/hw/init.rc:1097) took 0ms and failed: service zygote_secondary not found
04-15 17:03:09.157 0 0 I init : processing action (zygote-start) from (/vendor/etc/init/hw/init.ranchu.rc:68)
04-15 17:03:09.242 0 0 I init : processing action (firmware_mounts_complete) from (/system/etc/init/hw/init.rc:528)
04-15 17:03:09.243 0 0 I init : processing action (early-boot) from (/system/etc/init/installd.rc:7)
04-15 17:03:09.428 0 0 I init : processing action (boot) from (/system/etc/init/hw/init.rc:1104)
04-15 17:03:09.445 0 0 I init : Command 'symlink /sys/fs/f2fs/${dev.mnt.dev.data} /dev/sys/fs/by-name/userdata' action=boot (/system/etc/init/hw/init.rc:1127) took 0ms and failed: property 'dev.mnt.dev.data' doesn't exist while expanding '/sys/fs/f2fs/${dev.mnt.dev.data}'
04-15 17:03:09.446 0 0 I init : Command 'symlink /sys/class/block/${dev.mnt.dev.data} /dev/sys/block/by-name/userdata' action=boot (/system/etc/init/hw/init.rc:1132) took 0ms and failed: property 'dev.mnt.dev.data' doesn't exist while expanding '/sys/class/block/${dev.mnt.dev.data}'
04-15 17:03:09.448 0 0 I init : Command 'symlink /sys/class/block/${dev.mnt.rootdisk.data} /dev/sys/block/by-name/rootdisk' action=boot (/system/etc/init/hw/init.rc:1133) took 0ms and failed: property 'dev.mnt.rootdisk.data' doesn't exist while expanding '/sys/class/block/${dev.mnt.rootdisk.data}'
04-15 17:03:09.483 0 0 I init : starting service 'hidl_memory'...
04-15 17:03:09.545 0 0 I init : ... started service 'hidl_memory' has pid 332
04-15 17:03:09.578 0 0 I init : starting service 'vendor.audio-hal'...
04-15 17:03:09.679 329 329 I ServiceManagerCppClient: Waiting for service 'statscompanion' on '/dev/binder'...
04-15 17:03:09.720 0 0 I init : ... started service 'vendor.audio-hal' has pid 334
04-15 17:03:09.722 0 0 I init : starting service 'vendor.authsecret_default'...
04-15 17:03:09.812 0 0 I init : ... started service 'vendor.authsecret_default' has pid 337
04-15 17:03:09.813 0 0 I init : starting service 'vendor.camera-provider-ranchu'...
04-15 17:03:09.911 330 330 I netdClient: Skipping libnetd_client init since *we* are netd
04-15 17:03:09.959 0 0 I init : ... started service 'vendor.camera-provider-ranchu' has pid 338
04-15 17:03:09.960 0 0 I init : starting service 'vendor.camera-provider-2-7-google'...
04-15 17:03:10.108 0 0 I init : ... started service 'vendor.camera-provider-2-7-google' has pid 339
04-15 17:03:10.109 0 0 I init : starting service 'vendor.gatekeeper-1-0'...
04-15 17:03:10.197 0 0 I init : ... started service 'vendor.gatekeeper-1-0' has pid 340
04-15 17:03:10.216 0 0 I init : starting service 'vendor.gralloc-3-0'...
04-15 17:03:10.333 0 0 I init : ... started service 'vendor.gralloc-3-0' has pid 341
04-15 17:03:10.377 0 0 I init : starting service 'vendor.health-default'...
04-15 17:03:10.493 0 0 I init : ... started service 'vendor.health-default' has pid 342
04-15 17:03:10.540 0 0 I init : starting service 'android-hardware-media-c2-goldfish-hal-1-0'...
04-15 17:03:10.705 330 330 I netd : netd 1.0 starting
04-15 17:03:10.722 330 330 I netd : Pid file removed
04-15 17:03:10.722 330 330 I netd : SIGPIPE is blocked
04-15 17:03:10.723 330 330 I netd : setCloseOnExec(dnsproxyd)
04-15 17:03:10.723 330 330 I netd : setCloseOnExec(fwmarkd)
04-15 17:03:10.723 330 330 I netd : setCloseOnExec(mdns)
04-15 17:03:10.792 0 0 I init : ... started service 'android-hardware-media-c2-goldfish-hal-1-0' has pid 343
04-15 17:03:10.793 0 0 I init : starting service 'neuralnetworks_hal_service_aidl_sample_all'...
04-15 17:03:10.802 330 330 I NetdUpdatable: libnetd_updatable_init: Initializing
04-15 17:03:10.803 330 330 I BpfHandler: BPF programs are loaded
04-15 17:03:11.037 330 330 I BpfHandler: initMaps successfully
04-15 17:03:11.037 330 330 I netd : libnetd_updatable_init success
04-15 17:03:11.044 330 330 I netd : NetlinkManager instanced
04-15 17:03:11.044 330 330 I netd : enter NetworkController ctor
04-15 17:03:11.047 330 330 E TcUtils : NLMSG_ERROR message return error: -2
04-15 17:03:11.108 0 0 I init : ... started service 'neuralnetworks_hal_service_aidl_sample_all' has pid 344
04-15 17:03:11.109 0 0 I init : starting service 'neuralnetworks_hal_service_aidl_sample_limited'...
04-15 17:03:11.072 330 330 E TcUtils : NLMSG_ERROR message return error: -2
04-15 17:03:11.208 0 0 I servicemanager: getDeviceHalManifest: Reloading VINTF information.
04-15 17:03:11.209 0 0 I servicemanager: getDeviceHalManifest: Reading VINTF information.
04-15 17:03:11.225 330 330 E TcUtils : NLMSG_ERROR message return error: -2
04-15 17:03:11.226 330 330 E TcUtils : NLMSG_ERROR message return error: -2
04-15 17:03:11.226 330 330 E TcUtils : NLMSG_ERROR message return error: -2
04-15 17:03:11.227 330 330 E TcUtils : NLMSG_ERROR message return error: -2
04-15 17:03:11.243 330 330 E TcUtils : NLMSG_ERROR message return error: -2
04-15 17:03:11.265 330 330 E TcUtils : NLMSG_ERROR message return error: -2
04-15 17:03:11.279 330 330 E TcUtils : NLMSG_ERROR message return error: -2
04-15 17:03:11.285 330 330 E TcUtils : NLMSG_ERROR message return error: -2
04-15 17:03:11.295 330 330 E TcUtils : NLMSG_ERROR message return error: -2
04-15 17:03:11.299 330 330 E TcUtils : NLMSG_ERROR message return error: -2
04-15 17:03:11.310 0 0 I init : ... started service 'neuralnetworks_hal_service_aidl_sample_limited' has pid 345
04-15 17:03:11.311 0 0 I init : starting service 'neuralnetworks_hal_service_shim_sample'...
04-15 17:03:11.320 330 330 E TcUtils : NLMSG_ERROR message return error: -2
04-15 17:03:11.320 330 330 E TcUtils : NLMSG_ERROR message return error: -2
04-15 17:03:11.351 330 330 E TcUtils : NLMSG_ERROR message return error: -2
04-15 17:03:11.351 330 330 E TcUtils : NLMSG_ERROR message return error: -2
04-15 17:03:11.351 330 330 I netd : leave NetworkController ctor
04-15 17:03:11.352 330 330 I netd : enter TetherController ctor
04-15 17:03:11.353 330 330 D TetherController: Setting IP forward enable = 0
04-15 17:03:11.529 330 330 I netd : leave TetherController ctor
04-15 17:03:11.626 0 0 I init : ... started service 'neuralnetworks_hal_service_shim_sample' has pid 348
04-15 17:03:11.628 0 0 I init : starting service 'vendor.sensors-hal-multihal'...
04-15 17:03:11.873 0 0 I init : ... started service 'vendor.sensors-hal-multihal' has pid 350
04-15 17:03:11.874 0 0 I init : starting service 'vendor.thermal-hal-2-0-mock'...
04-15 17:03:11.896 133 133 I hwservicemanager: getDeviceHalManifest: Reloading VINTF information.
04-15 17:03:11.897 133 133 I hwservicemanager: getDeviceHalManifest: Reading VINTF information.
04-15 17:03:12.015 0 0 W healthd : batteryCapacityLevelPath not found
04-15 17:03:12.016 0 0 W healthd : batteryChargeTimeToFullNowPath. not found
04-15 17:03:12.016 0 0 W healthd : batteryFullChargeDesignCapacityUahPath. not found
04-15 17:03:12.016 0 0 W healthd : batteryStateOfHealthPath not found
04-15 17:03:12.016 0 0 W healthd : batteryHealthStatusPath not found
04-15 17:03:12.016 0 0 W healthd : batteryManufacturingDatePath not found
04-15 17:03:12.016 0 0 W healthd : batteryFirstUsageDatePath not found
04-15 17:03:12.016 0 0 W healthd : chargingStatePath not found
04-15 17:03:12.016 0 0 W healthd : chargingPolicyPath not found
04-15 17:03:12.059 133 133 I hwservicemanager: getDeviceHalManifest: Successfully processed VINTF information
04-15 17:03:12.113 342 342 I android.hardware.health-service.example: Starting health HAL.
04-15 17:03:12.142 342 342 I android.hardware.health-service.example: default instance initializing with healthd_config...
04-15 17:03:12.145 332 332 I HidlServiceManagement: Registered android.hidl.allocator@1.0::IAllocator/ashmem
04-15 17:03:12.154 332 332 I HidlServiceManagement: Removing namespace from process name android.hidl.allocator@1.0-service to allocator@1.0-service.
04-15 17:03:12.186 0 0 I init : ... started service 'vendor.thermal-hal-2-0-mock' has pid 353
04-15 17:03:12.187 0 0 I init : starting service 'vendor.usb_default'...
04-15 17:03:12.246 340 340 I HidlServiceManagement: Registered android.hardware.gatekeeper@1.0::IGatekeeper/default
04-15 17:03:12.263 0 0 I servicemanager: getDeviceHalManifest: Successfully processed VINTF information
04-15 17:03:12.264 0 0 I servicemanager: Found android.hardware.authsecret.IAuthSecret/default in device VINTF manifest.
04-15 17:03:12.277 340 340 I HidlServiceManagement: Removing namespace from process name android.hardware.gatekeeper@1.0-service.software to gatekeeper@1.0-service.software.
04-15 17:03:12.323 0 0 I servicemanager: Found android.hardware.health.IHealth/default in device VINTF manifest.
04-15 17:03:12.352 0 0 I init : ... started service 'vendor.usb_default' has pid 354
04-15 17:03:12.353 0 0 I init : starting service 'vendor.wifi_hal_legacy'...
04-15 17:03:12.381 342 342 I android.hardware.health-service.example: default: Hal init done
04-15 17:03:12.526 0 0 W healthd : battery l=100 v=5000 t=25.0 h=2 st=2 c=900000 fc=3000000 cc=10 chg=a
04-15 17:03:12.677 0 0 I init : ... started service 'vendor.wifi_hal_legacy' has pid 355
04-15 17:03:12.704 0 0 I init : starting service 'vendor.bluetooth-default'...
04-15 17:03:12.904 0 0 I init : ... started service 'vendor.bluetooth-default' has pid 356
04-15 17:03:12.905 0 0 I init : starting service 'vendor.cas-default'...
04-15 17:03:13.069 0 0 I init : ... started service 'vendor.cas-default' has pid 357
04-15 17:03:13.083 0 0 I init : starting service 'vendor.contexthub-default'...
04-15 17:03:13.323 0 0 I init : ... started service 'vendor.contexthub-default' has pid 358
04-15 17:03:13.324 0 0 I init : starting service 'vendor.face-default'...
04-15 17:03:13.471 0 0 I init : ... started service 'vendor.face-default' has pid 359
04-15 17:03:13.472 0 0 I init : starting service 'vendor.hwcomposer-3'...
04-15 17:03:13.691 0 0 I servicemanager: Found android.hardware.usb.IUsb/default in device VINTF manifest.
04-15 17:03:13.712 0 0 I init : ... started service 'vendor.hwcomposer-3' has pid 360
04-15 17:03:13.713 0 0 I init : starting service 'vendor.identity-default'...
04-15 17:03:13.709 330 330 I netd : Creating child chains: 1277362us
04-15 17:03:13.709 330 330 I netd : Setting up OEM hooks: 748us
04-15 17:03:13.765 330 330 I netd : Setting up FirewallController hooks: 55847us
04-15 17:03:13.826 330 330 I netd : Setting up TetherController hooks: 60483us
04-15 17:03:13.841 330 330 I netd : Setting up BandwidthController hooks: 15706us
04-15 17:03:13.844 330 330 I netd : Setting up IdletimerController hooks: 2415us
04-15 17:03:13.925 330 330 I netd : Setting up StrictController hooks: 80578us
04-15 17:03:13.961 353 353 I android.hardware.thermal@2.0-service-mock: Thermal HAL Service Mock 2.0 starting...
04-15 17:03:13.998 0 0 I init : ... started service 'vendor.identity-default' has pid 361
04-15 17:03:13.999 0 0 I init : starting service 'vendor.light-default'...
04-15 17:03:14.260 356 356 I aidl.android.hardware.bluetooth.service.default: Bluetooth HAL starting
04-15 17:03:14.290 0 0 I servicemanager: Found android.hardware.bluetooth.IBluetoothHci/default in device VINTF manifest.
04-15 17:03:14.307 0 0 I init : ... started service 'vendor.light-default' has pid 362
04-15 17:03:14.308 0 0 I init : starting service 'vendor.power-default'...
04-15 17:03:14.328 353 353 I HidlServiceManagement: Registered android.hardware.thermal@2.0::IThermal/default
04-15 17:03:14.330 353 353 I HidlServiceManagement: Removing namespace from process name android.hardware.thermal@2.0-service.mock to thermal@2.0-service.mock.
04-15 17:03:14.331 353 353 I android.hardware.thermal@2.0-service-mock: Thermal Service started successfully.
04-15 17:03:14.394 330 330 I netd : Enabling bandwidth control: 469206us
04-15 17:03:14.500 0 0 I init : ... started service 'vendor.power-default' has pid 363
04-15 17:03:14.501 0 0 I init : starting service 'vendor.power.stats-default'...
04-15 17:03:14.567 330 330 I netd : Initializing RouteController: 172883us
04-15 17:03:14.607 350 350 I android.hardware.sensors@2.1-impl.ranchu: MultihalSensors:74: host sensors mask=207ff, available sensors mask=207ff
04-15 17:03:14.639 350 350 E SensorsMultiHal: Failed to load subHal config file: /odm/etc/sensors/hals.conf
04-15 17:03:14.649 330 330 D XfrmController: XfrmController::ipSecAddXfrmInterface, line=1497
04-15 17:03:14.697 0 0 I servicemanager: Found android.hardware.sensors.ISensors/default in device VINTF manifest.
04-15 17:03:14.703 0 0 I init : ... started service 'vendor.power.stats-default' has pid 364
04-15 17:03:14.704 0 0 I init : starting service 'vendor.rebootescrow-default'...
04-15 17:03:14.751 330 330 D XfrmController: XfrmController::ipSecRemoveTunnelInterface, line=1710
04-15 17:03:14.751 330 330 D XfrmController: deviceName=ipsec_test
04-15 17:03:14.766 329 329 W ServiceManagerCppClient: Service statscompanion didn't start. Returning NULL
04-15 17:03:14.770 329 329 I statsd : Statsd starts to listen to socket.
04-15 17:03:14.775 0 0 I servicemanager: Found android.hardware.neuralnetworks.IDevice/nnapi-sample_quant in device VINTF manifest.
04-15 17:03:14.782 355 355 I android.hardware.wifi-service: Wifi Hal is booting up...
04-15 17:03:14.837 334 334 I HidlServiceManagement: Registered android.hardware.audio@7.1::IDevicesFactory/default
04-15 17:03:14.839 334 334 I HidlServiceManagement: Removing namespace from process name android.hardware.audio.service to audio.service.
04-15 17:03:14.870 334 334 I LegacySupport: Registration complete for android.hardware.audio@7.1::IDevicesFactory/default.
04-15 17:03:14.890 0 0 I init : ... started service 'vendor.rebootescrow-default' has pid 369
04-15 17:03:14.891 0 0 I init : starting service 'vendor.vibrator-default'...
04-15 17:03:14.913 330 330 D XfrmController: Sending Netlink XFRM Message: XFRM_MSG_FLUSHSA
04-15 17:03:14.914 330 330 D XfrmController: Sending Netlink XFRM Message: XFRM_MSG_FLUSHPOLICY
04-15 17:03:14.914 330 330 I netd : Initializing XfrmController: 347471us
04-15 17:03:15.025 0 0 I servicemanager: Found android.hardware.wifi.IWifi/default in device VINTF manifest.
04-15 17:03:15.041 0 0 I servicemanager: Found android.hardware.neuralnetworks.IDevice/nnapi-sample_all in device VINTF manifest.
04-15 17:03:15.134 0 0 I init : ... started service 'vendor.vibrator-default' has pid 372
04-15 17:03:15.134 0 0 I init : Command 'class_start hal' action=boot (/system/etc/init/hw/init.rc:1210) took 5665ms and succeeded
04-15 17:03:15.135 0 0 I init : service 'ueventd' requested start, but it is already running (flags: 2084)
04-15 17:03:15.135 0 0 I init : service 'console' requested start, but it is already running (flags: 2196)
04-15 17:03:15.135 0 0 I init : service 'apexd' requested start, but it is already running (flags: 134)
04-15 17:03:15.136 0 0 I init : starting service 'audioserver'...
04-15 17:03:15.136 330 330 I resolv : resolv_init: Initializing resolver
04-15 17:03:15.181 156 166 I keystore2: system/security/keystore2/src/watchdog.rs:319 - Watchdog thread idle -> terminating. Have a great day.
04-15 17:03:15.236 355 355 I android.hardware.wifi-service: Joining RPC thread pool
04-15 17:03:15.402 348 348 I Manager : DeviceManager::DeviceManager
04-15 17:03:15.403 348 348 I Manager : findAvailableDevices
04-15 17:03:15.403 348 348 I Manager : Enabled devices: .*
04-15 17:03:15.406 334 334 I HidlServiceManagement: Registered android.hardware.audio.effect@7.0::IEffectsFactory/default
04-15 17:03:15.407 334 334 I LegacySupport: Registration complete for android.hardware.audio.effect@7.0::IEffectsFactory/default.
04-15 17:03:15.409 133 133 I hwservicemanager: getTransport: Cannot find entry android.hardware.soundtrigger@2.3::ISoundTriggerHw/default in either framework or device VINTF manifest.
04-15 17:03:15.414 334 334 E LegacySupport: Could not get passthrough implementation for android.hardware.soundtrigger@2.3::ISoundTriggerHw/default.
04-15 17:03:15.420 133 133 I hwservicemanager: getTransport: Cannot find entry android.hardware.soundtrigger@2.2::ISoundTriggerHw/default in either framework or device VINTF manifest.
04-15 17:03:15.423 334 334 E LegacySupport: Could not get passthrough implementation for android.hardware.soundtrigger@2.2::ISoundTriggerHw/default.
04-15 17:03:15.456 133 133 I hwservicemanager: getTransport: Cannot find entry android.hardware.soundtrigger@2.1::ISoundTriggerHw/default in either framework or device VINTF manifest.
04-15 17:03:15.460 334 334 E LegacySupport: Could not get passthrough implementation for android.hardware.soundtrigger@2.1::ISoundTriggerHw/default.
04-15 17:03:15.461 133 133 I hwservicemanager: getTransport: Cannot find entry android.hardware.soundtrigger@2.0::ISoundTriggerHw/default in either framework or device VINTF manifest.
04-15 17:03:15.464 334 334 E LegacySupport: Could not get passthrough implementation for android.hardware.soundtrigger@2.0::ISoundTriggerHw/default.
04-15 17:03:15.464 334 334 W audiohalservice: Could not register Soundtrigger API
04-15 17:03:15.468 133 133 I hwservicemanager: getTransport: Cannot find entry android.hardware.bluetooth.audio@2.2::IBluetoothAudioProvidersFactory/default in either framework or device VINTF manifest.
04-15 17:03:15.480 0 0 I servicemanager: Found android.hardware.contexthub.IContextHub/default in device VINTF manifest.
04-15 17:03:15.472 334 334 E LegacySupport: Could not get passthrough implementation for android.hardware.bluetooth.audio@2.2::IBluetoothAudioProvidersFactory/default.
04-15 17:03:15.477 133 133 I hwservicemanager: getTransport: Cannot find entry android.hardware.bluetooth.audio@2.1::IBluetoothAudioProvidersFactory/default in either framework or device VINTF manifest.
04-15 17:03:15.481 334 334 E LegacySupport: Could not get passthrough implementation for android.hardware.bluetooth.audio@2.1::IBluetoothAudioProvidersFactory/default.
04-15 17:03:15.501 133 133 I hwservicemanager: getTransport: Cannot find entry android.hardware.bluetooth.audio@2.0::IBluetoothAudioProvidersFactory/default in either framework or device VINTF manifest.
04-15 17:03:15.506 334 334 E LegacySupport: Could not get passthrough implementation for android.hardware.bluetooth.audio@2.0::IBluetoothAudioProvidersFactory/default.
04-15 17:03:15.506 334 334 W audiohalservice: Could not register Bluetooth Audio API
04-15 17:03:15.507 133 133 I hwservicemanager: getTransport: Cannot find entry android.hardware.bluetooth.a2dp@1.0::IBluetoothAudioOffload/default in either framework or device VINTF manifest.
04-15 17:03:15.507 334 334 E LegacySupport: Could not get passthrough implementation for android.hardware.bluetooth.a2dp@1.0::IBluetoothAudioOffload/default.
04-15 17:03:15.507 334 334 W audiohalservice: Could not register Bluetooth Audio Offload API
04-15 17:03:15.535 0 0 I init : ... started service 'audioserver' has pid 379
04-15 17:03:15.536 0 0 I init : starting service 'credstore'...
04-15 17:03:15.644 330 330 I netd : Registering NetdNativeService: 7336us
04-15 17:03:15.657 330 330 I netd : Registering MDnsService: 13010us
04-15 17:03:15.677 0 0 I servicemanager: Found android.hardware.cas.IMediaCasService/default in device VINTF manifest.
04-15 17:03:15.678 348 348 I Manager : Found interface nnapi-sample_sl (version = JUST_AN_EXAMPLE)
04-15 17:03:15.695 0 0 I servicemanager: Found android.system.net.netd.INetd/default in framework VINTF manifest.
04-15 17:03:15.691 341 341 I HidlServiceManagement: Registered android.hardware.graphics.allocator@3.0::IAllocator/default
04-15 17:03:15.733 341 341 I HidlServiceManagement: Removing namespace from process name android.hardware.graphics.allocator@3.0-service.ranchu to allocator@3.0-service.ranchu.
04-15 17:03:15.736 348 348 I ShimDeviceManager: Attempting service registration for android.hardware.neuralnetworks.IDevice/nnapi-sample_sl_shim
04-15 17:03:15.757 0 0 I servicemanager: Found android.hardware.neuralnetworks.IDevice/nnapi-sample_sl_shim in device VINTF manifest.
04-15 17:03:15.749 341 341 I android.hardware.graphics.allocator@3.0-service.ranchu: graphics IAllocator@3.0 service is initialized
04-15 17:03:15.772 348 348 I ShimDeviceManager: 1 NNAPI Devices/services registered, blocking
04-15 17:03:15.802 330 330 I HidlServiceManagement: Registered android.system.net.netd@1.1::INetd/default
04-15 17:03:15.803 330 330 I netd : Registering NetdHwService: 146027us
04-15 17:03:15.803 330 330 I netd : Netd started in 5180512us
04-15 17:03:15.875 0 0 I servicemanager: Found android.hardware.power.IPower/default in device VINTF manifest.
04-15 17:03:15.903 359 359 I android.hardware.biometrics.face-service.example: Face HAL started
04-15 17:03:15.923 0 0 I init : ... started service 'credstore' has pid 385
04-15 17:03:15.924 0 0 I init : starting service 'gpu'...
04-15 17:03:15.943 0 0 I servicemanager: Found android.hardware.biometrics.face.IFace/default in device VINTF manifest.
04-15 17:03:15.993 0 0 I init : ... started service 'gpu' has pid 391
04-15 17:03:15.993 0 0 I init : service 'lmkd' requested start, but it is already running (flags: 36)
04-15 17:03:15.993 0 0 I init : service 'servicemanager' requested start, but it is already running (flags: 2084)
04-15 17:03:16.006 0 0 I init : starting service 'surfaceflinger'...
04-15 17:03:16.008 0 0 I init : Could not create socket 'pdx/system/vr/display/client': Failed to bind socket 'pdx/system/vr/display/client': No such file or directory
04-15 17:03:16.008 0 0 I init : Could not create socket 'pdx/system/vr/display/manager': Failed to bind socket 'pdx/system/vr/display/manager': No such file or directory
04-15 17:03:16.009 0 0 I init : Could not create socket 'pdx/system/vr/display/vsync': Failed to bind socket 'pdx/system/vr/display/vsync': No such file or directory
04-15 17:03:16.071 0 0 I servicemanager: Found android.hardware.vibrator.IVibrator/default in device VINTF manifest.
04-15 17:03:16.095 0 0 I servicemanager: Found android.hardware.vibrator.IVibratorManager/default in device VINTF manifest.
04-15 17:03:16.107 0 0 I init : ... started service 'surfaceflinger' has pid 392
04-15 17:03:16.107 0 0 I init : service 'vold' requested start, but it is already running (flags: 2052)
04-15 17:03:16.108 0 0 I init : Command 'class_start core' action=boot (/system/etc/init/hw/init.rc:1212) took 973ms and succeeded
04-15 17:03:16.108 0 0 I init : processing action (persist.sys.usb.config=* && boot) from (/system/etc/init/hw/init.usb.rc:108)
04-15 17:03:16.109 0 0 I init : processing action (boot) from (/vendor/etc/init/hw/init.ranchu.rc:74)
04-15 17:03:16.120 0 0 I init : processing action (boot) from (/system/etc/init/dumpstate.rc:1)
04-15 17:03:16.121 0 0 I init : processing action (boot) from (/system/etc/init/gsid.rc:25)
04-15 17:03:16.135 0 0 I servicemanager: Found android.hardware.identity.IIdentityCredentialStore/default in device VINTF manifest.
04-15 17:03:16.159 0 0 I init : starting service 'exec 15 (/system/bin/gsid run-startup-tasks)'...
04-15 17:03:16.183 0 0 I servicemanager: Found android.hardware.light.ILights/default in device VINTF manifest.
04-15 17:03:16.267 0 0 I init : ... started service 'exec 15 (/system/bin/gsid run-startup-tasks)' has pid 393
04-15 17:03:16.267 0 0 I init : Command 'exec_background - root root -- /system/bin/gsid run-startup-tasks' action=boot (/system/etc/init/gsid.rc:26) took 146ms and succeeded
04-15 17:03:16.268 0 0 I init : processing action (persist.device_config.profcollect_native_boot.enabled= && boot) from (/system/etc/init/profcollectd.rc:19)
04-15 17:03:16.269 0 0 I init : starting service 'exec 16 (/system/bin/profcollectctl reset)'...
04-15 17:03:16.353 343 343 D android.hardware.media.c2@1.0-service-goldfish: Goldfish C2 Service starting...
04-15 17:03:16.397 334 334 I audiohalservice: createIBluetoothAudioProviderFactory() from android.hardware.bluetooth.audio-impl success
04-15 17:03:16.401 0 0 I servicemanager: Found android.hardware.bluetooth.audio.IBluetoothAudioProviderFactory/default in device VINTF manifest.
04-15 17:03:16.406 334 334 E audiohalservice: Failed to dlopen android.hardware.audio.sounddose-vendor-impl.so: dlopen failed: library "android.hardware.audio.sounddose-vendor-impl.so" not found
04-15 17:03:16.409 334 334 W audiohalservice: createISoundDoseFactory() from android.hardware.audio.sounddose-vendor-impl failed
04-15 17:03:16.420 0 0 I init : ... started service 'exec 16 (/system/bin/profcollectctl reset)' has pid 394
04-15 17:03:16.420 0 0 I init : Command 'exec_background - root shell -- /system/bin/profcollectctl reset' action=persist.device_config.profcollect_native_boot.enabled= && boot (/system/etc/init/profcollectd.rc:20) took 152ms and succeeded
04-15 17:03:16.421 0 0 I init : processing action (enable_property_trigger) from (:0)
04-15 17:03:16.422 0 0 I init : processing action (apexd.status=ready && ro.product.cpu.abilist64=*) from (/system/etc/init/hw/init.rc:490)
04-15 17:03:16.421 343 343 W android.hardware.media.c2@1.0-service-goldfish: Could not read additional policy file '/vendor/etc/seccomp_policy/codec2.vendor.ext.policy'
04-15 17:03:16.423 343 343 W android.hardware.media.c2@1.0-service-goldfish: libminijail[343]: failed to get path of fd 5: No such file or directory
04-15 17:03:16.423 343 343 W android.hardware.media.c2@1.0-service-goldfish: libminijail[343]: allowing syscall: socket
04-15 17:03:16.423 343 343 W android.hardware.media.c2@1.0-service-goldfish: libminijail[343]: allowing syscall: connect
04-15 17:03:16.423 343 343 W android.hardware.media.c2@1.0-service-goldfish: libminijail[343]: allowing syscall: fcntl
04-15 17:03:16.445 343 343 W android.hardware.media.c2@1.0-service-goldfish: libminijail[343]: allowing syscall: writev
04-15 17:03:16.446 343 343 W android.hardware.media.c2@1.0-service-goldfish: libminijail[343]: compile_file: (20): nonexistent syscall 'getuid32'
04-15 17:03:16.446 343 343 W android.hardware.media.c2@1.0-service-goldfish: libminijail[343]: compile_file: (26): nonexistent syscall 'mmap2'
04-15 17:03:16.457 343 343 W android.hardware.media.c2@1.0-service-goldfish: libminijail[343]: compile_file: (28): nonexistent syscall 'fstat64'
04-15 17:03:16.458 343 343 W android.hardware.media.c2@1.0-service-goldfish: libminijail[343]: compile_file: (30): nonexistent syscall 'stat64'
04-15 17:03:16.458 343 343 W android.hardware.media.c2@1.0-service-goldfish: libminijail[343]: compile_file: (31): nonexistent syscall 'statfs64'
04-15 17:03:16.458 343 343 W android.hardware.media.c2@1.0-service-goldfish: libminijail[343]: compile_file: (33): nonexistent syscall 'fstatat64'
04-15 17:03:16.465 343 343 W android.hardware.media.c2@1.0-service-goldfish: libminijail[343]: compile_file: (38): nonexistent syscall '_llseek'
04-15 17:03:16.465 343 343 W android.hardware.media.c2@1.0-service-goldfish: libminijail[343]: compile_file: (47): nonexistent syscall 'ugetrlimit'
04-15 17:03:16.466 343 343 W android.hardware.media.c2@1.0-service-goldfish: libminijail[343]: compile_file: (50): nonexistent syscall '_llseek'
04-15 17:03:16.466 343 343 W android.hardware.media.c2@1.0-service-goldfish: libminijail[343]: compile_file: (51): nonexistent syscall 'fstatfs64'
04-15 17:03:16.466 343 343 W android.hardware.media.c2@1.0-service-goldfish: libminijail[343]: compile_file: (63): nonexistent syscall 'ftruncate64'
04-15 17:03:16.467 343 343 W android.hardware.media.c2@1.0-service-goldfish: libminijail[343]: compile_file: (69): syscall gettid redefined here
04-15 17:03:16.469 343 343 W android.hardware.media.c2@1.0-service-goldfish: libminijail[343]: compile_file: (66): previous definition here
04-15 17:03:16.475 0 0 I servicemanager: Found android.hardware.rebootescrow.IRebootEscrow/default in device VINTF manifest.
04-15 17:03:16.488 0 0 I init : starting service 'boringssl_self_test_apex64'...
04-15 17:03:16.492 343 343 W android.hardware.media.c2@1.0-service-goldfish: libminijail[343]: compile_file: /system/etc/seccomp_policy/crash_dump.x86.policy(1): syscall read redefined here
04-15 17:03:16.492 343 343 W android.hardware.media.c2@1.0-service-goldfish: libminijail[343]: compile_file: (15): previous definition here
04-15 17:03:16.493 343 343 W android.hardware.media.c2@1.0-service-goldfish: libminijail[343]: compile_file: /system/etc/seccomp_policy/crash_dump.x86.policy(2): syscall write redefined here
04-15 17:03:16.493 343 343 W android.hardware.media.c2@1.0-service-goldfish: libminijail[343]: compile_file: (57): previous definition here
04-15 17:03:16.493 343 343 W android.hardware.media.c2@1.0-service-goldfish: libminijail[343]: compile_file: /system/etc/seccomp_policy/crash_dump.x86.policy(3): syscall exit redefined here
04-15 17:03:16.493 343 343 W android.hardware.media.c2@1.0-service-goldfish: libminijail[343]: compile_file: (44): previous definition here
04-15 17:03:16.494 343 343 W android.hardware.media.c2@1.0-service-goldfish: libminijail[343]: compile_file: /system/etc/seccomp_policy/crash_dump.x86.policy(4): syscall rt_sigreturn redefined here
04-15 17:03:16.494 343 343 W android.hardware.media.c2@1.0-service-goldfish: libminijail[343]: compile_file: (46): previous definition here
04-15 17:03:16.494 343 343 W android.hardware.media.c2@1.0-service-goldfish: libminijail[343]: compile_file: /system/etc/seccomp_policy/crash_dump.x86.policy(5): nonexistent syscall 'sigreturn'
04-15 17:03:16.494 343 343 W android.hardware.media.c2@1.0-service-goldfish: libminijail[343]: compile_file: /system/etc/seccomp_policy/crash_dump.x86.policy(6): syscall exit_group redefined here
04-15 17:03:16.495 343 343 W android.hardware.media.c2@1.0-service-goldfish: libminijail[343]: compile_file: (45): previous definition here
04-15 17:03:16.495 343 343 W android.hardware.media.c2@1.0-service-goldfish: libminijail[343]: compile_file: /system/etc/seccomp_policy/crash_dump.x86.policy(9): syscall futex redefined here
04-15 17:03:16.495 343 343 W android.hardware.media.c2@1.0-service-goldfish: libminijail[343]: compile_file: (35): previous definition here
04-15 17:03:16.495 343 343 W android.hardware.media.c2@1.0-service-goldfish: libminijail[343]: compile_file: /system/etc/seccomp_policy/crash_dump.x86.policy(11): syscall getpid redefined here
04-15 17:03:16.500 343 343 W android.hardware.media.c2@1.0-service-goldfish: libminijail[343]: compile_file: (68): previous definition here
04-15 17:03:16.505 343 343 W android.hardware.media.c2@1.0-service-goldfish: libminijail[343]: compile_file: /system/etc/seccomp_policy/crash_dump.x86.policy(12): syscall gettid redefined here
04-15 17:03:16.505 343 343 W android.hardware.media.c2@1.0-service-goldfish: libminijail[343]: compile_file: (66): previous definition here
04-15 17:03:16.506 343 343 W android.hardware.media.c2@1.0-service-goldfish: libminijail[343]: compile_file: /system/etc/seccomp_policy/crash_dump.x86.policy(15): syscall openat redefined here
04-15 17:03:16.506 343 343 W android.hardware.media.c2@1.0-service-goldfish: libminijail[343]: compile_file: (18): previous definition here
04-15 17:03:16.506 343 343 W android.hardware.media.c2@1.0-service-goldfish: libminijail[343]: compile_file: /system/etc/seccomp_policy/crash_dump.x86.policy(16): syscall dup redefined here
04-15 17:03:16.506 343 343 W android.hardware.media.c2@1.0-service-goldfish: libminijail[343]: compile_file: (55): previous definition here
04-15 17:03:16.506 343 343 W android.hardware.media.c2@1.0-service-goldfish: libminijail[343]: compile_file: /system/etc/seccomp_policy/crash_dump.x86.policy(17): syscall close redefined here
04-15 17:03:16.507 343 343 W android.hardware.media.c2@1.0-service-goldfish: libminijail[343]: compile_file: (25): previous definition here
04-15 17:03:16.507 343 343 W android.hardware.media.c2@1.0-service-goldfish: libminijail[343]: compile_file: /system/etc/seccomp_policy/crash_dump.x86.policy(18): syscall lseek redefined here
04-15 17:03:16.507 343 343 W android.hardware.media.c2@1.0-service-goldfish: libminijail[343]: compile_file: (39): previous definition here
04-15 17:03:16.507 343 343 W android.hardware.media.c2@1.0-service-goldfish: libminijail[343]: compile_file: /system/etc/seccomp_policy/crash_dump.x86.policy(20): syscall faccessat redefined here
04-15 17:03:16.508 343 343 W android.hardware.media.c2@1.0-service-goldfish: libminijail[343]: compile_file: (37): previous definition here
04-15 17:03:16.509 343 343 W android.hardware.media.c2@1.0-service-goldfish: libminijail[343]: compile_file: /system/etc/seccomp_policy/crash_dump.x86.policy(29): syscall prctl redefined here
04-15 17:03:16.510 343 343 W android.hardware.media.c2@1.0-service-goldfish: libminijail[343]: compile_file: (17): previous definition here
04-15 17:03:16.511 343 343 W android.hardware.media.c2@1.0-service-goldfish: libminijail[343]: compile_file: /system/etc/seccomp_policy/crash_dump.x86.policy(30): syscall madvise redefined here
04-15 17:03:16.511 343 343 W android.hardware.media.c2@1.0-service-goldfish: libminijail[343]: compile_file: (32): previous definition here
04-15 17:03:16.511 343 343 W android.hardware.media.c2@1.0-service-goldfish: libminijail[343]: compile_file: /system/etc/seccomp_policy/crash_dump.x86.policy(31): syscall mprotect redefined here
04-15 17:03:16.601 0 0 I servicemanager: Found android.hardware.power.stats.IPowerStats/default in device VINTF manifest.
04-15 17:03:16.628 0 0 I init : ... started service 'boringssl_self_test_apex64' has pid 395
04-15 17:03:16.629 0 0 I init : SVC_EXEC service 'boringssl_self_test_apex64' pid 395 (uid 9999 gid 0+0 context default) started; waiting...
04-15 17:03:16.629 0 0 I init : Command 'exec_start boringssl_self_test_apex64' action=apexd.status=ready && ro.product.cpu.abilist64=* (/system/etc/init/hw/init.rc:491) took 142ms and succeeded
04-15 17:03:16.640 343 343 W android.hardware.media.c2@1.0-service-goldfish: libminijail[343]: compile_file: (16): previous definition here
04-15 17:03:16.641 343 343 W android.hardware.media.c2@1.0-service-goldfish: libminijail[343]: compile_file: /system/etc/seccomp_policy/crash_dump.x86.policy(32): syscall munmap redefined here
04-15 17:03:16.641 343 343 W android.hardware.media.c2@1.0-service-goldfish: libminijail[343]: compile_file: (36): previous definition here
04-15 17:03:16.641 343 343 W android.hardware.media.c2@1.0-service-goldfish: libminijail[343]: compile_file: /system/etc/seccomp_policy/crash_dump.x86.policy(33): nonexistent syscall 'getuid32'
04-15 17:03:16.641 343 343 W android.hardware.media.c2@1.0-service-goldfish: libminijail[343]: compile_file: /system/etc/seccomp_policy/crash_dump.x86.policy(34): nonexistent syscall 'fstat64'
04-15 17:03:16.641 343 343 W android.hardware.media.c2@1.0-service-goldfish: libminijail[343]: compile_file: /system/etc/seccomp_policy/crash_dump.x86.policy(35): nonexistent syscall 'mmap2'
04-15 17:03:16.642 343 343 W android.hardware.media.c2@1.0-service-goldfish: libminijail[343]: compile_file: /system/etc/seccomp_policy/crash_dump.x86.policy(36): nonexistent syscall 'geteuid32'
04-15 17:03:16.642 343 343 W android.hardware.media.c2@1.0-service-goldfish: libminijail[343]: compile_file: /system/etc/seccomp_policy/crash_dump.x86.policy(37): nonexistent syscall 'getgid32'
04-15 17:03:16.642 343 343 W android.hardware.media.c2@1.0-service-goldfish: libminijail[343]: compile_file: /system/etc/seccomp_policy/crash_dump.x86.policy(38): nonexistent syscall 'getegid32'
04-15 17:03:16.642 343 343 W android.hardware.media.c2@1.0-service-goldfish: libminijail[343]: compile_file: /system/etc/seccomp_policy/crash_dump.x86.policy(39): nonexistent syscall 'getgroups32'
04-15 17:03:16.643 343 343 W android.hardware.media.c2@1.0-service-goldfish: libminijail[343]: logging seccomp filter failures
04-15 17:03:16.722 343 343 D android.hardware.media.c2@1.0-service-goldfish: Instantiating Codec2's Goldfish IComponentStore service...
04-15 17:03:16.723 343 343 I GoldfishComponentStore: Create()
04-15 17:03:16.723 343 343 W GoldfishComponentStore: created goldfish store 0x7b87a1197350 reflector of param 0x7b86d11a12f8
04-15 17:03:16.723 343 343 D GoldfishComponentStore: useAndroidGoldfishComponentInstance 253 found prop ro.boot.qemu.hwcodec.vpxdec val 2
04-15 17:03:16.587 339 339 I android.hardware.pixel.camera.provider@2.7-service: Google camera provider service is starting.
04-15 17:03:16.769 343 343 D GoldfishComponentStore: useAndroidGoldfishComponentInstance 253 found prop ro.boot.qemu.hwcodec.avcdec val 2
04-15 17:03:16.769 343 343 D GoldfishComponentStore: useAndroidGoldfishComponentInstance 253 found prop ro.boot.qemu.hwcodec.hevcdec val 2
04-15 17:03:16.774 339 339 E ProcessState: vndservicemanager is not started on this device, you can save resources/threads by not initializing ProcessState with /dev/vndbinder.
04-15 17:03:16.854 339 339 I android.hardware.pixel.camera.provider@2.7-service: Not using ApexUpdateListener since not running in an apex.
04-15 17:03:16.977 343 343 I HidlServiceManagement: Registered android.hardware.media.c2@1.0::IComponentStore/default
04-15 17:03:16.979 343 343 I HidlServiceManagement: Removing namespace from process name android.hardware.media.c2@1.0-service-goldfish to c2@1.0-service-goldfish.
04-15 17:03:17.034 343 343 I android.hardware.media.c2@1.0-service-goldfish: Codec2's IComponentStore service created.
