04-15 17:05:15.633 540 540 V SystemServerTiming: OnBootPhase_520_com.android.server.NetworkScoreService$Lifecycle took to complete: 0ms
04-15 17:05:15.634 540 540 D SystemServerTiming: OnBootPhase_520_com.android.server.NetworkStatsServiceInitializer
04-15 17:05:15.634 540 540 V SystemServerTiming: OnBootPhase_520_com.android.server.NetworkStatsServiceInitializer took to complete: 0ms
04-15 17:05:15.634 540 540 D SystemServerTiming: OnBootPhase_520_com.android.server.wifi.WifiService
04-15 17:05:15.634 540 540 V SystemServerTiming: OnBootPhase_520_com.android.server.wifi.WifiService took to complete: 0ms
04-15 17:05:15.634 540 540 D SystemServerTiming: OnBootPhase_520_com.android.server.wifi.scanner.WifiScanningService
04-15 17:05:15.634 540 540 V SystemServerTiming: OnBootPhase_520_com.android.server.wifi.scanner.WifiScanningService took to complete: 0ms
04-15 17:05:15.634 540 540 D SystemServerTiming: OnBootPhase_520_com.android.server.wifi.p2p.WifiP2pService
04-15 17:05:15.634 540 540 V SystemServerTiming: OnBootPhase_520_com.android.server.wifi.p2p.WifiP2pService took to complete: 0ms
04-15 17:05:15.634 540 540 D SystemServerTiming: OnBootPhase_520_com.android.server.ConnectivityServiceInitializer
04-15 17:05:15.634 540 540 V SystemServerTiming: OnBootPhase_520_com.android.server.ConnectivityServiceInitializer took to complete: 0ms
04-15 17:05:15.635 540 540 D SystemServerTiming: OnBootPhase_520_com.android.server.notification.NotificationManagerService
04-15 17:05:15.747 540 540 W SystemServiceManager: Service com.android.server.notification.NotificationManagerService took 112 ms in onBootPhase
04-15 17:05:15.748 540 540 V SystemServerTiming: OnBootPhase_520_com.android.server.notification.NotificationManagerService took to complete: 113ms
04-15 17:05:15.748 540 540 D SystemServerTiming: OnBootPhase_520_com.android.server.storage.DeviceStorageMonitorService
04-15 17:05:15.748 540 540 V SystemServerTiming: OnBootPhase_520_com.android.server.storage.DeviceStorageMonitorService took to complete: 0ms
04-15 17:05:15.749 540 540 D SystemServerTiming: OnBootPhase_520_com.android.server.timedetector.TimeDetectorService$Lifecycle
04-15 17:05:15.749 540 540 V SystemServerTiming: OnBootPhase_520_com.android.server.timedetector.TimeDetectorService$Lifecycle took to complete: 0ms
04-15 17:05:15.749 540 540 D SystemServerTiming: OnBootPhase_520_com.android.server.location.LocationManagerService$Lifecycle
04-15 17:05:15.749 540 540 V SystemServerTiming: OnBootPhase_520_com.android.server.location.LocationManagerService$Lifecycle took to complete: 0ms
04-15 17:05:15.749 540 540 D SystemServerTiming: OnBootPhase_520_com.android.server.timezonedetector.TimeZoneDetectorService$Lifecycle
04-15 17:05:15.749 540 540 V SystemServerTiming: OnBootPhase_520_com.android.server.timezonedetector.TimeZoneDetectorService$Lifecycle took to complete: 0ms
04-15 17:05:15.749 540 540 D SystemServerTiming: OnBootPhase_520_com.android.server.location.altitude.AltitudeService$Lifecycle
04-15 17:05:15.749 540 540 V SystemServerTiming: OnBootPhase_520_com.android.server.location.altitude.AltitudeService$Lifecycle took to complete: 0ms
04-15 17:05:15.749 540 540 D SystemServerTiming: OnBootPhase_520_com.android.server.timezonedetector.location.LocationTimeZoneManagerService$Lifecycle
04-15 17:05:15.750 540 540 V SystemServerTiming: OnBootPhase_520_com.android.server.timezonedetector.location.LocationTimeZoneManagerService$Lifecycle took to complete: 1ms
04-15 17:05:15.750 540 540 D SystemServerTiming: OnBootPhase_520_com.android.server.search.SearchManagerService$Lifecycle
04-15 17:05:15.750 540 540 V SystemServerTiming: OnBootPhase_520_com.android.server.search.SearchManagerService$Lifecycle took to complete: 0ms
04-15 17:05:15.750 540 540 D SystemServerTiming: OnBootPhase_520_com.android.server.wallpaper.WallpaperManagerService$Lifecycle
04-15 17:05:15.751 540 540 V SystemServerTiming: OnBootPhase_520_com.android.server.wallpaper.WallpaperManagerService$Lifecycle took to complete: 1ms
04-15 17:05:15.751 540 540 D SystemServerTiming: OnBootPhase_520_com.android.server.wallpapereffectsgeneration.WallpaperEffectsGenerationManagerService
04-15 17:05:15.751 540 540 V SystemServerTiming: OnBootPhase_520_com.android.server.wallpapereffectsgeneration.WallpaperEffectsGenerationManagerService took to complete: 0ms
04-15 17:05:15.755 540 540 D SystemServerTiming: OnBootPhase_520_com.android.server.audio.AudioService$Lifecycle
04-15 17:05:15.755 540 540 V SystemServerTiming: OnBootPhase_520_com.android.server.audio.AudioService$Lifecycle took to complete: 0ms
04-15 17:05:15.755 540 540 D SystemServerTiming: OnBootPhase_520_com.android.server.soundtrigger_middleware.SoundTriggerMiddlewareService$Lifecycle
04-15 17:05:15.755 540 540 V SystemServerTiming: OnBootPhase_520_com.android.server.soundtrigger_middleware.SoundTriggerMiddlewareService$Lifecycle took to complete: 0ms
04-15 17:05:15.755 540 540 D SystemServerTiming: OnBootPhase_520_com.android.server.DockObserver
04-15 17:05:15.755 540 540 V SystemServerTiming: OnBootPhase_520_com.android.server.DockObserver took to complete: 0ms
04-15 17:05:15.758 540 540 D SystemServerTiming: OnBootPhase_520_com.android.server.midi.MidiService$Lifecycle
04-15 17:05:15.761 540 540 V SystemServerTiming: OnBootPhase_520_com.android.server.midi.MidiService$Lifecycle took to complete: 0ms
04-15 17:05:15.761 540 540 D SystemServerTiming: OnBootPhase_520_com.android.server.adb.AdbService$Lifecycle
04-15 17:05:15.761 540 540 V SystemServerTiming: OnBootPhase_520_com.android.server.adb.AdbService$Lifecycle took to complete: 0ms
04-15 17:05:15.761 540 540 D SystemServerTiming: OnBootPhase_520_com.android.server.usb.UsbService$Lifecycle
04-15 17:05:15.761 540 540 V SystemServerTiming: OnBootPhase_520_com.android.server.usb.UsbService$Lifecycle took to complete: 0ms
04-15 17:05:15.761 540 540 D SystemServerTiming: OnBootPhase_520_com.android.server.twilight.TwilightService
04-15 17:05:15.761 540 540 V SystemServerTiming: OnBootPhase_520_com.android.server.twilight.TwilightService took to complete: 0ms
04-15 17:05:15.761 540 540 D SystemServerTiming: OnBootPhase_520_com.android.server.display.color.ColorDisplayService
04-15 17:05:15.761 540 540 V SystemServerTiming: OnBootPhase_520_com.android.server.display.color.ColorDisplayService took to complete: 0ms
04-15 17:05:15.761 540 540 D SystemServerTiming: OnBootPhase_520_com.android.server.job.JobSchedulerService
04-15 17:05:15.762 540 540 V SystemServerTiming: OnBootPhase_520_com.android.server.job.JobSchedulerService took to complete: 0ms
04-15 17:05:15.762 540 540 D SystemServerTiming: OnBootPhase_520_com.android.server.soundtrigger.SoundTriggerService
04-15 17:05:15.762 540 540 D SoundTriggerService: onBootPhase: 520 : false
04-15 17:05:15.763 540 540 V SystemServerTiming: OnBootPhase_520_com.android.server.soundtrigger.SoundTriggerService took to complete: 2ms
04-15 17:05:15.767 540 540 D SystemServerTiming: OnBootPhase_520_com.android.server.trust.TrustManagerService
04-15 17:05:15.767 540 540 V SystemServerTiming: OnBootPhase_520_com.android.server.trust.TrustManagerService took to complete: 0ms
04-15 17:05:15.773 540 540 D SystemServerTiming: OnBootPhase_520_com.android.server.backup.BackupManagerService$Lifecycle
04-15 17:05:15.773 540 540 V SystemServerTiming: OnBootPhase_520_com.android.server.backup.BackupManagerService$Lifecycle took to complete: 0ms
04-15 17:05:15.773 540 540 D SystemServerTiming: OnBootPhase_520_com.android.server.appwidget.AppWidgetService
04-15 17:05:15.773 540 540 V SystemServerTiming: OnBootPhase_520_com.android.server.appwidget.AppWidgetService took to complete: 0ms
04-15 17:05:15.773 540 540 D SystemServerTiming: OnBootPhase_520_com.android.server.voiceinteraction.VoiceInteractionManagerService
04-15 17:05:15.773 540 540 V SystemServerTiming: OnBootPhase_520_com.android.server.voiceinteraction.VoiceInteractionManagerService took to complete: 0ms
04-15 17:05:15.773 540 540 D SystemServerTiming: OnBootPhase_520_com.android.server.GestureLauncherService
04-15 17:05:15.774 540 540 V SystemServerTiming: OnBootPhase_520_com.android.server.GestureLauncherService took to complete: 0ms
04-15 17:05:15.774 540 540 D SystemServerTiming: OnBootPhase_520_com.android.server.SensorNotificationService
04-15 17:05:15.774 540 540 V SystemServerTiming: OnBootPhase_520_com.android.server.SensorNotificationService took to complete: 0ms
04-15 17:05:15.774 540 540 D SystemServerTiming: OnBootPhase_520_com.android.server.emergency.EmergencyAffordanceService
04-15 17:05:15.774 540 540 V SystemServerTiming: OnBootPhase_520_com.android.server.emergency.EmergencyAffordanceService took to complete: 0ms
04-15 17:05:15.774 540 540 D SystemServerTiming: OnBootPhase_520_com.android.server.blob.BlobStoreManagerService
04-15 17:05:15.774 540 540 V SystemServerTiming: OnBootPhase_520_com.android.server.blob.BlobStoreManagerService took to complete: 0ms
04-15 17:05:15.774 540 540 D SystemServerTiming: OnBootPhase_520_com.android.server.dreams.DreamManagerService
04-15 17:05:15.774 540 540 V SystemServerTiming: OnBootPhase_520_com.android.server.dreams.DreamManagerService took to complete: 0ms
04-15 17:05:15.774 540 540 D SystemServerTiming: OnBootPhase_520_com.android.server.print.PrintManagerService
04-15 17:05:15.774 540 540 V SystemServerTiming: OnBootPhase_520_com.android.server.print.PrintManagerService took to complete: 0ms
04-15 17:05:15.775 540 540 D SystemServerTiming: OnBootPhase_520_com.android.server.security.AttestationVerificationManagerService
04-15 17:05:15.775 540 540 V SystemServerTiming: OnBootPhase_520_com.android.server.security.AttestationVerificationManagerService took to complete: 0ms
04-15 17:05:15.775 540 540 D SystemServerTiming: OnBootPhase_520_com.android.server.companion.CompanionDeviceManagerService
04-15 17:05:15.775 540 540 V SystemServerTiming: OnBootPhase_520_com.android.server.companion.CompanionDeviceManagerService took to complete: 0ms
04-15 17:05:15.775 540 540 D SystemServerTiming: OnBootPhase_520_com.android.server.companion.virtual.VirtualDeviceManagerService
04-15 17:05:15.775 540 540 V SystemServerTiming: OnBootPhase_520_com.android.server.companion.virtual.VirtualDeviceManagerService took to complete: 0ms
04-15 17:05:15.775 540 540 D SystemServerTiming: OnBootPhase_520_com.android.server.restrictions.RestrictionsManagerService
04-15 17:05:15.775 540 540 V SystemServerTiming: OnBootPhase_520_com.android.server.restrictions.RestrictionsManagerService took to complete: 0ms
04-15 17:05:15.775 540 540 D SystemServerTiming: OnBootPhase_520_com.android.server.media.MediaSessionService
04-15 17:05:15.775 540 540 V SystemServerTiming: OnBootPhase_520_com.android.server.media.MediaSessionService took to complete: 0ms
04-15 17:05:15.775 540 540 D SystemServerTiming: OnBootPhase_520_com.android.server.media.MediaResourceMonitorService
04-15 17:05:15.780 540 540 V SystemServerTiming: OnBootPhase_520_com.android.server.media.MediaResourceMonitorService took to complete: 0ms
04-15 17:05:15.780 540 540 D SystemServerTiming: OnBootPhase_520_com.android.server.biometrics.sensors.face.FaceService
04-15 17:05:15.780 540 540 V SystemServerTiming: OnBootPhase_520_com.android.server.biometrics.sensors.face.FaceService took to complete: 0ms
04-15 17:05:15.780 540 540 D SystemServerTiming: OnBootPhase_520_com.android.server.biometrics.sensors.fingerprint.FingerprintService
04-15 17:05:15.780 540 540 V SystemServerTiming: OnBootPhase_520_com.android.server.biometrics.sensors.fingerprint.FingerprintService took to complete: 0ms
04-15 17:05:15.780 540 540 D SystemServerTiming: OnBootPhase_520_com.android.server.biometrics.BiometricService
04-15 17:05:15.780 540 540 V SystemServerTiming: OnBootPhase_520_com.android.server.biometrics.BiometricService took to complete: 0ms
04-15 17:05:15.781 540 540 D SystemServerTiming: OnBootPhase_520_com.android.server.biometrics.AuthService
04-15 17:05:15.781 540 540 V SystemServerTiming: OnBootPhase_520_com.android.server.biometrics.AuthService took to complete: 0ms
04-15 17:05:15.781 540 540 D SystemServerTiming: OnBootPhase_520_com.android.server.pm.ShortcutService$Lifecycle
04-15 17:05:15.781 540 540 V SystemServerTiming: OnBootPhase_520_com.android.server.pm.ShortcutService$Lifecycle took to complete: 0ms
04-15 17:05:15.784 540 540 D SystemServerTiming: OnBootPhase_520_com.android.server.pm.LauncherAppsService
04-15 17:05:15.784 540 540 V SystemServerTiming: OnBootPhase_520_com.android.server.pm.LauncherAppsService took to complete: 0ms
04-15 17:05:15.784 540 540 D SystemServerTiming: OnBootPhase_520_com.android.server.pm.CrossProfileAppsService
04-15 17:05:15.784 540 540 V SystemServerTiming: OnBootPhase_520_com.android.server.pm.CrossProfileAppsService took to complete: 0ms
04-15 17:05:15.784 540 540 D SystemServerTiming: OnBootPhase_520_com.android.server.people.PeopleService
04-15 17:05:15.784 540 540 V SystemServerTiming: OnBootPhase_520_com.android.server.people.PeopleService took to complete: 0ms
04-15 17:05:15.785 540 540 D SystemServerTiming: OnBootPhase_520_com.android.server.media.metrics.MediaMetricsManagerService
04-15 17:05:15.785 540 540 V SystemServerTiming: OnBootPhase_520_com.android.server.media.metrics.MediaMetricsManagerService took to complete: 0ms
04-15 17:05:15.785 540 540 D SystemServerTiming: OnBootPhase_520_com.android.server.pm.BackgroundInstallControlService
04-15 17:05:15.785 540 540 V SystemServerTiming: OnBootPhase_520_com.android.server.pm.BackgroundInstallControlService took to complete: 0ms
04-15 17:05:15.785 540 540 D SystemServerTiming: OnBootPhase_520_com.android.server.media.projection.MediaProjectionManagerService
04-15 17:05:15.785 540 540 V SystemServerTiming: OnBootPhase_520_com.android.server.media.projection.MediaProjectionManagerService took to complete: 0ms
04-15 17:05:15.785 540 540 D SystemServerTiming: OnBootPhase_520_com.android.server.slice.SliceManagerService$Lifecycle
04-15 17:05:15.785 540 540 V SystemServerTiming: OnBootPhase_520_com.android.server.slice.SliceManagerService$Lifecycle took to complete: 0ms
04-15 17:05:15.785 540 540 D SystemServerTiming: OnBootPhase_520_com.android.server.stats.StatsCompanion$Lifecycle
04-15 17:05:15.785 540 540 V SystemServerTiming: OnBootPhase_520_com.android.server.stats.StatsCompanion$Lifecycle took to complete: 0ms
04-15 17:05:15.785 540 540 D SystemServerTiming: OnBootPhase_520_com.android.server.scheduling.RebootReadinessManagerService$Lifecycle
04-15 17:05:15.786 540 540 V SystemServerTiming: OnBootPhase_520_com.android.server.scheduling.RebootReadinessManagerService$Lifecycle took to complete: 0ms
04-15 17:05:15.786 540 540 D SystemServerTiming: OnBootPhase_520_com.android.server.stats.pull.StatsPullAtomService
04-15 17:05:15.786 540 540 V SystemServerTiming: OnBootPhase_520_com.android.server.stats.pull.StatsPullAtomService took to complete: 0ms
04-15 17:05:15.786 540 540 D SystemServerTiming: OnBootPhase_520_com.android.server.stats.bootstrap.StatsBootstrapAtomService$Lifecycle
04-15 17:05:15.786 540 540 V SystemServerTiming: OnBootPhase_520_com.android.server.stats.bootstrap.StatsBootstrapAtomService$Lifecycle took to complete: 0ms
04-15 17:05:15.786 540 540 D SystemServerTiming: OnBootPhase_520_com.android.server.incident.IncidentCompanionService
04-15 17:05:15.788 540 540 V SystemServerTiming: OnBootPhase_520_com.android.server.incident.IncidentCompanionService took to complete: 0ms
04-15 17:05:15.788 540 540 D SystemServerTiming: OnBootPhase_520_com.android.server.sdksandbox.SdkSandboxManagerService$Lifecycle
04-15 17:05:15.788 540 540 V SystemServerTiming: OnBootPhase_520_com.android.server.sdksandbox.SdkSandboxManagerService$Lifecycle took to complete: 0ms
04-15 17:05:15.788 540 540 D SystemServerTiming: OnBootPhase_520_com.android.server.adservices.AdServicesManagerService$Lifecycle
04-15 17:05:15.788 540 540 V SystemServerTiming: OnBootPhase_520_com.android.server.adservices.AdServicesManagerService$Lifecycle took to complete: 0ms
04-15 17:05:15.788 540 540 D SystemServerTiming: OnBootPhase_520_com.android.server.ondevicepersonalization.OnDevicePersonalizationSystemService$Lifecycle
04-15 17:05:15.788 540 540 V SystemServerTiming: OnBootPhase_520_com.android.server.ondevicepersonalization.OnDevicePersonalizationSystemService$Lifecycle took to complete: 0ms
04-15 17:05:15.789 540 540 D SystemServerTiming: OnBootPhase_520_com.android.server.MmsServiceBroker
04-15 17:05:15.789 540 540 V SystemServerTiming: OnBootPhase_520_com.android.server.MmsServiceBroker took to complete: 0ms
04-15 17:05:15.789 540 540 D SystemServerTiming: OnBootPhase_520_com.android.server.autofill.AutofillManagerService
04-15 17:05:15.789 540 540 V SystemServerTiming: OnBootPhase_520_com.android.server.autofill.AutofillManagerService took to complete: 0ms
04-15 17:05:15.789 540 540 D SystemServerTiming: OnBootPhase_520_com.android.server.credentials.CredentialManagerService
04-15 17:05:15.789 540 540 V SystemServerTiming: OnBootPhase_520_com.android.server.credentials.CredentialManagerService took to complete: 0ms
04-15 17:05:15.789 540 540 D SystemServerTiming: OnBootPhase_520_com.android.server.selectiontoolbar.SelectionToolbarManagerService
04-15 17:05:15.789 540 540 V SystemServerTiming: OnBootPhase_520_com.android.server.selectiontoolbar.SelectionToolbarManagerService took to complete: 0ms
04-15 17:05:15.789 540 540 D SystemServerTiming: OnBootPhase_520_com.android.server.clipboard.ClipboardService
04-15 17:05:15.789 540 540 V SystemServerTiming: OnBootPhase_520_com.android.server.clipboard.ClipboardService took to complete: 0ms
04-15 17:05:15.789 540 540 D SystemServerTiming: OnBootPhase_520_com.android.server.appbinding.AppBindingService$Lifecycle
04-15 17:05:15.790 540 540 V SystemServerTiming: OnBootPhase_520_com.android.server.appbinding.AppBindingService$Lifecycle took to complete: 0ms
04-15 17:05:15.790 540 540 D SystemServerTiming: OnBootPhase_520_com.android.server.tracing.TracingServiceProxy
04-15 17:05:15.790 540 540 V SystemServerTiming: OnBootPhase_520_com.android.server.tracing.TracingServiceProxy took to complete: 0ms
04-15 17:05:15.790 540 540 D SystemServerTiming: OnBootPhase_520_com.android.server.policy.PermissionPolicyService
04-15 17:05:15.805 540 540 V SystemServerTiming: OnBootPhase_520_com.android.server.policy.PermissionPolicyService took to complete: 15ms
04-15 17:05:15.805 540 540 D SystemServerTiming: OnBootPhase_520_com.android.server.pm.StagingManager$Lifecycle
04-15 17:05:15.805 540 540 V SystemServerTiming: OnBootPhase_520_com.android.server.pm.StagingManager$Lifecycle took to complete: 0ms
04-15 17:05:15.805 540 540 D SystemServerTiming: OnBootPhase_520_com.android.server.app.GameManagerService$Lifecycle
04-15 17:05:15.805 540 540 V SystemServerTiming: OnBootPhase_520_com.android.server.app.GameManagerService$Lifecycle took to complete: 0ms
04-15 17:05:15.806 540 540 V SystemServerTiming: OnBootPhase_520 took to complete: 263ms
04-15 17:05:15.806 540 540 V SystemServerTiming: StartBootPhaseDeviceSpecificServicesReady took to complete: 263ms
04-15 17:05:15.806 540 540 D SystemServerTiming: StartSafetyCenterService
04-15 17:05:15.808 540 540 I SystemServiceManager: Starting com.android.safetycenter.SafetyCenterService
04-15 17:05:15.835 540 540 I SafetyCenterResContext: Found Safety Center resources APK at: com.android.safetycenter.resources
04-15 17:05:15.879 540 551 I system_server: Background concurrent copying GC freed 126499(6178KB) AllocSpace objects, 12(512KB) LOS objects, 49% free, 10MB/21MB, paused 503us,417us total 954.937ms
04-15 17:05:15.917 540 540 I SafetyCenterConfigReade: SafetyCenterConfig read successfully
04-15 17:05:15.923 540 540 I SafetyCenterIssuesPersi: File not found: /data/misc/apexdata/com.android.permission/safety_center_issues.xml
04-15 17:05:15.923 540 540 I SafetyCenterIssueDis: Safety Center persisted issues read successfully
04-15 17:05:15.927 540 540 W SystemServiceManager: Service com.android.safetycenter.SafetyCenterService took 101 ms in onStart
04-15 17:05:15.928 540 540 V SystemServerTiming: StartSafetyCenterService took to complete: 122ms
04-15 17:05:15.929 540 540 D SystemServerTiming: AppSearchModule
04-15 17:05:15.932 540 540 I SystemServiceManager: Starting com.android.server.appsearch.AppSearchModule$Lifecycle
04-15 17:05:15.969 540 540 V SystemServerTiming: AppSearchModule took to complete: 40ms
04-15 17:05:15.970 540 540 D SystemServerTiming: StartMediaCommunicationService
04-15 17:05:15.979 540 540 I SystemServiceManager: Starting com.android.server.media.MediaCommunicationService
04-15 17:05:15.988 540 540 V SystemServerTiming: StartMediaCommunicationService took to complete: 18ms
04-15 17:05:15.988 540 540 D SystemServerTiming: AppCompatOverridesService
04-15 17:05:15.989 540 540 I SystemServiceManager: Starting com.android.server.compat.overrides.AppCompatOverridesService$Lifecycle
04-15 17:05:15.997 540 540 V SystemServerTiming: AppCompatOverridesService took to complete: 8ms
04-15 17:05:16.000 540 540 D SystemServerTiming: HealthConnectManagerService
04-15 17:05:16.005 540 540 I SystemServiceManager: Starting com.android.server.healthconnect.HealthConnectManagerService
04-15 17:05:16.051 540 540 E HealthConnectResContext: Attempted to fetch resources before Health Connect resources APK is loaded!
04-15 17:05:16.051 540 540 E HealthConnectResContext: java.lang.IllegalStateException
04-15 17:05:16.051 540 540 E HealthConnectResContext: at com.android.server.healthconnect.migration.notification.HealthConnectResourcesContext.resolvePackageInfo(HealthConnectResourcesContext.java:129)
04-15 17:05:16.051 540 540 E HealthConnectResContext: at com.android.server.healthconnect.migration.notification.HealthConnectResourcesContext.initialisePackageNames(HealthConnectResourcesContext.java:87)
04-15 17:05:16.051 540 540 E HealthConnectResContext: at com.android.server.healthconnect.migration.notification.HealthConnectResourcesContext.(HealthConnectResourcesContext.java:83)
04-15 17:05:16.051 540 540 E HealthConnectResContext: at com.android.server.healthconnect.migration.notification.HealthConnectResourcesContext.(HealthConnectResourcesContext.java:70)
04-15 17:05:16.051 540 540 E HealthConnectResContext: at com.android.server.healthconnect.migration.notification.MigrationNotificationFactory.(MigrationNotificationFactory.java:107)
04-15 17:05:16.051 540 540 E HealthConnectResContext: at com.android.server.healthconnect.migration.notification.MigrationNotificationSender.(MigrationNotificationSender.java:60)
04-15 17:05:16.051 540 540 E HealthConnectResContext: at com.android.server.healthconnect.HealthConnectManagerService.(HealthConnectManagerService.java:105)
04-15 17:05:16.051 540 540 E HealthConnectResContext: at java.lang.reflect.Constructor.newInstance0(Native Method)
04-15 17:05:16.051 540 540 E HealthConnectResContext: at java.lang.reflect.Constructor.newInstance(Constructor.java:343)
04-15 17:05:16.051 540 540 E HealthConnectResContext: at com.android.server.SystemServiceManager.startService(SystemServiceManager.java:218)
04-15 17:05:16.051 540 540 E HealthConnectResContext: at com.android.server.SystemServiceManager.startService(SystemServiceManager.java:142)
04-15 17:05:16.051 540 540 E HealthConnectResContext: at com.android.server.SystemServer.startOtherServices(SystemServer.java:2864)
04-15 17:05:16.051 540 540 E HealthConnectResContext: at com.android.server.SystemServer.run(SystemServer.java:942)
04-15 17:05:16.051 540 540 E HealthConnectResContext: at com.android.server.SystemServer.main(SystemServer.java:664)
04-15 17:05:16.051 540 540 E HealthConnectResContext: at java.lang.reflect.Method.invoke(Native Method)
04-15 17:05:16.051 540 540 E HealthConnectResContext: at com.android.internal.os.RuntimeInit$MethodAndArgsCaller.run(RuntimeInit.java:552)
04-15 17:05:16.051 540 540 E HealthConnectResContext: at com.android.internal.os.ZygoteInit.main(ZygoteInit.java:949)
04-15 17:05:16.079 540 540 V SystemServerTiming: HealthConnectManagerService took to complete: 79ms
04-15 17:05:16.081 540 540 D SystemServerTiming: PhaseActivityManagerReady
04-15 17:05:16.082 540 540 D SystemServerTiming: controllersReady
04-15 17:05:16.108 540 568 D SystemServerTimingAsync: InitThreadPoolExec:Update app-ops uidState in case package com.android.sdksandbox changed
04-15 17:05:16.109 540 568 D SystemServerInitThreadPool: Started executing Update app-ops uidState in case package com.android.sdksandbox changed
04-15 17:05:16.110 540 610 D SystemServerTimingAsync: InitThreadPoolExec:Update app-ops uidState in case package com.android.adservices.api changed
04-15 17:05:16.110 540 610 D SystemServerInitThreadPool: Started executing Update app-ops uidState in case package com.android.adservices.api changed
04-15 17:05:16.116 540 568 D SystemServerInitThreadPool: Finished executing Update app-ops uidState in case package com.android.sdksandbox changed
04-15 17:05:16.116 540 568 V SystemServerTimingAsync: InitThreadPoolExec:Update app-ops uidState in case package com.android.sdksandbox changed took to complete: 7ms
04-15 17:05:16.117 540 568 D SystemServerTimingAsync: InitThreadPoolExec:Update app-ops uidState in case package com.android.devicelockcontroller changed
04-15 17:05:16.117 540 568 D SystemServerInitThreadPool: Started executing Update app-ops uidState in case package com.android.devicelockcontroller changed
04-15 17:05:16.118 540 568 D SystemServerInitThreadPool: Finished executing Update app-ops uidState in case package com.android.devicelockcontroller changed
04-15 17:05:16.118 540 568 V SystemServerTimingAsync: InitThreadPoolExec:Update app-ops uidState in case package com.android.devicelockcontroller changed took to complete: 1ms
04-15 17:05:16.119 540 568 D SystemServerTimingAsync: InitThreadPoolExec:Update app-ops uidState in case package com.android.nearby.halfsheet changed
04-15 17:05:16.119 540 568 D SystemServerInitThreadPool: Started executing Update app-ops uidState in case package com.android.nearby.halfsheet changed
04-15 17:05:16.119 540 610 D SystemServerInitThreadPool: Finished executing Update app-ops uidState in case package com.android.adservices.api changed
04-15 17:05:16.123 540 610 V SystemServerTimingAsync: InitThreadPoolExec:Update app-ops uidState in case package com.android.adservices.api changed took to complete: 13ms
04-15 17:05:16.176 540 568 D SystemServerInitThreadPool: Finished executing Update app-ops uidState in case package com.android.nearby.halfsheet changed
04-15 17:05:16.177 540 568 V SystemServerTimingAsync: InitThreadPoolExec:Update app-ops uidState in case package com.android.nearby.halfsheet changed took to complete: 58ms
04-15 17:05:16.177 540 568 D SystemServerTimingAsync: InitThreadPoolExec:Update app-ops uidState in case package com.android.connectivity.resources changed
04-15 17:05:16.177 540 568 D SystemServerInitThreadPool: Started executing Update app-ops uidState in case package com.android.connectivity.resources changed
04-15 17:05:16.178 540 568 D SystemServerInitThreadPool: Finished executing Update app-ops uidState in case package com.android.connectivity.resources changed
04-15 17:05:16.178 540 568 V SystemServerTimingAsync: InitThreadPoolExec:Update app-ops uidState in case package com.android.connectivity.resources changed took to complete: 0ms
04-15 17:05:16.179 540 568 D SystemServerTimingAsync: InitThreadPoolExec:Update app-ops uidState in case package com.android.cts.ctsshim changed
04-15 17:05:16.179 540 568 D SystemServerInitThreadPool: Started executing Update app-ops uidState in case package com.android.cts.ctsshim changed
04-15 17:05:16.179 540 568 D SystemServerInitThreadPool: Finished executing Update app-ops uidState in case package com.android.cts.ctsshim changed
04-15 17:05:16.184 540 568 V SystemServerTimingAsync: InitThreadPoolExec:Update app-ops uidState in case package com.android.cts.ctsshim changed took to complete: 5ms
04-15 17:05:16.185 540 568 D SystemServerTimingAsync: InitThreadPoolExec:Update app-ops uidState in case package com.android.cts.priv.ctsshim changed
04-15 17:05:16.187 540 568 D SystemServerInitThreadPool: Started executing Update app-ops uidState in case package com.android.cts.priv.ctsshim changed
04-15 17:05:16.187 540 568 D SystemServerInitThreadPool: Finished executing Update app-ops uidState in case package com.android.cts.priv.ctsshim changed
04-15 17:05:16.188 540 540 V SystemServerTiming: controllersReady took to complete: 81ms
04-15 17:05:16.191 540 540 D SystemServerTiming: killProcesses
04-15 17:05:16.192 540 540 V SystemServerTiming: killProcesses took to complete: 0ms
04-15 17:05:16.192 540 540 I ActivityManager: System now ready
04-15 17:05:16.193 540 540 D SystemServerTiming: updateTopComponentForFactoryTest
04-15 17:05:16.194 540 568 V SystemServerTimingAsync: InitThreadPoolExec:Update app-ops uidState in case package com.android.cts.priv.ctsshim changed took to complete: 7ms
04-15 17:05:16.194 540 568 D SystemServerTimingAsync: InitThreadPoolExec:Update app-ops uidState in case package com.android.wifi.dialog changed
04-15 17:05:16.194 540 568 D SystemServerInitThreadPool: Started executing Update app-ops uidState in case package com.android.wifi.dialog changed
04-15 17:05:16.195 540 568 D SystemServerInitThreadPool: Finished executing Update app-ops uidState in case package com.android.wifi.dialog changed
04-15 17:05:16.195 540 568 V SystemServerTimingAsync: InitThreadPoolExec:Update app-ops uidState in case package com.android.wifi.dialog changed took to complete: 0ms
04-15 17:05:16.196 540 568 D SystemServerTimingAsync: InitThreadPoolExec:Update app-ops uidState in case package com.android.hotspot2.osulogin changed
04-15 17:05:16.196 540 568 D SystemServerInitThreadPool: Started executing Update app-ops uidState in case package com.android.hotspot2.osulogin changed
04-15 17:05:16.197 540 568 D SystemServerInitThreadPool: Finished executing Update app-ops uidState in case package com.android.hotspot2.osulogin changed
04-15 17:05:16.197 540 568 V SystemServerTimingAsync: InitThreadPoolExec:Update app-ops uidState in case package com.android.hotspot2.osulogin changed took to complete: 0ms
04-15 17:05:16.198 540 568 D SystemServerTimingAsync: InitThreadPoolExec:Update app-ops uidState in case package com.android.wifi.resources changed
04-15 17:05:16.198 540 568 D SystemServerInitThreadPool: Started executing Update app-ops uidState in case package com.android.wifi.resources changed
04-15 17:05:16.199 540 568 D SystemServerInitThreadPool: Finished executing Update app-ops uidState in case package com.android.wifi.resources changed
04-15 17:05:16.199 540 568 V SystemServerTimingAsync: InitThreadPoolExec:Update app-ops uidState in case package com.android.wifi.resources changed took to complete: 1ms
04-15 17:05:16.199 540 568 D SystemServerTimingAsync: InitThreadPoolExec:Update app-ops uidState in case package com.android.uwb.resources changed
04-15 17:05:16.205 540 568 D SystemServerInitThreadPool: Started executing Update app-ops uidState in case package com.android.uwb.resources changed
04-15 17:05:16.205 540 568 D SystemServerInitThreadPool: Finished executing Update app-ops uidState in case package com.android.uwb.resources changed
04-15 17:05:16.205 540 568 V SystemServerTimingAsync: InitThreadPoolExec:Update app-ops uidState in case package com.android.uwb.resources changed took to complete: 0ms
04-15 17:05:16.206 540 568 D SystemServerTimingAsync: InitThreadPoolExec:Update app-ops uidState in case package com.android.virtualmachine.res changed
04-15 17:05:16.206 540 568 D SystemServerInitThreadPool: Started executing Update app-ops uidState in case package com.android.virtualmachine.res changed
04-15 17:05:16.206 540 568 D SystemServerInitThreadPool: Finished executing Update app-ops uidState in case package com.android.virtualmachine.res changed
04-15 17:05:16.207 540 568 V SystemServerTimingAsync: InitThreadPoolExec:Update app-ops uidState in case package com.android.virtualmachine.res changed took to complete: 1ms
04-15 17:05:16.207 540 568 D SystemServerTimingAsync: InitThreadPoolExec:Update app-ops uidState in case package com.android.rkpdapp changed
04-15 17:05:16.207 540 568 D SystemServerInitThreadPool: Started executing Update app-ops uidState in case package com.android.rkpdapp changed
04-15 17:05:16.211 540 568 D SystemServerInitThreadPool: Finished executing Update app-ops uidState in case package com.android.rkpdapp changed
04-15 17:05:16.211 540 568 V SystemServerTimingAsync: InitThreadPoolExec:Update app-ops uidState in case package com.android.rkpdapp changed took to complete: 4ms
04-15 17:05:16.212 540 568 D SystemServerTimingAsync: InitThreadPoolExec:Update app-ops uidState in case package com.android.cellbroadcastreceiver.module changed
04-15 17:05:16.213 540 568 D SystemServerInitThreadPool: Started executing Update app-ops uidState in case package com.android.cellbroadcastreceiver.module changed
04-15 17:05:16.213 540 568 D SystemServerInitThreadPool: Finished executing Update app-ops uidState in case package com.android.cellbroadcastreceiver.module changed
04-15 17:05:16.213 540 568 V SystemServerTimingAsync: InitThreadPoolExec:Update app-ops uidState in case package com.android.cellbroadcastreceiver.module changed took to complete: 0ms
04-15 17:05:16.214 540 568 D SystemServerTimingAsync: InitThreadPoolExec:Update app-ops uidState in case package com.android.ondevicepersonalization.services changed
04-15 17:05:16.214 540 568 D SystemServerInitThreadPool: Started executing Update app-ops uidState in case package com.android.ondevicepersonalization.services changed
04-15 17:05:16.215 540 568 D SystemServerInitThreadPool: Finished executing Update app-ops uidState in case package com.android.ondevicepersonalization.services changed
04-15 17:05:16.215 540 568 V SystemServerTimingAsync: InitThreadPoolExec:Update app-ops uidState in case package com.android.ondevicepersonalization.services changed took to complete: 1ms
04-15 17:05:16.215 540 568 D SystemServerTimingAsync: InitThreadPoolExec:Update app-ops uidState in case package com.android.federatedcompute.services changed
04-15 17:05:16.216 540 610 D SystemServerTimingAsync: InitThreadPoolExec:Update app-ops uidState in case package com.android.providers.media.module changed
04-15 17:05:16.218 540 540 V SystemServerTiming: updateTopComponentForFactoryTest took to complete: 1ms
04-15 17:05:16.218 540 540 D SystemServerTiming: registerActivityLaunchObserver
04-15 17:05:16.221 540 540 V SystemServerTiming: registerActivityLaunchObserver took to complete: 2ms
04-15 17:05:16.225 540 540 D SystemServerTiming: watchDeviceProvisioning
04-15 17:05:16.226 540 540 V SystemServerTiming: watchDeviceProvisioning took to complete: 1ms
04-15 17:05:16.226 540 540 D SystemServerTiming: retrieveSettings
04-15 17:05:16.229 540 610 D SystemServerInitThreadPool: Started executing Update app-ops uidState in case package com.android.providers.media.module changed
04-15 17:05:16.230 540 610 D SystemServerInitThreadPool: Finished executing Update app-ops uidState in case package com.android.providers.media.module changed
04-15 17:05:16.230 540 610 V SystemServerTimingAsync: InitThreadPoolExec:Update app-ops uidState in case package com.android.providers.media.module changed took to complete: 12ms
04-15 17:05:16.230 540 610 D SystemServerTimingAsync: InitThreadPoolExec:Update app-ops uidState in case package com.android.permissioncontroller changed
04-15 17:05:16.230 540 610 D SystemServerInitThreadPool: Started executing Update app-ops uidState in case package com.android.permissioncontroller changed
04-15 17:05:16.231 540 610 D SystemServerInitThreadPool: Finished executing Update app-ops uidState in case package com.android.permissioncontroller changed
04-15 17:05:16.231 540 610 V SystemServerTimingAsync: InitThreadPoolExec:Update app-ops uidState in case package com.android.permissioncontroller changed took to complete: 1ms
04-15 17:05:16.231 540 610 D SystemServerTimingAsync: InitThreadPoolExec:Update app-ops uidState in case package com.android.safetycenter.resources changed
04-15 17:05:16.231 540 610 D SystemServerInitThreadPool: Started executing Update app-ops uidState in case package com.android.safetycenter.resources changed
04-15 17:05:16.236 540 610 D SystemServerInitThreadPool: Finished executing Update app-ops uidState in case package com.android.safetycenter.resources changed
04-15 17:05:16.236 540 610 V SystemServerTimingAsync: InitThreadPoolExec:Update app-ops uidState in case package com.android.safetycenter.resources changed took to complete: 4ms
04-15 17:05:16.236 540 610 D SystemServerTimingAsync: InitThreadPoolExec:Update app-ops uidState in case package android.ext.services changed
04-15 17:05:16.236 540 610 D SystemServerInitThreadPool: Started executing Update app-ops uidState in case package android.ext.services changed
04-15 17:05:16.237 540 610 D SystemServerInitThreadPool: Finished executing Update app-ops uidState in case package android.ext.services changed
04-15 17:05:16.237 540 610 V SystemServerTimingAsync: InitThreadPoolExec:Update app-ops uidState in case package android.ext.services changed took to complete: 0ms
04-15 17:05:16.237 540 610 D SystemServerTimingAsync: InitThreadPoolExec:Update app-ops uidState in case package com.android.health.connect.backuprestore changed
04-15 17:05:16.237 540 610 D SystemServerInitThreadPool: Started executing Update app-ops uidState in case package com.android.health.connect.backuprestore changed
04-15 17:05:16.237 540 610 D SystemServerInitThreadPool: Finished executing Update app-ops uidState in case package com.android.health.connect.backuprestore changed
04-15 17:05:16.237 540 610 V SystemServerTimingAsync: InitThreadPoolExec:Update app-ops uidState in case package com.android.health.connect.backuprestore changed took to complete: 0ms
04-15 17:05:16.237 540 610 D SystemServerTimingAsync: InitThreadPoolExec:Update app-ops uidState in case package com.android.healthconnect.controller changed
04-15 17:05:16.237 540 610 D SystemServerInitThreadPool: Started executing Update app-ops uidState in case package com.android.healthconnect.controller changed
04-15 17:05:16.237 540 610 D SystemServerInitThreadPool: Finished executing Update app-ops uidState in case package com.android.healthconnect.controller changed
04-15 17:05:16.238 540 610 V SystemServerTimingAsync: InitThreadPoolExec:Update app-ops uidState in case package com.android.healthconnect.controller changed took to complete: 1ms
04-15 17:05:16.238 540 610 D SystemServerTimingAsync: InitThreadPoolExec:Update app-ops uidState in case package com.android.wallpapercropper changed
04-15 17:05:16.238 540 610 D SystemServerInitThreadPool: Started executing Update app-ops uidState in case package com.android.wallpapercropper changed
04-15 17:05:16.238 540 610 D SystemServerInitThreadPool: Finished executing Update app-ops uidState in case package com.android.wallpapercropper changed
04-15 17:05:16.238 540 610 V SystemServerTimingAsync: InitThreadPoolExec:Update app-ops uidState in case package com.android.wallpapercropper changed took to complete: 0ms
04-15 17:05:16.238 540 610 D SystemServerTimingAsync: InitThreadPoolExec:Update app-ops uidState in case package com.android.systemui changed
04-15 17:05:16.238 540 610 D SystemServerInitThreadPool: Started executing Update app-ops uidState in case package com.android.systemui changed
04-15 17:05:16.238 540 610 D SystemServerInitThreadPool: Finished executing Update app-ops uidState in case package com.android.systemui changed
04-15 17:05:16.238 540 610 V SystemServerTimingAsync: InitThreadPoolExec:Update app-ops uidState in case package com.android.systemui changed took to complete: 0ms
04-15 17:05:16.238 540 610 D SystemServerTimingAsync: InitThreadPoolExec:Update app-ops uidState in case package com.android.emergency changed
04-15 17:05:16.238 540 610 D SystemServerInitThreadPool: Started executing Update app-ops uidState in case package com.android.emergency changed
04-15 17:05:16.239 540 610 D SystemServerInitThreadPool: Finished executing Update app-ops uidState in case package com.android.emergency changed
04-15 17:05:16.239 540 610 V SystemServerTimingAsync: InitThreadPoolExec:Update app-ops uidState in case package com.android.emergency changed took to complete: 0ms
04-15 17:05:16.239 540 610 D SystemServerTimingAsync: InitThreadPoolExec:Update app-ops uidState in case package com.android.emulator.radio.config changed
04-15 17:05:16.239 540 610 D SystemServerInitThreadPool: Started executing Update app-ops uidState in case package com.android.emulator.radio.config changed
04-15 17:05:16.239 540 610 D SystemServerInitThreadPool: Finished executing Update app-ops uidState in case package com.android.emulator.radio.config changed
04-15 17:05:16.239 540 610 V SystemServerTimingAsync: InitThreadPoolExec:Update app-ops uidState in case package com.android.emulator.radio.config changed took to complete: 0ms
04-15 17:05:16.239 540 610 D SystemServerTimingAsync: InitThreadPoolExec:Update app-ops uidState in case package com.android.systemui.accessibility.accessibilitymenu changed
04-15 17:05:16.239 540 610 D SystemServerInitThreadPool: Started executing Update app-ops uidState in case package com.android.systemui.accessibility.accessibilitymenu changed
04-15 17:05:16.239 540 610 D SystemServerInitThreadPool: Finished executing Update app-ops uidState in case package com.android.systemui.accessibility.accessibilitymenu changed
04-15 17:05:16.239 540 610 V SystemServerTimingAsync: InitThreadPoolExec:Update app-ops uidState in case package com.android.systemui.accessibility.accessibilitymenu changed took to complete: 1ms
04-15 17:05:16.242 540 540 I ActivityTaskManager: Config changes=10000000 {1.0 ?mcc0mnc [en_US] ldltr sw411dp w411dp h914dp 420dpi nrml long port finger qwerty/v/v -nav/h winConfig={ mBounds=Rect(0, 0 - 1080, 2400) mAppBounds=Rect(0, 0 - 1080, 2400) mMaxBounds=Rect(0, 0 - 1080, 2400) mDisplayRotation=ROTATION_0 mWindowingMode=fullscreen mDisplayWindowingMode=fullscreen mActivityType=undefined mAlwaysOnTop=undefined mRotation=ROTATION_0} s.8 fontWeightAdjustment=0}
04-15 17:05:16.245 540 568 D SystemServerInitThreadPool: Started executing Update app-ops uidState in case package com.android.federatedcompute.services changed
04-15 17:05:16.246 540 568 D SystemServerInitThreadPool: Finished executing Update app-ops uidState in case package com.android.federatedcompute.services changed
04-15 17:05:16.246 540 568 V SystemServerTimingAsync: InitThreadPoolExec:Update app-ops uidState in case package com.android.federatedcompute.services changed took to complete: 30ms
04-15 17:05:16.246 540 568 D SystemServerTimingAsync: InitThreadPoolExec:Update app-ops uidState in case package com.android.storagemanager changed
04-15 17:05:16.246 540 568 D SystemServerInitThreadPool: Started executing Update app-ops uidState in case package com.android.storagemanager changed
04-15 17:05:16.247 540 568 D SystemServerInitThreadPool: Finished executing Update app-ops uidState in case package com.android.storagemanager changed
04-15 17:05:16.247 540 568 V SystemServerTimingAsync: InitThreadPoolExec:Update app-ops uidState in case package com.android.storagemanager changed took to complete: 1ms
04-15 17:05:16.247 540 568 D SystemServerTimingAsync: InitThreadPoolExec:Update app-ops uidState in case package com.android.launcher3 changed
04-15 17:05:16.247 540 568 D SystemServerInitThreadPool: Started executing Update app-ops uidState in case package com.android.launcher3 changed
04-15 17:05:16.247 540 568 D SystemServerInitThreadPool: Finished executing Update app-ops uidState in case package com.android.launcher3 changed
04-15 17:05:16.252 540 568 V SystemServerTimingAsync: InitThreadPoolExec:Update app-ops uidState in case package com.android.launcher3 changed took to complete: 5ms
04-15 17:05:16.252 540 568 D SystemServerTimingAsync: InitThreadPoolExec:Update app-ops uidState in case package com.android.carrierconfig changed
04-15 17:05:16.252 540 568 D SystemServerInitThreadPool: Started executing Update app-ops uidState in case package com.android.carrierconfig changed
04-15 17:05:16.252 540 568 D SystemServerInitThreadPool: Finished executing Update app-ops uidState in case package com.android.carrierconfig changed
04-15 17:05:16.252 540 568 V SystemServerTimingAsync: InitThreadPoolExec:Update app-ops uidState in case package com.android.carrierconfig changed took to complete: 0ms
04-15 17:05:16.252 540 568 D SystemServerTimingAsync: InitThreadPoolExec:Update app-ops uidState in case package com.android.sdksetup changed
04-15 17:05:16.252 540 568 D SystemServerInitThreadPool: Started executing Update app-ops uidState in case package com.android.sdksetup changed
04-15 17:05:16.253 540 568 D SystemServerInitThreadPool: Finished executing Update app-ops uidState in case package com.android.sdksetup changed
04-15 17:05:16.253 540 568 V SystemServerTimingAsync: InitThreadPoolExec:Update app-ops uidState in case package com.android.sdksetup changed took to complete: 0ms
04-15 17:05:16.253 540 568 D SystemServerTimingAsync: InitThreadPoolExec:Update app-ops uidState in case package com.android.messaging changed
04-15 17:05:16.253 540 568 D SystemServerInitThreadPool: Started executing Update app-ops uidState in case package com.android.messaging changed
04-15 17:05:16.253 540 568 D SystemServerInitThreadPool: Finished executing Update app-ops uidState in case package com.android.messaging changed
04-15 17:05:16.253 540 568 V SystemServerTimingAsync: InitThreadPoolExec:Update app-ops uidState in case package com.android.messaging changed took to complete: 0ms
04-15 17:05:16.253 540 568 D SystemServerTimingAsync: InitThreadPoolExec:Update app-ops uidState in case package com.android.inputmethod.latin changed
04-15 17:05:16.253 540 568 D SystemServerInitThreadPool: Started executing Update app-ops uidState in case package com.android.inputmethod.latin changed
04-15 17:05:16.253 540 568 D SystemServerInitThreadPool: Finished executing Update app-ops uidState in case package com.android.inputmethod.latin changed
04-15 17:05:16.254 540 568 V SystemServerTimingAsync: InitThreadPoolExec:Update app-ops uidState in case package com.android.inputmethod.latin changed took to complete: 1ms
04-15 17:05:16.254 540 568 D SystemServerTimingAsync: InitThreadPoolExec:Update app-ops uidState in case package com.android.quicksearchbox changed
04-15 17:05:16.254 540 568 D SystemServerInitThreadPool: Started executing Update app-ops uidState in case package com.android.quicksearchbox changed
04-15 17:05:16.254 540 568 D SystemServerInitThreadPool: Finished executing Update app-ops uidState in case package com.android.quicksearchbox changed
04-15 17:05:16.254 540 568 V SystemServerTimingAsync: InitThreadPoolExec:Update app-ops uidState in case package com.android.quicksearchbox changed took to complete: 0ms
04-15 17:05:16.254 540 568 D SystemServerTimingAsync: InitThreadPoolExec:Update app-ops uidState in case package com.android.deskclock changed
04-15 17:05:16.254 540 568 D SystemServerInitThreadPool: Started executing Update app-ops uidState in case package com.android.deskclock changed
04-15 17:05:16.254 540 568 D SystemServerInitThreadPool: Finished executing Update app-ops uidState in case package com.android.deskclock changed
04-15 17:05:16.254 540 568 V SystemServerTimingAsync: InitThreadPoolExec:Update app-ops uidState in case package com.android.deskclock changed took to complete: 0ms
04-15 17:05:16.254 540 568 D SystemServerTimingAsync: InitThreadPoolExec:Update app-ops uidState in case package com.android.gallery3d changed
04-15 17:05:16.255 540 568 D SystemServerInitThreadPool: Started executing Update app-ops uidState in case package com.android.gallery3d changed
04-15 17:05:16.255 540 568 D SystemServerInitThreadPool: Finished executing Update app-ops uidState in case package com.android.gallery3d changed
04-15 17:05:16.255 540 568 V SystemServerTimingAsync: InitThreadPoolExec:Update app-ops uidState in case package com.android.gallery3d changed took to complete: 0ms
04-15 17:05:16.255 540 568 D SystemServerTimingAsync: InitThreadPoolExec:Update app-ops uidState in case package com.android.webview changed
04-15 17:05:16.255 540 568 D SystemServerInitThreadPool: Started executing Update app-ops uidState in case package com.android.webview changed
04-15 17:05:16.255 540 568 D SystemServerInitThreadPool: Finished executing Update app-ops uidState in case package com.android.webview changed
04-15 17:05:16.255 540 568 V SystemServerTimingAsync: InitThreadPoolExec:Update app-ops uidState in case package com.android.webview changed took to complete: 0ms
04-15 17:05:16.255 540 568 D SystemServerTimingAsync: InitThreadPoolExec:Update app-ops uidState in case package com.android.camera2 changed
04-15 17:05:16.255 540 568 D SystemServerInitThreadPool: Started executing Update app-ops uidState in case package com.android.camera2 changed
04-15 17:05:16.255 540 568 D SystemServerInitThreadPool: Finished executing Update app-ops uidState in case package com.android.camera2 changed
04-15 17:05:16.263 540 568 V SystemServerTimingAsync: InitThreadPoolExec:Update app-ops uidState in case package com.android.camera2 changed took to complete: 8ms
04-15 17:05:16.263 540 568 D SystemServerTimingAsync: InitThreadPoolExec:Update app-ops uidState in case package com.android.wallpaperpicker changed
04-15 17:05:16.264 540 568 D SystemServerInitThreadPool: Started executing Update app-ops uidState in case package com.android.wallpaperpicker changed
04-15 17:05:16.265 540 610 D SystemServerTimingAsync: InitThreadPoolExec:Update app-ops uidState in case package com.android.music changed
04-15 17:05:16.265 540 610 D SystemServerInitThreadPool: Started executing Update app-ops uidState in case package com.android.music changed
