04-15 18:42:38.090 734 734 W dex2oat64: Known variants: atom, sandybridge, silvermont, goldmont, goldmont-plus, tremont, kabylake, default
04-15 18:42:38.134 734 734 W dex2oat64: Mismatch between dex2oat instruction set features to use (ISA: X86_64 Feature string: -ssse3,-sse4.1,-sse4.2,-avx,-avx2,-popcnt) and those from CPP defines (ISA: X86_64 Feature string: ssse3,sse4.1,sse4.2,-avx,-avx2,popcnt) for the command line:
04-15 18:42:38.134 734 734 W dex2oat64: /apex/com.android.art/bin/dex2oat64 --zip-fd=7 --zip-location=/apex/com.android.extservices/priv-app/ExtServices@UE1A.230829.036.A1/ExtServices.apk --oat-fd=8 --oat-location=/data/dalvik-cache/x86_64/apex@com.android.extservices@priv-app@ExtServices@UE1A.230829.036.A1@ExtServices.apk@classes.dex --output-vdex-fd=9 --swap-fd=10 --class-loader-context=PCL[] --classpath-dir=/apex/com.android.extservices/priv-app/ExtServices@UE1A.230829.036.A1 --instruction-set=x86_64 --instruction-set-features=default --instruction-set-variant=x86_64 --compiler-filter=verify --compilation-reason=first-boot --compact-dex-level=none --max-image-block-size=524288 --resolve-startup-const-strings=true --generate-mini-debug-info --runtime-arg -Xtarget-sdk-version:34 --runtime-arg -Xms64m --runtime-arg -Xmx512m --comments=app-version-name:2019-09,app-version-code:309999900,art-version:342090000
04-15 18:42:38.141 734 734 I dex2oat64: /apex/com.android.art/bin/dex2oat64 --output-vdex-fd=9 --class-loader-context=PCL[] --classpath-dir=/apex/com.android.extservices/priv-app/ExtServices@UE1A.230829.036.A1 --compiler-filter=verify --compilation-reason=first-boot --compact-dex-level=none --max-image-block-size=524288 --resolve-startup-const-strings=true --generate-mini-debug-info --comments=app-version-name:2019-09,app-version-code:309999900,art-version:342090000
04-15 18:42:38.234 734 734 I dex2oat64: Using CollectorTypeCC GC.
04-15 18:42:39.281 534 545 I system_server: Background concurrent copying GC freed 69185(2732KB) AllocSpace objects, 141(2820KB) LOS objects, 49% free, 8516KB/16MB, paused 742us,281us total 598.733ms
04-15 18:42:39.515 534 647 E ReportEncoder: No watchlist hash
04-15 18:42:39.536 534 647 I WatchlistLoggingHandler: Milliseconds spent on tryAggregateRecords(): 38850
04-15 18:42:39.611 534 559 I DropBoxManagerService: add tag=system_server_strictmode isTagEnabled=true flags=0x2
04-15 18:42:39.654 534 559 I DropBoxManagerService: add tag=system_server_strictmode isTagEnabled=true flags=0x2
04-15 18:42:39.661 534 559 I DropBoxManagerService: add tag=system_server_strictmode isTagEnabled=true flags=0x2
04-15 18:42:39.663 534 559 I DropBoxManagerService: add tag=system_server_strictmode isTagEnabled=true flags=0x2
04-15 18:42:39.670 534 559 I DropBoxManagerService: add tag=system_server_strictmode isTagEnabled=true flags=0x2
04-15 18:42:39.676 534 559 I DropBoxManagerService: add tag=system_server_strictmode isTagEnabled=true flags=0x2
04-15 18:42:39.678 534 559 I DropBoxManagerService: add tag=system_server_strictmode isTagEnabled=true flags=0x2
04-15 18:42:39.684 534 559 I DropBoxManagerService: add tag=system_server_strictmode isTagEnabled=true flags=0x2
04-15 18:42:39.686 534 559 I DropBoxManagerService: add tag=system_server_strictmode isTagEnabled=true flags=0x2
04-15 18:42:39.697 534 559 I DropBoxManagerService: add tag=system_server_strictmode isTagEnabled=true flags=0x2
04-15 18:42:40.030 734 734 I dex2oat64: dex2oat took 1.987s (1.907s cpu) (threads: 2) arena alloc=0B (0B) java alloc=582KB (596208B) native alloc=1216KB (1246176B) free=784KB (803728B)
04-15 18:42:40.046 659 659 I artd : dex2oat returned code 0
04-15 18:42:40.049 534 657 I ArtService: Dexopt result: [packageName = android.ext.services] DexContainerFileDexoptResult{dexContainerFile=/apex/com.android.extservices/priv-app/ExtServices@UE1A.230829.036.A1/ExtServices.apk, primaryAbi=true, abi=x86_64, actualCompilerFilter=verify, status=PERFORMED, dex2oatWallTimeMillis=2693, dex2oatCpuTimeMillis=2440, sizeBytes=51272, sizeBeforeBytes=0}
04-15 18:42:40.054 659 659 W ziparchive: Unable to open '/apex/com.android.tethering/app/HalfSheetUX@UE1A.230829.036.A1/HalfSheetUX.dm': No such file or directory
04-15 18:42:40.055 659 659 W ziparchive: Unable to open '/apex/com.android.tethering/app/HalfSheetUX@UE1A.230829.036.A1/HalfSheetUX.dm': No such file or directory
04-15 18:42:40.066 659 664 I artd : Running dex2oat: /apex/com.android.art/bin/art_exec --drop-capabilities --keep-fds=7:8:9:10 -- /apex/com.android.art/bin/dex2oat64 --zip-fd=7 --zip-location=/apex/com.android.tethering/app/HalfSheetUX@UE1A.230829.036.A1/HalfSheetUX.apk --oat-fd=8 --oat-location=/data/dalvik-cache/x86_64/apex@com.android.tethering@app@HalfSheetUX@UE1A.230829.036.A1@HalfSheetUX.apk@classes.dex --output-vdex-fd=9 --swap-fd=10 --class-loader-context=PCL[] --classpath-dir=/apex/com.android.tethering/app/HalfSheetUX@UE1A.230829.036.A1 --instruction-set=x86_64 --instruction-set-features=default --instruction-set-variant=x86_64 --compiler-filter=verify --compilation-reason=first-boot --compact-dex-level=none --max-image-block-size=524288 --resolve-startup-const-strings=true --generate-mini-debug-info --runtime-arg -Xtarget-sdk-version:34 --runtime-arg -Xms64m --runtime-arg -Xmx512m --comments=app-version-name:14,app-version-code:34,art-version:342090000
04-15 18:42:40.066 659 664 I artd : Opened FDs: 7:/apex/com.android.tethering/app/HalfSheetUX@UE1A.230829.036.A1/HalfSheetUX.apk 8:/data/dalvik-cache/x86_64/apex@com.android.tethering@app@HalfSheetUX@UE1A.230829.036.A1@HalfSheetUX.apk@classes.dex.5b7r9w.tmp 9:/data/dalvik-cache/x86_64/apex@com.android.tethering@app@HalfSheetUX@UE1A.230829.036.A1@HalfSheetUX.apk@classes.vdex.gXUd1N.tmp 10:/data/dalvik-cache/x86_64/apex@com.android.tethering@app@HalfSheetUX@UE1A.230829.036.A1@HalfSheetUX.apk@classes.dex.swap.4r2ifL.tmp
04-15 18:42:40.315 740 740 W dex2oat64: Unexpected CPU variant for x86: x86_64.
04-15 18:42:40.315 740 740 W dex2oat64: Known variants: atom, sandybridge, silvermont, goldmont, goldmont-plus, tremont, kabylake, default
04-15 18:42:40.334 740 740 W dex2oat64: Mismatch between dex2oat instruction set features to use (ISA: X86_64 Feature string: -ssse3,-sse4.1,-sse4.2,-avx,-avx2,-popcnt) and those from CPP defines (ISA: X86_64 Feature string: ssse3,sse4.1,sse4.2,-avx,-avx2,popcnt) for the command line:
04-15 18:42:40.334 740 740 W dex2oat64: /apex/com.android.art/bin/dex2oat64 --zip-fd=7 --zip-location=/apex/com.android.tethering/app/HalfSheetUX@UE1A.230829.036.A1/HalfSheetUX.apk --oat-fd=8 --oat-location=/data/dalvik-cache/x86_64/apex@com.android.tethering@app@HalfSheetUX@UE1A.230829.036.A1@HalfSheetUX.apk@classes.dex --output-vdex-fd=9 --swap-fd=10 --class-loader-context=PCL[] --classpath-dir=/apex/com.android.tethering/app/HalfSheetUX@UE1A.230829.036.A1 --instruction-set=x86_64 --instruction-set-features=default --instruction-set-variant=x86_64 --compiler-filter=verify --compilation-reason=first-boot --compact-dex-level=none --max-image-block-size=524288 --resolve-startup-const-strings=true --generate-mini-debug-info --runtime-arg -Xtarget-sdk-version:34 --runtime-arg -Xms64m --runtime-arg -Xmx512m --comments=app-version-name:14,app-version-code:34,art-version:342090000
04-15 18:42:40.338 740 740 I dex2oat64: /apex/com.android.art/bin/dex2oat64 --output-vdex-fd=9 --class-loader-context=PCL[] --classpath-dir=/apex/com.android.tethering/app/HalfSheetUX@UE1A.230829.036.A1 --compiler-filter=verify --compilation-reason=first-boot --compact-dex-level=none --max-image-block-size=524288 --resolve-startup-const-strings=true --generate-mini-debug-info --comments=app-version-name:14,app-version-code:34,art-version:342090000
04-15 18:42:40.416 740 740 I dex2oat64: Using CollectorTypeCC GC.
04-15 18:42:42.332 740 740 I dex2oat64: dex2oat took 2.035s (2.995s cpu) (threads: 2) arena alloc=0B (0B) java alloc=2449KB (2508032B) native alloc=1476KB (1511472B) free=836KB (856512B)
04-15 18:42:42.350 659 664 I artd : dex2oat returned code 0
04-15 18:42:42.353 534 657 I ArtService: Dexopt result: [packageName = com.android.nearby.halfsheet] DexContainerFileDexoptResult{dexContainerFile=/apex/com.android.tethering/app/HalfSheetUX@UE1A.230829.036.A1/HalfSheetUX.apk, primaryAbi=true, abi=x86_64, actualCompilerFilter=verify, status=PERFORMED, dex2oatWallTimeMillis=2287, dex2oatCpuTimeMillis=3230, sizeBytes=68272, sizeBeforeBytes=0}
04-15 18:42:42.358 659 664 W ziparchive: Unable to open '/apex/com.android.tethering/priv-app/TetheringNext@UE1A.230829.036.A1/TetheringNext.dm': No such file or directory
04-15 18:42:42.358 659 664 W ziparchive: Unable to open '/apex/com.android.tethering/priv-app/TetheringNext@UE1A.230829.036.A1/TetheringNext.dm': No such file or directory
04-15 18:42:42.368 659 659 I artd : Running dex2oat: /apex/com.android.art/bin/art_exec --drop-capabilities --keep-fds=7:8:9:10 -- /apex/com.android.art/bin/dex2oat64 --zip-fd=7 --zip-location=/apex/com.android.tethering/priv-app/TetheringNext@UE1A.230829.036.A1/TetheringNext.apk --oat-fd=8 --oat-location=/data/dalvik-cache/x86_64/apex@com.android.tethering@priv-app@TetheringNext@UE1A.230829.036.A1@TetheringNext.apk@classes.dex --output-vdex-fd=9 --swap-fd=10 --class-loader-context=PCL[] --classpath-dir=/apex/com.android.tethering/priv-app/TetheringNext@UE1A.230829.036.A1 --instruction-set=x86_64 --instruction-set-features=default --instruction-set-variant=x86_64 --compiler-filter=verify --compilation-reason=first-boot --compact-dex-level=none --max-image-block-size=524288 --resolve-startup-const-strings=true --generate-mini-debug-info --runtime-arg -Xtarget-sdk-version:34 --runtime-arg -Xms64m --runtime-arg -Xmx512m --comments=app-version-name:14,app-version-code:34,art-version:342090000
04-15 18:42:42.368 659 659 I artd : Opened FDs: 7:/apex/com.android.tethering/priv-app/TetheringNext@UE1A.230829.036.A1/TetheringNext.apk 8:/data/dalvik-cache/x86_64/apex@com.android.tethering@priv-app@TetheringNext@UE1A.230829.036.A1@TetheringNext.apk@classes.dex.0lKfM7.tmp 9:/data/dalvik-cache/x86_64/apex@com.android.tethering@priv-app@TetheringNext@UE1A.230829.036.A1@TetheringNext.apk@classes.vdex.z4nXLd.tmp 10:/data/dalvik-cache/x86_64/apex@com.android.tethering@priv-app@TetheringNext@UE1A.230829.036.A1@TetheringNext.apk@classes.dex.swap.GtWnkE.tmp
04-15 18:42:42.617 746 746 W dex2oat64: Unexpected CPU variant for x86: x86_64.
04-15 18:42:42.617 746 746 W dex2oat64: Known variants: atom, sandybridge, silvermont, goldmont, goldmont-plus, tremont, kabylake, default
04-15 18:42:42.636 746 746 W dex2oat64: Mismatch between dex2oat instruction set features to use (ISA: X86_64 Feature string: -ssse3,-sse4.1,-sse4.2,-avx,-avx2,-popcnt) and those from CPP defines (ISA: X86_64 Feature string: ssse3,sse4.1,sse4.2,-avx,-avx2,popcnt) for the command line:
04-15 18:42:42.636 746 746 W dex2oat64: /apex/com.android.art/bin/dex2oat64 --zip-fd=7 --zip-location=/apex/com.android.tethering/priv-app/TetheringNext@UE1A.230829.036.A1/TetheringNext.apk --oat-fd=8 --oat-location=/data/dalvik-cache/x86_64/apex@com.android.tethering@priv-app@TetheringNext@UE1A.230829.036.A1@TetheringNext.apk@classes.dex --output-vdex-fd=9 --swap-fd=10 --class-loader-context=PCL[] --classpath-dir=/apex/com.android.tethering/priv-app/TetheringNext@UE1A.230829.036.A1 --instruction-set=x86_64 --instruction-set-features=default --instruction-set-variant=x86_64 --compiler-filter=verify --compilation-reason=first-boot --compact-dex-level=none --max-image-block-size=524288 --resolve-startup-const-strings=true --generate-mini-debug-info --runtime-arg -Xtarget-sdk-version:34 --runtime-arg -Xms64m --runtime-arg -Xmx512m --comments=app-version-name:14,app-version-code:34,art-version:342090000
04-15 18:42:42.639 746 746 I dex2oat64: /apex/com.android.art/bin/dex2oat64 --output-vdex-fd=9 --class-loader-context=PCL[] --classpath-dir=/apex/com.android.tethering/priv-app/TetheringNext@UE1A.230829.036.A1 --compiler-filter=verify --compilation-reason=first-boot --compact-dex-level=none --max-image-block-size=524288 --resolve-startup-const-strings=true --generate-mini-debug-info --comments=app-version-name:14,app-version-code:34,art-version:342090000
04-15 18:42:42.686 746 746 I dex2oat64: Using CollectorTypeCC GC.
04-15 18:42:43.503 746 746 I dex2oat64: dex2oat took 905.935ms (1.171s cpu) (threads: 2) arena alloc=0B (0B) java alloc=309KB (317152B) native alloc=1169KB (1197200B) free=801KB (821088B)
04-15 18:42:43.518 659 659 I artd : dex2oat returned code 0
04-15 18:42:43.521 534 657 I ArtService: Dexopt result: [packageName = com.android.networkstack.tethering] DexContainerFileDexoptResult{dexContainerFile=/apex/com.android.tethering/priv-app/TetheringNext@UE1A.230829.036.A1/TetheringNext.apk, primaryAbi=true, abi=x86_64, actualCompilerFilter=verify, status=PERFORMED, dex2oatWallTimeMillis=1155, dex2oatCpuTimeMillis=1390, sizeBytes=35208, sizeBeforeBytes=0}
04-15 18:42:43.527 659 659 W ziparchive: Unable to open '/apex/com.android.cellbroadcast/priv-app/CellBroadcastApp@UE1A.230829.036.A1/CellBroadcastApp.dm': No such file or directory
04-15 18:42:43.528 659 659 W ziparchive: Unable to open '/apex/com.android.cellbroadcast/priv-app/CellBroadcastApp@UE1A.230829.036.A1/CellBroadcastApp.dm': No such file or directory
04-15 18:42:43.538 659 663 I artd : Running dex2oat: /apex/com.android.art/bin/art_exec --drop-capabilities --keep-fds=7:8:9:10 -- /apex/com.android.art/bin/dex2oat64 --zip-fd=7 --zip-location=/apex/com.android.cellbroadcast/priv-app/CellBroadcastApp@UE1A.230829.036.A1/CellBroadcastApp.apk --oat-fd=8 --oat-location=/data/dalvik-cache/x86_64/apex@com.android.cellbroadcast@priv-app@CellBroadcastApp@UE1A.230829.036.A1@CellBroadcastApp.apk@classes.dex --output-vdex-fd=9 --swap-fd=10 --class-loader-context=PCL[] --classpath-dir=/apex/com.android.cellbroadcast/priv-app/CellBroadcastApp@UE1A.230829.036.A1 --instruction-set=x86_64 --instruction-set-features=default --instruction-set-variant=x86_64 --compiler-filter=verify --compilation-reason=first-boot --compact-dex-level=none --max-image-block-size=524288 --resolve-startup-const-strings=true --generate-mini-debug-info --runtime-arg -Xtarget-sdk-version:34 --runtime-arg -Xms64m --runtime-arg -Xmx512m --comments=app-version-name:R-initial,app-version-code:300000000,art-version:342090000
04-15 18:42:43.538 659 663 I artd : Opened FDs: 7:/apex/com.android.cellbroadcast/priv-app/CellBroadcastApp@UE1A.230829.036.A1/CellBroadcastApp.apk 8:/data/dalvik-cache/x86_64/apex@com.android.cellbroadcast@priv-app@CellBroadcastApp@UE1A.230829.036.A1@CellBroadcastApp.apk@classes.dex.LSzDxk.tmp 9:/data/dalvik-cache/x86_64/apex@com.android.cellbroadcast@priv-app@CellBroadcastApp@UE1A.230829.036.A1@CellBroadcastApp.apk@classes.vdex.VXc6QM.tmp 10:/data/dalvik-cache/x86_64/apex@com.android.cellbroadcast@priv-app@CellBroadcastApp@UE1A.230829.036.A1@CellBroadcastApp.apk@classes.dex.swap.hr8XXW.tmp
04-15 18:42:43.936 750 750 W dex2oat64: Unexpected CPU variant for x86: x86_64.
04-15 18:42:43.936 750 750 W dex2oat64: Known variants: atom, sandybridge, silvermont, goldmont, goldmont-plus, tremont, kabylake, default
04-15 18:42:43.955 750 750 W dex2oat64: Mismatch between dex2oat instruction set features to use (ISA: X86_64 Feature string: -ssse3,-sse4.1,-sse4.2,-avx,-avx2,-popcnt) and those from CPP defines (ISA: X86_64 Feature string: ssse3,sse4.1,sse4.2,-avx,-avx2,popcnt) for the command line:
04-15 18:42:43.955 750 750 W dex2oat64: /apex/com.android.art/bin/dex2oat64 --zip-fd=7 --zip-location=/apex/com.android.cellbroadcast/priv-app/CellBroadcastApp@UE1A.230829.036.A1/CellBroadcastApp.apk --oat-fd=8 --oat-location=/data/dalvik-cache/x86_64/apex@com.android.cellbroadcast@priv-app@CellBroadcastApp@UE1A.230829.036.A1@CellBroadcastApp.apk@classes.dex --output-vdex-fd=9 --swap-fd=10 --class-loader-context=PCL[] --classpath-dir=/apex/com.android.cellbroadcast/priv-app/CellBroadcastApp@UE1A.230829.036.A1 --instruction-set=x86_64 --instruction-set-features=default --instruction-set-variant=x86_64 --compiler-filter=verify --compilation-reason=first-boot --compact-dex-level=none --max-image-block-size=524288 --resolve-startup-const-strings=true --generate-mini-debug-info --runtime-arg -Xtarget-sdk-version:34 --runtime-arg -Xms64m --runtime-arg -Xmx512m --comments=app-version-name:R-initial,app-version-code:300000000,art-version:342090000
04-15 18:42:43.959 750 750 I dex2oat64: /apex/com.android.art/bin/dex2oat64 --output-vdex-fd=9 --class-loader-context=PCL[] --classpath-dir=/apex/com.android.cellbroadcast/priv-app/CellBroadcastApp@UE1A.230829.036.A1 --compiler-filter=verify --compilation-reason=first-boot --compact-dex-level=none --max-image-block-size=524288 --resolve-startup-const-strings=true --generate-mini-debug-info --comments=app-version-name:R-initial,app-version-code:300000000,art-version:342090000
04-15 18:42:44.035 750 750 I dex2oat64: Using CollectorTypeCC GC.
04-15 18:42:46.605 750 750 I dex2oat64: dex2oat took 2.687s (4.200s cpu) (threads: 2) arena alloc=0B (0B) java alloc=4746KB (4860032B) native alloc=1648KB (1688048B) free=978KB (1001728B)
04-15 18:42:46.625 659 663 I artd : dex2oat returned code 0
04-15 18:42:46.627 534 657 I ArtService: Dexopt result: [packageName = com.android.cellbroadcastreceiver.module] DexContainerFileDexoptResult{dexContainerFile=/apex/com.android.cellbroadcast/priv-app/CellBroadcastApp@UE1A.230829.036.A1/CellBroadcastApp.apk, primaryAbi=true, abi=x86_64, actualCompilerFilter=verify, status=PERFORMED, dex2oatWallTimeMillis=3091, dex2oatCpuTimeMillis=4560, sizeBytes=104816, sizeBeforeBytes=0}
04-15 18:42:46.633 659 663 W ziparchive: Unable to open '/apex/com.android.adservices/app/SdkSandbox@UE1A.230829.036.A1/SdkSandbox.dm': No such file or directory
04-15 18:42:46.634 659 663 W ziparchive: Unable to open '/apex/com.android.adservices/app/SdkSandbox@UE1A.230829.036.A1/SdkSandbox.dm': No such file or directory
04-15 18:42:46.645 659 663 I artd : Running dex2oat: /apex/com.android.art/bin/art_exec --drop-capabilities --keep-fds=7:8:9:10 -- /apex/com.android.art/bin/dex2oat64 --zip-fd=7 --zip-location=/apex/com.android.adservices/app/SdkSandbox@UE1A.230829.036.A1/SdkSandbox.apk --oat-fd=8 --oat-location=/data/dalvik-cache/x86_64/apex@com.android.adservices@app@SdkSandbox@UE1A.230829.036.A1@SdkSandbox.apk@classes.dex --output-vdex-fd=9 --swap-fd=10 --class-loader-context=PCL[] --classpath-dir=/apex/com.android.adservices/app/SdkSandbox@UE1A.230829.036.A1 --instruction-set=x86_64 --instruction-set-features=default --instruction-set-variant=x86_64 --compiler-filter=verify --compilation-reason=first-boot --compact-dex-level=none --max-image-block-size=524288 --resolve-startup-const-strings=true --generate-mini-debug-info --runtime-arg -Xtarget-sdk-version:34 --runtime-arg -Xhidden-api-policy:enabled --runtime-arg -Xms64m --runtime-arg -Xmx512m --comments=app-version-name:T-initial,app-version-code:1,art-version:342090000
04-15 18:42:46.645 659 663 I artd : Opened FDs: 7:/apex/com.android.adservices/app/SdkSandbox@UE1A.230829.036.A1/SdkSandbox.apk 8:/data/dalvik-cache/x86_64/apex@com.android.adservices@app@SdkSandbox@UE1A.230829.036.A1@SdkSandbox.apk@classes.dex.6NGvHz.tmp 9:/data/dalvik-cache/x86_64/apex@com.android.adservices@app@SdkSandbox@UE1A.230829.036.A1@SdkSandbox.apk@classes.vdex.mc0CCf.tmp 10:/data/dalvik-cache/x86_64/apex@com.android.adservices@app@SdkSandbox@UE1A.230829.036.A1@SdkSandbox.apk@classes.dex.swap.xOtRtm.tmp
04-15 18:42:46.893 758 758 W dex2oat64: Unexpected CPU variant for x86: x86_64.
04-15 18:42:46.893 758 758 W dex2oat64: Known variants: atom, sandybridge, silvermont, goldmont, goldmont-plus, tremont, kabylake, default
04-15 18:42:46.913 758 758 W dex2oat64: Mismatch between dex2oat instruction set features to use (ISA: X86_64 Feature string: -ssse3,-sse4.1,-sse4.2,-avx,-avx2,-popcnt) and those from CPP defines (ISA: X86_64 Feature string: ssse3,sse4.1,sse4.2,-avx,-avx2,popcnt) for the command line:
04-15 18:42:46.913 758 758 W dex2oat64: /apex/com.android.art/bin/dex2oat64 --zip-fd=7 --zip-location=/apex/com.android.adservices/app/SdkSandbox@UE1A.230829.036.A1/SdkSandbox.apk --oat-fd=8 --oat-location=/data/dalvik-cache/x86_64/apex@com.android.adservices@app@SdkSandbox@UE1A.230829.036.A1@SdkSandbox.apk@classes.dex --output-vdex-fd=9 --swap-fd=10 --class-loader-context=PCL[] --classpath-dir=/apex/com.android.adservices/app/SdkSandbox@UE1A.230829.036.A1 --instruction-set=x86_64 --instruction-set-features=default --instruction-set-variant=x86_64 --compiler-filter=verify --compilation-reason=first-boot --compact-dex-level=none --max-image-block-size=524288 --resolve-startup-const-strings=true --generate-mini-debug-info --runtime-arg -Xtarget-sdk-version:34 --runtime-arg -Xhidden-api-policy:enabled --runtime-arg -Xms64m --runtime-arg -Xmx512m --comments=app-version-name:T-initial,app-version-code:1,art-version:342090000
04-15 18:42:46.917 758 758 I dex2oat64: /apex/com.android.art/bin/dex2oat64 --output-vdex-fd=9 --class-loader-context=PCL[] --classpath-dir=/apex/com.android.adservices/app/SdkSandbox@UE1A.230829.036.A1 --compiler-filter=verify --compilation-reason=first-boot --compact-dex-level=none --max-image-block-size=524288 --resolve-startup-const-strings=true --generate-mini-debug-info --comments=app-version-name:T-initial,app-version-code:1,art-version:342090000
04-15 18:42:46.956 758 758 I dex2oat64: Using CollectorTypeCC GC.
04-15 18:42:47.462 758 758 I dex2oat64: dex2oat took 587.157ms (601.219ms cpu) (threads: 2) arena alloc=0B (0B) java alloc=48KB (49152B) native alloc=1106KB (1133136B) free=818KB (838560B)
04-15 18:42:47.477 659 663 I artd : dex2oat returned code 0
04-15 18:42:47.480 534 657 I ArtService: Dexopt result: [packageName = com.android.sdksandbox] DexContainerFileDexoptResult{dexContainerFile=/apex/com.android.adservices/app/SdkSandbox@UE1A.230829.036.A1/SdkSandbox.apk, primaryAbi=true, abi=x86_64, actualCompilerFilter=verify, status=PERFORMED, dex2oatWallTimeMillis=835, dex2oatCpuTimeMillis=830, sizeBytes=18236, sizeBeforeBytes=0}
04-15 18:42:47.487 659 663 W ziparchive: Unable to open '/apex/com.android.mediaprovider/priv-app/MediaProvider@UE1A.230829.036.A1/MediaProvider.dm': No such file or directory
04-15 18:42:47.487 659 663 W ziparchive: Unable to open '/apex/com.android.mediaprovider/priv-app/MediaProvider@UE1A.230829.036.A1/MediaProvider.dm': No such file or directory
04-15 18:42:47.498 659 663 I artd : Running dex2oat: /apex/com.android.art/bin/art_exec --drop-capabilities --keep-fds=7:8:9:10 -- /apex/com.android.art/bin/dex2oat64 --zip-fd=7 --zip-location=/apex/com.android.mediaprovider/priv-app/MediaProvider@UE1A.230829.036.A1/MediaProvider.apk --oat-fd=8 --oat-location=/data/dalvik-cache/x86_64/apex@com.android.mediaprovider@priv-app@MediaProvider@UE1A.230829.036.A1@MediaProvider.apk@classes.dex --output-vdex-fd=9 --swap-fd=10 --class-loader-context=PCL[] --classpath-dir=/apex/com.android.mediaprovider/priv-app/MediaProvider@UE1A.230829.036.A1 --instruction-set=x86_64 --instruction-set-features=default --instruction-set-variant=x86_64 --compiler-filter=verify --compilation-reason=first-boot --compact-dex-level=none --max-image-block-size=524288 --resolve-startup-const-strings=true --generate-mini-debug-info --runtime-arg -Xtarget-sdk-version:34 --runtime-arg -Xms64m --runtime-arg -Xmx512m --comments=app-version-name:14,app-version-code:34,art-version:342090000
04-15 18:42:47.498 659 663 I artd : Opened FDs: 7:/apex/com.android.mediaprovider/priv-app/MediaProvider@UE1A.230829.036.A1/MediaProvider.apk 8:/data/dalvik-cache/x86_64/apex@com.android.mediaprovider@priv-app@MediaProvider@UE1A.230829.036.A1@MediaProvider.apk@classes.dex.OIZtSU.tmp 9:/data/dalvik-cache/x86_64/apex@com.android.mediaprovider@priv-app@MediaProvider@UE1A.230829.036.A1@MediaProvider.apk@classes.vdex.sD0fAq.tmp 10:/data/dalvik-cache/x86_64/apex@com.android.mediaprovider@priv-app@MediaProvider@UE1A.230829.036.A1@MediaProvider.apk@classes.dex.swap.VYrXnd.tmp
04-15 18:42:47.741 762 762 W dex2oat64: Unexpected CPU variant for x86: x86_64.
04-15 18:42:47.741 762 762 W dex2oat64: Known variants: atom, sandybridge, silvermont, goldmont, goldmont-plus, tremont, kabylake, default
04-15 18:42:47.760 762 762 W dex2oat64: Mismatch between dex2oat instruction set features to use (ISA: X86_64 Feature string: -ssse3,-sse4.1,-sse4.2,-avx,-avx2,-popcnt) and those from CPP defines (ISA: X86_64 Feature string: ssse3,sse4.1,sse4.2,-avx,-avx2,popcnt) for the command line:
04-15 18:42:47.760 762 762 W dex2oat64: /apex/com.android.art/bin/dex2oat64 --zip-fd=7 --zip-location=/apex/com.android.mediaprovider/priv-app/MediaProvider@UE1A.230829.036.A1/MediaProvider.apk --oat-fd=8 --oat-location=/data/dalvik-cache/x86_64/apex@com.android.mediaprovider@priv-app@MediaProvider@UE1A.230829.036.A1@MediaProvider.apk@classes.dex --output-vdex-fd=9 --swap-fd=10 --class-loader-context=PCL[] --classpath-dir=/apex/com.android.mediaprovider/priv-app/MediaProvider@UE1A.230829.036.A1 --instruction-set=x86_64 --instruction-set-features=default --instruction-set-variant=x86_64 --compiler-filter=verify --compilation-reason=first-boot --compact-dex-level=none --max-image-block-size=524288 --resolve-startup-const-strings=true --generate-mini-debug-info --runtime-arg -Xtarget-sdk-version:34 --runtime-arg -Xms64m --runtime-arg -Xmx512m --comments=app-version-name:14,app-version-code:34,art-version:342090000
04-15 18:42:47.762 762 762 I dex2oat64: /apex/com.android.art/bin/dex2oat64 --output-vdex-fd=9 --class-loader-context=PCL[] --classpath-dir=/apex/com.android.mediaprovider/priv-app/MediaProvider@UE1A.230829.036.A1 --compiler-filter=verify --compilation-reason=first-boot --compact-dex-level=none --max-image-block-size=524288 --resolve-startup-const-strings=true --generate-mini-debug-info --comments=app-version-name:14,app-version-code:34,art-version:342090000
04-15 18:42:47.854 762 762 I dex2oat64: Using CollectorTypeCC GC.
04-15 18:42:51.154 762 762 I dex2oat64: dex2oat took 3.431s (5.207s cpu) (threads: 2) arena alloc=0B (0B) java alloc=4442KB (4548912B) native alloc=1716KB (1757296B) free=1176KB (1204672B)
04-15 18:42:51.186 659 663 I artd : dex2oat returned code 0
04-15 18:42:51.201 534 657 I ArtService: Dexopt result: [packageName = com.android.providers.media.module] DexContainerFileDexoptResult{dexContainerFile=/apex/com.android.mediaprovider/priv-app/MediaProvider@UE1A.230829.036.A1/MediaProvider.apk, primaryAbi=true, abi=x86_64, actualCompilerFilter=verify, status=PERFORMED, dex2oatWallTimeMillis=3691, dex2oatCpuTimeMillis=5430, sizeBytes=157700, sizeBeforeBytes=0}
04-15 18:42:51.224 659 663 W ziparchive: Unable to open '/apex/com.android.wifi/app/OsuLogin@UE1A.230829.036.A1/OsuLogin.dm': No such file or directory
04-15 18:42:51.224 659 663 W ziparchive: Unable to open '/apex/com.android.wifi/app/OsuLogin@UE1A.230829.036.A1/OsuLogin.dm': No such file or directory
04-15 18:42:51.248 659 663 I artd : Running dex2oat: /apex/com.android.art/bin/art_exec --drop-capabilities --keep-fds=7:8:9:10 -- /apex/com.android.art/bin/dex2oat64 --zip-fd=7 --zip-location=/apex/com.android.wifi/app/OsuLogin@UE1A.230829.036.A1/OsuLogin.apk --oat-fd=8 --oat-location=/data/dalvik-cache/x86_64/apex@com.android.wifi@app@OsuLogin@UE1A.230829.036.A1@OsuLogin.apk@classes.dex --output-vdex-fd=9 --swap-fd=10 --class-loader-context=PCL[] --classpath-dir=/apex/com.android.wifi/app/OsuLogin@UE1A.230829.036.A1 --instruction-set=x86_64 --instruction-set-features=default --instruction-set-variant=x86_64 --compiler-filter=verify --compilation-reason=first-boot --compact-dex-level=none --max-image-block-size=524288 --resolve-startup-const-strings=true --generate-mini-debug-info --runtime-arg -Xtarget-sdk-version:34 --runtime-arg -Xhidden-api-policy:enabled --runtime-arg -Xms64m --runtime-arg -Xmx512m --comments=app-version-name:14,app-version-code:34,art-version:342090000
04-15 18:42:51.248 659 663 I artd : Opened FDs: 7:/apex/com.android.wifi/app/OsuLogin@UE1A.230829.036.A1/OsuLogin.apk 8:/data/dalvik-cache/x86_64/apex@com.android.wifi@app@OsuLogin@UE1A.230829.036.A1@OsuLogin.apk@classes.dex.rp1feJ.tmp 9:/data/dalvik-cache/x86_64/apex@com.android.wifi@app@OsuLogin@UE1A.230829.036.A1@OsuLogin.apk@classes.vdex.ixzLYS.tmp 10:/data/dalvik-cache/x86_64/apex@com.android.wifi@app@OsuLogin@UE1A.230829.036.A1@OsuLogin.apk@classes.dex.swap.7QKHwa.tmp
04-15 18:42:51.494 770 770 W dex2oat64: Unexpected CPU variant for x86: x86_64.
04-15 18:42:51.494 770 770 W dex2oat64: Known variants: atom, sandybridge, silvermont, goldmont, goldmont-plus, tremont, kabylake, default
04-15 18:42:51.515 770 770 W dex2oat64: Mismatch between dex2oat instruction set features to use (ISA: X86_64 Feature string: -ssse3,-sse4.1,-sse4.2,-avx,-avx2,-popcnt) and those from CPP defines (ISA: X86_64 Feature string: ssse3,sse4.1,sse4.2,-avx,-avx2,popcnt) for the command line:
04-15 18:42:51.515 770 770 W dex2oat64: /apex/com.android.art/bin/dex2oat64 --zip-fd=7 --zip-location=/apex/com.android.wifi/app/OsuLogin@UE1A.230829.036.A1/OsuLogin.apk --oat-fd=8 --oat-location=/data/dalvik-cache/x86_64/apex@com.android.wifi@app@OsuLogin@UE1A.230829.036.A1@OsuLogin.apk@classes.dex --output-vdex-fd=9 --swap-fd=10 --class-loader-context=PCL[] --classpath-dir=/apex/com.android.wifi/app/OsuLogin@UE1A.230829.036.A1 --instruction-set=x86_64 --instruction-set-features=default --instruction-set-variant=x86_64 --compiler-filter=verify --compilation-reason=first-boot --compact-dex-level=none --max-image-block-size=524288 --resolve-startup-const-strings=true --generate-mini-debug-info --runtime-arg -Xtarget-sdk-version:34 --runtime-arg -Xhidden-api-policy:enabled --runtime-arg -Xms64m --runtime-arg -Xmx512m --comments=app-version-name:14,app-version-code:34,art-version:342090000
04-15 18:42:51.518 770 770 I dex2oat64: /apex/com.android.art/bin/dex2oat64 --output-vdex-fd=9 --class-loader-context=PCL[] --classpath-dir=/apex/com.android.wifi/app/OsuLogin@UE1A.230829.036.A1 --compiler-filter=verify --compilation-reason=first-boot --compact-dex-level=none --max-image-block-size=524288 --resolve-startup-const-strings=true --generate-mini-debug-info --comments=app-version-name:14,app-version-code:34,art-version:342090000
04-15 18:42:51.563 770 770 I dex2oat64: Using CollectorTypeCC GC.
04-15 18:42:52.141 770 770 I dex2oat64: dex2oat took 665.312ms (740.795ms cpu) (threads: 2) arena alloc=0B (0B) java alloc=177KB (181536B) native alloc=1122KB (1149040B) free=813KB (832640B)
04-15 18:42:52.155 659 663 I artd : dex2oat returned code 0
04-15 18:42:52.158 534 657 I ArtService: Dexopt result: [packageName = com.android.hotspot2.osulogin] DexContainerFileDexoptResult{dexContainerFile=/apex/com.android.wifi/app/OsuLogin@UE1A.230829.036.A1/OsuLogin.apk, primaryAbi=true, abi=x86_64, actualCompilerFilter=verify, status=PERFORMED, dex2oatWallTimeMillis=912, dex2oatCpuTimeMillis=960, sizeBytes=25360, sizeBeforeBytes=0}
04-15 18:42:52.168 659 663 W ziparchive: Unable to open '/apex/com.android.permission/priv-app/PermissionController@UE1A.230829.036.A1/PermissionController.dm': No such file or directory
04-15 18:42:52.168 659 663 W ziparchive: Unable to open '/apex/com.android.permission/priv-app/PermissionController@UE1A.230829.036.A1/PermissionController.dm': No such file or directory
04-15 18:42:52.181 659 663 I artd : Running dex2oat: /apex/com.android.art/bin/art_exec --drop-capabilities --keep-fds=7:8:9:10:11:12:13 -- /apex/com.android.art/bin/dex2oat64 --zip-fd=7 --zip-location=/apex/com.android.permission/priv-app/PermissionController@UE1A.230829.036.A1/PermissionController.apk --oat-fd=8 --oat-location=/data/dalvik-cache/x86_64/apex@com.android.permission@priv-app@PermissionController@UE1A.230829.036.A1@PermissionController.apk@classes.dex --output-vdex-fd=9 --swap-fd=10 --class-loader-context-fds=11:12:13 --class-loader-context=PCL[]{PCL[/system_ext/framework/androidx.window.extensions.jar]#PCL[/system_ext/framework/androidx.window.sidecar.jar]#PCL[/system/framework/org.apache.http.legacy.jar]} --classpath-dir=/apex/com.android.permission/priv-app/PermissionController@UE1A.230829.036.A1 --instruction-set=x86_64 --instruction-set-features=default --instruction-set-variant=x86_64 --compiler-filter=verify --compilation-reason=first-boot --compact-dex-level=none --max-image-block-size=524288 --resolve-startup-const-strings=true --generate-mini-debug-info --runtime-arg -Xtarget-sdk-version:34 --runtime-arg -Xms64m --runtime-arg -Xmx512m --comments=app-version-name:33 system image,app-version-code:330000000,art-version:342090000
04-15 18:42:52.181 659 663 I artd : Opened FDs: 7:/apex/com.android.permission/priv-app/PermissionController@UE1A.230829.036.A1/PermissionController.apk 8:/data/dalvik-cache/x86_64/apex@com.android.permission@priv-app@PermissionController@UE1A.230829.036.A1@PermissionController.apk@classes.dex.X6Ymsx.tmp 9:/data/dalvik-cache/x86_64/apex@com.android.permission@priv-app@PermissionController@UE1A.230829.036.A1@PermissionController.apk@classes.vdex.9cYHyV.tmp 10:/data/dalvik-cache/x86_64/apex@com.android.permission@priv-app@PermissionController@UE1A.230829.036.A1@PermissionController.apk@classes.dex.swap.Yhwdab.tmp 11:/system/framework/org.apache.http.legacy.jar 12:/system_ext/framework/androidx.window.sidecar.jar 13:/system_ext/framework/androidx.window.extensions.jar
04-15 18:42:52.427 774 774 W dex2oat64: Unexpected CPU variant for x86: x86_64.
04-15 18:42:52.427 774 774 W dex2oat64: Known variants: atom, sandybridge, silvermont, goldmont, goldmont-plus, tremont, kabylake, default
04-15 18:42:52.447 774 774 W dex2oat64: Mismatch between dex2oat instruction set features to use (ISA: X86_64 Feature string: -ssse3,-sse4.1,-sse4.2,-avx,-avx2,-popcnt) and those from CPP defines (ISA: X86_64 Feature string: ssse3,sse4.1,sse4.2,-avx,-avx2,popcnt) for the command line:
04-15 18:42:52.447 774 774 W dex2oat64: /apex/com.android.art/bin/dex2oat64 --zip-fd=7 --zip-location=/apex/com.android.permission/priv-app/PermissionController@UE1A.230829.036.A1/PermissionController.apk --oat-fd=8 --oat-location=/data/dalvik-cache/x86_64/apex@com.android.permission@priv-app@PermissionController@UE1A.230829.036.A1@PermissionController.apk@classes.dex --output-vdex-fd=9 --swap-fd=10 --class-loader-context-fds=11:12:13 --class-loader-context=PCL[]{PCL[/system_ext/framework/androidx.window.extensions.jar]#PCL[/system_ext/framework/androidx.window.sidecar.jar]#PCL[/system/framework/org.apache.http.legacy.jar]} --classpath-dir=/apex/com.android.permission/priv-app/PermissionController@UE1A.230829.036.A1 --instruction-set=x86_64 --instruction-set-features=default --instruction-set-variant=x86_64 --compiler-filter=verify --compilation-reason=first-boot --compact-dex-level=none --max-image-block-size=524288 --resolve-startup-const-strings=true --generate-mini-debug-info --runtime-arg -Xtarget-sdk-version:34 --runtime-arg -Xms64m --runtime-arg -Xmx512m --comments=app-version-name:33 system image,app-version-code:330000000,art-version:342090000
04-15 18:42:52.450 774 774 I dex2oat64: /apex/com.android.art/bin/dex2oat64 --output-vdex-fd=9 --class-loader-context-fds=11:12:13 --class-loader-context=PCL[]{PCL[/system_ext/framework/androidx.window.extensions.jar]#PCL[/system_ext/framework/androidx.window.sidecar.jar]#PCL[/system/framework/org.apache.http.legacy.jar]} --classpath-dir=/apex/com.android.permission/priv-app/PermissionController@UE1A.230829.036.A1 --compiler-filter=verify --compilation-reason=first-boot --compact-dex-level=none --max-image-block-size=524288 --resolve-startup-const-strings=true --generate-mini-debug-info --comments=app-version-name:33 system image,app-version-code:330000000,art-version:342090000
04-15 18:42:52.558 774 774 I dex2oat64: Using CollectorTypeCC GC.
04-15 18:42:56.276 534 574 E BluetoothAdapter: Bluetooth service is null
04-15 18:42:56.610 774 774 I dex2oat64: dex2oat took 4.202s (6.596s cpu) (threads: 2) arena alloc=0B (0B) java alloc=6956KB (7123648B) native alloc=1965KB (2013104B) free=1329KB (1361344B)
04-15 18:42:56.636 659 663 I artd : dex2oat returned code 0
04-15 18:42:56.640 534 657 I ArtService: Dexopt result: [packageName = com.android.permissioncontroller] DexContainerFileDexoptResult{dexContainerFile=/apex/com.android.permission/priv-app/PermissionController@UE1A.230829.036.A1/PermissionController.apk, primaryAbi=true, abi=x86_64, actualCompilerFilter=verify, status=PERFORMED, dex2oatWallTimeMillis=4453, dex2oatCpuTimeMillis=6830, sizeBytes=183324, sizeBeforeBytes=0}
04-15 18:42:56.646 659 663 W ziparchive: Unable to open '/apex/com.android.ondevicepersonalization/app/OnDevicePersonalization@UE1A.230829.036.A1/OnDevicePersonalization.dm': No such file or directory
04-15 18:42:56.646 659 663 W ziparchive: Unable to open '/apex/com.android.ondevicepersonalization/app/OnDevicePersonalization@UE1A.230829.036.A1/OnDevicePersonalization.dm': No such file or directory
04-15 18:42:56.657 659 733 I artd : Running dex2oat: /apex/com.android.art/bin/art_exec --drop-capabilities --keep-fds=7:8:9:10 -- /apex/com.android.art/bin/dex2oat64 --zip-fd=7 --zip-location=/apex/com.android.ondevicepersonalization/app/OnDevicePersonalization@UE1A.230829.036.A1/OnDevicePersonalization.apk --oat-fd=8 --oat-location=/data/dalvik-cache/x86_64/apex@com.android.ondevicepersonalization@app@OnDevicePersonalization@UE1A.230829.036.A1@OnDevicePersonalization.apk@classes.dex --output-vdex-fd=9 --swap-fd=10 --class-loader-context=PCL[] --classpath-dir=/apex/com.android.ondevicepersonalization/app/OnDevicePersonalization@UE1A.230829.036.A1 --instruction-set=x86_64 --instruction-set-features=default --instruction-set-variant=x86_64 --compiler-filter=verify --compilation-reason=first-boot --compact-dex-level=none --max-image-block-size=524288 --resolve-startup-const-strings=true --generate-mini-debug-info --runtime-arg -Xtarget-sdk-version:34 --runtime-arg -Xms64m --runtime-arg -Xmx512m --comments=app-version-name:T-initial,app-version-code:1,art-version:342090000
04-15 18:42:56.657 659 733 I artd : Opened FDs: 7:/apex/com.android.ondevicepersonalization/app/OnDevicePersonalization@UE1A.230829.036.A1/OnDevicePersonalization.apk 8:/data/dalvik-cache/x86_64/apex@com.android.ondevicepersonalization@app@OnDevicePersonalization@UE1A.230829.036.A1@OnDevicePersonalization.apk@classes.dex.EDvyZO.tmp 9:/data/dalvik-cache/x86_64/apex@com.android.ondevicepersonalization@app@OnDevicePersonalization@UE1A.230829.036.A1@OnDevicePersonalization.apk@classes.vdex.OSJDDU.tmp 10:/data/dalvik-cache/x86_64/apex@com.android.ondevicepersonalization@app@OnDevicePersonalization@UE1A.230829.036.A1@OnDevicePersonalization.apk@classes.dex.swap.cgGPeK.tmp
04-15 18:42:56.903 782 782 W dex2oat64: Unexpected CPU variant for x86: x86_64.
04-15 18:42:56.903 782 782 W dex2oat64: Known variants: atom, sandybridge, silvermont, goldmont, goldmont-plus, tremont, kabylake, default
04-15 18:42:56.922 782 782 W dex2oat64: Mismatch between dex2oat instruction set features to use (ISA: X86_64 Feature string: -ssse3,-sse4.1,-sse4.2,-avx,-avx2,-popcnt) and those from CPP defines (ISA: X86_64 Feature string: ssse3,sse4.1,sse4.2,-avx,-avx2,popcnt) for the command line:
04-15 18:42:56.922 782 782 W dex2oat64: /apex/com.android.art/bin/dex2oat64 --zip-fd=7 --zip-location=/apex/com.android.ondevicepersonalization/app/OnDevicePersonalization@UE1A.230829.036.A1/OnDevicePersonalization.apk --oat-fd=8 --oat-location=/data/dalvik-cache/x86_64/apex@com.android.ondevicepersonalization@app@OnDevicePersonalization@UE1A.230829.036.A1@OnDevicePersonalization.apk@classes.dex --output-vdex-fd=9 --swap-fd=10 --class-loader-context=PCL[] --classpath-dir=/apex/com.android.ondevicepersonalization/app/OnDevicePersonalization@UE1A.230829.036.A1 --instruction-set=x86_64 --instruction-set-features=default --instruction-set-variant=x86_64 --compiler-filter=verify --compilation-reason=first-boot --compact-dex-level=none --max-image-block-size=524288 --resolve-startup-const-strings=true --generate-mini-debug-info --runtime-arg -Xtarget-sdk-version:34 --runtime-arg -Xms64m --runtime-arg -Xmx512m --comments=app-version-name:T-initial,app-version-code:1,art-version:342090000
04-15 18:42:56.926 782 782 I dex2oat64: /apex/com.android.art/bin/dex2oat64 --output-vdex-fd=9 --class-loader-context=PCL[] --classpath-dir=/apex/com.android.ondevicepersonalization/app/OnDevicePersonalization@UE1A.230829.036.A1 --compiler-filter=verify --compilation-reason=first-boot --compact-dex-level=none --max-image-block-size=524288 --resolve-startup-const-strings=true --generate-mini-debug-info --comments=app-version-name:T-initial,app-version-code:1,art-version:342090000
04-15 18:42:56.988 782 782 I dex2oat64: Using CollectorTypeCC GC.
04-15 18:42:58.500 782 782 I dex2oat64: dex2oat took 1.615s (2.219s cpu) (threads: 2) arena alloc=0B (0B) java alloc=1149KB (1176960B) native alloc=1326KB (1357936B) free=1032KB (1057728B)
04-15 18:42:58.517 659 733 I artd : dex2oat returned code 0
04-15 18:42:58.519 534 657 I ArtService: Dexopt result: [packageName = com.android.ondevicepersonalization.services] DexContainerFileDexoptResult{dexContainerFile=/apex/com.android.ondevicepersonalization/app/OnDevicePersonalization@UE1A.230829.036.A1/OnDevicePersonalization.apk, primaryAbi=true, abi=x86_64, actualCompilerFilter=verify, status=PERFORMED, dex2oatWallTimeMillis=1863, dex2oatCpuTimeMillis=2440, sizeBytes=83664, sizeBeforeBytes=0}
04-15 18:42:58.525 659 733 W ziparchive: Unable to open '/apex/com.android.btservices/app/Bluetooth@UE1A.230829.036.A1/Bluetooth.dm': No such file or directory
04-15 18:42:58.526 659 733 W ziparchive: Unable to open '/apex/com.android.btservices/app/Bluetooth@UE1A.230829.036.A1/Bluetooth.dm': No such file or directory
04-15 18:42:58.536 659 733 I artd : Running dex2oat: /apex/com.android.art/bin/art_exec --drop-capabilities --keep-fds=7:8:9:10 -- /apex/com.android.art/bin/dex2oat64 --zip-fd=7 --zip-location=/apex/com.android.btservices/app/Bluetooth@UE1A.230829.036.A1/Bluetooth.apk --oat-fd=8 --oat-location=/data/dalvik-cache/x86_64/apex@com.android.btservices@app@Bluetooth@UE1A.230829.036.A1@Bluetooth.apk@classes.dex --output-vdex-fd=9 --swap-fd=10 --class-loader-context=PCL[] --classpath-dir=/apex/com.android.btservices/app/Bluetooth@UE1A.230829.036.A1 --instruction-set=x86_64 --instruction-set-features=default --instruction-set-variant=x86_64 --compiler-filter=verify --compilation-reason=first-boot --compact-dex-level=none --max-image-block-size=524288 --resolve-startup-const-strings=true --generate-mini-debug-info --runtime-arg -Xtarget-sdk-version:34 --runtime-arg -Xms64m --runtime-arg -Xmx512m --comments=app-version-name:14,app-version-code:34,art-version:342090000
04-15 18:42:58.536 659 733 I artd : Opened FDs: 7:/apex/com.android.btservices/app/Bluetooth@UE1A.230829.036.A1/Bluetooth.apk 8:/data/dalvik-cache/x86_64/apex@com.android.btservices@app@Bluetooth@UE1A.230829.036.A1@Bluetooth.apk@classes.dex.cU4TK0.tmp 9:/data/dalvik-cache/x86_64/apex@com.android.btservices@app@Bluetooth@UE1A.230829.036.A1@Bluetooth.apk@classes.vdex.L24GYB.tmp 10:/data/dalvik-cache/x86_64/apex@com.android.btservices@app@Bluetooth@UE1A.230829.036.A1@Bluetooth.apk@classes.dex.swap.0NgjDq.tmp
04-15 18:42:58.781 788 788 W dex2oat64: Unexpected CPU variant for x86: x86_64.
04-15 18:42:58.781 788 788 W dex2oat64: Known variants: atom, sandybridge, silvermont, goldmont, goldmont-plus, tremont, kabylake, default
04-15 18:42:58.809 788 788 W dex2oat64: Mismatch between dex2oat instruction set features to use (ISA: X86_64 Feature string: -ssse3,-sse4.1,-sse4.2,-avx,-avx2,-popcnt) and those from CPP defines (ISA: X86_64 Feature string: ssse3,sse4.1,sse4.2,-avx,-avx2,popcnt) for the command line:
04-15 18:42:58.809 788 788 W dex2oat64: /apex/com.android.art/bin/dex2oat64 --zip-fd=7 --zip-location=/apex/com.android.btservices/app/Bluetooth@UE1A.230829.036.A1/Bluetooth.apk --oat-fd=8 --oat-location=/data/dalvik-cache/x86_64/apex@com.android.btservices@app@Bluetooth@UE1A.230829.036.A1@Bluetooth.apk@classes.dex --output-vdex-fd=9 --swap-fd=10 --class-loader-context=PCL[] --classpath-dir=/apex/com.android.btservices/app/Bluetooth@UE1A.230829.036.A1 --instruction-set=x86_64 --instruction-set-features=default --instruction-set-variant=x86_64 --compiler-filter=verify --compilation-reason=first-boot --compact-dex-level=none --max-image-block-size=524288 --resolve-startup-const-strings=true --generate-mini-debug-info --runtime-arg -Xtarget-sdk-version:34 --runtime-arg -Xms64m --runtime-arg -Xmx512m --comments=app-version-name:14,app-version-code:34,art-version:342090000
04-15 18:42:58.811 788 788 I dex2oat64: /apex/com.android.art/bin/dex2oat64 --output-vdex-fd=9 --class-loader-context=PCL[] --classpath-dir=/apex/com.android.btservices/app/Bluetooth@UE1A.230829.036.A1 --compiler-filter=verify --compilation-reason=first-boot --compact-dex-level=none --max-image-block-size=524288 --resolve-startup-const-strings=true --generate-mini-debug-info --comments=app-version-name:14,app-version-code:34,art-version:342090000
04-15 18:42:58.899 788 788 I dex2oat64: Using CollectorTypeCC GC.
04-15 18:43:00.960 788 788 I dex2oat64: dex2oat took 2.197s (3.270s cpu) (threads: 2) arena alloc=0B (0B) java alloc=1508KB (1544448B) native alloc=1349KB (1382160B) free=837KB (857312B)
04-15 18:43:00.978 659 733 I artd : dex2oat returned code 0
04-15 18:43:00.983 534 657 I ArtService: Dexopt result: [packageName = com.android.bluetooth] DexContainerFileDexoptResult{dexContainerFile=/apex/com.android.btservices/app/Bluetooth@UE1A.230829.036.A1/Bluetooth.apk, primaryAbi=true, abi=x86_64, actualCompilerFilter=verify, status=PERFORMED, dex2oatWallTimeMillis=2445, dex2oatCpuTimeMillis=3500, sizeBytes=68800, sizeBeforeBytes=0}
04-15 18:43:00.990 659 733 W ziparchive: Unable to open '/apex/com.android.devicelock/priv-app/DeviceLockController@UE1A.230829.036.A1/DeviceLockController.dm': No such file or directory
04-15 18:43:00.990 659 733 W ziparchive: Unable to open '/apex/com.android.devicelock/priv-app/DeviceLockController@UE1A.230829.036.A1/DeviceLockController.dm': No such file or directory
04-15 18:43:01.000 659 663 I artd : Running dex2oat: /apex/com.android.art/bin/art_exec --drop-capabilities --keep-fds=7:8:9:10:11 -- /apex/com.android.art/bin/dex2oat64 --zip-fd=7 --zip-location=/apex/com.android.devicelock/priv-app/DeviceLockController@UE1A.230829.036.A1/DeviceLockController.apk --oat-fd=8 --oat-location=/data/dalvik-cache/x86_64/apex@com.android.devicelock@priv-app@DeviceLockController@UE1A.230829.036.A1@DeviceLockController.apk@classes.dex --output-vdex-fd=9 --swap-fd=10 --class-loader-context-fds=11 --class-loader-context=PCL[]{PCL[/system/framework/org.apache.http.legacy.jar]} --classpath-dir=/apex/com.android.devicelock/priv-app/DeviceLockController@UE1A.230829.036.A1 --instruction-set=x86_64 --instruction-set-features=default --instruction-set-variant=x86_64 --compiler-filter=verify --compilation-reason=first-boot --compact-dex-level=none --max-image-block-size=524288 --resolve-startup-const-strings=true --generate-mini-debug-info --runtime-arg -Xtarget-sdk-version:34 --runtime-arg -Xms64m --runtime-arg -Xmx512m --comments=app-version-name:14,app-version-code:34,art-version:342090000
04-15 18:43:01.000 659 663 I artd : Opened FDs: 7:/apex/com.android.devicelock/priv-app/DeviceLockController@UE1A.230829.036.A1/DeviceLockController.apk 8:/data/dalvik-cache/x86_64/apex@com.android.devicelock@priv-app@DeviceLockController@UE1A.230829.036.A1@DeviceLockController.apk@classes.dex.1noAYI.tmp 9:/data/dalvik-cache/x86_64/apex@com.android.devicelock@priv-app@DeviceLockController@UE1A.230829.036.A1@DeviceLockController.apk@classes.vdex.c78vSn.tmp 10:/data/dalvik-cache/x86_64/apex@com.android.devicelock@priv-app@DeviceLockController@UE1A.230829.036.A1@DeviceLockController.apk@classes.dex.swap.OrM0jO.tmp 11:/system/framework/org.apache.http.legacy.jar
04-15 18:43:01.248 794 794 W dex2oat64: Unexpected CPU variant for x86: x86_64.
04-15 18:43:01.248 794 794 W dex2oat64: Known variants: atom, sandybridge, silvermont, goldmont, goldmont-plus, tremont, kabylake, default
04-15 18:43:01.268 794 794 W dex2oat64: Mismatch between dex2oat instruction set features to use (ISA: X86_64 Feature string: -ssse3,-sse4.1,-sse4.2,-avx,-avx2,-popcnt) and those from CPP defines (ISA: X86_64 Feature string: ssse3,sse4.1,sse4.2,-avx,-avx2,popcnt) for the command line:
04-15 18:43:01.268 794 794 W dex2oat64: /apex/com.android.art/bin/dex2oat64 --zip-fd=7 --zip-location=/apex/com.android.devicelock/priv-app/DeviceLockController@UE1A.230829.036.A1/DeviceLockController.apk --oat-fd=8 --oat-location=/data/dalvik-cache/x86_64/apex@com.android.devicelock@priv-app@DeviceLockController@UE1A.230829.036.A1@DeviceLockController.apk@classes.dex --output-vdex-fd=9 --swap-fd=10 --class-loader-context-fds=11 --class-loader-context=PCL[]{PCL[/system/framework/org.apache.http.legacy.jar]} --classpath-dir=/apex/com.android.devicelock/priv-app/DeviceLockController@UE1A.230829.036.A1 --instruction-set=x86_64 --instruction-set-features=default --instruction-set-variant=x86_64 --compiler-filter=verify --compilation-reason=first-boot --compact-dex-level=none --max-image-block-size=524288 --resolve-startup-const-strings=true --generate-mini-debug-info --runtime-arg -Xtarget-sdk-version:34 --runtime-arg -Xms64m --runtime-arg -Xmx512m --comments=app-version-name:14,app-version-code:34,art-version:342090000
