04-15 18:41:11.687 0 0 I init : Sending signal 9 to service 'exec 15 (/system/bin/gsid run-startup-tasks)' (pid 392) process group...
04-15 18:41:11.688 0 0 I libprocessgroup: Successfully killed process cgroup uid 0 pid 392 in 0ms
04-15 18:41:11.932 0 0 I init : Service 'boringssl_self_test_apex64' (pid 396) exited with status 0 waiting took 1.532000 seconds
04-15 18:41:11.932 0 0 I init : Sending signal 9 to service 'boringssl_self_test_apex64' (pid 396) process group...
04-15 18:41:11.933 0 0 I libprocessgroup: Successfully killed process cgroup uid 9999 pid 396 in 0ms
04-15 18:41:11.943 0 0 I init : processing action (bootreceiver.enable=1 && ro.product.cpu.abilist64=*) from (/system/etc/init/hw/init.rc:668)
04-15 18:41:12.771 0 0 I init : Command 'mkdir /sys/kernel/tracing/instances/bootreceiver 0700 system system' action=bootreceiver.enable=1 && ro.product.cpu.abilist64=* (/system/etc/init/hw/init.rc:672) took 827ms and succeeded
04-15 18:41:12.786 0 0 I servicemanager: Found android.hardware.bluetooth.audio.IBluetoothAudioProviderFactory/default in device VINTF manifest.
04-15 18:41:12.864 333 333 I audiohalservice: createIBluetoothAudioProviderFactory() from android.hardware.bluetooth.audio-impl success
04-15 18:41:12.889 333 333 E audiohalservice: Failed to dlopen android.hardware.audio.sounddose-vendor-impl.so: dlopen failed: library "android.hardware.audio.sounddose-vendor-impl.so" not found
04-15 18:41:12.920 333 333 W audiohalservice: createISoundDoseFactory() from android.hardware.audio.sounddose-vendor-impl failed
04-15 18:41:12.939 0 0 I init : Command 'write /sys/kernel/tracing/instances/bootreceiver/events/error_report/error_report_end/enable 1' action=bootreceiver.enable=1 && ro.product.cpu.abilist64=* (/system/etc/init/hw/init.rc:676) took 143ms and succeeded
04-15 18:41:12.939 0 0 I init : processing action (net.tcp_def_init_rwnd=*) from (/system/etc/init/hw/init.rc:1242)
04-15 18:41:12.940 0 0 I init : processing action (security.perf_harden=1) from (/system/etc/init/hw/init.rc:1267)
04-15 18:41:12.942 0 0 I init : processing action (ro.debuggable=1) from (/system/etc/init/hw/init.rc:1304)
04-15 18:41:12.942 0 0 I init : processing action (sys.usb.config=adb && sys.usb.configfs=0) from (/system/etc/init/hw/init.usb.rc:40)
04-15 18:41:12.972 0 0 I init : Command 'write /sys/class/android_usb/android0/enable 0' action=sys.usb.config=adb && sys.usb.configfs=0 (/system/etc/init/hw/init.usb.rc:41) took 28ms and failed: Unable to write to file '/sys/class/android_usb/android0/enable': open() failed: Permission denied
04-15 18:41:12.972 0 0 I init : Command 'write /sys/class/android_usb/android0/idVendor 18d1' action=sys.usb.config=adb && sys.usb.configfs=0 (/system/etc/init/hw/init.usb.rc:42) took 0ms and failed: Unable to write to file '/sys/class/android_usb/android0/idVendor': open() failed: Permission denied
04-15 18:41:12.973 0 0 I init : Command 'write /sys/class/android_usb/android0/idProduct 4EE7' action=sys.usb.config=adb && sys.usb.configfs=0 (/system/etc/init/hw/init.usb.rc:43) took 0ms and failed: Unable to write to file '/sys/class/android_usb/android0/idProduct': open() failed: Permission denied
04-15 18:41:12.973 0 0 I init : Command 'write /sys/class/android_usb/android0/functions ${sys.usb.config}' action=sys.usb.config=adb && sys.usb.configfs=0 (/system/etc/init/hw/init.usb.rc:44) took 0ms and failed: Unable to write to file '/sys/class/android_usb/android0/functions': open() failed: Permission denied
04-15 18:41:12.974 0 0 I init : Command 'write /sys/class/android_usb/android0/enable 1' action=sys.usb.config=adb && sys.usb.configfs=0 (/system/etc/init/hw/init.usb.rc:45) took 0ms and failed: Unable to write to file '/sys/class/android_usb/android0/enable': open() failed: Permission denied
04-15 18:41:12.989 0 0 I init : starting service 'adbd'...
04-15 18:41:13.020 0 0 I init : Created socket '/dev/socket/adbd', mode 660, user 1000, group 1000
04-15 18:41:13.255 0 0 I init : ... started service 'adbd' has pid 406
04-15 18:41:13.256 0 0 I init : Command 'start adbd' action=sys.usb.config=adb && sys.usb.configfs=0 (/system/etc/init/hw/init.usb.rc:46) took 281ms and succeeded
04-15 18:41:13.257 0 0 I init : processing action (vendor.qemu.timezone=*) from (/vendor/etc/init/hw/init.ranchu.rc:104)
04-15 18:41:13.500 0 0 I init : Command 'setprop persist.sys.timezone ${vendor.qemu.timezone}' action=vendor.qemu.timezone=* (/vendor/etc/init/hw/init.ranchu.rc:105) took 242ms and succeeded
04-15 18:41:13.500 0 0 I init : processing action (vendor.qemu.vport.bluetooth=*) from (/vendor/etc/init/hw/init.ranchu.rc:180)
04-15 18:41:13.508 0 0 I init : processing action (init.svc.audioserver=running) from (/system/etc/init/audioserver.rc:35)
04-15 18:41:13.508 0 0 I init : service 'vendor.audio-hal' requested start, but it is already running (flags: 4)
04-15 18:41:13.511 0 0 I init : Command 'start vendor.audio-hal-aidl' action=init.svc.audioserver=running (/system/etc/init/audioserver.rc:37) took 0ms and failed: service vendor.audio-hal-aidl not found
04-15 18:41:13.512 0 0 I init : Command 'start vendor.audio-effect-hal-aidl' action=init.svc.audioserver=running (/system/etc/init/audioserver.rc:38) took 0ms and failed: service vendor.audio-effect-hal-aidl not found
04-15 18:41:13.512 0 0 I init : Command 'start vendor.audio-hal-4-0-msd' action=init.svc.audioserver=running (/system/etc/init/audioserver.rc:39) took 0ms and failed: service vendor.audio-hal-4-0-msd not found
04-15 18:41:13.512 0 0 I init : Command 'start audio_proxy_service' action=init.svc.audioserver=running (/system/etc/init/audioserver.rc:40) took 0ms and failed: service audio_proxy_service not found
04-15 18:41:13.512 0 0 I init : processing action (ro.persistent_properties.ready=true) from (/system/etc/init/bootstat.rc:57)
04-15 18:41:13.605 0 0 I init : processing action (ro.persistent_properties.ready=true) from (/system/etc/init/bootstat.rc:61)
04-15 18:41:13.606 0 0 I init : starting service 'exec 17 (/system/bin/bootstat --set_system_boot_reason)'...
04-15 18:41:13.758 328 328 D AndroidRuntime: >>>>>> START com.android.internal.os.ZygoteInit uid 0 <<<<<<
04-15 18:41:13.825 0 0 I init : ... started service 'exec 17 (/system/bin/bootstat --set_system_boot_reason)' has pid 407
04-15 18:41:13.826 0 0 I init : Command 'exec_background - system log -- /system/bin/bootstat --set_system_boot_reason' action=ro.persistent_properties.ready=true (/system/etc/init/bootstat.rc:64) took 220ms and succeeded
04-15 18:41:13.826 0 0 I init : processing action (bootreceiver.enable=1 && ro.product.cpu.abilist64=*) from (/system/etc/init/dmesgd.rc:7)
04-15 18:41:13.844 0 0 I init : Command 'rm /data/misc/dmesgd/sent_reports.txt' action=bootreceiver.enable=1 && ro.product.cpu.abilist64=* (/system/etc/init/dmesgd.rc:9) took 0ms and failed: unlink() failed: No such file or directory
04-15 18:41:13.844 0 0 I init : processing action (persist.heapprofd.enable= && traced.lazy.heapprofd=) from (/system/etc/init/heapprofd.rc:49)
04-15 18:41:13.853 0 0 I init : processing action (ro.debuggable=1) from (/system/etc/init/llkd-debuggable.rc:1)
04-15 18:41:13.860 0 0 I init : processing action (ro.debuggable=*) from (/system/etc/init/llkd.rc:2)
04-15 18:41:13.863 0 0 I init : processing action (debug.atrace.user_initiated= && persist.traced.enable=1) from (/system/etc/init/perfetto.rc:47)
04-15 18:41:13.872 0 0 I init : starting service 'traced_probes'...
04-15 18:41:13.983 0 0 I init : ... started service 'traced_probes' has pid 408
04-15 18:41:13.983 0 0 I init : Command 'start traced_probes' action=debug.atrace.user_initiated= && persist.traced.enable=1 (/system/etc/init/perfetto.rc:48) took 120ms and succeeded
04-15 18:41:13.984 0 0 I init : processing action (persist.traced.enable=1) from (/system/etc/init/perfetto.rc:50)
04-15 18:41:14.071 0 0 I init : starting service 'traced'...
04-15 18:41:14.073 0 0 I init : Created socket '/dev/socket/traced_consumer', mode 666, user 0, group 0
04-15 18:41:14.074 0 0 I init : Created socket '/dev/socket/traced_producer', mode 666, user 0, group 0
04-15 18:41:14.107 328 328 I AndroidRuntime: Using default boot image
04-15 18:41:14.109 328 328 I AndroidRuntime: Leaving lock profiling enabled
04-15 18:41:14.154 328 328 I zygote64: option[0]=-Xzygote
04-15 18:41:14.155 328 328 I zygote64: option[1]=exit
04-15 18:41:14.155 328 328 I zygote64: option[2]=vfprintf
04-15 18:41:14.164 328 328 I zygote64: option[3]=sensitiveThread
04-15 18:41:14.165 328 328 I zygote64: option[4]=-verbose:gc
04-15 18:41:14.165 328 328 I zygote64: option[5]=-XX:PerfettoHprof=true
04-15 18:41:14.166 328 328 I zygote64: option[6]=-XX:PerfettoJavaHeapStackProf=true
04-15 18:41:14.167 328 328 I zygote64: option[7]=-Xprimaryzygote
04-15 18:41:14.167 328 328 I zygote64: option[8]=-Xms8m
04-15 18:41:14.176 328 328 I zygote64: option[9]=-Xmx512m
04-15 18:41:14.176 328 328 I zygote64: option[10]=-XX:HeapGrowthLimit=192m
04-15 18:41:14.177 328 328 I zygote64: option[11]=-XX:HeapMinFree=512k
04-15 18:41:14.180 328 328 I zygote64: option[12]=-XX:HeapMaxFree=8m
04-15 18:41:14.180 328 328 I zygote64: option[13]=-XX:HeapTargetUtilization=0.75
04-15 18:41:14.180 328 328 I zygote64: option[14]=-Xusejit:true
04-15 18:41:14.180 328 328 I zygote64: option[15]=-Xjitsaveprofilinginfo
04-15 18:41:14.181 328 328 I zygote64: option[16]=-XMadviseWillNeedVdexFileSize:104857600
04-15 18:41:14.181 328 328 I zygote64: option[17]=-XMadviseWillNeedOdexFileSize:104857600
04-15 18:41:14.181 328 328 I zygote64: option[18]=-XMadviseWillNeedArtFileSize:4294967295
04-15 18:41:14.181 328 328 I zygote64: option[19]=-XjdwpOptions:suspend=n,server=y
04-15 18:41:14.181 328 328 I zygote64: option[20]=-XjdwpProvider:default
04-15 18:41:14.181 328 328 I zygote64: option[21]=-Xopaque-jni-ids:swapable
04-15 18:41:14.181 328 328 I zygote64: option[22]=-Xlockprofthreshold:500
04-15 18:41:14.181 328 328 I zygote64: option[23]=-Xcompiler-option
04-15 18:41:14.181 328 328 I zygote64: option[24]=--instruction-set-variant=x86_64
04-15 18:41:14.181 328 328 I zygote64: option[25]=-Xcompiler-option
04-15 18:41:14.181 328 328 I zygote64: option[26]=--instruction-set-features=default
04-15 18:41:14.181 328 328 I zygote64: option[27]=-Xcompiler-option
04-15 18:41:14.182 328 328 I zygote64: option[28]=--generate-mini-debug-info
04-15 18:41:14.182 328 328 I zygote64: option[29]=-Ximage-compiler-option
04-15 18:41:14.182 328 328 I zygote64: option[30]=--runtime-arg
04-15 18:41:14.182 328 328 I zygote64: option[31]=-Ximage-compiler-option
04-15 18:41:14.182 328 328 I zygote64: option[32]=-Xms64m
04-15 18:41:14.182 328 328 I zygote64: option[33]=-Ximage-compiler-option
04-15 18:41:14.182 328 328 I zygote64: option[34]=--runtime-arg
04-15 18:41:14.182 328 328 I zygote64: option[35]=-Ximage-compiler-option
04-15 18:41:14.182 328 328 I zygote64: option[36]=-Xmx64m
04-15 18:41:14.182 328 328 I zygote64: option[37]=-Ximage-compiler-option
04-15 18:41:14.183 328 328 I zygote64: option[38]=--dirty-image-objects=/system/etc/dirty-image-objects
04-15 18:41:14.183 328 328 I zygote64: option[39]=-Ximage-compiler-option
04-15 18:41:14.183 328 328 I zygote64: option[40]=--instruction-set-variant=x86_64
04-15 18:41:14.183 328 328 I zygote64: option[41]=-Ximage-compiler-option
04-15 18:41:14.183 328 328 I zygote64: option[42]=--instruction-set-features=default
04-15 18:41:14.183 328 328 I zygote64: option[43]=-Ximage-compiler-option
04-15 18:41:14.183 328 328 I zygote64: option[44]=--generate-mini-debug-info
04-15 18:41:14.183 328 328 I zygote64: option[45]=-Duser.locale=en-US
04-15 18:41:14.183 328 328 I zygote64: option[46]=--cpu-abilist=x86_64
04-15 18:41:14.183 328 328 I zygote64: option[47]=-Xcore-platform-api-policy:just-warn
04-15 18:41:14.183 328 328 I zygote64: option[48]=-Xfingerprint:Android/sdk_phone64_x86_64/emu64x:14/UE1A.230829.036.A1/11228894:userdebug/test-keys
04-15 18:41:14.390 0 0 I init : ... started service 'traced' has pid 409
04-15 18:41:14.390 0 0 I init : Command 'start traced' action=persist.traced.enable=1 (/system/etc/init/perfetto.rc:65) took 371ms and succeeded
04-15 18:41:14.391 0 0 I init : service 'traced_probes' requested start, but it is already running (flags: 132)
04-15 18:41:14.431 0 0 I init : processing action (ro.persistent_properties.ready=true) from (/system/etc/init/perfetto.rc:116)
04-15 18:41:14.431 0 0 I init : processing action (persist.traced_perf.enable= && sys.init.perf_lsm_hooks=1 && traced.lazy.traced_perf=) from (/system/etc/init/traced_perf.rc:43)
04-15 18:41:14.434 0 0 I init : processing action (init.svc.qemu-adb-keys=stopped) from (/system_ext/etc/init/init.system_ext.rc:1)
04-15 18:41:14.451 0 0 I init : starting service 'qemu-adb-setup'...
04-15 18:41:14.457 133 133 I hwservicemanager: getTransport: Cannot find entry android.hardware.configstore@1.0::ISurfaceFlingerConfigs/default in either framework or device VINTF manifest.
04-15 18:41:14.599 328 328 I zygote64: Core platform API reporting enabled, enforcing=false
04-15 18:41:14.605 376 376 I FastMixerState: sMaxFastTracks = 8
04-15 18:41:14.613 328 328 I zygote64: Using CollectorTypeCC GC.
04-15 18:41:14.651 0 0 I init : ... started service 'qemu-adb-setup' has pid 410
04-15 18:41:14.651 0 0 I init : Command 'start qemu-adb-setup' action=init.svc.qemu-adb-keys=stopped (/system_ext/etc/init/init.system_ext.rc:2) took 217ms and succeeded
04-15 18:41:14.651 0 0 I init : processing action (nonencrypted) from (/system/etc/init/hw/init.rc:1214)
04-15 18:41:14.652 0 0 I init : starting service 'goldfish-logcat'...
04-15 18:41:14.713 406 406 I adbd : persist.adb.watchdog set to ''
04-15 18:41:14.715 406 406 I adbd : persist.sys.test_harness set to ''
04-15 18:41:14.715 406 406 I adbd : adb watchdog timeout set to 600 seconds
04-15 18:41:14.833 406 415 I adbd : Waiting for persist.adb.tls_server.enable=1
04-15 18:41:14.906 0 0 I init : ... started service 'goldfish-logcat' has pid 413
04-15 18:41:14.909 406 406 I adbd : Setup mdns on port= 5555
04-15 18:41:14.928 391 391 I SurfaceFlinger: Using HWComposer service: default
04-15 18:41:14.955 391 391 I SurfaceFlinger: SurfaceFlinger is starting
04-15 18:41:14.957 391 391 I SurfaceFlinger: Enabling backpressure for GPU composition
04-15 18:41:14.985 406 406 I adbd : adbd listening on tcp:5555
04-15 18:41:14.986 406 406 I adbd : adbd listening on vsock:5555
04-15 18:41:14.987 406 406 I adbd : adbd started
04-15 18:41:15.004 0 0 I init : starting service 'bt_vhci_forwarder'...
04-15 18:41:14.998 407 407 I bootstat: Service started: /system/bin/bootstat --set_system_boot_reason
04-15 18:41:15.019 407 407 I bootstat: Canonical boot reason: reboot
04-15 18:41:15.019 407 407 I bootstat: Canonical boot reason: reboot
04-15 18:41:15.164 407 407 E bootstat: Failed to read /metadata/bootstat/persist.sys.boot.reason: No such file or directory
04-15 18:41:15.164 407 407 I bootstat: Value of persist.sys.boot.reason :
04-15 18:41:15.164 407 407 I bootstat: Normalized last reboot reason : reboot
04-15 18:41:15.212 376 376 D audioserver: main: starting
04-15 18:41:15.213 376 376 V MediaUtils: physMem: 2070044672
04-15 18:41:15.213 376 376 V MediaUtils: requested limit: 414008920
04-15 18:41:15.214 376 376 I libc : malloc_limit: Allocation limit enabled, max size 414008920 bytes
04-15 18:41:15.222 407 407 E bootstat: Failed to unlink /metadata/bootstat/persist.sys.boot.reason: No such file or directory
04-15 18:41:15.236 408 408 I perfetto: probes.cc:104 Starting /system/bin/traced_probes service
04-15 18:41:15.254 391 391 I SurfaceFlinger: SurfaceFlinger's main thread ready to run. Initializing graphics H/W...
04-15 18:41:15.258 391 391 E SurfaceFlinger: Unrecognized RenderEngineType ; ignoring!
04-15 18:41:15.259 391 391 D RenderEngine: Threaded RenderEngine with SkiaGL Backend
04-15 18:41:15.281 0 0 I init : ... started service 'bt_vhci_forwarder' has pid 420
04-15 18:41:15.281 0 0 I init : service 'zygote' requested start, but it is already running (flags: 4)
04-15 18:41:15.282 0 0 I init : starting service 'cameraserver'...
04-15 18:41:15.348 408 408 I perfetto: probes_producer.cc:382 Disconnected from tracing service
04-15 18:41:15.349 408 429 I perfetto: _activity_trigger.cc:71 mm_events ftrace instance not found. Triggering of traces on memory pressure will not be available on this device.
04-15 18:41:15.362 406 430 I adbd : host-14: read thread spawning
04-15 18:41:15.392 376 376 W BatteryNotifier: batterystats service unavailable!
04-15 18:41:15.441 406 432 I adbd : host-19: read thread spawning
04-15 18:41:15.442 406 406 I adbd : host-19: already offline
04-15 18:41:15.449 406 406 I adbd : authentication not required
04-15 18:41:15.450 406 431 I adbd : host-14: write thread spawning
04-15 18:41:15.521 133 133 I hwservicemanager: getTransport: Cannot find entry android.hardware.audio.effect@7.1::IEffectsFactory/default in either framework or device VINTF manifest.
04-15 18:41:15.532 406 433 I adbd : host-19: write thread spawning
04-15 18:41:15.558 0 0 W qemu-adb-setup: /data/misc/adb/adb_keys exists. Skipping qemu adb setup
04-15 18:41:15.568 0 0 I init : ... started service 'cameraserver' has pid 428
04-15 18:41:15.570 0 0 I init : starting service 'idmap2d'...
04-15 18:41:15.567 391 427 D libEGL : loaded /vendor/lib64/egl/libEGL_emulation.so
04-15 18:41:15.577 408 408 I perfetto: probes_producer.cc:382 Disconnected from tracing service
04-15 18:41:15.591 391 427 D libEGL : loaded /vendor/lib64/egl/libGLESv1_CM_emulation.so
04-15 18:41:15.637 391 427 D libEGL : loaded /vendor/lib64/egl/libGLESv2_emulation.so
04-15 18:41:15.660 0 0 I init : ... started service 'idmap2d' has pid 434
04-15 18:41:15.661 0 0 I init : starting service 'incidentd'...
04-15 18:41:15.875 391 427 I RenderEngine: EGL information:
04-15 18:41:15.875 391 427 I RenderEngine: vendor : Android
04-15 18:41:15.875 391 427 I RenderEngine: version : 1.4 Android META-EGL
04-15 18:41:15.875 391 427 I RenderEngine: extensions: EGL_ANDROID_front_buffer_auto_refresh EGL_ANDROID_get_native_client_buffer EGL_ANDROID_presentation_time EGL_EXT_surface_CTA861_3_metadata EGL_EXT_surface_SMPTE2086_metadata EGL_KHR_get_all_proc_addresses EGL_KHR_swap_buffers_with_damage EGL_ANDROID_get_frame_timestamps EGL_ANDROID_image_native_buffer EGL_ANDROID_native_fence_sync EGL_ANDROID_recordable EGL_KHR_create_context EGL_KHR_fence_sync EGL_KHR_gl_texture_2D_image EGL_KHR_image EGL_KHR_image_base
04-15 18:41:15.875 391 427 I RenderEngine: Client API: OpenGL_ES
04-15 18:41:15.875 391 427 I RenderEngine: EGLSurface: 8-8-8-8, config=0x5
04-15 18:41:15.912 0 0 I init : ... started service 'incidentd' has pid 435
04-15 18:41:15.913 0 0 I init : starting service 'installd'...
04-15 18:41:15.917 391 427 D RenderEngine: Background Blurs Enabled
04-15 18:41:16.048 408 408 I perfetto: probes_producer.cc:382 Disconnected from tracing service
04-15 18:41:16.104 420 420 E bt_vhci_forwarder: setTerminalRaw failed /dev/bluetooth0: Inappropriate ioctl for device
04-15 18:41:16.203 391 427 I RenderEngine: OpenGL ES informations:
04-15 18:41:16.203 391 427 I RenderEngine: vendor : Google (Google Inc.)
04-15 18:41:16.203 391 427 I RenderEngine: renderer : Android Emulator OpenGL ES Translator (Google SwiftShader)
04-15 18:41:16.203 391 427 I RenderEngine: version : OpenGL ES 3.0 (OpenGL ES 3.0 SwiftShader 4.0.0.1)
04-15 18:41:16.203 391 427 I RenderEngine: extensions: GL_EXT_debug_marker GL_EXT_robustness GL_OES_EGL_sync GL_OES_EGL_image GL_OES_EGL_image_external GL_OES_depth24 GL_OES_depth32 GL_OES_element_index_uint GL_OES_texture_float GL_OES_texture_float_linear GL_OES_compressed_paletted_texture GL_OES_compressed_ETC1_RGB8_texture GL_OES_depth_texture GL_OES_texture_half_float GL_OES_texture_half_float_linear GL_OES_packed_depth_stencil GL_OES_vertex_half_float GL_OES_standard_derivatives GL_OES_texture_npot GL_OES_rgb8_rgba8 GL_EXT_color_buffer_float GL_EXT_color_buffer_half_float GL_EXT_texture_format_BGRA8888 GL_APPLE_texture_format_BGRA8888 ANDROID_EMU_CHECKSUM_HELPER_v1 ANDROID_EMU_native_sync_v2 ANDROID_EMU_dma_v1 ANDROID_EMU_direct_mem ANDROID_EMU_host_composition_v1 ANDROID_EMU_host_composition_v2 ANDROID_EMU_vulkan ANDROID_EMU_deferred_vulkan_commands ANDROID_EMU_vulkan_null_optional_strings ANDROID_EMU_vulkan_create_resources_with_requirements ANDROID_EMU_YUV_Cache ANDROID_EMU_vulkan_ignored_handles ANDROID_EMU_has_shared_slots_host_memory_alloc
04-15 18:41:16.203 391 427 I RenderEngine: GL_MAX_TEXTURE_SIZE = 8192
04-15 18:41:16.203 391 427 I RenderEngine: GL_MAX_VIEWPORT_DIMS = 8192
04-15 18:41:16.288 0 0 I logd : logdr: UID=1036 GID=0 PID=413 b tail=0 logMask=99 pid=0 start=0ns deadline=0ns
04-15 18:41:16.285 409 409 W perfetto: service.cc:248 Started traced, listening on /dev/socket/traced_producer /dev/socket/traced_consumer
04-15 18:41:16.341 0 0 I servicemanager: Found android.hardware.graphics.composer3.IComposer/default in device VINTF manifest.
04-15 18:41:16.369 133 133 I hwservicemanager: getTransport: Cannot find entry android.hardware.graphics.mapper@4.0::IMapper/default in either framework or device VINTF manifest.
04-15 18:41:16.371 357 400 I ComposerResources: failed to get mapper 4.0 service, falling back to mapper 3.0
04-15 18:41:16.390 133 133 I hwservicemanager: getTransport: Cannot find entry android.hardware.audio.effect@7.1::IEffectsFactory/default in either framework or device VINTF manifest.
04-15 18:41:16.405 0 0 I init : ... started service 'installd' has pid 438
04-15 18:41:16.406 0 0 I init : starting service 'mediaextractor'...
04-15 18:41:16.455 0 0 I init : ... started service 'mediaextractor' has pid 443
04-15 18:41:16.456 0 0 I init : starting service 'mediametrics'...
04-15 18:41:16.488 0 0 I init : ... started service 'mediametrics' has pid 445
04-15 18:41:16.495 0 0 I init : starting service 'media'...
04-15 18:41:16.524 0 0 I init : ... started service 'media' has pid 446
04-15 18:41:16.524 0 0 I init : service 'netd' requested start, but it is already running (flags: 4)
04-15 18:41:16.525 0 0 I init : starting service 'storaged'...
04-15 18:41:16.526 0 0 I init : Could not open file '/d/mmc0/mmc0:0001/ext_csd': Failed to open file '/d/mmc0/mmc0:0001/ext_csd': No such file or directory
04-15 18:41:16.610 0 0 I init : ... started service 'storaged' has pid 447
04-15 18:41:16.616 0 0 I init : starting service 'wificond'...
04-15 18:41:16.639 0 0 I init : ... started service 'wificond' has pid 448
04-15 18:41:16.641 0 0 I init : starting service 'vendor.ril-daemon'...
04-15 18:41:16.738 0 0 I init : ... started service 'vendor.ril-daemon' has pid 449
04-15 18:41:16.744 0 0 I init : starting service 'media.swcodec'...
04-15 18:41:16.809 357 400 E RanchuHwc: loadPersistentKeyValues: persistent key-value store path not available.
04-15 18:41:16.809 357 400 E RanchuHwc: getPersistentKeyValue: failed to load pmem json
04-15 18:41:16.809 357 400 E RanchuHwc: getBootConfigId: display:0 failed to get persistent boot config
04-15 18:41:16.810 357 400 D RanchuHwc: init display:0 with config: id: 0 w:1080 h:2400 dpi-x:420 dpi-y:420 vsync:60.000002 config-group:0
04-15 18:41:16.811 357 400 E RanchuHwc: start: failed to set Vsync thread name: Math result not representable
04-15 18:41:16.811 357 400 E RanchuHwc: start: failed to set Vsync thread priority: Invalid argument
04-15 18:41:16.814 133 133 I hwservicemanager: getTransport: Cannot find entry android.hardware.graphics.mapper@4.0::IMapper/default in either framework or device VINTF manifest.
04-15 18:41:16.816 357 400 I Gralloc4: mapper 4.x is not supported
04-15 18:41:16.824 0 0 I servicemanager: Could not find android.hardware.graphics.allocator.IAllocator/default in the VINTF manifest.
04-15 18:41:16.912 357 451 I RanchuHwc: Vsync thread for display:0 starting
04-15 18:41:17.116 0 0 I init : ... started service 'media.swcodec' has pid 450
04-15 18:41:17.117 0 0 I init : service 'statsd' requested start, but it is already running (flags: 4)
04-15 18:41:17.118 0 0 I init : Command 'class_start main' action=nonencrypted (/system/etc/init/hw/init.rc:1215) took 2465ms and succeeded
04-15 18:41:17.135 0 0 I init : Service 'exec 16 (/system/bin/profcollectctl reset)' (pid 393) exited with status 0 oneshot service took 6.875000 seconds in background
04-15 18:41:17.136 0 0 I init : Sending signal 9 to service 'exec 16 (/system/bin/profcollectctl reset)' (pid 393) process group...
04-15 18:41:17.137 0 0 I libprocessgroup: Successfully killed process cgroup uid 0 pid 393 in 1ms
04-15 18:41:17.152 0 0 I init : Service 'exec 17 (/system/bin/bootstat --set_system_boot_reason)' (pid 407) exited with status 0 oneshot service took 3.458000 seconds in background
04-15 18:41:17.152 0 0 I init : Sending signal 9 to service 'exec 17 (/system/bin/bootstat --set_system_boot_reason)' (pid 407) process group...
04-15 18:41:17.153 0 0 I libprocessgroup: Successfully killed process cgroup uid 1000 pid 407 in 0ms
04-15 18:41:17.154 0 0 I init : Service 'qemu-adb-setup' (pid 410) exited with status 0 oneshot service took 2.699000 seconds in background
04-15 18:41:17.154 0 0 I init : Sending signal 9 to service 'qemu-adb-setup' (pid 410) process group...
04-15 18:41:17.154 0 0 I libprocessgroup: Successfully killed process cgroup uid 0 pid 410 in 0ms
04-15 18:41:17.163 420 420 I bt_vhci_forwarder: ignore 0xff packet
04-15 18:41:17.185 0 0 I init : starting service 'mdnsd'...
04-15 18:41:17.254 0 0 I init : Created socket '/dev/socket/mdnsd', mode 660, user 1020, group 3003
04-15 18:41:17.604 408 408 I perfetto: probes_producer.cc:341 Connected to the service
04-15 18:41:17.685 357 400 E android.hardware.graphics.composer3-service.ranchu: freeBuffer:127 failed with 'Error3::BAD_BUFFER'
04-15 18:41:17.685 357 400 E Gralloc3: freeBuffer(0x0) failed with 2
04-15 18:41:17.689 357 400 E android.hardware.graphics.composer3-service.ranchu: freeBuffer:127 failed with 'Error3::BAD_BUFFER'
04-15 18:41:17.689 357 400 E Gralloc3: freeBuffer(0x0) failed with 2
04-15 18:41:17.689 357 400 E android.hardware.graphics.composer3-service.ranchu: freeBuffer:127 failed with 'Error3::BAD_BUFFER'
04-15 18:41:17.690 357 400 E Gralloc3: freeBuffer(0x0) failed with 2
04-15 18:41:17.700 357 400 E android.hardware.graphics.composer3-service.ranchu: freeBuffer:127 failed with 'Error3::BAD_BUFFER'
04-15 18:41:17.700 357 400 E Gralloc3: freeBuffer(0x0) failed with 2
04-15 18:41:17.700 357 400 E android.hardware.graphics.composer3-service.ranchu: freeBuffer:127 failed with 'Error3::BAD_BUFFER'
04-15 18:41:17.700 357 400 E Gralloc3: freeBuffer(0x0) failed with 2
04-15 18:41:17.700 357 400 E android.hardware.graphics.composer3-service.ranchu: freeBuffer:127 failed with 'Error3::BAD_BUFFER'
04-15 18:41:17.700 357 400 E Gralloc3: freeBuffer(0x0) failed with 2
04-15 18:41:17.723 0 0 I init : ... started service 'mdnsd' has pid 452
04-15 18:41:17.723 0 0 I init : Control message: Processed ctl.start for 'mdnsd' from pid: 406 (/apex/com.android.adbd/bin/adbd --root_seclabel=u:r:su:s0)
04-15 18:41:17.726 0 0 I init : starting service 'gatekeeperd'...
04-15 18:41:17.782 434 434 I idmap2d : Starting
04-15 18:41:17.802 391 391 I HwcComposer: Loaded AIDL composer3 HAL service
04-15 18:41:17.887 391 391 W surfaceflinger: Binder 0x7d5de5820808 destroyed after setMinSchedulerPolicy before being parceled.
04-15 18:41:17.901 391 391 W surfaceflinger: Binder 0x7d5de5820808 destroyed after setMinSchedulerPolicy before being parceled.
04-15 18:41:17.987 391 391 I HWComposer: Switching to generalized multi-display mode
04-15 18:41:18.115 0 0 I init : ... started service 'gatekeeperd' has pid 456
04-15 18:41:18.116 0 0 I init : service 'traced' requested start, but it is already running (flags: 132)
04-15 18:41:18.116 0 0 I init : service 'traced_probes' requested start, but it is already running (flags: 132)
04-15 18:41:18.117 0 0 I init : starting service 'usbd'...
04-15 18:41:18.170 376 376 I ServiceManagerCppClient: Waiting for service 'media.metrics' on '/dev/binder'...
04-15 18:41:18.460 0 0 I init : ... started service 'usbd' has pid 460
04-15 18:41:18.461 0 0 I init : Command 'class_start late_start' action=nonencrypted (/system/etc/init/hw/init.rc:1216) took 735ms and succeeded
04-15 18:41:18.461 0 0 I init : processing action (load_persist_props_action) from (/system/etc/init/flags_health_check.rc:1)
04-15 18:41:18.565 448 448 I wificond: wificond is starting up...
04-15 18:41:18.571 391 391 I SurfaceFlinger: Connecting display 4619827259835644672 (HAL ID 0)
04-15 18:41:18.681 0 0 I servicemanager: Could not find android.hardware.net.nlinterceptor.IInterceptor/default in the VINTF manifest.
04-15 18:41:18.820 0 0 I init : Encryption policy of /data/server_configurable_flags set to a4dad66d60c11200352eed7fb1fc9f16 v2 modes 1/4 flags 0x2
04-15 18:41:18.821 0 0 I init : Command 'mkdir /data/server_configurable_flags 0775 system system encryption=Require' action=load_persist_props_action (/system/etc/init/flags_health_check.rc:4) took 359ms and succeeded
04-15 18:41:18.913 391 391 E HwcComposer: getPerFrameMetadataKeys failed Status(-8, EX_SERVICE_SPECIFIC): '8: '
04-15 18:41:18.931 0 0 I init : starting service 'exec 18 (/system/bin/flags_health_check BOOT_FAILURE)'...
04-15 18:41:19.019 0 0 I servicemanager: Could not find android.hardware.graphics.allocator.IAllocator/default in the VINTF manifest.
04-15 18:41:19.188 448 448 I HidlServiceManagement: Registered android.system.wifi.keystore@1.0::IKeystore/default
04-15 18:41:19.232 0 0 I init : ... started service 'exec 18 (/system/bin/flags_health_check BOOT_FAILURE)' has pid 461
04-15 18:41:19.232 0 0 I init : SVC_EXEC service 'exec 18 (/system/bin/flags_health_check BOOT_FAILURE)' pid 461 (uid 1000 gid 1000+0 context default) started; waiting...
04-15 18:41:19.233 0 0 I init : Command 'exec - system system -- /system/bin/flags_health_check BOOT_FAILURE' action=load_persist_props_action (/system/etc/init/flags_health_check.rc:5) took 411ms and succeeded
04-15 18:41:19.303 438 438 I installd: installd firing up
04-15 18:41:19.322 133 133 I hwservicemanager: getTransport: Cannot find entry android.hardware.graphics.mapper@4.0::IMapper/default in either framework or device VINTF manifest.
04-15 18:41:19.425 391 391 I Gralloc4: mapper 4.x is not supported
04-15 18:41:19.432 438 438 E cutils : Failed to read /data/misc/installd/layout_version: No such file or directory
04-15 18:41:19.433 438 438 D installd: Assuming that device has multi-user storage layout; upgrade no longer supported
04-15 18:41:19.435 438 438 D installd: Upgrading to /data/misc/user directories
04-15 18:41:19.693 0 0 I servicemanager: Found android.hardware.radio.data.IRadioData/slot1 in device VINTF manifest.
04-15 18:41:19.724 0 0 I servicemanager: Found android.hardware.radio.messaging.IRadioMessaging/slot1 in device VINTF manifest.
04-15 18:41:19.726 0 0 I servicemanager: Found android.hardware.radio.modem.IRadioModem/slot1 in device VINTF manifest.
04-15 18:41:19.726 406 417 I adbd : adbd mDNS service _adb._tcp registered: 1
04-15 18:41:19.738 456 456 I gatekeeperd: Starting gatekeeperd...
04-15 18:41:19.756 0 0 I servicemanager: Found android.hardware.radio.network.IRadioNetwork/slot1 in device VINTF manifest.
04-15 18:41:19.790 0 0 I servicemanager: Found android.hardware.radio.sim.IRadioSim/slot1 in device VINTF manifest.
04-15 18:41:19.804 0 0 I servicemanager: Found android.hardware.radio.voice.IRadioVoice/slot1 in device VINTF manifest.
04-15 18:41:19.812 0 0 I servicemanager: Found android.hardware.radio.ims.IRadioIms/slot1 in device VINTF manifest.
04-15 18:41:19.820 0 0 I servicemanager: Found android.hardware.radio.ims.media.IImsMedia/default in device VINTF manifest.
04-15 18:41:19.832 0 0 I servicemanager: Found android.hardware.radio.modem.IRadioModem/slot1 in device VINTF manifest.
04-15 18:41:19.832 0 0 I servicemanager: Service 'android.hardware.radio.modem.IRadioModem/slot1' originally registered from PID 449 but it is being registered again from PID 449. Bad state? Late death notification? Multiple instances installed?
04-15 18:41:19.833 0 0 I BpBinder: onLastStrongRef automatically unlinking death recipients:
04-15 18:41:19.838 0 0 I servicemanager: Found android.hardware.radio.sim.IRadioSim/slot1 in device VINTF manifest.
04-15 18:41:19.838 0 0 I servicemanager: Service 'android.hardware.radio.sim.IRadioSim/slot1' originally registered from PID 449 but it is being registered again from PID 449. Bad state? Late death notification? Multiple instances installed?
04-15 18:41:19.838 0 0 I BpBinder: onLastStrongRef automatically unlinking death recipients:
04-15 18:41:19.844 0 0 I servicemanager: Found android.hardware.radio.config.IRadioConfig/default in device VINTF manifest.
04-15 18:41:19.853 0 0 I servicemanager: Could not find android.hardware.radio.sap.ISap/slot1 in the VINTF manifest.
04-15 18:41:19.898 460 460 I usbd : persistent prop is adb
04-15 18:41:19.906 456 456 I ServiceManagerCppClient: Waiting for service 'android.hardware.gatekeeper.IGatekeeper/default' on '/dev/binder'...
04-15 18:41:19.941 0 0 I init : service 'adbd' requested start, but it is already running (flags: 132)
04-15 18:41:19.943 0 0 I init : Control message: Processed ctl.start for 'adbd' from pid: 460 (/system/bin/usbd)
04-15 18:41:19.969 0 0 I servicemanager: Could not find android.hardware.usb.gadget.IUsbGadget/default in the VINTF manifest.
04-15 18:41:20.025 133 133 I hwservicemanager: getTransport: Cannot find entry android.hardware.usb.gadget@1.0::IUsbGadget/default in either framework or device VINTF manifest.
04-15 18:41:20.026 460 460 I usbd : Usb HAL not found
04-15 18:41:20.047 0 0 I init : Service 'usbd' (pid 460) exited with status 0 oneshot service took 1.850000 seconds in background
04-15 18:41:20.048 0 0 I init : Sending signal 9 to service 'usbd' (pid 460) process group...
04-15 18:41:20.048 0 0 I libprocessgroup: Successfully killed process cgroup uid 0 pid 460 in 0ms
04-15 18:41:20.227 461 461 I flags_health_check: ServerConfigurableFlagsReset reset_mode value: 0
04-15 18:41:20.249 461 461 I flags_health_check: ServerConfigurableFlagsReset attempted boot count is under threshold, skipping reset.
04-15 18:41:20.327 0 0 I init : Service 'exec 18 (/system/bin/flags_health_check BOOT_FAILURE)' (pid 461) exited with status 0 waiting took 1.393000 seconds
04-15 18:41:20.328 0 0 I init : Sending signal 9 to service 'exec 18 (/system/bin/flags_health_check BOOT_FAILURE)' (pid 461) process group...
04-15 18:41:20.328 0 0 I libprocessgroup: Successfully killed process cgroup uid 1000 pid 461 in 0ms
04-15 18:41:20.329 0 0 I init : processing action (load_persist_props_action) from (/system/etc/init/logcatd.rc:29)
04-15 18:41:20.341 0 0 I init : processing action (llk.enable=0) from (/system/etc/init/llkd.rc:12)
04-15 18:41:20.352 0 0 I init : processing action (khungtask.enable=1) from (/system/etc/init/llkd.rc:18)
04-15 18:41:20.355 0 0 I init : processing action (llk.enable=0) from (/system/etc/init/llkd.rc:12)
04-15 18:41:20.363 0 0 I init : processing action (khungtask.enable=0) from (/system/etc/init/llkd.rc:21)
04-15 18:41:20.372 0 0 I init : processing action (init.svc.media=*) from (/system/etc/init/mediaserver.rc:1)
04-15 18:41:20.389 0 0 I init : processing action (khungtask.enable=true) from (/system/etc/init/llkd.rc:25)
04-15 18:41:20.393 0 0 I init : processing action (khungtask.enable=false) from (/system/etc/init/llkd.rc:31)
04-15 18:41:20.555 391 391 I Scheduler: Display 4619827259835644672 is the pacesetter
04-15 18:41:20.659 391 476 W EventThread: Ignoring VSYNC request while display is disconnected
04-15 18:41:20.732 391 476 W EventThread: Ignoring VSYNC request while display is disconnected
04-15 18:41:20.758 391 477 W EventThread: Ignoring VSYNC request while display is disconnected
04-15 18:41:20.760 391 477 W EventThread: Ignoring VSYNC request while display is disconnected
04-15 18:41:20.773 391 391 I Scheduler: Display 4619827259835644672 is the pacesetter
04-15 18:41:20.924 0 0 I init : starting service 'bootanim'...
04-15 18:41:20.980 133 133 I hwservicemanager: getTransport: Cannot find entry android.frameworks.displayservice@1.0::IDisplayService/default in either framework or device VINTF manifest.
04-15 18:41:21.004 391 391 E HidlServiceManagement: Service android.frameworks.displayservice@1.0::IDisplayService/default must be in VINTF manifest in order to register/get.
04-15 18:41:21.005 391 391 E SurfaceFlinger: Did not register (deprecated) IDisplayService service.
04-15 18:41:21.011 391 391 D SurfaceFlinger: Setting power mode 2 on display 4619827259835644672
04-15 18:41:21.014 391 391 D SurfaceFlinger: Finished setting power mode 2 on display 4619827259835644672
04-15 18:41:21.025 391 480 W SurfaceFlinger: Failed to set thread name on dispatch thread
04-15 18:41:21.079 0 0 I init : ... started service 'bootanim' has pid 482
04-15 18:41:21.079 0 0 I init : Control message: Processed ctl.start for 'bootanim' from pid: 391 (/system/bin/surfaceflinger)
04-15 18:41:21.368 0 0 I servicemanager: Found android.hardware.health.IHealth/default in device VINTF manifest.
04-15 18:41:21.695 443 443 I main_extractorservice: enable media.extractor memory limits
04-15 18:41:21.717 443 443 V MediaUtils: physMem: 2070044672
04-15 18:41:21.717 443 443 V MediaUtils: requested limit: 414008920
04-15 18:41:21.718 443 443 I libc : malloc_limit: Allocation limit enabled, max size 414008920 bytes
04-15 18:41:21.787 447 447 I ServiceManagerCppClient: Waiting for service 'package_native' on '/dev/binder'...
04-15 18:41:21.863 445 445 V MediaUtils: physMem: 2070044672
04-15 18:41:21.870 443 443 W mediaextractor: Could not read additional policy file '/vendor/etc/seccomp_policy/mediaextractor.policy'
04-15 18:41:21.878 443 443 W mediaextractor: libminijail[443]: failed to get path of fd 5: No such file or directory
04-15 18:41:21.885 443 443 W mediaextractor: libminijail[443]: allowing syscall: socket
04-15 18:41:21.885 443 443 W mediaextractor: libminijail[443]: allowing syscall: connect
04-15 18:41:21.885 443 443 W mediaextractor: libminijail[443]: allowing syscall: fcntl
04-15 18:41:21.886 443 443 W mediaextractor: libminijail[443]: allowing syscall: writev
04-15 18:41:21.887 443 443 W mediaextractor: libminijail[443]: compile_file: (48): syscall readlinkat redefined here
04-15 18:41:21.901 445 445 V MediaUtils: requested limit: 134217728
04-15 18:41:21.902 445 445 I libc : malloc_limit: Allocation limit enabled, max size 134217728 bytes
04-15 18:41:21.904 443 443 W mediaextractor: libminijail[443]: compile_file: (43): previous definition here
04-15 18:41:21.910 445 445 D AudioPowerUsage: AudioPowerUsage
04-15 18:41:21.910 445 445 D AudioAnalytics: AudioAnalytics
04-15 18:41:21.911 445 445 D MediaMetricsService: MediaMetricsService
04-15 18:41:21.915 443 443 W mediaextractor: libminijail[443]: compile_file: (54): syscall gettid redefined here
04-15 18:41:21.921 443 443 W mediaextractor: libminijail[443]: compile_file: (51): previous definition here
04-15 18:41:21.922 443 443 W mediaextractor: libminijail[443]: compile_file: /apex/com.android.media/etc/seccomp_policy/crash_dump.x86_64.policy(1): syscall read redefined here
04-15 18:41:21.922 443 443 W mediaextractor: libminijail[443]: compile_file: (19): previous definition here
04-15 18:41:21.923 443 443 W mediaextractor: libminijail[443]: compile_file: /apex/com.android.media/etc/seccomp_policy/crash_dump.x86_64.policy(2): syscall write redefined here
04-15 18:41:21.923 443 443 W mediaextractor: libminijail[443]: compile_file: (6): previous definition here
04-15 18:41:21.923 443 443 W mediaextractor: libminijail[443]: compile_file: /apex/com.android.media/etc/seccomp_policy/crash_dump.x86_64.policy(3): syscall exit redefined here
04-15 18:41:21.924 443 443 W mediaextractor: libminijail[443]: compile_file: (29): previous definition here
04-15 18:41:21.934 443 443 W mediaextractor: libminijail[443]: compile_file: /apex/com.android.media/etc/seccomp_policy/crash_dump.x86_64.policy(4): syscall rt_sigreturn redefined here
04-15 18:41:21.935 443 443 W mediaextractor: libminijail[443]: compile_file: (31): previous definition here
04-15 18:41:21.953 443 443 W mediaextractor: libminijail[443]: compile_file: /apex/com.android.media/etc/seccomp_policy/crash_dump.x86_64.policy(5): syscall exit_group redefined here
04-15 18:41:21.954 443 443 W mediaextractor: libminijail[443]: compile_file: (30): previous definition here
04-15 18:41:21.954 443 443 W mediaextractor: libminijail[443]: compile_file: /apex/com.android.media/etc/seccomp_policy/crash_dump.x86_64.policy(6): syscall clock_gettime redefined here
04-15 18:41:21.955 443 443 W mediaextractor: libminijail[443]: compile_file: (15): previous definition here
04-15 18:41:21.965 376 376 I ServiceManagerCppClient: Waiting for service 'media.metrics' on '/dev/binder' successful after waiting 3806ms
04-15 18:41:21.970 376 376 I AudioFlinger: Using default 3000 mSec as standby time.
04-15 18:41:21.979 443 443 W mediaextractor: libminijail[443]: compile_file: /apex/com.android.media/etc/seccomp_policy/crash_dump.x86_64.policy(8): syscall futex redefined here
04-15 18:41:21.979 443 443 W mediaextractor: libminijail[443]: compile_file: (4): previous definition here
04-15 18:41:21.992 443 443 W mediaextractor: libminijail[443]: compile_file: /apex/com.android.media/etc/seccomp_policy/crash_dump.x86_64.policy(9): syscall getrandom redefined here
04-15 18:41:21.992 443 443 W mediaextractor: libminijail[443]: compile_file: (36): previous definition here
04-15 18:41:21.992 443 443 W mediaextractor: libminijail[443]: compile_file: /apex/com.android.media/etc/seccomp_policy/crash_dump.x86_64.policy(10): syscall getpid redefined here
04-15 18:41:21.993 443 443 W mediaextractor: libminijail[443]: compile_file: (53): previous definition here
04-15 18:41:21.993 443 443 W mediaextractor: libminijail[443]: compile_file: /apex/com.android.media/etc/seccomp_policy/crash_dump.x86_64.policy(11): syscall gettid redefined here
04-15 18:41:21.993 443 443 W mediaextractor: libminijail[443]: compile_file: (51): previous definition here
04-15 18:41:21.993 443 443 W mediaextractor: libminijail[443]: compile_file: /apex/com.android.media/etc/seccomp_policy/crash_dump.x86_64.policy(14): syscall openat redefined here
04-15 18:41:21.993 443 443 W mediaextractor: libminijail[443]: compile_file: (13): previous definition here
04-15 18:41:21.993 443 443 W mediaextractor: libminijail[443]: compile_file: /apex/com.android.media/etc/seccomp_policy/crash_dump.x86_64.policy(15): syscall dup redefined here
04-15 18:41:21.994 443 443 W mediaextractor: libminijail[443]: compile_file: (9): previous definition here
04-15 18:41:21.994 443 443 W mediaextractor: libminijail[443]: compile_file: /apex/com.android.media/etc/seccomp_policy/crash_dump.x86_64.policy(16): syscall close redefined here
04-15 18:41:21.994 443 443 W mediaextractor: libminijail[443]: compile_file: (8): previous definition here
04-15 18:41:21.994 443 443 W mediaextractor: libminijail[443]: compile_file: /apex/com.android.media/etc/seccomp_policy/crash_dump.x86_64.policy(17): syscall lseek redefined here
04-15 18:41:21.994 443 443 W mediaextractor: libminijail[443]: compile_file: (20): previous definition here
04-15 18:41:21.994 443 443 W mediaextractor: libminijail[443]: compile_file: /apex/com.android.media/etc/seccomp_policy/crash_dump.x86_64.policy(18): syscall getdents64 redefined here
04-15 18:41:21.994 443 443 W mediaextractor: libminijail[443]: compile_file: (42): previous definition here
04-15 18:41:21.995 443 443 W mediaextractor: libminijail[443]: compile_file: /apex/com.android.media/etc/seccomp_policy/crash_dump.x86_64.policy(19): syscall faccessat redefined here
04-15 18:41:21.995 443 443 W mediaextractor: libminijail[443]: compile_file: (32): previous definition here
04-15 18:41:21.995 443 443 W mediaextractor: libminijail[443]: compile_file: /apex/com.android.media/etc/seccomp_policy/crash_dump.x86_64.policy(28): syscall prctl redefined here
04-15 18:41:21.995 443 443 W mediaextractor: libminijail[443]: compile_file: (5): previous definition here
04-15 18:41:21.997 443 443 W mediaextractor: libminijail[443]: compile_file: /apex/com.android.media/etc/seccomp_policy/crash_dump.x86_64.policy(29): syscall madvise redefined here
04-15 18:41:21.997 443 443 W mediaextractor: libminijail[443]: compile_file: (12): previous definition here
04-15 18:41:21.997 443 443 W mediaextractor: libminijail[443]: compile_file: /apex/com.android.media/etc/seccomp_policy/crash_dump.x86_64.policy(30): syscall mprotect redefined here
04-15 18:41:21.997 443 443 W mediaextractor: libminijail[443]: compile_file: (18): previous definition here
04-15 18:41:21.998 443 443 W mediaextractor: libminijail[443]: compile_file: /apex/com.android.media/etc/seccomp_policy/crash_dump.x86_64.policy(31): syscall munmap redefined here
04-15 18:41:21.998 443 443 W mediaextractor: libminijail[443]: compile_file: (10): previous definition here
04-15 18:41:21.998 443 443 W mediaextractor: libminijail[443]: compile_file: /apex/com.android.media/etc/seccomp_policy/crash_dump.x86_64.policy(32): syscall getuid redefined here
04-15 18:41:21.999 443 443 W mediaextractor: libminijail[443]: compile_file: (22): previous definition here
04-15 18:41:21.999 443 443 W mediaextractor: libminijail[443]: compile_file: /apex/com.android.media/etc/seccomp_policy/crash_dump.x86_64.policy(33): syscall fstat redefined here
04-15 18:41:21.999 443 443 W mediaextractor: libminijail[443]: compile_file: (25): previous definition here
04-15 18:41:21.999 443 443 W mediaextractor: libminijail[443]: compile_file: /apex/com.android.media/etc/seccomp_policy/crash_dump.x86_64.policy(34): syscall mmap redefined here
04-15 18:41:21.999 443 443 W mediaextractor: libminijail[443]: compile_file: (11): previous definition here
04-15 18:41:22.029 445 445 I ServiceManagerCppClient: Waiting for service 'package_native' on '/dev/binder'...
04-15 18:41:22.090 443 443 W mediaextractor: libminijail[443]: logging seccomp filter failures
04-15 18:41:22.113 376 376 D audioserver: main: AudioFlinger created
04-15 18:41:22.199 450 450 I mediaswcodec: media swcodec service starting
04-15 18:41:22.224 450 450 W mediaswcodec: Could not read additional policy file '/vendor/etc/seccomp_policy/mediaswcodec.policy'
04-15 18:41:22.231 450 450 W mediaswcodec: libminijail[450]: failed to get path of fd 5: No such file or directory
04-15 18:41:22.238 450 450 W mediaswcodec: libminijail[450]: allowing syscall: socket
04-15 18:41:22.239 450 450 W mediaswcodec: libminijail[450]: allowing syscall: connect
04-15 18:41:22.252 450 450 W mediaswcodec: libminijail[450]: allowing syscall: fcntl
04-15 18:41:22.252 450 450 W mediaswcodec: libminijail[450]: allowing syscall: writev
04-15 18:41:22.253 450 450 W mediaswcodec: libminijail[450]: compile_file: (20): nonexistent syscall 'getuid32'
04-15 18:41:22.260 450 450 W mediaswcodec: libminijail[450]: compile_file: (26): nonexistent syscall 'mmap2'
04-15 18:41:22.260 450 450 W mediaswcodec: libminijail[450]: compile_file: (28): nonexistent syscall 'fstat64'
04-15 18:41:22.261 450 450 W mediaswcodec: libminijail[450]: compile_file: (31): nonexistent syscall 'stat64'
04-15 18:41:22.261 450 450 W mediaswcodec: libminijail[450]: compile_file: (32): nonexistent syscall 'statfs64'
04-15 18:41:22.261 450 450 W mediaswcodec: libminijail[450]: compile_file: (34): nonexistent syscall 'fstatat64'
04-15 18:41:22.262 450 450 W mediaswcodec: libminijail[450]: compile_file: (39): nonexistent syscall '_llseek'
04-15 18:41:22.262 450 450 W mediaswcodec: libminijail[450]: compile_file: (48): nonexistent syscall 'ugetrlimit'
04-15 18:41:22.262 450 450 W mediaswcodec: libminijail[450]: compile_file: (51): nonexistent syscall '_llseek'
04-15 18:41:22.277 450 450 W mediaswcodec: libminijail[450]: compile_file: (52): nonexistent syscall 'fstatfs64'
04-15 18:41:22.277 450 450 W mediaswcodec: libminijail[450]: compile_file: (64): nonexistent syscall 'ftruncate64'
04-15 18:41:22.278 450 450 W mediaswcodec: libminijail[450]: compile_file: (70): syscall gettid redefined here
04-15 18:41:22.278 450 450 W mediaswcodec: libminijail[450]: compile_file: (67): previous definition here
04-15 18:41:22.281 450 450 W mediaswcodec: libminijail[450]: compile_file: /apex/com.android.media.swcodec/etc/seccomp_policy/crash_dump.x86_64.policy(1): syscall read redefined here
04-15 18:41:22.281 450 450 W mediaswcodec: libminijail[450]: compile_file: (15): previous definition here
04-15 18:41:22.281 450 450 W mediaswcodec: libminijail[450]: compile_file: /apex/com.android.media.swcodec/etc/seccomp_policy/crash_dump.x86_64.policy(2): syscall write redefined here
04-15 18:41:22.282 450 450 W mediaswcodec: libminijail[450]: compile_file: (58): previous definition here
04-15 18:41:22.282 450 450 W mediaswcodec: libminijail[450]: compile_file: /apex/com.android.media.swcodec/etc/seccomp_policy/crash_dump.x86_64.policy(3): syscall exit redefined here
04-15 18:41:22.282 450 450 W mediaswcodec: libminijail[450]: compile_file: (45): previous definition here
04-15 18:41:22.282 450 450 W mediaswcodec: libminijail[450]: compile_file: /apex/com.android.media.swcodec/etc/seccomp_policy/crash_dump.x86_64.policy(4): syscall rt_sigreturn redefined here
04-15 18:41:22.301 450 450 W mediaswcodec: libminijail[450]: compile_file: (47): previous definition here
04-15 18:41:22.302 450 450 W mediaswcodec: libminijail[450]: compile_file: /apex/com.android.media.swcodec/etc/seccomp_policy/crash_dump.x86_64.policy(5): syscall exit_group redefined here
04-15 18:41:22.302 450 450 W mediaswcodec: libminijail[450]: compile_file: (46): previous definition here
04-15 18:41:22.302 450 450 W mediaswcodec: libminijail[450]: compile_file: /apex/com.android.media.swcodec/etc/seccomp_policy/crash_dump.x86_64.policy(8): syscall futex redefined here
