04-15 18:43:58.922 1089 1096 I droid.bluetooth: Background concurrent copying GC freed 6505(736KB) AllocSpace objects, 2(104KB) LOS objects, 49% free, 2313KB/4627KB, paused 528us,63us total 7.222s
04-15 18:44:00.921 534 960 D BufferPoolAccessor2.0: evictor expired: 6, evicted: 0
04-15 18:44:01.202 891 891 D BouncerMessageAuditLogger: interactor.bouncerMessage: BouncerMessageModel(message=Message(message=, messageResId=null, colorState=null, formatterArgs=null, animate=true), secondaryMessage=Message(message=, messageResId=null, colorState=null, formatterArgs=null, animate=true))
04-15 18:44:01.203 891 891 V SystemUIBootTiming: StartServices com.android.systemui.keyguard.bouncer.domain.interactor.BouncerMessageAuditLogger took to complete: 9891ms
04-15 18:44:01.203 891 891 W SystemUIService: Initialization of com.android.systemui.keyguard.bouncer.domain.interactor.BouncerMessageAuditLogger took 9892 ms
04-15 18:44:01.236 534 1374 E system_server: libdebuggerd_client: failed to read "/proc/891/task/1349/wchan": No such file or directory
04-15 18:44:01.318 1103 1112 I com.android.se: Background concurrent copying GC freed 1840(192KB) AllocSpace objects, 0(0B) LOS objects, 49% free, 2017KB/4035KB, paused 203us,53us total 1.749s
04-15 18:44:01.415 891 1331 D MediaCodecList: codecHandlesFormat: no format, so no extra checks
04-15 18:44:01.483 534 534 I Telecom : Class: TelecomSystem.INSTANCE being set❗
04-15 18:44:01.485 534 619 W JobServiceContext: Timed out while trying to bind for d23eee4 #1000/237039804 android/com.android.server.notification.NotificationHistoryJobService
04-15 18:44:01.490 534 619 I ActivityManager: Skip ANR being predumped, pid=534 Timed out while trying to bind
04-15 18:44:01.533 891 1468 D CCodec : allocate(c2.android.vorbis.decoder)
04-15 18:44:01.601 891 946 D libEGL : loaded /vendor/lib64/egl/libEGL_emulation.so
04-15 18:44:01.609 1118 1118 D TelephonyProvider: Checksum for /data/misc/apns/apns-conf.xml is 2001431324
04-15 18:44:01.610 1118 1118 D TelephonyProvider: Checksum after adding resource is 61296002
04-15 18:44:01.614 891 1468 I CCodec : setting up 'default' as default (vendor) store
04-15 18:44:01.676 891 946 D libEGL : loaded /vendor/lib64/egl/libGLESv1_CM_emulation.so
04-15 18:44:01.690 891 946 D libEGL : loaded /vendor/lib64/egl/libGLESv2_emulation.so
04-15 18:44:01.706 891 1468 I CCodec : Created component [c2.android.vorbis.decoder]
04-15 18:44:01.726 891 1468 D CCodecConfig: read media type: audio/vorbis
04-15 18:44:01.790 0 0 I init : starting service 'idmap2d'...
04-15 18:44:01.839 534 1374 I system_server: libdebuggerd_client: started dumping process 891
04-15 18:44:01.847 891 1468 D ReflectedParamUpdater: extent() != 1 for single value type: algo.buffers.max-count.values
04-15 18:44:01.878 0 0 I init : ... started service 'idmap2d' has pid 1472
04-15 18:44:01.879 0 0 I init : Control message: Processed ctl.start for 'idmap2d' from pid: 534 (system_server)
04-15 18:44:01.874 891 1468 D ReflectedParamUpdater: extent() != 1 for single value type: output.subscribed-indices.values
04-15 18:44:01.875 891 1468 D ReflectedParamUpdater: extent() != 1 for single value type: input.buffers.allocator-ids.values
04-15 18:44:01.876 891 1468 D ReflectedParamUpdater: extent() != 1 for single value type: output.buffers.allocator-ids.values
04-15 18:44:01.877 891 1468 D ReflectedParamUpdater: extent() != 1 for single value type: algo.buffers.allocator-ids.values
04-15 18:44:01.878 891 1468 D ReflectedParamUpdater: extent() != 1 for single value type: output.buffers.pool-ids.values
04-15 18:44:01.878 891 1468 D ReflectedParamUpdater: extent() != 1 for single value type: algo.buffers.pool-ids.values
04-15 18:44:01.964 891 1468 I CCodecConfig: query failed after returning 7 values (BAD_INDEX)
04-15 18:44:01.968 891 1468 D CCodecConfig: c2 config diff is Dict {
04-15 18:44:01.968 891 1468 D CCodecConfig: c2::u32 coded.bitrate.value = 64000
04-15 18:44:01.968 891 1468 D CCodecConfig: c2::u32 input.buffers.max-size.value = 32768
04-15 18:44:01.968 891 1468 D CCodecConfig: c2::u32 input.delay.value = 0
04-15 18:44:01.968 891 1468 D CCodecConfig: string input.media-type.value = "audio/vorbis"
04-15 18:44:01.968 891 1468 D CCodecConfig: string output.media-type.value = "audio/raw"
04-15 18:44:01.968 891 1468 D CCodecConfig: c2::u32 raw.channel-count.value = 1
04-15 18:44:01.968 891 1468 D CCodecConfig: c2::u32 raw.sample-rate.value = 48000
04-15 18:44:01.968 891 1468 D CCodecConfig: }
04-15 18:44:02.017 534 1397 I system_server: libdebuggerd_client: started dumping process 534
04-15 18:44:02.040 192 192 I tombstoned: registered intercept for pid 534 and type kDebuggerdJavaBacktrace
04-15 18:44:02.057 891 1468 D MediaCodec: flushMediametrics
04-15 18:44:02.058 891 1468 D CCodec : [c2.android.vorbis.decoder] buffers are bound to CCodec for this session
04-15 18:44:02.061 891 1468 D CCodecConfig: no c2 equivalents for durationUs
04-15 18:44:02.061 891 1468 D CCodecConfig: no c2 equivalents for track-id
04-15 18:44:02.062 891 1468 D CCodecConfig: no c2 equivalents for csd-1
04-15 18:44:02.062 891 1468 D CCodecConfig: no c2 equivalents for flags
04-15 18:44:02.077 192 192 I tombstoned: registered intercept for pid 891 and type kDebuggerdJavaBacktrace
04-15 18:44:02.079 891 895 I ndroid.systemui: Thread[3,tid=895,WaitingInMainSignalCatcherLoop,Thread*=0x753e0913a2c0,peer=0x13c826a0,"Signal Catcher"]: reacting to signal 3
04-15 18:44:02.088 891 895 I ndroid.systemui:
04-15 18:44:02.099 891 1468 D CCodecConfig: c2 config diff is c2::u32 coded.bitrate.value = 160000
04-15 18:44:02.099 891 1468 D CCodecConfig: c2::u32 raw.channel-count.value = 2
04-15 18:44:02.099 891 1468 D CCodecConfig: c2::u32 raw.sample-rate.value = 44100
04-15 18:44:02.140 891 1468 W Codec2Client: query -- param skipped: index = 1107298332.
04-15 18:44:02.141 891 1468 D CCodec : encoding statistics level = 0
04-15 18:44:02.142 891 1468 D CCodec : setup formats input: AMessage(what = 0x00000000) = {
04-15 18:44:02.142 891 1468 D CCodec : int32_t bitrate = 160000
04-15 18:44:02.142 891 1468 D CCodec : int32_t channel-count = 2
04-15 18:44:02.142 891 1468 D CCodec : int32_t max-input-size = 32768
04-15 18:44:02.142 891 1468 D CCodec : string mime = "audio/vorbis"
04-15 18:44:02.142 891 1468 D CCodec : int32_t sample-rate = 44100
04-15 18:44:02.142 891 1468 D CCodec : }
04-15 18:44:02.145 891 1468 D CCodec : setup formats output: AMessage(what = 0x00000000) = {
04-15 18:44:02.145 891 1468 D CCodec : int32_t channel-count = 2
04-15 18:44:02.145 891 1468 D CCodec : string mime = "audio/raw"
04-15 18:44:02.145 891 1468 D CCodec : int32_t sample-rate = 44100
04-15 18:44:02.145 891 1468 D CCodec : int32_t channel-mask = 3
04-15 18:44:02.145 891 1468 D CCodec : int32_t android._config-pcm-encoding = 2
04-15 18:44:02.145 891 1468 D CCodec : }
04-15 18:44:02.149 1472 1472 I idmap2d : Starting
04-15 18:44:02.161 891 1468 I CCodecConfig: query failed after returning 7 values (BAD_INDEX)
04-15 18:44:02.169 534 542 I system_server: Thread[2,tid=542,WaitingInMainSignalCatcherLoop,Thread*=0x753e0913a2c0,peer=0x144c0000,"Signal Catcher"]: reacting to signal 3
04-15 18:44:02.169 534 542 I system_server:
04-15 18:44:02.176 891 1468 W Codec2Client: query -- param skipped: index = 1342179345.
04-15 18:44:02.177 891 1468 W Codec2Client: query -- param skipped: index = 2415921170.
04-15 18:44:02.185 891 1468 D CCodecBufferChannel: [c2.android.vorbis.decoder#85] Created input block pool with allocatorID 16 => poolID 18 - OK (0)
04-15 18:44:02.257 891 1468 I CCodecBufferChannel: [c2.android.vorbis.decoder#85] Created output block pool with allocatorID 16 => poolID 24 - OK
04-15 18:44:02.257 891 1468 D CCodecBufferChannel: [c2.android.vorbis.decoder#85] Configured output block pool ids 24 => OK
04-15 18:44:02.314 450 1470 D SimpleC2Component: Using output block pool with poolID 24 => got 24 - 0
04-15 18:44:02.377 0 0 I binder : release 1412:1412 transaction 29236 out, still active
04-15 18:44:02.377 0 0 I binder : undelivered TRANSACTION_COMPLETE
04-15 18:44:02.386 0 0 I binder : release 1414:1414 transaction 29228 out, still active
04-15 18:44:02.386 0 0 I binder : undelivered TRANSACTION_COMPLETE
04-15 18:44:02.414 0 0 I binder : release 1416:1416 transaction 29181 out, still active
04-15 18:44:02.414 0 0 I binder : undelivered TRANSACTION_COMPLETE
04-15 18:44:02.437 0 0 I binder : release 1418:1418 transaction 29194 out, still active
04-15 18:44:02.437 0 0 I binder : undelivered TRANSACTION_COMPLETE
04-15 18:44:02.462 0 0 I binder : release 1420:1420 transaction 29214 out, still active
04-15 18:44:02.462 0 0 I binder : undelivered TRANSACTION_COMPLETE
04-15 18:44:02.627 534 1329 I SELinux : SELinux: Loaded file context from:
04-15 18:44:02.634 534 1329 I SELinux : /system/etc/selinux/plat_file_contexts
04-15 18:44:02.634 534 1329 I SELinux : /vendor/etc/selinux/vendor_file_contexts
04-15 18:44:02.666 891 946 W OpenGLRenderer: Failed to initialize 101010-2 format, error = EGL_SUCCESS
04-15 18:44:02.972 534 534 W system_server: Long monitor contention with owner bgres-controller (575) at void android.os.Message.recycleUnchecked()(Message.java:346) waiters=0 in void android.os.Message.recycleUnchecked() for 338ms
04-15 18:44:03.038 534 534 I Telecom : PhoneAccountRegistrar: getSimCallManager: SimCallManager for subId -1 queried, returning: null: TSI.gSCM(a)@AAE🔒
04-15 18:44:03.050 534 534 W Looper : Slow dispatch took 16679ms main h=android.app.ActivityThread$H c=android.app.LoadedApk$ServiceDispatcher$RunConnection@4a78398 m=0
04-15 18:44:03.137 534 1477 I ActivityManager: Broadcasting: Intent { act=com.android.emulator.multidisplay.START flg=0x400000 cmp=com.android.emulator.multidisplay/.MultiDisplayServiceReceiver }
04-15 18:44:03.144 0 0 I servicemanager: Could not find android.hardware.graphics.allocator.IAllocator/default in the VINTF manifest.
04-15 18:44:03.148 133 133 I hwservicemanager: getTransport: Cannot find entry android.hardware.graphics.mapper@4.0::IMapper/default in either framework or device VINTF manifest.
04-15 18:44:03.149 891 946 I Gralloc4: mapper 4.x is not supported
04-15 18:44:03.317 891 1468 D CCodecBufferChannel: [c2.android.vorbis.decoder#85] MediaCodec discarded an unknown buffer
04-15 18:44:03.318 891 1468 D CCodecBufferChannel: [c2.android.vorbis.decoder#85] MediaCodec discarded an unknown buffer
04-15 18:44:03.319 891 1468 D CCodecBufferChannel: [c2.android.vorbis.decoder#85] MediaCodec discarded an unknown buffer
04-15 18:44:03.493 891 946 E OpenGLRenderer: Unable to match the desired swap behavior.
04-15 18:44:03.504 891 1007 W Looper : Slow dispatch took 19200ms SysUiLng h=android.os.Handler c=com.android.systemui.wallpapers.ImageWallpaper$CanvasEngine$$ExternalSyntheticLambda0@70ff364 m=0
04-15 18:44:03.530 891 1331 D MediaCodec: flushMediametrics
04-15 18:44:03.541 891 1483 I hw-BpHwBinder: onLastStrongRef automatically unlinking death recipients
04-15 18:44:03.544 450 1471 I hw-BpHwBinder: onLastStrongRef automatically unlinking death recipients
04-15 18:44:03.544 450 1471 I hw-BpHwBinder: onLastStrongRef automatically unlinking death recipients
04-15 18:44:03.717 891 1331 D MediaCodecList: codecHandlesFormat: no format, so no extra checks
04-15 18:44:03.729 891 1367 D BufferPoolAccessor2.0: bufferpool2 0x753fa9146df8 : 0(0 size) total buffers - 0(0 size) used buffers - 2/7 (recycle/alloc) - 5/36 (fetch/transfer)
04-15 18:44:03.729 891 1367 D BufferPoolAccessor2.0: evictor expired: 1, evicted: 1
04-15 18:44:03.778 0 0 I init : Untracked pid 1454 received signal 1
04-15 18:44:03.778 0 0 I init : Untracked pid 1454 did not have an associated service entry and will not be reaped
04-15 18:44:03.829 891 1485 D CCodec : allocate(c2.android.vorbis.decoder)
04-15 18:44:03.888 891 1485 I CCodec : setting up 'default' as default (vendor) store
04-15 18:44:03.905 192 192 I tombstoned: received crash request for pid 891
04-15 18:44:03.905 192 192 I tombstoned: found intercept fd 513 for pid 891 and type kDebuggerdJavaBacktrace
04-15 18:44:03.923 450 890 D BufferPoolAccessor2.0: bufferpool2 0x742e4718f2e8 : 0(0 size) total buffers - 0(0 size) used buffers - 15/16 (recycle/alloc) - 1/15 (fetch/transfer)
04-15 18:44:03.925 450 890 D BufferPoolAccessor2.0: evictor expired: 1, evicted: 1
04-15 18:44:03.929 534 545 W system_server: Suspending all threads took: 453.585ms
04-15 18:44:03.935 891 895 I ndroid.systemui: Wrote stack traces to tombstoned
04-15 18:44:03.936 192 192 W tombstoned: skipping tombstone file creation due to intercept
04-15 18:44:03.959 891 1485 I CCodec : Created component [c2.android.vorbis.decoder]
04-15 18:44:03.968 534 557 W system_server: Long monitor contention with owner PackageManagerBg (587) at void com.android.server.pm.Settings.writePackageRestrictions(int, long, boolean)(Settings.java:2294) waiters=0 in void com.android.server.pm.AppDataHelper.lambda$prepareAppDataLeaf$2(java.lang.String, com.android.server.pm.pkg.AndroidPackage, int, int, android.os.CreateAppDataArgs, com.android.server.pm.PackageSetting, java.lang.Long, java.lang.Throwable) for 761ms
04-15 18:44:03.975 891 1485 D CCodecConfig: read media type: audio/vorbis
04-15 18:44:04.043 534 558 W system_server: Weak pointer dereference blocked for 106 milliseconds.
04-15 18:44:04.049 534 576 W system_server: Weak pointer dereference blocked for 101 milliseconds.
04-15 18:44:04.050 534 1481 W system_server: Weak pointer dereference blocked for 102 milliseconds.
04-15 18:44:04.089 891 1485 D ReflectedParamUpdater: extent() != 1 for single value type: algo.buffers.max-count.values
04-15 18:44:04.091 891 1485 D ReflectedParamUpdater: extent() != 1 for single value type: output.subscribed-indices.values
04-15 18:44:04.093 891 1485 D ReflectedParamUpdater: extent() != 1 for single value type: input.buffers.allocator-ids.values
04-15 18:44:04.094 891 1485 D ReflectedParamUpdater: extent() != 1 for single value type: output.buffers.allocator-ids.values
04-15 18:44:04.095 891 1485 D ReflectedParamUpdater: extent() != 1 for single value type: algo.buffers.allocator-ids.values
04-15 18:44:04.100 891 1485 D ReflectedParamUpdater: extent() != 1 for single value type: output.buffers.pool-ids.values
04-15 18:44:04.108 891 1485 D ReflectedParamUpdater: extent() != 1 for single value type: algo.buffers.pool-ids.values
04-15 18:44:04.148 891 1485 I CCodecConfig: query failed after returning 7 values (BAD_INDEX)
04-15 18:44:04.149 891 1485 D CCodecConfig: c2 config diff is Dict {
04-15 18:44:04.149 891 1485 D CCodecConfig: c2::u32 coded.bitrate.value = 64000
04-15 18:44:04.149 891 1485 D CCodecConfig: c2::u32 input.buffers.max-size.value = 32768
04-15 18:44:04.149 891 1485 D CCodecConfig: c2::u32 input.delay.value = 0
04-15 18:44:04.149 891 1485 D CCodecConfig: string input.media-type.value = "audio/vorbis"
04-15 18:44:04.149 891 1485 D CCodecConfig: string output.media-type.value = "audio/raw"
04-15 18:44:04.149 891 1485 D CCodecConfig: c2::u32 raw.channel-count.value = 1
04-15 18:44:04.149 891 1485 D CCodecConfig: c2::u32 raw.sample-rate.value = 48000
04-15 18:44:04.149 891 1485 D CCodecConfig: }
04-15 18:44:04.218 891 1485 D MediaCodec: flushMediametrics
04-15 18:44:04.219 891 1485 D CCodec : [c2.android.vorbis.decoder] buffers are bound to CCodec for this session
04-15 18:44:04.224 891 1485 D CCodecConfig: no c2 equivalents for durationUs
04-15 18:44:04.224 891 1485 D CCodecConfig: no c2 equivalents for track-id
04-15 18:44:04.225 891 1485 D CCodecConfig: no c2 equivalents for csd-1
04-15 18:44:04.225 891 1485 D CCodecConfig: no c2 equivalents for flags
04-15 18:44:04.242 891 1485 D CCodecConfig: c2 config diff is c2::u32 coded.bitrate.value = 160000
04-15 18:44:04.242 891 1485 D CCodecConfig: c2::u32 raw.channel-count.value = 2
04-15 18:44:04.257 891 1485 W Codec2Client: query -- param skipped: index = 1107298332.
04-15 18:44:04.258 891 1485 D CCodec : encoding statistics level = 0
04-15 18:44:04.258 891 1485 D CCodec : setup formats input: AMessage(what = 0x00000000) = {
04-15 18:44:04.258 891 1485 D CCodec : int32_t bitrate = 160000
04-15 18:44:04.258 891 1485 D CCodec : int32_t channel-count = 2
04-15 18:44:04.258 891 1485 D CCodec : int32_t max-input-size = 32768
04-15 18:44:04.258 891 1485 D CCodec : string mime = "audio/vorbis"
04-15 18:44:04.258 891 1485 D CCodec : int32_t sample-rate = 48000
04-15 18:44:04.258 891 1485 D CCodec : }
04-15 18:44:04.258 891 1485 D CCodec : setup formats output: AMessage(what = 0x00000000) = {
04-15 18:44:04.258 891 1485 D CCodec : int32_t channel-count = 2
04-15 18:44:04.258 891 1485 D CCodec : string mime = "audio/raw"
04-15 18:44:04.258 891 1485 D CCodec : int32_t sample-rate = 48000
04-15 18:44:04.258 891 1485 D CCodec : int32_t channel-mask = 3
04-15 18:44:04.258 891 1485 D CCodec : int32_t android._config-pcm-encoding = 2
04-15 18:44:04.258 891 1485 D CCodec : }
04-15 18:44:04.263 891 1485 I CCodecConfig: query failed after returning 7 values (BAD_INDEX)
04-15 18:44:04.317 891 1485 W Codec2Client: query -- param skipped: index = 1342179345.
04-15 18:44:04.318 891 1485 W Codec2Client: query -- param skipped: index = 2415921170.
04-15 18:44:04.339 891 1485 D CCodecBufferChannel: [c2.android.vorbis.decoder#320] Created input block pool with allocatorID 16 => poolID 19 - OK (0)
04-15 18:44:04.341 450 450 D BufferPoolAccessor2.0: Destruction - bufferpool2 0x742e4718f2e8 cached: 0/0M, 0/0% in use; allocs: 16, 94% recycled; transfers: 15, 93% unfetched
04-15 18:44:04.351 891 1368 D BufferPoolAccessor2.0: Destruction - bufferpool2 0x753fa9146df8 cached: 0/0M, 0/0% in use; allocs: 7, 29% recycled; transfers: 36, 86% unfetched
04-15 18:44:04.355 891 1485 I CCodecBufferChannel: [c2.android.vorbis.decoder#320] Created output block pool with allocatorID 16 => poolID 25 - OK
04-15 18:44:04.359 891 1485 D CCodecBufferChannel: [c2.android.vorbis.decoder#320] Configured output block pool ids 25 => OK
04-15 18:44:04.373 450 1488 D SimpleC2Component: Using output block pool with poolID 25 => got 25 - 0
04-15 18:44:04.413 1118 1118 D TelephonyProvider: addAllApnSharedPrefToLocalLog
04-15 18:44:04.552 891 1007 W Looper : Slow delivery took 19178ms SysUiLng h=android.os.Handler c=com.android.systemui.wallpapers.ImageWallpaper$CanvasEngine$$ExternalSyntheticLambda0@614e585 m=0
04-15 18:44:04.475 534 1478 I ActivityManager: Broadcasting: Intent { act=com.android.emulator.multidisplay.START flg=0x400000 cmp=com.android.emulator.multidisplay/.MultiDisplayServiceReceiver }
04-15 18:44:04.559 534 1374 I system_server: libdebuggerd_client: done dumping process 891
04-15 18:44:04.598 1118 1118 D TelephonyProvider: onCreate: updating build id to UE1A.230829.036.A1
04-15 18:44:04.623 891 1007 W Looper : Drained
04-15 18:44:04.664 534 557 V PackageManager: reconcileAppsData finished 203 packages
04-15 18:44:04.665 534 557 V SystemServerTiming: reconcileAppsData-0 took to complete: 15384ms
04-15 18:44:04.666 534 557 V SystemServerTiming: UM.onBeforeUnlockUser-0 took to complete: 17609ms
04-15 18:44:04.667 534 557 I ActivityManager: User 0 state changed from RUNNING_LOCKED to RUNNING_UNLOCKING
04-15 18:44:04.680 534 806 W system_server: Long monitor contention with owner bgres-controller (575) at void android.os.Message.recycleUnchecked()(Message.java:346) waiters=1 in android.os.Message android.os.Message.obtain() for 567ms
04-15 18:44:04.683 534 1477 I ActivityManager: Enqueued broadcast Intent { act=com.android.emulator.multidisplay.START flg=0x400000 cmp=com.android.emulator.multidisplay/.MultiDisplayServiceReceiver }: 0
04-15 18:44:04.714 891 945 W Looper : Slow dispatch took 3482ms SysUiBg h=android.os.Handler c=android.net.wifi.WifiManager$ScanResultsCallback$ScanResultsCallbackProxy$$ExternalSyntheticLambda0@caa3c0b m=0
04-15 18:44:04.715 891 945 I CameraManagerGlobal: Connecting to camera service
04-15 18:44:04.736 1118 1118 D DeferredSmsMmsRestoreService: startIfFilesExist: no files to restore
04-15 18:44:04.737 1118 1118 D DeferredSmsMmsRestoreService: addAllSharedPrefToLocalLog
04-15 18:44:04.752 534 557 D ActivityManager: Unlocking user 0 progress 20
04-15 18:44:04.753 534 557 W Looper : Slow dispatch took 17697ms android.fg h=android.os.Handler c=com.android.server.am.UserController$$ExternalSyntheticLambda2@d68c16c m=0
04-15 18:44:04.758 534 567 D SystemServerTimingAsync: ssm.UnlockingUser-0
04-15 18:44:04.794 534 567 I SystemServiceManager: Calling onUnlockingUser 0
04-15 18:44:04.817 534 567 D SystemServerTimingAsync: ssm.onUnlockingUser-0_com.android.server.security.FileIntegrityService
04-15 18:44:04.818 534 567 V SystemServerTimingAsync: ssm.onUnlockingUser-0_com.android.server.security.FileIntegrityService took to complete: 0ms
04-15 18:44:04.819 534 567 D SystemServerTimingAsync: ssm.onUnlockingUser-0_com.android.server.pm.Installer
04-15 18:44:04.819 534 567 V SystemServerTimingAsync: ssm.onUnlockingUser-0_com.android.server.pm.Installer took to complete: 0ms
04-15 18:44:04.826 534 534 D BluetoothManagerService: BluetoothServiceConnection: com.android.bluetooth.btservice.AdapterService
04-15 18:44:04.837 534 646 D BluetoothManagerService: MESSAGE_BLUETOOTH_SERVICE_CONNECTED: 1
04-15 18:44:04.842 534 559 I DropBoxManagerService: add tag=system_app_strictmode isTagEnabled=true flags=0x2
04-15 18:44:04.849 534 567 D SystemServerTimingAsync: ssm.onUnlockingUser-0_com.android.server.os.DeviceIdentifiersPolicyService
04-15 18:44:04.850 534 567 V SystemServerTimingAsync: ssm.onUnlockingUser-0_com.android.server.os.DeviceIdentifiersPolicyService took to complete: 0ms
04-15 18:44:04.850 534 567 D SystemServerTimingAsync: ssm.onUnlockingUser-0_com.android.server.uri.UriGrantsManagerService$Lifecycle
04-15 18:44:04.851 534 567 V SystemServerTimingAsync: ssm.onUnlockingUser-0_com.android.server.uri.UriGrantsManagerService$Lifecycle took to complete: 0ms
04-15 18:44:04.851 534 567 D SystemServerTimingAsync: ssm.onUnlockingUser-0_com.android.server.powerstats.PowerStatsService
04-15 18:44:04.852 534 567 V SystemServerTimingAsync: ssm.onUnlockingUser-0_com.android.server.powerstats.PowerStatsService took to complete: 0ms
04-15 18:44:04.884 534 567 D SystemServerTimingAsync: ssm.onUnlockingUser-0_com.android.server.permission.access.AccessCheckingService
04-15 18:44:04.921 534 1478 D CompatibilityChangeReporter: Compat change id reported: 161252188; UID 1000; state: DISABLED
04-15 18:44:04.934 534 1478 I ActivityManager: Enqueued broadcast Intent { act=com.android.emulator.multidisplay.START flg=0x400000 cmp=com.android.emulator.multidisplay/.MultiDisplayServiceReceiver }: 0
04-15 18:44:04.935 534 567 V SystemServerTimingAsync: ssm.onUnlockingUser-0_com.android.server.permission.access.AccessCheckingService took to complete: 0ms
04-15 18:44:04.938 534 567 D SystemServerTimingAsync: ssm.onUnlockingUser-0_com.android.server.wm.ActivityTaskManagerService$Lifecycle
04-15 18:44:04.949 534 619 W system_server: Long monitor contention with owner binder:534_10 (1478) at int com.android.server.am.ActivityManagerService.broadcastIntentWithFeature(android.app.IApplicationThread, java.lang.String, android.content.Intent, java.lang.String, android.content.IIntentReceiver, int, java.lang.String, android.os.Bundle, java.lang.String[], java.lang.String[], java.lang.String[], int, android.os.Bundle, boolean, boolean, int)(ActivityManagerService.java:15343) waiters=3 in void com.android.server.am.ActivityManagerService$LocalService.updateDeviceIdleTempAllowlist(int[], int, boolean, long, int, int, java.lang.String, int) for 139ms
04-15 18:44:04.951 534 619 D OomAdjuster: Not killing cached processes
04-15 18:44:04.954 534 567 V SystemServerTimingAsync: ssm.onUnlockingUser-0_com.android.server.wm.ActivityTaskManagerService$Lifecycle took to complete: 0ms
04-15 18:44:04.964 534 534 W Looper : Slow dispatch took 133ms main h=android.app.ActivityThread$H c=null m=114
04-15 18:44:04.965 534 1482 W system_server: Long monitor contention with owner binder:534_10 (1478) at int com.android.server.am.ActivityManagerService.broadcastIntentWithFeature(android.app.IApplicationThread, java.lang.String, android.content.Intent, java.lang.String, android.content.IIntentReceiver, int, java.lang.String, android.os.Bundle, java.lang.String[], java.lang.String[], java.lang.String[], int, android.os.Bundle, boolean, boolean, int)(ActivityManagerService.java:15343) waiters=1 in android.content.Intent com.android.server.am.ActivityManagerService.registerReceiverWithFeature(android.app.IApplicationThread, java.lang.String, java.lang.String, java.lang.String, android.content.IIntentReceiver, android.content.IntentFilter, java.lang.String, int, int) for 223ms
04-15 18:44:04.968 534 557 W system_server: Long monitor contention with owner binder:534_10 (1478) at int com.android.server.am.ActivityManagerService.broadcastIntentWithFeature(android.app.IApplicationThread, java.lang.String, android.content.Intent, java.lang.String, android.content.IIntentReceiver, int, java.lang.String, android.os.Bundle, java.lang.String[], java.lang.String[], java.lang.String[], int, android.os.Bundle, boolean, boolean, int)(ActivityManagerService.java:15343) waiters=2 in int com.android.server.am.ActivityManagerService.broadcastIntentWithFeature(android.app.IApplicationThread, java.lang.String, android.content.Intent, java.lang.String, android.content.IIntentReceiver, int, java.lang.String, android.os.Bundle, java.lang.String[], java.lang.String[], java.lang.String[], int, android.os.Bundle, boolean, boolean, int) for 208ms
04-15 18:44:04.971 534 557 W Looper : Slow dispatch took 210ms android.fg h=com.android.server.DropBoxManagerService$DropBoxManagerBroadcastHandler c=null m=2
04-15 18:44:04.971 534 557 I ActivityManager: Broadcast completed: result=0
04-15 18:44:04.989 0 0 E binder : invalid inc weak node for 29350
04-15 18:44:04.989 0 0 I binder : 534:1477 IncRefs 0 refcount change on invalid ref 504 ret -22
04-15 18:44:04.989 0 0 E binder : invalid inc weak node for 29352
04-15 18:44:04.989 0 0 I binder : 534:1477 IncRefs 0 refcount change on invalid ref 505 ret -22
04-15 18:44:04.979 534 1477 E IPCThreadState: Binder transaction failure: 30249/29189/-22
04-15 18:44:05.015 534 619 W BroadcastLoopers: Found previously unknown looper Thread[appscheduling.default,5,main]
04-15 18:44:05.035 534 534 D BluetoothA2dp: Binding service...
04-15 18:44:05.044 534 567 D SystemServerTimingAsync: ssm.onUnlockingUser-0_com.android.server.am.ActivityManagerService$Lifecycle
04-15 18:44:05.045 534 567 V SystemServerTimingAsync: ssm.onUnlockingUser-0_com.android.server.am.ActivityManagerService$Lifecycle took to complete: 0ms
04-15 18:44:05.046 534 567 D SystemServerTimingAsync: ssm.onUnlockingUser-0_com.android.server.pm.DataLoaderManagerService
04-15 18:44:05.057 534 567 V SystemServerTimingAsync: ssm.onUnlockingUser-0_com.android.server.pm.DataLoaderManagerService took to complete: 1ms
04-15 18:44:05.057 534 567 D SystemServerTimingAsync: ssm.onUnlockingUser-0_com.android.server.power.PowerManagerService
04-15 18:44:05.057 534 567 V SystemServerTimingAsync: ssm.onUnlockingUser-0_com.android.server.power.PowerManagerService took to complete: 0ms
04-15 18:44:05.057 534 567 D SystemServerTimingAsync: ssm.onUnlockingUser-0_com.android.server.power.ThermalManagerService
04-15 18:44:05.057 534 567 V SystemServerTimingAsync: ssm.onUnlockingUser-0_com.android.server.power.ThermalManagerService took to complete: 0ms
04-15 18:44:05.057 534 567 D SystemServerTimingAsync: ssm.onUnlockingUser-0_com.android.server.power.hint.HintManagerService
04-15 18:44:05.057 534 567 V SystemServerTimingAsync: ssm.onUnlockingUser-0_com.android.server.power.hint.HintManagerService took to complete: 0ms
04-15 18:44:05.057 534 567 D SystemServerTimingAsync: ssm.onUnlockingUser-0_com.android.server.recoverysystem.RecoverySystemService$Lifecycle
04-15 18:44:05.057 534 567 V SystemServerTimingAsync: ssm.onUnlockingUser-0_com.android.server.recoverysystem.RecoverySystemService$Lifecycle took to complete: 0ms
04-15 18:44:05.057 534 567 D SystemServerTimingAsync: ssm.onUnlockingUser-0_com.android.server.lights.LightsService
04-15 18:44:05.058 534 567 V SystemServerTimingAsync: ssm.onUnlockingUser-0_com.android.server.lights.LightsService took to complete: 0ms
04-15 18:44:05.058 534 567 D SystemServerTimingAsync: ssm.onUnlockingUser-0_com.android.server.display.DisplayManagerService
04-15 18:44:05.058 534 567 V SystemServerTimingAsync: ssm.onUnlockingUser-0_com.android.server.display.DisplayManagerService took to complete: 0ms
04-15 18:44:05.063 534 534 D BluetoothManagerService: Trying to bind to profile: 2, while Bluetooth was disabled
04-15 18:44:05.076 534 567 D SystemServerTimingAsync: ssm.onUnlockingUser-0_com.android.server.pm.verify.domain.DomainVerificationService
04-15 18:44:05.077 534 567 V SystemServerTimingAsync: ssm.onUnlockingUser-0_com.android.server.pm.verify.domain.DomainVerificationService took to complete: 0ms
04-15 18:44:05.077 534 567 D SystemServerTimingAsync: ssm.onUnlockingUser-0_com.android.server.pm.PackageInstallerService$Lifecycle
04-15 18:44:05.077 534 567 V SystemServerTimingAsync: ssm.onUnlockingUser-0_com.android.server.pm.PackageInstallerService$Lifecycle took to complete: 0ms
04-15 18:44:05.077 534 567 D SystemServerTimingAsync: ssm.onUnlockingUser-0_com.android.server.pm.UserManagerService$LifeCycle
04-15 18:44:05.077 534 567 V SystemServerTimingAsync: ssm.onUnlockingUser-0_com.android.server.pm.UserManagerService$LifeCycle took to complete: 0ms
04-15 18:44:05.077 534 567 D SystemServerTimingAsync: ssm.onUnlockingUser-0_com.android.server.om.OverlayManagerService
04-15 18:44:05.077 534 567 V SystemServerTimingAsync: ssm.onUnlockingUser-0_com.android.server.om.OverlayManagerService took to complete: 0ms
04-15 18:44:05.077 534 567 D SystemServerTimingAsync: ssm.onUnlockingUser-0_com.android.server.resources.ResourcesManagerService
04-15 18:44:05.078 534 567 V SystemServerTimingAsync: ssm.onUnlockingUser-0_com.android.server.resources.ResourcesManagerService took to complete: 0ms
04-15 18:44:05.078 534 567 D SystemServerTimingAsync: ssm.onUnlockingUser-0_com.android.server.sensorprivacy.SensorPrivacyService
04-15 18:44:05.078 534 567 V SystemServerTimingAsync: ssm.onUnlockingUser-0_com.android.server.sensorprivacy.SensorPrivacyService took to complete: 0ms
04-15 18:44:05.078 534 567 D SystemServerTimingAsync: ssm.onUnlockingUser-0_com.android.server.sensors.SensorService
04-15 18:44:05.078 534 567 V SystemServerTimingAsync: ssm.onUnlockingUser-0_com.android.server.sensors.SensorService took to complete: 0ms
04-15 18:44:05.078 534 567 D SystemServerTimingAsync: ssm.onUnlockingUser-0_com.android.server.SystemConfigService
04-15 18:44:05.078 534 567 V SystemServerTimingAsync: ssm.onUnlockingUser-0_com.android.server.SystemConfigService took to complete: 0ms
04-15 18:44:05.078 534 567 D SystemServerTimingAsync: ssm.onUnlockingUser-0_com.android.server.BatteryService
04-15 18:44:05.078 534 567 V SystemServerTimingAsync: ssm.onUnlockingUser-0_com.android.server.BatteryService took to complete: 0ms
04-15 18:44:05.078 534 567 D SystemServerTimingAsync: ssm.onUnlockingUser-0_com.android.server.usage.UsageStatsService
04-15 18:44:05.080 534 534 D BluetoothHearingAid: Binding service...
04-15 18:44:05.080 534 534 D BluetoothManagerService: Trying to bind to profile: 21, while Bluetooth was disabled
04-15 18:44:05.081 534 534 D BluetoothLeAudio: Binding service...
04-15 18:44:05.104 534 567 V SystemServerTimingAsync: ssm.onUnlockingUser-0_com.android.server.usage.UsageStatsService took to complete: 0ms
04-15 18:44:05.104 534 567 D SystemServerTimingAsync: ssm.onUnlockingUser-0_com.android.server.webkit.WebViewUpdateService
04-15 18:44:05.104 534 567 V SystemServerTimingAsync: ssm.onUnlockingUser-0_com.android.server.webkit.WebViewUpdateService took to complete: 0ms
04-15 18:44:05.104 534 567 D SystemServerTimingAsync: ssm.onUnlockingUser-0_com.android.server.CachedDeviceStateService
04-15 18:44:05.104 534 567 V SystemServerTimingAsync: ssm.onUnlockingUser-0_com.android.server.CachedDeviceStateService took to complete: 0ms
04-15 18:44:05.104 534 567 D SystemServerTimingAsync: ssm.onUnlockingUser-0_com.android.server.BinderCallsStatsService$LifeCycle
04-15 18:44:05.104 534 567 V SystemServerTimingAsync: ssm.onUnlockingUser-0_com.android.server.BinderCallsStatsService$LifeCycle took to complete: 0ms
04-15 18:44:05.105 534 567 D SystemServerTimingAsync: ssm.onUnlockingUser-0_com.android.server.LooperStatsService$Lifecycle
04-15 18:44:05.105 534 567 V SystemServerTimingAsync: ssm.onUnlockingUser-0_com.android.server.LooperStatsService$Lifecycle took to complete: 0ms
04-15 18:44:05.105 534 567 D SystemServerTimingAsync: ssm.onUnlockingUser-0_com.android.server.rollback.RollbackManagerService
04-15 18:44:05.106 534 534 D BluetoothManagerService: Trying to bind to profile: 22, while Bluetooth was disabled
04-15 18:44:05.109 534 567 V SystemServerTimingAsync: ssm.onUnlockingUser-0_com.android.server.rollback.RollbackManagerService took to complete: 4ms
04-15 18:44:05.111 534 567 D SystemServerTimingAsync: ssm.onUnlockingUser-0_com.android.server.os.NativeTombstoneManagerService
04-15 18:44:05.111 534 567 V SystemServerTimingAsync: ssm.onUnlockingUser-0_com.android.server.os.NativeTombstoneManagerService took to complete: 0ms
04-15 18:44:05.111 534 567 D SystemServerTimingAsync: ssm.onUnlockingUser-0_com.android.server.os.BugreportManagerService
04-15 18:44:05.115 534 567 V SystemServerTimingAsync: ssm.onUnlockingUser-0_com.android.server.os.BugreportManagerService took to complete: 0ms
04-15 18:44:05.115 534 567 D SystemServerTimingAsync: ssm.onUnlockingUser-0_com.android.server.gpu.GpuService
04-15 18:44:05.125 0 0 I apexd : destroyCeSnapshotsNotSpecified() received by ApexService user_id : 0 retain_rollback_ids : []
04-15 18:44:05.119 534 567 V SystemServerTimingAsync: ssm.onUnlockingUser-0_com.android.server.gpu.GpuService took to complete: 0ms
04-15 18:44:05.119 534 567 D SystemServerTimingAsync: ssm.onUnlockingUser-0_com.android.server.security.rkp.RemoteProvisioningService
04-15 18:44:05.122 534 567 V SystemServerTimingAsync: ssm.onUnlockingUser-0_com.android.server.security.rkp.RemoteProvisioningService took to complete: 1ms
04-15 18:44:05.122 534 567 D SystemServerTimingAsync: ssm.onUnlockingUser-0_com.android.server.cpu.CpuMonitorService
04-15 18:44:05.122 534 567 V SystemServerTimingAsync: ssm.onUnlockingUser-0_com.android.server.cpu.CpuMonitorService took to complete: 0ms
04-15 18:44:05.122 534 567 D SystemServerTimingAsync: ssm.onUnlockingUser-0_com.android.server.security.KeyChainSystemService
04-15 18:44:05.122 534 567 V SystemServerTimingAsync: ssm.onUnlockingUser-0_com.android.server.security.KeyChainSystemService took to complete: 0ms
04-15 18:44:05.122 534 567 D SystemServerTimingAsync: ssm.onUnlockingUser-0_com.android.server.BinaryTransparencyService
04-15 18:44:05.122 534 567 V SystemServerTimingAsync: ssm.onUnlockingUser-0_com.android.server.BinaryTransparencyService took to complete: 0ms
04-15 18:44:05.122 534 567 D SystemServerTimingAsync: ssm.onUnlockingUser-0_com.android.server.telecom.TelecomLoaderService
04-15 18:44:05.122 534 567 V SystemServerTimingAsync: ssm.onUnlockingUser-0_com.android.server.telecom.TelecomLoaderService took to complete: 0ms
04-15 18:44:05.122 534 567 D SystemServerTimingAsync: ssm.onUnlockingUser-0_com.android.server.accounts.AccountManagerService$Lifecycle
04-15 18:44:05.123 534 567 V SystemServerTimingAsync: ssm.onUnlockingUser-0_com.android.server.accounts.AccountManagerService$Lifecycle took to complete: 1ms
04-15 18:44:05.123 534 567 D SystemServerTimingAsync: ssm.onUnlockingUser-0_com.android.server.content.ContentService$Lifecycle
04-15 18:44:05.123 534 567 V SystemServerTimingAsync: ssm.onUnlockingUser-0_com.android.server.content.ContentService$Lifecycle took to complete: 0ms
04-15 18:44:05.123 534 567 D SystemServerTimingAsync: ssm.onUnlockingUser-0_com.android.server.deviceconfig.DeviceConfigInit$Lifecycle
04-15 18:44:05.128 534 567 V SystemServerTimingAsync: ssm.onUnlockingUser-0_com.android.server.deviceconfig.DeviceConfigInit$Lifecycle took to complete: 0ms
04-15 18:44:05.129 534 567 D SystemServerTimingAsync: ssm.onUnlockingUser-0_com.android.server.DropBoxManagerService
04-15 18:44:05.129 534 567 V SystemServerTimingAsync: ssm.onUnlockingUser-0_com.android.server.DropBoxManagerService took to complete: 0ms
04-15 18:44:05.129 534 567 D SystemServerTimingAsync: ssm.onUnlockingUser-0_com.android.role.RoleService
04-15 18:44:05.130 534 567 V SystemServerTimingAsync: ssm.onUnlockingUser-0_com.android.role.RoleService took to complete: 0ms
04-15 18:44:05.130 534 567 D SystemServerTimingAsync: ssm.onUnlockingUser-0_com.android.server.vibrator.VibratorManagerService$Lifecycle
04-15 18:44:05.130 534 567 V SystemServerTimingAsync: ssm.onUnlockingUser-0_com.android.server.vibrator.VibratorManagerService$Lifecycle took to complete: 0ms
04-15 18:44:05.133 534 567 D SystemServerTimingAsync: ssm.onUnlockingUser-0_com.android.server.tare.InternalResourceService
04-15 18:44:05.134 534 567 V SystemServerTimingAsync: ssm.onUnlockingUser-0_com.android.server.tare.InternalResourceService took to complete: 0ms
04-15 18:44:05.134 534 567 D SystemServerTimingAsync: ssm.onUnlockingUser-0_com.android.server.alarm.AlarmManagerService
04-15 18:44:05.135 534 567 V SystemServerTimingAsync: ssm.onUnlockingUser-0_com.android.server.alarm.AlarmManagerService took to complete: 0ms
04-15 18:44:05.136 891 1485 D CCodecBufferChannel: [c2.android.vorbis.decoder#320] MediaCodec discarded an unknown buffer
04-15 18:44:05.137 891 1485 D CCodecBufferChannel: [c2.android.vorbis.decoder#320] MediaCodec discarded an unknown buffer
04-15 18:44:05.137 891 1485 D CCodecBufferChannel: [c2.android.vorbis.decoder#320] MediaCodec discarded an unknown buffer
04-15 18:44:05.141 534 567 D SystemServerTimingAsync: ssm.onUnlockingUser-0_com.android.server.devicestate.DeviceStateManagerService
04-15 18:44:05.141 534 567 V SystemServerTimingAsync: ssm.onUnlockingUser-0_com.android.server.devicestate.DeviceStateManagerService took to complete: 0ms
04-15 18:44:05.143 534 567 D SystemServerTimingAsync: ssm.onUnlockingUser-0_com.android.server.camera.CameraServiceProxy
04-15 18:44:05.143 534 567 V SystemServerTimingAsync: ssm.onUnlockingUser-0_com.android.server.camera.CameraServiceProxy took to complete: 0ms
04-15 18:44:05.143 534 567 D SystemServerTimingAsync: ssm.onUnlockingUser-0_com.android.server.bluetooth.BluetoothService
04-15 18:44:05.163 534 567 D BluetoothManagerService: User UserHandle{0} unlocked
04-15 18:44:05.163 534 567 V SystemServerTimingAsync: ssm.onUnlockingUser-0_com.android.server.bluetooth.BluetoothService took to complete: 15ms
04-15 18:44:05.198 534 567 D SystemServerTimingAsync: ssm.onUnlockingUser-0_com.android.server.connectivity.IpConnectivityMetrics
04-15 18:44:05.198 534 567 V SystemServerTimingAsync: ssm.onUnlockingUser-0_com.android.server.connectivity.IpConnectivityMetrics took to complete: 0ms
04-15 18:44:05.203 534 646 D BluetoothManagerService: Broadcasting onBluetoothServiceUp() to 3 receivers.
04-15 18:44:05.273 891 1485 I hw-BpHwBinder: onLastStrongRef automatically unlinking death recipients
04-15 18:44:05.276 450 1371 I hw-BpHwBinder: onLastStrongRef automatically unlinking death recipients
04-15 18:44:05.277 450 1371 I hw-BpHwBinder: onLastStrongRef automatically unlinking death recipients
04-15 18:44:05.283 891 1331 D MediaCodec: flushMediametrics
04-15 18:44:05.306 534 646 D BluetoothAdapter: onBluetoothServiceUp: android.bluetooth.IBluetooth$Stub$Proxy@6c9e72b
04-15 18:44:05.326 891 1179 D BluetoothAdapter: onBluetoothServiceUp: android.bluetooth.IBluetooth$Stub$Proxy@f08fd94
04-15 18:44:05.332 534 567 D SystemServerTimingAsync: ssm.onUnlockingUser-0_com.android.server.net.watchlist.NetworkWatchlistService$Lifecycle
04-15 18:44:05.332 534 567 V SystemServerTimingAsync: ssm.onUnlockingUser-0_com.android.server.net.watchlist.NetworkWatchlistService$Lifecycle took to complete: 0ms
04-15 18:44:05.332 534 567 D SystemServerTimingAsync: ssm.onUnlockingUser-0_com.android.server.PinnerService
04-15 18:44:05.333 534 567 V SystemServerTimingAsync: ssm.onUnlockingUser-0_com.android.server.PinnerService took to complete: 0ms
04-15 18:44:05.333 534 567 D SystemServerTimingAsync: ssm.onUnlockingUser-0_com.android.server.integrity.AppIntegrityManagerService
04-15 18:44:05.333 534 567 V SystemServerTimingAsync: ssm.onUnlockingUser-0_com.android.server.integrity.AppIntegrityManagerService took to complete: 0ms
04-15 18:44:05.333 534 567 D SystemServerTimingAsync: ssm.onUnlockingUser-0_com.android.server.logcat.LogcatManagerService
04-15 18:44:05.333 534 567 V SystemServerTimingAsync: ssm.onUnlockingUser-0_com.android.server.logcat.LogcatManagerService took to complete: 0ms
04-15 18:44:05.333 534 567 D SystemServerTimingAsync: ssm.onUnlockingUser-0_com.android.server.inputmethod.InputMethodManagerService$Lifecycle
04-15 18:44:05.344 534 567 V SystemServerTimingAsync: ssm.onUnlockingUser-0_com.android.server.inputmethod.InputMethodManagerService$Lifecycle took to complete: 11ms
04-15 18:44:05.345 534 567 D SystemServerTimingAsync: ssm.onUnlockingUser-0_com.android.server.accessibility.AccessibilityManagerService$Lifecycle
04-15 18:44:05.345 534 567 V SystemServerTimingAsync: ssm.onUnlockingUser-0_com.android.server.accessibility.AccessibilityManagerService$Lifecycle took to complete: 0ms
04-15 18:44:05.345 534 567 D SystemServerTimingAsync: ssm.onUnlockingUser-0_com.android.server.StorageManagerService$Lifecycle
04-15 18:44:05.345 534 567 D StorageManagerService: onUnlockUser 0
04-15 18:44:05.345 534 567 I StorageSessionController: On user unlock 0
04-15 18:44:05.345 534 567 I StorageSessionController: Initialialising...
04-15 18:44:05.357 1089 1101 D BluetoothAdapter: onBluetoothServiceUp: com.android.bluetooth.btservice.AdapterService$AdapterServiceBinder@1a94eb6
04-15 18:44:05.399 141 141 I vold : onUserStarted: 0
04-15 18:44:05.422 534 550 E IPCThreadState: Binder transaction failure: 30341/29189/-22
04-15 18:44:05.436 1089 1101 D BluetoothAdapterService: enable() - Enable called with quiet mode status = false
04-15 18:44:05.439 1089 1208 I AdapterState: BLE_TURNING_ON : entered
04-15 18:44:05.440 1089 1208 D AdapterProperties: Setting state to BLE_TURNING_ON
04-15 18:44:05.453 1089 1208 D BluetoothAdapterService: updateAdapterState() - Broadcasting state BLE_TURNING_ON to 1 receivers.
04-15 18:44:05.472 534 646 D BluetoothManagerService: MESSAGE_GET_NAME_AND_ADDRESS
04-15 18:44:05.494 534 646 D BluetoothManagerService: Stored Bluetooth name: Android SDK built for x86_64
04-15 18:44:05.495 534 646 D BluetoothManagerService: MESSAGE_USER_UNLOCKED
04-15 18:44:05.498 534 646 D BluetoothManagerService: MESSAGE_BLUETOOTH_STATE_CHANGE: OFF > BLE_TURNING_ON
04-15 18:44:05.498 534 646 D BluetoothManagerService: Sending BLE State Change: OFF > BLE_TURNING_ON
04-15 18:44:05.499 534 646 W BroadcastLoopers: Found previously unknown looper Thread[BluetoothManagerService,5,main]
04-15 18:44:05.575 534 557 W Looper : Slow dispatch took 154ms android.fg h=android.os.Handler c=com.android.server.om.OverlayManagerService$$ExternalSyntheticLambda0@31b73f6 m=0
04-15 18:44:05.617 534 567 W SystemServiceManager: Service com.android.server.StorageManagerService$Lifecycle took 254 ms in onUnlockingUser-0
04-15 18:44:05.620 534 868 W system_server: Long monitor contention with owner binder:534_2 (550) at java.util.List com.android.server.om.OverlayManagerService.updatePackageManagerLocked(java.util.Collection, int)(OverlayManagerService.java:1534) waiters=0 in boolean com.android.server.om.OverlayManagerService$1.setEnabledExclusiveInCategory(java.lang.String, int) for 3.128s
04-15 18:44:05.634 0 0 E binder : invalid inc weak node for 29237
04-15 18:44:05.634 0 0 I binder : 534:868 IncRefs 0 refcount change on invalid ref 490 ret -22
04-15 18:44:05.634 0 0 E binder : invalid inc weak node for 29239
04-15 18:44:05.634 0 0 I binder : 534:868 IncRefs 0 refcount change on invalid ref 491 ret -22
04-15 18:44:05.637 534 567 V SystemServerTimingAsync: ssm.onUnlockingUser-0_com.android.server.StorageManagerService$Lifecycle took to complete: 292ms
04-15 18:44:05.637 534 567 D SystemServerTimingAsync: ssm.onUnlockingUser-0_com.android.server.usage.StorageStatsService$Lifecycle
04-15 18:44:05.639 534 567 V SystemServerTimingAsync: ssm.onUnlockingUser-0_com.android.server.usage.StorageStatsService$Lifecycle took to complete: 0ms
04-15 18:44:05.642 534 567 D SystemServerTimingAsync: ssm.onUnlockingUser-0_com.android.server.UiModeManagerService
04-15 18:44:05.643 534 567 V SystemServerTimingAsync: ssm.onUnlockingUser-0_com.android.server.UiModeManagerService took to complete: 0ms
04-15 18:44:05.652 534 567 D SystemServerTimingAsync: ssm.onUnlockingUser-0_com.android.server.locales.LocaleManagerService
04-15 18:44:05.652 534 567 V SystemServerTimingAsync: ssm.onUnlockingUser-0_com.android.server.locales.LocaleManagerService took to complete: 0ms
04-15 18:44:05.653 534 567 D SystemServerTimingAsync: ssm.onUnlockingUser-0_com.android.server.grammaticalinflection.GrammaticalInflectionService
04-15 18:44:05.653 534 567 V SystemServerTimingAsync: ssm.onUnlockingUser-0_com.android.server.grammaticalinflection.GrammaticalInflectionService took to complete: 0ms
04-15 18:44:05.654 534 567 D SystemServerTimingAsync: ssm.onUnlockingUser-0_com.android.server.apphibernation.AppHibernationService
04-15 18:44:05.655 534 567 V SystemServerTimingAsync: ssm.onUnlockingUser-0_com.android.server.apphibernation.AppHibernationService took to complete: 1ms
04-15 18:44:05.655 534 567 D SystemServerTimingAsync: ssm.onUnlockingUser-0_com.android.server.locksettings.LockSettingsService$Lifecycle
04-15 18:44:05.689 534 534 W NotificationHistory: Attempted to add notif for locked/gone/disabled user 0
04-15 18:44:05.691 534 534 W Looper : Slow dispatch took 376ms main h=com.android.server.notification.NotificationManagerService$WorkerHandler c=com.android.server.notification.NotificationManagerService$PostNotificationRunnable@4aac885 m=0
04-15 18:44:05.693 534 1480 V StorageManagerService: Found primary storage at VolumeInfo{emulated;0}:
04-15 18:44:05.693 534 1480 V StorageManagerService: type=EMULATED diskId=null partGuid= mountFlags=0 mountUserId=0
04-15 18:44:05.693 534 1480 V StorageManagerService: state=UNMOUNTED
04-15 18:44:05.693 534 1480 V StorageManagerService: fsType=null fsUuid=null fsLabel=null
04-15 18:44:05.693 534 1480 V StorageManagerService: path=null internalPath=null
04-15 18:44:05.705 534 653 I StorageManagerService: Mounting volume VolumeInfo{emulated;0}:
04-15 18:44:05.705 534 653 I StorageManagerService: type=EMULATED diskId=null partGuid= mountFlags=PRIMARY|VISIBLE_FOR_WRITE
04-15 18:44:05.705 534 653 I StorageManagerService: mountUserId=0 state=UNMOUNTED
04-15 18:44:05.705 534 653 I StorageManagerService: fsType=null fsUuid=null fsLabel=null
04-15 18:44:05.705 534 653 I StorageManagerService: path=null internalPath=null
04-15 18:44:05.709 534 567 V SystemServerTimingAsync: ssm.onUnlockingUser-0_com.android.server.locksettings.LockSettingsService$Lifecycle took to complete: 0ms
04-15 18:44:05.714 534 567 D SystemServerTimingAsync: ssm.onUnlockingUser-0_com.android.server.testharness.TestHarnessModeService
04-15 18:44:05.721 141 141 I vold : Mounting emulated fuse volume
04-15 18:44:05.726 534 567 V SystemServerTimingAsync: ssm.onUnlockingUser-0_com.android.server.testharness.TestHarnessModeService took to complete: 0ms
04-15 18:44:05.728 534 567 D SystemServerTimingAsync: ssm.onUnlockingUser-0_com.android.server.DeviceIdleController
04-15 18:44:05.729 534 567 V SystemServerTimingAsync: ssm.onUnlockingUser-0_com.android.server.DeviceIdleController took to complete: 0ms
04-15 18:44:05.732 534 801 D LockSettingsService: Hiding encryption notification for user 0
04-15 18:44:05.737 534 567 D SystemServerTimingAsync: ssm.onUnlockingUser-0_com.android.server.devicepolicy.DevicePolicyManagerService$Lifecycle
04-15 18:44:05.738 534 567 V SystemServerTimingAsync: ssm.onUnlockingUser-0_com.android.server.devicepolicy.DevicePolicyManagerService$Lifecycle took to complete: 1ms
04-15 18:44:05.749 534 567 D SystemServerTimingAsync: ssm.onUnlockingUser-0_com.android.server.texttospeech.TextToSpeechManagerService
04-15 18:44:05.793 534 567 V SystemServerTimingAsync: ssm.onUnlockingUser-0_com.android.server.texttospeech.TextToSpeechManagerService took to complete: 44ms
04-15 18:44:05.794 534 567 D SystemServerTimingAsync: ssm.onUnlockingUser-0_com.android.server.ambientcontext.AmbientContextManagerService
04-15 18:44:05.795 534 567 I AmbientContextManagerService: serviceNames sent in newServiceListLocked is null, or empty
04-15 18:44:05.797 534 567 V SystemServerTimingAsync: ssm.onUnlockingUser-0_com.android.server.ambientcontext.AmbientContextManagerService took to complete: 1ms
04-15 18:44:05.817 534 567 D SystemServerTimingAsync: ssm.onUnlockingUser-0_com.android.server.wearable.WearableSensingManagerService
04-15 18:44:05.820 141 141 I vold : Bind mounting /data/media to /mnt/pass_through/0/emulated
04-15 18:44:05.828 534 567 D WearableSensingManagerService: onServiceRemoved
04-15 18:44:05.843 534 567 D WearableSensingManagerPerUserService: Trying to cancel the remote request. Reason: Service destroyed.
04-15 18:44:05.846 534 567 V SystemServerTimingAsync: ssm.onUnlockingUser-0_com.android.server.wearable.WearableSensingManagerService took to complete: 20ms
04-15 18:44:05.847 534 567 D SystemServerTimingAsync: ssm.onUnlockingUser-0_com.android.server.speech.SpeechRecognitionManagerService
04-15 18:44:05.859 534 567 V SystemServerTimingAsync: ssm.onUnlockingUser-0_com.android.server.speech.SpeechRecognitionManagerService took to complete: 1ms
04-15 18:44:05.874 534 567 D SystemServerTimingAsync: ssm.onUnlockingUser-0_com.android.server.searchui.SearchUiManagerService
