04-15 18:43:42.658 534 534 W HealthConnectPackageInfoUtils: Can't extract requested permissions from the package info.
04-15 18:43:42.659 534 534 W HealthConnectPackageInfoUtils: Can't extract requested permissions from the package info.
04-15 18:43:42.664 534 534 W HealthConnectPackageInfoUtils: Can't extract requested permissions from the package info.
04-15 18:43:42.664 534 534 W HealthConnectPackageInfoUtils: Can't extract requested permissions from the package info.
04-15 18:43:42.665 534 534 W HealthConnectPackageInfoUtils: Can't extract requested permissions from the package info.
04-15 18:43:42.665 534 534 W HealthConnectPackageInfoUtils: Can't extract requested permissions from the package info.
04-15 18:43:42.665 534 534 W HealthConnectPackageInfoUtils: Can't extract requested permissions from the package info.
04-15 18:43:42.666 534 534 W HealthConnectPackageInfoUtils: Can't extract requested permissions from the package info.
04-15 18:43:42.666 534 534 W HealthConnectPackageInfoUtils: Can't extract requested permissions from the package info.
04-15 18:43:42.666 534 534 W HealthConnectPackageInfoUtils: Can't extract requested permissions from the package info.
04-15 18:43:42.667 534 534 W HealthConnectPackageInfoUtils: Can't extract requested permissions from the package info.
04-15 18:43:42.672 534 534 W HealthConnectPackageInfoUtils: Can't extract requested permissions from the package info.
04-15 18:43:42.672 534 534 W HealthConnectPackageInfoUtils: Can't extract requested permissions from the package info.
04-15 18:43:42.673 534 534 W HealthConnectPackageInfoUtils: Can't extract requested permissions from the package info.
04-15 18:43:42.673 534 534 W HealthConnectPackageInfoUtils: Can't extract requested permissions from the package info.
04-15 18:43:42.673 534 534 W HealthConnectPackageInfoUtils: Can't extract requested permissions from the package info.
04-15 18:43:42.674 534 534 W HealthConnectPackageInfoUtils: Can't extract requested permissions from the package info.
04-15 18:43:42.674 534 534 W HealthConnectPackageInfoUtils: Can't extract requested permissions from the package info.
04-15 18:43:42.674 534 534 W HealthConnectPackageInfoUtils: Can't extract requested permissions from the package info.
04-15 18:43:42.675 534 534 W HealthConnectPackageInfoUtils: Can't extract requested permissions from the package info.
04-15 18:43:42.675 534 534 W HealthConnectPackageInfoUtils: Can't extract requested permissions from the package info.
04-15 18:43:42.675 534 534 W HealthConnectPackageInfoUtils: Can't extract requested permissions from the package info.
04-15 18:43:42.675 534 534 W HealthConnectPackageInfoUtils: Can't extract requested permissions from the package info.
04-15 18:43:42.684 534 534 W HealthConnectPackageInfoUtils: Can't extract requested permissions from the package info.
04-15 18:43:42.684 534 534 W HealthConnectPackageInfoUtils: Can't extract requested permissions from the package info.
04-15 18:43:42.684 534 534 W HealthConnectPackageInfoUtils: Can't extract requested permissions from the package info.
04-15 18:43:42.685 534 534 W HealthConnectPackageInfoUtils: Can't extract requested permissions from the package info.
04-15 18:43:42.685 534 534 W HealthConnectPackageInfoUtils: Can't extract requested permissions from the package info.
04-15 18:43:42.685 534 534 W HealthConnectPackageInfoUtils: Can't extract requested permissions from the package info.
04-15 18:43:42.686 534 534 W HealthConnectPackageInfoUtils: Can't extract requested permissions from the package info.
04-15 18:43:42.686 534 534 W HealthConnectPackageInfoUtils: Can't extract requested permissions from the package info.
04-15 18:43:42.686 534 534 W HealthConnectPackageInfoUtils: Can't extract requested permissions from the package info.
04-15 18:43:42.687 534 534 W HealthConnectPackageInfoUtils: Can't extract requested permissions from the package info.
04-15 18:43:42.687 534 534 W HealthConnectPackageInfoUtils: Can't extract requested permissions from the package info.
04-15 18:43:42.687 534 534 W HealthConnectPackageInfoUtils: Can't extract requested permissions from the package info.
04-15 18:43:42.690 534 534 W HealthConnectPackageInfoUtils: Can't extract requested permissions from the package info.
04-15 18:43:42.690 534 534 W HealthConnectPackageInfoUtils: Can't extract requested permissions from the package info.
04-15 18:43:42.690 534 534 W HealthConnectPackageInfoUtils: Can't extract requested permissions from the package info.
04-15 18:43:42.691 534 534 W HealthConnectPackageInfoUtils: Can't extract requested permissions from the package info.
04-15 18:43:42.691 534 534 W HealthConnectPackageInfoUtils: Can't extract requested permissions from the package info.
04-15 18:43:42.691 534 534 W HealthConnectPackageInfoUtils: Can't extract requested permissions from the package info.
04-15 18:43:42.692 534 534 W HealthConnectPackageInfoUtils: Can't extract requested permissions from the package info.
04-15 18:43:42.693 534 534 W HealthConnectPackageInfoUtils: Can't extract requested permissions from the package info.
04-15 18:43:42.693 534 534 W HealthConnectPackageInfoUtils: Can't extract requested permissions from the package info.
04-15 18:43:42.693 534 534 W HealthConnectPackageInfoUtils: Can't extract requested permissions from the package info.
04-15 18:43:42.694 534 534 W HealthConnectPackageInfoUtils: Can't extract requested permissions from the package info.
04-15 18:43:42.694 534 534 W HealthConnectPackageInfoUtils: Can't extract requested permissions from the package info.
04-15 18:43:42.694 534 534 W HealthConnectPackageInfoUtils: Can't extract requested permissions from the package info.
04-15 18:43:42.694 534 534 W HealthConnectPackageInfoUtils: Can't extract requested permissions from the package info.
04-15 18:43:42.695 534 534 W HealthConnectPackageInfoUtils: Can't extract requested permissions from the package info.
04-15 18:43:42.695 534 534 W HealthConnectPackageInfoUtils: Can't extract requested permissions from the package info.
04-15 18:43:42.695 534 534 W HealthConnectPackageInfoUtils: Can't extract requested permissions from the package info.
04-15 18:43:42.700 534 534 W HealthConnectPackageInfoUtils: Can't extract requested permissions from the package info.
04-15 18:43:42.701 534 534 W HealthConnectPackageInfoUtils: Can't extract requested permissions from the package info.
04-15 18:43:42.701 534 534 W HealthConnectPackageInfoUtils: Can't extract requested permissions from the package info.
04-15 18:43:42.701 534 534 W HealthConnectPackageInfoUtils: Can't extract requested permissions from the package info.
04-15 18:43:42.702 534 534 W HealthConnectPackageInfoUtils: Can't extract requested permissions from the package info.
04-15 18:43:42.716 534 534 W Looper : Slow dispatch took 144ms main h=android.os.Handler c=null m=1
04-15 18:43:42.812 534 534 I PackageWatchdog: Syncing health check requests for packages: {}
04-15 18:43:42.813 534 534 I ExplicitHealthCheckController: Service not ready to get health check supported packages. Binding...
04-15 18:43:42.823 534 534 I ExplicitHealthCheckController: Explicit health check service is bound
04-15 18:43:43.052 534 558 W WindowManager: Keyguard drawn timeout. Setting mKeyguardDrawComplete
04-15 18:43:43.162 534 534 D nativeloader: Configuring clns-shared-16 for other apk /system/framework/com.android.location.provider.jar. target_sdk_version=34, uses_libraries=ALL, library_path=/system/priv-app/FusedLocation/lib/x86_64:/system/priv-app/FusedLocation/FusedLocation.apk!/lib/x86_64:/system/lib64:/system_ext/lib64, permitted_path=/data:/mnt/expand:/data/user_de/0/com.android.location.fused:/system/priv-app/FusedLocation:/system/lib64:/system_ext/lib64
04-15 18:43:43.192 534 534 D nativeloader: Configuring clns-shared-17 for other apk /system/priv-app/FusedLocation/FusedLocation.apk. target_sdk_version=34, uses_libraries=, library_path=/system/priv-app/FusedLocation/lib/x86_64:/system/priv-app/FusedLocation/FusedLocation.apk!/lib/x86_64:/system/lib64:/system_ext/lib64, permitted_path=/data:/mnt/expand:/data/user_de/0/com.android.location.fused:/system/priv-app/FusedLocation:/system/lib64:/system_ext/lib64
04-15 18:43:43.228 534 534 D CompatibilityChangeReporter: Compat change id reported: 161145287; UID 1000; state: ENABLED
04-15 18:43:43.232 534 557 I ServiceWatcher: [fused] connected to {com.android.location.fused/com.android.location.fused.FusedLocationService}
04-15 18:43:43.610 534 534 D WallpaperManagerService: WPMS.onServiceConnected-ComponentInfo{com.android.systemui/com.android.systemui.wallpapers.ImageWallpaper}
04-15 18:43:43.610 534 534 D WallpaperManagerService: WPMS.attachServiceLocked
04-15 18:43:43.611 534 534 D WallpaperManagerService: WPMS.connectLocked-ComponentInfo{com.android.systemui/com.android.systemui.wallpapers.ImageWallpaper}
04-15 18:43:43.626 534 534 V WallpaperManagerService: WPMS.connectLocked-ComponentInfo{com.android.systemui/com.android.systemui.wallpapers.ImageWallpaper} took to complete: 15ms
04-15 18:43:43.627 534 534 V WallpaperManagerService: WPMS.attachServiceLocked took to complete: 16ms
04-15 18:43:43.627 534 534 D WallpaperManagerService: WPMS.saveSettingsLocked-0
04-15 18:43:43.712 534 534 V WallpaperManagerService: WPMS.saveSettingsLocked-0 took to complete: 85ms
04-15 18:43:43.713 534 534 V WallpaperManagerService: WPMS.onServiceConnected-ComponentInfo{com.android.systemui/com.android.systemui.wallpapers.ImageWallpaper} took to complete: 103ms
04-15 18:43:43.713 534 534 W Looper : Slow dispatch took 103ms main h=android.app.ActivityThread$H c=android.app.LoadedApk$ServiceDispatcher$RunConnection@c964353 m=0
04-15 18:43:43.714 534 534 E WiredAccessoryManager: No state change.
04-15 18:43:43.715 534 534 W WiredAccessoryManager: Both input event and extcon are used for audio jack, please just choose one.
04-15 18:43:43.883 534 534 W Looper : Slow dispatch took 157ms main h=com.android.server.media.MediaRouter2ServiceImpl$UserHandler c= m=0
04-15 18:43:43.895 891 1244 I vol.Events: writeEvent level_changed STREAM_VOICE_CALL 3
04-15 18:43:43.968 891 1244 I vol.Events: writeEvent level_changed STREAM_SYSTEM 5
04-15 18:43:43.979 891 1244 I vol.Events: writeEvent level_changed STREAM_RING 5
04-15 18:43:43.989 534 534 I ConnectivityModuleConnector: Networking module service connected
04-15 18:43:43.991 534 534 I NetworkStackClient: Network stack service connected
04-15 18:43:44.007 891 1244 I vol.Events: writeEvent level_changed STREAM_MUSIC 5
04-15 18:43:44.029 891 1244 I vol.Events: writeEvent level_changed STREAM_ALARM 6
04-15 18:43:44.084 534 534 D NetworkStackClient: Network stack service registered
04-15 18:43:44.085 534 534 W Looper : Slow dispatch took 146ms main h=android.app.ActivityThread$H c=android.app.LoadedApk$ServiceDispatcher$RunConnection@f83bbbb m=0
04-15 18:43:44.137 891 1244 I vol.Events: writeEvent level_changed STREAM_BLUETOOTH_SCO 7
04-15 18:43:44.234 891 891 I TetheringManager: registerTetheringEventCallback:com.android.systemui
04-15 18:43:44.239 534 534 I ConnectivityModuleConnector: Networking module service connected
04-15 18:43:44.242 891 891 I TetheringManager: registerTetheringEventCallback caller:com.android.systemui
04-15 18:43:44.273 891 1244 I vol.Events: writeEvent external_ringer_mode_changed unknown
04-15 18:43:44.300 891 1244 I vol.Events: writeEvent zen_mode_config_changed [disallowAlarms=false disallowMedia=false disallowSystem=true disallowRinger=false]
04-15 18:43:44.306 891 1009 D WallpaperService: reportEngineShown: shouldWait=true
04-15 18:43:44.326 891 1009 D WallpaperService: reportEngineShown: shouldWait=true
04-15 18:43:44.361 391 412 I SurfaceFlinger: Boot is finished (149628 ms)
04-15 18:43:44.427 534 802 W BestClock: java.time.DateTimeException: Missing network time fix
04-15 18:43:44.542 327 327 I netd : tetherGetStats() -> {[]} <24.24ms>
04-15 18:43:44.609 534 534 W TrustManagerService: EXTRA_USER_HANDLE missing or invalid, value=0
04-15 18:43:44.619 391 391 D SurfaceFlinger: Power hint is disabled
04-15 18:43:44.644 0 0 I servicemanager: Found android.hardware.power.IPower/default in device VINTF manifest.
04-15 18:43:44.646 364 364 I android.hardware.power-service.example: Power isBoostSupported: 1
04-15 18:43:44.679 534 877 E InputDispatcher: Received out of order window infos update. Last update vsync id: 128919502057864, current update vsync id: 1000
04-15 18:43:44.718 534 868 D CompatibilityChangeReporter: Compat change id reported: 214016041; UID 1000; state: ENABLED
04-15 18:43:44.723 534 868 I ImeTracker: com.android.settings:6e8fff44: onRequestHide at ORIGIN_SERVER_HIDE_INPUT reason HIDE_UNSPECIFIED_WINDOW
04-15 18:43:44.727 534 868 I ImeTracker: com.android.settings:6e8fff44: onCancelled at PHASE_SERVER_SHOULD_HIDE
04-15 18:43:44.736 534 802 W BestClock: java.time.DateTimeException: Missing network time fix
04-15 18:43:44.761 534 534 D OomAdjuster: Not killing cached processes
04-15 18:43:44.781 534 560 D ActivityManagerTiming: FinishBooting
04-15 18:43:44.782 328 328 W Zygote : forkRepeatedly terminated due to non-simple command
04-15 18:43:44.782 328 328 D Zygote : mbuffer starts with 1 , nice name is , mEnd = 19, mNext = 19, mLinesLeft = 0, mFd = 6
04-15 18:43:44.793 534 534 W Looper : Slow dispatch took 183ms main h=android.app.ActivityThread$H c=android.app.LoadedApk$ReceiverDispatcher$Args$$ExternalSyntheticLambda0@944a0dd m=0
04-15 18:43:44.801 534 560 I ActivityManager: About to commit checkpoint
04-15 18:43:44.805 534 560 I SystemServiceManager: Starting phase 1000
04-15 18:43:44.805 534 560 D ActivityManagerTiming: OnBootPhase_1000
04-15 18:43:44.806 534 560 D ActivityManagerTiming: OnBootPhase_1000_com.android.server.security.FileIntegrityService
04-15 18:43:44.806 534 560 V ActivityManagerTiming: OnBootPhase_1000_com.android.server.security.FileIntegrityService took to complete: 0ms
04-15 18:43:44.807 534 560 D ActivityManagerTiming: OnBootPhase_1000_com.android.server.pm.Installer
04-15 18:43:44.807 534 560 V ActivityManagerTiming: OnBootPhase_1000_com.android.server.pm.Installer took to complete: 0ms
04-15 18:43:44.809 534 560 D ActivityManagerTiming: OnBootPhase_1000_com.android.server.os.DeviceIdentifiersPolicyService
04-15 18:43:44.809 534 560 V ActivityManagerTiming: OnBootPhase_1000_com.android.server.os.DeviceIdentifiersPolicyService took to complete: 0ms
04-15 18:43:44.810 534 560 D ActivityManagerTiming: OnBootPhase_1000_com.android.server.uri.UriGrantsManagerService$Lifecycle
04-15 18:43:44.810 534 560 V ActivityManagerTiming: OnBootPhase_1000_com.android.server.uri.UriGrantsManagerService$Lifecycle took to complete: 0ms
04-15 18:43:44.832 534 560 D ActivityManagerTiming: OnBootPhase_1000_com.android.server.powerstats.PowerStatsService
04-15 18:43:44.834 327 327 I netd : interfaceSetEnableIPv6(wlan0, false) <2.87ms>
04-15 18:43:44.838 327 327 I netd : interfaceClearAddrs(wlan0) <3.86ms>
04-15 18:43:44.866 534 806 D WifiClientModeImpl[168591:wlan0]: setupClientMode() ifacename = wlan0
04-15 18:43:44.937 534 868 D CompatibilityChangeReporter: Compat change id reported: 135634846; UID 10108; state: DISABLED
04-15 18:43:44.939 534 568 D CompatibilityChangeReporter: Compat change id reported: 143937733; UID 10108; state: ENABLED
04-15 18:43:44.942 534 568 W ActivityManager: com.android.inputmethod.latin inode == 0 (b/152760674)
04-15 18:43:44.946 534 558 W Looper : Slow dispatch took 182ms android.ui h=com.android.server.am.ActivityManagerService$UiHandler c=null m=68
04-15 18:43:45.021 534 534 W Looper : Slow dispatch took 142ms main h=android.app.ActivityThread$H c=null m=114
04-15 18:43:45.061 328 328 I Zygote : Entering forkRepeatedly native zygote loop
04-15 18:43:45.115 328 328 D Zygote : Forked child process 1266
04-15 18:43:45.117 534 568 W ActivityManager: Slow operation: 192ms so far, now at startProcess: returned from zygote!
04-15 18:43:45.137 534 568 W ActivityManager: Slow operation: 194ms so far, now at startProcess: done updating battery stats
04-15 18:43:45.137 534 568 W ActivityManager: Slow operation: 213ms so far, now at startProcess: building log message
04-15 18:43:45.137 534 568 I ActivityManager: Start proc 1266:com.android.inputmethod.latin/u0a108 for service {com.android.inputmethod.latin/com.android.inputmethod.latin.LatinIME}
04-15 18:43:45.138 534 568 W ActivityManager: Slow operation: 213ms so far, now at startProcess: starting to update pids map
04-15 18:43:45.145 534 806 I WifiVendorHal: Driver: 1.0 Firmware: 1.0
04-15 18:43:45.152 534 568 W ActivityManager: Slow operation: 228ms so far, now at startProcess: done updating pids map
04-15 18:43:45.216 534 534 W Looper : Slow dispatch took 193ms main h=android.os.Handler c=android.database.ContentObserver$$ExternalSyntheticLambda0@62659f1 m=0
04-15 18:43:45.219 534 534 D UaBiometricScheduler/FaceProvider/default/4: [Added] {[4] com.android.server.biometrics.sensors.face.aidl.FaceGetAuthenticatorIdClient, proto=5, owner=android, cookie=0, requestId=-1, userId=0}, new queue size: 2
04-15 18:43:45.240 534 534 V UaBiometricScheduler/FaceProvider/default/4: Not idle, current operation: {[1] com.android.server.biometrics.sensors.face.aidl.FaceStartUserClient, proto=17, owner=android, cookie=0, requestId=-1, userId=0}, State: 2
04-15 18:43:45.241 534 534 D UaBiometricScheduler/FaceProvider/default/4: [Added] {[5] com.android.server.biometrics.sensors.face.aidl.FaceInternalCleanupClient, proto=7, owner=android, cookie=0, requestId=-1, userId=0}, new queue size: 3
04-15 18:43:45.241 534 534 V UaBiometricScheduler/FaceProvider/default/4: Not idle, current operation: {[1] com.android.server.biometrics.sensors.face.aidl.FaceStartUserClient, proto=17, owner=android, cookie=0, requestId=-1, userId=0}, State: 2
04-15 18:43:45.241 534 534 D UaBiometricScheduler/FaceProvider/default/4: [Client finished] {[1] com.android.server.biometrics.sensors.face.aidl.FaceStartUserClient, proto=17, owner=android, cookie=0, requestId=-1, userId=0}, success: true
04-15 18:43:45.242 534 534 D UaBiometricScheduler/FaceProvider/default/4: [Polled] {[0] com.android.server.biometrics.sensors.face.aidl.FaceInternalCleanupClient, proto=7, owner=android, cookie=0, requestId=-1, userId=0}, State: 0
04-15 18:43:45.243 534 534 D UaBiometricScheduler/FaceProvider/default/4: [Started] {[0] com.android.server.biometrics.sensors.face.aidl.FaceInternalCleanupClient, proto=7, owner=android, cookie=0, requestId=-1, userId=0}
04-15 18:43:45.243 534 534 W BiometricStateCallback: Other authentication client: FaceInternalCleanupClient
04-15 18:43:45.253 534 560 W SystemServiceManager: Service com.android.server.powerstats.PowerStatsService took 442 ms in onBootPhase
04-15 18:43:45.253 534 560 V ActivityManagerTiming: OnBootPhase_1000_com.android.server.powerstats.PowerStatsService took to complete: 421ms
04-15 18:43:45.284 534 560 D ActivityManagerTiming: OnBootPhase_1000_com.android.server.permission.access.AccessCheckingService
04-15 18:43:45.284 534 560 V ActivityManagerTiming: OnBootPhase_1000_com.android.server.permission.access.AccessCheckingService took to complete: 0ms
04-15 18:43:45.284 534 560 D ActivityManagerTiming: OnBootPhase_1000_com.android.server.wm.ActivityTaskManagerService$Lifecycle
04-15 18:43:45.284 534 560 V ActivityManagerTiming: OnBootPhase_1000_com.android.server.wm.ActivityTaskManagerService$Lifecycle took to complete: 0ms
04-15 18:43:45.284 534 560 D ActivityManagerTiming: OnBootPhase_1000_com.android.server.am.ActivityManagerService$Lifecycle
04-15 18:43:45.284 534 560 V ActivityManagerTiming: OnBootPhase_1000_com.android.server.am.ActivityManagerService$Lifecycle took to complete: 0ms
04-15 18:43:45.285 534 560 D ActivityManagerTiming: OnBootPhase_1000_com.android.server.pm.DataLoaderManagerService
04-15 18:43:45.285 534 560 V ActivityManagerTiming: OnBootPhase_1000_com.android.server.pm.DataLoaderManagerService took to complete: 0ms
04-15 18:43:45.285 534 560 D ActivityManagerTiming: OnBootPhase_1000_com.android.server.power.PowerManagerService
04-15 18:43:45.296 534 806 D WifiDiags: startLogging() iface list is {wlan0} after adding wlan0
04-15 18:43:45.307 534 560 V ActivityManagerTiming: OnBootPhase_1000_com.android.server.power.PowerManagerService took to complete: 22ms
04-15 18:43:45.307 534 560 D ActivityManagerTiming: OnBootPhase_1000_com.android.server.power.ThermalManagerService
04-15 18:43:45.307 534 560 V ActivityManagerTiming: OnBootPhase_1000_com.android.server.power.ThermalManagerService took to complete: 0ms
04-15 18:43:45.307 534 560 D ActivityManagerTiming: OnBootPhase_1000_com.android.server.power.hint.HintManagerService
04-15 18:43:45.309 534 584 I DisplayBrightnessStrategySelector: Changing the DisplayBrightnessStrategy from OverrideBrightnessStrategy toInvalidBrightnessStrategy for display 0
04-15 18:43:45.310 534 584 V DisplayPowerController2[0]: Brightness [0.39763778] reason changing to: 'manual', previous reason: 'override'.
04-15 18:43:45.311 534 584 I DisplayPowerController2[0]: BrightnessEvent: disp=0, physDisp=local:4619827259835644672, brt=0.39763778, initBrt=0.39763778, rcmdBrt=NaN, preBrt=NaN, lux=0.0, preLux=0.0, hbmMax=1.0, hbmMode=off, rbcStrength=0, thrmMax=1.0, powerFactor=1.0, wasShortTermModelActive=false, flags=, reason=manual, autoBrightness=false, strategy=InvalidBrightnessStrategy
04-15 18:43:45.318 534 560 V ActivityManagerTiming: OnBootPhase_1000_com.android.server.power.hint.HintManagerService took to complete: 11ms
04-15 18:43:45.318 534 560 D ActivityManagerTiming: OnBootPhase_1000_com.android.server.recoverysystem.RecoverySystemService$Lifecycle
04-15 18:43:45.321 534 560 V ActivityManagerTiming: OnBootPhase_1000_com.android.server.recoverysystem.RecoverySystemService$Lifecycle took to complete: 0ms
04-15 18:43:45.321 534 560 D ActivityManagerTiming: OnBootPhase_1000_com.android.server.lights.LightsService
04-15 18:43:45.322 534 560 V ActivityManagerTiming: OnBootPhase_1000_com.android.server.lights.LightsService took to complete: 0ms
04-15 18:43:45.322 534 560 D ActivityManagerTiming: OnBootPhase_1000_com.android.server.display.DisplayManagerService
04-15 18:43:45.322 534 560 I LogicalDisplayMapper: Requesting Transition to state: 0, from state=-1, interactive=true, mBootCompleted=true
04-15 18:43:45.323 534 560 I LogicalDisplayMapper: Applying layout: [{dispId: 0(ON), displayGroupName: , addr: {port=0, model=0x401cec6a7a2b7b}, mThermalBrightnessThrottlingMapId: null, mRefreshRateZoneId: null, mLeadDisplayId: -1, mThermalRefreshRateThrottlingMapId: null}], Previous layout: [{dispId: 0(ON), displayGroupName: , addr: {port=0, model=0x401cec6a7a2b7b}, mThermalBrightnessThrottlingMapId: null, mRefreshRateZoneId: null, mLeadDisplayId: -1, mThermalRefreshRateThrottlingMapId: null}]
04-15 18:43:45.360 534 560 V ActivityManagerTiming: OnBootPhase_1000_com.android.server.display.DisplayManagerService took to complete: 38ms
04-15 18:43:45.361 534 560 D ActivityManagerTiming: OnBootPhase_1000_com.android.server.pm.verify.domain.DomainVerificationService
04-15 18:43:45.361 534 560 V ActivityManagerTiming: OnBootPhase_1000_com.android.server.pm.verify.domain.DomainVerificationService took to complete: 0ms
04-15 18:43:45.361 534 560 D ActivityManagerTiming: OnBootPhase_1000_com.android.server.pm.PackageInstallerService$Lifecycle
04-15 18:43:45.361 534 560 V ActivityManagerTiming: OnBootPhase_1000_com.android.server.pm.PackageInstallerService$Lifecycle took to complete: 0ms
04-15 18:43:45.361 534 560 D ActivityManagerTiming: OnBootPhase_1000_com.android.server.pm.UserManagerService$LifeCycle
04-15 18:43:45.361 534 560 V ActivityManagerTiming: OnBootPhase_1000_com.android.server.pm.UserManagerService$LifeCycle took to complete: 0ms
04-15 18:43:45.361 534 560 D ActivityManagerTiming: OnBootPhase_1000_com.android.server.om.OverlayManagerService
04-15 18:43:45.362 534 560 V ActivityManagerTiming: OnBootPhase_1000_com.android.server.om.OverlayManagerService took to complete: 0ms
04-15 18:43:45.362 534 560 D ActivityManagerTiming: OnBootPhase_1000_com.android.server.resources.ResourcesManagerService
04-15 18:43:45.362 534 560 V ActivityManagerTiming: OnBootPhase_1000_com.android.server.resources.ResourcesManagerService took to complete: 0ms
04-15 18:43:45.362 534 560 D ActivityManagerTiming: OnBootPhase_1000_com.android.server.sensorprivacy.SensorPrivacyService
04-15 18:43:45.362 534 560 V ActivityManagerTiming: OnBootPhase_1000_com.android.server.sensorprivacy.SensorPrivacyService took to complete: 0ms
04-15 18:43:45.362 534 560 D ActivityManagerTiming: OnBootPhase_1000_com.android.server.sensors.SensorService
04-15 18:43:45.362 534 560 V ActivityManagerTiming: OnBootPhase_1000_com.android.server.sensors.SensorService took to complete: 0ms
04-15 18:43:45.362 534 560 D ActivityManagerTiming: OnBootPhase_1000_com.android.server.SystemConfigService
04-15 18:43:45.362 534 560 V ActivityManagerTiming: OnBootPhase_1000_com.android.server.SystemConfigService took to complete: 0ms
04-15 18:43:45.362 534 560 D ActivityManagerTiming: OnBootPhase_1000_com.android.server.BatteryService
04-15 18:43:45.362 534 560 V ActivityManagerTiming: OnBootPhase_1000_com.android.server.BatteryService took to complete: 0ms
04-15 18:43:45.363 534 560 D ActivityManagerTiming: OnBootPhase_1000_com.android.server.usage.UsageStatsService
04-15 18:43:45.365 534 560 V ActivityManagerTiming: OnBootPhase_1000_com.android.server.usage.UsageStatsService took to complete: 2ms
04-15 18:43:45.365 534 560 D ActivityManagerTiming: OnBootPhase_1000_com.android.server.webkit.WebViewUpdateService
04-15 18:43:45.365 534 560 V ActivityManagerTiming: OnBootPhase_1000_com.android.server.webkit.WebViewUpdateService took to complete: 0ms
04-15 18:43:45.365 534 560 D ActivityManagerTiming: OnBootPhase_1000_com.android.server.CachedDeviceStateService
04-15 18:43:45.365 534 560 V ActivityManagerTiming: OnBootPhase_1000_com.android.server.CachedDeviceStateService took to complete: 0ms
04-15 18:43:45.365 534 560 D ActivityManagerTiming: OnBootPhase_1000_com.android.server.BinderCallsStatsService$LifeCycle
04-15 18:43:45.366 534 560 V ActivityManagerTiming: OnBootPhase_1000_com.android.server.BinderCallsStatsService$LifeCycle took to complete: 0ms
04-15 18:43:45.366 534 560 D ActivityManagerTiming: OnBootPhase_1000_com.android.server.LooperStatsService$Lifecycle
04-15 18:43:45.366 534 560 V ActivityManagerTiming: OnBootPhase_1000_com.android.server.LooperStatsService$Lifecycle took to complete: 0ms
04-15 18:43:45.366 534 560 D ActivityManagerTiming: OnBootPhase_1000_com.android.server.rollback.RollbackManagerService
04-15 18:43:45.367 534 560 V ActivityManagerTiming: OnBootPhase_1000_com.android.server.rollback.RollbackManagerService took to complete: 1ms
04-15 18:43:45.367 534 560 D ActivityManagerTiming: OnBootPhase_1000_com.android.server.os.NativeTombstoneManagerService
04-15 18:43:45.367 534 560 V ActivityManagerTiming: OnBootPhase_1000_com.android.server.os.NativeTombstoneManagerService took to complete: 0ms
04-15 18:43:45.367 534 560 D ActivityManagerTiming: OnBootPhase_1000_com.android.server.os.BugreportManagerService
04-15 18:43:45.372 534 560 V ActivityManagerTiming: OnBootPhase_1000_com.android.server.os.BugreportManagerService took to complete: 0ms
04-15 18:43:45.372 534 560 D ActivityManagerTiming: OnBootPhase_1000_com.android.server.gpu.GpuService
04-15 18:43:45.372 534 560 V ActivityManagerTiming: OnBootPhase_1000_com.android.server.gpu.GpuService took to complete: 0ms
04-15 18:43:45.373 534 560 D ActivityManagerTiming: OnBootPhase_1000_com.android.server.security.rkp.RemoteProvisioningService
04-15 18:43:45.373 534 560 V ActivityManagerTiming: OnBootPhase_1000_com.android.server.security.rkp.RemoteProvisioningService took to complete: 0ms
04-15 18:43:45.373 534 560 D ActivityManagerTiming: OnBootPhase_1000_com.android.server.cpu.CpuMonitorService
04-15 18:43:45.373 534 560 V ActivityManagerTiming: OnBootPhase_1000_com.android.server.cpu.CpuMonitorService took to complete: 0ms
04-15 18:43:45.373 534 560 D ActivityManagerTiming: OnBootPhase_1000_com.android.server.security.KeyChainSystemService
04-15 18:43:45.373 534 560 V ActivityManagerTiming: OnBootPhase_1000_com.android.server.security.KeyChainSystemService took to complete: 0ms
04-15 18:43:45.373 534 560 D ActivityManagerTiming: OnBootPhase_1000_com.android.server.BinaryTransparencyService
04-15 18:43:45.373 534 560 I TransparencyService: Boot completed. Getting VBMeta Digest.
04-15 18:43:45.374 534 560 D TransparencyService: VBMeta Digest: 8bee4f6105b6acd7de887b1ee6629ab07066df02ee9bbca07663adffdad97fc1
04-15 18:43:45.376 534 560 I TransparencyService: Boot completed. Collecting biometric system properties.
04-15 18:43:45.376 534 560 I TransparencyService: Scheduling measurements to be taken.
04-15 18:43:45.377 534 560 I TransparencyService: Scheduling binary content-digest computation job
04-15 18:43:45.415 534 560 D CompatibilityChangeReporter: Compat change id reported: 253665015; UID 1000; state: ENABLED
04-15 18:43:45.433 534 560 D CompatibilityChangeReporter: Compat change id reported: 194532703; UID 1000; state: ENABLED
04-15 18:43:45.445 534 560 D TransparencyService: Job 1740526926 to measure binaries was scheduled successfully.
04-15 18:43:45.445 534 560 D TransparencyService: Registering APK & Non-Staged APEX updates...
04-15 18:43:45.446 534 560 D TransparencyService: Registering APEX updates...
04-15 18:43:45.465 534 560 W SystemServiceManager: Service com.android.server.BinaryTransparencyService took 92 ms in onBootPhase
04-15 18:43:45.465 534 560 V ActivityManagerTiming: OnBootPhase_1000_com.android.server.BinaryTransparencyService took to complete: 92ms
04-15 18:43:45.465 534 560 D ActivityManagerTiming: OnBootPhase_1000_com.android.server.telecom.TelecomLoaderService
04-15 18:43:45.466 534 560 V ActivityManagerTiming: OnBootPhase_1000_com.android.server.telecom.TelecomLoaderService took to complete: 0ms
04-15 18:43:45.466 534 560 D ActivityManagerTiming: OnBootPhase_1000_com.android.server.accounts.AccountManagerService$Lifecycle
04-15 18:43:45.466 534 560 V ActivityManagerTiming: OnBootPhase_1000_com.android.server.accounts.AccountManagerService$Lifecycle took to complete: 0ms
04-15 18:43:45.466 534 560 D ActivityManagerTiming: OnBootPhase_1000_com.android.server.content.ContentService$Lifecycle
04-15 18:43:45.466 534 560 V ActivityManagerTiming: OnBootPhase_1000_com.android.server.content.ContentService$Lifecycle took to complete: 0ms
04-15 18:43:45.466 534 560 D ActivityManagerTiming: OnBootPhase_1000_com.android.server.deviceconfig.DeviceConfigInit$Lifecycle
04-15 18:43:45.466 534 560 V ActivityManagerTiming: OnBootPhase_1000_com.android.server.deviceconfig.DeviceConfigInit$Lifecycle took to complete: 0ms
04-15 18:43:45.466 534 560 D ActivityManagerTiming: OnBootPhase_1000_com.android.server.DropBoxManagerService
04-15 18:43:45.466 534 560 V ActivityManagerTiming: OnBootPhase_1000_com.android.server.DropBoxManagerService took to complete: 0ms
04-15 18:43:45.466 534 560 D ActivityManagerTiming: OnBootPhase_1000_com.android.role.RoleService
04-15 18:43:45.466 534 560 V ActivityManagerTiming: OnBootPhase_1000_com.android.role.RoleService took to complete: 0ms
04-15 18:43:45.467 534 560 D ActivityManagerTiming: OnBootPhase_1000_com.android.server.vibrator.VibratorManagerService$Lifecycle
04-15 18:43:45.467 534 560 V ActivityManagerTiming: OnBootPhase_1000_com.android.server.vibrator.VibratorManagerService$Lifecycle took to complete: 0ms
04-15 18:43:45.467 534 560 D ActivityManagerTiming: OnBootPhase_1000_com.android.server.tare.InternalResourceService
04-15 18:43:45.467 534 560 V ActivityManagerTiming: OnBootPhase_1000_com.android.server.tare.InternalResourceService took to complete: 0ms
04-15 18:43:45.467 534 560 D ActivityManagerTiming: OnBootPhase_1000_com.android.server.alarm.AlarmManagerService
04-15 18:43:45.467 534 560 V ActivityManagerTiming: OnBootPhase_1000_com.android.server.alarm.AlarmManagerService took to complete: 0ms
04-15 18:43:45.467 534 560 D ActivityManagerTiming: OnBootPhase_1000_com.android.server.devicestate.DeviceStateManagerService
04-15 18:43:45.467 534 560 V ActivityManagerTiming: OnBootPhase_1000_com.android.server.devicestate.DeviceStateManagerService took to complete: 0ms
04-15 18:43:45.467 534 560 D ActivityManagerTiming: OnBootPhase_1000_com.android.server.camera.CameraServiceProxy
04-15 18:43:45.469 1266 1266 I putmethod.latin: Using CollectorTypeCC GC.
04-15 18:43:45.495 1266 1266 W putmethod.latin: Unexpected CPU variant for x86: x86_64.
04-15 18:43:45.495 1266 1266 W putmethod.latin: Known variants: atom, sandybridge, silvermont, goldmont, goldmont-plus, tremont, kabylake, default
04-15 18:43:45.545 1266 1266 E putmethod.latin: Not starting debugger since process cannot load the jdwp agent.
04-15 18:43:45.495 534 534 D BiometricStateCallback: State updated from 0 to 0, client {[0] com.android.server.biometrics.sensors.face.aidl.FaceInternalCleanupClient, proto=7, owner=android, cookie=0, requestId=-1, userId=0}
04-15 18:43:45.590 534 560 V ActivityManagerTiming: OnBootPhase_1000_com.android.server.camera.CameraServiceProxy took to complete: 40ms
04-15 18:43:45.591 534 560 D ActivityManagerTiming: OnBootPhase_1000_com.android.server.bluetooth.BluetoothService
04-15 18:43:45.591 534 560 V ActivityManagerTiming: OnBootPhase_1000_com.android.server.bluetooth.BluetoothService took to complete: 0ms
04-15 18:43:45.591 534 560 D ActivityManagerTiming: OnBootPhase_1000_com.android.server.connectivity.IpConnectivityMetrics
04-15 18:43:45.591 534 560 V ActivityManagerTiming: OnBootPhase_1000_com.android.server.connectivity.IpConnectivityMetrics took to complete: 0ms
04-15 18:43:45.591 534 560 D ActivityManagerTiming: OnBootPhase_1000_com.android.server.net.watchlist.NetworkWatchlistService$Lifecycle
04-15 18:43:45.591 534 560 V ActivityManagerTiming: OnBootPhase_1000_com.android.server.net.watchlist.NetworkWatchlistService$Lifecycle took to complete: 0ms
04-15 18:43:45.591 534 560 D ActivityManagerTiming: OnBootPhase_1000_com.android.server.PinnerService
04-15 18:43:45.591 534 560 V ActivityManagerTiming: OnBootPhase_1000_com.android.server.PinnerService took to complete: 0ms
04-15 18:43:45.591 534 560 D ActivityManagerTiming: OnBootPhase_1000_com.android.server.integrity.AppIntegrityManagerService
04-15 18:43:45.591 534 560 V ActivityManagerTiming: OnBootPhase_1000_com.android.server.integrity.AppIntegrityManagerService took to complete: 0ms
04-15 18:43:45.598 534 560 D ActivityManagerTiming: OnBootPhase_1000_com.android.server.logcat.LogcatManagerService
04-15 18:43:45.599 534 560 V ActivityManagerTiming: OnBootPhase_1000_com.android.server.logcat.LogcatManagerService took to complete: 0ms
04-15 18:43:45.599 534 560 D ActivityManagerTiming: OnBootPhase_1000_com.android.server.inputmethod.InputMethodManagerService$Lifecycle
04-15 18:43:45.628 534 560 V ActivityManagerTiming: OnBootPhase_1000_com.android.server.inputmethod.InputMethodManagerService$Lifecycle took to complete: 0ms
04-15 18:43:45.628 534 560 D ActivityManagerTiming: OnBootPhase_1000_com.android.server.accessibility.AccessibilityManagerService$Lifecycle
04-15 18:43:45.628 534 560 V ActivityManagerTiming: OnBootPhase_1000_com.android.server.accessibility.AccessibilityManagerService$Lifecycle took to complete: 0ms
04-15 18:43:45.628 534 560 D ActivityManagerTiming: OnBootPhase_1000_com.android.server.StorageManagerService$Lifecycle
04-15 18:43:45.629 534 560 V ActivityManagerTiming: OnBootPhase_1000_com.android.server.StorageManagerService$Lifecycle took to complete: 1ms
04-15 18:43:45.629 534 560 D ActivityManagerTiming: OnBootPhase_1000_com.android.server.usage.StorageStatsService$Lifecycle
04-15 18:43:45.629 534 560 V ActivityManagerTiming: OnBootPhase_1000_com.android.server.usage.StorageStatsService$Lifecycle took to complete: 0ms
04-15 18:43:45.629 534 560 D ActivityManagerTiming: OnBootPhase_1000_com.android.server.UiModeManagerService
04-15 18:43:45.629 534 560 V ActivityManagerTiming: OnBootPhase_1000_com.android.server.UiModeManagerService took to complete: 0ms
04-15 18:43:45.629 534 560 D ActivityManagerTiming: OnBootPhase_1000_com.android.server.locales.LocaleManagerService
04-15 18:43:45.629 534 560 V ActivityManagerTiming: OnBootPhase_1000_com.android.server.locales.LocaleManagerService took to complete: 0ms
04-15 18:43:45.629 534 560 D ActivityManagerTiming: OnBootPhase_1000_com.android.server.grammaticalinflection.GrammaticalInflectionService
04-15 18:43:45.629 534 560 V ActivityManagerTiming: OnBootPhase_1000_com.android.server.grammaticalinflection.GrammaticalInflectionService took to complete: 0ms
04-15 18:43:45.629 534 560 D ActivityManagerTiming: OnBootPhase_1000_com.android.server.apphibernation.AppHibernationService
04-15 18:43:45.631 534 560 V ActivityManagerTiming: OnBootPhase_1000_com.android.server.apphibernation.AppHibernationService took to complete: 1ms
04-15 18:43:45.631 534 560 D ActivityManagerTiming: OnBootPhase_1000_com.android.server.locksettings.LockSettingsService$Lifecycle
04-15 18:43:45.631 534 560 V ActivityManagerTiming: OnBootPhase_1000_com.android.server.locksettings.LockSettingsService$Lifecycle took to complete: 0ms
04-15 18:43:45.631 534 560 D ActivityManagerTiming: OnBootPhase_1000_com.android.server.testharness.TestHarnessModeService
04-15 18:43:45.631 534 560 D TestHarnessModeService: Completing Test Harness Mode setup.
04-15 18:43:45.631 534 560 D TestHarnessModeService: Getting PersistentDataBlockManagerInternal from LocalServices
04-15 18:43:45.631 534 560 E TestHarnessModeService: Failed to start Test Harness Mode; no implementation of PersistentDataBlockManagerInternal was bound!
04-15 18:43:45.633 534 1279 I HibernationStateDiskStore: No hibernation file on disk for file /data/system/hibernation/states
04-15 18:43:45.641 534 806 I WifiClientModeImpl: Primary factory MAC address stored in config store: 02:15:b2:00:00:00
04-15 18:43:45.642 534 806 I WifiClientModeImpl: Primary factory MAC address retrieved: 02:15:b2:00:00:00
04-15 18:43:45.644 534 560 V ActivityManagerTiming: OnBootPhase_1000_com.android.server.testharness.TestHarnessModeService took to complete: 13ms
04-15 18:43:45.645 534 560 D ActivityManagerTiming: OnBootPhase_1000_com.android.server.DeviceIdleController
04-15 18:43:45.645 534 560 V ActivityManagerTiming: OnBootPhase_1000_com.android.server.DeviceIdleController took to complete: 0ms
04-15 18:43:45.646 534 560 D ActivityManagerTiming: OnBootPhase_1000_com.android.server.devicepolicy.DevicePolicyManagerService$Lifecycle
04-15 18:43:45.646 534 560 V ActivityManagerTiming: OnBootPhase_1000_com.android.server.devicepolicy.DevicePolicyManagerService$Lifecycle took to complete: 0ms
04-15 18:43:45.646 534 560 D ActivityManagerTiming: OnBootPhase_1000_com.android.server.texttospeech.TextToSpeechManagerService
04-15 18:43:45.647 534 560 V ActivityManagerTiming: OnBootPhase_1000_com.android.server.texttospeech.TextToSpeechManagerService took to complete: 0ms
04-15 18:43:45.647 534 560 D ActivityManagerTiming: OnBootPhase_1000_com.android.server.ambientcontext.AmbientContextManagerService
04-15 18:43:45.647 534 560 V ActivityManagerTiming: OnBootPhase_1000_com.android.server.ambientcontext.AmbientContextManagerService took to complete: 0ms
04-15 18:43:45.650 534 560 D ActivityManagerTiming: OnBootPhase_1000_com.android.server.wearable.WearableSensingManagerService
04-15 18:43:45.650 534 560 V ActivityManagerTiming: OnBootPhase_1000_com.android.server.wearable.WearableSensingManagerService took to complete: 0ms
04-15 18:43:45.650 534 560 D ActivityManagerTiming: OnBootPhase_1000_com.android.server.speech.SpeechRecognitionManagerService
04-15 18:43:45.651 534 560 V ActivityManagerTiming: OnBootPhase_1000_com.android.server.speech.SpeechRecognitionManagerService took to complete: 0ms
04-15 18:43:45.651 534 560 D ActivityManagerTiming: OnBootPhase_1000_com.android.server.searchui.SearchUiManagerService
04-15 18:43:45.653 534 560 V ActivityManagerTiming: OnBootPhase_1000_com.android.server.searchui.SearchUiManagerService took to complete: 0ms
04-15 18:43:45.653 534 560 D ActivityManagerTiming: OnBootPhase_1000_com.android.server.smartspace.SmartspaceManagerService
04-15 18:43:45.654 534 560 V ActivityManagerTiming: OnBootPhase_1000_com.android.server.smartspace.SmartspaceManagerService took to complete: 1ms
04-15 18:43:45.654 534 560 D ActivityManagerTiming: OnBootPhase_1000_com.android.server.graphics.fonts.FontManagerService$Lifecycle
04-15 18:43:45.654 534 560 V ActivityManagerTiming: OnBootPhase_1000_com.android.server.graphics.fonts.FontManagerService$Lifecycle took to complete: 0ms
04-15 18:43:45.655 534 560 D ActivityManagerTiming: OnBootPhase_1000_com.android.server.textservices.TextServicesManagerService$Lifecycle
04-15 18:43:45.655 534 560 V ActivityManagerTiming: OnBootPhase_1000_com.android.server.textservices.TextServicesManagerService$Lifecycle took to complete: 0ms
04-15 18:43:45.655 534 560 D ActivityManagerTiming: OnBootPhase_1000_com.android.server.textclassifier.TextClassificationManagerService$Lifecycle
04-15 18:43:45.662 534 560 V ActivityManagerTiming: OnBootPhase_1000_com.android.server.textclassifier.TextClassificationManagerService$Lifecycle took to complete: 0ms
04-15 18:43:45.662 534 560 D ActivityManagerTiming: OnBootPhase_1000_com.android.server.NetworkScoreService$Lifecycle
04-15 18:43:45.662 534 560 V ActivityManagerTiming: OnBootPhase_1000_com.android.server.NetworkScoreService$Lifecycle took to complete: 0ms
04-15 18:43:45.662 534 560 D ActivityManagerTiming: OnBootPhase_1000_com.android.server.NetworkStatsServiceInitializer
04-15 18:43:45.662 534 560 V ActivityManagerTiming: OnBootPhase_1000_com.android.server.NetworkStatsServiceInitializer took to complete: 0ms
04-15 18:43:45.662 534 560 D ActivityManagerTiming: OnBootPhase_1000_com.android.server.wifi.WifiService
04-15 18:43:45.663 534 560 V ActivityManagerTiming: OnBootPhase_1000_com.android.server.wifi.WifiService took to complete: 1ms
04-15 18:43:45.663 534 560 D ActivityManagerTiming: OnBootPhase_1000_com.android.server.wifi.scanner.WifiScanningService
04-15 18:43:45.663 534 560 V ActivityManagerTiming: OnBootPhase_1000_com.android.server.wifi.scanner.WifiScanningService took to complete: 0ms
04-15 18:43:45.666 534 560 D ActivityManagerTiming: OnBootPhase_1000_com.android.server.wifi.p2p.WifiP2pService
04-15 18:43:45.667 534 560 V ActivityManagerTiming: OnBootPhase_1000_com.android.server.wifi.p2p.WifiP2pService took to complete: 1ms
04-15 18:43:45.667 534 560 D ActivityManagerTiming: OnBootPhase_1000_com.android.server.ConnectivityServiceInitializer
04-15 18:43:45.673 534 560 V ActivityManagerTiming: OnBootPhase_1000_com.android.server.ConnectivityServiceInitializer took to complete: 1ms
04-15 18:43:45.674 534 560 D ActivityManagerTiming: OnBootPhase_1000_com.android.server.notification.NotificationManagerService
04-15 18:43:45.674 534 560 V ActivityManagerTiming: OnBootPhase_1000_com.android.server.notification.NotificationManagerService took to complete: 0ms
04-15 18:43:45.675 534 560 D ActivityManagerTiming: OnBootPhase_1000_com.android.server.storage.DeviceStorageMonitorService
04-15 18:43:45.675 534 560 V ActivityManagerTiming: OnBootPhase_1000_com.android.server.storage.DeviceStorageMonitorService took to complete: 0ms
04-15 18:43:45.677 534 560 D ActivityManagerTiming: OnBootPhase_1000_com.android.server.timedetector.TimeDetectorService$Lifecycle
04-15 18:43:45.677 534 560 V ActivityManagerTiming: OnBootPhase_1000_com.android.server.timedetector.TimeDetectorService$Lifecycle took to complete: 0ms
04-15 18:43:45.677 534 560 D ActivityManagerTiming: OnBootPhase_1000_com.android.server.location.LocationManagerService$Lifecycle
04-15 18:43:45.678 534 560 V ActivityManagerTiming: OnBootPhase_1000_com.android.server.location.LocationManagerService$Lifecycle took to complete: 0ms
04-15 18:43:45.678 534 560 D ActivityManagerTiming: OnBootPhase_1000_com.android.server.timezonedetector.TimeZoneDetectorService$Lifecycle
04-15 18:43:45.678 534 560 V ActivityManagerTiming: OnBootPhase_1000_com.android.server.timezonedetector.TimeZoneDetectorService$Lifecycle took to complete: 0ms
04-15 18:43:45.678 534 560 D ActivityManagerTiming: OnBootPhase_1000_com.android.server.location.altitude.AltitudeService$Lifecycle
04-15 18:43:45.679 534 560 V ActivityManagerTiming: OnBootPhase_1000_com.android.server.location.altitude.AltitudeService$Lifecycle took to complete: 0ms
04-15 18:43:45.679 534 560 D ActivityManagerTiming: OnBootPhase_1000_com.android.server.timezonedetector.location.LocationTimeZoneManagerService$Lifecycle
04-15 18:43:45.680 534 623 D RollbackManager: mRollbackLifetimeDurationInMillis=1209600000
04-15 18:43:45.680 534 534 D Biometrics/InternalCleanupClient: Starting enumerate: {[6] com.android.server.biometrics.sensors.face.aidl.FaceInternalEnumerateClient, proto=6, owner=android, cookie=0, requestId=-1, userId=0} enrolledList size:0
04-15 18:43:45.681 534 577 W ProcessCpuTracker: Failed to stat(/proc/1264): android.system.ErrnoException: stat failed: ENOENT (No such file or directory)
04-15 18:43:45.681 534 577 W ProcessCpuTracker: Skipping unknown process pid 1264
04-15 18:43:45.683 534 653 D StorageManagerService: Thinking about reset, mBootCompleted=true, mDaemonConnected=true
04-15 18:43:45.686 356 356 I android.hardware.biometrics.face-service.example: enumerateEnrollments
04-15 18:43:45.690 534 653 I StorageSessionController: Started resetting external storage service...
04-15 18:43:45.690 534 653 I StorageSessionController: Finished resetting external storage service
04-15 18:43:45.691 534 653 I StorageManagerService: Resetting vold...
04-15 18:43:45.696 356 1164 I android.hardware.biometrics.face-service.example: enumerateEnrollmentsImpl
04-15 18:43:45.698 534 560 V ActivityManagerTiming: OnBootPhase_1000_com.android.server.timezonedetector.location.LocationTimeZoneManagerService$Lifecycle took to complete: 19ms
04-15 18:43:45.698 534 560 D ActivityManagerTiming: OnBootPhase_1000_com.android.server.search.SearchManagerService$Lifecycle
04-15 18:43:45.698 534 560 V ActivityManagerTiming: OnBootPhase_1000_com.android.server.search.SearchManagerService$Lifecycle took to complete: 0ms
04-15 18:43:45.698 534 560 D ActivityManagerTiming: OnBootPhase_1000_com.android.server.wallpaper.WallpaperManagerService$Lifecycle
04-15 18:43:45.726 534 534 V BiometricSchedulerOperation: started: {[0] com.android.server.biometrics.sensors.face.aidl.FaceInternalCleanupClient, proto=7, owner=android, cookie=0, requestId=-1, userId=0}, State: 2
04-15 18:43:45.726 534 534 W Looper : Slow dispatch took 485ms main h=android.os.Handler c=com.android.server.biometrics.sensors.UserAwareBiometricScheduler$ClientFinishedCallback$$ExternalSyntheticLambda0@aeddf28 m=0
04-15 18:43:45.726 534 653 I StorageManagerService: Reset vold
04-15 18:43:45.733 141 141 I vold : onUserAdded: 0
04-15 18:43:45.735 534 534 D UaBiometricScheduler/FingerprintProvider/default/0: [Added] {[7] com.android.server.biometrics.sensors.fingerprint.aidl.FingerprintGetAuthenticatorIdClient, proto=5, owner=android, cookie=0, requestId=-1, userId=0}, new queue size: 2
04-15 18:43:45.735 534 534 V UaBiometricScheduler/FingerprintProvider/default/0: Not idle, current operation: {[3] com.android.server.biometrics.sensors.fingerprint.aidl.FingerprintStartUserClient, proto=17, owner=android, cookie=0, requestId=-1, userId=0}, State: 2
04-15 18:43:45.740 534 534 D UaBiometricScheduler/FingerprintProvider/default/0: [Added] {[8] com.android.server.biometrics.sensors.fingerprint.aidl.FingerprintInternalCleanupClient, proto=7, owner=android, cookie=0, requestId=-1, userId=0}, new queue size: 3
04-15 18:43:45.741 534 534 V UaBiometricScheduler/FingerprintProvider/default/0: Not idle, current operation: {[3] com.android.server.biometrics.sensors.fingerprint.aidl.FingerprintStartUserClient, proto=17, owner=android, cookie=0, requestId=-1, userId=0}, State: 2
04-15 18:43:45.741 534 534 D UaBiometricScheduler/FingerprintProvider/default/0: [Client finished] {[3] com.android.server.biometrics.sensors.fingerprint.aidl.FingerprintStartUserClient, proto=17, owner=android, cookie=0, requestId=-1, userId=0}, success: true
04-15 18:43:45.741 534 534 D UaBiometricScheduler/FingerprintProvider/default/0: [Polled] {[2] com.android.server.biometrics.sensors.fingerprint.aidl.FingerprintInternalCleanupClient, proto=7, owner=android, cookie=0, requestId=-1, userId=0}, State: 0
04-15 18:43:45.741 534 534 D UaBiometricScheduler/FingerprintProvider/default/0: [Started] {[2] com.android.server.biometrics.sensors.fingerprint.aidl.FingerprintInternalCleanupClient, proto=7, owner=android, cookie=0, requestId=-1, userId=0}
04-15 18:43:45.742 534 534 W BiometricStateCallback: Other authentication client: FingerprintInternalCleanupClient
04-15 18:43:45.742 534 534 D BiometricStateCallback: State updated from 0 to 0, client {[2] com.android.server.biometrics.sensors.fingerprint.aidl.FingerprintInternalCleanupClient, proto=7, owner=android, cookie=0, requestId=-1, userId=0}
04-15 18:43:45.750 534 534 D Biometrics/InternalCleanupClient: Starting enumerate: {[9] com.android.server.biometrics.sensors.fingerprint.aidl.FingerprintInternalEnumerateClient, proto=6, owner=android, cookie=0, requestId=-1, userId=0} enrolledList size:0
04-15 18:43:45.751 1182 1182 D fingerprint-service.ranchu: 0x7ba656be3870:enumerateEnrollments: onEnrollmentsEnumerated(enrollmentIds=empty)
04-15 18:43:45.773 534 560 W SystemServiceManager: Service com.android.server.wallpaper.WallpaperManagerService$Lifecycle took 75 ms in onBootPhase
04-15 18:43:45.773 534 560 V ActivityManagerTiming: OnBootPhase_1000_com.android.server.wallpaper.WallpaperManagerService$Lifecycle took to complete: 75ms
