04-15 18:43:31.638 534 534 V StorageManagerService: Package com.android.internal.emulation.pixel_7_pro does not have legacy storage
04-15 18:43:31.639 534 534 V StorageManagerService: Package com.android.internal.emulation.pixel_8_pro does not have legacy storage
04-15 18:43:31.639 534 534 V StorageManagerService: Package com.android.internal.emulation.pixel_3a does not have legacy storage
04-15 18:43:31.639 534 534 V StorageManagerService: Package com.android.internal.emulation.pixel_4a does not have legacy storage
04-15 18:43:31.639 534 534 V StorageManagerService: Package com.android.internal.emulation.pixel_6a does not have legacy storage
04-15 18:43:31.639 534 534 V StorageManagerService: Package com.android.internal.emulation.pixel_7a does not have legacy storage
04-15 18:43:31.648 534 534 V StorageManagerService: Package com.android.safetycenter.resources does not have legacy storage
04-15 18:43:31.648 534 534 V StorageManagerService: Package com.android.providers.downloads.ui does not have legacy storage
04-15 18:43:31.648 534 534 V StorageManagerService: Package com.android.pacprocessor does not have legacy storage
04-15 18:43:31.649 534 534 V StorageManagerService: Package com.android.simappdialog does not have legacy storage
04-15 18:43:31.649 534 534 V StorageManagerService: Package com.android.networkstack does not have legacy storage
04-15 18:43:31.649 534 534 V StorageManagerService: Package com.android.connectivity.resources does not have legacy storage
04-15 18:43:31.649 534 534 V StorageManagerService: Package com.android.internal.display.cutout.emulation.hole does not have legacy storage
04-15 18:43:31.649 534 534 V StorageManagerService: Package com.android.internal.display.cutout.emulation.tall does not have legacy storage
04-15 18:43:31.650 534 534 V StorageManagerService: Package com.android.modulemetadata does not have legacy storage
04-15 18:43:31.650 534 534 V StorageManagerService: Package com.android.certinstaller does not have legacy storage
04-15 18:43:31.650 534 534 V StorageManagerService: Package com.android.carrierconfig does not have legacy storage
04-15 18:43:31.650 534 534 V StorageManagerService: Package com.android.internal.systemui.navbar.threebutton does not have legacy storage
04-15 18:43:31.651 534 534 V StorageManagerService: Package com.android.wifi.dialog does not have legacy storage
04-15 18:43:31.651 534 534 V StorageManagerService: Package android does not have legacy storage
04-15 18:43:31.651 534 534 V StorageManagerService: Package com.android.contacts does not have legacy storage
04-15 18:43:31.651 534 534 V StorageManagerService: Package com.android.camera2 does not have legacy storage
04-15 18:43:31.651 534 534 V StorageManagerService: Package com.android.egg does not have legacy storage
04-15 18:43:31.653 534 534 V StorageManagerService: Package com.android.mtp does not have legacy storage
04-15 18:43:31.653 534 534 V StorageManagerService: Package com.android.nfc does not have legacy storage
04-15 18:43:31.653 534 534 V StorageManagerService: Package com.android.ons does not have legacy storage
04-15 18:43:31.654 534 534 V StorageManagerService: Package com.android.stk does not have legacy storage
04-15 18:43:31.654 534 534 V StorageManagerService: Package com.android.launcher3 does not have legacy storage
04-15 18:43:31.654 534 534 V StorageManagerService: Package com.android.backupconfirm does not have legacy storage
04-15 18:43:31.654 534 534 V StorageManagerService: Package com.android.systemui.auto_generated_rro_vendor__ does not have legacy storage
04-15 18:43:31.655 534 534 V StorageManagerService: Package com.android.internal.systemui.navbar.twobutton does not have legacy storage
04-15 18:43:31.655 534 534 V StorageManagerService: Package com.android.statementservice does not have legacy storage
04-15 18:43:31.655 534 534 V StorageManagerService: Package com.android.settings.intelligence does not have legacy storage
04-15 18:43:31.655 534 534 V StorageManagerService: Package com.android.calendar does not have legacy storage
04-15 18:43:31.655 534 534 V StorageManagerService: Package com.android.internal.systemui.navbar.gestural_extra_wide_back does not have legacy storage
04-15 18:43:31.660 534 534 V StorageManagerService: Package com.android.systemui.accessibility.accessibilitymenu does not have legacy storage
04-15 18:43:31.660 534 534 V StorageManagerService: Package com.android.systemui.emulation.pixel_3 does not have legacy storage
04-15 18:43:31.660 534 534 V StorageManagerService: Package com.android.systemui.emulation.pixel_4 does not have legacy storage
04-15 18:43:31.661 534 534 V StorageManagerService: Package com.android.systemui.emulation.pixel_5 does not have legacy storage
04-15 18:43:31.661 534 534 V StorageManagerService: Package com.android.systemui.emulation.pixel_6 does not have legacy storage
04-15 18:43:31.661 534 534 V StorageManagerService: Package com.android.systemui.emulation.pixel_7 does not have legacy storage
04-15 18:43:31.661 534 534 V StorageManagerService: Package com.android.systemui.emulation.pixel_8 does not have legacy storage
04-15 18:43:31.661 534 534 V StorageManagerService: Package com.android.emulator.radio.config does not have legacy storage
04-15 18:43:31.662 534 534 V StorageManagerService: Package com.android.providers.settings does not have legacy storage
04-15 18:43:31.662 534 534 V StorageManagerService: Package com.android.sharedstoragebackup does not have legacy storage
04-15 18:43:31.662 534 534 V StorageManagerService: Package com.android.printspooler does not have legacy storage
04-15 18:43:31.662 534 534 V StorageManagerService: Package com.android.dreams.basic does not have legacy storage
04-15 18:43:31.662 534 534 V StorageManagerService: Package com.android.webview does not have legacy storage
04-15 18:43:31.663 534 534 V StorageManagerService: Package com.android.se does not have legacy storage
04-15 18:43:31.663 534 534 V StorageManagerService: Package com.android.inputdevices does not have legacy storage
04-15 18:43:31.663 534 534 V StorageManagerService: Package com.android.rkpdapp does not have legacy storage
04-15 18:43:31.663 534 534 V StorageManagerService: Package com.android.bips does not have legacy storage
04-15 18:43:31.663 534 534 V StorageManagerService: Package com.android.internal.emulation.pixel_3 does not have legacy storage
04-15 18:43:31.668 534 534 V StorageManagerService: Package com.android.internal.emulation.pixel_4 does not have legacy storage
04-15 18:43:31.668 534 534 V StorageManagerService: Package com.android.internal.emulation.pixel_5 does not have legacy storage
04-15 18:43:31.669 534 534 V StorageManagerService: Package com.android.internal.emulation.pixel_6 does not have legacy storage
04-15 18:43:31.669 534 534 V StorageManagerService: Package com.android.internal.emulation.pixel_7 does not have legacy storage
04-15 18:43:31.669 534 534 V StorageManagerService: Package com.android.internal.emulation.pixel_8 does not have legacy storage
04-15 18:43:31.679 534 534 V StorageManagerService: Package com.android.sdksetup does not have legacy storage
04-15 18:43:31.680 534 534 V StorageManagerService: Package com.android.musicfx does not have legacy storage
04-15 18:43:31.681 534 534 V StorageManagerService: Package com.android.internal.display.cutout.emulation.emu01 does not have legacy storage
04-15 18:43:31.681 534 534 V StorageManagerService: Package com.android.providers.settings.auto_generated_rro_vendor__ does not have legacy storage
04-15 18:43:31.681 534 534 V StorageManagerService: Package com.android.cellbroadcastreceiver does not have legacy storage
04-15 18:43:31.681 534 534 V StorageManagerService: Package android.ext.shared does not have legacy storage
04-15 18:43:31.681 534 534 V StorageManagerService: Package com.android.server.telecom does not have legacy storage
04-15 18:43:31.682 534 534 V StorageManagerService: Package com.android.cellbroadcastservice does not have legacy storage
04-15 18:43:31.682 534 534 V StorageManagerService: Package com.android.keychain does not have legacy storage
04-15 18:43:31.682 534 534 V StorageManagerService: Package com.android.printservice.recommendation does not have legacy storage
04-15 18:43:31.682 534 534 V StorageManagerService: Package com.android.dialer does not have legacy storage
04-15 18:43:31.682 534 534 V StorageManagerService: Package com.android.gallery3d has legacy storage
04-15 18:43:31.682 534 534 V StorageManagerService: Package android.ext.services does not have legacy storage
04-15 18:43:31.683 534 534 V StorageManagerService: Package com.android.wifi.resources does not have legacy storage
04-15 18:43:31.683 534 534 V StorageManagerService: Package com.android.calllogbackup does not have legacy storage
04-15 18:43:31.683 534 534 V StorageManagerService: Package com.android.cameraextensions does not have legacy storage
04-15 18:43:31.683 534 534 V StorageManagerService: Package com.android.localtransport does not have legacy storage
04-15 18:43:31.684 534 534 V StorageManagerService: Package com.android.packageinstaller does not have legacy storage
04-15 18:43:31.704 534 534 V StorageManagerService: Package com.android.carrierdefaultapp does not have legacy storage
04-15 18:43:31.704 534 534 V StorageManagerService: Package com.android.credentialmanager does not have legacy storage
04-15 18:43:31.704 534 534 V StorageManagerService: Package com.android.theme.font.notoserifsource does not have legacy storage
04-15 18:43:31.705 534 534 V StorageManagerService: Package com.android.proxyhandler does not have legacy storage
04-15 18:43:31.705 534 534 V StorageManagerService: Package com.android.internal.display.cutout.emulation.waterfall does not have legacy storage
04-15 18:43:31.705 534 534 V StorageManagerService: Package com.android.intentresolver does not have legacy storage
04-15 18:43:31.705 534 534 V StorageManagerService: Package com.android.nearby.halfsheet does not have legacy storage
04-15 18:43:31.705 534 534 V StorageManagerService: Package com.android.inputmethod.latin does not have legacy storage
04-15 18:43:31.706 534 534 V StorageManagerService: Package com.android.internal.systemui.navbar.transparent does not have legacy storage
04-15 18:43:31.706 534 534 V StorageManagerService: Package org.chromium.webview_shell does not have legacy storage
04-15 18:43:31.706 534 534 V StorageManagerService: Package com.android.managedprovisioning does not have legacy storage
04-15 18:43:31.706 534 534 V StorageManagerService: Package com.android.networkstack.tethering does not have legacy storage
04-15 18:43:31.706 534 534 V StorageManagerService: Package com.android.soundpicker does not have legacy storage
04-15 18:43:31.707 534 534 V StorageManagerService: Package com.android.systemui.emulation.pixel_3a_xl does not have legacy storage
04-15 18:43:31.707 534 534 V StorageManagerService: Package com.android.systemui.emulation.pixel_6_pro does not have legacy storage
04-15 18:43:31.707 534 534 V StorageManagerService: Package com.android.systemui.emulation.pixel_7_pro does not have legacy storage
04-15 18:43:31.707 534 534 V StorageManagerService: Package com.android.systemui.emulation.pixel_8_pro does not have legacy storage
04-15 18:43:31.714 534 534 V StorageManagerService: Package com.android.dreams.phototable does not have legacy storage
04-15 18:43:31.724 1089 1089 I droid.bluetooth: Using CollectorTypeCC GC.
04-15 18:43:31.730 1089 1089 W droid.bluetooth: Unexpected CPU variant for x86: x86_64.
04-15 18:43:31.730 1089 1089 W droid.bluetooth: Known variants: atom, sandybridge, silvermont, goldmont, goldmont-plus, tremont, kabylake, default
04-15 18:43:31.732 534 534 V StorageManagerService: Package com.android.emulator.multidisplay does not have legacy storage
04-15 18:43:31.732 534 534 V StorageManagerService: Package com.android.providers.partnerbookmarks does not have legacy storage
04-15 18:43:31.733 534 534 V StorageManagerService: Package com.android.role.notes.enabled does not have legacy storage
04-15 18:43:31.733 534 534 V StorageManagerService: Package com.android.wallpaper.livepicker does not have legacy storage
04-15 18:43:31.733 534 534 V StorageManagerService: Package com.android.cellbroadcastreceiver.module does not have legacy storage
04-15 18:43:31.733 534 534 V StorageManagerService: Package com.android.phone.auto_generated_rro_vendor__ does not have legacy storage
04-15 18:43:31.733 534 534 V StorageManagerService: Package com.android.apps.tag does not have legacy storage
04-15 18:43:31.734 534 534 V StorageManagerService: Package com.android.imsserviceentitlement does not have legacy storage
04-15 18:43:31.734 534 534 V StorageManagerService: Package com.android.internal.emulation.pixel_2_xl does not have legacy storage
04-15 18:43:31.734 534 534 V StorageManagerService: Package com.android.internal.emulation.pixel_3_xl does not have legacy storage
04-15 18:43:31.734 534 534 V StorageManagerService: Package com.android.internal.emulation.pixel_4_xl does not have legacy storage
04-15 18:43:31.734 534 534 V StorageManagerService: Package com.android.internal.emulation.pixel_fold does not have legacy storage
04-15 18:43:31.735 534 534 V StorageManagerService: Package com.android.storagemanager does not have legacy storage
04-15 18:43:31.735 534 534 V StorageManagerService: Package com.android.bookmarkprovider does not have legacy storage
04-15 18:43:31.735 534 534 V StorageManagerService: Package com.android.settings does not have legacy storage
04-15 18:43:31.735 534 534 V StorageManagerService: Package com.android.systemui.emulation.pixel_3a does not have legacy storage
04-15 18:43:31.735 534 534 V StorageManagerService: Package com.android.systemui.emulation.pixel_4a does not have legacy storage
04-15 18:43:31.746 534 534 V StorageManagerService: Package com.android.systemui.emulation.pixel_6a does not have legacy storage
04-15 18:43:31.746 534 534 V StorageManagerService: Package com.android.systemui.emulation.pixel_7a does not have legacy storage
04-15 18:43:31.746 534 534 V StorageManagerService: Package com.android.cts.ctsshim does not have legacy storage
04-15 18:43:31.746 534 534 V StorageManagerService: Package com.android.vpndialogs does not have legacy storage
04-15 18:43:31.746 534 534 V StorageManagerService: Package com.android.connectivity.resources.goldfish.overlay does not have legacy storage
04-15 18:43:31.747 534 534 V StorageManagerService: Package com.android.music does not have legacy storage
04-15 18:43:31.747 534 534 V StorageManagerService: Package com.android.phone does not have legacy storage
04-15 18:43:31.747 534 534 V StorageManagerService: Package com.android.shell does not have legacy storage
04-15 18:43:31.747 534 534 V StorageManagerService: Package com.android.sdksandbox does not have legacy storage
04-15 18:43:31.747 534 534 V StorageManagerService: Package com.android.wallpaperbackup does not have legacy storage
04-15 18:43:31.757 534 534 V StorageManagerService: Package com.android.providers.blockednumber does not have legacy storage
04-15 18:43:31.757 534 534 V StorageManagerService: Package com.android.providers.userdictionary does not have legacy storage
04-15 18:43:31.758 534 534 V StorageManagerService: Package com.android.providers.media.module does not have legacy storage
04-15 18:43:31.758 534 534 V StorageManagerService: Package com.android.emergency does not have legacy storage
04-15 18:43:31.758 534 534 V StorageManagerService: Package com.android.hotspot2.osulogin does not have legacy storage
04-15 18:43:31.758 534 534 V StorageManagerService: Package com.android.internal.systemui.navbar.gestural does not have legacy storage
04-15 18:43:31.760 534 534 V StorageManagerService: Package com.android.location.fused does not have legacy storage
04-15 18:43:31.761 534 534 V StorageManagerService: Package com.android.deskclock does not have legacy storage
04-15 18:43:31.761 534 534 V StorageManagerService: Package com.android.systemui does not have legacy storage
04-15 18:43:31.761 534 534 V StorageManagerService: Package com.android.bluetoothmidiservice does not have legacy storage
04-15 18:43:31.761 534 534 V StorageManagerService: Package com.android.permissioncontroller does not have legacy storage
04-15 18:43:31.762 534 534 V StorageManagerService: Package com.android.traceur does not have legacy storage
04-15 18:43:31.762 534 534 V StorageManagerService: Package com.android.ondevicepersonalization.services does not have legacy storage
04-15 18:43:31.762 534 534 V StorageManagerService: Package com.android.bluetooth does not have legacy storage
04-15 18:43:31.762 534 534 V StorageManagerService: Package com.android.wallpaperpicker does not have legacy storage
04-15 18:43:31.762 534 534 V StorageManagerService: Package com.android.providers.contacts does not have legacy storage
04-15 18:43:31.763 534 534 V StorageManagerService: Package com.android.captiveportallogin does not have legacy storage
04-15 18:43:31.763 534 534 V StorageManagerService: Package com.android.internal.systemui.navbar.gestural_narrow_back does not have legacy storage
04-15 18:43:31.763 534 534 V StorageManagerService: Package com.android.devicelockcontroller does not have legacy storage
04-15 18:43:31.763 534 534 V StorageManagerService: Package android.auto_generated_rro_vendor__ does not have legacy storage
04-15 18:43:31.766 1089 1089 E droid.bluetooth: Not starting debugger since process cannot load the jdwp agent.
04-15 18:43:31.777 534 534 W SystemServiceManager: Service com.android.server.StorageManagerService$Lifecycle took 207 ms in onStartUser-0
04-15 18:43:31.777 534 534 V SystemServerTimingAsync: ssm.onStartUser-0_com.android.server.StorageManagerService$Lifecycle took to complete: 207ms
04-15 18:43:31.777 534 534 D SystemServerTimingAsync: ssm.onStartUser-0_com.android.server.usage.StorageStatsService$Lifecycle
04-15 18:43:31.777 534 534 V SystemServerTimingAsync: ssm.onStartUser-0_com.android.server.usage.StorageStatsService$Lifecycle took to complete: 0ms
04-15 18:43:31.778 534 534 D SystemServerTimingAsync: ssm.onStartUser-0_com.android.server.UiModeManagerService
04-15 18:43:31.778 534 534 V SystemServerTimingAsync: ssm.onStartUser-0_com.android.server.UiModeManagerService took to complete: 1ms
04-15 18:43:31.778 534 534 D SystemServerTimingAsync: ssm.onStartUser-0_com.android.server.locales.LocaleManagerService
04-15 18:43:31.778 534 534 V SystemServerTimingAsync: ssm.onStartUser-0_com.android.server.locales.LocaleManagerService took to complete: 0ms
04-15 18:43:31.778 534 534 D SystemServerTimingAsync: ssm.onStartUser-0_com.android.server.grammaticalinflection.GrammaticalInflectionService
04-15 18:43:31.778 534 534 V SystemServerTimingAsync: ssm.onStartUser-0_com.android.server.grammaticalinflection.GrammaticalInflectionService took to complete: 0ms
04-15 18:43:31.778 534 534 D SystemServerTimingAsync: ssm.onStartUser-0_com.android.server.apphibernation.AppHibernationService
04-15 18:43:31.778 534 534 V SystemServerTimingAsync: ssm.onStartUser-0_com.android.server.apphibernation.AppHibernationService took to complete: 0ms
04-15 18:43:31.778 534 534 D SystemServerTimingAsync: ssm.onStartUser-0_com.android.server.locksettings.LockSettingsService$Lifecycle
04-15 18:43:31.778 534 534 V SystemServerTimingAsync: ssm.onStartUser-0_com.android.server.locksettings.LockSettingsService$Lifecycle took to complete: 0ms
04-15 18:43:31.779 534 534 D SystemServerTimingAsync: ssm.onStartUser-0_com.android.server.testharness.TestHarnessModeService
04-15 18:43:31.779 534 534 V SystemServerTimingAsync: ssm.onStartUser-0_com.android.server.testharness.TestHarnessModeService took to complete: 0ms
04-15 18:43:31.779 534 534 D SystemServerTimingAsync: ssm.onStartUser-0_com.android.server.DeviceIdleController
04-15 18:43:31.779 534 534 V SystemServerTimingAsync: ssm.onStartUser-0_com.android.server.DeviceIdleController took to complete: 0ms
04-15 18:43:31.779 534 534 D SystemServerTimingAsync: ssm.onStartUser-0_com.android.server.devicepolicy.DevicePolicyManagerService$Lifecycle
04-15 18:43:31.802 534 534 V SystemServerTimingAsync: ssm.onStartUser-0_com.android.server.devicepolicy.DevicePolicyManagerService$Lifecycle took to complete: 22ms
04-15 18:43:31.802 534 534 D SystemServerTimingAsync: ssm.onStartUser-0_com.android.server.texttospeech.TextToSpeechManagerService
04-15 18:43:31.802 534 534 V SystemServerTimingAsync: ssm.onStartUser-0_com.android.server.texttospeech.TextToSpeechManagerService took to complete: 0ms
04-15 18:43:31.802 534 534 D SystemServerTimingAsync: ssm.onStartUser-0_com.android.server.ambientcontext.AmbientContextManagerService
04-15 18:43:31.802 534 534 V SystemServerTimingAsync: ssm.onStartUser-0_com.android.server.ambientcontext.AmbientContextManagerService took to complete: 0ms
04-15 18:43:31.802 534 534 D SystemServerTimingAsync: ssm.onStartUser-0_com.android.server.wearable.WearableSensingManagerService
04-15 18:43:31.802 534 534 V SystemServerTimingAsync: ssm.onStartUser-0_com.android.server.wearable.WearableSensingManagerService took to complete: 0ms
04-15 18:43:31.802 534 534 D SystemServerTimingAsync: ssm.onStartUser-0_com.android.server.speech.SpeechRecognitionManagerService
04-15 18:43:31.802 534 534 V SystemServerTimingAsync: ssm.onStartUser-0_com.android.server.speech.SpeechRecognitionManagerService took to complete: 0ms
04-15 18:43:31.803 534 534 D SystemServerTimingAsync: ssm.onStartUser-0_com.android.server.searchui.SearchUiManagerService
04-15 18:43:31.803 534 534 V SystemServerTimingAsync: ssm.onStartUser-0_com.android.server.searchui.SearchUiManagerService took to complete: 1ms
04-15 18:43:31.803 534 534 D SystemServerTimingAsync: ssm.onStartUser-0_com.android.server.smartspace.SmartspaceManagerService
04-15 18:43:31.803 534 534 V SystemServerTimingAsync: ssm.onStartUser-0_com.android.server.smartspace.SmartspaceManagerService took to complete: 0ms
04-15 18:43:31.803 534 534 D SystemServerTimingAsync: ssm.onStartUser-0_com.android.server.graphics.fonts.FontManagerService$Lifecycle
04-15 18:43:31.803 534 534 V SystemServerTimingAsync: ssm.onStartUser-0_com.android.server.graphics.fonts.FontManagerService$Lifecycle took to complete: 0ms
04-15 18:43:31.803 534 534 D SystemServerTimingAsync: ssm.onStartUser-0_com.android.server.textservices.TextServicesManagerService$Lifecycle
04-15 18:43:31.803 534 534 V SystemServerTimingAsync: ssm.onStartUser-0_com.android.server.textservices.TextServicesManagerService$Lifecycle took to complete: 0ms
04-15 18:43:31.803 534 534 D SystemServerTimingAsync: ssm.onStartUser-0_com.android.server.textclassifier.TextClassificationManagerService$Lifecycle
04-15 18:43:31.809 534 567 I ActivityManager: Test idle passed
04-15 18:43:31.812 534 534 V SystemServerTimingAsync: ssm.onStartUser-0_com.android.server.textclassifier.TextClassificationManagerService$Lifecycle took to complete: 9ms
04-15 18:43:31.813 534 534 D SystemServerTimingAsync: ssm.onStartUser-0_com.android.server.NetworkScoreService$Lifecycle
04-15 18:43:31.813 534 534 V SystemServerTimingAsync: ssm.onStartUser-0_com.android.server.NetworkScoreService$Lifecycle took to complete: 0ms
04-15 18:43:31.814 534 534 D SystemServerTimingAsync: ssm.onStartUser-0_com.android.server.NetworkStatsServiceInitializer
04-15 18:43:31.820 534 534 V SystemServerTimingAsync: ssm.onStartUser-0_com.android.server.NetworkStatsServiceInitializer took to complete: 0ms
04-15 18:43:31.821 534 534 D SystemServerTimingAsync: ssm.onStartUser-0_com.android.server.wifi.WifiService
04-15 18:43:31.821 534 534 V SystemServerTimingAsync: ssm.onStartUser-0_com.android.server.wifi.WifiService took to complete: 0ms
04-15 18:43:31.822 534 534 D SystemServerTimingAsync: ssm.onStartUser-0_com.android.server.wifi.scanner.WifiScanningService
04-15 18:43:31.822 534 534 V SystemServerTimingAsync: ssm.onStartUser-0_com.android.server.wifi.scanner.WifiScanningService took to complete: 0ms
04-15 18:43:31.823 534 534 D SystemServerTimingAsync: ssm.onStartUser-0_com.android.server.wifi.p2p.WifiP2pService
04-15 18:43:31.823 534 534 V SystemServerTimingAsync: ssm.onStartUser-0_com.android.server.wifi.p2p.WifiP2pService took to complete: 0ms
04-15 18:43:31.826 534 534 D SystemServerTimingAsync: ssm.onStartUser-0_com.android.server.ConnectivityServiceInitializer
04-15 18:43:31.826 534 534 V SystemServerTimingAsync: ssm.onStartUser-0_com.android.server.ConnectivityServiceInitializer took to complete: 0ms
04-15 18:43:31.826 534 534 D SystemServerTimingAsync: ssm.onStartUser-0_com.android.server.notification.NotificationManagerService
04-15 18:43:31.827 534 534 V SystemServerTimingAsync: ssm.onStartUser-0_com.android.server.notification.NotificationManagerService took to complete: 0ms
04-15 18:43:31.827 534 534 D SystemServerTimingAsync: ssm.onStartUser-0_com.android.server.storage.DeviceStorageMonitorService
04-15 18:43:31.830 534 534 V SystemServerTimingAsync: ssm.onStartUser-0_com.android.server.storage.DeviceStorageMonitorService took to complete: 0ms
04-15 18:43:31.831 534 534 D SystemServerTimingAsync: ssm.onStartUser-0_com.android.server.timedetector.TimeDetectorService$Lifecycle
04-15 18:43:31.831 534 534 V SystemServerTimingAsync: ssm.onStartUser-0_com.android.server.timedetector.TimeDetectorService$Lifecycle took to complete: 0ms
04-15 18:43:31.834 534 534 D SystemServerTimingAsync: ssm.onStartUser-0_com.android.server.location.LocationManagerService$Lifecycle
04-15 18:43:31.840 534 534 V SystemServerTimingAsync: ssm.onStartUser-0_com.android.server.location.LocationManagerService$Lifecycle took to complete: 5ms
04-15 18:43:31.841 534 534 D SystemServerTimingAsync: ssm.onStartUser-0_com.android.server.timezonedetector.TimeZoneDetectorService$Lifecycle
04-15 18:43:31.841 534 534 V SystemServerTimingAsync: ssm.onStartUser-0_com.android.server.timezonedetector.TimeZoneDetectorService$Lifecycle took to complete: 0ms
04-15 18:43:31.841 534 534 D SystemServerTimingAsync: ssm.onStartUser-0_com.android.server.location.altitude.AltitudeService$Lifecycle
04-15 18:43:31.842 534 534 V SystemServerTimingAsync: ssm.onStartUser-0_com.android.server.location.altitude.AltitudeService$Lifecycle took to complete: 0ms
04-15 18:43:31.842 534 534 D SystemServerTimingAsync: ssm.onStartUser-0_com.android.server.timezonedetector.location.LocationTimeZoneManagerService$Lifecycle
04-15 18:43:31.842 534 534 V SystemServerTimingAsync: ssm.onStartUser-0_com.android.server.timezonedetector.location.LocationTimeZoneManagerService$Lifecycle took to complete: 0ms
04-15 18:43:31.843 534 534 D SystemServerTimingAsync: ssm.onStartUser-0_com.android.server.search.SearchManagerService$Lifecycle
04-15 18:43:31.844 534 534 V SystemServerTimingAsync: ssm.onStartUser-0_com.android.server.search.SearchManagerService$Lifecycle took to complete: 0ms
04-15 18:43:31.846 534 534 D SystemServerTimingAsync: ssm.onStartUser-0_com.android.server.wallpaper.WallpaperManagerService$Lifecycle
04-15 18:43:31.846 534 534 V SystemServerTimingAsync: ssm.onStartUser-0_com.android.server.wallpaper.WallpaperManagerService$Lifecycle took to complete: 0ms
04-15 18:43:31.846 534 534 D SystemServerTimingAsync: ssm.onStartUser-0_com.android.server.wallpapereffectsgeneration.WallpaperEffectsGenerationManagerService
04-15 18:43:31.847 534 534 V SystemServerTimingAsync: ssm.onStartUser-0_com.android.server.wallpapereffectsgeneration.WallpaperEffectsGenerationManagerService took to complete: 0ms
04-15 18:43:31.847 534 534 D SystemServerTimingAsync: ssm.onStartUser-0_com.android.server.audio.AudioService$Lifecycle
04-15 18:43:31.847 534 534 V SystemServerTimingAsync: ssm.onStartUser-0_com.android.server.audio.AudioService$Lifecycle took to complete: 0ms
04-15 18:43:31.852 534 534 D SystemServerTimingAsync: ssm.onStartUser-0_com.android.server.soundtrigger_middleware.SoundTriggerMiddlewareService$Lifecycle
04-15 18:43:31.852 534 534 V SystemServerTimingAsync: ssm.onStartUser-0_com.android.server.soundtrigger_middleware.SoundTriggerMiddlewareService$Lifecycle took to complete: 0ms
04-15 18:43:31.852 534 534 D SystemServerTimingAsync: ssm.onStartUser-0_com.android.server.DockObserver
04-15 18:43:31.853 534 534 V SystemServerTimingAsync: ssm.onStartUser-0_com.android.server.DockObserver took to complete: 0ms
04-15 18:43:31.853 534 534 D SystemServerTimingAsync: ssm.onStartUser-0_com.android.server.midi.MidiService$Lifecycle
04-15 18:43:31.853 534 534 V SystemServerTimingAsync: ssm.onStartUser-0_com.android.server.midi.MidiService$Lifecycle took to complete: 0ms
04-15 18:43:31.859 534 534 D SystemServerTimingAsync: ssm.onStartUser-0_com.android.server.adb.AdbService$Lifecycle
04-15 18:43:31.859 534 534 V SystemServerTimingAsync: ssm.onStartUser-0_com.android.server.adb.AdbService$Lifecycle took to complete: 0ms
04-15 18:43:31.859 534 534 D SystemServerTimingAsync: ssm.onStartUser-0_com.android.server.usb.UsbService$Lifecycle
04-15 18:43:31.864 534 534 V SystemServerTimingAsync: ssm.onStartUser-0_com.android.server.usb.UsbService$Lifecycle took to complete: 0ms
04-15 18:43:31.867 534 534 D SystemServerTimingAsync: ssm.onStartUser-0_com.android.server.twilight.TwilightService
04-15 18:43:31.867 534 534 V SystemServerTimingAsync: ssm.onStartUser-0_com.android.server.twilight.TwilightService took to complete: 0ms
04-15 18:43:31.872 534 534 D SystemServerTimingAsync: ssm.onStartUser-0_com.android.server.display.color.ColorDisplayService
04-15 18:43:31.872 534 534 V SystemServerTimingAsync: ssm.onStartUser-0_com.android.server.display.color.ColorDisplayService took to complete: 0ms
04-15 18:43:31.873 534 534 D SystemServerTimingAsync: ssm.onStartUser-0_com.android.server.job.JobSchedulerService
04-15 18:43:31.873 534 534 V SystemServerTimingAsync: ssm.onStartUser-0_com.android.server.job.JobSchedulerService took to complete: 0ms
04-15 18:43:31.874 534 534 D SystemServerTimingAsync: ssm.onStartUser-0_com.android.server.soundtrigger.SoundTriggerService
04-15 18:43:31.874 534 534 V SystemServerTimingAsync: ssm.onStartUser-0_com.android.server.soundtrigger.SoundTriggerService took to complete: 0ms
04-15 18:43:31.874 534 534 D SystemServerTimingAsync: ssm.onStartUser-0_com.android.server.trust.TrustManagerService
04-15 18:43:31.875 534 534 V SystemServerTimingAsync: ssm.onStartUser-0_com.android.server.trust.TrustManagerService took to complete: 0ms
04-15 18:43:31.875 534 534 D SystemServerTimingAsync: ssm.onStartUser-0_com.android.server.backup.BackupManagerService$Lifecycle
04-15 18:43:31.880 534 534 V SystemServerTimingAsync: ssm.onStartUser-0_com.android.server.backup.BackupManagerService$Lifecycle took to complete: 0ms
04-15 18:43:31.880 534 534 D SystemServerTimingAsync: ssm.onStartUser-0_com.android.server.appwidget.AppWidgetService
04-15 18:43:31.881 534 534 V SystemServerTimingAsync: ssm.onStartUser-0_com.android.server.appwidget.AppWidgetService took to complete: 1ms
04-15 18:43:31.881 534 534 D SystemServerTimingAsync: ssm.onStartUser-0_com.android.server.voiceinteraction.VoiceInteractionManagerService
04-15 18:43:31.882 534 534 W VoiceInteractionManager: no available voice recognition services found for user 0
04-15 18:43:31.883 534 534 V SystemServerTimingAsync: ssm.onStartUser-0_com.android.server.voiceinteraction.VoiceInteractionManagerService took to complete: 2ms
04-15 18:43:31.883 534 534 D SystemServerTimingAsync: ssm.onStartUser-0_com.android.server.GestureLauncherService
04-15 18:43:31.883 534 534 V SystemServerTimingAsync: ssm.onStartUser-0_com.android.server.GestureLauncherService took to complete: 0ms
04-15 18:43:31.885 534 534 D SystemServerTimingAsync: ssm.onStartUser-0_com.android.server.SensorNotificationService
04-15 18:43:31.885 534 534 V SystemServerTimingAsync: ssm.onStartUser-0_com.android.server.SensorNotificationService took to complete: 0ms
04-15 18:43:31.886 534 534 D SystemServerTimingAsync: ssm.onStartUser-0_com.android.server.emergency.EmergencyAffordanceService
04-15 18:43:31.886 534 534 V SystemServerTimingAsync: ssm.onStartUser-0_com.android.server.emergency.EmergencyAffordanceService took to complete: 0ms
04-15 18:43:31.886 534 534 D SystemServerTimingAsync: ssm.onStartUser-0_com.android.server.blob.BlobStoreManagerService
04-15 18:43:31.887 534 534 V SystemServerTimingAsync: ssm.onStartUser-0_com.android.server.blob.BlobStoreManagerService took to complete: 1ms
04-15 18:43:31.887 534 534 D SystemServerTimingAsync: ssm.onStartUser-0_com.android.server.dreams.DreamManagerService
04-15 18:43:31.887 534 534 V SystemServerTimingAsync: ssm.onStartUser-0_com.android.server.dreams.DreamManagerService took to complete: 0ms
04-15 18:43:31.892 534 534 D SystemServerTimingAsync: ssm.onStartUser-0_com.android.server.print.PrintManagerService
04-15 18:43:31.892 534 534 V SystemServerTimingAsync: ssm.onStartUser-0_com.android.server.print.PrintManagerService took to complete: 0ms
04-15 18:43:31.893 534 534 D SystemServerTimingAsync: ssm.onStartUser-0_com.android.server.security.AttestationVerificationManagerService
04-15 18:43:31.893 534 534 V SystemServerTimingAsync: ssm.onStartUser-0_com.android.server.security.AttestationVerificationManagerService took to complete: 0ms
04-15 18:43:31.893 534 534 D SystemServerTimingAsync: ssm.onStartUser-0_com.android.server.companion.CompanionDeviceManagerService
04-15 18:43:31.894 534 534 V SystemServerTimingAsync: ssm.onStartUser-0_com.android.server.companion.CompanionDeviceManagerService took to complete: 0ms
04-15 18:43:31.894 534 534 D SystemServerTimingAsync: ssm.onStartUser-0_com.android.server.companion.virtual.VirtualDeviceManagerService
04-15 18:43:31.894 534 534 V SystemServerTimingAsync: ssm.onStartUser-0_com.android.server.companion.virtual.VirtualDeviceManagerService took to complete: 0ms
04-15 18:43:31.900 534 534 D SystemServerTimingAsync: ssm.onStartUser-0_com.android.server.restrictions.RestrictionsManagerService
04-15 18:43:31.900 534 534 V SystemServerTimingAsync: ssm.onStartUser-0_com.android.server.restrictions.RestrictionsManagerService took to complete: 0ms
04-15 18:43:31.901 534 534 D SystemServerTimingAsync: ssm.onStartUser-0_com.android.server.media.MediaSessionService
04-15 18:43:31.901 534 534 V SystemServerTimingAsync: ssm.onStartUser-0_com.android.server.media.MediaSessionService took to complete: 0ms
04-15 18:43:31.902 534 534 D SystemServerTimingAsync: ssm.onStartUser-0_com.android.server.media.MediaResourceMonitorService
04-15 18:43:31.902 534 534 V SystemServerTimingAsync: ssm.onStartUser-0_com.android.server.media.MediaResourceMonitorService took to complete: 0ms
04-15 18:43:31.902 534 534 D SystemServerTimingAsync: ssm.onStartUser-0_com.android.server.biometrics.sensors.face.FaceService
04-15 18:43:31.903 534 534 V SystemServerTimingAsync: ssm.onStartUser-0_com.android.server.biometrics.sensors.face.FaceService took to complete: 0ms
04-15 18:43:31.903 534 534 D SystemServerTimingAsync: ssm.onStartUser-0_com.android.server.biometrics.sensors.fingerprint.FingerprintService
04-15 18:43:31.903 534 534 V SystemServerTimingAsync: ssm.onStartUser-0_com.android.server.biometrics.sensors.fingerprint.FingerprintService took to complete: 0ms
04-15 18:43:31.908 534 534 D SystemServerTimingAsync: ssm.onStartUser-0_com.android.server.biometrics.BiometricService
04-15 18:43:31.908 534 534 V SystemServerTimingAsync: ssm.onStartUser-0_com.android.server.biometrics.BiometricService took to complete: 0ms
04-15 18:43:31.909 534 534 D SystemServerTimingAsync: ssm.onStartUser-0_com.android.server.biometrics.AuthService
04-15 18:43:31.909 534 534 V SystemServerTimingAsync: ssm.onStartUser-0_com.android.server.biometrics.AuthService took to complete: 0ms
04-15 18:43:31.909 534 534 D SystemServerTimingAsync: ssm.onStartUser-0_com.android.server.pm.ShortcutService$Lifecycle
04-15 18:43:31.910 534 534 V SystemServerTimingAsync: ssm.onStartUser-0_com.android.server.pm.ShortcutService$Lifecycle took to complete: 0ms
04-15 18:43:31.910 534 534 D SystemServerTimingAsync: ssm.onStartUser-0_com.android.server.pm.LauncherAppsService
04-15 18:43:31.910 534 534 V SystemServerTimingAsync: ssm.onStartUser-0_com.android.server.pm.LauncherAppsService took to complete: 0ms
04-15 18:43:31.911 534 534 D SystemServerTimingAsync: ssm.onStartUser-0_com.android.server.pm.CrossProfileAppsService
04-15 18:43:31.911 534 534 V SystemServerTimingAsync: ssm.onStartUser-0_com.android.server.pm.CrossProfileAppsService took to complete: 0ms
04-15 18:43:31.911 534 534 D SystemServerTimingAsync: ssm.onStartUser-0_com.android.server.people.PeopleService
04-15 18:43:31.916 534 534 V SystemServerTimingAsync: ssm.onStartUser-0_com.android.server.people.PeopleService took to complete: 0ms
04-15 18:43:31.916 534 534 D SystemServerTimingAsync: ssm.onStartUser-0_com.android.server.media.metrics.MediaMetricsManagerService
04-15 18:43:31.916 534 534 V SystemServerTimingAsync: ssm.onStartUser-0_com.android.server.media.metrics.MediaMetricsManagerService took to complete: 0ms
04-15 18:43:31.916 534 534 D SystemServerTimingAsync: ssm.onStartUser-0_com.android.server.pm.BackgroundInstallControlService
04-15 18:43:31.916 534 534 V SystemServerTimingAsync: ssm.onStartUser-0_com.android.server.pm.BackgroundInstallControlService took to complete: 0ms
04-15 18:43:31.916 534 534 D SystemServerTimingAsync: ssm.onStartUser-0_com.android.server.media.projection.MediaProjectionManagerService
04-15 18:43:31.916 534 534 V SystemServerTimingAsync: ssm.onStartUser-0_com.android.server.media.projection.MediaProjectionManagerService took to complete: 0ms
04-15 18:43:31.917 534 534 D SystemServerTimingAsync: ssm.onStartUser-0_com.android.server.slice.SliceManagerService$Lifecycle
04-15 18:43:31.917 534 534 V SystemServerTimingAsync: ssm.onStartUser-0_com.android.server.slice.SliceManagerService$Lifecycle took to complete: 0ms
04-15 18:43:31.917 534 534 D SystemServerTimingAsync: ssm.onStartUser-0_com.android.server.stats.StatsCompanion$Lifecycle
04-15 18:43:31.917 534 534 V SystemServerTimingAsync: ssm.onStartUser-0_com.android.server.stats.StatsCompanion$Lifecycle took to complete: 0ms
04-15 18:43:31.917 534 534 D SystemServerTimingAsync: ssm.onStartUser-0_com.android.server.scheduling.RebootReadinessManagerService$Lifecycle
04-15 18:43:31.917 534 534 V SystemServerTimingAsync: ssm.onStartUser-0_com.android.server.scheduling.RebootReadinessManagerService$Lifecycle took to complete: 0ms
04-15 18:43:31.917 534 534 D SystemServerTimingAsync: ssm.onStartUser-0_com.android.server.stats.pull.StatsPullAtomService
04-15 18:43:31.917 534 534 V SystemServerTimingAsync: ssm.onStartUser-0_com.android.server.stats.pull.StatsPullAtomService took to complete: 0ms
04-15 18:43:31.917 534 534 D SystemServerTimingAsync: ssm.onStartUser-0_com.android.server.stats.bootstrap.StatsBootstrapAtomService$Lifecycle
04-15 18:43:31.917 534 534 V SystemServerTimingAsync: ssm.onStartUser-0_com.android.server.stats.bootstrap.StatsBootstrapAtomService$Lifecycle took to complete: 0ms
04-15 18:43:31.917 534 534 D SystemServerTimingAsync: ssm.onStartUser-0_com.android.server.incident.IncidentCompanionService
04-15 18:43:31.917 534 534 V SystemServerTimingAsync: ssm.onStartUser-0_com.android.server.incident.IncidentCompanionService took to complete: 0ms
04-15 18:43:31.918 534 534 D SystemServerTimingAsync: ssm.onStartUser-0_com.android.server.sdksandbox.SdkSandboxManagerService$Lifecycle
04-15 18:43:31.918 534 534 V SystemServerTimingAsync: ssm.onStartUser-0_com.android.server.sdksandbox.SdkSandboxManagerService$Lifecycle took to complete: 0ms
04-15 18:43:31.918 534 534 D SystemServerTimingAsync: ssm.onStartUser-0_com.android.server.adservices.AdServicesManagerService$Lifecycle
04-15 18:43:31.918 534 534 V SystemServerTimingAsync: ssm.onStartUser-0_com.android.server.adservices.AdServicesManagerService$Lifecycle took to complete: 0ms
04-15 18:43:31.918 534 534 D SystemServerTimingAsync: ssm.onStartUser-0_com.android.server.ondevicepersonalization.OnDevicePersonalizationSystemService$Lifecycle
04-15 18:43:31.918 534 534 V SystemServerTimingAsync: ssm.onStartUser-0_com.android.server.ondevicepersonalization.OnDevicePersonalizationSystemService$Lifecycle took to complete: 0ms
04-15 18:43:31.918 534 534 D SystemServerTimingAsync: ssm.onStartUser-0_com.android.server.MmsServiceBroker
04-15 18:43:31.918 534 534 V SystemServerTimingAsync: ssm.onStartUser-0_com.android.server.MmsServiceBroker took to complete: 0ms
04-15 18:43:31.918 534 534 D SystemServerTimingAsync: ssm.onStartUser-0_com.android.server.autofill.AutofillManagerService
04-15 18:43:31.918 534 534 V SystemServerTimingAsync: ssm.onStartUser-0_com.android.server.autofill.AutofillManagerService took to complete: 0ms
04-15 18:43:31.918 534 534 D SystemServerTimingAsync: ssm.onStartUser-0_com.android.server.credentials.CredentialManagerService
04-15 18:43:31.919 534 534 V SystemServerTimingAsync: ssm.onStartUser-0_com.android.server.credentials.CredentialManagerService took to complete: 0ms
04-15 18:43:31.919 534 534 D SystemServerTimingAsync: ssm.onStartUser-0_com.android.server.selectiontoolbar.SelectionToolbarManagerService
04-15 18:43:31.919 534 534 V SystemServerTimingAsync: ssm.onStartUser-0_com.android.server.selectiontoolbar.SelectionToolbarManagerService took to complete: 0ms
04-15 18:43:31.919 534 534 D SystemServerTimingAsync: ssm.onStartUser-0_com.android.server.clipboard.ClipboardService
04-15 18:43:31.919 534 534 V SystemServerTimingAsync: ssm.onStartUser-0_com.android.server.clipboard.ClipboardService took to complete: 0ms
04-15 18:43:31.919 534 534 D SystemServerTimingAsync: ssm.onStartUser-0_com.android.server.appbinding.AppBindingService$Lifecycle
04-15 18:43:31.922 534 943 D GameManagerService: User ID '0' does not have a Game Mode selected for package: 'com.android.bluetooth'
04-15 18:43:31.923 534 943 D CompatibilityChangeReporter: Compat change id reported: 168419799; UID 1002; state: DISABLED
04-15 18:43:31.933 534 943 D CompatibilityChangeReporter: Compat change id reported: 273564678; UID 1002; state: DISABLED
04-15 18:43:31.946 534 534 V SystemServerTimingAsync: ssm.onStartUser-0_com.android.server.appbinding.AppBindingService$Lifecycle took to complete: 26ms
04-15 18:43:31.946 534 534 D SystemServerTimingAsync: ssm.onStartUser-0_com.android.server.tracing.TracingServiceProxy
04-15 18:43:31.946 534 534 V SystemServerTimingAsync: ssm.onStartUser-0_com.android.server.tracing.TracingServiceProxy took to complete: 0ms
04-15 18:43:31.947 534 534 D SystemServerTimingAsync: ssm.onStartUser-0_com.android.server.policy.PermissionPolicyService
04-15 18:43:31.947 534 534 V SystemServerTimingAsync: ssm.onStartUser-0_com.android.server.policy.PermissionPolicyService took to complete: 0ms
04-15 18:43:31.947 534 534 D SystemServerTimingAsync: ssm.onStartUser-0_com.android.server.pm.StagingManager$Lifecycle
04-15 18:43:31.953 534 534 V SystemServerTimingAsync: ssm.onStartUser-0_com.android.server.pm.StagingManager$Lifecycle took to complete: 0ms
04-15 18:43:31.953 534 534 D SystemServerTimingAsync: ssm.onStartUser-0_com.android.server.app.GameManagerService$Lifecycle
04-15 18:43:31.954 534 534 D GameManagerService: Starting user 0
04-15 18:43:31.959 534 534 V GameManagerService_GameManagerSettings: Settings file doesn't exist, skip reading
04-15 18:43:31.966 534 534 V SystemServerTimingAsync: ssm.onStartUser-0_com.android.server.app.GameManagerService$Lifecycle took to complete: 12ms
04-15 18:43:31.976 534 619 D CompatibilityChangeReporter: Compat change id reported: 265195908; UID 1002; state: ENABLED
04-15 18:43:31.977 534 534 D SystemServerTimingAsync: ssm.onStartUser-0_com.android.safetycenter.SafetyCenterService
04-15 18:43:31.978 534 534 V SystemServerTimingAsync: ssm.onStartUser-0_com.android.safetycenter.SafetyCenterService took to complete: 0ms
04-15 18:43:31.978 534 534 D SystemServerTimingAsync: ssm.onStartUser-0_com.android.server.appsearch.AppSearchModule$Lifecycle
04-15 18:43:31.979 534 534 V SystemServerTimingAsync: ssm.onStartUser-0_com.android.server.appsearch.AppSearchModule$Lifecycle took to complete: 0ms
04-15 18:43:31.979 534 534 D SystemServerTimingAsync: ssm.onStartUser-0_com.android.server.media.MediaCommunicationService
04-15 18:43:31.984 534 534 V SystemServerTimingAsync: ssm.onStartUser-0_com.android.server.media.MediaCommunicationService took to complete: 0ms
04-15 18:43:31.985 534 534 D SystemServerTimingAsync: ssm.onStartUser-0_com.android.server.compat.overrides.AppCompatOverridesService$Lifecycle
04-15 18:43:31.985 534 534 V SystemServerTimingAsync: ssm.onStartUser-0_com.android.server.compat.overrides.AppCompatOverridesService$Lifecycle took to complete: 0ms
04-15 18:43:31.986 534 534 D SystemServerTimingAsync: ssm.onStartUser-0_com.android.server.healthconnect.HealthConnectManagerService
04-15 18:43:31.987 534 534 V SystemServerTimingAsync: ssm.onStartUser-0_com.android.server.healthconnect.HealthConnectManagerService took to complete: 0ms
04-15 18:43:31.987 534 534 V SystemServerTimingAsync: ssm.StartUser-0 took to complete: 3437ms
04-15 18:43:31.983 1089 1089 D CompatibilityChangeReporter: Compat change id reported: 171979766; UID 1002; state: ENABLED
04-15 18:43:31.989 1089 1089 D CompatibilityChangeReporter: Compat change id reported: 242716250; UID 1002; state: ENABLED
04-15 18:43:31.993 534 534 D SystemServerTiming: startPersistentApps
04-15 18:43:32.009 1089 1089 D CompatibilityChangeReporter: Compat change id reported: 3400644; UID 1002; state: ENABLED
04-15 18:43:32.023 534 534 D CompatibilityChangeReporter: Compat change id reported: 135634846; UID 1068; state: DISABLED
04-15 18:43:32.026 534 568 W ActivityManager: com.android.se inode == 0 (b/152760674)
04-15 18:43:32.033 1089 1089 D nativeloader: Configuring clns-shared-6 for other apk /apex/com.android.btservices/app/Bluetooth@UE1A.230829.036.A1/Bluetooth.apk. target_sdk_version=34, uses_libraries=, library_path=/apex/com.android.btservices/app/Bluetooth@UE1A.230829.036.A1/lib/x86_64:/system/lib64:/system_ext/lib64, permitted_path=/data:/mnt/expand:/data/user_de/0/com.android.bluetooth:/apex/com.android.btservices/app/Bluetooth@UE1A.230829.036.A1:/system/lib64:/system_ext/lib64
04-15 18:43:32.046 534 534 D CompatibilityChangeReporter: Compat change id reported: 135634846; UID 1001; state: DISABLED
04-15 18:43:32.047 534 534 D CompatibilityChangeReporter: Compat change id reported: 177438394; UID 1001; state: DISABLED
04-15 18:43:32.052 534 534 D CompatibilityChangeReporter: Compat change id reported: 135772972; UID 1001; state: DISABLED
04-15 18:43:32.064 534 534 D CompatibilityChangeReporter: Compat change id reported: 135754954; UID 1001; state: ENABLED
04-15 18:43:32.065 534 534 V SystemServerTiming: startPersistentApps took to complete: 72ms
04-15 18:43:32.066 534 534 D SystemServerTiming: startHomeOnAllDisplays
04-15 18:43:32.076 1089 1089 D nativeloader: InitApexLibraries:
04-15 18:43:32.076 1089 1089 D nativeloader: com_android_adservices: libhpke_jni.so:libtflite_support_classifiers_native.so
04-15 18:43:32.076 1089 1089 D nativeloader: com_android_appsearch: libicing.so
04-15 18:43:32.076 1089 1089 D nativeloader: com_android_art: libartservice.so
04-15 18:43:32.076 1089 1089 D nativeloader: com_android_btservices: libbluetooth_jni.so
04-15 18:43:32.076 1089 1089 D nativeloader: com_android_conscrypt: libjavacrypto.so
04-15 18:43:32.076 1089 1089 D nativeloader: com_android_extservices: libtflite_support_classifiers_native.so
04-15 18:43:32.076 1089 1089 D nativeloader: com_android_os_statsd: libstats_jni.so
04-15 18:43:32.076 1089 1089 D nativeloader: com_android_tethering: libandroid_net_connectivity_com_android_net_module_util_jni.so:libcronet.114.0.5735.84.so:libframework-connectivity-jni.so:libframework-connectivity-tiramisu-jni.so:libservice-connectivity.so
04-15 18:43:32.076 1089 1089 D nativeloader: com_android_uwb: libuwb_uci_jni_rust.so
04-15 18:43:32.076 1089 1089 D nativeloader: com_android_virt: libvirtualizationservice_jni.so:libvirtualmachine_jni.so
04-15 18:43:32.100 328 328 D Zygote : Forked child process 1103
04-15 18:43:32.108 534 568 W ActivityManager: Slow operation: 113ms so far, now at startProcess: returned from zygote!
04-15 18:43:32.125 534 534 D CompatibilityChangeReporter: Compat change id reported: 265464455; UID 1000; state: DISABLED
04-15 18:43:32.126 534 534 D CompatibilityChangeReporter: Compat change id reported: 265452344; UID 1000; state: DISABLED
04-15 18:43:32.127 534 534 D CompatibilityChangeReporter: Compat change id reported: 266124927; UID 1000; state: DISABLED
04-15 18:43:32.142 534 534 D CompatibilityChangeReporter: Compat change id reported: 265451093; UID 1000; state: DISABLED
04-15 18:43:32.205 1103 1103 I com.android.se: Using CollectorTypeCC GC.
04-15 18:43:32.214 1103 1103 W com.android.se: Unexpected CPU variant for x86: x86_64.
04-15 18:43:32.214 1103 1103 W com.android.se: Known variants: atom, sandybridge, silvermont, goldmont, goldmont-plus, tremont, kabylake, default
04-15 18:43:32.231 1103 1103 E com.android.se: Not starting debugger since process cannot load the jdwp agent.
04-15 18:43:32.250 534 534 D CompatibilityChangeReporter: Compat change id reported: 265456536; UID 1000; state: DISABLED
04-15 18:43:32.251 534 534 D CompatibilityChangeReporter: Compat change id reported: 255940284; UID 1000; state: DISABLED
04-15 18:43:32.253 534 534 D CompatibilityChangeReporter: Compat change id reported: 236283604; UID 1000; state: DISABLED
04-15 18:43:32.256 534 534 D CompatibilityChangeReporter: Compat change id reported: 263959004; UID 1000; state: DISABLED
04-15 18:43:32.259 534 534 D CompatibilityChangeReporter: Compat change id reported: 264304459; UID 1000; state: DISABLED
04-15 18:43:32.264 534 534 D CompatibilityChangeReporter: Compat change id reported: 264301586; UID 1000; state: DISABLED
04-15 18:43:32.284 534 534 D CompatibilityChangeReporter: Compat change id reported: 254631730; UID 1000; state: DISABLED
