04-15 18:41:50.076 534 534 W PackageManager: Adding duplicate app id: 10065 name=com.android.mtp
04-15 18:41:50.086 534 534 I PackageManager: /system/priv-app/FusedLocation changed; collecting certs
04-15 18:41:50.095 534 534 W PackageManager: Adding duplicate shared id: 1000 name=com.android.location.fused
04-15 18:41:50.168 534 534 I PackageManager: /system/app/CameraExtensionsProxy changed; collecting certs
04-15 18:41:50.307 534 534 I PackageManager: /system/app/SimAppDialog changed; collecting certs
04-15 18:41:50.323 534 595 I PackageParsing: Parse times for '/system/app/PrintSpooler': parse=214ms, update_cache=2 ms
04-15 18:41:50.334 534 593 I PackageParsing: Parse times for '/system/app/CaptivePortalLogin': parse=131ms, update_cache=1 ms
04-15 18:41:50.375 534 594 I PackageParsing: Parse times for '/system/app/NfcNci': parse=234ms, update_cache=29 ms
04-15 18:41:50.497 534 534 I PackageManager: /system/app/PrintRecommendationService changed; collecting certs
04-15 18:41:50.498 534 594 W PackageParsing: No actions in intent-filter at /system/app/CarrierDefaultApp/CarrierDefaultApp.apk Binary XML file line #45
04-15 18:41:50.499 534 594 W PackageParsing: No actions in intent-filter at /system/app/CarrierDefaultApp/CarrierDefaultApp.apk Binary XML file line #70
04-15 18:41:50.521 534 534 I PackageManager: /system/app/PrintSpooler changed; collecting certs
04-15 18:41:50.561 534 595 I PackageParsing: Parse times for '/system/app/CertInstaller': parse=211ms, update_cache=15 ms
04-15 18:41:50.600 534 592 I PackageParsing: Parse times for '/system/app/ExtShared': parse=231ms, update_cache=60 ms
04-15 18:41:50.621 534 593 I PackageParsing: Parse times for '/system/app/CompanionDeviceManager': parse=214ms, update_cache=34 ms
04-15 18:41:50.628 534 534 I PackageManager: /system/app/CaptivePortalLogin changed; collecting certs
04-15 18:41:50.663 534 594 I PackageParsing: Parse times for '/system/app/KeyChain': parse=139ms, update_cache=1 ms
04-15 18:41:50.678 534 534 I PackageManager: /system/app/NfcNci changed; collecting certs
04-15 18:41:50.699 534 534 W PackageManager: Adding duplicate shared id: 1027 name=com.android.nfc
04-15 18:41:50.706 534 534 I PackageManager: /system/app/CarrierDefaultApp changed; collecting certs
04-15 18:41:50.715 534 592 I PackageParsing: Parse times for '/system/app/PartnerBookmarksProvider': parse=104ms, update_cache=2 ms
04-15 18:41:50.742 534 595 I PackageParsing: Parse times for '/system/app/WallpaperBackup': parse=134ms, update_cache=18 ms
04-15 18:41:50.783 534 534 I PackageManager: /system/app/CertInstaller changed; collecting certs
04-15 18:41:50.854 534 594 I PackageParsing: Parse times for '/system/app/Stk': parse=175ms, update_cache=4 ms
04-15 18:41:50.863 534 534 I PackageManager: /system/app/ExtShared changed; collecting certs
04-15 18:41:50.907 534 534 I PackageManager: /system/app/CompanionDeviceManager changed; collecting certs
04-15 18:41:50.946 534 534 I PackageManager: /system/app/KeyChain changed; collecting certs
04-15 18:41:50.986 534 534 W PackageManager: Adding duplicate shared id: 1000 name=com.android.keychain
04-15 18:41:50.996 534 534 I PackageManager: /system/app/SecureElement changed; collecting certs
04-15 18:41:51.027 534 592 I PackageParsing: Parse times for '/system/app/Traceur': parse=166ms, update_cache=5 ms
04-15 18:41:51.029 534 534 W PackageManager: Adding duplicate shared id: 1068 name=com.android.se
04-15 18:41:51.053 534 534 I PackageManager: /system/app/PartnerBookmarksProvider changed; collecting certs
04-15 18:41:51.074 534 534 I PackageManager: /system/app/WallpaperBackup changed; collecting certs
04-15 18:41:51.101 534 534 W PackageManager: Adding duplicate shared id: 1000 name=com.android.wallpaperbackup
04-15 18:41:51.113 534 534 I PackageManager: /system/app/BasicDreams changed; collecting certs
04-15 18:41:51.140 534 534 I PackageManager: /system/app/BluetoothMidiService changed; collecting certs
04-15 18:41:51.160 534 534 I PackageManager: /system/app/EasterEgg changed; collecting certs
04-15 18:41:51.191 534 534 I PackageManager: /system/app/PacProcessor changed; collecting certs
04-15 18:41:51.206 534 534 I PackageManager: /system/app/Stk changed; collecting certs
04-15 18:41:51.234 534 545 I system_server: Background concurrent copying GC freed 190174(13MB) AllocSpace objects, 119(5756KB) LOS objects, 49% free, 5575KB/10MB, paused 2.967ms,302us total 720.207ms
04-15 18:41:51.241 534 534 W PackageManager: Adding duplicate shared id: 1001 name=com.android.stk
04-15 18:41:51.249 534 534 I PackageManager: /system/app/BookmarkProvider changed; collecting certs
04-15 18:41:51.266 534 534 I PackageManager: /system/app/HTMLViewer changed; collecting certs
04-15 18:41:51.282 534 534 I PackageManager: /system/app/Traceur changed; collecting certs
04-15 18:41:51.296 534 534 D PackageManager: No files in app dir /vendor/priv-app
04-15 18:41:51.297 534 534 D PackageManager: No files in app dir /vendor/app
04-15 18:41:51.298 534 534 D PackageManager: No files in app dir /odm/priv-app
04-15 18:41:51.299 534 534 D PackageManager: No files in app dir /odm/app
04-15 18:41:51.302 534 534 D PackageManager: No files in app dir /oem/app
04-15 18:41:51.358 534 534 I PackageManager: /product/priv-app/SettingsIntelligence changed; collecting certs
04-15 18:41:51.405 534 534 I PackageManager: /product/priv-app/ImsServiceEntitlement changed; collecting certs
04-15 18:41:51.449 534 592 W PackageParsing: Ignoring duplicate uses-permissions/uses-permissions-sdk-m: android.permission.POST_NOTIFICATIONS in package: com.android.dialer at: Binary XML file line #65
04-15 18:41:51.450 534 592 W PackageParsing: Unknown element under : meta-data at /product/priv-app/Dialer/Dialer.apk Binary XML file line #122
04-15 18:41:51.481 534 594 W PackageParsing: No actions in intent-filter at /product/priv-app/Contacts/Contacts.apk Binary XML file line #562
04-15 18:41:51.495 534 594 I PackageParsing: Parse times for '/product/priv-app/Contacts': parse=176ms, update_cache=7 ms
04-15 18:41:51.500 534 534 I PackageManager: /product/priv-app/Contacts changed; collecting certs
04-15 18:41:51.502 534 592 I PackageParsing: Parse times for '/product/priv-app/Dialer': parse=181ms, update_cache=5 ms
04-15 18:41:51.515 534 534 I PackageManager: /product/priv-app/Dialer changed; collecting certs
04-15 18:41:51.576 534 534 I PackageManager: /product/app/ModuleMetadata changed; collecting certs
04-15 18:41:51.594 534 594 D CompatibilityChangeReporter: Compat change id reported: 150232615; UID -1; state: DISABLED
04-15 18:41:51.623 534 534 I PackageManager: /product/app/PhotoTable changed; collecting certs
04-15 18:41:51.654 534 534 I PackageManager: /product/app/WallpaperPicker changed; collecting certs
04-15 18:41:51.670 534 534 I PackageManager: /product/app/Calendar changed; collecting certs
04-15 18:41:51.717 534 534 I PackageManager: /product/app/Browser2 changed; collecting certs
04-15 18:41:51.753 534 595 I PackageParsing: Parse times for '/product/app/webview': parse=208ms, update_cache=14 ms
04-15 18:41:51.758 534 594 I PackageParsing: Parse times for '/product/app/DeskClock': parse=143ms, update_cache=9 ms
04-15 18:41:51.775 534 592 I PackageParsing: Parse times for '/product/app/Music': parse=128ms, update_cache=2 ms
04-15 18:41:51.779 534 534 I PackageManager: /product/app/webview changed; collecting certs
04-15 18:41:51.863 534 534 I PackageManager: /product/app/DeskClock changed; collecting certs
04-15 18:41:51.902 534 595 I PackageParsing: Parse times for '/product/app/Gallery2': parse=113ms, update_cache=29 ms
04-15 18:41:51.926 534 594 I PackageParsing: Parse times for '/product/app/LatinIME': parse=147ms, update_cache=8 ms
04-15 18:41:51.932 534 593 I PackageParsing: Parse times for '/product/app/messaging': parse=102ms, update_cache=3 ms
04-15 18:41:51.935 534 534 I PackageManager: /product/app/Music changed; collecting certs
04-15 18:41:51.946 534 534 I PackageManager: /product/app/Camera2 changed; collecting certs
04-15 18:41:51.958 534 534 I PackageManager: /product/app/QuickSearchBox changed; collecting certs
04-15 18:41:51.968 534 534 I PackageManager: /product/app/Gallery2 changed; collecting certs
04-15 18:41:51.980 534 534 W PackageManager: Skipping provider name com.android.gallery3d.provider (in package com.android.gallery3d): name already used by com.android.gallery3d
04-15 18:41:51.982 534 534 I PackageManager: /product/app/LatinIME changed; collecting certs
04-15 18:41:51.994 534 534 I PackageManager: /product/app/messaging changed; collecting certs
04-15 18:41:52.033 534 534 I PackageManager: /system_ext/priv-app/MultiDisplayProvider changed; collecting certs
04-15 18:41:52.054 534 534 W PackageManager: Adding duplicate shared id: 1000 name=com.android.emulator.multidisplay
04-15 18:41:52.074 534 534 I PackageManager: /system_ext/priv-app/SdkSetup changed; collecting certs
04-15 18:41:52.103 534 534 I PackageManager: /system_ext/priv-app/CarrierConfig changed; collecting certs
04-15 18:41:52.154 534 594 I PackageParsing: Parse times for '/system_ext/priv-app/StorageManager': parse=129ms, update_cache=3 ms
04-15 18:41:52.158 534 534 I PackageManager: /system_ext/priv-app/StorageManager changed; collecting certs
04-15 18:41:52.171 534 593 I PackageParsing: Parse times for '/system_ext/priv-app/Launcher3QuickStep': parse=144ms, update_cache=4 ms
04-15 18:41:52.234 534 534 I PackageManager: /system_ext/priv-app/Launcher3QuickStep changed; collecting certs
04-15 18:41:52.307 534 534 I PackageManager: /system_ext/priv-app/EmulatorRadioConfig changed; collecting certs
04-15 18:41:52.319 534 592 W PackageParsing: Ignoring duplicate uses-permissions/uses-permissions-sdk-m: android.permission.CONFIGURE_WIFI_DISPLAY in package: com.android.systemui at: Binary XML file line #169
04-15 18:41:52.331 534 592 W PackageParsing: Ignoring duplicate uses-permissions/uses-permissions-sdk-m: android.permission.GET_RUNTIME_PERMISSIONS in package: com.android.systemui at: Binary XML file line #242
04-15 18:41:52.344 534 594 I PackageParsing: Parse times for '/system_ext/priv-app/AccessibilityMenu': parse=169ms, update_cache=2 ms
04-15 18:41:52.358 534 593 I PackageParsing: Parse times for '/system_ext/priv-app/EmergencyInfo': parse=102ms, update_cache=3 ms
04-15 18:41:52.363 534 592 W PackageParsing: Ignoring duplicate uses-permissions/uses-permissions-sdk-m: android.permission.READ_DEVICE_CONFIG in package: com.android.systemui at: Binary XML file line #346
04-15 18:41:52.368 534 534 I PackageManager: /system_ext/priv-app/WallpaperCropper changed; collecting certs
04-15 18:41:52.382 534 534 I PackageManager: /system_ext/priv-app/AccessibilityMenu changed; collecting certs
04-15 18:41:52.402 534 534 I PackageManager: New shared user com.android.emergency.uid: id=10117
04-15 18:41:52.403 534 534 I PackageManager: /system_ext/priv-app/EmergencyInfo changed; collecting certs
04-15 18:41:52.421 534 592 I PackageParsing: Parse times for '/system_ext/priv-app/SystemUI': parse=348ms, update_cache=6 ms
04-15 18:41:52.445 534 534 W PackageManager: Adding duplicate app id: 10117 name=com.android.emergency
04-15 18:41:52.451 534 534 I PackageManager: New shared user android.uid.systemui: id=10118
04-15 18:41:52.451 534 534 I PackageManager: /system_ext/priv-app/SystemUI changed; collecting certs
04-15 18:41:52.470 534 534 W PackageManager: Adding duplicate app id: 10118 name=com.android.systemui
04-15 18:41:52.682 534 595 I PackageParsing: Parse times for '/system_ext/priv-app/Settings': parse=558ms, update_cache=46 ms
04-15 18:41:52.683 534 534 I PackageManager: /system_ext/priv-app/Settings changed; collecting certs
04-15 18:41:52.708 534 534 W PackageManager: Adding duplicate shared id: 1000 name=com.android.settings
04-15 18:41:52.730 534 534 D PackageManager: No files in app dir /system_ext/app
04-15 18:41:52.730 534 534 D PackageManager: No files in app dir /apex/com.android.os.statsd/priv-app
04-15 18:41:52.731 534 534 D PackageManager: No files in app dir /apex/com.android.os.statsd/app
04-15 18:41:52.731 534 534 D PackageManager: No files in app dir /apex/com.android.adbd/priv-app
04-15 18:41:52.736 534 534 D PackageManager: No files in app dir /apex/com.android.adbd/app
04-15 18:41:52.736 534 534 D PackageManager: No files in app dir /apex/com.android.scheduling/priv-app
04-15 18:41:52.737 534 534 D PackageManager: No files in app dir /apex/com.android.scheduling/app
04-15 18:41:52.739 534 534 W PackageManager: Dropping cache of /apex/com.android.permission/priv-app/PermissionController@UE1A.230829.036.A1
04-15 18:41:52.788 534 534 W PackageManager: Dropping cache of /apex/com.android.permission/priv-app/SafetyCenterResources@UE1A.230829.036.A1
04-15 18:41:52.892 534 534 I PackageManager: /apex/com.android.permission/priv-app/SafetyCenterResources@UE1A.230829.036.A1 changed; collecting certs
04-15 18:41:52.934 534 534 I ApexManager: Registering com.android.safetycenter.resources as apk-in-apex of com.android.permission
04-15 18:41:53.022 534 594 W PackageParsing: Ignoring duplicate uses-permissions/uses-permissions-sdk-m: android.permission.OBSERVE_SENSOR_PRIVACY in package: com.android.permissioncontroller at: Binary XML file line #59
04-15 18:41:53.055 534 594 I PackageParsing: Parse times for '/apex/com.android.permission/priv-app/PermissionController@UE1A.230829.036.A1': parse=300ms, update_cache=5 ms
04-15 18:41:53.055 534 534 I PackageManager: /apex/com.android.permission/priv-app/PermissionController@UE1A.230829.036.A1 changed; collecting certs
04-15 18:41:53.067 534 534 I ApexManager: Registering com.android.permissioncontroller as apk-in-apex of com.android.permission
04-15 18:41:53.072 534 534 D PackageManager: No files in app dir /apex/com.android.permission/app
04-15 18:41:53.074 534 534 W PackageManager: Dropping cache of /apex/com.android.mediaprovider/priv-app/MediaProvider@UE1A.230829.036.A1
04-15 18:41:53.121 534 592 W PackageParsing: Unknown element under : meta-data at /apex/com.android.mediaprovider/priv-app/MediaProvider@UE1A.230829.036.A1/MediaProvider.apk Binary XML file line #9
04-15 18:41:53.138 534 534 I PackageManager: /apex/com.android.mediaprovider/priv-app/MediaProvider@UE1A.230829.036.A1 changed; collecting certs
04-15 18:41:53.149 534 534 I ApexManager: Registering com.android.providers.media.module as apk-in-apex of com.android.mediaprovider
04-15 18:41:53.152 534 534 D PackageManager: No files in app dir /apex/com.android.mediaprovider/app
04-15 18:41:53.153 534 534 D PackageManager: No files in app dir /apex/com.android.i18n/priv-app
04-15 18:41:53.153 534 534 D PackageManager: No files in app dir /apex/com.android.i18n/app
04-15 18:41:53.154 534 534 D PackageManager: No files in app dir /apex/com.android.conscrypt/priv-app
04-15 18:41:53.154 534 534 D PackageManager: No files in app dir /apex/com.android.conscrypt/app
04-15 18:41:53.217 534 534 I PackageManager: /apex/com.android.devicelock/priv-app/DeviceLockController@UE1A.230829.036.A1 changed; collecting certs
04-15 18:41:53.229 534 534 I ApexManager: Registering com.android.devicelockcontroller as apk-in-apex of com.android.devicelock
04-15 18:41:53.232 534 534 D PackageManager: No files in app dir /apex/com.android.devicelock/app
04-15 18:41:53.233 534 534 D PackageManager: No files in app dir /apex/com.android.ipsec/priv-app
04-15 18:41:53.233 534 534 D PackageManager: No files in app dir /apex/com.android.ipsec/app
04-15 18:41:53.249 534 534 I PackageManager: /apex/com.android.apex.cts.shim/priv-app/CtsShimPriv@MASTER changed; collecting certs
04-15 18:41:53.258 534 534 I ApexManager: Registering com.android.cts.priv.ctsshim as apk-in-apex of com.android.apex.cts.shim
04-15 18:41:53.270 534 534 I PackageManager: New shared user com.android.cts.ctsshim: id=10124
04-15 18:41:53.270 534 534 I PackageManager: /apex/com.android.apex.cts.shim/app/CtsShim@MASTER changed; collecting certs
04-15 18:41:53.280 534 534 W PackageManager: Adding duplicate app id: 10124 name=com.android.cts.ctsshim
04-15 18:41:53.283 534 534 I ApexManager: Registering com.android.cts.ctsshim as apk-in-apex of com.android.apex.cts.shim
04-15 18:41:53.291 534 534 W PackageManager: Dropping cache of /apex/com.android.extservices/priv-app/ExtServices@UE1A.230829.036.A1
04-15 18:41:53.342 534 534 I PackageManager: /apex/com.android.extservices/priv-app/ExtServices@UE1A.230829.036.A1 changed; collecting certs
04-15 18:41:53.365 534 534 I ApexManager: Registering android.ext.services as apk-in-apex of com.android.extservices
04-15 18:41:53.367 534 534 D PackageManager: No files in app dir /apex/com.android.extservices/app
04-15 18:41:53.371 534 534 D PackageManager: No files in app dir /apex/com.android.media.swcodec/priv-app
04-15 18:41:53.371 534 534 D PackageManager: No files in app dir /apex/com.android.media.swcodec/app
04-15 18:41:53.374 534 534 D PackageManager: No files in app dir /apex/com.android.resolv/priv-app
04-15 18:41:53.375 534 534 D PackageManager: No files in app dir /apex/com.android.resolv/app
04-15 18:41:53.395 534 545 I system_server: Background young concurrent copying GC freed 64452(3503KB) AllocSpace objects, 23(744KB) LOS objects, 40% free, 6580KB/10MB, paused 509us,81us total 110.208ms
04-15 18:41:53.532 534 595 I PackageParsing: Parse times for '/apex/com.android.healthfitness/priv-app/HealthConnectController@UE1A.230829.036.A1': parse=142ms, update_cache=4 ms
04-15 18:41:53.533 534 534 I PackageManager: /apex/com.android.healthfitness/priv-app/HealthConnectController@UE1A.230829.036.A1 changed; collecting certs
04-15 18:41:53.544 534 534 I ApexManager: Registering com.android.healthconnect.controller as apk-in-apex of com.android.healthfitness
04-15 18:41:53.562 534 534 I PackageManager: /apex/com.android.healthfitness/app/HealthConnectBackupRestore@UE1A.230829.036.A1 changed; collecting certs
04-15 18:41:53.571 534 534 I ApexManager: Registering com.android.health.connect.backuprestore as apk-in-apex of com.android.healthfitness
04-15 18:41:53.576 534 534 D PackageManager: No files in app dir /apex/com.android.media/priv-app
04-15 18:41:53.576 534 534 D PackageManager: No files in app dir /apex/com.android.media/app
04-15 18:41:53.577 534 534 D PackageManager: No files in app dir /apex/com.android.vndk.v34/priv-app
04-15 18:41:53.577 534 534 D PackageManager: No files in app dir /apex/com.android.vndk.v34/app
04-15 18:41:53.578 534 534 D PackageManager: No files in app dir /apex/com.android.virt/priv-app
04-15 18:41:53.590 534 534 I PackageManager: /apex/com.android.virt/app/android.system.virtualmachine.res@UE1A.230829.036.A1 changed; collecting certs
04-15 18:41:53.599 534 534 I ApexManager: Registering com.android.virtualmachine.res as apk-in-apex of com.android.virt
04-15 18:41:53.602 534 534 D PackageManager: No files in app dir /apex/com.android.runtime/priv-app
04-15 18:41:53.602 534 534 D PackageManager: No files in app dir /apex/com.android.runtime/app
04-15 18:41:53.603 534 534 D PackageManager: No files in app dir /apex/com.android.tzdata/priv-app
04-15 18:41:53.603 534 534 D PackageManager: No files in app dir /apex/com.android.tzdata/app
04-15 18:41:53.606 534 534 W PackageManager: Dropping cache of /apex/com.android.uwb/priv-app/ServiceUwbResources@UE1A.230829.036.A1
04-15 18:41:53.618 534 534 I PackageManager: /apex/com.android.uwb/priv-app/ServiceUwbResources@UE1A.230829.036.A1 changed; collecting certs
04-15 18:41:53.628 534 534 I ApexManager: Registering com.android.uwb.resources as apk-in-apex of com.android.uwb
04-15 18:41:53.632 534 534 D PackageManager: No files in app dir /apex/com.android.uwb/app
04-15 18:41:53.634 534 534 W PackageManager: Dropping cache of /apex/com.android.adservices/priv-app/AdServicesApk@UE1A.230829.036.A1
04-15 18:41:54.215 534 595 W PackageParsing: Ignoring duplicate uses-permissions/uses-permissions-sdk-m: android.permission.RECEIVE_BOOT_COMPLETED in package: com.android.adservices.api at: Binary XML file line #123
04-15 18:41:54.223 534 595 I PackageParsing: Parse times for '/apex/com.android.adservices/priv-app/AdServicesApk@UE1A.230829.036.A1': parse=583ms, update_cache=3 ms
04-15 18:41:54.223 534 534 I PackageManager: /apex/com.android.adservices/priv-app/AdServicesApk@UE1A.230829.036.A1 changed; collecting certs
04-15 18:41:54.234 534 534 I ApexManager: Registering com.android.adservices.api as apk-in-apex of com.android.adservices
04-15 18:41:54.239 534 534 W PackageManager: Dropping cache of /apex/com.android.adservices/app/SdkSandbox@UE1A.230829.036.A1
04-15 18:41:54.251 534 534 I PackageManager: /apex/com.android.adservices/app/SdkSandbox@UE1A.230829.036.A1 changed; collecting certs
04-15 18:41:54.261 534 534 I ApexManager: Registering com.android.sdksandbox as apk-in-apex of com.android.adservices
04-15 18:41:54.265 534 534 W PackageManager: Dropping cache of /apex/com.android.tethering/priv-app/ServiceConnectivityResources@UE1A.230829.036.A1
04-15 18:41:54.269 534 534 W PackageManager: Dropping cache of /apex/com.android.tethering/priv-app/TetheringNext@UE1A.230829.036.A1
04-15 18:41:54.300 534 534 I PackageManager: /apex/com.android.tethering/priv-app/ServiceConnectivityResources@UE1A.230829.036.A1 changed; collecting certs
04-15 18:41:54.310 534 534 I ApexManager: Registering com.android.connectivity.resources as apk-in-apex of com.android.tethering
04-15 18:41:54.314 534 534 I PackageManager: /apex/com.android.tethering/priv-app/TetheringNext@UE1A.230829.036.A1 changed; collecting certs
04-15 18:41:54.324 534 534 W PackageManager: Adding duplicate shared id: 1073 name=com.android.networkstack.tethering
04-15 18:41:54.327 534 534 I ApexManager: Registering com.android.networkstack.tethering as apk-in-apex of com.android.tethering
04-15 18:41:54.331 534 534 W PackageManager: Dropping cache of /apex/com.android.tethering/app/HalfSheetUX@UE1A.230829.036.A1
04-15 18:41:54.378 534 534 I PackageManager: /apex/com.android.tethering/app/HalfSheetUX@UE1A.230829.036.A1 changed; collecting certs
04-15 18:41:54.388 534 534 I ApexManager: Registering com.android.nearby.halfsheet as apk-in-apex of com.android.tethering
04-15 18:41:54.393 534 534 W PackageManager: Dropping cache of /apex/com.android.wifi/priv-app/ServiceWifiResources@UE1A.230829.036.A1
04-15 18:41:54.434 534 534 I PackageManager: /apex/com.android.wifi/priv-app/ServiceWifiResources@UE1A.230829.036.A1 changed; collecting certs
04-15 18:41:54.444 534 534 I ApexManager: Registering com.android.wifi.resources as apk-in-apex of com.android.wifi
04-15 18:41:54.449 534 534 W PackageManager: Dropping cache of /apex/com.android.wifi/app/WifiDialog@UE1A.230829.036.A1
04-15 18:41:54.453 534 534 W PackageManager: Dropping cache of /apex/com.android.wifi/app/OsuLogin@UE1A.230829.036.A1
04-15 18:41:54.486 534 534 I PackageManager: /apex/com.android.wifi/app/OsuLogin@UE1A.230829.036.A1 changed; collecting certs
04-15 18:41:54.498 534 534 I ApexManager: Registering com.android.hotspot2.osulogin as apk-in-apex of com.android.wifi
04-15 18:41:54.507 534 534 I PackageManager: /apex/com.android.wifi/app/WifiDialog@UE1A.230829.036.A1 changed; collecting certs
04-15 18:41:54.517 534 534 I ApexManager: Registering com.android.wifi.dialog as apk-in-apex of com.android.wifi
04-15 18:41:54.520 534 534 D PackageManager: No files in app dir /apex/com.android.ondevicepersonalization/priv-app
04-15 18:41:54.522 534 534 W PackageManager: Dropping cache of /apex/com.android.ondevicepersonalization/app/OnDevicePersonalization@UE1A.230829.036.A1
04-15 18:41:54.523 534 534 W PackageManager: Dropping cache of /apex/com.android.ondevicepersonalization/app/FederatedCompute@UE1A.230829.036.A1
04-15 18:41:54.551 0 0 I servicemanager: Notifying apexservice they don't (previously: do) have clients when we now have no record of a client
04-15 18:41:54.557 0 0 I AidlLazyServiceRegistrar: Process has 0 (of 1 available) client(s) in use after notification apexservice has clients: 0
04-15 18:41:54.557 0 0 I AidlLazyServiceRegistrar: Shutdown prevented by forcePersist override flag.
04-15 18:41:54.554 534 534 I PackageManager: /apex/com.android.ondevicepersonalization/app/FederatedCompute@UE1A.230829.036.A1 changed; collecting certs
04-15 18:41:54.571 534 534 I ApexManager: Registering com.android.federatedcompute.services as apk-in-apex of com.android.ondevicepersonalization
04-15 18:41:54.574 534 534 I PackageManager: /apex/com.android.ondevicepersonalization/app/OnDevicePersonalization@UE1A.230829.036.A1 changed; collecting certs
04-15 18:41:54.582 534 534 I ApexManager: Registering com.android.ondevicepersonalization.services as apk-in-apex of com.android.ondevicepersonalization
04-15 18:41:54.585 534 534 W PackageManager: Dropping cache of /apex/com.android.cellbroadcast/priv-app/CellBroadcastServiceModule@UE1A.230829.036.A1
04-15 18:41:54.592 534 534 W PackageManager: Dropping cache of /apex/com.android.cellbroadcast/priv-app/CellBroadcastApp@UE1A.230829.036.A1
04-15 18:41:54.631 534 534 I PackageManager: /apex/com.android.cellbroadcast/priv-app/CellBroadcastServiceModule@UE1A.230829.036.A1 changed; collecting certs
04-15 18:41:54.653 534 534 W PackageManager: Adding duplicate shared id: 1073 name=com.android.cellbroadcastservice
04-15 18:41:54.661 534 534 I ApexManager: Registering com.android.cellbroadcastservice as apk-in-apex of com.android.cellbroadcast
04-15 18:41:54.905 534 594 I PackageParsing: Parse times for '/apex/com.android.cellbroadcast/priv-app/CellBroadcastApp@UE1A.230829.036.A1': parse=304ms, update_cache=3 ms
04-15 18:41:54.905 534 534 I PackageManager: /apex/com.android.cellbroadcast/priv-app/CellBroadcastApp@UE1A.230829.036.A1 changed; collecting certs
04-15 18:41:54.916 534 534 I ApexManager: Registering com.android.cellbroadcastreceiver.module as apk-in-apex of com.android.cellbroadcast
04-15 18:41:54.919 534 534 D PackageManager: No files in app dir /apex/com.android.cellbroadcast/app
04-15 18:41:54.919 534 534 D PackageManager: No files in app dir /apex/com.android.appsearch/priv-app
04-15 18:41:54.921 534 534 D PackageManager: No files in app dir /apex/com.android.appsearch/app
04-15 18:41:54.970 534 534 I PackageManager: /apex/com.android.rkpd/priv-app/rkpdapp@UE1A.230829.036.A1 changed; collecting certs
04-15 18:41:54.990 534 534 I ApexManager: Registering com.android.rkpdapp as apk-in-apex of com.android.rkpd
04-15 18:41:54.992 534 534 D PackageManager: No files in app dir /apex/com.android.rkpd/app
04-15 18:41:54.993 534 534 D PackageManager: No files in app dir /apex/com.android.btservices/priv-app
04-15 18:41:55.106 534 595 I PackageParsing: Parse times for '/apex/com.android.btservices/app/Bluetooth@UE1A.230829.036.A1': parse=93ms, update_cache=12 ms
04-15 18:41:55.107 534 534 I PackageManager: /apex/com.android.btservices/app/Bluetooth@UE1A.230829.036.A1 changed; collecting certs
04-15 18:41:55.137 534 534 W PackageManager: Adding duplicate shared id: 1002 name=com.android.bluetooth
04-15 18:41:55.144 534 534 I ApexManager: Registering com.android.bluetooth as apk-in-apex of com.android.btservices
04-15 18:41:55.152 534 534 D PackageManager: No files in app dir /apex/com.android.art/priv-app
04-15 18:41:55.152 534 534 D PackageManager: No files in app dir /apex/com.android.art/app
04-15 18:41:55.153 534 534 D PackageManager: No files in app dir /apex/com.android.configinfrastructure/priv-app
04-15 18:41:55.153 534 534 D PackageManager: No files in app dir /apex/com.android.configinfrastructure/app
04-15 18:41:55.153 534 534 D PackageManager: No files in app dir /apex/com.android.neuralnetworks/priv-app
04-15 18:41:55.154 534 534 D PackageManager: No files in app dir /apex/com.android.neuralnetworks/app
04-15 18:41:55.154 534 534 D PackageManager: No files in app dir /apex/com.android.sdkext/priv-app
04-15 18:41:55.155 534 534 D PackageManager: No files in app dir /apex/com.android.sdkext/app
04-15 18:41:55.280 534 534 I PackageManager: Finished scanning system apps. Time: 10131 ms, packageCount: 203 , timePerPackage: 49 , cached: 0
04-15 18:41:55.282 534 534 D PackageManager: No files in app dir /data/app
04-15 18:41:55.289 534 534 I PackageManager: Finished scanning non-system apps. Time: 8 ms, packageCount: 0 , timePerPackage: 0 , cached: 0
04-15 18:41:55.292 534 534 W PackageManager: There should probably be a verifier, but, none were found
04-15 18:41:55.301 534 534 W PackageManager: Missing required system package: .
04-15 18:41:55.301 534 534 W PackageManager: Missing required system package: .
04-15 18:41:55.315 534 534 I PackageManager: Time to scan packages: 10.165 seconds
04-15 18:41:55.315 534 534 I PermissionManager: Permission ownership changed. Updating all permissions.
04-15 18:41:55.319 534 534 W PermissionManager: Package com.android.adservices.api is an APK in APEX, but has permission allowlist on the system image. Please bundle the allowlist in the com.android.adservices APEX instead.
04-15 18:41:55.438 534 534 W PermissionManager: Package com.android.providers.media.module is an APK in APEX, but has permission allowlist on the system image. Please bundle the allowlist in the com.android.mediaprovider APEX instead.
04-15 18:41:55.438 534 534 W PermissionManager: Package com.android.providers.media.module is an APK in APEX, but has permission allowlist on the system image. Please bundle the allowlist in the com.android.mediaprovider APEX instead.
04-15 18:41:55.438 534 534 W PermissionManager: Package com.android.providers.media.module is an APK in APEX, but has permission allowlist on the system image. Please bundle the allowlist in the com.android.mediaprovider APEX instead.
04-15 18:41:55.439 534 534 W PermissionManager: Package com.android.providers.media.module is an APK in APEX, but has permission allowlist on the system image. Please bundle the allowlist in the com.android.mediaprovider APEX instead.
04-15 18:41:55.439 534 534 W PermissionManager: Package com.android.providers.media.module is an APK in APEX, but has permission allowlist on the system image. Please bundle the allowlist in the com.android.mediaprovider APEX instead.
04-15 18:41:55.439 534 534 W PermissionManager: Package com.android.providers.media.module is an APK in APEX, but has permission allowlist on the system image. Please bundle the allowlist in the com.android.mediaprovider APEX instead.
04-15 18:41:55.439 534 534 W PermissionManager: Package com.android.providers.media.module is an APK in APEX, but has permission allowlist on the system image. Please bundle the allowlist in the com.android.mediaprovider APEX instead.
04-15 18:41:55.439 534 534 W PermissionManager: Package com.android.providers.media.module is an APK in APEX, but has permission allowlist on the system image. Please bundle the allowlist in the com.android.mediaprovider APEX instead.
04-15 18:41:55.439 534 534 W PermissionManager: Package com.android.providers.media.module is an APK in APEX, but has permission allowlist on the system image. Please bundle the allowlist in the com.android.mediaprovider APEX instead.
04-15 18:41:55.442 534 534 W PermissionManager: Package com.android.providers.media.module is an APK in APEX, but has permission allowlist on the system image. Please bundle the allowlist in the com.android.mediaprovider APEX instead.
04-15 18:41:55.442 534 534 W PermissionManager: Package com.android.providers.media.module is an APK in APEX, but has permission allowlist on the system image. Please bundle the allowlist in the com.android.mediaprovider APEX instead.
04-15 18:41:55.442 534 534 W PermissionManager: Package com.android.providers.media.module is an APK in APEX, but has permission allowlist on the system image. Please bundle the allowlist in the com.android.mediaprovider APEX instead.
04-15 18:41:55.443 534 534 W PermissionManager: Package com.android.providers.media.module is an APK in APEX, but has permission allowlist on the system image. Please bundle the allowlist in the com.android.mediaprovider APEX instead.
04-15 18:41:55.474 534 534 V PackageManager: reconcileAppsData for null u0 0x1 migrateAppData=true
04-15 18:41:55.501 438 468 I SELinux : SELinux: Loaded file context from:
04-15 18:41:55.501 438 468 I SELinux : /system/etc/selinux/plat_file_contexts
04-15 18:41:55.501 438 468 I SELinux : /vendor/etc/selinux/vendor_file_contexts
04-15 18:41:55.721 534 534 V PackageManager: reconcileAppsData finished 24 packages
04-15 18:41:55.724 534 534 D PackageManagerTiming: write settings
04-15 18:41:55.726 534 605 D SystemServerTimingAsync: InitThreadPoolExec:prepareAppData
04-15 18:41:55.726 534 605 D SystemServerInitThreadPool: Started executing prepareAppData
04-15 18:41:55.748 534 605 V SystemServerTimingAsync: AppDataFixup took to complete: 22ms
04-15 18:41:55.880 534 534 I SELinux : SELinux: Loaded file context from:
04-15 18:41:55.881 534 534 I SELinux : /system/etc/selinux/plat_file_contexts
04-15 18:41:55.881 534 534 I SELinux : /vendor/etc/selinux/vendor_file_contexts
04-15 18:41:55.928 534 534 V PackageManagerTiming: write settings took to complete: 199ms
04-15 18:41:55.933 534 534 W PackageManager: Domain verification agent not found
04-15 18:41:55.961 534 534 D PackageManager: Ephemeral resolver NOT found; no matching intent filters
04-15 18:41:55.962 534 534 D PackageManager: Instant App installer not found with android.intent.action.INSTALL_INSTANT_APP_PACKAGE
04-15 18:41:55.963 534 534 D PackageManager: Clear ephemeral installer activity
04-15 18:41:56.004 534 534 D PackageManagerTiming: GC
04-15 18:41:56.005 534 534 V PackageManagerTiming: GC took to complete: 0ms
04-15 18:41:56.006 534 534 I PackageManager: Fix for b/169414761 is applied
04-15 18:41:56.006 534 534 V PackageManagerTiming: create package manager took to complete: 11015ms
04-15 18:41:56.008 534 534 V UserSystemPackageInstaller: Checking that all system packages are whitelisted.
04-15 18:41:56.016 534 605 W PackageManager: Skipping preparing app data for com.android.configinfrastructure
04-15 18:41:56.025 534 534 W UserSystemPackageInstaller: checkWhitelistedSystemPackages(mode=d) has 50 warnings:
04-15 18:41:56.026 534 534 W UserSystemPackageInstaller: com.android.theme.color.amethyst is allowlisted but not present.
04-15 18:41:56.026 534 534 W UserSystemPackageInstaller: com.android.theme.icon.pebble is allowlisted but not present.
04-15 18:41:56.027 534 534 W UserSystemPackageInstaller: com.android.theme.color.sand is allowlisted but not present.
04-15 18:41:56.027 534 534 W UserSystemPackageInstaller: com.android.theme.icon.vessel is allowlisted but not present.
04-15 18:41:56.027 534 534 W UserSystemPackageInstaller: com.android.theme.color.cinnamon is allowlisted but not present.
04-15 18:41:56.028 534 534 W UserSystemPackageInstaller: com.android.theme.icon_pack.victor.settings is allowlisted but not present.
04-15 18:41:56.028 534 534 W UserSystemPackageInstaller: com.android.theme.icon_pack.rounded.systemui is allowlisted but not present.
04-15 18:41:56.029 534 534 W UserSystemPackageInstaller: com.android.theme.icon.taperedrect is allowlisted but not present.
04-15 18:41:56.029 534 534 W UserSystemPackageInstaller: com.android.theme.icon_pack.rounded.android is allowlisted but not present.
04-15 18:41:56.030 534 534 W UserSystemPackageInstaller: com.android.internal.systemui.onehanded.gestural is allowlisted but not present.
04-15 18:41:56.030 534 534 W UserSystemPackageInstaller: com.android.theme.icon_pack.victor.systemui is allowlisted but not present.
04-15 18:41:56.030 534 534 W UserSystemPackageInstaller: com.android.theme.icon_pack.circular.themepicker is allowlisted but not present.
04-15 18:41:56.031 534 534 W UserSystemPackageInstaller: com.android.theme.color.tangerine is allowlisted but not present.
04-15 18:41:56.031 534 534 W UserSystemPackageInstaller: com.android.theme.color.aquamarine is allowlisted but not present.
04-15 18:41:56.031 534 534 W UserSystemPackageInstaller: com.android.theme.color.black is allowlisted but not present.
04-15 18:41:56.031 534 534 W UserSystemPackageInstaller: com.android.theme.color.green is allowlisted but not present.
04-15 18:41:56.036 534 534 W UserSystemPackageInstaller: com.android.theme.color.ocean is allowlisted but not present.
04-15 18:41:56.036 534 534 W UserSystemPackageInstaller: com.android.theme.color.space is allowlisted but not present.
04-15 18:41:56.036 534 534 W UserSystemPackageInstaller: com.android.theme.icon_pack.rounded.launcher is allowlisted but not present.
04-15 18:41:56.036 534 534 W UserSystemPackageInstaller: com.android.theme.icon_pack.kai.settings is allowlisted but not present.
04-15 18:41:56.036 534 534 W UserSystemPackageInstaller: com.android.theme.icon_pack.sam.settings is allowlisted but not present.
04-15 18:41:56.036 534 534 W UserSystemPackageInstaller: com.android.theme.icon_pack.kai.themepicker is allowlisted but not present.
04-15 18:41:56.036 534 534 W UserSystemPackageInstaller: com.android.theme.icon_pack.victor.launcher is allowlisted but not present.
04-15 18:41:56.036 534 534 W UserSystemPackageInstaller: com.android.theme.icon_pack.filled.settings is allowlisted but not present.
04-15 18:41:56.037 534 534 W UserSystemPackageInstaller: com.android.theme.icon_pack.kai.systemui is allowlisted but not present.
04-15 18:41:56.037 534 534 W UserSystemPackageInstaller: com.android.theme.icon_pack.circular.settings is allowlisted but not present.
04-15 18:41:56.037 534 534 W UserSystemPackageInstaller: com.android.theme.icon_pack.sam.systemui is allowlisted but not present.
04-15 18:41:56.037 534 534 W UserSystemPackageInstaller: com.android.theme.icon.teardrop is allowlisted but not present.
04-15 18:41:56.037 534 534 W UserSystemPackageInstaller: com.android.theme.icon_pack.rounded.themepicker is allowlisted but not present.
04-15 18:41:56.037 534 534 W UserSystemPackageInstaller: com.android.theme.icon_pack.filled.systemui is allowlisted but not present.
04-15 18:41:56.037 534 534 W UserSystemPackageInstaller: com.android.theme.icon_pack.sam.android is allowlisted but not present.
04-15 18:41:56.037 534 534 W UserSystemPackageInstaller: com.android.theme.icon_pack.filled.android is allowlisted but not present.
04-15 18:41:56.037 534 534 W UserSystemPackageInstaller: com.android.theme.icon_pack.circular.systemui is allowlisted but not present.
04-15 18:41:56.037 534 534 W UserSystemPackageInstaller: com.android.theme.icon_pack.kai.android is allowlisted but not present.
04-15 18:41:56.037 534 534 W UserSystemPackageInstaller: com.android.theme.icon_pack.kai.launcher is allowlisted but not present.
04-15 18:41:56.037 534 534 W UserSystemPackageInstaller: com.android.theme.icon_pack.sam.launcher is allowlisted but not present.
04-15 18:41:56.037 534 534 W UserSystemPackageInstaller: com.android.theme.icon.squircle is allowlisted but not present.
04-15 18:41:56.038 534 534 W UserSystemPackageInstaller: com.android.theme.icon_pack.victor.android is allowlisted but not present.
04-15 18:41:56.038 534 534 W UserSystemPackageInstaller: com.android.theme.color.palette is allowlisted but not present.
04-15 18:41:56.038 534 534 W UserSystemPackageInstaller: com.android.theme.icon_pack.filled.launcher is allowlisted but not present.
04-15 18:41:56.038 534 534 W UserSystemPackageInstaller: com.android.theme.color.carbon is allowlisted but not present.
04-15 18:41:56.038 534 534 W UserSystemPackageInstaller: com.android.theme.icon_pack.circular.launcher is allowlisted but not present.
04-15 18:41:56.038 534 534 W UserSystemPackageInstaller: com.android.theme.icon_pack.filled.themepicker is allowlisted but not present.
04-15 18:41:56.038 534 534 W UserSystemPackageInstaller: com.android.theme.icon_pack.victor.themepicker is allowlisted but not present.
04-15 18:41:56.038 534 534 W UserSystemPackageInstaller: com.android.theme.color.orchid is allowlisted but not present.
04-15 18:41:56.038 534 534 W UserSystemPackageInstaller: com.android.theme.color.purple is allowlisted but not present.
04-15 18:41:56.038 534 534 W UserSystemPackageInstaller: com.android.theme.icon_pack.sam.themepicker is allowlisted but not present.
04-15 18:41:56.038 534 534 W UserSystemPackageInstaller: com.android.theme.icon.roundedrect is allowlisted but not present.
04-15 18:41:56.038 534 534 W UserSystemPackageInstaller: com.android.theme.icon_pack.rounded.settings is allowlisted but not present.
04-15 18:41:56.038 534 534 W UserSystemPackageInstaller: com.android.theme.icon_pack.circular.android is allowlisted but not present.
04-15 18:41:56.048 534 605 W PackageManager: Skipping preparing app data for com.android.appsearch
04-15 18:41:56.049 534 605 W PackageManager: Skipping preparing app data for com.android.adservices
04-15 18:41:56.050 534 605 W PackageManager: Skipping preparing app data for com.android.scheduling
04-15 18:41:56.050 534 605 W PackageManager: Skipping preparing app data for com.android.permission
04-15 18:41:56.051 534 605 W PackageManager: Skipping preparing app data for com.android.art
04-15 18:41:56.051 534 605 W PackageManager: Skipping preparing app data for com.android.uwb
04-15 18:41:56.051 534 605 W PackageManager: Skipping preparing app data for com.android.tethering
04-15 18:41:56.053 534 605 W PackageManager: Skipping preparing app data for com.android.btservices
04-15 18:41:56.054 534 605 W PackageManager: Skipping preparing app data for com.android.media.swcodec
04-15 18:41:56.054 534 605 W PackageManager: Skipping preparing app data for com.android.conscrypt
04-15 18:41:56.054 534 605 W PackageManager: Skipping preparing app data for com.android.adbd
04-15 18:41:56.055 534 605 W PackageManager: Skipping preparing app data for com.android.i18n
04-15 18:41:56.055 534 605 W PackageManager: Skipping preparing app data for com.android.rkpd
04-15 18:41:56.055 534 605 W PackageManager: Skipping preparing app data for com.android.virt
04-15 18:41:56.055 534 605 W PackageManager: Skipping preparing app data for com.android.wifi
04-15 18:41:56.057 534 605 W PackageManager: Skipping preparing app data for com.android.runtime
04-15 18:41:56.058 534 605 W PackageManager: Skipping preparing app data for com.android.devicelock
04-15 18:41:56.058 534 605 W PackageManager: Skipping preparing app data for com.android.apex.cts.shim
04-15 18:41:56.058 534 605 W PackageManager: Skipping preparing app data for com.android.neuralnetworks
04-15 18:41:56.059 534 605 W PackageManager: Skipping preparing app data for com.android.healthfitness
04-15 18:41:56.060 534 605 W PackageManager: Skipping preparing app data for com.android.resolv
04-15 18:41:56.061 534 605 W PackageManager: Skipping preparing app data for com.android.sdkext
04-15 18:41:56.061 534 605 W PackageManager: Skipping preparing app data for com.android.tzdata
04-15 18:41:56.061 534 605 W PackageManager: Skipping preparing app data for com.android.vndk.v34
04-15 18:41:56.061 534 605 W PackageManager: Skipping preparing app data for com.android.os.statsd
04-15 18:41:56.062 534 605 W PackageManager: Skipping preparing app data for com.android.extservices
04-15 18:41:56.062 534 605 W PackageManager: Skipping preparing app data for com.android.cellbroadcast
04-15 18:41:56.062 534 605 W PackageManager: Skipping preparing app data for com.android.ipsec
04-15 18:41:56.063 534 605 W PackageManager: Skipping preparing app data for com.android.media
04-15 18:41:56.063 534 605 W PackageManager: Skipping preparing app data for com.android.sdksandbox
04-15 18:41:56.063 534 605 W PackageManager: Skipping preparing app data for com.android.mediaprovider
04-15 18:41:56.069 534 605 W PackageManager: Skipping preparing app data for com.android.ondevicepersonalization
04-15 18:41:56.072 534 534 I UserSystemPackageInstaller: Reviewing whitelisted packages due to [firstBoot]
04-15 18:41:56.098 534 545 I system_server: Background concurrent copying GC freed 98944(4834KB) AllocSpace objects, 9(188KB) LOS objects, 49% free, 6824KB/13MB, paused 451us,183us total 306.033ms
04-15 18:41:56.101 534 534 I Watchdog: Resuming HandlerChecker: main thread for reason: packagemanagermain. Pause count: 0
04-15 18:41:56.104 534 534 V SystemServerTiming: StartPackageManagerService took to complete: 11127ms
04-15 18:41:56.105 534 534 D SystemServerTiming: DexUseManagerLocal
04-15 18:41:56.118 534 534 E ArtService: Failed to load dex use data
04-15 18:41:56.118 534 534 E ArtService: java.io.FileNotFoundException: /data/system/package-dex-usage.pb: open failed: ENOENT (No such file or directory)
04-15 18:41:56.118 534 534 E ArtService: at libcore.io.IoBridge.open(IoBridge.java:574)
04-15 18:41:56.118 534 534 E ArtService: at java.io.FileInputStream.(FileInputStream.java:160)
04-15 18:41:56.118 534 534 E ArtService: at java.io.FileInputStream.(FileInputStream.java:115)
04-15 18:41:56.118 534 534 E ArtService: at com.android.server.art.DexUseManagerLocal.load(DexUseManagerLocal.java:553)
04-15 18:41:56.118 534 534 E ArtService: at com.android.server.art.DexUseManagerLocal.(DexUseManagerLocal.java:161)
04-15 18:41:56.118 534 534 E ArtService: at com.android.server.art.DexUseManagerLocal.(DexUseManagerLocal.java:153)
04-15 18:41:56.118 534 534 E ArtService: at com.android.server.art.DexUseManagerLocal.createInstance(DexUseManagerLocal.java:147)
04-15 18:41:56.118 534 534 E ArtService: at com.android.server.SystemServer.startBootstrapServices(SystemServer.java:1257)
04-15 18:41:56.118 534 534 E ArtService: at com.android.server.SystemServer.run(SystemServer.java:940)
04-15 18:41:56.118 534 534 E ArtService: at com.android.server.SystemServer.main(SystemServer.java:664)
04-15 18:41:56.118 534 534 E ArtService: at java.lang.reflect.Method.invoke(Native Method)
04-15 18:41:56.118 534 534 E ArtService: at com.android.internal.os.RuntimeInit$MethodAndArgsCaller.run(RuntimeInit.java:552)
04-15 18:41:56.118 534 534 E ArtService: at com.android.internal.os.ZygoteInit.main(ZygoteInit.java:949)
04-15 18:41:56.118 534 534 E ArtService: Caused by: android.system.ErrnoException: open failed: ENOENT (No such file or directory)
04-15 18:41:56.118 534 534 E ArtService: at libcore.io.Linux.open(Native Method)
04-15 18:41:56.118 534 534 E ArtService: at libcore.io.ForwardingOs.open(ForwardingOs.java:563)
04-15 18:41:56.118 534 534 E ArtService: at libcore.io.BlockGuardOs.open(BlockGuardOs.java:274)
04-15 18:41:56.118 534 534 E ArtService: at libcore.io.IoBridge.open(IoBridge.java:560)
04-15 18:41:56.118 534 534 E ArtService: ... 12 more
04-15 18:41:56.119 534 534 V SystemServerTiming: DexUseManagerLocal took to complete: 14ms
04-15 18:41:56.119 534 534 D SystemServerTiming: StartOtaDexOptService
04-15 18:41:56.119 534 534 I Watchdog: Pausing HandlerChecker: main thread for reason: moveab. Pause count: 1
04-15 18:41:56.129 534 534 D OTADexopt: No upgrade, skipping A/B artifacts check.
04-15 18:41:56.129 534 534 I Watchdog: Resuming HandlerChecker: main thread for reason: moveab. Pause count: 0
04-15 18:41:56.130 534 534 V SystemServerTiming: StartOtaDexOptService took to complete: 11ms
04-15 18:41:56.130 534 534 D SystemServerTiming: StartUserManagerService
04-15 18:41:56.130 534 534 I SystemServiceManager: Starting com.android.server.pm.UserManagerService$LifeCycle
04-15 18:41:56.135 534 534 V SystemServerTiming: StartUserManagerService took to complete: 5ms
04-15 18:41:56.135 534 534 D SystemServerTiming: InitAttributerCache
04-15 18:41:56.138 534 534 V SystemServerTiming: InitAttributerCache took to complete: 3ms
04-15 18:41:56.138 534 534 D SystemServerTiming: SetSystemProcess
04-15 18:41:56.179 534 550 V HistoricalRegistry: Interaction before persistence initialized
04-15 18:41:56.183 534 549 V HistoricalRegistry: Interaction before persistence initialized
04-15 18:41:56.202 534 550 V HistoricalRegistry: Interaction before persistence initialized
04-15 18:41:56.217 376 376 I audioserver: Waiting for sensor privacy service
04-15 18:41:56.245 534 534 D OomAdjuster: Not killing cached processes
04-15 18:41:56.259 130 130 I lowmemorykiller: lmkd data connection established
04-15 18:41:56.272 534 569 I ActivityManager: Connection with lmkd established
04-15 18:41:56.304 534 534 V SystemServerTiming: SetSystemProcess took to complete: 166ms
04-15 18:41:56.311 534 534 D CompatibilityChangeReporter: Compat change id reported: 161145287; UID 1000; state: ENABLED
04-15 18:41:56.318 534 534 D SystemServerTiming: InitWatchdog
04-15 18:41:56.319 534 534 V SystemServerTiming: InitWatchdog took to complete: 1ms
04-15 18:41:56.362 534 534 D SystemServerTiming: StartOverlayManagerService
04-15 18:41:56.392 0 0 I init : service 'idmap2d' requested start, but it is already running (flags: 4)
04-15 18:41:56.393 0 0 I init : Control message: Processed ctl.start for 'idmap2d' from pid: 534 (system_server)
04-15 18:41:56.403 434 457 W idmap2d : failed to parse idmap header of '/data/resource-cache/product@overlay@DisplayCutoutEmulationCorner@DisplayCutoutEmulationCornerOverlay.apk@idmap'
04-15 18:41:56.471 434 434 W idmap2d : failed to find resource 'string/display_cutout_emulation_overlay'
04-15 18:41:56.484 434 611 W idmap2d : failed to parse idmap header of '/data/resource-cache/product@overlay@DisplayCutoutEmulationDouble@DisplayCutoutEmulationDoubleOverlay.apk@idmap'
04-15 18:41:56.493 434 611 W idmap2d : failed to find resource 'string/display_cutout_emulation_overlay'
04-15 18:41:56.504 434 611 W idmap2d : failed to parse idmap header of '/data/resource-cache/product@overlay@NavigationBarModeGesturalWideBack@NavigationBarModeGesturalOverlayWideBack.apk@idmap'
04-15 18:41:56.513 434 611 W idmap2d : failed to find resource 'string/navigation_bar_mode_title'
04-15 18:41:56.518 434 611 W idmap2d : failed to parse idmap header of '/data/resource-cache/vendor@overlay@CarrierConfig__auto_generated_rro_vendor.apk@idmap'
04-15 18:41:56.532 434 611 W idmap2d : failed to parse idmap header of '/data/resource-cache/product@overlay@SystemUIEmulationPixel3XL@SystemUIEmulationPixel3XLOverlay.apk@idmap'
