04-15 18:44:05.876 534 653 I StorageSessionController: On volume mount VolumeInfo{emulated;0}:
04-15 18:44:05.876 534 653 I StorageSessionController: type=EMULATED diskId=null partGuid= mountFlags=PRIMARY|VISIBLE_FOR_WRITE
04-15 18:44:05.876 534 653 I StorageSessionController: mountUserId=0 state=CHECKING
04-15 18:44:05.876 534 653 I StorageSessionController: fsType=null fsUuid=null fsLabel=null
04-15 18:44:05.876 534 653 I StorageSessionController: path=/storage/emulated internalPath=/data/media
04-15 18:44:05.878 534 653 I StorageSessionController: Creating connection for user: 0
04-15 18:44:05.906 534 653 I StorageSessionController: Creating and starting session with id: emulated;0
04-15 18:44:05.921 534 653 I StorageUserConnection: Binding to the ExternalStorageService for user 0
04-15 18:44:05.983 0 0 W healthd : battery l=100 v=5000 t=25.0 h=2 st=2 c=900000 fc=3000000 cc=10 chg=a
04-15 18:44:06.017 1089 1208 D AdapterState: Start Timeout Delay: 4000
04-15 18:44:06.017 1089 1208 D BluetoothAdapterService: bleOnProcessStart()
04-15 18:44:06.019 1089 1208 I AdapterProperties: init(), maxConnectedAudioDevices, default=5, propertyOverlayed=5, finalValue=5
04-15 18:44:06.059 534 534 W Looper : Slow dispatch took 292ms main h=android.app.ActivityThread$H c=android.app.LoadedApk$ReceiverDispatcher$Args$$ExternalSyntheticLambda0@587dcf5 m=0
04-15 18:44:06.077 534 567 W SystemServiceManager: Service com.android.server.searchui.SearchUiManagerService took 202 ms in onUnlockingUser-0
04-15 18:44:06.097 534 567 V SystemServerTimingAsync: ssm.onUnlockingUser-0_com.android.server.searchui.SearchUiManagerService took to complete: 222ms
04-15 18:44:06.107 534 567 D SystemServerTimingAsync: ssm.onUnlockingUser-0_com.android.server.smartspace.SmartspaceManagerService
04-15 18:44:06.109 534 645 I InputReader: Reconfiguring input devices, changes=KEYBOARD_LAYOUTS
04-15 18:44:06.129 534 567 V SystemServerTimingAsync: ssm.onUnlockingUser-0_com.android.server.smartspace.SmartspaceManagerService took to complete: 20ms
04-15 18:44:06.136 534 567 D SystemServerTimingAsync: ssm.onUnlockingUser-0_com.android.server.graphics.fonts.FontManagerService$Lifecycle
04-15 18:44:06.137 534 567 V SystemServerTimingAsync: ssm.onUnlockingUser-0_com.android.server.graphics.fonts.FontManagerService$Lifecycle took to complete: 0ms
04-15 18:44:06.137 534 567 D SystemServerTimingAsync: ssm.onUnlockingUser-0_com.android.server.textservices.TextServicesManagerService$Lifecycle
04-15 18:44:06.670 534 653 W ActivityManager: Slow operation: 104ms so far, now at startProcess: done creating new process record
04-15 18:44:06.704 534 653 W ActivityManager: Slow operation: 138ms so far, now at startProcess: stepping in to startProcess
04-15 18:44:06.707 891 891 V SystemUIBootTiming: StartServices com.android.systemui.keyguard.data.quickaffordance.MuteQuickAffordanceCoreStartable took to complete: 5504ms
04-15 18:44:06.757 891 891 W SystemUIService: Initialization of com.android.systemui.keyguard.data.quickaffordance.MuteQuickAffordanceCoreStartable took 5553 ms
04-15 18:44:06.769 534 1279 I HibernationStateDiskStore: No hibernation file on disk for file /data/system_ce/0/hibernation/states
04-15 18:44:06.781 534 653 W ActivityManager: Slow operation: 68ms so far, now at startProcess: building args
04-15 18:44:06.785 534 567 W SystemServiceManager: Service com.android.server.textservices.TextServicesManagerService$Lifecycle took 648 ms in onUnlockingUser-0
04-15 18:44:06.785 534 567 V SystemServerTimingAsync: ssm.onUnlockingUser-0_com.android.server.textservices.TextServicesManagerService$Lifecycle took to complete: 648ms
04-15 18:44:06.785 534 567 D SystemServerTimingAsync: ssm.onUnlockingUser-0_com.android.server.textclassifier.TextClassificationManagerService$Lifecycle
04-15 18:44:06.833 891 891 D KeyguardTransitionCoreStartable: Started com.android.systemui.keyguard.domain.interactor.FromOccludedTransitionInteractor@a30f3c4
04-15 18:44:06.864 534 653 D CompatibilityChangeReporter: Compat change id reported: 135634846; UID 10121; state: DISABLED
04-15 18:44:06.883 534 568 W ActivityManager: Slow operation: 170ms so far, now at startProcess: asking zygote to start proc
04-15 18:44:06.890 534 568 D CompatibilityChangeReporter: Compat change id reported: 143937733; UID 10121; state: ENABLED
04-15 18:44:06.898 534 567 W SystemServiceManager: Service com.android.server.textclassifier.TextClassificationManagerService$Lifecycle took 113 ms in onUnlockingUser-0
04-15 18:44:06.898 534 567 V SystemServerTimingAsync: ssm.onUnlockingUser-0_com.android.server.textclassifier.TextClassificationManagerService$Lifecycle took to complete: 113ms
04-15 18:44:06.898 534 567 D SystemServerTimingAsync: ssm.onUnlockingUser-0_com.android.server.NetworkScoreService$Lifecycle
04-15 18:44:06.899 534 567 V SystemServerTimingAsync: ssm.onUnlockingUser-0_com.android.server.NetworkScoreService$Lifecycle took to complete: 0ms
04-15 18:44:06.899 534 567 D SystemServerTimingAsync: ssm.onUnlockingUser-0_com.android.server.NetworkStatsServiceInitializer
04-15 18:44:06.899 534 567 V SystemServerTimingAsync: ssm.onUnlockingUser-0_com.android.server.NetworkStatsServiceInitializer took to complete: 0ms
04-15 18:44:06.899 534 567 D SystemServerTimingAsync: ssm.onUnlockingUser-0_com.android.server.wifi.WifiService
04-15 18:44:06.900 534 567 D WifiService: Handle user unlock 0
04-15 18:44:06.924 534 567 V SystemServerTimingAsync: ssm.onUnlockingUser-0_com.android.server.wifi.WifiService took to complete: 25ms
04-15 18:44:06.924 534 567 D SystemServerTimingAsync: ssm.onUnlockingUser-0_com.android.server.wifi.scanner.WifiScanningService
04-15 18:44:06.924 534 567 V SystemServerTimingAsync: ssm.onUnlockingUser-0_com.android.server.wifi.scanner.WifiScanningService took to complete: 0ms
04-15 18:44:06.924 534 567 D SystemServerTimingAsync: ssm.onUnlockingUser-0_com.android.server.wifi.p2p.WifiP2pService
04-15 18:44:06.924 534 567 V SystemServerTimingAsync: ssm.onUnlockingUser-0_com.android.server.wifi.p2p.WifiP2pService took to complete: 0ms
04-15 18:44:06.924 534 567 D SystemServerTimingAsync: ssm.onUnlockingUser-0_com.android.server.ConnectivityServiceInitializer
04-15 18:44:06.925 534 567 V SystemServerTimingAsync: ssm.onUnlockingUser-0_com.android.server.ConnectivityServiceInitializer took to complete: 0ms
04-15 18:44:06.925 534 567 D SystemServerTimingAsync: ssm.onUnlockingUser-0_com.android.server.notification.NotificationManagerService
04-15 18:44:06.925 534 567 V SystemServerTimingAsync: ssm.onUnlockingUser-0_com.android.server.notification.NotificationManagerService took to complete: 0ms
04-15 18:44:06.925 534 567 D SystemServerTimingAsync: ssm.onUnlockingUser-0_com.android.server.storage.DeviceStorageMonitorService
04-15 18:44:06.925 534 567 V SystemServerTimingAsync: ssm.onUnlockingUser-0_com.android.server.storage.DeviceStorageMonitorService took to complete: 0ms
04-15 18:44:06.925 534 567 D SystemServerTimingAsync: ssm.onUnlockingUser-0_com.android.server.timedetector.TimeDetectorService$Lifecycle
04-15 18:44:06.925 534 567 V SystemServerTimingAsync: ssm.onUnlockingUser-0_com.android.server.timedetector.TimeDetectorService$Lifecycle took to complete: 0ms
04-15 18:44:06.925 534 567 D SystemServerTimingAsync: ssm.onUnlockingUser-0_com.android.server.location.LocationManagerService$Lifecycle
04-15 18:44:06.925 534 567 V SystemServerTimingAsync: ssm.onUnlockingUser-0_com.android.server.location.LocationManagerService$Lifecycle took to complete: 0ms
04-15 18:44:06.926 534 567 D SystemServerTimingAsync: ssm.onUnlockingUser-0_com.android.server.timezonedetector.TimeZoneDetectorService$Lifecycle
04-15 18:44:06.926 534 567 V SystemServerTimingAsync: ssm.onUnlockingUser-0_com.android.server.timezonedetector.TimeZoneDetectorService$Lifecycle took to complete: 1ms
04-15 18:44:06.926 534 567 D SystemServerTimingAsync: ssm.onUnlockingUser-0_com.android.server.location.altitude.AltitudeService$Lifecycle
04-15 18:44:06.926 534 567 V SystemServerTimingAsync: ssm.onUnlockingUser-0_com.android.server.location.altitude.AltitudeService$Lifecycle took to complete: 0ms
04-15 18:44:06.926 534 567 D SystemServerTimingAsync: ssm.onUnlockingUser-0_com.android.server.timezonedetector.location.LocationTimeZoneManagerService$Lifecycle
04-15 18:44:06.926 534 567 V SystemServerTimingAsync: ssm.onUnlockingUser-0_com.android.server.timezonedetector.location.LocationTimeZoneManagerService$Lifecycle took to complete: 0ms
04-15 18:44:06.926 534 567 D SystemServerTimingAsync: ssm.onUnlockingUser-0_com.android.server.search.SearchManagerService$Lifecycle
04-15 18:44:06.927 534 567 V SystemServerTimingAsync: ssm.onUnlockingUser-0_com.android.server.search.SearchManagerService$Lifecycle took to complete: 0ms
04-15 18:44:06.927 534 567 D SystemServerTimingAsync: ssm.onUnlockingUser-0_com.android.server.wallpaper.WallpaperManagerService$Lifecycle
04-15 18:44:06.929 534 567 V SystemServerTimingAsync: ssm.onUnlockingUser-0_com.android.server.wallpaper.WallpaperManagerService$Lifecycle took to complete: 2ms
04-15 18:44:06.930 534 567 D SystemServerTimingAsync: ssm.onUnlockingUser-0_com.android.server.wallpapereffectsgeneration.WallpaperEffectsGenerationManagerService
04-15 18:44:06.942 534 806 D WakeupConfigStoreData: WifiWake user data has been read
04-15 18:44:06.950 534 806 D WifiConfigStore: Reading from user stores completed in 31 ms.
04-15 18:44:06.953 534 653 W ActivityManager: Slow operation: 387ms so far, now at startProcess: done starting proc!
04-15 18:44:06.958 534 559 W system_server: Long monitor contention with owner SyncManager (874) at boolean android.os.MessageQueue.enqueueMessage(android.os.Message, long)(MessageQueue.java:600) waiters=0 in android.os.Message android.os.MessageQueue.next() for 506ms
04-15 18:44:06.974 534 567 V SystemServerTimingAsync: ssm.onUnlockingUser-0_com.android.server.wallpapereffectsgeneration.WallpaperEffectsGenerationManagerService took to complete: 44ms
04-15 18:44:06.975 534 567 D SystemServerTimingAsync: ssm.onUnlockingUser-0_com.android.server.audio.AudioService$Lifecycle
04-15 18:44:06.975 534 567 V SystemServerTimingAsync: ssm.onUnlockingUser-0_com.android.server.audio.AudioService$Lifecycle took to complete: 1ms
04-15 18:44:06.975 534 567 D SystemServerTimingAsync: ssm.onUnlockingUser-0_com.android.server.soundtrigger_middleware.SoundTriggerMiddlewareService$Lifecycle
04-15 18:44:06.975 534 567 V SystemServerTimingAsync: ssm.onUnlockingUser-0_com.android.server.soundtrigger_middleware.SoundTriggerMiddlewareService$Lifecycle took to complete: 0ms
04-15 18:44:06.975 534 567 D SystemServerTimingAsync: ssm.onUnlockingUser-0_com.android.server.DockObserver
04-15 18:44:07.006 534 567 V SystemServerTimingAsync: ssm.onUnlockingUser-0_com.android.server.DockObserver took to complete: 0ms
04-15 18:44:07.006 534 567 D SystemServerTimingAsync: ssm.onUnlockingUser-0_com.android.server.midi.MidiService$Lifecycle
04-15 18:44:07.013 328 328 D Zygote : Forked child process 1511
04-15 18:44:07.025 534 606 W system_server: Long monitor contention with owner binder:534_9 (1329) at android.content.pm.IPackageInstallerSession com.android.server.pm.PackageInstallerService.openSessionInternal(int)(PackageInstallerService.java:1052) waiters=0 in com.android.server.pm.PackageInstallerSession com.android.server.pm.PackageInstallerService.getSession(int) for 8.676s
04-15 18:44:07.050 534 568 W ActivityManager: Slow operation: 337ms so far, now at startProcess: returned from zygote!
04-15 18:44:07.096 534 1477 W system_server: Long monitor contention with owner StorageManagerService (653) at int com.android.server.am.ActivityManagerService.bindServiceInstance(android.app.IApplicationThread, android.os.IBinder, android.content.Intent, java.lang.String, android.app.IServiceConnection, long, java.lang.String, boolean, int, java.lang.String, android.app.IApplicationThread, java.lang.String, int)(ActivityManagerService.java:13404) waiters=0 in android.content.Intent com.android.server.am.ActivityManagerService.registerReceiverWithFeature(android.app.IApplicationThread, java.lang.String, java.lang.String, java.lang.String, android.content.IIntentReceiver, android.content.IntentFilter, java.lang.String, int, int) for 880ms
04-15 18:44:07.101 534 550 W system_server: Long monitor contention with owner StorageManagerService (653) at int com.android.server.am.ActivityManagerService.bindServiceInstance(android.app.IApplicationThread, android.os.IBinder, android.content.Intent, java.lang.String, android.app.IServiceConnection, long, java.lang.String, boolean, int, java.lang.String, android.app.IApplicationThread, java.lang.String, int)(ActivityManagerService.java:13404) waiters=1 in android.content.Intent com.android.server.am.ActivityManagerService.registerReceiverWithFeature(android.app.IApplicationThread, java.lang.String, java.lang.String, java.lang.String, android.content.IIntentReceiver, android.content.IntentFilter, java.lang.String, int, int) for 881ms
04-15 18:44:07.116 534 653 I StorageUserConnection: Bound to the ExternalStorageService for user 0
04-15 18:44:07.136 534 557 W Looper : Drained
04-15 18:44:07.137 534 557 W Looper : Slow dispatch took 228ms android.fg h=com.android.server.DropBoxManagerService$DropBoxManagerBroadcastHandler c=null m=2
04-15 18:44:07.145 534 568 W ActivityManager: Slow operation: 432ms so far, now at startProcess: done updating battery stats
04-15 18:44:07.147 534 568 I Watchdog: Interesting Java process com.android.providers.media.module started. Pid 1511
04-15 18:44:07.160 534 568 W ActivityManager: Slow operation: 447ms so far, now at startProcess: building log message
04-15 18:44:07.161 534 568 I ActivityManager: Start proc 1511:com.android.providers.media.module/u0a121 for service {com.android.providers.media.module/com.android.providers.media.fuse.ExternalStorageServiceImpl}
04-15 18:44:07.162 534 568 W ActivityManager: Slow operation: 449ms so far, now at startProcess: starting to update pids map
04-15 18:44:07.165 534 568 W ActivityManager: Slow operation: 450ms so far, now at startProcess: done updating pids map
04-15 18:44:07.254 1089 1208 D BluetoothAdapterService: bleOnProcessStart() - Make Bond State Machine
04-15 18:44:07.261 1089 1208 D BluetoothBondStateMachine: make
04-15 18:44:07.305 1511 1511 I rs.media.module: Using CollectorTypeCC GC.
04-15 18:44:07.334 891 891 D KeyguardTransitionCoreStartable: Started com.android.systemui.keyguard.domain.interactor.FromLockscreenTransitionInteractor@e6d0e18
04-15 18:44:07.336 1089 1512 I BluetoothBondStateMachine: StableState(): Entering Off State
04-15 18:44:07.343 1511 1511 W rs.media.module: Unexpected CPU variant for x86: x86_64.
04-15 18:44:07.343 1511 1511 W rs.media.module: Known variants: atom, sandybridge, silvermont, goldmont, goldmont-plus, tremont, kabylake, default
04-15 18:44:07.358 534 534 W WindowMagnificationMgr: requestConnection duplicated request: connect=false, mConnectionState=DISCONNECTED
04-15 18:44:07.377 1511 1511 E rs.media.module: Not starting debugger since process cannot load the jdwp agent.
04-15 18:44:07.422 891 891 D KeyguardTransitionCoreStartable: Started com.android.systemui.keyguard.domain.interactor.FromGoneTransitionInteractor@4414e56
04-15 18:44:07.460 891 891 D KeyguardTransitionCoreStartable: Started com.android.systemui.keyguard.domain.interactor.FromDreamingTransitionInteractor@230bed7
04-15 18:44:07.486 534 558 W Looper : Slow dispatch took 284ms android.ui h=com.android.server.am.ActivityManagerService$UiHandler c=com.android.server.am.UidObserverController$$ExternalSyntheticLambda0@54d95aa m=0
04-15 18:44:07.513 534 567 W SystemServiceManager: Service com.android.server.midi.MidiService$Lifecycle took 507 ms in onUnlockingUser-0
04-15 18:44:07.513 534 567 V SystemServerTimingAsync: ssm.onUnlockingUser-0_com.android.server.midi.MidiService$Lifecycle took to complete: 507ms
04-15 18:44:07.513 534 567 D SystemServerTimingAsync: ssm.onUnlockingUser-0_com.android.server.adb.AdbService$Lifecycle
04-15 18:44:07.513 534 567 V SystemServerTimingAsync: ssm.onUnlockingUser-0_com.android.server.adb.AdbService$Lifecycle took to complete: 0ms
04-15 18:44:07.514 534 567 D SystemServerTimingAsync: ssm.onUnlockingUser-0_com.android.server.usb.UsbService$Lifecycle
04-15 18:44:07.526 534 534 W Looper : Slow dispatch took 1454ms main h=android.app.ActivityThread$H c=android.app.LoadedApk$ReceiverDispatcher$Args$$ExternalSyntheticLambda0@c28a19f m=0
04-15 18:44:07.535 891 891 D KeyguardTransitionCoreStartable: Started com.android.systemui.keyguard.domain.interactor.FromDozingTransitionInteractor@eb5b2ad
04-15 18:44:07.546 534 534 D SystemServerTiming: ManagedServices.unbindOtherUserServices_current0
04-15 18:44:07.546 534 534 V SystemServerTiming: ManagedServices.unbindOtherUserServices_current0 took to complete: 0ms
04-15 18:44:07.547 534 534 D SystemServerTiming: ManagedServices.unbindOtherUserServices_current0
04-15 18:44:07.547 534 534 V SystemServerTiming: ManagedServices.unbindOtherUserServices_current0 took to complete: 0ms
04-15 18:44:07.547 534 534 D SystemServerTiming: ManagedServices.unbindOtherUserServices_current0
04-15 18:44:07.547 534 534 V SystemServerTiming: ManagedServices.unbindOtherUserServices_current0 took to complete: 0ms
04-15 18:44:07.554 534 567 V SystemServerTimingAsync: ssm.onUnlockingUser-0_com.android.server.usb.UsbService$Lifecycle took to complete: 39ms
04-15 18:44:07.554 534 567 D SystemServerTimingAsync: ssm.onUnlockingUser-0_com.android.server.twilight.TwilightService
04-15 18:44:07.554 534 567 V SystemServerTimingAsync: ssm.onUnlockingUser-0_com.android.server.twilight.TwilightService took to complete: 0ms
04-15 18:44:07.554 534 567 D SystemServerTimingAsync: ssm.onUnlockingUser-0_com.android.server.display.color.ColorDisplayService
04-15 18:44:07.554 534 567 V SystemServerTimingAsync: ssm.onUnlockingUser-0_com.android.server.display.color.ColorDisplayService took to complete: 0ms
04-15 18:44:07.554 534 567 D SystemServerTimingAsync: ssm.onUnlockingUser-0_com.android.server.job.JobSchedulerService
04-15 18:44:07.554 534 567 V SystemServerTimingAsync: ssm.onUnlockingUser-0_com.android.server.job.JobSchedulerService took to complete: 0ms
04-15 18:44:07.554 534 567 D SystemServerTimingAsync: ssm.onUnlockingUser-0_com.android.server.soundtrigger.SoundTriggerService
04-15 18:44:07.554 534 567 V SystemServerTimingAsync: ssm.onUnlockingUser-0_com.android.server.soundtrigger.SoundTriggerService took to complete: 0ms
04-15 18:44:07.555 534 567 D SystemServerTimingAsync: ssm.onUnlockingUser-0_com.android.server.trust.TrustManagerService
04-15 18:44:07.555 534 567 V SystemServerTimingAsync: ssm.onUnlockingUser-0_com.android.server.trust.TrustManagerService took to complete: 1ms
04-15 18:44:07.555 534 567 D SystemServerTimingAsync: ssm.onUnlockingUser-0_com.android.server.backup.BackupManagerService$Lifecycle
04-15 18:44:07.555 534 567 V SystemServerTimingAsync: ssm.onUnlockingUser-0_com.android.server.backup.BackupManagerService$Lifecycle took to complete: 0ms
04-15 18:44:07.580 534 567 D SystemServerTimingAsync: ssm.onUnlockingUser-0_com.android.server.appwidget.AppWidgetService
04-15 18:44:07.580 534 567 V SystemServerTimingAsync: ssm.onUnlockingUser-0_com.android.server.appwidget.AppWidgetService took to complete: 0ms
04-15 18:44:07.580 534 567 D SystemServerTimingAsync: ssm.onUnlockingUser-0_com.android.server.voiceinteraction.VoiceInteractionManagerService
04-15 18:44:07.581 534 567 W VoiceInteractionManager: no available voice recognition services found for user 0
04-15 18:44:07.583 534 567 V SystemServerTimingAsync: ssm.onUnlockingUser-0_com.android.server.voiceinteraction.VoiceInteractionManagerService took to complete: 3ms
04-15 18:44:07.583 534 567 D SystemServerTimingAsync: ssm.onUnlockingUser-0_com.android.server.GestureLauncherService
04-15 18:44:07.583 534 567 V SystemServerTimingAsync: ssm.onUnlockingUser-0_com.android.server.GestureLauncherService took to complete: 0ms
04-15 18:44:07.583 534 567 D SystemServerTimingAsync: ssm.onUnlockingUser-0_com.android.server.SensorNotificationService
04-15 18:44:07.583 534 567 V SystemServerTimingAsync: ssm.onUnlockingUser-0_com.android.server.SensorNotificationService took to complete: 0ms
04-15 18:44:07.583 534 567 D SystemServerTimingAsync: ssm.onUnlockingUser-0_com.android.server.emergency.EmergencyAffordanceService
04-15 18:44:07.583 534 567 V SystemServerTimingAsync: ssm.onUnlockingUser-0_com.android.server.emergency.EmergencyAffordanceService took to complete: 0ms
04-15 18:44:07.583 534 567 D SystemServerTimingAsync: ssm.onUnlockingUser-0_com.android.server.blob.BlobStoreManagerService
04-15 18:44:07.618 891 952 W Looper : Slow dispatch took 1935ms BroadcastRunning h=com.android.systemui.broadcast.BroadcastDispatcher$handler$1 c=null m=0
04-15 18:44:07.629 534 534 V NotificationAssistants: enabling notification assistant for 0: ComponentInfo{android.ext.services/android.ext.services.notification.Assistant}
04-15 18:44:07.632 534 534 V NotificationAssistants: Not registering ComponentInfo{android.ext.services/android.ext.services.notification.Assistant} is already bound
04-15 18:44:07.642 534 806 W FileUtils: Failed to chmod(/data/misc_ce/0/apexdata/com.android.wifi/WifiConfigStore.xml, 384):
04-15 18:44:07.642 534 806 W FileUtils: android.system.ErrnoException: chmod failed: ENOENT (No such file or directory)
04-15 18:44:07.642 534 806 W FileUtils: at libcore.io.Linux.chmod(Native Method)
04-15 18:44:07.642 534 806 W FileUtils: at libcore.io.ForwardingOs.chmod(ForwardingOs.java:165)
04-15 18:44:07.642 534 806 W FileUtils: at libcore.io.BlockGuardOs.chmod(BlockGuardOs.java:83)
04-15 18:44:07.642 534 806 W FileUtils: at android.system.Os.chmod(Os.java:119)
04-15 18:44:07.642 534 806 W FileUtils: at com.android.server.wifi.util.FileUtils.chmod(FileUtils.java:44)
04-15 18:44:07.642 534 806 W FileUtils: at com.android.server.wifi.WifiConfigStore$StoreFile.writeBufferedRawData(WifiConfigStore.java:941)
04-15 18:44:07.642 534 806 W FileUtils: at com.android.server.wifi.WifiConfigStore.writeBufferedData(WifiConfigStore.java:510)
04-15 18:44:07.642 534 806 W FileUtils: at com.android.server.wifi.WifiConfigStore.write(WifiConfigStore.java:430)
04-15 18:44:07.642 534 806 W FileUtils: at com.android.server.wifi.WifiConfigManager.saveToStore(WifiConfigManager.java:3688)
04-15 18:44:07.642 534 806 W FileUtils: at com.android.server.wifi.WifiConfigManager.handleUserUnlockOrSwitch(WifiConfigManager.java:3229)
04-15 18:44:07.642 534 806 W FileUtils: at com.android.server.wifi.WifiConfigManager.handleUserUnlock(WifiConfigManager.java:3308)
04-15 18:44:07.642 534 806 W FileUtils: at com.android.server.wifi.WifiServiceImpl.lambda$handleUserUnlock$4(WifiServiceImpl.java:862)
04-15 18:44:07.642 534 806 W FileUtils: at com.android.server.wifi.WifiServiceImpl.$r8$lambda$iCwaHj3x8XNFAdDU5jx297GHjjE(WifiServiceImpl.java:0)
04-15 18:44:07.642 534 806 W FileUtils: at com.android.server.wifi.WifiServiceImpl$$ExternalSyntheticLambda124.run(R8$$SyntheticClass:0)
04-15 18:44:07.642 534 806 W FileUtils: at android.os.Handler.handleCallback(Handler.java:958)
04-15 18:44:07.642 534 806 W FileUtils: at android.os.Handler.dispatchMessage(Handler.java:99)
04-15 18:44:07.642 534 806 W FileUtils: at com.android.server.wifi.RunnerHandler.dispatchMessage(RunnerHandler.java:122)
04-15 18:44:07.642 534 806 W FileUtils: at android.os.Looper.loopOnce(Looper.java:205)
04-15 18:44:07.642 534 806 W FileUtils: at android.os.Looper.loop(Looper.java:294)
04-15 18:44:07.642 534 806 W FileUtils: at android.os.HandlerThread.run(HandlerThread.java:67)
04-15 18:44:07.649 534 567 V SystemServerTimingAsync: ssm.onUnlockingUser-0_com.android.server.blob.BlobStoreManagerService took to complete: 0ms
04-15 18:44:07.675 534 567 D SystemServerTimingAsync: ssm.onUnlockingUser-0_com.android.server.dreams.DreamManagerService
04-15 18:44:07.680 534 567 V SystemServerTimingAsync: ssm.onUnlockingUser-0_com.android.server.dreams.DreamManagerService took to complete: 0ms
04-15 18:44:07.680 534 567 D SystemServerTimingAsync: ssm.onUnlockingUser-0_com.android.server.print.PrintManagerService
04-15 18:44:07.680 534 567 V SystemServerTimingAsync: ssm.onUnlockingUser-0_com.android.server.print.PrintManagerService took to complete: 0ms
04-15 18:44:07.680 534 567 D SystemServerTimingAsync: ssm.onUnlockingUser-0_com.android.server.security.AttestationVerificationManagerService
04-15 18:44:07.681 534 567 V SystemServerTimingAsync: ssm.onUnlockingUser-0_com.android.server.security.AttestationVerificationManagerService took to complete: 0ms
04-15 18:44:07.681 534 567 D SystemServerTimingAsync: ssm.onUnlockingUser-0_com.android.server.companion.CompanionDeviceManagerService
04-15 18:44:07.681 534 567 V SystemServerTimingAsync: ssm.onUnlockingUser-0_com.android.server.companion.CompanionDeviceManagerService took to complete: 0ms
04-15 18:44:07.681 534 567 D SystemServerTimingAsync: ssm.onUnlockingUser-0_com.android.server.companion.virtual.VirtualDeviceManagerService
04-15 18:44:07.681 534 567 V SystemServerTimingAsync: ssm.onUnlockingUser-0_com.android.server.companion.virtual.VirtualDeviceManagerService took to complete: 0ms
04-15 18:44:07.681 534 567 D SystemServerTimingAsync: ssm.onUnlockingUser-0_com.android.server.restrictions.RestrictionsManagerService
04-15 18:44:07.681 534 567 V SystemServerTimingAsync: ssm.onUnlockingUser-0_com.android.server.restrictions.RestrictionsManagerService took to complete: 0ms
04-15 18:44:07.681 534 567 D SystemServerTimingAsync: ssm.onUnlockingUser-0_com.android.server.media.MediaSessionService
04-15 18:44:07.681 534 567 V SystemServerTimingAsync: ssm.onUnlockingUser-0_com.android.server.media.MediaSessionService took to complete: 0ms
04-15 18:44:07.682 534 567 D SystemServerTimingAsync: ssm.onUnlockingUser-0_com.android.server.media.MediaResourceMonitorService
04-15 18:44:07.682 534 567 V SystemServerTimingAsync: ssm.onUnlockingUser-0_com.android.server.media.MediaResourceMonitorService took to complete: 0ms
04-15 18:44:07.682 534 567 D SystemServerTimingAsync: ssm.onUnlockingUser-0_com.android.server.biometrics.sensors.face.FaceService
04-15 18:44:07.682 534 567 V SystemServerTimingAsync: ssm.onUnlockingUser-0_com.android.server.biometrics.sensors.face.FaceService took to complete: 0ms
04-15 18:44:07.682 534 567 D SystemServerTimingAsync: ssm.onUnlockingUser-0_com.android.server.biometrics.sensors.fingerprint.FingerprintService
04-15 18:44:07.682 534 567 V SystemServerTimingAsync: ssm.onUnlockingUser-0_com.android.server.biometrics.sensors.fingerprint.FingerprintService took to complete: 0ms
04-15 18:44:07.682 534 567 D SystemServerTimingAsync: ssm.onUnlockingUser-0_com.android.server.biometrics.BiometricService
04-15 18:44:07.682 534 567 V SystemServerTimingAsync: ssm.onUnlockingUser-0_com.android.server.biometrics.BiometricService took to complete: 0ms
04-15 18:44:07.682 534 567 D SystemServerTimingAsync: ssm.onUnlockingUser-0_com.android.server.biometrics.AuthService
04-15 18:44:07.682 534 567 V SystemServerTimingAsync: ssm.onUnlockingUser-0_com.android.server.biometrics.AuthService took to complete: 0ms
04-15 18:44:07.682 534 567 D SystemServerTimingAsync: ssm.onUnlockingUser-0_com.android.server.pm.ShortcutService$Lifecycle
04-15 18:44:07.686 534 806 D WifiConfigStore: Writing to stores completed in 191 ms.
04-15 18:44:07.700 534 567 V SystemServerTimingAsync: ssm.onUnlockingUser-0_com.android.server.pm.ShortcutService$Lifecycle took to complete: 13ms
04-15 18:44:07.700 534 567 D SystemServerTimingAsync: ssm.onUnlockingUser-0_com.android.server.pm.LauncherAppsService
04-15 18:44:07.700 534 567 V SystemServerTimingAsync: ssm.onUnlockingUser-0_com.android.server.pm.LauncherAppsService took to complete: 0ms
04-15 18:44:07.700 534 567 D SystemServerTimingAsync: ssm.onUnlockingUser-0_com.android.server.pm.CrossProfileAppsService
04-15 18:44:07.700 534 567 V SystemServerTimingAsync: ssm.onUnlockingUser-0_com.android.server.pm.CrossProfileAppsService took to complete: 0ms
04-15 18:44:07.700 534 567 D SystemServerTimingAsync: ssm.onUnlockingUser-0_com.android.server.people.PeopleService
04-15 18:44:07.701 534 567 V SystemServerTimingAsync: ssm.onUnlockingUser-0_com.android.server.people.PeopleService took to complete: 0ms
04-15 18:44:07.701 534 567 D SystemServerTimingAsync: ssm.onUnlockingUser-0_com.android.server.media.metrics.MediaMetricsManagerService
04-15 18:44:07.701 534 567 V SystemServerTimingAsync: ssm.onUnlockingUser-0_com.android.server.media.metrics.MediaMetricsManagerService took to complete: 0ms
04-15 18:44:07.701 534 567 D SystemServerTimingAsync: ssm.onUnlockingUser-0_com.android.server.pm.BackgroundInstallControlService
04-15 18:44:07.701 534 567 V SystemServerTimingAsync: ssm.onUnlockingUser-0_com.android.server.pm.BackgroundInstallControlService took to complete: 0ms
04-15 18:44:07.701 534 567 D SystemServerTimingAsync: ssm.onUnlockingUser-0_com.android.server.media.projection.MediaProjectionManagerService
04-15 18:44:07.701 534 567 V SystemServerTimingAsync: ssm.onUnlockingUser-0_com.android.server.media.projection.MediaProjectionManagerService took to complete: 0ms
04-15 18:44:07.701 534 567 D SystemServerTimingAsync: ssm.onUnlockingUser-0_com.android.server.slice.SliceManagerService$Lifecycle
04-15 18:44:07.701 534 567 V SystemServerTimingAsync: ssm.onUnlockingUser-0_com.android.server.slice.SliceManagerService$Lifecycle took to complete: 0ms
04-15 18:44:07.702 534 567 D SystemServerTimingAsync: ssm.onUnlockingUser-0_com.android.server.stats.StatsCompanion$Lifecycle
04-15 18:44:07.702 534 567 V SystemServerTimingAsync: ssm.onUnlockingUser-0_com.android.server.stats.StatsCompanion$Lifecycle took to complete: 0ms
04-15 18:44:07.702 534 567 D SystemServerTimingAsync: ssm.onUnlockingUser-0_com.android.server.scheduling.RebootReadinessManagerService$Lifecycle
04-15 18:44:07.702 534 567 V SystemServerTimingAsync: ssm.onUnlockingUser-0_com.android.server.scheduling.RebootReadinessManagerService$Lifecycle took to complete: 0ms
04-15 18:44:07.702 534 567 D SystemServerTimingAsync: ssm.onUnlockingUser-0_com.android.server.stats.pull.StatsPullAtomService
04-15 18:44:07.702 534 567 V SystemServerTimingAsync: ssm.onUnlockingUser-0_com.android.server.stats.pull.StatsPullAtomService took to complete: 0ms
04-15 18:44:07.702 534 567 D SystemServerTimingAsync: ssm.onUnlockingUser-0_com.android.server.stats.bootstrap.StatsBootstrapAtomService$Lifecycle
04-15 18:44:07.702 534 567 V SystemServerTimingAsync: ssm.onUnlockingUser-0_com.android.server.stats.bootstrap.StatsBootstrapAtomService$Lifecycle took to complete: 0ms
04-15 18:44:07.702 534 567 D SystemServerTimingAsync: ssm.onUnlockingUser-0_com.android.server.incident.IncidentCompanionService
04-15 18:44:07.702 534 567 V SystemServerTimingAsync: ssm.onUnlockingUser-0_com.android.server.incident.IncidentCompanionService took to complete: 0ms
04-15 18:44:07.703 534 567 D SystemServerTimingAsync: ssm.onUnlockingUser-0_com.android.server.sdksandbox.SdkSandboxManagerService$Lifecycle
04-15 18:44:07.703 534 567 I SdkSandboxManager: onUserUnlocking 0
04-15 18:44:07.729 0 0 W binder_debug: 26 callbacks suppressed
04-15 18:44:07.726 534 619 D CompatibilityChangeReporter: Compat change id reported: 265195908; UID 10121; state: ENABLED
04-15 18:44:07.735 534 567 V SystemServerTimingAsync: ssm.onUnlockingUser-0_com.android.server.sdksandbox.SdkSandboxManagerService$Lifecycle took to complete: 32ms
04-15 18:44:07.735 534 567 D SystemServerTimingAsync: ssm.onUnlockingUser-0_com.android.server.adservices.AdServicesManagerService$Lifecycle
04-15 18:44:07.735 534 567 V SystemServerTimingAsync: ssm.onUnlockingUser-0_com.android.server.adservices.AdServicesManagerService$Lifecycle took to complete: 0ms
04-15 18:44:07.735 534 567 D SystemServerTimingAsync: ssm.onUnlockingUser-0_com.android.server.ondevicepersonalization.OnDevicePersonalizationSystemService$Lifecycle
04-15 18:44:07.735 534 567 V SystemServerTimingAsync: ssm.onUnlockingUser-0_com.android.server.ondevicepersonalization.OnDevicePersonalizationSystemService$Lifecycle took to complete: 0ms
04-15 18:44:07.735 534 567 D SystemServerTimingAsync: ssm.onUnlockingUser-0_com.android.server.MmsServiceBroker
04-15 18:44:07.735 534 567 V SystemServerTimingAsync: ssm.onUnlockingUser-0_com.android.server.MmsServiceBroker took to complete: 0ms
04-15 18:44:07.751 0 0 I binder : 868:534 cannot find target node
04-15 18:44:07.751 0 0 I binder : 534:868 transaction async to 0:0 failed 30488/29189/-22, size 104-0 line 3210
04-15 18:44:07.772 0 0 E binder : invalid inc weak node for 29292
04-15 18:44:07.772 0 0 I binder : 534:1474 IncRefs 0 refcount change on invalid ref 500 ret -22
04-15 18:44:07.772 0 0 E binder : invalid inc weak node for 29294
04-15 18:44:07.772 0 0 I binder : 534:1474 IncRefs 0 refcount change on invalid ref 501 ret -22
04-15 18:44:07.772 534 567 D SystemServerTimingAsync: ssm.onUnlockingUser-0_com.android.server.autofill.AutofillManagerService
04-15 18:44:07.773 534 567 D AutofillManagerServiceImpl: Reset component for user 0:null
04-15 18:44:07.773 534 567 D FieldClassificationStrategy: reset(): service is not bound. Do nothing.
04-15 18:44:07.774 534 567 V SystemServerTimingAsync: ssm.onUnlockingUser-0_com.android.server.autofill.AutofillManagerService took to complete: 1ms
04-15 18:44:07.774 534 567 D SystemServerTimingAsync: ssm.onUnlockingUser-0_com.android.server.credentials.CredentialManagerService
04-15 18:44:07.775 534 567 V SystemServerTimingAsync: ssm.onUnlockingUser-0_com.android.server.credentials.CredentialManagerService took to complete: 1ms
04-15 18:44:07.776 534 567 D SystemServerTimingAsync: ssm.onUnlockingUser-0_com.android.server.selectiontoolbar.SelectionToolbarManagerService
04-15 18:44:07.786 534 534 W Looper : Slow dispatch took 120ms main h=android.app.ActivityThread$H c=android.app.LoadedApk$ReceiverDispatcher$Args$$ExternalSyntheticLambda0@f567a07 m=0
04-15 18:44:07.786 534 558 D AutofillUI: destroySaveUiUiThread(): already destroyed
04-15 18:44:07.789 534 868 E IPCThreadState: Binder transaction failure: 30488/29189/-22
04-15 18:44:07.802 0 0 I binder : 868:534 reply target not found
04-15 18:44:07.802 0 0 I binder : 534:868 transaction reply to 0:0 failed 30494/29189/0, size 4-0 line 3140
04-15 18:44:07.803 0 0 I binder : send failed reply for transaction 29236, target dead
04-15 18:44:07.881 534 567 W SystemServiceManager: Service com.android.server.selectiontoolbar.SelectionToolbarManagerService took 88 ms in onUnlockingUser-0
04-15 18:44:07.881 534 567 V SystemServerTimingAsync: ssm.onUnlockingUser-0_com.android.server.selectiontoolbar.SelectionToolbarManagerService took to complete: 89ms
04-15 18:44:07.881 534 567 D SystemServerTimingAsync: ssm.onUnlockingUser-0_com.android.server.clipboard.ClipboardService
04-15 18:44:07.881 534 567 V SystemServerTimingAsync: ssm.onUnlockingUser-0_com.android.server.clipboard.ClipboardService took to complete: 0ms
04-15 18:44:07.881 534 567 D SystemServerTimingAsync: ssm.onUnlockingUser-0_com.android.server.appbinding.AppBindingService$Lifecycle
04-15 18:44:07.900 534 567 V SystemServerTimingAsync: ssm.onUnlockingUser-0_com.android.server.appbinding.AppBindingService$Lifecycle took to complete: 19ms
04-15 18:44:07.900 534 567 D SystemServerTimingAsync: ssm.onUnlockingUser-0_com.android.server.tracing.TracingServiceProxy
04-15 18:44:07.900 534 567 V SystemServerTimingAsync: ssm.onUnlockingUser-0_com.android.server.tracing.TracingServiceProxy took to complete: 0ms
04-15 18:44:07.900 534 567 D SystemServerTimingAsync: ssm.onUnlockingUser-0_com.android.server.policy.PermissionPolicyService
04-15 18:44:07.900 534 567 V SystemServerTimingAsync: ssm.onUnlockingUser-0_com.android.server.policy.PermissionPolicyService took to complete: 0ms
04-15 18:44:07.900 534 567 D SystemServerTimingAsync: ssm.onUnlockingUser-0_com.android.server.pm.StagingManager$Lifecycle
04-15 18:44:07.901 534 567 V SystemServerTimingAsync: ssm.onUnlockingUser-0_com.android.server.pm.StagingManager$Lifecycle took to complete: 0ms
04-15 18:44:07.901 534 567 D SystemServerTimingAsync: ssm.onUnlockingUser-0_com.android.server.app.GameManagerService$Lifecycle
04-15 18:44:07.901 534 567 V SystemServerTimingAsync: ssm.onUnlockingUser-0_com.android.server.app.GameManagerService$Lifecycle took to complete: 0ms
04-15 18:44:07.901 534 567 D SystemServerTimingAsync: ssm.onUnlockingUser-0_com.android.safetycenter.SafetyCenterService
04-15 18:44:07.901 534 567 V SystemServerTimingAsync: ssm.onUnlockingUser-0_com.android.safetycenter.SafetyCenterService took to complete: 0ms
04-15 18:44:07.901 534 567 D SystemServerTimingAsync: ssm.onUnlockingUser-0_com.android.server.appsearch.AppSearchModule$Lifecycle
04-15 18:44:07.937 534 838 I BackupManagerService: Starting service for user: 0
04-15 18:44:07.959 891 952 W Looper : Slow delivery took 1733ms BroadcastRunning h=com.android.systemui.broadcast.BroadcastDispatcher$handler$1 c=null m=0
04-15 18:44:07.972 534 838 V BackupManagerService: [UserID:0] Starting with transport com.android.localtransport/.LocalTransport
04-15 18:44:08.109 1089 1089 D BtGatt.GattService: start()
04-15 18:44:08.169 534 1374 E ActivityManager: Aborted stack trace dump (current primary pid=891); deadline exceeded.
04-15 18:44:08.277 0 0 E binder : invalid inc weak node for 29305
04-15 18:44:08.277 0 0 I binder : 534:1476 IncRefs 0 refcount change on invalid ref 502 ret -22
04-15 18:44:08.277 0 0 E binder : invalid inc weak node for 29307
04-15 18:44:08.277 0 0 I binder : 534:1476 IncRefs 0 refcount change on invalid ref 503 ret -22
04-15 18:44:08.277 1089 1089 I BtGatt.JNI: classInitNative(L1347): classInitNative: Success!
04-15 18:44:08.278 1089 1089 I bt_btif : packages/modules/Bluetooth/system/btif/src/bluetooth.cc:829 get_profile_interface: get_profile_interface: id = gatt
04-15 18:44:08.302 534 1474 E IPCThreadState: Binder transaction failure: 30592/29189/-22
04-15 18:44:08.313 0 0 I binder : 1474:534 cannot find target node
04-15 18:44:08.313 0 0 I binder : 534:1474 transaction async to 0:0 failed 30592/29189/-22, size 104-0 line 3210
04-15 18:44:08.314 0 0 I binder : 1474:534 reply target not found
04-15 18:44:08.314 0 0 I binder : 534:1474 transaction reply to 0:0 failed 30593/29189/0, size 4-0 line 3140
04-15 18:44:08.315 0 0 I binder : send failed reply for transaction 29291, target dead
04-15 18:44:08.317 1089 1089 I droid.bluetooth: [0415/184408.279197:INFO:btif_ble_advertiser.cc(271)] get_ble_advertiser_instance use gd le advertiser
04-15 18:44:08.320 1089 1089 I droid.bluetooth: [0415/184408.318569:INFO:bta_gatts_api.cc(379)] BTA_GATTS_InitBonded
04-15 18:44:08.322 1089 1214 I bt_bta_sys_main: packages/modules/Bluetooth/system/bta/sys/bta_sys_main.cc:101 bta_sys_event: Ignoring receipt of unregistered event id:GATT server
04-15 18:44:08.332 1089 1089 I droid.bluetooth: [0415/184408.332362:INFO:le_scanning_manager.cc(483)] RegisterCallbacks in shim layer
04-15 18:44:08.340 1089 1089 D BtGatt.AdvertiseManager: advertise manager created
04-15 18:44:08.366 1089 1089 D CompatibilityChangeReporter: Compat change id reported: 160794467; UID 1002; state: ENABLED
04-15 18:44:08.431 892 892 W System : ClassLoader referenced unknown path:
04-15 18:44:08.475 892 892 D nativeloader: Configuring clns-shared-8 for other apk . target_sdk_version=34, uses_libraries=, library_path=/apex/com.android.permission/priv-app/PermissionController@UE1A.230829.036.A1/lib/x86_64:/system/lib64:/system_ext/lib64, permitted_path=/data:/mnt/expand:/data/user_de/0/com.android.permissioncontroller:/apex/com.android.permission/priv-app/PermissionController@UE1A.230829.036.A1:/system/lib64:/system_ext/lib64
04-15 18:44:08.535 534 557 I ActivityTaskManager: Config changes=80000000 {1.0 ?mcc0mnc [en_US] ldltr sw411dp w411dp h914dp 420dpi nrml long port finger qwerty/v/v -nav/h winConfig={ mBounds=Rect(0, 0 - 1080, 2400) mAppBounds=Rect(0, 0 - 1080, 2400) mMaxBounds=Rect(0, 0 - 1080, 2400) mDisplayRotation=ROTATION_0 mWindowingMode=fullscreen mDisplayWindowingMode=fullscreen mActivityType=undefined mAlwaysOnTop=undefined mRotation=ROTATION_0} as.3 s.11 fontWeightAdjustment=0}
04-15 18:44:08.569 534 545 I system_server: Background concurrent copying GC freed 160954(7870KB) AllocSpace objects, 14(392KB) LOS objects, 50% free, 19MB/38MB, paused 19.410ms,454.557ms total 23.974s
04-15 18:44:08.663 1063 1063 W System : ClassLoader referenced unknown path:
04-15 18:44:08.679 534 1375 I ActivityManager: Collecting stacks for pid 534
04-15 18:44:08.741 891 1367 D BufferPoolAccessor2.0: bufferpool2 0x753fa9144b48 : 0(0 size) total buffers - 0(0 size) used buffers - 2/7 (recycle/alloc) - 5/38 (fetch/transfer)
04-15 18:44:08.741 891 1367 D BufferPoolAccessor2.0: evictor expired: 1, evicted: 1
04-15 18:44:08.828 534 557 V ActivityTaskManager: Sending to IME proc com.android.inputmethod.latin new config {1.0 ?mcc0mnc [en_US] ldltr sw411dp w411dp h914dp 420dpi nrml long port finger qwerty/v/v -nav/h winConfig={ mBounds=Rect(0, 0 - 1080, 2400) mAppBounds=Rect(0, 0 - 1080, 2400) mMaxBounds=Rect(0, 0 - 1080, 2400) mDisplayRotation=ROTATION_0 mWindowingMode=fullscreen mDisplayWindowingMode=fullscreen mActivityType=undefined mAlwaysOnTop=undefined mRotation=ROTATION_0} as.3 s.13 fontWeightAdjustment=0}
04-15 18:44:08.861 0 0 E binder : invalid inc weak node for 29259
04-15 18:44:08.861 0 0 I binder : 534:549 IncRefs 0 refcount change on invalid ref 494 ret -22
04-15 18:44:08.861 0 0 E binder : invalid inc weak node for 29261
04-15 18:44:08.861 0 0 I binder : 534:549 IncRefs 0 refcount change on invalid ref 495 ret -22
04-15 18:44:08.943 450 890 D BufferPoolAccessor2.0: bufferpool2 0x742e4718de18 : 0(0 size) total buffers - 0(0 size) used buffers - 15/17 (recycle/alloc) - 2/16 (fetch/transfer)
04-15 18:44:08.946 534 1476 E IPCThreadState: Binder transaction failure: 30670/29189/-22
04-15 18:44:08.954 450 890 D BufferPoolAccessor2.0: evictor expired: 1, evicted: 1
04-15 18:44:08.969 534 1527 I AppSearchUserInstanceMa: Creating new AppSearch instance at: /data/system_ce/0/appsearch/icing
04-15 18:44:08.998 534 567 W SystemServiceManager: Service com.android.server.appsearch.AppSearchModule$Lifecycle took 1097 ms in onUnlockingUser-0
04-15 18:44:08.998 534 567 V SystemServerTimingAsync: ssm.onUnlockingUser-0_com.android.server.appsearch.AppSearchModule$Lifecycle took to complete: 1097ms
04-15 18:44:08.999 534 567 D SystemServerTimingAsync: ssm.onUnlockingUser-0_com.android.server.media.MediaCommunicationService
04-15 18:44:08.999 534 567 V SystemServerTimingAsync: ssm.onUnlockingUser-0_com.android.server.media.MediaCommunicationService took to complete: 1ms
04-15 18:44:08.999 534 567 D SystemServerTimingAsync: ssm.onUnlockingUser-0_com.android.server.compat.overrides.AppCompatOverridesService$Lifecycle
04-15 18:44:08.999 534 567 V SystemServerTimingAsync: ssm.onUnlockingUser-0_com.android.server.compat.overrides.AppCompatOverridesService$Lifecycle took to complete: 0ms
04-15 18:44:08.999 534 567 D SystemServerTimingAsync: ssm.onUnlockingUser-0_com.android.server.healthconnect.HealthConnectManagerService
04-15 18:44:08.999 534 567 V SystemServerTimingAsync: ssm.onUnlockingUser-0_com.android.server.healthconnect.HealthConnectManagerService took to complete: 0ms
04-15 18:44:08.999 534 567 D SystemServerTimingAsync: ssm.onUnlockingUser-0_com.android.server.devicelock.DeviceLockService
04-15 18:44:08.999 534 567 D DeviceLockService: onUserUnlocking
04-15 18:44:09.018 1063 1063 D nativeloader: Configuring clns-shared-9 for other apk . target_sdk_version=34, uses_libraries=, library_path=/system/priv-app/NetworkStack/lib/x86_64:/system/priv-app/NetworkStack/NetworkStack.apk!/lib/x86_64:/system/lib64:/system_ext/lib64, permitted_path=/data:/mnt/expand:/data/user_de/0/com.android.networkstack:/system/priv-app/NetworkStack:/system/lib64:/system_ext/lib64
04-15 18:44:09.046 534 567 V SystemServerTimingAsync: ssm.onUnlockingUser-0_com.android.server.devicelock.DeviceLockService took to complete: 47ms
04-15 18:44:09.046 534 567 V SystemServerTimingAsync: ssm.UnlockingUser-0 took to complete: 4252ms
04-15 18:44:09.054 534 557 I WindowManager: Override config changes=80000000 {1.0 ?mcc0mnc [en_US] ldltr sw411dp w411dp h914dp 420dpi nrml long port finger qwerty/v/v -nav/h winConfig={ mBounds=Rect(0, 0 - 1080, 2400) mAppBounds=Rect(0, 0 - 1080, 2400) mMaxBounds=Rect(0, 0 - 1080, 2400) mDisplayRotation=ROTATION_0 mWindowingMode=fullscreen mDisplayWindowingMode=fullscreen mActivityType=undefined mAlwaysOnTop=undefined mRotation=ROTATION_0} as.3 s.11 fontWeightAdjustment=0} for displayId=0
04-15 18:44:09.075 891 923 V WindowManagerShell: Transition requested: android.os.BinderProxy@4768eea TransitionRequestInfo { type = CHANGE, triggerTask = null, remoteTransition = null, displayChange = null }
04-15 18:44:09.089 534 838 D BackupManagerService: [UserID:0] Started thread backup-0
04-15 18:44:09.091 534 542 W system_server: Suspending all threads took: 8.353ms
04-15 18:44:09.139 891 891 D KeyguardTransitionCoreStartable: Started com.android.systemui.keyguard.domain.interactor.FromAlternateBouncerTransitionInteractor@e9bf9e2
04-15 18:44:09.153 534 542 W system_server: Suspending all threads took: 32.023ms
04-15 18:44:09.159 534 567 D SystemServerTiming: finishUserUnlocked-0
04-15 18:44:09.192 0 0 E binder : invalid inc weak node for 29215
04-15 18:44:09.192 0 0 E binder : invalid inc weak node for 29217
04-15 18:44:09.190 391 484 D PermissionCache: checking android.permission.READ_FRAME_BUFFER for uid=1000 => granted (82867 us)
04-15 18:44:09.217 192 192 I tombstoned: received crash request for pid 534
04-15 18:44:09.218 192 192 I tombstoned: found intercept fd 512 for pid 534 and type kDebuggerdJavaBacktrace
04-15 18:44:09.240 192 192 W tombstoned: skipping tombstone file creation due to intercept
04-15 18:44:09.245 534 567 I ActivityManager: User 0 state changed from RUNNING_UNLOCKING to RUNNING_UNLOCKED
04-15 18:44:09.248 534 549 E IPCThreadState: Binder transaction failure: 30708/29189/-22
04-15 18:44:09.253 534 542 I system_server: Wrote stack traces to tombstoned
04-15 18:44:09.261 0 0 E binder : invalid inc weak node for 29195
04-15 18:44:09.261 0 0 E binder : invalid inc weak node for 29197
04-15 18:44:09.260 534 567 V SystemServerTiming: SystemUserUnlock took to complete: 22923ms
04-15 18:44:09.264 534 943 E IPCThreadState: Binder transaction failure: 30756/29189/-22
04-15 18:44:09.285 534 1522 E system_server: No package ID 7f found for resource ID 0x7f08025b.
04-15 18:44:09.286 534 1522 E system_server: No package ID 7f found for resource ID 0x7f1315be.
04-15 18:44:09.287 534 1522 E system_server: No package ID 7f found for resource ID 0x7f08025a.
04-15 18:44:09.319 534 1522 E system_server: No package ID 7f found for resource ID 0x7f13067c.
04-15 18:44:09.401 891 891 D KeyguardTransitionCoreStartable: Started com.android.systemui.keyguard.domain.interactor.FromAodTransitionInteractor@d4a8071
04-15 18:44:09.415 891 891 D KeyguardTransitionCoreStartable: Started com.android.systemui.keyguard.domain.interactor.FromPrimaryBouncerTransitionInteractor@8c63dfb
04-15 18:44:09.450 0 0 I servicemanager: Could not find android.hardware.graphics.allocator.IAllocator/default in the VINTF manifest.
04-15 18:44:09.435 534 1522 E system_server: No package ID 7f found for resource ID 0x7f080259.
04-15 18:44:09.435 534 1522 E system_server: No package ID 7f found for resource ID 0x7f130e50.
04-15 18:44:09.498 534 1375 E system_server: libdebuggerd_client: failed to read "/proc/534/task/1318/wchan": No such file or directory
04-15 18:44:09.523 534 1527 W system_server: Core platform API violation: Llibcore/io/Memory;->pokeByte(JB)V from Lcom/android/server/appsearch/protobuf/UnsafeUtil; using reflection
04-15 18:44:09.526 133 133 I hwservicemanager: getTransport: Cannot find entry android.hardware.graphics.mapper@4.0::IMapper/default in either framework or device VINTF manifest.
04-15 18:44:09.562 534 549 I Gralloc4: mapper 4.x is not supported
04-15 18:44:09.563 534 1527 W system_server: Core platform API violation: Llibcore/io/Memory;->peekByte(J)B from Lcom/android/server/appsearch/protobuf/UnsafeUtil; using reflection
04-15 18:44:09.621 0 0 E binder : invalid inc weak node for 29229
04-15 18:44:09.621 0 0 E binder : invalid inc weak node for 29231
04-15 18:44:09.617 534 877 E IPCThreadState: Binder transaction failure: 30812/29189/-22
04-15 18:44:09.695 534 1397 I system_server: libdebuggerd_client: done dumping process 534
04-15 18:44:09.712 534 1375 I system_server: libdebuggerd_client: started dumping process 534
04-15 18:44:09.721 192 192 I tombstoned: registered intercept for pid 534 and type kDebuggerdJavaBacktrace
04-15 18:44:09.729 534 542 I system_server: Thread[2,tid=542,WaitingInMainSignalCatcherLoop,Thread*=0x753e0913a2c0,peer=0x144c0000,"Signal Catcher"]: reacting to signal 3
04-15 18:44:09.730 534 542 I system_server:
04-15 18:44:09.748 891 1367 D BufferPoolAccessor2.0: bufferpool2 0x753fa914aeb8 : 0(0 size) total buffers - 0(0 size) used buffers - 2/7 (recycle/alloc) - 5/18 (fetch/transfer)
04-15 18:44:09.750 891 1367 D BufferPoolAccessor2.0: evictor expired: 2, evicted: 1
04-15 18:44:09.828 0 0 I init : Untracked pid 1490 received signal 1
04-15 18:44:09.828 0 0 I init : Untracked pid 1490 did not have an associated service entry and will not be reaped
04-15 18:44:09.960 450 890 D BufferPoolAccessor2.0: bufferpool2 0x742e4718f2e8 : 0(0 size) total buffers - 0(0 size) used buffers - 6/7 (recycle/alloc) - 1/6 (fetch/transfer)
04-15 18:44:09.992 450 890 D BufferPoolAccessor2.0: evictor expired: 2, evicted: 1
04-15 18:44:10.026 1089 1208 E AdapterState: BLE_TURNING_ON : BLE_START_TIMEOUT
04-15 18:44:10.026 1089 1208 I AdapterState: BLE_TURNING_OFF : entered
04-15 18:44:10.026 1089 1208 D AdapterProperties: Setting state to BLE_TURNING_OFF
