04-15 18:40:38.018 0 0 I vhci_hcd.0: new USB bus registered, assigned bus number 3
04-15 18:40:38.018 0 0 I usb3 : We don't know the algorithms for LPM for this host, disabling LPM.
04-15 18:40:38.024 0 0 I usb3 : New USB device found, idVendor=1d6b, idProduct=0003, bcdDevice= 6.01
04-15 18:40:38.024 0 0 I usb3 : New USB device strings: Mfr=3, Product=2, SerialNumber=1
04-15 18:40:38.024 0 0 I usb3 : Product: USB/IP Virtual Host Controller
04-15 18:40:38.024 0 0 I usb3 : Manufacturer: Linux 6.1.23-android14-4-00257-g7e35917775b8-ab9964412 vhci_hcd
04-15 18:40:38.024 0 0 I usb3 : SerialNumber: vhci_hcd.0
04-15 18:40:38.025 0 0 I hub 3-0 : 1.0: USB hub found
04-15 18:40:38.026 0 0 I hub 3-0 : 1.0: 8 ports detected
04-15 18:40:38.041 0 0 I dlkm_loader: Loaded kernel module /vendor/lib/modules/vhci-hcd.ko
04-15 18:40:38.041 0 0 I dlkm_loader: Loading module /vendor/lib/modules/virt_wifi.ko with args ''
04-15 18:40:38.038 154 154 I keystore2: system/security/keystore2/src/keystore2_main.rs:152 - Successfully registered Keystore 2.0 service.
04-15 18:40:38.038 154 154 I keystore2: system/security/keystore2/src/keystore2_main.rs:154 - Joining thread pool now.
04-15 18:40:38.057 0 0 I dlkm_loader: Loaded kernel module /vendor/lib/modules/virt_wifi.ko
04-15 18:40:38.058 0 0 I dlkm_loader: Loading module /vendor/lib/modules/virtio-gpu.ko with args ''
04-15 18:40:38.059 154 161 I keystore2: system/security/keystore2/src/shared_secret_negotiation.rs:47 - Shared secret negotiation concluded successfully.
04-15 18:40:38.074 133 133 I hwservicemanager: getTransport: Cannot find entry android.hardware.keymaster@4.0::IKeymasterDevice/default in either framework or device VINTF manifest.
04-15 18:40:38.076 133 133 I hwservicemanager: getTransport: Cannot find entry android.hardware.keymaster@3.0::IKeymasterDevice/default in either framework or device VINTF manifest.
04-15 18:40:38.077 154 161 I keystore2: system/security/keystore2/src/shared_secret_negotiation.rs:294 - No StrongBox Keymint available, so no RoT transfer
04-15 18:40:38.106 0 0 I dlkm_loader: Loaded kernel module /vendor/lib/modules/virtio-gpu.ko
04-15 18:40:38.112 0 0 I dlkm_loader: Loading module /vendor/lib/modules/virtio_balloon.ko with args ''
04-15 18:40:38.118 0 0 I dlkm_loader: Loaded kernel module /vendor/lib/modules/virtio_balloon.ko
04-15 18:40:38.119 0 0 I dlkm_loader: Loading module /vendor/lib/modules/virtio_input.ko with args ''
04-15 18:40:38.125 0 0 I input : virtio_input_multi_touch_1 as /devices/pci0000:00/0000:00:0d.0/virtio10/input/input3
04-15 18:40:38.129 0 0 I input : virtio_input_multi_touch_2 as /devices/pci0000:00/0000:00:0e.0/virtio11/input/input4
04-15 18:40:38.130 0 0 I input : virtio_input_multi_touch_3 as /devices/pci0000:00/0000:00:0f.0/virtio12/input/input5
04-15 18:40:38.132 0 0 I input : virtio_input_multi_touch_4 as /devices/pci0000:00/0000:00:10.0/virtio13/input/input6
04-15 18:40:38.134 0 0 I input : virtio_input_multi_touch_5 as /devices/pci0000:00/0000:00:11.0/virtio14/input/input7
04-15 18:40:38.136 0 0 I input : virtio_input_multi_touch_6 as /devices/pci0000:00/0000:00:12.0/virtio15/input/input8
04-15 18:40:38.137 0 0 I input : virtio_input_multi_touch_7 as /devices/pci0000:00/0000:00:13.0/virtio16/input/input9
04-15 18:40:38.140 0 0 I input : virtio_input_multi_touch_8 as /devices/pci0000:00/0000:00:14.0/virtio17/input/input10
04-15 18:40:38.143 0 0 I input : virtio_input_multi_touch_9 as /devices/pci0000:00/0000:00:15.0/virtio18/input/input11
04-15 18:40:38.145 0 0 I input : virtio_input_multi_touch_10 as /devices/pci0000:00/0000:00:16.0/virtio19/input/input12
04-15 18:40:38.148 0 0 I input : virtio_input_multi_touch_11 as /devices/pci0000:00/0000:00:17.0/virtio20/input/input13
04-15 18:40:38.149 0 0 I dlkm_loader: Loaded kernel module /vendor/lib/modules/virtio_input.ko
04-15 18:40:38.150 0 0 I dlkm_loader: Loading module /vendor/lib/modules/virtio_net.ko with args ''
04-15 18:40:38.165 0 0 I dlkm_loader: Loaded kernel module /vendor/lib/modules/virtio_net.ko
04-15 18:40:38.166 0 0 I dlkm_loader: Loading module /vendor/lib/modules/virtio_pmem.ko with args ''
04-15 18:40:38.172 0 0 I dlkm_loader: Loaded kernel module /vendor/lib/modules/virtio_pmem.ko
04-15 18:40:38.172 0 0 I dlkm_loader: Loading module /vendor/lib/modules/virtio_snd.ko with args ''
04-15 18:40:38.204 0 0 I dlkm_loader: Loaded kernel module /vendor/lib/modules/virtio_snd.ko
04-15 18:40:38.205 0 0 I dlkm_loader: module vkms is blocklisted
04-15 18:40:38.205 0 0 E dlkm_loader: LoadWithAliases was unable to load vkms
04-15 18:40:38.205 0 0 I dlkm_loader: module load count is 43
04-15 18:40:38.215 0 0 I : dlkm_loader (121) used greatest stack depth: 10904 bytes left
04-15 18:40:38.244 0 0 W EXT4-fs : Ignoring removed nomblk_io_submit option
04-15 18:40:38.291 0 0 I EXT4-fs (vdc): mounted filesystem with ordered data mode. Quota mode: journalled.
04-15 18:40:38.324 0 0 I init : [libfs_mgr] check_fs(): mount(/dev/block/vdc,/data,ext4)=0: Success
04-15 18:40:38.337 0 0 I EXT4-fs (vdc): unmounting filesystem.
04-15 18:40:38.361 0 0 I init : [libfs_mgr] umount_retry(): unmount(/data) succeeded
04-15 18:40:38.362 0 0 I init : [libfs_mgr] Running /system/bin/e2fsck on /dev/block/vdc
04-15 18:40:38.486 0 0 I e2fsck : e2fsck 1.46.6 (1-Feb-2023)
04-15 18:40:38.515 0 0 I e2fsck : Pass 1: Checking inodes, blocks, and sizes
04-15 18:40:38.555 0 0 I e2fsck : Pass 2: Checking directory structure
04-15 18:40:38.559 0 0 I e2fsck : Pass 3: Checking directory connectivity
04-15 18:40:38.567 0 0 I e2fsck : Pass 4: Checking reference counts
04-15 18:40:38.603 0 0 I e2fsck : Pass 5: Checking group summary information
04-15 18:40:38.621 0 0 I e2fsck : /dev/block/vdc: 39/393216 files (0.0% non-contiguous), 52372/1572864 blocks
04-15 18:40:38.630 0 0 I init : [libfs_mgr] superblock s_max_mnt_count:65535,/dev/block/vdc
04-15 18:40:38.631 0 0 W init : [libfs_mgr] Reserved blocks 32768 is too large; capping to 31457
04-15 18:40:38.631 0 0 I init : [libfs_mgr] Setting reserved block count on /dev/block/vdc to 31457
04-15 18:40:38.725 0 0 I tune2fs : tune2fs 1.46.6 (1-Feb-2023)
04-15 18:40:38.727 0 0 I tune2fs : Setting reserved blocks gid to 1065
04-15 18:40:38.728 0 0 I tune2fs : Setting reserved blocks count to 31457
04-15 18:40:38.737 0 0 I init : [libfs_mgr] Enabling ext4 flags encrypt on /dev/block/vdc
04-15 18:40:38.826 0 0 I tune2fs : tune2fs 1.46.6 (1-Feb-2023)
04-15 18:40:38.838 0 0 I init : [libfs_mgr] Enabling ext4 verity on /dev/block/vdc
04-15 18:40:38.931 0 0 I tune2fs : tune2fs 1.46.6 (1-Feb-2023)
04-15 18:40:38.944 0 0 I init : [libfs_mgr] Enabling ext4 casefold on /dev/block/vdc
04-15 18:40:39.031 0 0 I tune2fs : tune2fs 1.46.6 (1-Feb-2023)
04-15 18:40:39.039 0 0 I tune2fs : Setting encoding to 'utf8'
04-15 18:40:39.045 0 0 W EXT4-fs : Ignoring removed nomblk_io_submit option
04-15 18:40:39.046 0 0 I EXT4-fs (vdc): Using encoding defined by superblock: utf8-12.1.0 with flags 0x0
04-15 18:40:39.050 0 0 I EXT4-fs (vdc): mounted filesystem with ordered data mode. Quota mode: journalled.
04-15 18:40:39.051 0 0 I init : [libfs_mgr] __mount(source=/dev/block/vdc,target=/data,type=ext4)=0: Success
04-15 18:40:39.054 0 0 I EXT4-fs (vdc): unmounting filesystem.
04-15 18:40:39.073 0 0 I init : [libfs_mgr] umount_retry(): unmount(/data) succeeded
04-15 18:40:39.073 0 0 I init : Calling: /system/bin/vdc cryptfs encryptFstab /dev/block/vdc /data false ext4
04-15 18:40:39.177 0 0 D vdc : Waited 0ms for vold
04-15 18:40:39.171 141 141 D vold : fscrypt_mount_metadata_encrypted: /data encrypt: 1 format: 0 with ext4 block device: /dev/block/vdc and zoned device:
04-15 18:40:39.173 141 141 D vold : metadata_key_dir/key: /metadata/vold/metadata_encryption/key
04-15 18:40:39.177 141 141 D vold : Created directory /metadata/vold/metadata_encryption
04-15 18:40:39.178 141 141 D vold : Metadata key does not exist but ro.crypto.metadata_init_delete_all_keys.enabled is false
04-15 18:40:39.178 141 141 I vold : Creating new key in /metadata/vold/metadata_encryption/key
04-15 18:40:39.178 141 141 D vold : Generating standard storage key
04-15 18:40:39.197 141 141 D vold : Generating "key storage" key
04-15 18:40:39.204 154 154 I SELinux : SELinux: Loaded keystore2 context from:
04-15 18:40:39.204 154 154 I SELinux : /system/etc/selinux/plat_keystore2_key_contexts
04-15 18:40:39.217 154 154 E keystore2: system/security/keystore2/src/error.rs:180 - system/security/keystore2/src/security_level.rs:622
04-15 18:40:39.217 154 154 E keystore2:
04-15 18:40:39.217 154 154 E keystore2: Caused by:
04-15 18:40:39.217 154 154 E keystore2: 0: system/security/keystore2/src/security_level.rs:620: While generating Key without explicit attestation key.
04-15 18:40:39.217 154 154 E keystore2: 1: Error::Km(r#ROLLBACK_RESISTANCE_UNAVAILABLE)
04-15 18:40:39.218 141 141 E vold : keystore2 Keystore generateKey returned service specific error: -67
04-15 18:40:39.219 141 141 W vold : Failed to generate rollback-resistant key. This is expected if keystore doesn't support rollback resistance. Falling back to non-rollback-resistant key.
04-15 18:40:39.230 0 0 E vold : keystore2 Keystore generateKey returned service specific error: -67
04-15 18:40:39.231 0 0 W vold : Failed to generate rollback-resistant key. This is expected if keystore doesn't support rollback resistance. Falling back to non-rollback-resistant key.
04-15 18:40:39.266 141 141 D vold : Stored key /metadata/vold/metadata_encryption/key
04-15 18:40:39.282 141 141 D vold : encrypt_inplace(/dev/block/dm-38, /dev/block/vdc, 12582912)
04-15 18:40:39.284 141 141 D vold : ext4 filesystem has 48 block groups
04-15 18:40:39.285 141 141 I vold : Encrypting ext4 filesystem on /dev/block/vdc in-place via /dev/block/dm-38
04-15 18:40:39.286 141 141 I vold : 52372 blocks (214 MB) of 1572864 blocks are in-use
04-15 18:40:39.615 141 141 D vold : Encrypted 10000 of 52372 blocks
04-15 18:40:39.946 141 141 D vold : Encrypted 20000 of 52372 blocks
04-15 18:40:40.326 141 141 D vold : Encrypted 30000 of 52372 blocks
04-15 18:40:40.760 141 141 D vold : Encrypted 40000 of 52372 blocks
04-15 18:40:41.604 141 141 D vold : Encrypted 50000 of 52372 blocks
04-15 18:40:44.131 141 141 D vold : Encrypted 52372 of 52372 blocks
04-15 18:40:44.132 141 141 I vold : Successfully encrypted ext4 filesystem on /dev/block/vdc
04-15 18:40:44.245 141 141 D vold : Mounting metadata-encrypted filesystem:/data
04-15 18:40:44.250 141 141 I vold : [libfs_mgr] superblock s_max_mnt_count:65535,/dev/block/dm-38
04-15 18:40:44.262 0 0 W EXT4-fs : Ignoring removed nomblk_io_submit option
04-15 18:40:44.264 0 0 I EXT4-fs (dm-38): Using encoding defined by superblock: utf8-12.1.0 with flags 0x0
04-15 18:40:44.259 141 141 I vold : [libfs_mgr] check_fs(): mount(/dev/block/dm-38,/data,ext4)=0: Success
04-15 18:40:44.270 0 0 I EXT4-fs (dm-38): mounted filesystem with ordered data mode. Quota mode: journalled.
04-15 18:40:44.272 0 0 I EXT4-fs (dm-38): unmounting filesystem.
04-15 18:40:44.285 141 141 I vold : [libfs_mgr] umount_retry(): unmount(/data) succeeded
04-15 18:40:44.286 141 141 I vold : [libfs_mgr] Running /system/bin/e2fsck on /dev/block/dm-38
04-15 18:40:44.406 0 0 I e2fsck : e2fsck 1.46.6 (1-Feb-2023)
04-15 18:40:44.423 0 0 I e2fsck : /dev/block/dm-38: clean, 39/393216 files, 52372/1572864 blocks
04-15 18:40:44.431 0 0 E init : Unable to set property 'ro.boottime.init.fsck.data' from uid:0 gid:0 pid:141: Read-only property was already set
04-15 18:40:44.421 141 141 W libc : Unable to set property "ro.boottime.init.fsck.data" to "166": error code: 0xb
04-15 18:40:44.422 141 141 I vold : [libfs_mgr] superblock s_max_mnt_count:65535,/dev/block/dm-38
04-15 18:40:44.423 141 141 W vold : [libfs_mgr] Reserved blocks 32768 is too large; capping to 31457
04-15 18:40:44.434 0 0 W vold : [libfs_mgr] Reserved blocks 32768 is too large; capping to 31457
04-15 18:40:44.436 0 0 W EXT4-fs : Ignoring removed nomblk_io_submit option
04-15 18:40:44.437 0 0 I EXT4-fs (dm-38): Using encoding defined by superblock: utf8-12.1.0 with flags 0x0
04-15 18:40:44.431 141 141 I vold : [libfs_mgr] __mount(source=/dev/block/dm-38,target=/data,type=ext4)=0: Success
04-15 18:40:44.433 141 141 W libc : Unable to set property "ro.boottime.init.mount.data" to "6": error code: 0xb
04-15 18:40:44.434 141 141 D vold : Mounted /data
04-15 18:40:44.442 0 0 I EXT4-fs (dm-38): mounted filesystem with ordered data mode. Quota mode: journalled.
04-15 18:40:44.444 0 0 E init : Unable to set property 'ro.boottime.init.mount.data' from uid:0 gid:0 pid:141: Read-only property was already set
04-15 18:40:44.479 0 0 I init : Userdata mounted using /vendor/etc/fstab.ranchu result : 6
04-15 18:40:44.480 0 0 I init : Keyring created with id 246351516 in process 1
04-15 18:40:44.481 0 0 I init : Command 'mount_all /vendor/etc/fstab.ranchu --late' action=late-fs (/vendor/etc/init/hw/init.ranchu.rc:9) took 7181ms and succeeded
04-15 18:40:44.482 0 0 I init : Service 'vendor.dlkm_loader' (pid 121) exited with status 0 oneshot service took 11.863000 seconds in background
04-15 18:40:44.482 0 0 I init : Sending signal 9 to service 'vendor.dlkm_loader' (pid 121) process group...
04-15 18:40:44.482 0 0 I libprocessgroup: Successfully killed process cgroup uid 0 pid 121 in 0ms
04-15 18:40:44.825 0 0 I init : processing action (post-fs-data) from (/system/etc/init/hw/init.rc:678)
04-15 18:40:44.826 0 0 I init : starting service 'exec 5 (/system/bin/vdc checkpoint prepareCheckpoint)'...
04-15 18:40:44.856 0 0 I init : ... started service 'exec 5 (/system/bin/vdc checkpoint prepareCheckpoint)' has pid 187
04-15 18:40:44.857 0 0 I init : SVC_EXEC service 'exec 5 (/system/bin/vdc checkpoint prepareCheckpoint)' pid 187 (uid 1000 gid 1000+0 context default) started; waiting...
04-15 18:40:44.957 141 141 I Checkpoint: cp_prepareCheckpoint called
04-15 18:40:44.975 0 0 I init : Service 'exec 5 (/system/bin/vdc checkpoint prepareCheckpoint)' (pid 187) exited with status 0 waiting took 0.142000 seconds
04-15 18:40:44.976 0 0 I init : Sending signal 9 to service 'exec 5 (/system/bin/vdc checkpoint prepareCheckpoint)' (pid 187) process group...
04-15 18:40:44.976 0 0 I libprocessgroup: Successfully killed process cgroup uid 1000 pid 187 in 0ms
04-15 18:40:44.993 0 0 I init : starting service 'exec 6 (/system/bin/vdc --wait cryptfs enablefilecrypto)'...
04-15 18:40:45.028 0 0 I init : ... started service 'exec 6 (/system/bin/vdc --wait cryptfs enablefilecrypto)' has pid 189
04-15 18:40:45.028 0 0 I init : SVC_EXEC service 'exec 6 (/system/bin/vdc --wait cryptfs enablefilecrypto)' pid 189 (uid 0 gid 0+0 context default) started; waiting...
04-15 18:40:45.135 141 141 I vold : fscrypt_initialize_systemwide_keys
04-15 18:40:45.135 141 141 I vold : Creating new key in /data/unencrypted/key
04-15 18:40:45.135 141 141 D vold : Generating standard storage key
04-15 18:40:45.145 0 0 D vdc : Waited 0ms for vold
04-15 18:40:45.151 141 141 D vold : Generating "key storage" key
04-15 18:40:45.154 154 154 E keystore2: system/security/keystore2/src/error.rs:180 - system/security/keystore2/src/security_level.rs:622
04-15 18:40:45.154 154 154 E keystore2:
04-15 18:40:45.154 154 154 E keystore2: Caused by:
04-15 18:40:45.154 154 154 E keystore2: 0: system/security/keystore2/src/security_level.rs:620: While generating Key without explicit attestation key.
04-15 18:40:45.154 154 154 E keystore2: 1: Error::Km(r#ROLLBACK_RESISTANCE_UNAVAILABLE)
04-15 18:40:45.155 141 141 E vold : keystore2 Keystore generateKey returned service specific error: -67
04-15 18:40:45.157 141 141 W vold : Failed to generate rollback-resistant key. This is expected if keystore doesn't support rollback resistance. Falling back to non-rollback-resistant key.
04-15 18:40:45.168 0 0 E vold : keystore2 Keystore generateKey returned service specific error: -67
04-15 18:40:45.168 0 0 W vold : Failed to generate rollback-resistant key. This is expected if keystore doesn't support rollback resistance. Falling back to non-rollback-resistant key.
04-15 18:40:45.174 141 141 D vold : Stored key /data/unencrypted/key
04-15 18:40:45.178 141 141 D vold : Installed fscrypt key with ref a4dad66d60c11200352eed7fb1fc9f16 to /data
04-15 18:40:45.178 141 141 D vold : Added fscrypt-provisioning key for a4dad66d60c11200352eed7fb1fc9f16 to session keyring
04-15 18:40:45.184 141 141 I vold : Wrote system DE key reference to:/data/unencrypted/ref
04-15 18:40:45.184 141 141 D vold : Generating standard storage key
04-15 18:40:45.185 141 141 D vold : Installed fscrypt key with ref 6c640dab811d19f604a7e81278199171 to /data
04-15 18:40:45.185 141 141 D vold : Added fscrypt-provisioning key for 6c640dab811d19f604a7e81278199171 to session keyring
04-15 18:40:45.187 141 141 I vold : Wrote per boot key reference to:/data/unencrypted/per_boot_ref
04-15 18:40:45.204 0 0 I init : Service 'exec 6 (/system/bin/vdc --wait cryptfs enablefilecrypto)' (pid 189) exited with status 0 waiting took 0.206000 seconds
04-15 18:40:45.204 0 0 I init : Sending signal 9 to service 'exec 6 (/system/bin/vdc --wait cryptfs enablefilecrypto)' (pid 189) process group...
04-15 18:40:45.204 0 0 I libprocessgroup: Successfully killed process cgroup uid 0 pid 189 in 0ms
04-15 18:40:45.209 0 0 I init : Encryption policy of /data/bootchart set to a4dad66d60c11200352eed7fb1fc9f16 v2 modes 1/4 flags 0x2
04-15 18:40:45.210 0 0 I fscrypt : AES-256-CTS-CBC using implementation "cts-cbc-aes-aesni"
04-15 18:40:45.211 0 0 I init : Command 'copy /data/system/entropy.dat /dev/urandom' action=post-fs-data (/system/etc/init/hw/init.rc:700) took 0ms and failed: Could not read input file '/data/system/entropy.dat': open() failed: No such file or directory
04-15 18:40:45.214 0 0 I init : Encryption policy of /data/vendor set to a4dad66d60c11200352eed7fb1fc9f16 v2 modes 1/4 flags 0x2
04-15 18:40:45.218 0 0 I init : Encryption policy of /data/anr set to a4dad66d60c11200352eed7fb1fc9f16 v2 modes 1/4 flags 0x2
04-15 18:40:45.221 0 0 I init : Encryption policy of /data/tombstones set to a4dad66d60c11200352eed7fb1fc9f16 v2 modes 1/4 flags 0x2
04-15 18:40:45.225 0 0 I init : starting service 'tombstoned'...
04-15 18:40:45.226 0 0 I init : Created socket '/dev/socket/tombstoned_crash', mode 666, user 1000, group 1000
04-15 18:40:45.228 0 0 I init : Created socket '/dev/socket/tombstoned_intercept', mode 666, user 1000, group 1000
04-15 18:40:45.229 0 0 I init : Created socket '/dev/socket/tombstoned_java_trace', mode 666, user 1000, group 1000
04-15 18:40:45.256 0 0 I init : ... started service 'tombstoned' has pid 192
04-15 18:40:45.257 0 0 I init : Switched to default mount namespace
04-15 18:40:45.258 0 0 E init : Failed to set encryption policy of /data/misc to a4dad66d60c11200352eed7fb1fc9f16 v2 modes 1/4 flags 0x2: Directory not empty
04-15 18:40:45.276 193 193 W init : type=1400 audit(0.0:4): avc: denied { execute_no_trans } for path="/vendor/bin/toybox_vendor" dev="dm-4" ino=222 scontext=u:r:init:s0 tcontext=u:object_r:vendor_toolbox_exec:s0 tclass=file permissive=0 bug=b/183668221
04-15 18:40:45.293 0 0 E logwrapper: executing ls failed: Permission denied
04-15 18:40:45.293 0 0 E logwrapper:
04-15 18:40:45.299 0 0 I ls : executing ls failed: Permission denied
04-15 18:40:45.299 0 0 I ls : ls terminated by exit(255)
04-15 18:40:45.300 0 0 I ls :
04-15 18:40:45.300 0 0 E init : ls -laZ /data/misc returned failure: 255
04-15 18:40:45.300 0 0 E init : Setting a4dad66d60c11200352eed7fb1fc9f16 policy on /data/misc failed!
04-15 18:40:45.300 0 0 E init : Rebooting into recovery
04-15 18:40:45.308 0 0 I init : Command 'mkdir /data/misc 01771 system misc encryption=Require' action=post-fs-data (/system/etc/init/hw/init.rc:717) took 51ms and failed: Failed to set bootloader message: failed to find /misc partition
04-15 18:40:45.318 0 0 I init : starting service 'exec 7 (/system/bin/vdc keymaster earlyBootEnded)'...
04-15 18:40:45.356 0 0 I init : ... started service 'exec 7 (/system/bin/vdc keymaster earlyBootEnded)' has pid 194
04-15 18:40:45.356 0 0 I init : SVC_EXEC service 'exec 7 (/system/bin/vdc keymaster earlyBootEnded)' pid 194 (uid 1000 gid 1000+0 context default) started; waiting...
04-15 18:40:45.377 192 192 I tombstoned: tombstoned successfully initialized
04-15 18:40:45.458 141 141 I incfs : Initial API level of the device: 34
04-15 18:40:45.459 141 141 I incfs : ro.incremental.enable: yes
04-15 18:40:45.459 141 141 I incfs : isFsAvailable: true
04-15 18:40:45.460 141 141 I incfs : isFsAvailable: true
04-15 18:40:45.461 141 141 I incfs : IncFs_Features: v2
04-15 18:40:45.467 154 163 I keystore2: system/security/keystore2/src/maintenance.rs:206 - In early_boot_ended.
04-15 18:40:45.557 154 163 E keystore2: system/security/keystore2/src/keystore2_main.rs:69 - [SQLITE3] 17: statement aborts at 28: [CREATE TABLE IF NOT EXISTS persistent.version (
04-15 18:40:45.557 154 163 E keystore2: id INTEGER PRIMARY KEY,
04-15 18:40:45.557 154 163 E keystore2: version INTEGER);] database schema has changed
04-15 18:40:45.559 154 163 I keystore2: system/security/keystore2/src/globals.rs:66 - Touching Keystore 2.0 database for this first time since boot.
04-15 18:40:45.559 154 163 I keystore2: system/security/keystore2/src/globals.rs:68 - Calling cleanup leftovers.
04-15 18:40:45.561 154 163 I keystore2: system/security/keystore2/src/boot_level_keys.rs:57 - ro.keystore.boot_level_key.strategy not set, inferring from installed KM instances
04-15 18:40:45.562 154 163 I keystore2: system/security/keystore2/src/boot_level_keys.rs:115 - In get_level_zero_key: security_level=r#SOFTWARE, deny_later_strategy=EarlyBootOnly
04-15 18:40:45.599 154 163 I keystore2: system/security/keystore2/src/super_key.rs:293 - Starting boot level watcher.
04-15 18:40:45.602 154 196 I keystore2: system/security/keystore2/src/super_key.rs:325 - Read keystore.boot_level value 30
04-15 18:40:45.604 154 163 I keystore2: system/security/keystore2/src/maintenance.rs:187 - Call to earlyBootEnded succeeded for security level TRUSTED_ENVIRONMENT.
04-15 18:40:45.607 154 196 I keystore2: system/security/keystore2/src/super_key.rs:325 - Read keystore.boot_level value 30
04-15 18:40:45.611 133 133 I hwservicemanager: getTransport: Cannot find entry android.hardware.keymaster@4.0::IKeymasterDevice/default in either framework or device VINTF manifest.
04-15 18:40:45.613 133 133 I hwservicemanager: getTransport: Cannot find entry android.hardware.keymaster@3.0::IKeymasterDevice/default in either framework or device VINTF manifest.
04-15 18:40:45.613 154 163 E keystore2: system/security/keystore2/src/maintenance.rs:192 - Call to earlyBootEnded failed for security level STRONGBOX: system/security/keystore2/src/maintenance.rs:167: getting keymint device.
04-15 18:40:45.613 154 163 E keystore2: system/security/keystore2/src/error.rs:180 - system/security/keystore2/src/maintenance.rs:167: getting keymint device
04-15 18:40:45.613 154 163 E keystore2:
04-15 18:40:45.613 154 163 E keystore2: Caused by:
04-15 18:40:45.613 154 163 E keystore2: 0: system/security/keystore2/src/globals.rs:335: Cannot connect to Keymint
04-15 18:40:45.613 154 163 E keystore2: 1: system/security/keystore2/src/globals.rs:246: Trying to get Legacy wrapper.
04-15 18:40:45.613 154 163 E keystore2: 2: Error::Km(r#HARDWARE_TYPE_UNAVAILABLE)
04-15 18:40:45.614 141 141 E vold : keystore2 Keystore earlyBootEnded returned service specific error: -68
04-15 18:40:45.626 0 0 E vold : keystore2 Keystore earlyBootEnded returned service specific error: -68
04-15 18:40:45.631 0 0 I init : Service 'exec 7 (/system/bin/vdc keymaster earlyBootEnded)' (pid 194) exited with status 0 waiting took 0.305000 seconds
04-15 18:40:45.631 0 0 I init : Sending signal 9 to service 'exec 7 (/system/bin/vdc keymaster earlyBootEnded)' (pid 194) process group...
04-15 18:40:45.632 0 0 I libprocessgroup: Successfully killed process cgroup uid 1000 pid 194 in 0ms
04-15 18:40:45.635 0 0 I init : Encryption policy of /data/property set to a4dad66d60c11200352eed7fb1fc9f16 v2 modes 1/4 flags 0x2
04-15 18:40:45.638 0 0 E init : Could not set 'ro.logd.size' to '2M' in /data/local.prop: Read-only property was already set
04-15 18:40:45.639 0 0 E init : Could not load single persistent property file, trying legacy directory: Unable to read persistent property file: open() failed: No such file or directory
04-15 18:40:45.640 0 0 I fscrypt : AES-256-XTS using implementation "xts-aes-aesni"
04-15 18:40:45.645 0 0 I init : Wait for property 'ro.persistent_properties.ready=true' took 8ms
04-15 18:40:45.646 0 0 I init : service 'logd' requested start, but it is already running (flags: 4)
04-15 18:40:45.647 0 0 I init : starting service 'logd-reinit'...
04-15 18:40:45.672 0 0 I init : ... started service 'logd-reinit' has pid 197
04-15 18:40:45.672 0 0 I init : Not setting encryption policy on: /data/apex
04-15 18:40:45.680 0 0 I init : Encryption policy of /data/apex/decompressed set to a4dad66d60c11200352eed7fb1fc9f16 v2 modes 1/4 flags 0x2
04-15 18:40:45.685 0 0 I init : Encryption policy of /data/app-staging set to a4dad66d60c11200352eed7fb1fc9f16 v2 modes 1/4 flags 0x2
04-15 18:40:45.687 0 0 I init : Encryption policy of /data/apex/ota_reserved set to a4dad66d60c11200352eed7fb1fc9f16 v2 modes 1/4 flags 0x2
04-15 18:40:45.690 0 0 I init : starting service 'apexd'...
04-15 18:40:45.730 0 0 I init : ... started service 'apexd' has pid 198
04-15 18:40:45.737 0 0 I init : Command 'copy /data/misc/recovery/ro.build.fingerprint /data/misc/recovery/ro.build.fingerprint.1' action=post-fs-data (/system/etc/init/hw/init.rc:774) took 0ms and failed: Could not read input file '/data/misc/recovery/ro.build.fingerprint': open() failed: No such file or directory
04-15 18:40:45.752 0 0 I init : Command 'copy /data/misc/recovery/proc/version /data/misc/recovery/proc/version.1' action=post-fs-data (/system/etc/init/hw/init.rc:781) took 0ms and failed: Could not read input file '/data/misc/recovery/proc/version': open() failed: No such file or directory
04-15 18:40:45.863 0 0 I init : Encryption policy of /data/local set to a4dad66d60c11200352eed7fb1fc9f16 v2 modes 1/4 flags 0x2
04-15 18:40:45.900 0 0 I logd : logd reinit
04-15 18:40:45.900 0 0 E logd : Cannot read /data/misc/logd/event-log-tags
04-15 18:40:45.917 0 0 E logd : FrameworkListener: read() failed (Connection reset by peer)
04-15 18:40:45.920 0 0 I init : Service 'logd-reinit' (pid 197) exited with status 0 oneshot service took 0.269000 seconds in background
04-15 18:40:45.920 0 0 I init : Sending signal 9 to service 'logd-reinit' (pid 197) process group...
04-15 18:40:45.920 0 0 I libprocessgroup: Successfully killed process cgroup uid 1036 pid 197 in 0ms
04-15 18:40:45.935 0 0 I init : starting service 'exec 8 (/bin/rm -rf /data/misc/virtualizationservice)'...
04-15 18:40:45.983 0 0 I init : ... started service 'exec 8 (/bin/rm -rf /data/misc/virtualizationservice)' has pid 199
04-15 18:40:45.984 0 0 I init : SVC_EXEC service 'exec 8 (/bin/rm -rf /data/misc/virtualizationservice)' pid 199 (uid 1081 gid 1000+0 context default) started; waiting...
04-15 18:40:45.984 0 0 I init : Command 'exec - virtualizationservice system -- /bin/rm -rf /data/misc/virtualizationservice' action=post-fs-data (/system/etc/init/hw/init.rc:854) took 53ms and succeeded
04-15 18:40:46.056 0 0 I apexd : Scanning /system/apex for pre-installed ApexFiles
04-15 18:40:46.058 0 0 I apexd : Found pre-installed APEX /system/apex/com.android.permission.capex
04-15 18:40:46.073 0 0 I apexd : Found pre-installed APEX /system/apex/com.android.appsearch.capex
04-15 18:40:46.074 0 0 I apexd : Found pre-installed APEX /system/apex/com.android.sdkext.apex
04-15 18:40:46.086 0 0 I apexd : Found pre-installed APEX /system/apex/com.android.vndk.current.apex
04-15 18:40:46.092 0 0 I apexd : Found pre-installed APEX /system/apex/com.android.neuralnetworks.capex
04-15 18:40:46.093 0 0 I apexd : Found pre-installed APEX /system/apex/com.android.healthfitness.apex
04-15 18:40:46.098 0 0 I apexd : Found pre-installed APEX /system/apex/com.android.wifi.capex
04-15 18:40:46.099 0 0 I apexd : Found pre-installed APEX /system/apex/com.android.os.statsd.apex
04-15 18:40:46.101 0 0 I apexd : Found pre-installed APEX /system/apex/com.android.tethering.capex
04-15 18:40:46.102 0 0 I apexd : Found pre-installed APEX /system/apex/com.android.i18n.apex
04-15 18:40:46.108 0 0 I apexd : Found pre-installed APEX /system/apex/com.android.media.capex
04-15 18:40:46.109 0 0 I apexd : Found pre-installed APEX /system/apex/com.android.rkpd.apex
04-15 18:40:46.112 0 0 I apexd : Found pre-installed APEX /system/apex/com.android.adservices.capex
04-15 18:40:46.113 0 0 I apexd : Found pre-installed APEX /system/apex/com.android.mediaprovider.capex
04-15 18:40:46.115 0 0 I apexd : Found pre-installed APEX /system/apex/com.android.apex.cts.shim.apex
04-15 18:40:46.120 0 0 I apexd : Found pre-installed APEX /system/apex/com.android.media.swcodec.capex
04-15 18:40:46.122 0 0 I apexd : Found pre-installed APEX /system/apex/com.android.virt.apex
04-15 18:40:46.127 0 0 I apexd : Found pre-installed APEX /system/apex/com.android.cellbroadcast.capex
04-15 18:40:46.129 0 0 I apexd : Found pre-installed APEX /system/apex/com.android.conscrypt.capex
04-15 18:40:46.130 0 0 I apexd : Found pre-installed APEX /system/apex/com.android.adbd.capex
04-15 18:40:46.136 0 0 I apexd : Found pre-installed APEX /system/apex/com.android.scheduling.capex
04-15 18:40:46.137 0 0 I apexd : Found pre-installed APEX /system/apex/com.android.resolv.capex
04-15 18:40:46.138 0 0 I apexd : Found pre-installed APEX /system/apex/com.android.art.capex
04-15 18:40:46.144 0 0 I apexd : Found pre-installed APEX /system/apex/com.android.configinfrastructure.capex
04-15 18:40:46.145 0 0 I apexd : Found pre-installed APEX /system/apex/com.android.tzdata.apex
04-15 18:40:46.147 0 0 I apexd : Found pre-installed APEX /system/apex/com.android.extservices.capex
04-15 18:40:46.152 0 0 I apexd : Found pre-installed APEX /system/apex/com.android.btservices.apex
04-15 18:40:46.154 0 0 I apexd : Found pre-installed APEX /system/apex/com.android.runtime.apex
04-15 18:40:46.160 0 0 I apexd : Found pre-installed APEX /system/apex/com.android.devicelock.apex
04-15 18:40:46.161 0 0 I apexd : Found pre-installed APEX /system/apex/com.android.uwb.capex
04-15 18:40:46.162 0 0 I apexd : Found pre-installed APEX /system/apex/com.android.ipsec.capex
04-15 18:40:46.168 0 0 I apexd : Found pre-installed APEX /system/apex/com.android.ondevicepersonalization.capex
04-15 18:40:46.170 0 0 I apexd : Scanning /system_ext/apex for pre-installed ApexFiles
04-15 18:40:46.170 0 0 W apexd : /system_ext/apex does not exist. Skipping
04-15 18:40:46.170 0 0 I apexd : Scanning /product/apex for pre-installed ApexFiles
04-15 18:40:46.170 0 0 W apexd : /product/apex does not exist. Skipping
04-15 18:40:46.170 0 0 I apexd : Scanning /vendor/apex for pre-installed ApexFiles
04-15 18:40:46.170 0 0 W apexd : /vendor/apex does not exist. Skipping
04-15 18:40:46.171 0 0 I apexd : No block apex metadata partition found, not adding block apexes
04-15 18:40:46.175 0 0 I apexd : Populating APEX database from mounts...
04-15 18:40:46.177 0 0 I apexd : 0 packages restored.
04-15 18:40:46.179 0 0 I apexd : Marking APEXd as starting
04-15 18:40:46.184 0 0 I apexd : Scanning /metadata/apex/sessions looking for sessions to be activated.
04-15 18:40:46.185 0 0 I apexd : Scanning /data/apex/active for data ApexFiles
04-15 18:40:46.186 0 0 I apexd : Selecting APEX for activation
04-15 18:40:46.186 0 0 I apexd : Processing compressed APEX
04-15 18:40:46.186 0 0 I apexd : Processing compressed APEX /system/apex/com.android.permission.capex
04-15 18:40:46.196 0 0 I apexd : Decompressing/system/apex/com.android.permission.capex to /data/apex/decompressed/com.android.permission@342090000.decompressed.apex
04-15 18:40:46.249 0 0 I init : Service 'exec 8 (/bin/rm -rf /data/misc/virtualizationservice)' (pid 199) exited with status 0 waiting took 0.310000 seconds
04-15 18:40:46.249 0 0 I init : Sending signal 9 to service 'exec 8 (/bin/rm -rf /data/misc/virtualizationservice)' (pid 199) process group...
04-15 18:40:46.250 0 0 I libprocessgroup: Successfully killed process cgroup uid 1081 pid 199 in 0ms
04-15 18:40:46.257 0 0 I init : Not setting encryption policy on: /data/preloads
04-15 18:40:46.277 0 0 I init : Encryption policy of /data/app-private set to a4dad66d60c11200352eed7fb1fc9f16 v2 modes 1/4 flags 0x2
04-15 18:40:46.281 0 0 I init : Encryption policy of /data/app-ephemeral set to a4dad66d60c11200352eed7fb1fc9f16 v2 modes 1/4 flags 0x2
04-15 18:40:46.282 0 0 I init : Encryption policy of /data/app-asec set to a4dad66d60c11200352eed7fb1fc9f16 v2 modes 1/4 flags 0x2
04-15 18:40:46.289 0 0 I init : Encryption policy of /data/app-lib set to a4dad66d60c11200352eed7fb1fc9f16 v2 modes 1/4 flags 0x2
04-15 18:40:46.295 0 0 I init : Encryption policy of /data/app set to a4dad66d60c11200352eed7fb1fc9f16 v2 modes 1/4 flags 0x2
04-15 18:40:46.297 0 0 I init : Encryption policy of /data/fonts set to a4dad66d60c11200352eed7fb1fc9f16 v2 modes 1/4 flags 0x2
04-15 18:40:46.326 0 0 I init : Encryption policy of /data/dalvik-cache set to a4dad66d60c11200352eed7fb1fc9f16 v2 modes 1/4 flags 0x2
04-15 18:40:46.337 0 0 I init : Encryption policy of /data/ota set to a4dad66d60c11200352eed7fb1fc9f16 v2 modes 1/4 flags 0x2
04-15 18:40:46.347 0 0 I init : Encryption policy of /data/ota_package set to a4dad66d60c11200352eed7fb1fc9f16 v2 modes 1/4 flags 0x2
04-15 18:40:46.350 0 0 I init : Encryption policy of /data/resource-cache set to a4dad66d60c11200352eed7fb1fc9f16 v2 modes 1/4 flags 0x2
04-15 18:40:46.359 0 0 I init : Not setting encryption policy on: /data/lost+found
04-15 18:40:46.363 0 0 I init : Encryption policy of /data/drm set to a4dad66d60c11200352eed7fb1fc9f16 v2 modes 1/4 flags 0x2
04-15 18:40:46.374 0 0 I init : Encryption policy of /data/mediadrm set to a4dad66d60c11200352eed7fb1fc9f16 v2 modes 1/4 flags 0x2
04-15 18:40:46.384 0 0 I init : Encryption policy of /data/nfc set to a4dad66d60c11200352eed7fb1fc9f16 v2 modes 1/4 flags 0x2
04-15 18:40:46.397 0 0 I init : Encryption policy of /data/backup set to a4dad66d60c11200352eed7fb1fc9f16 v2 modes 1/4 flags 0x2
04-15 18:40:46.400 0 0 I init : Encryption policy of /data/ss set to a4dad66d60c11200352eed7fb1fc9f16 v2 modes 1/4 flags 0x2
04-15 18:40:46.402 0 0 I init : Encryption policy of /data/system set to a4dad66d60c11200352eed7fb1fc9f16 v2 modes 1/4 flags 0x2
04-15 18:40:46.452 0 0 I init : Not setting encryption policy on: /data/media
04-15 18:40:46.453 0 0 I init : Not setting encryption policy on: /data/misc_ce
04-15 18:40:46.460 0 0 I init : Not setting encryption policy on: /data/misc_de
04-15 18:40:46.461 0 0 I init : Not setting encryption policy on: /data/system_ce
04-15 18:40:46.463 0 0 I init : Not setting encryption policy on: /data/system_de
04-15 18:40:46.465 0 0 I init : Not setting encryption policy on: /data/user
04-15 18:40:46.467 0 0 I init : Not setting encryption policy on: /data/user_de
04-15 18:40:46.472 0 0 I init : Not setting encryption policy on: /data/vendor_ce
04-15 18:40:46.473 0 0 I init : Not setting encryption policy on: /data/vendor_de
04-15 18:40:46.480 0 0 I init : starting service 'exec 9 (/system/bin/chattr +F /data/media)'...
04-15 18:40:46.535 0 0 I init : ... started service 'exec 9 (/system/bin/chattr +F /data/media)' has pid 200
04-15 18:40:46.535 0 0 I init : SVC_EXEC service 'exec 9 (/system/bin/chattr +F /data/media)' pid 200 (uid 1023 gid 1023+0 context default) started; waiting...
04-15 18:40:46.536 0 0 I init : Command 'exec - media_rw media_rw -- /system/bin/chattr +F /data/media' action=post-fs-data (/system/etc/init/hw/init.rc:955) took 56ms and succeeded
04-15 18:40:46.706 0 0 I init : Service 'exec 9 (/system/bin/chattr +F /data/media)' (pid 200) exited with status 0 waiting took 0.216000 seconds
04-15 18:40:46.706 0 0 I init : Sending signal 9 to service 'exec 9 (/system/bin/chattr +F /data/media)' (pid 200) process group...
04-15 18:40:46.706 0 0 I libprocessgroup: Successfully killed process cgroup uid 1023 pid 200 in 0ms
04-15 18:40:46.799 0 0 I init : Encryption policy of /data/cache set to a4dad66d60c11200352eed7fb1fc9f16 v2 modes 1/4 flags 0x2
04-15 18:40:46.813 0 0 I init : Encryption policy of /data/rollback set to a4dad66d60c11200352eed7fb1fc9f16 v2 modes 1/4 flags 0x2
04-15 18:40:46.823 0 0 I init : Encryption policy of /data/rollback-observer set to a4dad66d60c11200352eed7fb1fc9f16 v2 modes 1/4 flags 0x2
04-15 18:40:46.826 0 0 I init : Encryption policy of /data/rollback-history set to a4dad66d60c11200352eed7fb1fc9f16 v2 modes 1/4 flags 0x2
04-15 18:40:46.829 0 0 I init : Encryption policy of /data/incremental set to a4dad66d60c11200352eed7fb1fc9f16 v2 modes 1/4 flags 0x2
04-15 18:40:46.913 0 0 I apexd : Processing compressed APEX /system/apex/com.android.art.capex
04-15 18:40:46.914 0 0 I apexd : Decompressing/system/apex/com.android.art.capex to /data/apex/decompressed/com.android.art@342090000.decompressed.apex
04-15 18:40:47.713 0 0 I apexd : Processing compressed APEX /system/apex/com.android.wifi.capex
04-15 18:40:47.713 0 0 I apexd : Decompressing/system/apex/com.android.wifi.capex to /data/apex/decompressed/com.android.wifi@342090000.decompressed.apex
04-15 18:40:47.938 0 0 I apexd : Processing compressed APEX /system/apex/com.android.appsearch.capex
04-15 18:40:47.939 0 0 I apexd : Decompressing/system/apex/com.android.appsearch.capex to /data/apex/decompressed/com.android.appsearch@342090000.decompressed.apex
04-15 18:40:48.035 0 0 I apexd : Processing compressed APEX /system/apex/com.android.media.capex
04-15 18:40:48.035 0 0 I apexd : Decompressing/system/apex/com.android.media.capex to /data/apex/decompressed/com.android.media@342090000.decompressed.apex
04-15 18:40:48.180 0 0 I apexd : Processing compressed APEX /system/apex/com.android.adservices.capex
04-15 18:40:48.180 0 0 I apexd : Decompressing/system/apex/com.android.adservices.capex to /data/apex/decompressed/com.android.adservices@342090000.decompressed.apex
04-15 18:40:48.801 0 0 I apexd : Processing compressed APEX /system/apex/com.android.cellbroadcast.capex
04-15 18:40:48.802 0 0 I apexd : Decompressing/system/apex/com.android.cellbroadcast.capex to /data/apex/decompressed/com.android.cellbroadcast@342090000.decompressed.apex
04-15 18:40:49.123 0 0 I apexd : Processing compressed APEX /system/apex/com.android.neuralnetworks.capex
04-15 18:40:49.124 0 0 I apexd : Decompressing/system/apex/com.android.neuralnetworks.capex to /data/apex/decompressed/com.android.neuralnetworks@342090000.decompressed.apex
04-15 18:40:49.252 0 0 I apexd : Processing compressed APEX /system/apex/com.android.adbd.capex
04-15 18:40:49.252 0 0 I apexd : Decompressing/system/apex/com.android.adbd.capex to /data/apex/decompressed/com.android.adbd@342090000.decompressed.apex
04-15 18:40:49.434 0 0 I apexd : Processing compressed APEX /system/apex/com.android.media.swcodec.capex
04-15 18:40:49.435 0 0 I apexd : Decompressing/system/apex/com.android.media.swcodec.capex to /data/apex/decompressed/com.android.media.swcodec@342090000.decompressed.apex
04-15 18:40:50.074 0 0 I apexd : Processing compressed APEX /system/apex/com.android.tethering.capex
04-15 18:40:50.074 0 0 I apexd : Decompressing/system/apex/com.android.tethering.capex to /data/apex/decompressed/com.android.tethering@342090000.decompressed.apex
04-15 18:40:50.544 0 0 I apexd : Processing compressed APEX /system/apex/com.android.uwb.capex
04-15 18:40:50.545 0 0 I apexd : Decompressing/system/apex/com.android.uwb.capex to /data/apex/decompressed/com.android.uwb@342090000.decompressed.apex
04-15 18:40:50.643 0 0 I apexd : Processing compressed APEX /system/apex/com.android.extservices.capex
04-15 18:40:50.643 0 0 I apexd : Decompressing/system/apex/com.android.extservices.capex to /data/apex/decompressed/com.android.extservices@342090000.decompressed.apex
04-15 18:40:50.929 0 0 I apexd : Processing compressed APEX /system/apex/com.android.conscrypt.capex
04-15 18:40:50.930 0 0 I apexd : Decompressing/system/apex/com.android.conscrypt.capex to /data/apex/decompressed/com.android.conscrypt@342090000.decompressed.apex
04-15 18:40:51.129 0 0 I apexd : Processing compressed APEX /system/apex/com.android.scheduling.capex
04-15 18:40:51.130 0 0 I apexd : Decompressing/system/apex/com.android.scheduling.capex to /data/apex/decompressed/com.android.scheduling@342090000.decompressed.apex
04-15 18:40:51.151 0 0 I apexd : Processing compressed APEX /system/apex/com.android.mediaprovider.capex
04-15 18:40:51.152 0 0 I apexd : Decompressing/system/apex/com.android.mediaprovider.capex to /data/apex/decompressed/com.android.mediaprovider@342090000.decompressed.apex
04-15 18:40:51.491 0 0 I apexd : Processing compressed APEX /system/apex/com.android.ondevicepersonalization.capex
04-15 18:40:51.491 0 0 I apexd : Decompressing/system/apex/com.android.ondevicepersonalization.capex to /data/apex/decompressed/com.android.ondevicepersonalization@342090000.decompressed.apex
04-15 18:40:51.554 0 0 I apexd : Processing compressed APEX /system/apex/com.android.ipsec.capex
04-15 18:40:51.554 0 0 I apexd : Decompressing/system/apex/com.android.ipsec.capex to /data/apex/decompressed/com.android.ipsec@342090000.decompressed.apex
04-15 18:40:51.578 0 0 I apexd : Processing compressed APEX /system/apex/com.android.resolv.capex
04-15 18:40:51.580 0 0 I apexd : Decompressing/system/apex/com.android.resolv.capex to /data/apex/decompressed/com.android.resolv@342090000.decompressed.apex
04-15 18:40:51.789 0 0 I apexd : Processing compressed APEX /system/apex/com.android.configinfrastructure.capex
04-15 18:40:51.789 0 0 I apexd : Decompressing/system/apex/com.android.configinfrastructure.capex to /data/apex/decompressed/com.android.configinfrastructure@342090000.decompressed.apex
04-15 18:40:51.822 0 0 I loop4 : detected capacity change from 0 to 1544
04-15 18:40:51.828 0 0 I loop5 : detected capacity change from 0 to 71872
04-15 18:40:51.840 0 0 I loop6 : detected capacity change from 0 to 50960
04-15 18:40:51.863 0 0 I loop7 : detected capacity change from 0 to 21688
04-15 18:40:51.883 0 0 I loop8 : detected capacity change from 0 to 6288
04-15 18:40:51.888 0 0 I loop9 : detected capacity change from 0 to 2192
04-15 18:40:51.911 0 0 I loop10 : detected capacity change from 0 to 11672
04-15 18:40:51.920 0 0 I EXT4-fs (loop5): mounted filesystem without journal. Quota mode: none.
04-15 18:40:51.920 0 0 I apexd : Successfully mounted package /system/apex/com.android.i18n.apex on /apex/com.android.i18n@1 duration=92
04-15 18:40:51.935 0 0 I loop11 : detected capacity change from 0 to 52360
04-15 18:40:51.957 0 0 I loop12 : detected capacity change from 0 to 536
04-15 18:40:51.968 0 0 I EXT4-fs (loop4): mounted filesystem without journal. Quota mode: none.
04-15 18:40:51.968 0 0 I apexd : Successfully mounted package /system/apex/com.android.sdkext.apex on /apex/com.android.sdkext@342090000 duration=148
04-15 18:40:51.974 0 0 I loop13 : detected capacity change from 0 to 1616
04-15 18:40:51.983 0 0 I loop14 : detected capacity change from 0 to 648
04-15 18:40:51.999 0 0 I EXT4-fs (loop6): mounted filesystem without journal. Quota mode: none.
04-15 18:40:52.000 0 0 I apexd : Successfully mounted package /system/apex/com.android.btservices.apex on /apex/com.android.btservices@342090000 duration=177
04-15 18:40:52.003 0 0 I EXT4-fs (loop9): mounted filesystem without journal. Quota mode: none.
04-15 18:40:52.003 0 0 I apexd : Successfully mounted package /system/apex/com.android.rkpd.apex on /apex/com.android.rkpd@1 duration=166
04-15 18:40:52.016 0 0 I loop15 : detected capacity change from 0 to 8944
04-15 18:40:52.035 0 0 I EXT4-fs (loop11): mounted filesystem without journal. Quota mode: none.
04-15 18:40:52.036 0 0 I apexd : Successfully mounted package /system/apex/com.android.vndk.current.apex on /apex/com.android.vndk.v34@1 duration=207
04-15 18:40:52.048 0 0 I EXT4-fs (loop7): mounted filesystem without journal. Quota mode: none.
04-15 18:40:52.048 0 0 I apexd : Successfully mounted package /system/apex/com.android.healthfitness.apex on /apex/com.android.healthfitness@342090000 duration=218
04-15 18:40:52.060 0 0 I EXT4-fs (loop14): mounted filesystem without journal. Quota mode: none.
04-15 18:40:52.060 0 0 I apexd : Successfully mounted package /system/apex/com.android.virt.apex on /apex/com.android.virt@2 duration=207
04-15 18:40:52.078 0 0 I EXT4-fs (loop8): mounted filesystem without journal. Quota mode: none.
04-15 18:40:52.078 0 0 I apexd : Successfully mounted package /system/apex/com.android.os.statsd.apex on /apex/com.android.os.statsd@342090000 duration=241
04-15 18:40:52.082 0 0 I EXT4-fs (loop12): mounted filesystem without journal. Quota mode: none.
04-15 18:40:52.082 0 0 I apexd : Successfully mounted package /system/apex/com.android.apex.cts.shim.apex on /apex/com.android.apex.cts.shim@1 duration=230
04-15 18:40:52.116 0 0 I EXT4-fs (loop10): mounted filesystem without journal. Quota mode: none.
04-15 18:40:52.116 0 0 I apexd : Successfully mounted package /system/apex/com.android.devicelock.apex on /apex/com.android.devicelock@1 duration=276
04-15 18:40:52.118 0 0 I loop16 : detected capacity change from 0 to 36680
04-15 18:40:52.152 0 0 I EXT4-fs (loop13): mounted filesystem without journal. Quota mode: none.
04-15 18:40:52.152 0 0 I apexd : Successfully mounted package /system/apex/com.android.tzdata.apex on /apex/com.android.tzdata@342090000 duration=300
04-15 18:40:52.179 0 0 I EXT4-fs (loop15): mounted filesystem without journal. Quota mode: none.
04-15 18:40:52.179 0 0 I apexd : Successfully mounted package /system/apex/com.android.runtime.apex on /apex/com.android.runtime@1 duration=325
04-15 18:40:52.186 0 0 I device-mapper: verity: sha256 using implementation "sha256-ssse3"
04-15 18:40:52.273 0 0 I EXT4-fs (dm-37): mounted filesystem without journal. Quota mode: none.
04-15 18:40:52.274 0 0 I apexd : Successfully mounted package /data/apex/decompressed/com.android.permission@342090000.decompressed.apex on /apex/com.android.permission@342090000 duration=419
04-15 18:40:52.399 0 0 I loop17 : detected capacity change from 0 to 17152
04-15 18:40:52.417 0 0 I device-mapper: verity: sha256 using implementation "sha256-ssse3"
04-15 18:40:52.465 0 0 I EXT4-fs (dm-34): mounted filesystem without journal. Quota mode: none.
04-15 18:40:52.465 0 0 I apexd : Successfully mounted package /data/apex/decompressed/com.android.wifi@342090000.decompressed.apex on /apex/com.android.wifi@342090000 duration=601
04-15 18:40:52.469 0 0 I loop18 : detected capacity change from 0 to 7424
04-15 18:40:52.472 0 0 I loop19 : detected capacity change from 0 to 64992
04-15 18:40:52.485 0 0 I device-mapper: verity: sha256 using implementation "sha256-ssse3"
04-15 18:40:52.515 0 0 I device-mapper: verity: sha256 using implementation "sha256-ssse3"
04-15 18:40:52.545 0 0 I EXT4-fs (dm-30): mounted filesystem without journal. Quota mode: none.
04-15 18:40:52.545 0 0 I apexd : Successfully mounted package /data/apex/decompressed/com.android.appsearch@342090000.decompressed.apex on /apex/com.android.appsearch@342090000 duration=680
04-15 18:40:52.559 0 0 I EXT4-fs (dm-36): mounted filesystem without journal. Quota mode: none.
04-15 18:40:52.559 0 0 I apexd : Successfully mounted package /data/apex/decompressed/com.android.art@342090000.decompressed.apex on /apex/com.android.art@342090000 duration=704
04-15 18:40:52.584 0 0 I loop20 : detected capacity change from 0 to 11344
04-15 18:40:52.608 0 0 I device-mapper: verity: sha256 using implementation "sha256-ssse3"
04-15 18:40:52.656 0 0 I EXT4-fs (dm-27): mounted filesystem without journal. Quota mode: none.
04-15 18:40:52.656 0 0 I apexd : Successfully mounted package /data/apex/decompressed/com.android.media@342090000.decompressed.apex on /apex/com.android.media@342090000 duration=772
04-15 18:40:52.825 0 0 I loop21 : detected capacity change from 0 to 45144
04-15 18:40:52.848 0 0 I device-mapper: verity: sha256 using implementation "sha256-ssse3"
04-15 18:40:52.881 0 0 I EXT4-fs (dm-23): mounted filesystem without journal. Quota mode: none.
04-15 18:40:52.882 0 0 I apexd : Successfully mounted package /data/apex/decompressed/com.android.adservices@342090000.decompressed.apex on /apex/com.android.adservices@342090000 duration=986
04-15 18:40:52.993 0 0 I loop22 : detected capacity change from 0 to 31552
04-15 18:40:53.012 0 0 I device-mapper: verity: sha256 using implementation "sha256-ssse3"
04-15 18:40:53.055 0 0 I EXT4-fs (dm-21): mounted filesystem without journal. Quota mode: none.
04-15 18:40:53.056 0 0 I apexd : Successfully mounted package /data/apex/decompressed/com.android.cellbroadcast@342090000.decompressed.apex on /apex/com.android.cellbroadcast@342090000 duration=1157
04-15 18:40:53.074 0 0 I loop23 : detected capacity change from 0 to 10520
04-15 18:40:53.096 0 0 I device-mapper: verity: sha256 using implementation "sha256-ssse3"
04-15 18:40:53.136 0 0 I EXT4-fs (dm-20): mounted filesystem without journal. Quota mode: none.
04-15 18:40:53.136 0 0 I apexd : Successfully mounted package /data/apex/decompressed/com.android.neuralnetworks@342090000.decompressed.apex on /apex/com.android.neuralnetworks@342090000 duration=1153
04-15 18:40:53.165 0 0 I loop24 : detected capacity change from 0 to 12792
04-15 18:40:53.187 0 0 I device-mapper: verity: sha256 using implementation "sha256-ssse3"
04-15 18:40:53.217 0 0 I EXT4-fs (dm-17): mounted filesystem without journal. Quota mode: none.
04-15 18:40:53.217 0 0 I apexd : Successfully mounted package /data/apex/decompressed/com.android.adbd@342090000.decompressed.apex on /apex/com.android.adbd@342090000 duration=1232
04-15 18:40:53.452 0 0 I loop25 : detected capacity change from 0 to 55672
04-15 18:40:53.475 0 0 I device-mapper: verity: sha256 using implementation "sha256-ssse3"
