04-15 18:40:30.368 0 0 I init : Parsing file /system/etc/init/blank_screen.rc...
04-15 18:40:30.371 0 0 I init : Parsing file /system/etc/init/bootanim.rc...
04-15 18:40:30.375 0 0 I init : Parsing file /system/etc/init/bootstat-debug.rc...
04-15 18:40:30.383 0 0 I init : Parsing file /system/etc/init/bootstat.rc...
04-15 18:40:30.392 0 0 I init : Parsing file /system/etc/init/bpfloader.rc...
04-15 18:40:30.396 0 0 I init : Parsing file /system/etc/init/cameraserver.rc...
04-15 18:40:30.399 0 0 I init : Parsing file /system/etc/init/clean_scratch_files.rc...
04-15 18:40:30.403 0 0 I init : Parsing file /system/etc/init/cppreopts.rc...
04-15 18:40:30.408 0 0 I init : Parsing file /system/etc/init/credstore.rc...
04-15 18:40:30.411 0 0 I init : Parsing file /system/etc/init/dmesgd.rc...
04-15 18:40:30.415 0 0 I init : Parsing file /system/etc/init/drmserver.rc...
04-15 18:40:30.419 0 0 I init : Parsing file /system/etc/init/dumpstate.rc...
04-15 18:40:30.423 0 0 I init : Parsing file /system/etc/init/flags_health_check.rc...
04-15 18:40:30.427 0 0 I init : Parsing file /system/etc/init/gatekeeperd.rc...
04-15 18:40:30.431 0 0 I init : Parsing file /system/etc/init/gpuservice.rc...
04-15 18:40:30.435 0 0 I init : Parsing file /system/etc/init/gsid.rc...
04-15 18:40:30.439 0 0 I init : Parsing file /system/etc/init/heapprofd.rc...
04-15 18:40:30.444 0 0 I init : Parsing file /system/etc/init/hwservicemanager.rc...
04-15 18:40:30.447 0 0 I init : Parsing file /system/etc/init/idmap2d.rc...
04-15 18:40:30.451 0 0 I init : Parsing file /system/etc/init/incidentd.rc...
04-15 18:40:30.455 0 0 I init : Parsing file /system/etc/init/init-debug.rc...
04-15 18:40:30.459 0 0 I init : Parsing file /system/etc/init/installd.rc...
04-15 18:40:30.464 0 0 I init : Parsing file /system/etc/init/keystore2.rc...
04-15 18:40:30.467 0 0 I init : Parsing file /system/etc/init/llkd-debuggable.rc...
04-15 18:40:30.470 0 0 I init : Parsing file /system/etc/init/llkd.rc...
04-15 18:40:30.472 0 0 I init : Parsing file /system/etc/init/lmkd.rc...
04-15 18:40:30.473 0 0 I init : Parsing file /system/etc/init/logcatd.rc...
04-15 18:40:30.475 0 0 I init : Parsing file /system/etc/init/logd.rc...
04-15 18:40:30.477 0 0 I init : Parsing file /system/etc/init/logtagd.rc...
04-15 18:40:30.478 0 0 I init : Parsing file /system/etc/init/lpdumpd.rc...
04-15 18:40:30.479 0 0 I init : Parsing file /system/etc/init/mdnsd.rc...
04-15 18:40:30.480 0 0 I init : Parsing file /system/etc/init/mediaextractor.rc...
04-15 18:40:30.481 0 0 I init : Parsing file /system/etc/init/mediametrics.rc...
04-15 18:40:30.482 0 0 I init : Parsing file /system/etc/init/mediaserver.rc...
04-15 18:40:30.483 0 0 I init : Parsing file /system/etc/init/mtectrl.rc...
04-15 18:40:30.484 0 0 I init : Parsing file /system/etc/init/mtpd.rc...
04-15 18:40:30.485 0 0 I init : Parsing file /system/etc/init/netd.rc...
04-15 18:40:30.486 0 0 I init : Parsing file /system/etc/init/odsign.rc...
04-15 18:40:30.487 0 0 I init : Parsing file /system/etc/init/otapreopt.rc...
04-15 18:40:30.488 0 0 I init : Parsing file /system/etc/init/perfetto.rc...
04-15 18:40:30.490 0 0 I init : Parsing file /system/etc/init/prng_seeder.rc...
04-15 18:40:30.490 0 0 I init : Parsing file /system/etc/init/profcollectd.rc...
04-15 18:40:30.492 0 0 I init : Parsing file /system/etc/init/racoon.rc...
04-15 18:40:30.493 0 0 I init : Parsing file /system/etc/init/recovery-persist.rc...
04-15 18:40:30.494 0 0 I init : Parsing file /system/etc/init/recovery-refresh.rc...
04-15 18:40:30.494 0 0 I init : Parsing file /system/etc/init/rss_hwm_reset.rc...
04-15 18:40:30.496 0 0 I init : Parsing file /system/etc/init/servicemanager.rc...
04-15 18:40:30.496 0 0 I init : Parsing file /system/etc/init/simpleperf.rc...
04-15 18:40:30.497 0 0 I init : Parsing file /system/etc/init/snapuserd.rc...
04-15 18:40:30.498 0 0 I init : Parsing file /system/etc/init/storaged.rc...
04-15 18:40:30.499 0 0 I init : Parsing file /system/etc/init/surfaceflinger.rc...
04-15 18:40:30.500 0 0 I init : Parsing file /system/etc/init/tombstoned.rc...
04-15 18:40:30.501 0 0 I init : Parsing file /system/etc/init/traced_perf.rc...
04-15 18:40:30.502 0 0 I init : Parsing file /system/etc/init/uncrypt.rc...
04-15 18:40:30.503 0 0 I init : Parsing file /system/etc/init/update_engine.rc...
04-15 18:40:30.504 0 0 I init : Parsing file /system/etc/init/update_verifier.rc...
04-15 18:40:30.505 0 0 I init : Parsing file /system/etc/init/usbd.rc...
04-15 18:40:30.506 0 0 I init : Parsing file /system/etc/init/vold.rc...
04-15 18:40:30.507 0 0 I init : Parsing file /system/etc/init/wifi.rc...
04-15 18:40:30.509 0 0 I init : Parsing file /system/etc/init/wificond.rc...
04-15 18:40:30.510 0 0 I init : Parsing directory /system_ext/etc/init...
04-15 18:40:30.510 0 0 I init : Parsing file /system_ext/etc/init/init.system_ext.rc...
04-15 18:40:30.511 0 0 I init : Parsing directory /vendor/etc/init...
04-15 18:40:30.512 0 0 I init : Parsing file /vendor/etc/init/android.hardware.atrace@1.0-service.rc...
04-15 18:40:30.513 0 0 I init : Parsing file /vendor/etc/init/android.hardware.audio.service.rc...
04-15 18:40:30.514 0 0 I init : Parsing file /vendor/etc/init/android.hardware.authsecret-service.example.rc...
04-15 18:40:30.515 0 0 I init : Parsing file /vendor/etc/init/android.hardware.biometrics.fingerprint-service.ranchu.rc...
04-15 18:40:30.515 0 0 I init : Parsing file /vendor/etc/init/android.hardware.camera.provider.ranchu.rc...
04-15 18:40:30.516 0 0 I init : Parsing file /vendor/etc/init/android.hardware.camera.provider@2.7-service-google.rc...
04-15 18:40:30.517 0 0 I init : Parsing file /vendor/etc/init/android.hardware.drm-service-lazy.clearkey.rc...
04-15 18:40:30.518 0 0 I init : Parsing file /vendor/etc/init/android.hardware.gatekeeper@1.0-service.software.rc...
04-15 18:40:30.518 0 0 I init : Parsing file /vendor/etc/init/android.hardware.gnss-service.ranchu.rc...
04-15 18:40:30.519 0 0 I init : Parsing file /vendor/etc/init/android.hardware.graphics.allocator@3.0-service.ranchu.rc...
04-15 18:40:30.520 0 0 I init : Parsing file /vendor/etc/init/android.hardware.health-service.example.rc...
04-15 18:40:30.521 0 0 I init : Parsing file /vendor/etc/init/android.hardware.media.c2@1.0-service-goldfish.rc...
04-15 18:40:30.522 0 0 I init : Parsing file /vendor/etc/init/android.hardware.neuralnetworks-service-sample-all.rc...
04-15 18:40:30.522 0 0 I init : Parsing file /vendor/etc/init/android.hardware.neuralnetworks-service-sample-limited.rc...
04-15 18:40:30.523 0 0 I init : Parsing file /vendor/etc/init/android.hardware.neuralnetworks-shim-service-sample.rc...
04-15 18:40:30.524 0 0 I init : Parsing file /vendor/etc/init/android.hardware.security.keymint-service.rc...
04-15 18:40:30.524 0 0 I init : Parsing file /vendor/etc/init/android.hardware.sensors-service-multihal.rc...
04-15 18:40:30.525 0 0 I init : Parsing file /vendor/etc/init/android.hardware.thermal@2.0-service.rc...
04-15 18:40:30.526 0 0 I init : Parsing file /vendor/etc/init/android.hardware.usb-service.example.rc...
04-15 18:40:30.527 0 0 I init : Parsing file /vendor/etc/init/android.hardware.wifi-service.rc...
04-15 18:40:30.528 0 0 I init : Parsing file /vendor/etc/init/bluetooth-service-default.rc...
04-15 18:40:30.528 0 0 I init : Parsing file /vendor/etc/init/boringssl_self_test.rc...
04-15 18:40:30.530 0 0 I init : Parsing file /vendor/etc/init/cas-default.rc...
04-15 18:40:30.530 0 0 I init : Parsing file /vendor/etc/init/contexthub-default.rc...
04-15 18:40:30.532 0 0 I init : Parsing file /vendor/etc/init/dumpstate-default.rc...
04-15 18:40:30.532 0 0 I init : Parsing file /vendor/etc/init/face-default.rc...
04-15 18:40:30.533 0 0 I init : Parsing file /vendor/etc/init/health-storage-default.rc...
04-15 18:40:30.534 0 0 I init : Parsing file /vendor/etc/init/hostapd.android.rc...
04-15 18:40:30.535 0 0 I init : Parsing file /vendor/etc/init/hwc3.rc...
04-15 18:40:30.536 0 0 I init : Parsing file /vendor/etc/init/identity-default.rc...
04-15 18:40:30.537 0 0 I init : Parsing file /vendor/etc/init/lights-default.rc...
04-15 18:40:30.537 0 0 I init : Parsing file /vendor/etc/init/power-default.rc...
04-15 18:40:30.538 0 0 I init : Parsing file /vendor/etc/init/power.stats-default.rc...
04-15 18:40:30.539 0 0 I init : Parsing file /vendor/etc/init/rebootescrow-default.rc...
04-15 18:40:30.540 0 0 I init : Parsing file /vendor/etc/init/rild_goldfish.rc...
04-15 18:40:30.541 0 0 I init : Parsing file /vendor/etc/init/vibrator-default.rc...
04-15 18:40:30.542 0 0 I init : Parsing file /odm/etc/init...
04-15 18:40:30.542 0 0 I init : Unable to read config file '/odm/etc/init': open() failed: No such file or directory
04-15 18:40:30.542 0 0 I init : Parsing file /product/etc/init...
04-15 18:40:30.542 0 0 I init : Unable to read config file '/product/etc/init': open() failed: No such file or directory
04-15 18:40:30.546 0 0 I init : processing action (SetupCgroups) from (:0)
04-15 18:40:30.600 0 0 I init : Command 'SetupCgroups' action=SetupCgroups (:0) took 52ms and succeeded
04-15 18:40:30.634 0 0 I init : processing action (SetKptrRestrict) from (:0)
04-15 18:40:30.637 0 0 I init : processing action (TestPerfEventSelinux) from (:0)
04-15 18:40:30.641 0 0 I init : processing action (ConnectEarlyStageSnapuserd) from (:0)
04-15 18:40:30.641 0 0 I init : processing action (early-init) from (/system/etc/init/hw/init.rc:15)
04-15 18:40:30.675 0 0 I init : Command 'mkdir /acct/uid' action=early-init (/system/etc/init/hw/init.rc:30) took 1ms and failed: mkdir() failed on /acct/uid: Read-only file system
04-15 18:40:30.690 0 0 I init : starting service 'ueventd'...
04-15 18:40:30.733 0 0 I init : ... started service 'ueventd' has pid 75
04-15 18:40:30.742 0 0 I init : starting service 'apexd-bootstrap'...
04-15 18:40:30.772 0 0 I init : ... started service 'apexd-bootstrap' has pid 76
04-15 18:40:30.772 0 0 I init : SVC_EXEC service 'apexd-bootstrap' pid 76 (uid 0 gid 1000+0 context default) started; waiting...
04-15 18:40:30.953 0 0 I ueventd : ueventd started!
04-15 18:40:30.976 0 0 I selinux : SELinux: Loaded file context from:
04-15 18:40:30.977 0 0 I selinux : /system/etc/selinux/plat_file_contexts
04-15 18:40:30.977 0 0 I selinux : /vendor/etc/selinux/vendor_file_contexts
04-15 18:40:30.988 0 0 I ueventd : Parsing file /system/etc/ueventd.rc...
04-15 18:40:30.990 0 0 I ueventd : Added '/vendor/etc/ueventd.rc' to import list
04-15 18:40:30.990 0 0 I ueventd : Added '/odm/etc/ueventd.rc' to import list
04-15 18:40:30.997 0 0 I ueventd : Parsing file /vendor/etc/ueventd.rc...
04-15 18:40:31.000 0 0 I ueventd : Parsing file /odm/etc/ueventd.rc...
04-15 18:40:31.000 0 0 I ueventd : Unable to read config file '/odm/etc/ueventd.rc': open() failed: No such file or directory
04-15 18:40:31.277 0 0 I apexd : Bootstrap subcommand detected
04-15 18:40:31.285 0 0 E cutils-trace: Error opening trace file: No such file or directory (2)
04-15 18:40:31.292 0 0 I apexd-bootstrap: Scanning /system/apex for pre-installed ApexFiles
04-15 18:40:31.300 0 0 I apexd-bootstrap: Found pre-installed APEX /system/apex/com.android.permission.capex
04-15 18:40:31.328 0 0 I apexd-bootstrap: Found pre-installed APEX /system/apex/com.android.appsearch.capex
04-15 18:40:31.345 0 0 I apexd-bootstrap: Found pre-installed APEX /system/apex/com.android.sdkext.apex
04-15 18:40:31.371 0 0 I apexd-bootstrap: Found pre-installed APEX /system/apex/com.android.vndk.current.apex
04-15 18:40:31.389 0 0 I apexd-bootstrap: Found pre-installed APEX /system/apex/com.android.neuralnetworks.capex
04-15 18:40:31.408 0 0 I apexd-bootstrap: Found pre-installed APEX /system/apex/com.android.healthfitness.apex
04-15 18:40:31.433 0 0 I apexd-bootstrap: Found pre-installed APEX /system/apex/com.android.wifi.capex
04-15 18:40:31.446 0 0 I apexd-bootstrap: Found pre-installed APEX /system/apex/com.android.os.statsd.apex
04-15 18:40:31.465 0 0 I apexd-bootstrap: Found pre-installed APEX /system/apex/com.android.tethering.capex
04-15 18:40:31.485 0 0 I apexd-bootstrap: Found pre-installed APEX /system/apex/com.android.i18n.apex
04-15 18:40:31.505 0 0 I apexd-bootstrap: Found pre-installed APEX /system/apex/com.android.media.capex
04-15 18:40:31.518 0 0 I apexd-bootstrap: Found pre-installed APEX /system/apex/com.android.rkpd.apex
04-15 18:40:31.533 0 0 I apexd-bootstrap: Found pre-installed APEX /system/apex/com.android.adservices.capex
04-15 18:40:31.552 0 0 I apexd-bootstrap: Found pre-installed APEX /system/apex/com.android.mediaprovider.capex
04-15 18:40:31.567 0 0 I apexd-bootstrap: Found pre-installed APEX /system/apex/com.android.apex.cts.shim.apex
04-15 18:40:31.576 0 0 I apexd-bootstrap: Found pre-installed APEX /system/apex/com.android.media.swcodec.capex
04-15 18:40:31.619 0 0 I apexd-bootstrap: Found pre-installed APEX /system/apex/com.android.virt.apex
04-15 18:40:31.632 0 0 I apexd-bootstrap: Found pre-installed APEX /system/apex/com.android.cellbroadcast.capex
04-15 18:40:31.646 0 0 I apexd-bootstrap: Found pre-installed APEX /system/apex/com.android.conscrypt.capex
04-15 18:40:31.670 0 0 I apexd-bootstrap: Found pre-installed APEX /system/apex/com.android.adbd.capex
04-15 18:40:31.681 0 0 I apexd-bootstrap: Found pre-installed APEX /system/apex/com.android.scheduling.capex
04-15 18:40:31.804 0 0 I apexd-bootstrap: Found pre-installed APEX /system/apex/com.android.resolv.capex
04-15 18:40:31.944 0 0 I apexd-bootstrap: Found pre-installed APEX /system/apex/com.android.art.capex
04-15 18:40:31.959 0 0 I apexd-bootstrap: Found pre-installed APEX /system/apex/com.android.configinfrastructure.capex
04-15 18:40:31.972 0 0 I apexd-bootstrap: Found pre-installed APEX /system/apex/com.android.tzdata.apex
04-15 18:40:31.988 0 0 I apexd-bootstrap: Found pre-installed APEX /system/apex/com.android.extservices.capex
04-15 18:40:32.004 0 0 I ueventd : Coldboot took 0.985 seconds
04-15 18:40:32.007 0 0 I apexd-bootstrap: Found pre-installed APEX /system/apex/com.android.btservices.apex
04-15 18:40:32.013 0 0 I apexd-bootstrap: Found pre-installed APEX /system/apex/com.android.runtime.apex
04-15 18:40:32.019 0 0 I apexd-bootstrap: Found pre-installed APEX /system/apex/com.android.devicelock.apex
04-15 18:40:32.026 0 0 I apexd-bootstrap: Found pre-installed APEX /system/apex/com.android.uwb.capex
04-15 18:40:32.034 0 0 I apexd-bootstrap: Found pre-installed APEX /system/apex/com.android.ipsec.capex
04-15 18:40:32.042 0 0 I apexd-bootstrap: Found pre-installed APEX /system/apex/com.android.ondevicepersonalization.capex
04-15 18:40:32.050 0 0 I apexd-bootstrap: Scanning /system_ext/apex for pre-installed ApexFiles
04-15 18:40:32.050 0 0 W apexd-bootstrap: /system_ext/apex does not exist. Skipping
04-15 18:40:32.050 0 0 I apexd-bootstrap: Scanning /product/apex for pre-installed ApexFiles
04-15 18:40:32.050 0 0 W apexd-bootstrap: /product/apex does not exist. Skipping
04-15 18:40:32.050 0 0 I apexd-bootstrap: Scanning /vendor/apex for pre-installed ApexFiles
04-15 18:40:32.050 0 0 W apexd-bootstrap: /vendor/apex does not exist. Skipping
04-15 18:40:32.051 0 0 I apexd-bootstrap: Found bootstrap APEX /system/apex/com.android.runtime.apex
04-15 18:40:32.051 0 0 I apexd-bootstrap: Found bootstrap APEX /system/apex/com.android.tzdata.apex
04-15 18:40:32.051 0 0 I apexd-bootstrap: Found bootstrap APEX /system/apex/com.android.vndk.current.apex
04-15 18:40:32.051 0 0 I apexd-bootstrap: Found bootstrap APEX /system/apex/com.android.i18n.apex
04-15 18:40:32.052 0 0 I apexd-bootstrap: Need to pre-allocate 36 loop devices for 32 APEX packages
04-15 18:40:32.052 0 0 I apexd-bootstrap: No block apex metadata partition found, not adding block apexes
04-15 18:40:32.097 0 0 I apexd-bootstrap: Found 16 idle loopback devices that were pre-allocated by kernel. Allocated 20 more.
04-15 18:40:32.181 0 0 I loop0 : detected capacity change from 0 to 8944
04-15 18:40:32.185 0 0 I loop1 : detected capacity change from 0 to 1616
04-15 18:40:32.199 0 0 I loop2 : detected capacity change from 0 to 52360
04-15 18:40:32.204 0 0 I loop3 : detected capacity change from 0 to 71872
04-15 18:40:32.235 0 0 I EXT4-fs (loop0): mounted filesystem without journal. Quota mode: none.
04-15 18:40:32.236 0 0 I apexd-bootstrap: Successfully mounted package /system/apex/com.android.runtime.apex on /apex/com.android.runtime@1 duration=58
04-15 18:40:32.250 0 0 I EXT4-fs (loop2): mounted filesystem without journal. Quota mode: none.
04-15 18:40:32.251 0 0 I apexd-bootstrap: Successfully mounted package /system/apex/com.android.vndk.current.apex on /apex/com.android.vndk.v34@1 duration=70
04-15 18:40:32.277 0 0 I EXT4-fs (loop1): mounted filesystem without journal. Quota mode: none.
04-15 18:40:32.278 0 0 I apexd-bootstrap: Successfully mounted package /system/apex/com.android.tzdata.apex on /apex/com.android.tzdata@342090000 duration=98
04-15 18:40:32.289 0 0 I EXT4-fs (loop3): mounted filesystem without journal. Quota mode: none.
04-15 18:40:32.289 0 0 I apexd-bootstrap: Successfully mounted package /system/apex/com.android.i18n.apex on /apex/com.android.i18n@1 duration=108
04-15 18:40:32.308 0 0 I apexd-bootstrap: Activated 4 packages.
04-15 18:40:32.352 0 0 I apexd-bootstrap: OnBootstrap done, duration=1060
04-15 18:40:32.359 0 0 I : apexd (76) used greatest stack depth: 12256 bytes left
04-15 18:40:32.360 0 0 I init : Service 'apexd-bootstrap' (pid 76) exited with status 0 waiting took 1.609000 seconds
04-15 18:40:32.360 0 0 I init : Sending signal 9 to service 'apexd-bootstrap' (pid 76) process group...
04-15 18:40:32.361 0 0 I libprocessgroup: Successfully killed process cgroup uid 0 pid 76 in 0ms
04-15 18:40:32.578 0 0 I init : linkerconfig generated /linkerconfig with mounted APEX modules info
04-15 18:40:32.579 0 0 I init : Command 'update_linker_config' action=early-init (/system/etc/init/hw/init.rc:79) took 214ms and succeeded
04-15 18:40:32.588 0 0 I init : processing action (early-init) from (/init.environ.rc:2)
04-15 18:40:32.590 0 0 I init : processing action (early-init) from (/vendor/etc/init/hw/init.ranchu.rc:11)
04-15 18:40:32.597 0 0 I init : Command 'setprop ro.config.low_ram ${ro.boot.config.low_ram}' action=early-init (/vendor/etc/init/hw/init.ranchu.rc:15) took 2ms and failed: property 'ro.boot.config.low_ram' doesn't exist while expanding '${ro.boot.config.low_ram}'
04-15 18:40:32.608 0 0 I init : Command 'setprop dalvik.vm.checkjni ${ro.boot.dalvik.vm.checkjni}' action=early-init (/vendor/etc/init/hw/init.ranchu.rc:20) took 0ms and failed: property 'ro.boot.dalvik.vm.checkjni' doesn't exist while expanding '${ro.boot.dalvik.vm.checkjni}'
04-15 18:40:32.610 0 0 I init : Command 'setprop debug.stagefright.ccodec ${ro.boot.debug.stagefright.ccodec}' action=early-init (/vendor/etc/init/hw/init.ranchu.rc:22) took 0ms and failed: property 'ro.boot.debug.stagefright.ccodec' doesn't exist while expanding '${ro.boot.debug.stagefright.ccodec}'
04-15 18:40:32.616 0 0 I init : starting service 'vendor.dlkm_loader'...
04-15 18:40:32.636 0 0 I init : ... started service 'vendor.dlkm_loader' has pid 121
04-15 18:40:32.638 0 0 I init : starting service 'exec 1 (/system/bin/modprobe -a -d /system/lib/modules zram.ko)'...
04-15 18:40:32.657 0 0 I init : ... started service 'exec 1 (/system/bin/modprobe -a -d /system/lib/modules zram.ko)' has pid 122
04-15 18:40:32.657 0 0 I init : SVC_EXEC service 'exec 1 (/system/bin/modprobe -a -d /system/lib/modules zram.ko)' pid 122 (uid 0 gid 0+0 context u:r:modprobe:s0) started; waiting...
04-15 18:40:32.791 0 0 I dlkm_loader: dlkm loader successfully initialized
04-15 18:40:32.851 0 0 I dlkm_loader: Loading module /system/lib/modules/rfkill.ko with args ''
04-15 18:40:32.871 0 0 I dlkm_loader: Loaded kernel module /system/lib/modules/rfkill.ko
04-15 18:40:32.872 0 0 I dlkm_loader: Loading module /system/lib/modules/bluetooth.ko with args ''
04-15 18:40:32.900 0 0 I zram : Added device: zram0
04-15 18:40:32.906 0 0 I init : Service 'exec 1 (/system/bin/modprobe -a -d /system/lib/modules zram.ko)' (pid 122) exited with status 0 waiting took 0.262000 seconds
04-15 18:40:32.906 0 0 I init : Sending signal 9 to service 'exec 1 (/system/bin/modprobe -a -d /system/lib/modules zram.ko)' (pid 122) process group...
04-15 18:40:32.906 0 0 I libprocessgroup: Successfully killed process cgroup uid 0 pid 122 in 0ms
04-15 18:40:32.912 0 0 I init : processing action (ro.product.debugfs_restrictions.enabled=true && early-init) from (/system/etc/init/init-debug.rc:10)
04-15 18:40:32.914 0 0 I init : processing action (early-init) from (/system/etc/init/prng_seeder.rc:5)
04-15 18:40:32.923 0 0 I init : starting service 'prng_seeder'...
04-15 18:40:32.925 0 0 I init : Created socket '/dev/socket/prng_seeder', mode 666, user 1092, group 1092
04-15 18:40:32.939 0 0 I Bluetooth: Core ver 2.22
04-15 18:40:32.941 0 0 I NET : Registered PF_BLUETOOTH protocol family
04-15 18:40:32.941 0 0 I Bluetooth: HCI device and connection manager initialized
04-15 18:40:32.941 0 0 I Bluetooth: HCI socket layer initialized
04-15 18:40:32.941 0 0 I Bluetooth: L2CAP socket layer initialized
04-15 18:40:32.941 0 0 I Bluetooth: SCO socket layer initialized
04-15 18:40:32.942 0 0 I dlkm_loader: Loaded kernel module /system/lib/modules/bluetooth.ko
04-15 18:40:32.943 0 0 I dlkm_loader: Loading module /vendor/lib/modules/btintel.ko with args ''
04-15 18:40:32.946 0 0 I dlkm_loader: Loaded kernel module /vendor/lib/modules/btintel.ko
04-15 18:40:32.946 0 0 I dlkm_loader: Loading module /vendor/lib/modules/btrtl.ko with args ''
04-15 18:40:32.949 0 0 I dlkm_loader: Loaded kernel module /vendor/lib/modules/btrtl.ko
04-15 18:40:32.950 0 0 I dlkm_loader: Loading module /system/lib/modules/btbcm.ko with args ''
04-15 18:40:32.954 0 0 I dlkm_loader: Loaded kernel module /system/lib/modules/btbcm.ko
04-15 18:40:32.955 0 0 I dlkm_loader: Loading module /vendor/lib/modules/btusb.ko with args ''
04-15 18:40:32.958 0 0 I usbcore : registered new interface driver btusb
04-15 18:40:32.959 0 0 I dlkm_loader: Loaded kernel module /vendor/lib/modules/btusb.ko
04-15 18:40:32.960 0 0 I dlkm_loader: Loading module /vendor/lib/modules/dummy-cpufreq.ko with args ''
04-15 18:40:32.976 0 0 I init : ... started service 'prng_seeder' has pid 124
04-15 18:40:32.976 0 0 I init : Command 'start prng_seeder' action=early-init (/system/etc/init/prng_seeder.rc:6) took 61ms and succeeded
04-15 18:40:32.976 0 0 I init : processing action (ro.product.cpu.abilist64=* && early-init) from (/vendor/etc/init/boringssl_self_test.rc:4)
04-15 18:40:32.978 0 0 I init : starting service 'boringssl_self_test64_vendor'...
04-15 18:40:33.004 0 0 I init : ... started service 'boringssl_self_test64_vendor' has pid 125
04-15 18:40:33.004 0 0 I init : SVC_EXEC service 'boringssl_self_test64_vendor' pid 125 (uid 0 gid 0+0 context default) started; waiting...
04-15 18:40:33.028 0 0 I dlkm_loader: Loaded kernel module /vendor/lib/modules/dummy-cpufreq.ko
04-15 18:40:33.028 0 0 I dlkm_loader: Loading module /vendor/lib/modules/dummy_hcd.ko with args ''
04-15 18:40:33.045 0 0 I dummy_hcd.0: USB Host+Gadget Emulator, driver 02 May 2005
04-15 18:40:33.045 0 0 I dummy_hcd.0: Dummy host controller
04-15 18:40:33.045 0 0 I dummy_hcd.0: new USB bus registered, assigned bus number 1
04-15 18:40:33.047 0 0 I usb1 : New USB device found, idVendor=1d6b, idProduct=0002, bcdDevice= 6.01
04-15 18:40:33.047 0 0 I usb1 : New USB device strings: Mfr=3, Product=2, SerialNumber=1
04-15 18:40:33.047 0 0 I usb1 : Product: Dummy host controller
04-15 18:40:33.047 0 0 I usb1 : Manufacturer: Linux 6.1.23-android14-4-00257-g7e35917775b8-ab9964412 dummy_hcd
04-15 18:40:33.053 0 0 I usb1 : SerialNumber: dummy_hcd.0
04-15 18:40:33.055 0 0 I hub 1-0 : 1.0: USB hub found
04-15 18:40:33.056 0 0 I hub 1-0 : 1.0: 1 port detected
04-15 18:40:33.060 0 0 I dlkm_loader: Loaded kernel module /vendor/lib/modules/dummy_hcd.ko
04-15 18:40:33.061 0 0 I dlkm_loader: Loading module /vendor/lib/modules/failover.ko with args ''
04-15 18:40:33.090 0 0 I dlkm_loader: Loaded kernel module /vendor/lib/modules/failover.ko
04-15 18:40:33.090 0 0 I dlkm_loader: Loading module /vendor/lib/modules/goldfish_address_space.ko with args ''
04-15 18:40:33.097 0 0 W goldfish_address_space: loading out-of-tree module taints kernel.
04-15 18:40:33.433 0 0 I dlkm_loader: Loaded kernel module /vendor/lib/modules/goldfish_address_space.ko
04-15 18:40:33.434 0 0 I dlkm_loader: Loading module /vendor/lib/modules/goldfish_battery.ko with args ''
04-15 18:40:33.479 0 0 I dlkm_loader: Loaded kernel module /vendor/lib/modules/goldfish_battery.ko
04-15 18:40:33.480 0 0 I dlkm_loader: Loading module /vendor/lib/modules/goldfish_pipe.ko with args ''
04-15 18:40:33.508 0 0 I dlkm_loader: Loaded kernel module /vendor/lib/modules/goldfish_pipe.ko
04-15 18:40:33.509 0 0 I dlkm_loader: Loading module /vendor/lib/modules/goldfish_sync.ko with args ''
04-15 18:40:33.544 0 0 I dlkm_loader: Loaded kernel module /vendor/lib/modules/goldfish_sync.ko
04-15 18:40:33.545 0 0 I dlkm_loader: Loading module /system/lib/modules/can-dev.ko with args ''
04-15 18:40:33.579 0 0 I : CAN device driver interface
04-15 18:40:33.583 0 0 I dlkm_loader: Loaded kernel module /system/lib/modules/can-dev.ko
04-15 18:40:33.583 0 0 I dlkm_loader: Loading module /vendor/lib/modules/gs_usb.ko with args ''
04-15 18:40:33.612 0 0 I init : Service 'boringssl_self_test64_vendor' (pid 125) exited with status 0 waiting took 0.627000 seconds
04-15 18:40:33.612 0 0 I init : Sending signal 9 to service 'boringssl_self_test64_vendor' (pid 125) process group...
04-15 18:40:33.613 0 0 I libprocessgroup: Successfully killed process cgroup uid 0 pid 125 in 0ms
04-15 18:40:33.615 0 0 I usbcore : registered new interface driver gs_usb
04-15 18:40:33.619 0 0 I dlkm_loader: Loaded kernel module /vendor/lib/modules/gs_usb.ko
04-15 18:40:33.620 0 0 I dlkm_loader: Loading module /vendor/lib/modules/hci_vhci.ko with args ''
04-15 18:40:33.621 0 0 I init : processing action (wait_for_coldboot_done) from (:0)
04-15 18:40:33.622 0 0 I init : start_waiting_for_property("ro.cold_boot_done", "true"): already set
04-15 18:40:33.622 0 0 I init : processing action (SetMmapRndBits) from (:0)
04-15 18:40:33.623 0 0 I init : processing action (KeychordInit) from (:0)
04-15 18:40:33.625 0 0 W init : EVIOCSMASK not supported: Invalid argument
04-15 18:40:33.626 0 0 I init : processing action (init) from (/system/etc/init/hw/init.rc:97)
04-15 18:40:33.628 0 0 I init : Command 'copy /system/etc/prop.default /dev/urandom' action=init (/system/etc/init/hw/init.rc:102) took 0ms and failed: Could not read input file '/system/etc/prop.default': open() failed: No such file or directory
04-15 18:40:33.651 0 0 I dlkm_loader: Loaded kernel module /vendor/lib/modules/hci_vhci.ko
04-15 18:40:33.652 0 0 I dlkm_loader: Loading module /system/lib/modules/cfg80211.ko with args ''
04-15 18:40:33.688 0 0 I init : Command 'write /dev/blkio/blkio.weight 1000' action=init (/system/etc/init/hw/init.rc:238) took 0ms and failed: Unable to write to file '/dev/blkio/blkio.weight': open() failed: Permission denied
04-15 18:40:33.689 0 0 I init : Command 'write /dev/blkio/background/blkio.weight 200' action=init (/system/etc/init/hw/init.rc:239) took 0ms and failed: Unable to write to file '/dev/blkio/background/blkio.weight': open() failed: Permission denied
04-15 18:40:33.690 0 0 I init : Command 'write /dev/blkio/blkio.group_idle 0' action=init (/system/etc/init/hw/init.rc:241) took 0ms and failed: Unable to write to file '/dev/blkio/blkio.group_idle': open() failed: Permission denied
04-15 18:40:33.695 0 0 I init : Command 'write /dev/blkio/background/blkio.group_idle 0' action=init (/system/etc/init/hw/init.rc:242) took 4ms and failed: Unable to write to file '/dev/blkio/background/blkio.group_idle': open() failed: Permission denied
04-15 18:40:33.825 0 0 I init : Command 'write /dev/cpu_variant:${ro.bionic.arch} ${ro.bionic.cpu_variant}' action=init (/system/etc/init/hw/init.rc:453) took 0ms and failed: property 'ro.bionic.cpu_variant' doesn't exist while expanding '${ro.bionic.cpu_variant}'
04-15 18:40:33.826 0 0 I init : Command 'write /dev/cpu_variant:${ro.bionic.2nd_arch} ${ro.bionic.2nd_cpu_variant}' action=init (/system/etc/init/hw/init.rc:455) took 0ms and failed: property 'ro.bionic.2nd_arch' doesn't exist while expanding '/dev/cpu_variant:${ro.bionic.2nd_arch}'
04-15 18:40:33.826 0 0 I init : Command 'chmod 0444 /dev/cpu_variant:${ro.bionic.2nd_arch}' action=init (/system/etc/init/hw/init.rc:456) took 0ms and failed: property 'ro.bionic.2nd_arch' doesn't exist while expanding '/dev/cpu_variant:${ro.bionic.2nd_arch}'
04-15 18:40:33.828 0 0 I init : starting service 'logd'...
04-15 18:40:33.829 0 0 I init : Created socket '/dev/socket/logd', mode 666, user 1036, group 1036
04-15 18:40:33.831 0 0 I init : Created socket '/dev/socket/logdr', mode 666, user 1036, group 1036
04-15 18:40:33.832 0 0 I init : Created socket '/dev/socket/logdw', mode 222, user 1036, group 1036
04-15 18:40:33.872 0 0 I init : ... started service 'logd' has pid 129
04-15 18:40:33.874 0 0 I init : starting service 'lmkd'...
04-15 18:40:33.876 0 0 I init : Created socket '/dev/socket/lmkd', mode 660, user 1000, group 1000
04-15 18:40:33.899 0 0 I cfg80211: Loading compiled-in X.509 certificates for regulatory database
04-15 18:40:33.899 0 0 I cfg80211: Loaded X.509 cert 'sforshee: 00b28ddf47aef9cea7'
04-15 18:40:33.900 0 0 W platform regulatory.0: Direct firmware load for regulatory.db failed with error -2
04-15 18:40:33.900 0 0 I cfg80211: failed to load regulatory.db
04-15 18:40:33.910 0 0 I dlkm_loader: Loaded kernel module /system/lib/modules/cfg80211.ko
04-15 18:40:33.915 0 0 I dlkm_loader: Loading module /system/lib/modules/libarc4.ko with args ''
04-15 18:40:33.938 0 0 I init : ... started service 'lmkd' has pid 130
04-15 18:40:33.938 0 0 I init : Command 'start lmkd' action=init (/system/etc/init/hw/init.rc:476) took 64ms and succeeded
04-15 18:40:33.940 0 0 I init : starting service 'servicemanager'...
04-15 18:40:33.951 0 0 I dlkm_loader: Loaded kernel module /system/lib/modules/libarc4.ko
04-15 18:40:33.952 0 0 I dlkm_loader: Loading module /system/lib/modules/mac80211.ko with args ''
04-15 18:40:34.007 0 0 I init : ... started service 'servicemanager' has pid 132
04-15 18:40:34.007 0 0 I init : Command 'start servicemanager' action=init (/system/etc/init/hw/init.rc:479) took 68ms and succeeded
04-15 18:40:34.009 0 0 I init : starting service 'hwservicemanager'...
04-15 18:40:34.034 0 0 I init : ... started service 'hwservicemanager' has pid 133
04-15 18:40:34.034 0 0 I init : Command 'start vndservicemanager' action=init (/system/etc/init/hw/init.rc:481) took 0ms and failed: service vndservicemanager not found
04-15 18:40:34.034 0 0 I init : processing action (ro.product.cpu.abilist64=* && init) from (/system/etc/init/hw/init.rc:486)
04-15 18:40:34.040 0 0 I init : starting service 'boringssl_self_test64'...
04-15 18:40:34.204 0 0 I init : ... started service 'boringssl_self_test64' has pid 134
04-15 18:40:34.204 0 0 I init : SVC_EXEC service 'boringssl_self_test64' pid 134 (uid 9999 gid 0+0 context default) started; waiting...
04-15 18:40:34.204 0 0 I init : Command 'exec_start boringssl_self_test64' action=ro.product.cpu.abilist64=* && init (/system/etc/init/hw/init.rc:487) took 169ms and succeeded
04-15 18:40:34.434 0 0 I servicemanager: Starting sm instance on /dev/binder
04-15 18:40:34.536 0 0 I SELinux : SELinux: Loaded service context from:
04-15 18:40:34.536 0 0 I SELinux : /system/etc/selinux/plat_service_contexts
04-15 18:40:34.536 0 0 I SELinux : /vendor/etc/selinux/vendor_service_contexts
04-15 18:40:34.634 0 0 I init : Service 'boringssl_self_test64' (pid 134) exited with status 0 waiting took 0.586000 seconds
04-15 18:40:34.634 0 0 I init : Sending signal 9 to service 'boringssl_self_test64' (pid 134) process group...
04-15 18:40:34.635 0 0 I libprocessgroup: Successfully killed process cgroup uid 9999 pid 134 in 0ms
04-15 18:40:34.638 0 0 I init : processing action (ro.debuggable=1 && init) from (/system/etc/init/hw/init.rc:1315)
04-15 18:40:34.639 0 0 I init : starting service 'console'...
04-15 18:40:34.667 0 0 I init : ... started service 'console' has pid 139
04-15 18:40:34.667 0 0 I init : processing action (init) from (/system/etc/init/hw/init.usb.rc:27)
04-15 18:40:34.668 0 0 I init : processing action (init) from (/vendor/etc/init/hw/init.ranchu.rc:29)
04-15 18:40:34.697 0 0 I init : starting service 'qemu-props'...
04-15 18:40:34.741 0 0 I init : ... started service 'qemu-props' has pid 140
04-15 18:40:34.742 0 0 I init : processing action (init) from (/system/etc/init/audioserver.rc:58)
04-15 18:40:34.745 0 0 I init : processing action (late-init) from (/system/etc/init/hw/init.rc:532)
04-15 18:40:34.745 0 0 I init : processing action (late-init) from (/system/etc/init/atrace.rc:3)
04-15 18:40:34.855 0 0 I init : Command 'write /proc/sys/kernel/sched_schedstats 1' action=late-init (/system/etc/init/atrace.rc:10) took 97ms and succeeded
04-15 18:40:34.996 0 0 I init : processing action (late-init) from (/vendor/etc/init/android.hardware.atrace@1.0-service.rc:1)
04-15 18:40:35.008 0 0 I init : processing action (queue_property_triggers) from (:0)
04-15 18:40:35.008 0 0 I init : processing action (early-fs) from (/system/etc/init/hw/init.rc:565)
04-15 18:40:35.009 0 0 I init : starting service 'vold'...
04-15 18:40:35.076 0 0 I init : ... started service 'vold' has pid 141
04-15 18:40:35.076 0 0 I init : Command 'start vold' action=early-fs (/system/etc/init/hw/init.rc:567) took 68ms and succeeded
04-15 18:40:35.077 0 0 I init : processing action (early-fs) from (/vendor/etc/init/hw/init.ranchu.rc:1)
04-15 18:40:35.077 0 0 I init : service 'vold' requested start, but it is already running (flags: 2052)
04-15 18:40:35.077 0 0 I init : processing action (fs) from (/vendor/etc/init/hw/init.ranchu.rc:4)
04-15 18:40:35.108 0 0 I init : processing action (fs) from (/system/etc/init/logd.rc:29)
04-15 18:40:35.109 0 0 I init : processing action (fs) from (/system/etc/init/wifi.rc:25)
04-15 18:40:35.111 0 0 I init : processing action (post-fs) from (/system/etc/init/hw/init.rc:569)
04-15 18:40:35.112 0 0 I init : starting service 'exec 2 (/system/bin/vdc checkpoint markBootAttempt)'...
04-15 18:40:35.171 0 0 I init : ... started service 'exec 2 (/system/bin/vdc checkpoint markBootAttempt)' has pid 142
04-15 18:40:35.172 0 0 I init : SVC_EXEC service 'exec 2 (/system/bin/vdc checkpoint markBootAttempt)' pid 142 (uid 1000 gid 1000+0 context default) started; waiting...
04-15 18:40:35.172 0 0 I init : Command 'exec - system system -- /system/bin/vdc checkpoint markBootAttempt' action=post-fs (/system/etc/init/hw/init.rc:570) took 61ms and succeeded
04-15 18:40:35.191 0 0 I dlkm_loader: Loaded kernel module /system/lib/modules/mac80211.ko
04-15 18:40:35.191 0 0 I dlkm_loader: Loading module /vendor/lib/modules/mac80211_hwsim.ko with args 'radios=0
04-15 18:40:35.192 0 0 I dlkm_loader: '
04-15 18:40:35.211 0 0 I mac80211_hwsim: initializing netlink
04-15 18:40:35.223 0 0 I dlkm_loader: Loaded kernel module /vendor/lib/modules/mac80211_hwsim.ko
04-15 18:40:35.224 0 0 I dlkm_loader: Loading module /vendor/lib/modules/mt76.ko with args ''
04-15 18:40:35.241 0 0 I logd.auditd: start
04-15 18:40:35.333 0 0 I logd : Loaded bug_map file: /vendor/etc/selinux/selinux_denial_metadata
04-15 18:40:35.340 0 0 I logd : Loaded bug_map file: /system/etc/selinux/bug_map
04-15 18:40:35.502 0 0 E cutils-trace: Error opening trace file: Permission denied (13)
04-15 18:40:35.515 0 0 I dlkm_loader: Loaded kernel module /vendor/lib/modules/mt76.ko
04-15 18:40:35.515 0 0 I dlkm_loader: Loading module /vendor/lib/modules/mt76-usb.ko with args ''
04-15 18:40:35.603 0 0 I dlkm_loader: Loaded kernel module /vendor/lib/modules/mt76-usb.ko
04-15 18:40:35.604 0 0 I dlkm_loader: Loading module /vendor/lib/modules/mt76x02-lib.ko with args '' --------- beginning of system
04-15 18:40:35.627 141 141 I vold : Vold 3.0 (the awakening) firing up
04-15 18:40:35.630 141 141 D vold : Detected support for: ext4 f2fs vfat
04-15 18:40:35.657 0 0 I dlkm_loader: Loaded kernel module /vendor/lib/modules/mt76x02-lib.ko
04-15 18:40:35.657 0 0 I dlkm_loader: Loading module /vendor/lib/modules/mt76x0-common.ko with args ''
04-15 18:40:35.681 0 0 I dlkm_loader: Loaded kernel module /vendor/lib/modules/mt76x0-common.ko
04-15 18:40:35.682 0 0 I dlkm_loader: Loading module /vendor/lib/modules/mt76x02-usb.ko with args ''
04-15 18:40:35.695 0 0 I dlkm_loader: Loaded kernel module /vendor/lib/modules/mt76x02-usb.ko
04-15 18:40:35.695 0 0 I dlkm_loader: Loading module /vendor/lib/modules/mt76x0u.ko with args ''
04-15 18:40:35.691 141 141 D vold : VoldNativeService::start() completed OK
04-15 18:40:35.733 0 0 I init : Service 'exec 2 (/system/bin/vdc checkpoint markBootAttempt)' (pid 142) exited with status 0 waiting took 0.591000 seconds
04-15 18:40:35.733 0 0 I init : Sending signal 9 to service 'exec 2 (/system/bin/vdc checkpoint markBootAttempt)' (pid 142) process group...
04-15 18:40:35.734 0 0 I libprocessgroup: Successfully killed process cgroup uid 1000 pid 142 in 0ms
04-15 18:40:35.741 0 0 I : vdc (142) used greatest stack depth: 11680 bytes left
04-15 18:40:35.744 0 0 I usbcore : registered new interface driver mt76x0u
04-15 18:40:35.747 0 0 I dlkm_loader: Loaded kernel module /vendor/lib/modules/mt76x0u.ko
04-15 18:40:35.748 0 0 I dlkm_loader: Loading module /vendor/lib/modules/mt76x2-common.ko with args ''
04-15 18:40:35.756 0 0 I dlkm_loader: Loaded kernel module /vendor/lib/modules/mt76x2-common.ko
04-15 18:40:35.757 0 0 I dlkm_loader: Loading module /vendor/lib/modules/mt76x2u.ko with args ''
04-15 18:40:35.785 0 0 I init : Command 'chown system cache /cache' action=post-fs (/system/etc/init/hw/init.rc:585) took 0ms and failed: lchown() failed: Read-only file system
04-15 18:40:35.785 0 0 I init : Command 'chmod 0770 /cache' action=post-fs (/system/etc/init/hw/init.rc:586) took 0ms and failed: fchmodat() failed: Read-only file system
04-15 18:40:35.804 0 0 E selinux : SELinux: setxattr failed: /cache: Read-only file system
04-15 18:40:35.805 0 0 I init : Command 'mkdir /cache/recovery 0770 system cache' action=post-fs (/system/etc/init/hw/init.rc:592) took 0ms and failed: mkdir() failed on /cache/recovery: Read-only file system
04-15 18:40:35.805 0 0 I init : Command 'mkdir /cache/backup_stage 0700 system system' action=post-fs (/system/etc/init/hw/init.rc:595) took 0ms and failed: mkdir() failed on /cache/backup_stage: Read-only file system
04-15 18:40:35.806 0 0 I init : Command 'mkdir /cache/backup 0700 system system' action=post-fs (/system/etc/init/hw/init.rc:596) took 0ms and failed: mkdir() failed on /cache/backup: Read-only file system
04-15 18:40:35.815 0 0 I usbcore : registered new interface driver mt76x2u
04-15 18:40:35.821 0 0 I init : Command 'mkdir /cache/lost+found 0770 root root' action=post-fs (/system/etc/init/hw/init.rc:620) took 0ms and failed: mkdir() failed on /cache/lost+found: Read-only file system
04-15 18:40:35.827 0 0 I dlkm_loader: Loaded kernel module /vendor/lib/modules/mt76x2u.ko
04-15 18:40:35.828 0 0 I dlkm_loader: Loading module /vendor/lib/modules/nd_virtio.ko with args ''
04-15 18:40:35.887 0 0 I dlkm_loader: Loaded kernel module /vendor/lib/modules/nd_virtio.ko
04-15 18:40:35.888 0 0 I dlkm_loader: Loading module /vendor/lib/modules/net_failover.ko with args ''
04-15 18:40:35.935 0 0 I init : processing action (post-fs) from (/system/etc/init/atrace_userdebug.rc:7)
04-15 18:40:35.953 0 0 I init : processing action (post-fs) from (/system/etc/init/gsid.rc:8)
04-15 18:40:35.956 0 0 I dlkm_loader: Loaded kernel module /vendor/lib/modules/net_failover.ko
04-15 18:40:35.957 0 0 I dlkm_loader: Loading module /vendor/lib/modules/pulse8-cec.ko with args ''
04-15 18:40:35.982 0 0 I init : processing action (post-fs) from (/system/etc/init/recovery-refresh.rc:1)
04-15 18:40:35.983 0 0 I init : starting service 'exec 3 (/system/bin/recovery-refresh)'...
04-15 18:40:36.011 0 0 I dlkm_loader: Loaded kernel module /vendor/lib/modules/pulse8-cec.ko
04-15 18:40:36.012 0 0 I dlkm_loader: Loading module /vendor/lib/modules/rtc-test.ko with args ''
04-15 18:40:36.059 0 0 I rtc-test.0: registered as rtc1
04-15 18:40:36.061 0 0 I rtc-test.1: registered as rtc2
04-15 18:40:36.064 0 0 I init : ... started service 'exec 3 (/system/bin/recovery-refresh)' has pid 152
04-15 18:40:36.065 0 0 I init : Command 'exec_background - system log -- /system/bin/recovery-refresh' action=post-fs (/system/etc/init/recovery-refresh.rc:2) took 82ms and succeeded
04-15 18:40:36.065 0 0 I init : processing action (late-fs) from (/system/etc/init/hw/init.rc:643)
04-15 18:40:36.076 0 0 I init : starting service 'system_suspend'...
04-15 18:40:36.079 0 0 I rtc-test.2: registered as rtc3
04-15 18:40:36.083 0 0 I dlkm_loader: Loaded kernel module /vendor/lib/modules/rtc-test.ko
04-15 18:40:36.084 0 0 I dlkm_loader: Loading module /vendor/lib/modules/system_heap.ko with args ''
04-15 18:40:36.123 0 0 I dlkm_loader: Loaded kernel module /vendor/lib/modules/system_heap.ko
04-15 18:40:36.124 0 0 I dlkm_loader: Loading module /vendor/lib/modules/test_meminit.ko with args ''
04-15 18:40:36.143 0 0 I init : ... started service 'system_suspend' has pid 153
04-15 18:40:36.144 0 0 I init : starting service 'keystore2'...
04-15 18:40:36.170 0 0 I test_meminit: all 10 tests in test_pages passed
04-15 18:40:36.189 0 0 I test_meminit: all 40 tests in test_kvmalloc passed
04-15 18:40:36.263 0 0 I init : ... started service 'keystore2' has pid 154
04-15 18:40:36.270 0 0 I init : starting service 'vendor.atrace-hal-1-0'...
04-15 18:40:36.389 0 0 I init : ... started service 'vendor.atrace-hal-1-0' has pid 155
04-15 18:40:36.390 0 0 I init : starting service 'vendor.keymint-default'...
04-15 18:40:36.494 0 0 I init : ... started service 'vendor.keymint-default' has pid 156
04-15 18:40:36.494 0 0 I init : Command 'class_start early_hal' action=late-fs (/system/etc/init/hw/init.rc:650) took 428ms and succeeded
04-15 18:40:36.524 0 0 I init : Service 'exec 3 (/system/bin/recovery-refresh)' (pid 152) exited with status 254 oneshot service took 0.488000 seconds in background
04-15 18:40:36.543 0 0 I init : Sending signal 9 to service 'exec 3 (/system/bin/recovery-refresh)' (pid 152) process group...
04-15 18:40:36.544 0 0 I libprocessgroup: Successfully killed process cgroup uid 1000 pid 152 in 0ms
04-15 18:40:36.546 0 0 I init : starting service 'exec 4 (/system/bin/fsverity_init --load-verified-keys)'...
04-15 18:40:36.698 0 0 I init : ... started service 'exec 4 (/system/bin/fsverity_init --load-verified-keys)' has pid 157
04-15 18:40:36.698 0 0 I init : SVC_EXEC service 'exec 4 (/system/bin/fsverity_init --load-verified-keys)' pid 157 (uid 0 gid 0+0 context default) started; waiting...
04-15 18:40:36.698 0 0 I init : Command 'exec -- /system/bin/fsverity_init --load-verified-keys' action=late-fs (/system/etc/init/hw/init.rc:653) took 153ms and succeeded
04-15 18:40:36.936 0 0 I servicemanager: getDeviceHalManifest: Reading VINTF information.
04-15 18:40:37.246 157 157 I fsverity_init: LoadKeyFromFile path=/system/etc/security/fsverity/fsverity-release.x509.der keyname=fsv_system_0
04-15 18:40:37.283 0 0 I init : Service 'exec 4 (/system/bin/fsverity_init --load-verified-keys)' (pid 157) exited with status 0 waiting took 0.728000 seconds
04-15 18:40:37.283 0 0 I init : Sending signal 9 to service 'exec 4 (/system/bin/fsverity_init --load-verified-keys)' (pid 157) process group...
04-15 18:40:37.284 0 0 I libprocessgroup: Successfully killed process cgroup uid 0 pid 157 in 0ms
04-15 18:40:37.285 0 0 I init : processing action (late-fs) from (/system/etc/init/hw/init.rc:664)
04-15 18:40:37.299 0 0 I init : processing action (late-fs) from (/vendor/etc/init/hw/init.ranchu.rc:7)
04-15 18:40:37.311 0 0 I init : [libfs_mgr] superblock s_max_mnt_count:65535,/dev/block/vdc
04-15 18:40:37.316 0 0 I init : [libfs_mgr] Enabling quotas on /dev/block/vdc
04-15 18:40:37.490 0 0 I servicemanager: getDeviceHalManifest: Successfully processed VINTF information
04-15 18:40:37.491 0 0 I servicemanager: getFrameworkHalManifest: Reading VINTF information.
04-15 18:40:37.500 154 154 I keystore2: system/security/keystore2/src/keystore2_main.rs:61 - Keystore2 is starting.
04-15 18:40:37.504 155 155 I HidlServiceManagement: Registered android.hardware.atrace@1.0::IAtraceDevice/default
04-15 18:40:37.506 154 154 I keystore2: system/security/keystore2/src/keystore2_main.rs:67 - Setting up sqlite logging for keystore2
04-15 18:40:37.511 155 155 I HidlServiceManagement: Removing namespace from process name android.hardware.atrace@1.0-service to atrace@1.0-service.
04-15 18:40:37.568 154 154 W keystore2: system/security/keystore2/src/metrics_store.rs:577 - In update_keystore_crash_sysprop: Failed to read the existing system property due to: system/security/keystore2/src/metrics_store.rs:608: Property not set..Therefore, keystore crashes will not be logged.
04-15 18:40:37.589 154 154 I keystore2: system/security/keystore2/src/keystore2_main.rs:97 - Starting thread pool now.
04-15 18:40:37.650 0 0 I servicemanager: getFrameworkHalManifest: Successfully processed VINTF information
04-15 18:40:37.650 0 0 I servicemanager: Found android.system.suspend.ISystemSuspend/default in framework VINTF manifest.
04-15 18:40:37.659 133 133 I hwservicemanager: getTransport: Cannot find entry android.system.suspend@1.0::ISystemSuspend/default in either framework or device VINTF manifest.
04-15 18:40:37.703 154 154 I ServiceManagerCppClient: Waiting for service 'android.hardware.security.keymint.IKeyMintDevice/default' on '/dev/binder'...
04-15 18:40:37.706 154 161 I keystore2: getDeviceHalManifest: Reading VINTF information.
04-15 18:40:37.713 153 153 E HidlServiceManagement: Service android.system.suspend@1.0::ISystemSuspend/default must be in VINTF manifest in order to register/get.
04-15 18:40:37.722 153 153 I android.system.suspend-service: system-suspend HIDL hal not supported, use the AIDL suspend hal for requesting wakelocks
04-15 18:40:37.719 156 156 I keymaster: patchlevel string does not match expected format. Using patchlevel 0
04-15 18:40:37.753 156 156 I android.hardware.security.keymint-service: adding keymint service instance: android.hardware.security.keymint.IKeyMintDevice/default
04-15 18:40:37.805 0 0 I servicemanager: Found android.hardware.security.keymint.IKeyMintDevice/default in device VINTF manifest.
04-15 18:40:37.801 156 156 I android.hardware.security.keymint-service: adding keymint service instance: android.hardware.security.secureclock.ISecureClock/default
04-15 18:40:37.814 0 0 I servicemanager: Found android.hardware.security.secureclock.ISecureClock/default in device VINTF manifest.
04-15 18:40:37.809 154 154 I ServiceManagerCppClient: Waiting for service 'android.hardware.security.keymint.IKeyMintDevice/default' on '/dev/binder' successful after waiting 107ms
04-15 18:40:37.828 156 156 I android.hardware.security.keymint-service: adding keymint service instance: android.hardware.security.sharedsecret.ISharedSecret/default
04-15 18:40:37.834 156 156 I android.hardware.security.keymint-service: adding keymint service instance: android.hardware.security.keymint.IRemotelyProvisionedComponent/default
04-15 18:40:37.844 0 0 I servicemanager: Found android.hardware.security.sharedsecret.ISharedSecret/default in device VINTF manifest.
04-15 18:40:37.846 0 0 I servicemanager: Found android.hardware.security.keymint.IRemotelyProvisionedComponent/default in device VINTF manifest.
04-15 18:40:37.848 154 154 I keystore2: system/security/keystore2/src/globals.rs:256 - KeyMint device is current version (Some(300)) for security level: r#TRUSTED_ENVIRONMENT
04-15 18:40:37.896 0 0 I test_meminit: all 70 tests in test_kmemcache passed
04-15 18:40:37.901 0 0 I test_meminit: all 10 tests in test_rcu_persistent passed
04-15 18:40:37.901 0 0 I test_meminit: all 130 tests passed!
04-15 18:40:37.915 0 0 I dlkm_loader: Loaded kernel module /vendor/lib/modules/test_meminit.ko
04-15 18:40:37.916 0 0 I dlkm_loader: Loading module /vendor/lib/modules/usbip-core.ko with args ''
04-15 18:40:37.949 133 133 I hwservicemanager: getTransport: Cannot find entry android.hardware.keymaster@4.0::IKeymasterDevice/default in either framework or device VINTF manifest.
04-15 18:40:37.957 0 0 I tune2fs : tune2fs 1.46.6 (1-Feb-2023)
04-15 18:40:37.955 154 161 I keystore2: getDeviceHalManifest: Successfully processed VINTF information
04-15 18:40:37.958 133 133 I hwservicemanager: getTransport: Cannot find entry android.hardware.keymaster@3.0::IKeymasterDevice/default in either framework or device VINTF manifest.
04-15 18:40:37.975 0 0 I dlkm_loader: Loaded kernel module /vendor/lib/modules/usbip-core.ko
04-15 18:40:37.976 0 0 I dlkm_loader: Loading module /vendor/lib/modules/vhci-hcd.ko with args ''
04-15 18:40:37.988 0 0 I servicemanager: Found android.system.keystore2.IKeystoreService/default in framework VINTF manifest.
04-15 18:40:38.005 0 0 I vhci_hcd.0: USB/IP Virtual Host Controller
04-15 18:40:38.005 0 0 I vhci_hcd.0: new USB bus registered, assigned bus number 2
04-15 18:40:38.005 0 0 I vhci_hcd: created sysfs vhci_hcd.0
04-15 18:40:38.006 0 0 I usb2 : New USB device found, idVendor=1d6b, idProduct=0002, bcdDevice= 6.01
04-15 18:40:38.006 0 0 I usb2 : New USB device strings: Mfr=3, Product=2, SerialNumber=1
04-15 18:40:38.006 0 0 I usb2 : Product: USB/IP Virtual Host Controller
04-15 18:40:38.006 0 0 I usb2 : Manufacturer: Linux 6.1.23-android14-4-00257-g7e35917775b8-ab9964412 vhci_hcd
04-15 18:40:38.006 0 0 I usb2 : SerialNumber: vhci_hcd.0
04-15 18:40:38.013 0 0 I hub 2-0 : 1.0: USB hub found
04-15 18:40:38.014 0 0 I hub 2-0 : 1.0: 8 ports detected
04-15 18:40:38.018 0 0 I vhci_hcd.0: USB/IP Virtual Host Controller
