04-15 18:43:11.973 534 605 D SystemServerInitThreadPool: Finished executing Update app-ops uidState in case package com.android.internal.emulation.pixel_fold changed
04-15 18:43:11.974 534 605 V SystemServerTimingAsync: InitThreadPoolExec:Update app-ops uidState in case package com.android.internal.emulation.pixel_fold changed took to complete: 1ms
04-15 18:43:11.974 534 605 D SystemServerTimingAsync: InitThreadPoolExec:Update app-ops uidState in case package com.android.networkstack.tethering.emulator changed
04-15 18:43:11.974 534 605 D SystemServerInitThreadPool: Started executing Update app-ops uidState in case package com.android.networkstack.tethering.emulator changed
04-15 18:43:11.975 534 605 D SystemServerInitThreadPool: Finished executing Update app-ops uidState in case package com.android.networkstack.tethering.emulator changed
04-15 18:43:11.976 534 605 V SystemServerTimingAsync: InitThreadPoolExec:Update app-ops uidState in case package com.android.networkstack.tethering.emulator changed took to complete: 1ms
04-15 18:43:11.976 534 605 D SystemServerTimingAsync: InitThreadPoolExec:Update app-ops uidState in case package com.android.internal.emulation.pixel_8_pro changed
04-15 18:43:11.976 534 605 D SystemServerInitThreadPool: Started executing Update app-ops uidState in case package com.android.internal.emulation.pixel_8_pro changed
04-15 18:43:11.977 534 605 D SystemServerInitThreadPool: Finished executing Update app-ops uidState in case package com.android.internal.emulation.pixel_8_pro changed
04-15 18:43:11.977 534 534 D SystemServerTiming: OnBootPhase_550_com.android.server.permission.access.AccessCheckingService
04-15 18:43:11.977 534 534 V SystemServerTiming: OnBootPhase_550_com.android.server.permission.access.AccessCheckingService took to complete: 0ms
04-15 18:43:11.977 534 534 D SystemServerTiming: OnBootPhase_550_com.android.server.wm.ActivityTaskManagerService$Lifecycle
04-15 18:43:11.978 534 534 V SystemServerTiming: OnBootPhase_550_com.android.server.wm.ActivityTaskManagerService$Lifecycle took to complete: 0ms
04-15 18:43:11.978 534 534 D SystemServerTiming: OnBootPhase_550_com.android.server.am.ActivityManagerService$Lifecycle
04-15 18:43:11.984 534 564 V SystemServerTimingAsync: InitThreadPoolExec:Update app-ops uidState in case package com.android.internal.systemui.navbar.transparent changed took to complete: 12ms
04-15 18:43:11.984 534 564 D SystemServerTimingAsync: InitThreadPoolExec:Update app-ops uidState in case package com.android.internal.systemui.navbar.twobutton changed
04-15 18:43:11.984 534 564 D SystemServerInitThreadPool: Started executing Update app-ops uidState in case package com.android.internal.systemui.navbar.twobutton changed
04-15 18:43:11.986 534 564 D SystemServerInitThreadPool: Finished executing Update app-ops uidState in case package com.android.internal.systemui.navbar.twobutton changed
04-15 18:43:11.986 534 564 V SystemServerTimingAsync: InitThreadPoolExec:Update app-ops uidState in case package com.android.internal.systemui.navbar.twobutton changed took to complete: 2ms
04-15 18:43:11.986 534 564 D SystemServerTimingAsync: InitThreadPoolExec:Update app-ops uidState in case package com.android.systemui.emulation.pixel_3a_xl changed
04-15 18:43:11.987 534 564 D SystemServerInitThreadPool: Started executing Update app-ops uidState in case package com.android.systemui.emulation.pixel_3a_xl changed
04-15 18:43:11.987 534 564 D SystemServerInitThreadPool: Finished executing Update app-ops uidState in case package com.android.systemui.emulation.pixel_3a_xl changed
04-15 18:43:11.987 534 564 V SystemServerTimingAsync: InitThreadPoolExec:Update app-ops uidState in case package com.android.systemui.emulation.pixel_3a_xl changed took to complete: 1ms
04-15 18:43:11.987 534 564 D SystemServerTimingAsync: InitThreadPoolExec:Update app-ops uidState in case package com.android.systemui.emulation.pixel_6a changed
04-15 18:43:11.992 534 564 D SystemServerInitThreadPool: Started executing Update app-ops uidState in case package com.android.systemui.emulation.pixel_6a changed
04-15 18:43:11.992 534 564 D SystemServerInitThreadPool: Finished executing Update app-ops uidState in case package com.android.systemui.emulation.pixel_6a changed
04-15 18:43:11.993 534 564 V SystemServerTimingAsync: InitThreadPoolExec:Update app-ops uidState in case package com.android.systemui.emulation.pixel_6a changed took to complete: 1ms
04-15 18:43:11.993 534 564 D SystemServerTimingAsync: InitThreadPoolExec:Update app-ops uidState in case package com.android.role.notes.enabled changed
04-15 18:43:11.993 534 564 D SystemServerInitThreadPool: Started executing Update app-ops uidState in case package com.android.role.notes.enabled changed
04-15 18:43:11.994 534 564 D SystemServerInitThreadPool: Finished executing Update app-ops uidState in case package com.android.role.notes.enabled changed
04-15 18:43:11.994 534 564 V SystemServerTimingAsync: InitThreadPoolExec:Update app-ops uidState in case package com.android.role.notes.enabled changed took to complete: 1ms
04-15 18:43:11.994 534 564 D SystemServerTimingAsync: InitThreadPoolExec:Update app-ops uidState in case package com.android.internal.emulation.pixel_7a changed
04-15 18:43:11.995 534 564 D SystemServerInitThreadPool: Started executing Update app-ops uidState in case package com.android.internal.emulation.pixel_7a changed
04-15 18:43:11.995 534 564 D SystemServerInitThreadPool: Finished executing Update app-ops uidState in case package com.android.internal.emulation.pixel_7a changed
04-15 18:43:11.995 534 564 V SystemServerTimingAsync: InitThreadPoolExec:Update app-ops uidState in case package com.android.internal.emulation.pixel_7a changed took to complete: 0ms
04-15 18:43:12.000 534 605 V SystemServerTimingAsync: InitThreadPoolExec:Update app-ops uidState in case package com.android.internal.emulation.pixel_8_pro changed took to complete: 16ms
04-15 18:43:12.000 534 605 D SystemServerTimingAsync: InitThreadPoolExec:Update app-ops uidState in case package com.android.systemui.emulation.pixel_3a changed
04-15 18:43:12.000 534 605 D SystemServerInitThreadPool: Started executing Update app-ops uidState in case package com.android.systemui.emulation.pixel_3a changed
04-15 18:43:12.001 534 605 D SystemServerInitThreadPool: Finished executing Update app-ops uidState in case package com.android.systemui.emulation.pixel_3a changed
04-15 18:43:12.001 534 605 V SystemServerTimingAsync: InitThreadPoolExec:Update app-ops uidState in case package com.android.systemui.emulation.pixel_3a changed took to complete: 1ms
04-15 18:43:12.001 534 605 D SystemServerTimingAsync: InitThreadPoolExec:Update app-ops uidState in case package com.android.systemui.emulation.pixel_8_pro changed
04-15 18:43:12.001 534 605 D SystemServerInitThreadPool: Started executing Update app-ops uidState in case package com.android.systemui.emulation.pixel_8_pro changed
04-15 18:43:12.002 534 605 D SystemServerInitThreadPool: Finished executing Update app-ops uidState in case package com.android.systemui.emulation.pixel_8_pro changed
04-15 18:43:12.002 534 605 V SystemServerTimingAsync: InitThreadPoolExec:Update app-ops uidState in case package com.android.systemui.emulation.pixel_8_pro changed took to complete: 1ms
04-15 18:43:12.002 534 605 D SystemServerTimingAsync: InitThreadPoolExec:Update app-ops uidState in case package com.android.systemui.emulation.pixel_7_pro changed
04-15 18:43:12.002 534 605 D SystemServerInitThreadPool: Started executing Update app-ops uidState in case package com.android.systemui.emulation.pixel_7_pro changed
04-15 18:43:12.003 534 605 D SystemServerInitThreadPool: Finished executing Update app-ops uidState in case package com.android.systemui.emulation.pixel_7_pro changed
04-15 18:43:12.003 534 605 V SystemServerTimingAsync: InitThreadPoolExec:Update app-ops uidState in case package com.android.systemui.emulation.pixel_7_pro changed took to complete: 1ms
04-15 18:43:12.003 534 605 D SystemServerTimingAsync: InitThreadPoolExec:Update app-ops uidState in case package com.android.internal.display.cutout.emulation.hole changed
04-15 18:43:12.003 534 605 D SystemServerInitThreadPool: Started executing Update app-ops uidState in case package com.android.internal.display.cutout.emulation.hole changed
04-15 18:43:12.005 534 605 D SystemServerInitThreadPool: Finished executing Update app-ops uidState in case package com.android.internal.display.cutout.emulation.hole changed
04-15 18:43:12.006 534 605 V SystemServerTimingAsync: InitThreadPoolExec:Update app-ops uidState in case package com.android.internal.display.cutout.emulation.hole changed took to complete: 2ms
04-15 18:43:12.006 534 605 D SystemServerTimingAsync: InitThreadPoolExec:Update app-ops uidState in case package com.android.internal.emulation.pixel_4 changed
04-15 18:43:12.006 534 605 D SystemServerInitThreadPool: Started executing Update app-ops uidState in case package com.android.internal.emulation.pixel_4 changed
04-15 18:43:12.006 534 605 D SystemServerInitThreadPool: Finished executing Update app-ops uidState in case package com.android.internal.emulation.pixel_4 changed
04-15 18:43:12.007 534 605 V SystemServerTimingAsync: InitThreadPoolExec:Update app-ops uidState in case package com.android.internal.emulation.pixel_4 changed took to complete: 1ms
04-15 18:43:12.007 534 605 D SystemServerTimingAsync: InitThreadPoolExec:Update app-ops uidState in case package com.android.systemui.emulation.pixel_4a changed
04-15 18:43:12.007 534 605 D SystemServerInitThreadPool: Started executing Update app-ops uidState in case package com.android.systemui.emulation.pixel_4a changed
04-15 18:43:12.009 534 605 D SystemServerInitThreadPool: Finished executing Update app-ops uidState in case package com.android.systemui.emulation.pixel_4a changed
04-15 18:43:12.010 534 605 V SystemServerTimingAsync: InitThreadPoolExec:Update app-ops uidState in case package com.android.systemui.emulation.pixel_4a changed took to complete: 3ms
04-15 18:43:12.011 534 605 D SystemServerTimingAsync: InitThreadPoolExec:Update app-ops uidState in case package com.android.internal.emulation.pixel_6 changed
04-15 18:43:12.011 534 605 D SystemServerInitThreadPool: Started executing Update app-ops uidState in case package com.android.internal.emulation.pixel_6 changed
04-15 18:43:12.011 534 605 D SystemServerInitThreadPool: Finished executing Update app-ops uidState in case package com.android.internal.emulation.pixel_6 changed
04-15 18:43:12.015 534 605 V SystemServerTimingAsync: InitThreadPoolExec:Update app-ops uidState in case package com.android.internal.emulation.pixel_6 changed took to complete: 4ms
04-15 18:43:12.017 534 605 D SystemServerTimingAsync: InitThreadPoolExec:Update app-ops uidState in case package com.android.internal.emulation.pixel_6_pro changed
04-15 18:43:12.017 534 605 D SystemServerInitThreadPool: Started executing Update app-ops uidState in case package com.android.internal.emulation.pixel_6_pro changed
04-15 18:43:12.020 534 564 D SystemServerTimingAsync: InitThreadPoolExec:Update app-ops uidState in case package com.android.systemui.emulation.pixel_7a changed
04-15 18:43:12.022 534 564 D SystemServerInitThreadPool: Started executing Update app-ops uidState in case package com.android.systemui.emulation.pixel_7a changed
04-15 18:43:12.022 534 564 D SystemServerInitThreadPool: Finished executing Update app-ops uidState in case package com.android.systemui.emulation.pixel_7a changed
04-15 18:43:12.022 534 564 V SystemServerTimingAsync: InitThreadPoolExec:Update app-ops uidState in case package com.android.systemui.emulation.pixel_7a changed took to complete: 0ms
04-15 18:43:12.023 534 564 D SystemServerTimingAsync: InitThreadPoolExec:Update app-ops uidState in case package com.android.systemui.emulation.pixel_3_xl changed
04-15 18:43:12.023 534 564 D SystemServerInitThreadPool: Started executing Update app-ops uidState in case package com.android.systemui.emulation.pixel_3_xl changed
04-15 18:43:12.023 534 564 D SystemServerInitThreadPool: Finished executing Update app-ops uidState in case package com.android.systemui.emulation.pixel_3_xl changed
04-15 18:43:12.023 534 564 V SystemServerTimingAsync: InitThreadPoolExec:Update app-ops uidState in case package com.android.systemui.emulation.pixel_3_xl changed took to complete: 0ms
04-15 18:43:12.027 534 564 D SystemServerTimingAsync: InitThreadPoolExec:Update app-ops uidState in case package com.android.systemui.emulation.pixel_fold changed
04-15 18:43:12.027 534 564 D SystemServerInitThreadPool: Started executing Update app-ops uidState in case package com.android.systemui.emulation.pixel_fold changed
04-15 18:43:12.027 534 564 D SystemServerInitThreadPool: Finished executing Update app-ops uidState in case package com.android.systemui.emulation.pixel_fold changed
04-15 18:43:12.027 534 564 V SystemServerTimingAsync: InitThreadPoolExec:Update app-ops uidState in case package com.android.systemui.emulation.pixel_fold changed took to complete: 0ms
04-15 18:43:12.029 534 564 D SystemServerTimingAsync: InitThreadPoolExec:Update app-ops uidState in case package com.android.internal.systemui.navbar.gestural changed
04-15 18:43:12.029 534 564 D SystemServerInitThreadPool: Started executing Update app-ops uidState in case package com.android.internal.systemui.navbar.gestural changed
04-15 18:43:12.029 534 564 D SystemServerInitThreadPool: Finished executing Update app-ops uidState in case package com.android.internal.systemui.navbar.gestural changed
04-15 18:43:12.029 534 564 V SystemServerTimingAsync: InitThreadPoolExec:Update app-ops uidState in case package com.android.internal.systemui.navbar.gestural changed took to complete: 0ms
04-15 18:43:12.030 534 564 D SystemServerTimingAsync: InitThreadPoolExec:Update app-ops uidState in case package com.android.internal.display.cutout.emulation.double changed
04-15 18:43:12.030 534 564 D SystemServerInitThreadPool: Started executing Update app-ops uidState in case package com.android.internal.display.cutout.emulation.double changed
04-15 18:43:12.030 534 564 D SystemServerInitThreadPool: Finished executing Update app-ops uidState in case package com.android.internal.display.cutout.emulation.double changed
04-15 18:43:12.030 534 564 V SystemServerTimingAsync: InitThreadPoolExec:Update app-ops uidState in case package com.android.internal.display.cutout.emulation.double changed took to complete: 0ms
04-15 18:43:12.031 534 564 D SystemServerTimingAsync: InitThreadPoolExec:Update app-ops uidState in case package com.android.internal.systemui.navbar.gestural_extra_wide_back changed
04-15 18:43:12.031 534 564 D SystemServerInitThreadPool: Started executing Update app-ops uidState in case package com.android.internal.systemui.navbar.gestural_extra_wide_back changed
04-15 18:43:12.031 534 564 D SystemServerInitThreadPool: Finished executing Update app-ops uidState in case package com.android.internal.systemui.navbar.gestural_extra_wide_back changed
04-15 18:43:12.033 534 564 V SystemServerTimingAsync: InitThreadPoolExec:Update app-ops uidState in case package com.android.internal.systemui.navbar.gestural_extra_wide_back changed took to complete: 2ms
04-15 18:43:12.033 534 564 D SystemServerTimingAsync: InitThreadPoolExec:Update app-ops uidState in case package com.android.internal.emulation.pixel_3 changed
04-15 18:43:12.034 534 564 D SystemServerInitThreadPool: Started executing Update app-ops uidState in case package com.android.internal.emulation.pixel_3 changed
04-15 18:43:12.034 534 564 D SystemServerInitThreadPool: Finished executing Update app-ops uidState in case package com.android.internal.emulation.pixel_3 changed
04-15 18:43:12.034 534 564 V SystemServerTimingAsync: InitThreadPoolExec:Update app-ops uidState in case package com.android.internal.emulation.pixel_3 changed took to complete: 0ms
04-15 18:43:12.034 534 564 D SystemServerTimingAsync: InitThreadPoolExec:Update app-ops uidState in case package com.android.internal.emulation.pixel_5 changed
04-15 18:43:12.035 534 564 D SystemServerInitThreadPool: Started executing Update app-ops uidState in case package com.android.internal.emulation.pixel_5 changed
04-15 18:43:12.035 534 564 D SystemServerInitThreadPool: Finished executing Update app-ops uidState in case package com.android.internal.emulation.pixel_5 changed
04-15 18:43:12.035 534 564 V SystemServerTimingAsync: InitThreadPoolExec:Update app-ops uidState in case package com.android.internal.emulation.pixel_5 changed took to complete: 0ms
04-15 18:43:12.035 534 564 D SystemServerTimingAsync: InitThreadPoolExec:Update app-ops uidState in case package com.android.internal.emulation.pixel_3_xl changed
04-15 18:43:12.037 534 564 D SystemServerInitThreadPool: Started executing Update app-ops uidState in case package com.android.internal.emulation.pixel_3_xl changed
04-15 18:43:12.038 534 564 D SystemServerInitThreadPool: Finished executing Update app-ops uidState in case package com.android.internal.emulation.pixel_3_xl changed
04-15 18:43:12.038 534 564 V SystemServerTimingAsync: InitThreadPoolExec:Update app-ops uidState in case package com.android.internal.emulation.pixel_3_xl changed took to complete: 1ms
04-15 18:43:12.038 534 564 D SystemServerTimingAsync: InitThreadPoolExec:Update app-ops uidState in case package com.android.systemui.emulation.pixel_6 changed
04-15 18:43:12.038 534 564 D SystemServerInitThreadPool: Started executing Update app-ops uidState in case package com.android.systemui.emulation.pixel_6 changed
04-15 18:43:12.039 534 564 D SystemServerInitThreadPool: Finished executing Update app-ops uidState in case package com.android.systemui.emulation.pixel_6 changed
04-15 18:43:12.039 534 564 V SystemServerTimingAsync: InitThreadPoolExec:Update app-ops uidState in case package com.android.systemui.emulation.pixel_6 changed took to complete: 1ms
04-15 18:43:12.039 534 564 D SystemServerTimingAsync: InitThreadPoolExec:Update app-ops uidState in case package com.android.internal.systemui.navbar.gestural_narrow_back changed
04-15 18:43:12.039 534 564 D SystemServerInitThreadPool: Started executing Update app-ops uidState in case package com.android.internal.systemui.navbar.gestural_narrow_back changed
04-15 18:43:12.040 534 605 D SystemServerInitThreadPool: Finished executing Update app-ops uidState in case package com.android.internal.emulation.pixel_6_pro changed
04-15 18:43:12.040 534 605 V SystemServerTimingAsync: InitThreadPoolExec:Update app-ops uidState in case package com.android.internal.emulation.pixel_6_pro changed took to complete: 23ms
04-15 18:43:12.040 534 605 D SystemServerTimingAsync: InitThreadPoolExec:Update app-ops uidState in case package com.android.internal.emulation.pixel_3a_xl changed
04-15 18:43:12.041 534 605 D SystemServerInitThreadPool: Started executing Update app-ops uidState in case package com.android.internal.emulation.pixel_3a_xl changed
04-15 18:43:12.041 534 605 D SystemServerInitThreadPool: Finished executing Update app-ops uidState in case package com.android.internal.emulation.pixel_3a_xl changed
04-15 18:43:12.041 534 605 V SystemServerTimingAsync: InitThreadPoolExec:Update app-ops uidState in case package com.android.internal.emulation.pixel_3a_xl changed took to complete: 0ms
04-15 18:43:12.041 534 605 D SystemServerTimingAsync: InitThreadPoolExec:Update app-ops uidState in case package com.android.internal.emulation.pixel_4_xl changed
04-15 18:43:12.044 534 605 D SystemServerInitThreadPool: Started executing Update app-ops uidState in case package com.android.internal.emulation.pixel_4_xl changed
04-15 18:43:12.044 534 605 D SystemServerInitThreadPool: Finished executing Update app-ops uidState in case package com.android.internal.emulation.pixel_4_xl changed
04-15 18:43:12.044 534 605 V SystemServerTimingAsync: InitThreadPoolExec:Update app-ops uidState in case package com.android.internal.emulation.pixel_4_xl changed took to complete: 0ms
04-15 18:43:12.045 534 605 D SystemServerTimingAsync: InitThreadPoolExec:Update app-ops uidState in case package com.android.internal.emulation.pixel_7 changed
04-15 18:43:12.045 534 605 D SystemServerInitThreadPool: Started executing Update app-ops uidState in case package com.android.internal.emulation.pixel_7 changed
04-15 18:43:12.045 534 605 D SystemServerInitThreadPool: Finished executing Update app-ops uidState in case package com.android.internal.emulation.pixel_7 changed
04-15 18:43:12.046 534 605 V SystemServerTimingAsync: InitThreadPoolExec:Update app-ops uidState in case package com.android.internal.emulation.pixel_7 changed took to complete: 1ms
04-15 18:43:12.046 534 605 D SystemServerTimingAsync: InitThreadPoolExec:Update app-ops uidState in case package com.android.internal.display.cutout.emulation.emu01 changed
04-15 18:43:12.046 534 605 D SystemServerInitThreadPool: Started executing Update app-ops uidState in case package com.android.internal.display.cutout.emulation.emu01 changed
04-15 18:43:12.047 534 605 D SystemServerInitThreadPool: Finished executing Update app-ops uidState in case package com.android.internal.display.cutout.emulation.emu01 changed
04-15 18:43:12.047 534 605 V SystemServerTimingAsync: InitThreadPoolExec:Update app-ops uidState in case package com.android.internal.display.cutout.emulation.emu01 changed took to complete: 1ms
04-15 18:43:12.047 534 564 D SystemServerInitThreadPool: Finished executing Update app-ops uidState in case package com.android.internal.systemui.navbar.gestural_narrow_back changed
04-15 18:43:12.049 534 564 V SystemServerTimingAsync: InitThreadPoolExec:Update app-ops uidState in case package com.android.internal.systemui.navbar.gestural_narrow_back changed took to complete: 10ms
04-15 18:43:12.050 534 564 D SystemServerTimingAsync: InitThreadPoolExec:Update app-ops uidState in case package com.android.internal.emulation.pixel_8 changed
04-15 18:43:12.050 534 564 D SystemServerInitThreadPool: Started executing Update app-ops uidState in case package com.android.internal.emulation.pixel_8 changed
04-15 18:43:12.050 534 564 D SystemServerInitThreadPool: Finished executing Update app-ops uidState in case package com.android.internal.emulation.pixel_8 changed
04-15 18:43:12.051 534 564 V SystemServerTimingAsync: InitThreadPoolExec:Update app-ops uidState in case package com.android.internal.emulation.pixel_8 changed took to complete: 0ms
04-15 18:43:12.051 534 564 D SystemServerTimingAsync: InitThreadPoolExec:Update app-ops uidState in case package com.android.shell changed
04-15 18:43:12.051 534 564 D SystemServerInitThreadPool: Started executing Update app-ops uidState in case package com.android.shell changed
04-15 18:43:12.051 534 564 D SystemServerInitThreadPool: Finished executing Update app-ops uidState in case package com.android.shell changed
04-15 18:43:12.053 534 564 V SystemServerTimingAsync: InitThreadPoolExec:Update app-ops uidState in case package com.android.shell changed took to complete: 1ms
04-15 18:43:12.053 534 564 D SystemServerTimingAsync: InitThreadPoolExec:Update app-ops uidState in case package com.android.networkstack changed
04-15 18:43:12.053 534 564 D SystemServerInitThreadPool: Started executing Update app-ops uidState in case package com.android.networkstack changed
04-15 18:43:12.053 534 564 D SystemServerInitThreadPool: Finished executing Update app-ops uidState in case package com.android.networkstack changed
04-15 18:43:12.054 534 564 V SystemServerTimingAsync: InitThreadPoolExec:Update app-ops uidState in case package com.android.networkstack changed took to complete: 0ms
04-15 18:43:12.055 534 564 D SystemServerTimingAsync: InitThreadPoolExec:Update app-ops uidState in case package com.android.cellbroadcastservice changed
04-15 18:43:12.055 534 564 D SystemServerInitThreadPool: Started executing Update app-ops uidState in case package com.android.cellbroadcastservice changed
04-15 18:43:12.055 534 564 D SystemServerInitThreadPool: Finished executing Update app-ops uidState in case package com.android.cellbroadcastservice changed
04-15 18:43:12.056 534 564 V SystemServerTimingAsync: InitThreadPoolExec:Update app-ops uidState in case package com.android.cellbroadcastservice changed took to complete: 0ms
04-15 18:43:12.056 534 564 D SystemServerTimingAsync: InitThreadPoolExec:Update app-ops uidState in case package com.android.networkstack.tethering changed
04-15 18:43:12.056 534 564 D SystemServerInitThreadPool: Started executing Update app-ops uidState in case package com.android.networkstack.tethering changed
04-15 18:43:12.057 534 564 D SystemServerInitThreadPool: Finished executing Update app-ops uidState in case package com.android.networkstack.tethering changed
04-15 18:43:12.057 534 564 V SystemServerTimingAsync: InitThreadPoolExec:Update app-ops uidState in case package com.android.networkstack.tethering changed took to complete: 1ms
04-15 18:43:12.057 534 564 D SystemServerTimingAsync: InitThreadPoolExec:Update app-ops uidState in case package com.android.se changed
04-15 18:43:12.057 534 564 D SystemServerInitThreadPool: Started executing Update app-ops uidState in case package com.android.se changed
04-15 18:43:12.058 534 564 D SystemServerInitThreadPool: Finished executing Update app-ops uidState in case package com.android.se changed
04-15 18:43:12.058 534 564 V SystemServerTimingAsync: InitThreadPoolExec:Update app-ops uidState in case package com.android.se changed took to complete: 1ms
04-15 18:43:12.060 534 605 D SystemServerTimingAsync: InitThreadPoolExec:Update app-ops uidState in case package com.android.internal.emulation.pixel_4a changed
04-15 18:43:12.060 534 605 D SystemServerInitThreadPool: Started executing Update app-ops uidState in case package com.android.internal.emulation.pixel_4a changed
04-15 18:43:12.060 534 605 D SystemServerInitThreadPool: Finished executing Update app-ops uidState in case package com.android.internal.emulation.pixel_4a changed
04-15 18:43:12.061 534 605 V SystemServerTimingAsync: InitThreadPoolExec:Update app-ops uidState in case package com.android.internal.emulation.pixel_4a changed took to complete: 0ms
04-15 18:43:12.061 534 605 D SystemServerTimingAsync: InitThreadPoolExec:Update app-ops uidState in case package com.android.nfc changed
04-15 18:43:12.061 534 605 D SystemServerInitThreadPool: Started executing Update app-ops uidState in case package com.android.nfc changed
04-15 18:43:12.061 534 605 D SystemServerInitThreadPool: Finished executing Update app-ops uidState in case package com.android.nfc changed
04-15 18:43:12.062 534 605 V SystemServerTimingAsync: InitThreadPoolExec:Update app-ops uidState in case package com.android.nfc changed took to complete: 1ms
04-15 18:43:12.062 534 605 D SystemServerTimingAsync: InitThreadPoolExec:Update app-ops uidState in case package com.android.bluetooth changed
04-15 18:43:12.062 534 605 D SystemServerInitThreadPool: Started executing Update app-ops uidState in case package com.android.bluetooth changed
04-15 18:43:12.062 534 605 D SystemServerInitThreadPool: Finished executing Update app-ops uidState in case package com.android.bluetooth changed
04-15 18:43:12.063 534 605 V SystemServerTimingAsync: InitThreadPoolExec:Update app-ops uidState in case package com.android.bluetooth changed took to complete: 0ms
04-15 18:43:12.063 534 605 D SystemServerTimingAsync: InitThreadPoolExec:Update app-ops uidState in case package com.android.providers.telephony changed
04-15 18:43:12.063 534 605 D SystemServerInitThreadPool: Started executing Update app-ops uidState in case package com.android.providers.telephony changed
04-15 18:43:12.063 534 605 D SystemServerInitThreadPool: Finished executing Update app-ops uidState in case package com.android.providers.telephony changed
04-15 18:43:12.065 534 534 V SystemServerTiming: OnBootPhase_550_com.android.server.am.ActivityManagerService$Lifecycle took to complete: 31ms
04-15 18:43:12.065 534 534 D SystemServerTiming: OnBootPhase_550_com.android.server.pm.DataLoaderManagerService
04-15 18:43:12.065 534 534 V SystemServerTiming: OnBootPhase_550_com.android.server.pm.DataLoaderManagerService took to complete: 0ms
04-15 18:43:12.065 534 534 D SystemServerTiming: OnBootPhase_550_com.android.server.power.PowerManagerService
04-15 18:43:12.066 534 534 V SystemServerTiming: OnBootPhase_550_com.android.server.power.PowerManagerService took to complete: 0ms
04-15 18:43:12.066 534 534 D SystemServerTiming: OnBootPhase_550_com.android.server.power.ThermalManagerService
04-15 18:43:12.082 0 0 I servicemanager: Could not find android.hardware.thermal.IThermal/default in the VINTF manifest.
04-15 18:43:12.075 534 605 V SystemServerTimingAsync: InitThreadPoolExec:Update app-ops uidState in case package com.android.providers.telephony changed took to complete: 12ms
04-15 18:43:12.076 534 605 D SystemServerTimingAsync: InitThreadPoolExec:Update app-ops uidState in case package com.android.mms.service changed
04-15 18:43:12.080 534 605 D SystemServerInitThreadPool: Started executing Update app-ops uidState in case package com.android.mms.service changed
04-15 18:43:12.080 534 605 D SystemServerInitThreadPool: Finished executing Update app-ops uidState in case package com.android.mms.service changed
04-15 18:43:12.080 534 605 V SystemServerTimingAsync: InitThreadPoolExec:Update app-ops uidState in case package com.android.mms.service changed took to complete: 0ms
04-15 18:43:12.080 534 605 D SystemServerTimingAsync: InitThreadPoolExec:Update app-ops uidState in case package com.android.ons changed
04-15 18:43:12.080 534 605 D SystemServerInitThreadPool: Started executing Update app-ops uidState in case package com.android.ons changed
04-15 18:43:12.080 534 605 D SystemServerInitThreadPool: Finished executing Update app-ops uidState in case package com.android.ons changed
04-15 18:43:12.081 534 605 V SystemServerTimingAsync: InitThreadPoolExec:Update app-ops uidState in case package com.android.ons changed took to complete: 0ms
04-15 18:43:12.081 534 605 D SystemServerTimingAsync: InitThreadPoolExec:Update app-ops uidState in case package com.android.stk changed
04-15 18:43:12.081 534 605 D SystemServerInitThreadPool: Started executing Update app-ops uidState in case package com.android.stk changed
04-15 18:43:12.081 534 605 D SystemServerInitThreadPool: Finished executing Update app-ops uidState in case package com.android.stk changed
04-15 18:43:12.081 534 605 V SystemServerTimingAsync: InitThreadPoolExec:Update app-ops uidState in case package com.android.stk changed took to complete: 0ms
04-15 18:43:12.081 534 605 D SystemServerTimingAsync: InitThreadPoolExec:Update app-ops uidState in case package com.android.phone changed
04-15 18:43:12.081 534 605 D SystemServerInitThreadPool: Started executing Update app-ops uidState in case package com.android.phone changed
04-15 18:43:12.081 534 605 D SystemServerInitThreadPool: Finished executing Update app-ops uidState in case package com.android.phone changed
04-15 18:43:12.081 534 605 V SystemServerTimingAsync: InitThreadPoolExec:Update app-ops uidState in case package com.android.phone changed took to complete: 0ms
04-15 18:43:12.081 534 605 D SystemServerTimingAsync: InitThreadPoolExec:Update app-ops uidState in case package com.android.dynsystem changed
04-15 18:43:12.082 534 605 D SystemServerInitThreadPool: Started executing Update app-ops uidState in case package com.android.dynsystem changed
04-15 18:43:12.082 534 605 D SystemServerInitThreadPool: Finished executing Update app-ops uidState in case package com.android.dynsystem changed
04-15 18:43:12.082 534 605 V SystemServerTimingAsync: InitThreadPoolExec:Update app-ops uidState in case package com.android.dynsystem changed took to complete: 1ms
04-15 18:43:12.082 534 605 D SystemServerTimingAsync: InitThreadPoolExec:Update app-ops uidState in case package android changed
04-15 18:43:12.082 534 605 D SystemServerInitThreadPool: Started executing Update app-ops uidState in case package android changed
04-15 18:43:12.082 534 605 D SystemServerInitThreadPool: Finished executing Update app-ops uidState in case package android changed
04-15 18:43:12.082 534 605 V SystemServerTimingAsync: InitThreadPoolExec:Update app-ops uidState in case package android changed took to complete: 0ms
04-15 18:43:12.082 534 605 D SystemServerTimingAsync: InitThreadPoolExec:Update app-ops uidState in case package com.android.providers.settings changed
04-15 18:43:12.083 534 605 D SystemServerInitThreadPool: Started executing Update app-ops uidState in case package com.android.providers.settings changed
04-15 18:43:12.083 534 605 D SystemServerInitThreadPool: Finished executing Update app-ops uidState in case package com.android.providers.settings changed
04-15 18:43:12.083 534 605 V SystemServerTimingAsync: InitThreadPoolExec:Update app-ops uidState in case package com.android.providers.settings changed took to complete: 1ms
04-15 18:43:12.083 534 605 D SystemServerTimingAsync: InitThreadPoolExec:Update app-ops uidState in case package com.android.inputdevices changed
04-15 18:43:12.083 534 605 D SystemServerInitThreadPool: Started executing Update app-ops uidState in case package com.android.inputdevices changed
04-15 18:43:12.083 534 605 D SystemServerInitThreadPool: Finished executing Update app-ops uidState in case package com.android.inputdevices changed
04-15 18:43:12.083 534 605 V SystemServerTimingAsync: InitThreadPoolExec:Update app-ops uidState in case package com.android.inputdevices changed took to complete: 0ms
04-15 18:43:12.083 534 605 D SystemServerTimingAsync: InitThreadPoolExec:Update app-ops uidState in case package com.android.server.telecom changed
04-15 18:43:12.083 534 605 D SystemServerInitThreadPool: Started executing Update app-ops uidState in case package com.android.server.telecom changed
04-15 18:43:12.090 534 564 D SystemServerTimingAsync: InitThreadPoolExec:Update app-ops uidState in case package com.android.keychain changed
04-15 18:43:12.091 534 564 D SystemServerInitThreadPool: Started executing Update app-ops uidState in case package com.android.keychain changed
04-15 18:43:12.091 534 564 D SystemServerInitThreadPool: Finished executing Update app-ops uidState in case package com.android.keychain changed
04-15 18:43:12.092 534 564 V SystemServerTimingAsync: InitThreadPoolExec:Update app-ops uidState in case package com.android.keychain changed took to complete: 0ms
04-15 18:43:12.092 534 564 D SystemServerTimingAsync: InitThreadPoolExec:Update app-ops uidState in case package com.android.localtransport changed
04-15 18:43:12.092 534 564 D SystemServerInitThreadPool: Started executing Update app-ops uidState in case package com.android.localtransport changed
04-15 18:43:12.093 534 564 D SystemServerInitThreadPool: Finished executing Update app-ops uidState in case package com.android.localtransport changed
04-15 18:43:12.093 534 564 V SystemServerTimingAsync: InitThreadPoolExec:Update app-ops uidState in case package com.android.localtransport changed took to complete: 1ms
04-15 18:43:12.093 534 564 D SystemServerTimingAsync: InitThreadPoolExec:Update app-ops uidState in case package com.android.emulator.multidisplay changed
04-15 18:43:12.093 534 564 D SystemServerInitThreadPool: Started executing Update app-ops uidState in case package com.android.emulator.multidisplay changed
04-15 18:43:12.094 534 564 D SystemServerInitThreadPool: Finished executing Update app-ops uidState in case package com.android.emulator.multidisplay changed
04-15 18:43:12.094 534 564 V SystemServerTimingAsync: InitThreadPoolExec:Update app-ops uidState in case package com.android.emulator.multidisplay changed took to complete: 1ms
04-15 18:43:12.094 534 564 D SystemServerTimingAsync: InitThreadPoolExec:Update app-ops uidState in case package com.android.settings changed
04-15 18:43:12.094 534 564 D SystemServerInitThreadPool: Started executing Update app-ops uidState in case package com.android.settings changed
04-15 18:43:12.095 534 564 D SystemServerInitThreadPool: Finished executing Update app-ops uidState in case package com.android.settings changed
04-15 18:43:12.095 534 564 V SystemServerTimingAsync: InitThreadPoolExec:Update app-ops uidState in case package com.android.settings changed took to complete: 1ms
04-15 18:43:12.095 534 564 D SystemServerTimingAsync: InitThreadPoolExec:Update app-ops uidState in case package com.android.wallpaperbackup changed
04-15 18:43:12.095 534 564 D SystemServerInitThreadPool: Started executing Update app-ops uidState in case package com.android.wallpaperbackup changed
04-15 18:43:12.105 534 534 I android_os_HwBinder: HwBinder: Starting thread pool for getting: android.hardware.thermal@2.0::IThermal/default
04-15 18:43:12.116 347 347 I android.hardware.thermal@2.0-service-mock: A callback has been registered to ThermalHAL, isFilter: 0 Type: CPU
04-15 18:43:12.118 534 534 I ThermalHalWrapper: Thermal HAL 2.0 service connected.
04-15 18:43:12.122 534 605 D SystemServerInitThreadPool: Finished executing Update app-ops uidState in case package com.android.server.telecom changed
04-15 18:43:12.123 534 605 V SystemServerTimingAsync: InitThreadPoolExec:Update app-ops uidState in case package com.android.server.telecom changed took to complete: 40ms
04-15 18:43:12.123 534 605 D SystemServerTimingAsync: InitThreadPoolExec:Update app-ops uidState in case package com.android.location.fused changed
04-15 18:43:12.125 534 605 D SystemServerInitThreadPool: Started executing Update app-ops uidState in case package com.android.location.fused changed
04-15 18:43:12.126 534 605 D SystemServerInitThreadPool: Finished executing Update app-ops uidState in case package com.android.location.fused changed
04-15 18:43:12.126 534 605 V SystemServerTimingAsync: InitThreadPoolExec:Update app-ops uidState in case package com.android.location.fused changed took to complete: 1ms
04-15 18:43:12.127 534 564 D SystemServerInitThreadPool: Finished executing Update app-ops uidState in case package com.android.wallpaperbackup changed
04-15 18:43:12.133 534 564 V SystemServerTimingAsync: InitThreadPoolExec:Update app-ops uidState in case package com.android.wallpaperbackup changed took to complete: 38ms
04-15 18:43:12.135 534 534 W SystemServiceManager: Service com.android.server.power.ThermalManagerService took 69 ms in onBootPhase
04-15 18:43:12.135 534 534 V SystemServerTiming: OnBootPhase_550_com.android.server.power.ThermalManagerService took to complete: 69ms
04-15 18:43:12.135 534 534 D SystemServerTiming: OnBootPhase_550_com.android.server.power.hint.HintManagerService
04-15 18:43:12.135 534 534 V SystemServerTiming: OnBootPhase_550_com.android.server.power.hint.HintManagerService took to complete: 0ms
04-15 18:43:12.135 534 534 D SystemServerTiming: OnBootPhase_550_com.android.server.recoverysystem.RecoverySystemService$Lifecycle
04-15 18:43:12.138 534 534 V SystemServerTiming: OnBootPhase_550_com.android.server.recoverysystem.RecoverySystemService$Lifecycle took to complete: 0ms
04-15 18:43:12.138 534 534 D SystemServerTiming: OnBootPhase_550_com.android.server.lights.LightsService
04-15 18:43:12.138 534 534 V SystemServerTiming: OnBootPhase_550_com.android.server.lights.LightsService took to complete: 0ms
04-15 18:43:12.138 534 534 D SystemServerTiming: OnBootPhase_550_com.android.server.display.DisplayManagerService
04-15 18:43:12.138 534 534 V SystemServerTiming: OnBootPhase_550_com.android.server.display.DisplayManagerService took to complete: 0ms
04-15 18:43:12.138 534 534 D SystemServerTiming: OnBootPhase_550_com.android.server.pm.verify.domain.DomainVerificationService
04-15 18:43:12.138 534 534 V SystemServerTiming: OnBootPhase_550_com.android.server.pm.verify.domain.DomainVerificationService took to complete: 0ms
04-15 18:43:12.138 534 534 D SystemServerTiming: OnBootPhase_550_com.android.server.pm.PackageInstallerService$Lifecycle
04-15 18:43:12.139 534 534 V SystemServerTiming: OnBootPhase_550_com.android.server.pm.PackageInstallerService$Lifecycle took to complete: 0ms
04-15 18:43:12.139 534 534 D SystemServerTiming: OnBootPhase_550_com.android.server.pm.UserManagerService$LifeCycle
04-15 18:43:12.139 534 534 V SystemServerTiming: OnBootPhase_550_com.android.server.pm.UserManagerService$LifeCycle took to complete: 0ms
04-15 18:43:12.139 534 534 D SystemServerTiming: OnBootPhase_550_com.android.server.om.OverlayManagerService
04-15 18:43:12.141 534 534 V SystemServerTiming: OnBootPhase_550_com.android.server.om.OverlayManagerService took to complete: 0ms
04-15 18:43:12.141 534 534 D SystemServerTiming: OnBootPhase_550_com.android.server.resources.ResourcesManagerService
04-15 18:43:12.141 534 534 V SystemServerTiming: OnBootPhase_550_com.android.server.resources.ResourcesManagerService took to complete: 0ms
04-15 18:43:12.141 534 534 D SystemServerTiming: OnBootPhase_550_com.android.server.sensorprivacy.SensorPrivacyService
04-15 18:43:12.144 534 534 V SystemServerTiming: OnBootPhase_550_com.android.server.sensorprivacy.SensorPrivacyService took to complete: 3ms
04-15 18:43:12.144 534 534 D SystemServerTiming: OnBootPhase_550_com.android.server.sensors.SensorService
04-15 18:43:12.145 534 534 V SystemServerTiming: OnBootPhase_550_com.android.server.sensors.SensorService took to complete: 0ms
04-15 18:43:12.145 534 534 D SystemServerTiming: OnBootPhase_550_com.android.server.SystemConfigService
04-15 18:43:12.145 534 534 V SystemServerTiming: OnBootPhase_550_com.android.server.SystemConfigService took to complete: 0ms
04-15 18:43:12.145 534 534 D SystemServerTiming: OnBootPhase_550_com.android.server.BatteryService
04-15 18:43:12.147 534 534 V SystemServerTiming: OnBootPhase_550_com.android.server.BatteryService took to complete: 2ms
04-15 18:43:12.147 534 534 D SystemServerTiming: OnBootPhase_550_com.android.server.usage.UsageStatsService
04-15 18:43:12.147 534 534 V SystemServerTiming: OnBootPhase_550_com.android.server.usage.UsageStatsService took to complete: 0ms
04-15 18:43:12.147 534 534 D SystemServerTiming: OnBootPhase_550_com.android.server.webkit.WebViewUpdateService
04-15 18:43:12.147 534 534 V SystemServerTiming: OnBootPhase_550_com.android.server.webkit.WebViewUpdateService took to complete: 0ms
04-15 18:43:12.147 534 534 D SystemServerTiming: OnBootPhase_550_com.android.server.CachedDeviceStateService
04-15 18:43:12.147 534 534 V SystemServerTiming: OnBootPhase_550_com.android.server.CachedDeviceStateService took to complete: 0ms
04-15 18:43:12.147 534 534 D SystemServerTiming: OnBootPhase_550_com.android.server.BinderCallsStatsService$LifeCycle
04-15 18:43:12.148 534 534 V SystemServerTiming: OnBootPhase_550_com.android.server.BinderCallsStatsService$LifeCycle took to complete: 0ms
04-15 18:43:12.153 534 534 D SystemServerTiming: OnBootPhase_550_com.android.server.LooperStatsService$Lifecycle
04-15 18:43:12.153 534 534 V SystemServerTiming: OnBootPhase_550_com.android.server.LooperStatsService$Lifecycle took to complete: 0ms
04-15 18:43:12.153 534 534 D SystemServerTiming: OnBootPhase_550_com.android.server.rollback.RollbackManagerService
04-15 18:43:12.153 534 534 V SystemServerTiming: OnBootPhase_550_com.android.server.rollback.RollbackManagerService took to complete: 0ms
04-15 18:43:12.153 534 534 D SystemServerTiming: OnBootPhase_550_com.android.server.os.NativeTombstoneManagerService
04-15 18:43:12.154 534 534 V SystemServerTiming: OnBootPhase_550_com.android.server.os.NativeTombstoneManagerService took to complete: 1ms
04-15 18:43:12.154 534 534 D SystemServerTiming: OnBootPhase_550_com.android.server.os.BugreportManagerService
04-15 18:43:12.155 534 534 V SystemServerTiming: OnBootPhase_550_com.android.server.os.BugreportManagerService took to complete: 0ms
04-15 18:43:12.155 534 534 D SystemServerTiming: OnBootPhase_550_com.android.server.gpu.GpuService
04-15 18:43:12.155 534 534 V SystemServerTiming: OnBootPhase_550_com.android.server.gpu.GpuService took to complete: 0ms
04-15 18:43:12.155 534 534 D SystemServerTiming: OnBootPhase_550_com.android.server.security.rkp.RemoteProvisioningService
04-15 18:43:12.155 534 534 V SystemServerTiming: OnBootPhase_550_com.android.server.security.rkp.RemoteProvisioningService took to complete: 0ms
04-15 18:43:12.155 534 534 D SystemServerTiming: OnBootPhase_550_com.android.server.cpu.CpuMonitorService
04-15 18:43:12.155 534 534 V SystemServerTiming: OnBootPhase_550_com.android.server.cpu.CpuMonitorService took to complete: 0ms
04-15 18:43:12.155 534 534 D SystemServerTiming: OnBootPhase_550_com.android.server.security.KeyChainSystemService
04-15 18:43:12.155 534 534 V SystemServerTiming: OnBootPhase_550_com.android.server.security.KeyChainSystemService took to complete: 0ms
04-15 18:43:12.155 534 534 D SystemServerTiming: OnBootPhase_550_com.android.server.BinaryTransparencyService
04-15 18:43:12.155 534 534 V SystemServerTiming: OnBootPhase_550_com.android.server.BinaryTransparencyService took to complete: 0ms
04-15 18:43:12.157 534 534 D SystemServerTiming: OnBootPhase_550_com.android.server.telecom.TelecomLoaderService
04-15 18:43:12.169 534 534 W ActivityManager: Too early to start/bind service in system_server: Phase=550 ComponentInfo{com.android.server.telecom/com.android.server.telecom.components.TelecomService}
04-15 18:43:12.173 534 534 W ActivityManager: Too early to start/bind service in system_server: Phase=550 ComponentInfo{com.android.server.telecom/com.android.server.telecom.components.TelecomService}
04-15 18:43:12.177 534 534 D CompatibilityChangeReporter: Compat change id reported: 261072174; UID 1000; state: ENABLED
04-15 18:43:12.179 534 534 V SystemServerTiming: OnBootPhase_550_com.android.server.telecom.TelecomLoaderService took to complete: 22ms
04-15 18:43:12.181 534 534 D SystemServerTiming: OnBootPhase_550_com.android.server.accounts.AccountManagerService$Lifecycle
04-15 18:43:12.182 534 534 V SystemServerTiming: OnBootPhase_550_com.android.server.accounts.AccountManagerService$Lifecycle took to complete: 0ms
04-15 18:43:12.182 534 534 D SystemServerTiming: OnBootPhase_550_com.android.server.content.ContentService$Lifecycle
04-15 18:43:12.183 534 534 V SystemServerTiming: OnBootPhase_550_com.android.server.content.ContentService$Lifecycle took to complete: 1ms
04-15 18:43:12.183 534 534 D SystemServerTiming: OnBootPhase_550_com.android.server.deviceconfig.DeviceConfigInit$Lifecycle
04-15 18:43:12.183 534 534 V SystemServerTiming: OnBootPhase_550_com.android.server.deviceconfig.DeviceConfigInit$Lifecycle took to complete: 0ms
04-15 18:43:12.184 534 534 D SystemServerTiming: OnBootPhase_550_com.android.server.DropBoxManagerService
04-15 18:43:12.185 534 534 V SystemServerTiming: OnBootPhase_550_com.android.server.DropBoxManagerService took to complete: 0ms
04-15 18:43:12.186 534 534 D SystemServerTiming: OnBootPhase_550_com.android.role.RoleService
04-15 18:43:12.186 534 534 V SystemServerTiming: OnBootPhase_550_com.android.role.RoleService took to complete: 0ms
04-15 18:43:12.186 534 534 D SystemServerTiming: OnBootPhase_550_com.android.server.vibrator.VibratorManagerService$Lifecycle
04-15 18:43:12.187 534 534 V SystemServerTiming: OnBootPhase_550_com.android.server.vibrator.VibratorManagerService$Lifecycle took to complete: 0ms
04-15 18:43:12.187 534 534 D SystemServerTiming: OnBootPhase_550_com.android.server.tare.InternalResourceService
04-15 18:43:12.187 534 534 V SystemServerTiming: OnBootPhase_550_com.android.server.tare.InternalResourceService took to complete: 0ms
04-15 18:43:12.188 534 534 D SystemServerTiming: OnBootPhase_550_com.android.server.alarm.AlarmManagerService
04-15 18:43:12.189 534 534 V SystemServerTiming: OnBootPhase_550_com.android.server.alarm.AlarmManagerService took to complete: 0ms
04-15 18:43:12.189 534 534 D SystemServerTiming: OnBootPhase_550_com.android.server.devicestate.DeviceStateManagerService
04-15 18:43:12.189 534 534 V SystemServerTiming: OnBootPhase_550_com.android.server.devicestate.DeviceStateManagerService took to complete: 0ms
04-15 18:43:12.190 534 534 D SystemServerTiming: OnBootPhase_550_com.android.server.camera.CameraServiceProxy
04-15 18:43:12.190 534 534 V SystemServerTiming: OnBootPhase_550_com.android.server.camera.CameraServiceProxy took to complete: 0ms
04-15 18:43:12.190 534 534 D SystemServerTiming: OnBootPhase_550_com.android.server.bluetooth.BluetoothService
04-15 18:43:12.191 534 534 V SystemServerTiming: OnBootPhase_550_com.android.server.bluetooth.BluetoothService took to complete: 1ms
04-15 18:43:12.191 534 534 D SystemServerTiming: OnBootPhase_550_com.android.server.connectivity.IpConnectivityMetrics
04-15 18:43:12.191 534 534 V SystemServerTiming: OnBootPhase_550_com.android.server.connectivity.IpConnectivityMetrics took to complete: 0ms
04-15 18:43:12.192 534 566 I system_server: Using smaps_rollup for pss collection
04-15 18:43:12.196 534 534 D SystemServerTiming: OnBootPhase_550_com.android.server.net.watchlist.NetworkWatchlistService$Lifecycle
04-15 18:43:12.206 534 534 V SystemServerTiming: OnBootPhase_550_com.android.server.net.watchlist.NetworkWatchlistService$Lifecycle took to complete: 10ms
04-15 18:43:12.207 534 534 D SystemServerTiming: OnBootPhase_550_com.android.server.PinnerService
04-15 18:43:12.207 534 534 V SystemServerTiming: OnBootPhase_550_com.android.server.PinnerService took to complete: 0ms
04-15 18:43:12.209 534 534 D SystemServerTiming: OnBootPhase_550_com.android.server.integrity.AppIntegrityManagerService
04-15 18:43:12.209 534 534 V SystemServerTiming: OnBootPhase_550_com.android.server.integrity.AppIntegrityManagerService took to complete: 0ms
04-15 18:43:12.210 534 534 D SystemServerTiming: OnBootPhase_550_com.android.server.logcat.LogcatManagerService
04-15 18:43:12.210 534 534 V SystemServerTiming: OnBootPhase_550_com.android.server.logcat.LogcatManagerService took to complete: 0ms
04-15 18:43:12.211 534 534 D SystemServerTiming: OnBootPhase_550_com.android.server.inputmethod.InputMethodManagerService$Lifecycle
