04-15 18:41:44.011 534 564 W SystemConfig: at java.util.concurrent.Executors$RunnableAdapter.call(Executors.java:487)
04-15 18:41:44.011 534 564 W SystemConfig: at java.util.concurrent.FutureTask.run(FutureTask.java:264)
04-15 18:41:44.011 534 564 W SystemConfig: at java.util.concurrent.ThreadPoolExecutor.runWorker(ThreadPoolExecutor.java:1145)
04-15 18:41:44.011 534 564 W SystemConfig: at java.util.concurrent.ThreadPoolExecutor$Worker.run(ThreadPoolExecutor.java:644)
04-15 18:41:44.011 534 564 W SystemConfig: at com.android.internal.util.ConcurrentUtils$1$1.run(ConcurrentUtils.java:65)
04-15 18:41:44.011 534 564 W SystemConfig: Caused by: android.system.ErrnoException: open failed: ENOENT (No such file or directory)
04-15 18:41:44.011 534 564 W SystemConfig: at libcore.io.Linux.open(Native Method)
04-15 18:41:44.011 534 564 W SystemConfig: at libcore.io.ForwardingOs.open(ForwardingOs.java:563)
04-15 18:41:44.011 534 564 W SystemConfig: at libcore.io.BlockGuardOs.open(BlockGuardOs.java:274)
04-15 18:41:44.011 534 564 W SystemConfig: at libcore.io.IoBridge.open(IoBridge.java:560)
04-15 18:41:44.011 534 564 W SystemConfig: ... 15 more
04-15 18:41:44.015 534 564 V SystemConfig: readAllPermissions took to complete: 681ms
04-15 18:41:44.015 534 564 D SystemServerInitThreadPool: Finished executing ReadingSystemConfig
04-15 18:41:44.017 534 564 V SystemServerTimingAsync: InitThreadPoolExec:ReadingSystemConfig took to complete: 682ms
04-15 18:41:44.073 534 534 D BatteryStatsImpl: Reading daily items from /data/system/batterystats-daily.xml
04-15 18:41:44.094 133 133 I hwservicemanager: getTransport: Cannot find entry android.hardware.power.stats@1.0::IPowerStats/default in either framework or device VINTF manifest.
04-15 18:41:44.096 534 574 E BatteryStatsService: Unable to load Power.Stats.HAL. Setting rail availability to false
04-15 18:41:44.124 534 574 D CompatibilityChangeReporter: Compat change id reported: 263076149; UID 1000; state: ENABLED
04-15 18:41:44.148 534 574 E BluetoothAdapter: Bluetooth service is null
04-15 18:41:44.156 534 574 I KernelCpuUidFreqTimeReader: mPerClusterTimesAvailable=false
04-15 18:41:44.355 534 534 I AppOps : No existing app ops /data/system/appops.xml; starting empty
04-15 18:41:44.359 534 534 I LegacyAppOpsServiceInterfaceImpl: No existing app ops /data/system/appops.xml; starting empty
04-15 18:41:44.392 534 534 I IntentFirewall: Read new rules (A:0 B:0 S:0)
04-15 18:41:44.415 534 534 D OomAdjuster: Not killing cached processes
04-15 18:41:44.449 534 574 W KernelMemoryBandwidthStats: No kernel memory bandwidth stats available
04-15 18:41:44.472 534 534 D AppOps : AppOpsService published
04-15 18:41:44.479 534 550 W android.permission.PermissionManager: Missing ActivityManager; assuming 1047 does not hold android.permission.MANAGE_APP_OPS_MODES
04-15 18:41:44.500 534 534 V SystemServerTiming: StartActivityManager took to complete: 619ms
04-15 18:41:44.505 534 534 D SystemServerTiming: StartDataLoaderManagerService
04-15 18:41:44.506 534 534 I SystemServiceManager: Starting com.android.server.pm.DataLoaderManagerService
04-15 18:41:44.510 534 578 I CriticalEventLog: No log found, returning empty log proto.
04-15 18:41:44.517 534 534 V SystemServerTiming: StartDataLoaderManagerService took to complete: 11ms
04-15 18:41:44.518 534 534 D SystemServerTiming: StartIncrementalService
04-15 18:41:44.546 534 534 I incfs-mounts: [incfs] Loaded incremental-fs mount info: 0 instances, 0 mount points
04-15 18:41:44.556 534 534 V SystemServerTiming: StartIncrementalService took to complete: 38ms
04-15 18:41:44.556 534 534 D SystemServerTiming: StartPowerManager
04-15 18:41:44.556 534 534 I SystemServiceManager: Starting com.android.server.power.PowerManagerService
04-15 18:41:44.610 0 0 I servicemanager: Found android.hardware.power.IPower/default in device VINTF manifest.
04-15 18:41:44.612 364 364 I android.hardware.power-service.example: Power isModeSupported: 7
04-15 18:41:44.618 364 364 I android.hardware.power-service.example: Power isModeSupported: 0
04-15 18:41:44.625 534 534 V SystemServerTiming: StartPowerManager took to complete: 69ms
04-15 18:41:44.625 534 534 D SystemServerTiming: StartThermalManager
04-15 18:41:44.626 534 534 I SystemServiceManager: Starting com.android.server.power.ThermalManagerService
04-15 18:41:44.627 534 534 V SystemServerTiming: StartThermalManager took to complete: 2ms
04-15 18:41:44.627 534 534 D SystemServerTiming: StartHintManager
04-15 18:41:44.627 534 534 I SystemServiceManager: Starting com.android.server.power.hint.HintManagerService
04-15 18:41:44.634 534 534 V SystemServerTiming: StartHintManager took to complete: 7ms
04-15 18:41:44.634 534 534 D SystemServerTiming: InitPowerManagement
04-15 18:41:44.643 534 534 V SystemServerTiming: InitPowerManagement took to complete: 8ms
04-15 18:41:44.643 534 534 D SystemServerTiming: StartRecoverySystemService
04-15 18:41:44.643 534 534 I SystemServiceManager: Starting com.android.server.recoverysystem.RecoverySystemService$Lifecycle
04-15 18:41:44.662 534 534 V SystemServerTiming: StartRecoverySystemService took to complete: 19ms
04-15 18:41:44.662 534 534 I PackageWatchdog: Syncing state, reason: added new observer
04-15 18:41:44.663 534 534 I PackageWatchdog: Not pruning observers, elapsed time: 0ms
04-15 18:41:44.663 534 534 I PackageWatchdog: Cancelling state sync, nothing to sync
04-15 18:41:44.666 534 566 I PackageWatchdog: Saving observer state to file
04-15 18:41:44.680 534 534 D SystemServerTiming: StartLightsService
04-15 18:41:44.680 534 534 I SystemServiceManager: Starting com.android.server.lights.LightsService
04-15 18:41:44.693 0 0 I servicemanager: Found android.hardware.light.ILights/default in device VINTF manifest.
04-15 18:41:44.701 363 363 I android.hardware.lights-service.example: Lights reporting supported lights
04-15 18:41:44.713 534 534 V SystemServerTiming: StartLightsService took to complete: 33ms
04-15 18:41:44.714 534 534 D SystemServerTiming: StartDisplayOffloadService
04-15 18:41:44.715 534 534 V SystemServerTiming: StartDisplayOffloadService took to complete: 0ms
04-15 18:41:44.715 534 534 D SystemServerTiming: StartSidekickService
04-15 18:41:44.716 534 534 V SystemServerTiming: StartSidekickService took to complete: 0ms
04-15 18:41:44.717 534 534 D SystemServerTiming: StartDisplayManager
04-15 18:41:44.717 534 534 I SystemServiceManager: Starting com.android.server.display.DisplayManagerService
04-15 18:41:44.768 534 534 V SystemServerTiming: StartDisplayManager took to complete: 51ms
04-15 18:41:44.769 534 534 D SystemServerTiming: WaitForDisplay
04-15 18:41:44.770 534 534 I SystemServiceManager: Starting phase 100
04-15 18:41:44.770 534 534 D SystemServerTiming: OnBootPhase_100
04-15 18:41:44.771 534 534 D SystemServerTiming: OnBootPhase_100_com.android.server.security.FileIntegrityService
04-15 18:41:44.777 534 534 V SystemServerTiming: OnBootPhase_100_com.android.server.security.FileIntegrityService took to complete: 6ms
04-15 18:41:44.778 534 534 D SystemServerTiming: OnBootPhase_100_com.android.server.pm.Installer
04-15 18:41:44.778 534 534 V SystemServerTiming: OnBootPhase_100_com.android.server.pm.Installer took to complete: 0ms
04-15 18:41:44.779 534 534 D SystemServerTiming: OnBootPhase_100_com.android.server.os.DeviceIdentifiersPolicyService
04-15 18:41:44.779 534 534 V SystemServerTiming: OnBootPhase_100_com.android.server.os.DeviceIdentifiersPolicyService took to complete: 0ms
04-15 18:41:44.785 534 534 D SystemServerTiming: OnBootPhase_100_com.android.server.uri.UriGrantsManagerService$Lifecycle
04-15 18:41:44.786 534 534 V SystemServerTiming: OnBootPhase_100_com.android.server.uri.UriGrantsManagerService$Lifecycle took to complete: 0ms
04-15 18:41:44.786 534 534 D SystemServerTiming: OnBootPhase_100_com.android.server.powerstats.PowerStatsService
04-15 18:41:44.787 534 534 V SystemServerTiming: OnBootPhase_100_com.android.server.powerstats.PowerStatsService took to complete: 0ms
04-15 18:41:44.787 534 534 D SystemServerTiming: OnBootPhase_100_com.android.server.permission.access.AccessCheckingService
04-15 18:41:44.789 534 534 V SystemServerTiming: OnBootPhase_100_com.android.server.permission.access.AccessCheckingService took to complete: 0ms
04-15 18:41:44.789 534 534 D SystemServerTiming: OnBootPhase_100_com.android.server.wm.ActivityTaskManagerService$Lifecycle
04-15 18:41:44.789 534 534 V SystemServerTiming: OnBootPhase_100_com.android.server.wm.ActivityTaskManagerService$Lifecycle took to complete: 0ms
04-15 18:41:44.790 534 534 D SystemServerTiming: OnBootPhase_100_com.android.server.am.ActivityManagerService$Lifecycle
04-15 18:41:44.791 534 534 V SystemServerTiming: OnBootPhase_100_com.android.server.am.ActivityManagerService$Lifecycle took to complete: 1ms
04-15 18:41:44.791 534 534 D SystemServerTiming: OnBootPhase_100_com.android.server.pm.DataLoaderManagerService
04-15 18:41:44.791 534 534 V SystemServerTiming: OnBootPhase_100_com.android.server.pm.DataLoaderManagerService took to complete: 0ms
04-15 18:41:44.796 534 534 D SystemServerTiming: OnBootPhase_100_com.android.server.power.PowerManagerService
04-15 18:41:44.797 534 534 V SystemServerTiming: OnBootPhase_100_com.android.server.power.PowerManagerService took to complete: 0ms
04-15 18:41:44.797 534 534 D SystemServerTiming: OnBootPhase_100_com.android.server.power.ThermalManagerService
04-15 18:41:44.798 534 534 V SystemServerTiming: OnBootPhase_100_com.android.server.power.ThermalManagerService took to complete: 0ms
04-15 18:41:44.798 534 534 D SystemServerTiming: OnBootPhase_100_com.android.server.power.hint.HintManagerService
04-15 18:41:44.798 534 534 V SystemServerTiming: OnBootPhase_100_com.android.server.power.hint.HintManagerService took to complete: 0ms
04-15 18:41:44.800 534 534 D SystemServerTiming: OnBootPhase_100_com.android.server.recoverysystem.RecoverySystemService$Lifecycle
04-15 18:41:44.800 534 534 V SystemServerTiming: OnBootPhase_100_com.android.server.recoverysystem.RecoverySystemService$Lifecycle took to complete: 0ms
04-15 18:41:44.801 534 534 D SystemServerTiming: OnBootPhase_100_com.android.server.lights.LightsService
04-15 18:41:44.801 534 534 V SystemServerTiming: OnBootPhase_100_com.android.server.lights.LightsService took to complete: 0ms
04-15 18:41:44.801 534 534 D SystemServerTiming: OnBootPhase_100_com.android.server.display.DisplayManagerService
04-15 18:41:44.827 534 560 W LocalDisplayAdapter: DisplayModeSpecs base mode no longer available, using currently active mode.
04-15 18:41:44.892 534 560 I DisplayDeviceRepository: Display device added: DisplayDeviceInfo{"Built-in Screen": uniqueId="local:4619827259835644672", 1080 x 2400, modeId 1, renderFrameRate 60.000004, defaultModeId 1, supportedModes [{id=1, width=1080, height=2400, fps=60.000004, alternativeRefreshRates=[], supportedHdrTypes=[]}], colorMode 0, supportedColorModes [0], hdrCapabilities HdrCapabilities{mSupportedHdrTypes=[], mMaxLuminance=500.0, mMaxAverageLuminance=500.0, mMinLuminance=0.0}, allmSupported false, gameContentTypeSupported false, density 420, 420.0 x 420.0 dpi, appVsyncOff 1000000, presDeadline 16666666, touch INTERNAL, rotation 0, type INTERNAL, address {port=0, model=0x401cec6a7a2b7b}, deviceProductInfo DeviceProductInfo{name=EMU_display_0, manufacturerPnpId=GGL, productId=1, modelYear=null, manufactureDate=ManufactureDate{week=27, year=2006}, connectionToSinkType=0}, state UNKNOWN, committedState UNKNOWN, frameRateOverride , brightnessMinimum 0.0, brightnessMaximum 1.0, brightnessDefault 0.39763778, hdrSdrRatio NaN, FLAG_ALLOWED_TO_BE_DEFAULT_DISPLAY, FLAG_ROTATES_WITH_CONTENT, FLAG_SECURE, FLAG_SUPPORTS_PROTECTED_BUFFERS, FLAG_TRUSTED, installOrientation 0, displayShape DisplayShape{ spec=-1893857183 displayWidth=1080 displayHeight=2400 physicalPixelDisplaySizeRatio=1.0 rotation=0 offsetX=0 offsetY=0 scale=1.0}}
04-15 18:41:44.904 534 560 I LogicalDisplayMapper: Applying layout: [{dispId: 0(ON), displayGroupName: , addr: {port=0, model=0x401cec6a7a2b7b}, mThermalBrightnessThrottlingMapId: null, mRefreshRateZoneId: null, mLeadDisplayId: -1, mThermalRefreshRateThrottlingMapId: null}], Previous layout: null
04-15 18:41:44.926 534 560 I LogicalDisplayMapper: Setting new display group 0 for display 0, from previous group: null
04-15 18:41:44.937 534 560 I LogicalDisplayMapper: Adding new display: 0: DisplayInfo{"Built-in Screen", displayId 0, displayGroupId 0, FLAG_SECURE, FLAG_SUPPORTS_PROTECTED_BUFFERS, FLAG_TRUSTED, real 1080 x 2400, largest app 1080 x 2400, smallest app 1080 x 2400, appVsyncOff 1000000, presDeadline 16666666, mode 160.000004, defaultMode 1, modes [{id=1, width=1080, height=2400, fps=60.000004, alternativeRefreshRates=[], supportedHdrTypes=[]}], hdrCapabilities HdrCapabilities{mSupportedHdrTypes=[], mMaxLuminance=500.0, mMaxAverageLuminance=500.0, mMinLuminance=0.0}, userDisabledHdrTypes [], minimalPostProcessingSupported false, rotation 0, state UNKNOWN, committedState UNKNOWN, type INTERNAL, uniqueId "local:4619827259835644672", app 1080 x 2400, density 420 (420.0 x 420.0) dpi, layerStack 0, colorMode 0, supportedColorModes [0], address {port=0, model=0x401cec6a7a2b7b}, deviceProductInfo DeviceProductInfo{name=EMU_display_0, manufacturerPnpId=GGL, productId=1, modelYear=null, manufactureDate=ManufactureDate{week=27, year=2006}, connectionToSinkType=0}, removeMode 0, refreshRateOverride 0.0, brightnessMinimum 0.0, brightnessMaximum 1.0, brightnessDefault 0.39763778, installOrientation ROTATION_0, layoutLimitedRefreshRate null, hdrSdrRatio not_available, thermalRefreshRateThrottling {}, thermalBrightnessThrottlingDataId default}
04-15 18:41:44.939 534 560 W android.permission.PermissionManager: Missing ActivityManager; assuming 1000 holds android.permission.READ_DEVICE_CONFIG
04-15 18:41:44.968 534 534 W SystemServiceManager: Service com.android.server.display.DisplayManagerService took 167 ms in onBootPhase
04-15 18:41:44.968 534 534 V SystemServerTiming: OnBootPhase_100_com.android.server.display.DisplayManagerService took to complete: 166ms
04-15 18:41:44.968 534 534 V SystemServerTiming: OnBootPhase_100 took to complete: 197ms
04-15 18:41:44.969 534 534 V SystemServerTiming: WaitForDisplay took to complete: 199ms
04-15 18:41:44.969 534 534 D SystemServerTiming: StartDomainVerificationService
04-15 18:41:44.977 534 534 V SystemServerTiming: StartDomainVerificationService took to complete: 8ms
04-15 18:41:44.977 534 534 D SystemServerTiming: StartPackageManagerService
04-15 18:41:44.978 534 534 I Watchdog: Pausing HandlerChecker: main thread for reason: packagemanagermain. Pause count: 1
04-15 18:41:44.987 534 534 W system_server: 'extract' is an obsolete compiler filter name that will be removed in future releases, please use 'verify' instead.
04-15 18:41:44.990 534 534 W system_server: 'extract' is an obsolete compiler filter name that will be removed in future releases, please use 'verify' instead.
04-15 18:41:44.991 534 534 D PackageManagerTiming: create package manager
04-15 18:41:44.996 534 560 W StrictMode: No activity manager; failed to Dropbox violation.
04-15 18:41:44.997 534 560 W StrictMode: No activity manager; failed to Dropbox violation.
04-15 18:41:44.998 534 560 W StrictMode: No activity manager; failed to Dropbox violation.
04-15 18:41:44.999 534 560 W StrictMode: No activity manager; failed to Dropbox violation.
04-15 18:41:45.000 534 560 W StrictMode: No activity manager; failed to Dropbox violation.
04-15 18:41:45.001 534 560 W StrictMode: No activity manager; failed to Dropbox violation.
04-15 18:41:45.002 534 560 W StrictMode: No activity manager; failed to Dropbox violation.
04-15 18:41:45.010 534 534 D PackageManagerTiming: createSubComponents
04-15 18:41:45.027 534 534 E UserManagerService: No user list file
04-15 18:41:45.028 534 534 E UserManagerService: userlist.xml not found, fallback to single user
04-15 18:41:45.082 534 534 W FileUtils: Failed to chmod(/data/system/packages.list): android.system.ErrnoException: chmod failed: ENOENT (No such file or directory)
04-15 18:41:45.095 534 534 V PackageManagerTiming: createSubComponents took to complete: 85ms
04-15 18:41:45.095 534 534 D PackageManagerTiming: addSharedUsers
04-15 18:41:45.097 534 534 V PackageManagerTiming: addSharedUsers took to complete: 1ms
04-15 18:41:45.105 534 534 D PackageManagerTiming: get system config
04-15 18:41:45.105 534 534 V PackageManagerTiming: get system config took to complete: 0ms
04-15 18:41:45.118 534 534 D SELinuxMMAC: Using policy file /system/etc/selinux/plat_mac_permissions.xml
04-15 18:41:45.125 534 534 D SELinuxMMAC: Using policy file /vendor/etc/selinux/vendor_mac_permissions.xml
04-15 18:41:45.127 534 534 D PackageManagerTiming: loadFallbacks
04-15 18:41:45.132 534 534 D FallbackCategoryProvider: Found 1 fallback categories
04-15 18:41:45.133 534 534 V PackageManagerTiming: loadFallbacks took to complete: 4ms
04-15 18:41:45.133 534 534 D PackageManagerTiming: read user settings
04-15 18:41:45.135 534 534 I PackageManager: No package manager settings file
04-15 18:41:45.142 534 534 V PackageManagerTiming: read user settings took to complete: 9ms
04-15 18:41:45.142 534 534 D PackageManagerTiming: setFirstBoot:
04-15 18:41:45.147 534 534 V PackageManagerTiming: setFirstBoot: took to complete: 3ms
04-15 18:41:45.158 534 534 D PackageManager: Directories scanned as system partitions: [/system:0, /vendor:524288, /odm:4194304, /oem:262144, /product:1048576, /system_ext:2097152, /apex/com.android.os.statsd:41943040, /apex/com.android.adbd:58720256, /apex/com.android.scheduling:58720256, /apex/com.android.permission:58720256, /apex/com.android.mediaprovider:58720256, /apex/com.android.i18n:41943040, /apex/com.android.conscrypt:58720256, /apex/com.android.devicelock:41943040, /apex/com.android.ipsec:58720256, /apex/com.android.apex.cts.shim:41943040, /apex/com.android.extservices:58720256, /apex/com.android.media.swcodec:58720256, /apex/com.android.resolv:58720256, /apex/com.android.healthfitness:41943040, /apex/com.android.media:58720256, /apex/com.android.vndk.v34:41943040, /apex/com.android.virt:41943040, /apex/com.android.runtime:41943040, /apex/com.android.tzdata:41943040, /apex/com.android.uwb:58720256, /apex/com.android.adservices:58720256, /apex/com.android.tethering:58720256, /apex/com.android.wifi:58720256, /apex/com.android.ondevicepersonalization:58720256, /apex/com.android.cellbroadcast:58720256, /apex/com.android.appsearch:58720256, /apex/com.android.rkpd:41943040, /apex/com.android.btservices:41943040, /apex/com.android.art:58720256, /apex/com.android.configinfrastructure:58720256, /apex/com.android.neuralnetworks:58720256, /apex/com.android.sdkext:41943040]
04-15 18:41:45.180 0 0 I apexd : getAllPackages received by ApexService
04-15 18:41:45.543 534 593 I PackageParsing: Parse times for '/data/apex/decompressed/com.android.adservices@342090000.decompressed.apex': parse=200ms, update_cache=25 ms
04-15 18:41:45.559 534 592 I PackageParsing: Parse times for '/data/apex/decompressed/com.android.adbd@342090000.decompressed.apex': parse=160ms, update_cache=96 ms
04-15 18:41:45.574 534 595 I PackageParsing: Parse times for '/data/apex/decompressed/com.android.appsearch@342090000.decompressed.apex': parse=230ms, update_cache=2 ms
04-15 18:41:45.876 534 534 I PackageManager: /system/apex/com.android.apex.cts.shim.apex changed; collecting certs
04-15 18:41:45.921 534 534 I PackageBackwardCompatibility: Loaded android.content.pm.AndroidTestBaseUpdater
04-15 18:41:45.935 534 534 D CompatibilityChangeReporter: Compat change id reported: 143539591; UID -1; state: DISABLED
04-15 18:41:45.938 534 534 D CompatibilityChangeReporter: Compat change id reported: 168782947; UID -1; state: DISABLED
04-15 18:41:45.944 534 534 W PackageManager: Odd, /system/apex/com.android.apex.cts.shim.apex doesn't look like an APK
04-15 18:41:45.959 534 534 I PackageManager: /data/apex/decompressed/com.android.adservices@342090000.decompressed.apex changed; collecting certs
04-15 18:41:45.970 534 534 D CompatibilityChangeReporter: Compat change id reported: 168782947; UID -1; state: ENABLED
04-15 18:41:45.973 534 534 W PackageManager: Odd, /data/apex/decompressed/com.android.adservices@342090000.decompressed.apex doesn't look like an APK
04-15 18:41:45.973 534 534 W PackageManager: Unrecognized code path /data/apex/decompressed/com.android.adservices@342090000.decompressed.apex - using /data
04-15 18:41:45.983 534 534 I PackageManager: /data/apex/decompressed/com.android.adbd@342090000.decompressed.apex changed; collecting certs
04-15 18:41:45.991 534 534 W PackageManager: Odd, /data/apex/decompressed/com.android.adbd@342090000.decompressed.apex doesn't look like an APK
04-15 18:41:45.992 534 534 W PackageManager: Unrecognized code path /data/apex/decompressed/com.android.adbd@342090000.decompressed.apex - using /data
04-15 18:41:46.002 534 534 I PackageManager: /data/apex/decompressed/com.android.appsearch@342090000.decompressed.apex changed; collecting certs
04-15 18:41:46.011 534 534 W PackageManager: Odd, /data/apex/decompressed/com.android.appsearch@342090000.decompressed.apex doesn't look like an APK
04-15 18:41:46.011 534 534 W PackageManager: Unrecognized code path /data/apex/decompressed/com.android.appsearch@342090000.decompressed.apex - using /data
04-15 18:41:46.022 534 534 I PackageManager: /data/apex/decompressed/com.android.cellbroadcast@342090000.decompressed.apex changed; collecting certs
04-15 18:41:46.031 534 534 W PackageManager: Odd, /data/apex/decompressed/com.android.cellbroadcast@342090000.decompressed.apex doesn't look like an APK
04-15 18:41:46.033 534 534 W PackageManager: Unrecognized code path /data/apex/decompressed/com.android.cellbroadcast@342090000.decompressed.apex - using /data
04-15 18:41:46.041 534 534 I PackageManager: /data/apex/decompressed/com.android.configinfrastructure@342090000.decompressed.apex changed; collecting certs
04-15 18:41:46.051 534 534 W PackageManager: Odd, /data/apex/decompressed/com.android.configinfrastructure@342090000.decompressed.apex doesn't look like an APK
04-15 18:41:46.051 534 534 W PackageManager: Unrecognized code path /data/apex/decompressed/com.android.configinfrastructure@342090000.decompressed.apex - using /data
04-15 18:41:46.061 534 534 I PackageManager: /data/apex/decompressed/com.android.conscrypt@342090000.decompressed.apex changed; collecting certs
04-15 18:41:46.070 534 534 W PackageManager: Odd, /data/apex/decompressed/com.android.conscrypt@342090000.decompressed.apex doesn't look like an APK
04-15 18:41:46.070 534 534 W PackageManager: Unrecognized code path /data/apex/decompressed/com.android.conscrypt@342090000.decompressed.apex - using /data
04-15 18:41:46.079 534 534 I PackageManager: /system/apex/com.android.btservices.apex changed; collecting certs
04-15 18:41:46.088 534 534 W PackageManager: Odd, /system/apex/com.android.btservices.apex doesn't look like an APK
04-15 18:41:46.098 534 534 I PackageManager: /data/apex/decompressed/com.android.art@342090000.decompressed.apex changed; collecting certs
04-15 18:41:46.109 534 534 W PackageManager: Odd, /data/apex/decompressed/com.android.art@342090000.decompressed.apex doesn't look like an APK
04-15 18:41:46.110 534 534 W PackageManager: Unrecognized code path /data/apex/decompressed/com.android.art@342090000.decompressed.apex - using /data
04-15 18:41:46.118 534 534 I PackageManager: /data/apex/decompressed/com.android.extservices@342090000.decompressed.apex changed; collecting certs
04-15 18:41:46.127 534 534 W PackageManager: Odd, /data/apex/decompressed/com.android.extservices@342090000.decompressed.apex doesn't look like an APK
04-15 18:41:46.128 534 534 W PackageManager: Unrecognized code path /data/apex/decompressed/com.android.extservices@342090000.decompressed.apex - using /data
04-15 18:41:46.138 534 534 I PackageManager: /system/apex/com.android.i18n.apex changed; collecting certs
04-15 18:41:46.147 534 534 W PackageManager: Odd, /system/apex/com.android.i18n.apex doesn't look like an APK
04-15 18:41:46.155 534 534 I PackageManager: /system/apex/com.android.healthfitness.apex changed; collecting certs
04-15 18:41:46.165 534 534 W PackageManager: Odd, /system/apex/com.android.healthfitness.apex doesn't look like an APK
04-15 18:41:46.174 534 534 I PackageManager: /system/apex/com.android.devicelock.apex changed; collecting certs
04-15 18:41:46.182 534 534 W PackageManager: Odd, /system/apex/com.android.devicelock.apex doesn't look like an APK
04-15 18:41:46.193 534 534 I PackageManager: /data/apex/decompressed/com.android.ipsec@342090000.decompressed.apex changed; collecting certs
04-15 18:41:46.202 534 534 W PackageManager: Odd, /data/apex/decompressed/com.android.ipsec@342090000.decompressed.apex doesn't look like an APK
04-15 18:41:46.203 534 534 W PackageManager: Unrecognized code path /data/apex/decompressed/com.android.ipsec@342090000.decompressed.apex - using /data
04-15 18:41:46.211 534 534 I PackageManager: /data/apex/decompressed/com.android.media@342090000.decompressed.apex changed; collecting certs
04-15 18:41:46.223 534 534 W PackageManager: Odd, /data/apex/decompressed/com.android.media@342090000.decompressed.apex doesn't look like an APK
04-15 18:41:46.223 534 534 W PackageManager: Unrecognized code path /data/apex/decompressed/com.android.media@342090000.decompressed.apex - using /data
04-15 18:41:46.232 534 534 I PackageManager: /data/apex/decompressed/com.android.neuralnetworks@342090000.decompressed.apex changed; collecting certs
04-15 18:41:46.240 534 534 W PackageManager: Odd, /data/apex/decompressed/com.android.neuralnetworks@342090000.decompressed.apex doesn't look like an APK
04-15 18:41:46.241 534 534 W PackageManager: Unrecognized code path /data/apex/decompressed/com.android.neuralnetworks@342090000.decompressed.apex - using /data
04-15 18:41:46.250 534 534 I PackageManager: /data/apex/decompressed/com.android.media.swcodec@342090000.decompressed.apex changed; collecting certs
04-15 18:41:46.261 534 534 W PackageManager: Odd, /data/apex/decompressed/com.android.media.swcodec@342090000.decompressed.apex doesn't look like an APK
04-15 18:41:46.261 534 534 W PackageManager: Unrecognized code path /data/apex/decompressed/com.android.media.swcodec@342090000.decompressed.apex - using /data
04-15 18:41:46.270 534 534 I PackageManager: /data/apex/decompressed/com.android.mediaprovider@342090000.decompressed.apex changed; collecting certs
04-15 18:41:46.283 534 534 W PackageManager: Odd, /data/apex/decompressed/com.android.mediaprovider@342090000.decompressed.apex doesn't look like an APK
04-15 18:41:46.283 534 534 W PackageManager: Unrecognized code path /data/apex/decompressed/com.android.mediaprovider@342090000.decompressed.apex - using /data
04-15 18:41:46.292 534 534 I PackageManager: /data/apex/decompressed/com.android.permission@342090000.decompressed.apex changed; collecting certs
04-15 18:41:46.302 534 534 W PackageManager: Odd, /data/apex/decompressed/com.android.permission@342090000.decompressed.apex doesn't look like an APK
04-15 18:41:46.303 534 534 W PackageManager: Unrecognized code path /data/apex/decompressed/com.android.permission@342090000.decompressed.apex - using /data
04-15 18:41:46.314 534 534 I PackageManager: /system/apex/com.android.rkpd.apex changed; collecting certs
04-15 18:41:46.324 534 534 W PackageManager: Odd, /system/apex/com.android.rkpd.apex doesn't look like an APK
04-15 18:41:46.333 534 534 I PackageManager: /system/apex/com.android.runtime.apex changed; collecting certs
04-15 18:41:46.345 534 534 W PackageManager: Odd, /system/apex/com.android.runtime.apex doesn't look like an APK
04-15 18:41:46.354 534 534 I PackageManager: /data/apex/decompressed/com.android.resolv@342090000.decompressed.apex changed; collecting certs
04-15 18:41:46.365 534 534 W PackageManager: Odd, /data/apex/decompressed/com.android.resolv@342090000.decompressed.apex doesn't look like an APK
04-15 18:41:46.366 534 534 W PackageManager: Unrecognized code path /data/apex/decompressed/com.android.resolv@342090000.decompressed.apex - using /data
04-15 18:41:46.375 534 534 I PackageManager: /system/apex/com.android.os.statsd.apex changed; collecting certs
04-15 18:41:46.385 534 534 W PackageManager: Odd, /system/apex/com.android.os.statsd.apex doesn't look like an APK
04-15 18:41:46.395 534 534 I PackageManager: /data/apex/decompressed/com.android.ondevicepersonalization@342090000.decompressed.apex changed; collecting certs
04-15 18:41:46.406 534 534 W PackageManager: Odd, /data/apex/decompressed/com.android.ondevicepersonalization@342090000.decompressed.apex doesn't look like an APK
04-15 18:41:46.406 534 534 W PackageManager: Unrecognized code path /data/apex/decompressed/com.android.ondevicepersonalization@342090000.decompressed.apex - using /data
04-15 18:41:46.419 534 534 I PackageManager: /data/apex/decompressed/com.android.scheduling@342090000.decompressed.apex changed; collecting certs
04-15 18:41:46.429 534 534 W PackageManager: Odd, /data/apex/decompressed/com.android.scheduling@342090000.decompressed.apex doesn't look like an APK
04-15 18:41:46.430 534 534 W PackageManager: Unrecognized code path /data/apex/decompressed/com.android.scheduling@342090000.decompressed.apex - using /data
04-15 18:41:46.440 534 534 I PackageManager: /data/apex/decompressed/com.android.uwb@342090000.decompressed.apex changed; collecting certs
04-15 18:41:46.453 534 534 W PackageManager: Odd, /data/apex/decompressed/com.android.uwb@342090000.decompressed.apex doesn't look like an APK
04-15 18:41:46.454 534 534 W PackageManager: Unrecognized code path /data/apex/decompressed/com.android.uwb@342090000.decompressed.apex - using /data
04-15 18:41:46.463 534 534 I PackageManager: /system/apex/com.android.sdkext.apex changed; collecting certs
04-15 18:41:46.476 534 534 W PackageManager: Odd, /system/apex/com.android.sdkext.apex doesn't look like an APK
04-15 18:41:46.487 534 534 I PackageManager: /data/apex/decompressed/com.android.tethering@342090000.decompressed.apex changed; collecting certs
04-15 18:41:46.505 534 534 W PackageManager: Odd, /data/apex/decompressed/com.android.tethering@342090000.decompressed.apex doesn't look like an APK
04-15 18:41:46.505 534 534 W PackageManager: Unrecognized code path /data/apex/decompressed/com.android.tethering@342090000.decompressed.apex - using /data
04-15 18:41:46.520 534 534 I PackageManager: /system/apex/com.android.tzdata.apex changed; collecting certs
04-15 18:41:46.539 534 534 W PackageManager: Odd, /system/apex/com.android.tzdata.apex doesn't look like an APK
04-15 18:41:46.552 534 534 I PackageManager: /data/apex/decompressed/com.android.wifi@342090000.decompressed.apex changed; collecting certs
04-15 18:41:46.567 534 534 W PackageManager: Odd, /data/apex/decompressed/com.android.wifi@342090000.decompressed.apex doesn't look like an APK
04-15 18:41:46.567 534 534 W PackageManager: Unrecognized code path /data/apex/decompressed/com.android.wifi@342090000.decompressed.apex - using /data
04-15 18:41:46.579 534 534 I PackageManager: /system/apex/com.android.vndk.current.apex changed; collecting certs
04-15 18:41:46.594 534 534 W PackageManager: Odd, /system/apex/com.android.vndk.current.apex doesn't look like an APK
04-15 18:41:46.604 534 534 I PackageManager: /system/apex/com.android.virt.apex changed; collecting certs
04-15 18:41:46.623 534 534 W PackageManager: Odd, /system/apex/com.android.virt.apex doesn't look like an APK
04-15 18:41:46.628 534 534 D PackageManager: No files in app dir /system_ext/overlay
04-15 18:41:46.678 534 534 I PackageManager: /product/overlay/EmulationPixel4a changed; collecting certs
04-15 18:41:46.750 534 534 I PackageManager: /product/overlay/EmulationPixel8 changed; collecting certs
04-15 18:41:46.803 534 534 I PackageManager: /product/overlay/DisplayCutoutEmulationEmu01 changed; collecting certs
04-15 18:41:46.874 534 534 I PackageManager: /product/overlay/EmulationPixel7 changed; collecting certs
04-15 18:41:46.898 534 534 I PackageManager: /product/overlay/EmulationPixel4XL changed; collecting certs
04-15 18:41:46.943 534 593 I PackageParsing: Parse times for '/product/overlay/EmulationPixel6Pro': parse=88ms, update_cache=32 ms
04-15 18:41:46.961 534 534 I PackageManager: /product/overlay/EmulationPixel3aXL changed; collecting certs
04-15 18:41:47.000 534 534 I PackageManager: /product/overlay/NavigationBarModeGesturalNarrowBack changed; collecting certs
04-15 18:41:47.047 534 594 I PackageParsing: Parse times for '/product/overlay/DisplayCutoutEmulationHole': parse=93ms, update_cache=16 ms
04-15 18:41:47.061 534 593 I PackageParsing: Parse times for '/product/overlay/SystemUIEmulationPixel7Pro': parse=108ms, update_cache=8 ms
04-15 18:41:47.081 534 534 I PackageManager: /product/overlay/SystemUIEmulationPixel6 changed; collecting certs
04-15 18:41:47.182 534 534 I PackageManager: /product/overlay/EmulationPixel3XL changed; collecting certs
04-15 18:41:47.251 534 534 I PackageManager: /product/overlay/EmulationPixel5 changed; collecting certs
04-15 18:41:47.331 534 534 I PackageManager: /product/overlay/EmulationPixel3 changed; collecting certs
04-15 18:41:47.367 534 534 I PackageManager: /product/overlay/NavigationBarModeGesturalExtraWideBack changed; collecting certs
04-15 18:41:47.400 534 534 I PackageManager: /product/overlay/DisplayCutoutEmulationDouble changed; collecting certs
04-15 18:41:47.440 534 534 I PackageManager: /product/overlay/NavigationBarModeGestural changed; collecting certs
04-15 18:41:47.455 534 534 I PackageManager: /product/overlay/SystemUIEmulationPixelFold changed; collecting certs
04-15 18:41:47.484 534 534 I PackageManager: /product/overlay/SystemUIEmulationPixel3XL changed; collecting certs
04-15 18:41:47.512 534 534 I PackageManager: /product/overlay/EmulationPixel6Pro changed; collecting certs
04-15 18:41:47.536 534 534 I PackageManager: /product/overlay/SystemUIEmulationPixel7a changed; collecting certs
04-15 18:41:47.553 534 534 I PackageManager: /product/overlay/EmulationPixel6 changed; collecting certs
04-15 18:41:47.567 534 534 I PackageManager: /product/overlay/SystemUIEmulationPixel4a changed; collecting certs
04-15 18:41:47.583 534 534 I PackageManager: /product/overlay/EmulationPixel4 changed; collecting certs
04-15 18:41:47.598 534 534 I PackageManager: /product/overlay/DisplayCutoutEmulationHole changed; collecting certs
04-15 18:41:47.615 534 534 I PackageManager: /product/overlay/SystemUIEmulationPixel7Pro changed; collecting certs
04-15 18:41:47.629 534 534 I PackageManager: /product/overlay/SystemUIEmulationPixel8Pro changed; collecting certs
04-15 18:41:47.645 534 534 I PackageManager: /product/overlay/SystemUIEmulationPixel3a changed; collecting certs
04-15 18:41:47.657 534 534 I PackageManager: /product/overlay/EmulationPixel7a changed; collecting certs
04-15 18:41:47.673 534 534 I PackageManager: /product/overlay/NotesRoleEnabled changed; collecting certs
04-15 18:41:47.688 534 534 I PackageManager: /product/overlay/SystemUIEmulationPixel6a changed; collecting certs
04-15 18:41:47.705 534 534 I PackageManager: /product/overlay/SystemUIEmulationPixel3aXL changed; collecting certs
04-15 18:41:47.720 534 534 I PackageManager: /product/overlay/NavigationBarMode2Button changed; collecting certs
04-15 18:41:47.734 534 534 I PackageManager: /product/overlay/EmulationPixel8Pro changed; collecting certs
04-15 18:41:47.750 534 534 I PackageManager: /product/overlay/EmulatorTetheringConfigOverlay.apk changed; collecting certs
04-15 18:41:47.767 534 534 I PackageManager: /product/overlay/EmulationPixelFold changed; collecting certs
04-15 18:41:47.785 534 534 I PackageManager: /product/overlay/FontNotoSerifSource changed; collecting certs
04-15 18:41:47.817 534 534 I PackageManager: /product/overlay/TransparentNavigationBar changed; collecting certs
04-15 18:41:47.841 534 534 I PackageManager: /product/overlay/NavigationBarMode3Button changed; collecting certs
04-15 18:41:47.870 534 534 I PackageManager: /product/overlay/DisplayCutoutEmulationCorner changed; collecting certs
04-15 18:41:47.895 534 534 I PackageManager: /product/overlay/DisplayCutoutEmulationTall changed; collecting certs
04-15 18:41:47.915 534 534 I PackageManager: /product/overlay/SystemUIEmulationPixel4XL changed; collecting certs
04-15 18:41:47.940 534 534 I PackageManager: /product/overlay/SystemUIEmulationPixel7 changed; collecting certs
04-15 18:41:47.958 534 534 I PackageManager: /product/overlay/EmulationPixel2XL changed; collecting certs
04-15 18:41:47.971 534 534 I PackageManager: /product/overlay/EmulationPixel7Pro changed; collecting certs
04-15 18:41:47.998 534 534 I PackageManager: /product/overlay/EmulationPixel6a changed; collecting certs
04-15 18:41:48.011 534 534 I PackageManager: /product/overlay/SystemUIEmulationPixel8 changed; collecting certs
04-15 18:41:48.033 534 534 I PackageManager: /product/overlay/DisplayCutoutEmulationWaterfall changed; collecting certs
04-15 18:41:48.050 534 534 I PackageManager: /product/overlay/SystemUIEmulationPixel5 changed; collecting certs
04-15 18:41:48.067 534 534 I PackageManager: /product/overlay/NavigationBarModeGesturalWideBack changed; collecting certs
04-15 18:41:48.091 534 534 I PackageManager: /product/overlay/EmulationPixel3a changed; collecting certs
04-15 18:41:48.107 534 534 I PackageManager: /product/overlay/SystemUIEmulationPixel3 changed; collecting certs
04-15 18:41:48.125 534 534 I PackageManager: /product/overlay/SystemUIEmulationPixel4 changed; collecting certs
04-15 18:41:48.140 534 534 I PackageManager: /product/overlay/SystemUIEmulationPixel6Pro changed; collecting certs
04-15 18:41:48.158 534 534 D PackageManager: No files in app dir /oem/overlay
04-15 18:41:48.159 534 534 D PackageManager: No files in app dir /odm/overlay
04-15 18:41:48.189 534 534 I PackageManager: /vendor/overlay/SettingsProvider__auto_generated_rro_vendor.apk changed; collecting certs
04-15 18:41:48.204 534 534 I PackageManager: /vendor/overlay/framework-res__auto_generated_rro_vendor.apk changed; collecting certs
04-15 18:41:48.232 534 534 I PackageManager: /vendor/overlay/SystemUI__auto_generated_rro_vendor.apk changed; collecting certs
04-15 18:41:48.249 534 534 I PackageManager: /vendor/overlay/TeleService__auto_generated_rro_vendor.apk changed; collecting certs
04-15 18:41:48.259 534 534 I PackageManager: /vendor/overlay/CarrierConfig__auto_generated_rro_vendor.apk changed; collecting certs
04-15 18:41:48.268 534 534 I PackageManager: /vendor/overlay/goldfish_overlay_connectivity_gsi.apk changed; collecting certs
04-15 18:41:48.293 534 534 W PackageManager: Failed to parse /system/framework/oat: Missing base APK in /system/framework/oat/x86_64
04-15 18:41:48.295 534 534 W PackageManager: Failed to parse /system/framework/x86_64: Missing base APK in /system/framework/x86_64
04-15 18:41:48.369 534 594 W PackageParsing: android defines a knownSigner permission but the provided knownCerts resource is null
04-15 18:41:48.370 534 594 W PackageParsing: android defines a knownSigner permission but the provided knownCerts resource is null
04-15 18:41:48.370 534 594 W PackageParsing: android defines a knownSigner permission but the provided knownCerts resource is null
04-15 18:41:48.392 534 594 W PackageParsing: android defines a knownSigner permission but the provided knownCerts resource is null
04-15 18:41:48.404 534 594 W PackageParsing: android defines a knownSigner permission but the provided knownCerts resource is null
04-15 18:41:48.405 534 594 W PackageParsing: android defines a knownSigner permission but the provided knownCerts resource is null
04-15 18:41:48.444 534 594 I PackageParsing: Parse times for '/system/framework/framework-res.apk': parse=140ms, update_cache=20 ms
04-15 18:41:48.445 534 534 I PackageManager: /system/framework/framework-res.apk changed; collecting certs
04-15 18:41:48.461 534 534 W PackageManager: Adding duplicate shared id: 1000 name=android
04-15 18:41:48.532 534 534 I PackageManager: /system/priv-app/MmsService changed; collecting certs
04-15 18:41:48.557 534 534 W PackageManager: Adding duplicate shared id: 1001 name=com.android.mms.service
04-15 18:41:48.614 534 595 I PackageParsing: Parse times for '/system/priv-app/Telecom': parse=96ms, update_cache=13 ms
04-15 18:41:48.619 534 534 I PackageManager: /system/priv-app/Telecom changed; collecting certs
04-15 18:41:48.664 534 534 W PackageManager: Adding duplicate shared id: 1000 name=com.android.server.telecom
04-15 18:41:48.691 534 594 I PackageParsing: Parse times for '/system/priv-app/ContactsProvider': parse=118ms, update_cache=4 ms
04-15 18:41:48.718 534 534 I PackageManager: /system/priv-app/NetworkStack changed; collecting certs
04-15 18:41:48.739 534 592 W PackageParsing: Ignoring duplicate uses-permissions/uses-permissions-sdk-m: android.permission.SATELLITE_COMMUNICATION in package: com.android.shell at: Binary XML file line #732
04-15 18:41:48.746 534 592 W PackageParsing: Ignoring duplicate uses-permissions/uses-permissions-sdk-m: android.permission.FOREGROUND_SERVICE in package: com.android.shell at: Binary XML file line #824
04-15 18:41:48.747 534 592 W PackageParsing: Ignoring duplicate uses-permissions/uses-permissions-sdk-m: android.permission.FOREGROUND_SERVICE_SYSTEM_EXEMPTED in package: com.android.shell at: Binary XML file line #825
04-15 18:41:48.756 534 534 W PackageManager: Adding duplicate shared id: 1073 name=com.android.networkstack
04-15 18:41:48.791 534 534 I PackageManager: /system/priv-app/SettingsProvider changed; collecting certs
04-15 18:41:48.793 534 592 I PackageParsing: Parse times for '/system/priv-app/Shell': parse=288ms, update_cache=10 ms
04-15 18:41:48.818 534 534 W PackageManager: Adding duplicate shared id: 1000 name=com.android.providers.settings
04-15 18:41:48.823 534 534 I PackageManager: New shared user android.uid.shared: id=10057
04-15 18:41:48.826 534 534 I PackageManager: /system/priv-app/ContactsProvider changed; collecting certs
04-15 18:41:48.855 534 595 I PackageParsing: Parse times for '/system/priv-app/StatementService': parse=197ms, update_cache=25 ms
04-15 18:41:48.857 534 594 I PackageParsing: Parse times for '/system/priv-app/TelephonyProvider': parse=105ms, update_cache=23 ms
04-15 18:41:48.862 534 593 I PackageParsing: Parse times for '/system/priv-app/IntentResolver': parse=132ms, update_cache=12 ms
04-15 18:41:48.909 534 534 W PackageManager: Adding duplicate app id: 10057 name=com.android.providers.contacts
04-15 18:41:48.926 534 534 I PackageManager: /system/priv-app/SharedStorageBackup changed; collecting certs
04-15 18:41:48.991 534 594 I PackageParsing: Parse times for '/system/priv-app/CredentialManager': parse=122ms, update_cache=2 ms
04-15 18:41:48.996 534 534 I PackageManager: /system/priv-app/CallLogBackup changed; collecting certs
04-15 18:41:49.022 534 534 W PackageManager: Adding duplicate app id: 10057 name=com.android.calllogbackup
04-15 18:41:49.027 534 534 I PackageManager: /system/priv-app/Shell changed; collecting certs
04-15 18:41:49.053 534 595 I PackageParsing: Parse times for '/system/priv-app/CellBroadcastLegacyApp': parse=122ms, update_cache=10 ms
04-15 18:41:49.110 534 593 I PackageParsing: Parse times for '/system/priv-app/MediaProviderLegacy': parse=125ms, update_cache=31 ms
04-15 18:41:49.178 534 534 W PackageManager: Adding duplicate shared id: 2000 name=com.android.shell
04-15 18:41:49.209 534 595 I PackageParsing: Parse times for '/system/priv-app/PackageInstaller': parse=116ms, update_cache=3 ms
04-15 18:41:49.219 534 594 I PackageParsing: Parse times for '/system/priv-app/NetworkStackNext': parse=112ms, update_cache=2 ms
04-15 18:41:49.269 534 534 I PackageManager: /system/priv-app/StatementService changed; collecting certs
04-15 18:41:49.290 534 592 W PackageParsing: Ignoring duplicate uses-permissions/uses-permissions-sdk-m: android.permission.POST_NOTIFICATIONS in package: com.android.phone at: Binary XML file line #168
04-15 18:41:49.318 534 593 I PackageParsing: Parse times for '/system/priv-app/DownloadProvider': parse=197ms, update_cache=2 ms
04-15 18:41:49.351 534 534 I PackageManager: /system/priv-app/TelephonyProvider changed; collecting certs
04-15 18:41:49.407 534 534 W PackageManager: Adding duplicate shared id: 1001 name=com.android.providers.telephony
04-15 18:41:49.418 534 534 I PackageManager: /system/priv-app/IntentResolver changed; collecting certs
04-15 18:41:49.437 534 534 I PackageManager: /system/priv-app/VpnDialogs changed; collecting certs
04-15 18:41:49.449 534 592 I PackageParsing: Parse times for '/system/priv-app/TeleService': parse=565ms, update_cache=6 ms
04-15 18:41:49.474 534 534 I PackageManager: New shared user android.uid.calendar: id=10062
04-15 18:41:49.474 534 534 I PackageManager: /system/priv-app/CalendarProvider changed; collecting certs
04-15 18:41:49.511 534 534 W PackageManager: Adding duplicate app id: 10062 name=com.android.providers.calendar
04-15 18:41:49.517 534 594 I PackageParsing: Parse times for '/system/priv-app/LiveWallpapersPicker': parse=276ms, update_cache=2 ms
04-15 18:41:49.558 534 534 I PackageManager: /system/priv-app/InputDevices changed; collecting certs
04-15 18:41:49.580 534 595 I PackageParsing: Parse times for '/system/priv-app/ManagedProvisioning': parse=274ms, update_cache=42 ms
04-15 18:41:49.581 534 534 W PackageManager: Adding duplicate shared id: 1000 name=com.android.inputdevices
04-15 18:41:49.657 534 534 I PackageManager: /system/priv-app/CredentialManager changed; collecting certs
04-15 18:41:49.699 534 595 I PackageParsing: Parse times for '/system/priv-app/ExternalStorageProvider': parse=50ms, update_cache=51 ms
04-15 18:41:49.714 534 594 I PackageParsing: Parse times for '/system/priv-app/DocumentsUI': parse=177ms, update_cache=3 ms
04-15 18:41:49.741 534 534 I PackageManager: /system/priv-app/CellBroadcastLegacyApp changed; collecting certs
04-15 18:41:49.757 534 534 I PackageManager: /system/priv-app/DynamicSystemInstallationService changed; collecting certs
04-15 18:41:49.790 534 534 W PackageManager: Adding duplicate shared id: 1000 name=com.android.dynsystem
04-15 18:41:49.794 534 534 I PackageManager: New shared user android.media: id=10065
04-15 18:41:49.794 534 534 I PackageManager: /system/priv-app/MediaProviderLegacy changed; collecting certs
04-15 18:41:49.817 534 534 W PackageManager: Adding duplicate app id: 10065 name=com.android.providers.media
04-15 18:41:49.823 534 534 I PackageManager: /system/priv-app/PackageInstaller changed; collecting certs
04-15 18:41:49.827 534 592 I PackageParsing: Parse times for '/system/priv-app/BackupRestoreConfirmation': parse=91ms, update_cache=16 ms
04-15 18:41:49.844 534 534 I PackageManager: /system/priv-app/NetworkStackNext changed; collecting certs
04-15 18:41:49.860 534 534 W PackageManager: Failed to scan /system/priv-app/NetworkStackNext: Application package com.android.networkstack already installed. Skipping duplicate.
04-15 18:41:49.862 534 534 I PackageManager: /system/priv-app/BuiltInPrintService changed; collecting certs
04-15 18:41:49.870 534 593 I PackageParsing: Parse times for '/system/priv-app/MtpService': parse=147ms, update_cache=1 ms
04-15 18:41:49.870 534 595 I PackageParsing: Parse times for '/system/priv-app/FusedLocation': parse=124ms, update_cache=1 ms
04-15 18:41:49.877 534 534 I PackageManager: /system/priv-app/DownloadProvider changed; collecting certs
04-15 18:41:49.885 534 534 W PackageManager: Adding duplicate app id: 10065 name=com.android.providers.downloads
04-15 18:41:49.890 534 534 I PackageManager: /system/priv-app/LocalTransport changed; collecting certs
04-15 18:41:49.898 534 534 W PackageManager: Adding duplicate shared id: 1000 name=com.android.localtransport
04-15 18:41:49.902 534 534 I PackageManager: /system/priv-app/TeleService changed; collecting certs
04-15 18:41:49.911 534 534 W PackageManager: Adding duplicate shared id: 1001 name=com.android.phone
04-15 18:41:49.917 534 534 I PackageManager: /system/priv-app/BlockedNumberProvider changed; collecting certs
04-15 18:41:49.925 534 534 W PackageManager: Adding duplicate app id: 10057 name=com.android.providers.blockednumber
04-15 18:41:49.930 534 534 I PackageManager: /system/priv-app/LiveWallpapersPicker changed; collecting certs
04-15 18:41:49.940 534 534 I PackageManager: /system/priv-app/SoundPicker changed; collecting certs
04-15 18:41:49.949 534 534 W PackageManager: Adding duplicate app id: 10065 name=com.android.soundpicker
04-15 18:41:49.953 534 534 I PackageManager: /system/priv-app/ManagedProvisioning changed; collecting certs
04-15 18:41:49.965 534 534 I PackageManager: /system/priv-app/DownloadProviderUi changed; collecting certs
04-15 18:41:49.974 534 534 W PackageManager: Adding duplicate app id: 10065 name=com.android.providers.downloads.ui
04-15 18:41:49.978 534 534 I PackageManager: /system/priv-app/ONS changed; collecting certs
04-15 18:41:49.987 534 534 W PackageManager: Adding duplicate shared id: 1001 name=com.android.ons
04-15 18:41:49.991 534 534 I PackageManager: /system/priv-app/ProxyHandler changed; collecting certs
04-15 18:41:50.001 534 534 I PackageManager: /system/priv-app/Tag changed; collecting certs
04-15 18:41:50.012 534 534 I PackageManager: /system/priv-app/ExternalStorageProvider changed; collecting certs
04-15 18:41:50.023 534 534 I PackageManager: /system/priv-app/DocumentsUI changed; collecting certs
04-15 18:41:50.034 534 534 I PackageManager: /system/priv-app/UserDictionaryProvider changed; collecting certs
04-15 18:41:50.042 534 534 W PackageManager: Adding duplicate app id: 10057 name=com.android.providers.userdictionary
04-15 18:41:50.047 534 534 I PackageManager: /system/priv-app/MusicFX changed; collecting certs
04-15 18:41:50.056 534 534 I PackageManager: /system/priv-app/BackupRestoreConfirmation changed; collecting certs
04-15 18:41:50.067 534 534 I PackageManager: /system/priv-app/MtpService changed; collecting certs
