04-15 18:43:09.189 534 534 V SystemServerTiming: OnBootPhase_500_com.android.server.stats.pull.StatsPullAtomService took to complete: 1ms
04-15 18:43:09.189 534 534 D SystemServerTiming: OnBootPhase_500_com.android.server.stats.bootstrap.StatsBootstrapAtomService$Lifecycle
04-15 18:43:09.189 534 534 V SystemServerTiming: OnBootPhase_500_com.android.server.stats.bootstrap.StatsBootstrapAtomService$Lifecycle took to complete: 0ms
04-15 18:43:09.189 534 534 D SystemServerTiming: OnBootPhase_500_com.android.server.incident.IncidentCompanionService
04-15 18:43:09.189 534 534 V SystemServerTiming: OnBootPhase_500_com.android.server.incident.IncidentCompanionService took to complete: 0ms
04-15 18:43:09.189 534 534 D SystemServerTiming: OnBootPhase_500_com.android.server.sdksandbox.SdkSandboxManagerService$Lifecycle
04-15 18:43:09.189 534 534 V SystemServerTiming: OnBootPhase_500_com.android.server.sdksandbox.SdkSandboxManagerService$Lifecycle took to complete: 0ms
04-15 18:43:09.189 534 534 D SystemServerTiming: OnBootPhase_500_com.android.server.adservices.AdServicesManagerService$Lifecycle
04-15 18:43:09.190 534 534 V SystemServerTiming: OnBootPhase_500_com.android.server.adservices.AdServicesManagerService$Lifecycle took to complete: 0ms
04-15 18:43:09.190 534 534 D SystemServerTiming: OnBootPhase_500_com.android.server.ondevicepersonalization.OnDevicePersonalizationSystemService$Lifecycle
04-15 18:43:09.190 534 534 V SystemServerTiming: OnBootPhase_500_com.android.server.ondevicepersonalization.OnDevicePersonalizationSystemService$Lifecycle took to complete: 0ms
04-15 18:43:09.190 534 534 D SystemServerTiming: OnBootPhase_500_com.android.server.MmsServiceBroker
04-15 18:43:09.190 534 534 V SystemServerTiming: OnBootPhase_500_com.android.server.MmsServiceBroker took to complete: 0ms
04-15 18:43:09.190 534 534 D SystemServerTiming: OnBootPhase_500_com.android.server.autofill.AutofillManagerService
04-15 18:43:09.190 534 534 V SystemServerTiming: OnBootPhase_500_com.android.server.autofill.AutofillManagerService took to complete: 0ms
04-15 18:43:09.190 534 534 D SystemServerTiming: OnBootPhase_500_com.android.server.credentials.CredentialManagerService
04-15 18:43:09.190 534 534 V SystemServerTiming: OnBootPhase_500_com.android.server.credentials.CredentialManagerService took to complete: 0ms
04-15 18:43:09.190 534 534 D SystemServerTiming: OnBootPhase_500_com.android.server.selectiontoolbar.SelectionToolbarManagerService
04-15 18:43:09.190 534 534 V SystemServerTiming: OnBootPhase_500_com.android.server.selectiontoolbar.SelectionToolbarManagerService took to complete: 0ms
04-15 18:43:09.191 534 534 D SystemServerTiming: OnBootPhase_500_com.android.server.clipboard.ClipboardService
04-15 18:43:09.191 534 534 V SystemServerTiming: OnBootPhase_500_com.android.server.clipboard.ClipboardService took to complete: 0ms
04-15 18:43:09.191 534 534 D SystemServerTiming: OnBootPhase_500_com.android.server.appbinding.AppBindingService$Lifecycle
04-15 18:43:09.191 534 534 V SystemServerTiming: OnBootPhase_500_com.android.server.appbinding.AppBindingService$Lifecycle took to complete: 0ms
04-15 18:43:09.191 534 534 D SystemServerTiming: OnBootPhase_500_com.android.server.tracing.TracingServiceProxy
04-15 18:43:09.191 534 534 V SystemServerTiming: OnBootPhase_500_com.android.server.tracing.TracingServiceProxy took to complete: 0ms
04-15 18:43:09.191 534 534 V SystemServerTiming: OnBootPhase_500 took to complete: 807ms
04-15 18:43:09.191 534 534 V SystemServerTiming: StartBootPhaseSystemServicesReady took to complete: 807ms
04-15 18:43:09.191 534 534 D SystemServerTiming: MakeWindowManagerServiceReady
04-15 18:43:09.231 0 0 I servicemanager: Found android.hardware.health.IHealth/default in device VINTF manifest.
04-15 18:43:09.228 534 806 E WifiChipAidlImpl: getMode failed with service-specific exception: android.os.ServiceSpecificException: (code 5)
04-15 18:43:09.232 349 365 W android.hardware.wifi-service: No active wlan interfaces in use! Using default
04-15 18:43:09.233 349 365 E android.hardware.wifi-service: Unknown iface name: wlan0
04-15 18:43:09.233 349 365 E android.hardware.wifi-service: Unknown iface name: wlan0
04-15 18:43:09.240 534 534 V SystemServerTiming: MakeWindowManagerServiceReady took to complete: 49ms
04-15 18:43:09.242 534 534 D SystemServerTiming: RegisterLogMteState
04-15 18:43:09.243 534 534 V SystemServerTiming: RegisterLogMteState took to complete: 0ms
04-15 18:43:09.263 534 534 D SystemServerTiming: StartPermissionPolicyService
04-15 18:43:09.271 534 534 I SystemServiceManager: Starting com.android.server.policy.PermissionPolicyService
04-15 18:43:09.274 534 566 I HealthServiceWrapperAidl: health: HealthServiceWrapper listening to AIDL HAL
04-15 18:43:09.279 534 806 I WifiVendorHal: Vendor Hal started successfully
04-15 18:43:09.298 534 534 V SystemServerTiming: StartPermissionPolicyService took to complete: 35ms
04-15 18:43:09.298 534 534 D SystemServerTiming: MakePackageManagerServiceReady
04-15 18:43:09.313 0 0 I servicemanager: Found android.hardware.wifi.IWifi/default in device VINTF manifest.
04-15 18:43:09.322 534 566 D StatsPullAtomService: Registering pullers with statsd
04-15 18:43:09.332 534 806 E WifiChipAidlImpl: getMode failed with service-specific exception: android.os.ServiceSpecificException: (code 5)
04-15 18:43:09.334 349 365 W android.hardware.wifi-service: No active wlan interfaces in use! Using default
04-15 18:43:09.335 349 365 E android.hardware.wifi-service: Unknown iface name: wlan0
04-15 18:43:09.335 349 365 E android.hardware.wifi-service: Unknown iface name: wlan0
04-15 18:43:09.335 534 534 V HistoricalRegistry: Interaction before persistence initialized
04-15 18:43:09.338 534 815 D ConnectivityService: NetReassign [no changes] [c 0] [a 0] [i 1]
04-15 18:43:09.339 534 566 I StatsPullAtomService: register thermal listener successfully
04-15 18:43:09.341 534 534 V HistoricalRegistry: Interaction before persistence initialized
04-15 18:43:09.350 534 806 I HalDevMgr: currentModeId=0, requestModeId=0, currentModeIdValid=false
04-15 18:43:09.358 349 365 I android.hardware.wifi-service: Adding interface handle for wlan0
04-15 18:43:09.360 349 365 W android.hardware.wifi-service: No active wlan interfaces in use! Using default
04-15 18:43:09.361 349 365 E android.hardware.wifi-service: Failed to register radio mode change callback
04-15 18:43:09.361 349 365 W android.hardware.wifi-service: No active wlan interfaces in use! Using default
04-15 18:43:09.369 349 365 E android.hardware.wifi-service: Failed to get SupportedIfaceCombinations matrix from legacy HAL: NOT_SUPPORTED
04-15 18:43:09.370 349 365 I android.hardware.wifi-service: Configured chip in mode 0
04-15 18:43:09.370 349 365 W android.hardware.wifi-service: No active wlan interfaces in use! Using default
04-15 18:43:09.381 534 534 V UserDataPreparer: Found /data/user_de/0 with serial number -1
04-15 18:43:09.381 534 534 D UserDataPreparer: Serial number missing on /data/user_de/0; assuming current is valid
04-15 18:43:09.383 534 534 V UserDataPreparer: Found /data/user/0 with serial number -1
04-15 18:43:09.383 534 534 D UserDataPreparer: Serial number missing on /data/user/0; assuming current is valid
04-15 18:43:09.386 534 534 V UserDataPreparer: Found /data/system_de/0 with serial number -1
04-15 18:43:09.386 534 534 D UserDataPreparer: Serial number missing on /data/system_de/0; assuming current is valid
04-15 18:43:09.387 534 534 I PermissionManager: Permission ownership changed. Updating all permissions.
04-15 18:43:09.399 534 534 W PermissionManager: Package com.android.adservices.api is an APK in APEX, but has permission allowlist on the system image. Please bundle the allowlist in the com.android.adservices APEX instead.
04-15 18:43:09.408 349 365 W android.hardware.wifi-service: No active wlan interfaces in use! Using default
04-15 18:43:09.429 349 365 I android.hardware.wifi-service: Adding interface handle for wlan0
04-15 18:43:09.430 349 365 E android.hardware.wifi-service: Failed to set DFS flag; DFS channels may be unavailable.
04-15 18:43:09.439 534 806 D HalDevMgr: updateRttController: no one is interested in RTT controllers
04-15 18:43:09.460 349 365 E android.hardware.wifi-service: Failed to get chip capabilities from legacy HAL: NOT_SUPPORTED
04-15 18:43:09.461 534 806 E WifiChipAidlImpl: getWifiChipCapabilities failed with service-specific exception: android.os.ServiceSpecificException: (code 4)
04-15 18:43:09.468 534 806 D WifiNl80211Manager: Setting up interface for client mode: wlan0
04-15 18:43:09.478 448 448 I wificond: createClientInterface: wiphy_index 1 iface_name wlan0
04-15 18:43:09.499 448 448 I wificond: create scanner for interface with index: 16
04-15 18:43:09.499 448 448 I wificond: subscribe scan result for interface with index: 16
04-15 18:43:09.513 448 448 I wificond: add channel type 0 support at wiphy index: 1
04-15 18:43:09.514 448 448 I wificond: add channel type 1 support at wiphy index: 1
04-15 18:43:09.536 327 327 I netd : interfaceGetCfg(wlan0) -> {InterfaceConfigurationParcel{ifName: wlan0, hwAddr: 02:15:b2:00:00:00, ipv4Addr: 0.0.0.0, prefixLength: 0, flags: [up, broadcast, multicast]}} <8.31ms>
04-15 18:43:09.541 534 806 I WifiNative: Interface state changed on Iface:{Name=wlan0,Id=0,Type=STA_SCAN}, isUp=true
04-15 18:43:09.545 534 806 I WifiNative: Successfully setup Iface:{Name=wlan0,Id=0,Type=STA_SCAN}
04-15 18:43:09.546 534 806 E SupplicantStaIfaceHalAidlImpl: Can't call getKeyMgmtCapabilities, ISupplicantStaIface is null for iface=wlan0
04-15 18:43:09.553 0 0 I servicemanager: Notifying android.hardware.biometrics.fingerprint.IFingerprint/default they do (previously: don't) have clients when service is guaranteed to be in use
04-15 18:43:09.554 0 0 I servicemanager: Notifying android.hardware.biometrics.fingerprint.IFingerprint/default they don't (previously: do) have clients when we now have no record of a client
04-15 18:43:09.550 848 848 I AidlLazyServiceRegistrar: Process has 1 (of 1 available) client(s) in use after notification android.hardware.biometrics.fingerprint.IFingerprint/default has clients: 1
04-15 18:43:09.551 848 856 I AidlLazyServiceRegistrar: Process has 0 (of 1 available) client(s) in use after notification android.hardware.biometrics.fingerprint.IFingerprint/default has clients: 0
04-15 18:43:09.560 0 0 I servicemanager: Found android.hardware.wifi.IWifi/default in device VINTF manifest.
04-15 18:43:09.551 848 856 I AidlLazyServiceRegistrar: Trying to shut down the service. No clients in use for any service in process.
04-15 18:43:09.557 848 856 I AidlLazyServiceRegistrar: Failed to unregister service android.hardware.biometrics.fingerprint.IFingerprint/default (Status(-5, EX_ILLEGAL_STATE): 'Can't unregister, known client.')
04-15 18:43:09.558 848 856 I AidlLazyServiceRegistrar: Process has 1 (of 1 available) client(s) in use after notification android.hardware.biometrics.fingerprint.IFingerprint/default has clients: 1
04-15 18:43:09.567 0 0 I servicemanager: Notifying android.hardware.biometrics.fingerprint.IFingerprint/default they do (previously: don't) have clients when we now have a record of a client
04-15 18:43:09.567 0 0 I servicemanager: Tried to unregister android.hardware.biometrics.fingerprint.IFingerprint/default, but there are clients.
04-15 18:43:09.569 349 365 E android.hardware.wifi-service: Failed to get SupportedRadioCombinations matrix from legacy HAL: NOT_SUPPORTED
04-15 18:43:09.570 534 806 E WifiChipAidlImpl: getSupportedRadioCombinations failed with service-specific exception: android.os.ServiceSpecificException: (code 4)
04-15 18:43:09.570 534 806 E SupplicantStaIfaceHalAidlImpl: Can't call getWpaDriverCapabilities, ISupplicantStaIface is null for iface=wlan0
04-15 18:43:09.573 534 806 E WifiChipAidlImpl: getUsableChannels failed with service-specific exception: android.os.ServiceSpecificException: (code 4)
04-15 18:43:09.594 534 534 W PermissionManager: Package com.android.providers.media.module is an APK in APEX, but has permission allowlist on the system image. Please bundle the allowlist in the com.android.mediaprovider APEX instead.
04-15 18:43:09.595 534 534 W PermissionManager: Package com.android.providers.media.module is an APK in APEX, but has permission allowlist on the system image. Please bundle the allowlist in the com.android.mediaprovider APEX instead.
04-15 18:43:09.600 534 534 W PermissionManager: Package com.android.providers.media.module is an APK in APEX, but has permission allowlist on the system image. Please bundle the allowlist in the com.android.mediaprovider APEX instead.
04-15 18:43:09.600 534 534 W PermissionManager: Package com.android.providers.media.module is an APK in APEX, but has permission allowlist on the system image. Please bundle the allowlist in the com.android.mediaprovider APEX instead.
04-15 18:43:09.601 534 534 W PermissionManager: Package com.android.providers.media.module is an APK in APEX, but has permission allowlist on the system image. Please bundle the allowlist in the com.android.mediaprovider APEX instead.
04-15 18:43:09.602 534 534 W PermissionManager: Package com.android.providers.media.module is an APK in APEX, but has permission allowlist on the system image. Please bundle the allowlist in the com.android.mediaprovider APEX instead.
04-15 18:43:09.602 534 534 W PermissionManager: Package com.android.providers.media.module is an APK in APEX, but has permission allowlist on the system image. Please bundle the allowlist in the com.android.mediaprovider APEX instead.
04-15 18:43:09.603 534 534 W PermissionManager: Package com.android.providers.media.module is an APK in APEX, but has permission allowlist on the system image. Please bundle the allowlist in the com.android.mediaprovider APEX instead.
04-15 18:43:09.604 534 806 E WifiChipAidlImpl: enableStaChannelForPeerNetwork failed with service-specific exception: android.os.ServiceSpecificException: (code 4)
04-15 18:43:09.604 534 806 D WifiNative: setWifiNativeInterfaceEventCallback
04-15 18:43:09.605 534 806 D WifiClientModeManager[167139:wlan0]: entering StartedState
04-15 18:43:09.607 327 327 I netd : interfaceGetCfg(wlan0) -> {InterfaceConfigurationParcel{ifName: wlan0, hwAddr: 02:15:b2:00:00:00, ipv4Addr: 0.0.0.0, prefixLength: 0, flags: [up, broadcast, multicast]}} <0.80ms>
04-15 18:43:09.609 534 534 W PermissionManager: Package com.android.providers.media.module is an APK in APEX, but has permission allowlist on the system image. Please bundle the allowlist in the com.android.mediaprovider APEX instead.
04-15 18:43:09.610 534 534 W PermissionManager: Package com.android.providers.media.module is an APK in APEX, but has permission allowlist on the system image. Please bundle the allowlist in the com.android.mediaprovider APEX instead.
04-15 18:43:09.610 534 534 W PermissionManager: Package com.android.providers.media.module is an APK in APEX, but has permission allowlist on the system image. Please bundle the allowlist in the com.android.mediaprovider APEX instead.
04-15 18:43:09.611 534 534 W PermissionManager: Package com.android.providers.media.module is an APK in APEX, but has permission allowlist on the system image. Please bundle the allowlist in the com.android.mediaprovider APEX instead.
04-15 18:43:09.611 534 534 W PermissionManager: Package com.android.providers.media.module is an APK in APEX, but has permission allowlist on the system image. Please bundle the allowlist in the com.android.mediaprovider APEX instead.
04-15 18:43:09.637 534 806 D WifiConfigStore: Writing to stores completed in 22 ms.
04-15 18:43:09.647 534 806 I SupplicantStaIfaceHalAidlImpl: Clearing internal state
04-15 18:43:09.656 0 0 I servicemanager: Found android.hardware.wifi.IWifi/default in device VINTF manifest.
04-15 18:43:09.658 0 0 I servicemanager: Found android.hardware.wifi.supplicant.ISupplicant/default in device VINTF manifest.
04-15 18:43:09.656 534 534 I DefaultPermGrantPolicy: Granting permissions to platform components for user 0
04-15 18:43:09.664 0 0 I servicemanager: Found android.hardware.wifi.supplicant.ISupplicant/default in device VINTF manifest.
04-15 18:43:09.665 0 0 I servicemanager: Since 'android.hardware.wifi.supplicant.ISupplicant/default' could not be found, trying to start it as a lazy AIDL service. (if it's not configured to be a lazy service, it may be stuck starting or still starting).
04-15 18:43:09.679 0 0 I init : starting service 'wpa_supplicant'...
04-15 18:43:09.683 0 0 I init : Created socket '/dev/socket/wpa_wlan0', mode 660, user 1010, group 1010
04-15 18:43:09.704 534 534 W DefaultPermGrantPolicy: Permission not found: com.google.android.googleapps.permission.GOOGLE_AUTH
04-15 18:43:09.705 534 534 W DefaultPermGrantPolicy: Permission not found: com.android.launcher.permission.READ_SETTINGS
04-15 18:43:09.705 534 534 W DefaultPermGrantPolicy: Permission not found: com.android.launcher.permission.WRITE_SETTINGS
04-15 18:43:09.716 534 534 W DefaultPermGrantPolicy: Permission not found: com.android.smspush.WAPPUSH_MANAGER_BIND
04-15 18:43:09.727 0 0 I init : ... started service 'wpa_supplicant' has pid 873
04-15 18:43:09.731 0 0 I init : Control message: Processed ctl.interface_start for 'aidl/android.hardware.wifi.supplicant.ISupplicant/default' from pid: 132 (/system/bin/servicemanager)
04-15 18:43:09.729 534 534 W DefaultPermGrantPolicy: Permission not found: android.permission.MANAGE_WIFI_WHEN_WIRELESS_CONSENT_REQUIRED
04-15 18:43:09.731 534 534 W DefaultPermGrantPolicy: Permission not found: com.android.providers.tv.permission.ACCESS_WATCHED_PROGRAMS
04-15 18:43:09.731 534 534 W DefaultPermGrantPolicy: Permission not found: com.android.providers.tv.permission.WRITE_EPG_DATA
04-15 18:43:09.731 534 534 W DefaultPermGrantPolicy: Permission not found: android.permission.SUGGEST_MANUAL_TIME
04-15 18:43:09.731 534 534 W DefaultPermGrantPolicy: Permission not found: android.permission.SUGGEST_TELEPHONY_TIME
04-15 18:43:09.736 534 534 W DefaultPermGrantPolicy: Permission not found: android.permission.SUGGEST_NETWORK_TIME
04-15 18:43:09.737 534 534 W DefaultPermGrantPolicy: Permission not found: android.permission.SUGGEST_GNSS_TIME
04-15 18:43:09.754 534 534 W DefaultPermGrantPolicy: Permission not found: android.car.permission.CONTROL_CAR_CLIMATE
04-15 18:43:09.754 534 534 W DefaultPermGrantPolicy: Permission not found: android.car.permission.CAR_CONTROL_AUDIO_VOLUME
04-15 18:43:09.763 534 534 I DefaultPermGrantPolicy: Granting permissions to default platform handlers for user 0
04-15 18:43:09.769 534 534 W VoiceInteractionManager: no available voice interaction services found for user 0
04-15 18:43:09.771 534 534 W VoiceInteractionManager: no available voice recognition services found for user 0
04-15 18:43:09.804 534 534 I SyncManager: No initial accounts
04-15 18:43:09.861 534 534 W DefaultPermGrantPolicy: Permission not found: com.google.android.permission.INSTALL_WEARABLE_PACKAGES
04-15 18:43:09.862 534 534 W DefaultPermGrantPolicy: Permission not found: android.permission.WRITE_SYSTEM_SETTINGS
04-15 18:43:09.863 534 534 E DefaultPermGrantPolicy: Package not found:
04-15 18:43:09.877 534 534 W DefaultPermGrantPolicy: Permission not found: com.android.dialer.permission.DIALER_ORIGIN
04-15 18:43:09.877 534 534 W DefaultPermGrantPolicy: Permission not found: com.sec.android.provider.badge.permission.READ
04-15 18:43:09.877 534 534 W DefaultPermGrantPolicy: Permission not found: com.sec.android.provider.badge.permission.WRITE
04-15 18:43:09.878 534 534 W DefaultPermGrantPolicy: Permission not found: com.htc.launcher.permission.READ_SETTINGS
04-15 18:43:09.878 534 534 W DefaultPermGrantPolicy: Permission not found: com.htc.launcher.permission.UPDATE_SHORTCUT
04-15 18:43:09.878 534 534 W DefaultPermGrantPolicy: Permission not found: com.sonyericsson.home.permission.BROADCAST_BADGE
04-15 18:43:09.878 534 534 W DefaultPermGrantPolicy: Permission not found: com.sonymobile.home.permission.PROVIDER_INSERT_BADGE
04-15 18:43:09.878 534 534 W DefaultPermGrantPolicy: Permission not found: com.anddoes.launcher.permission.UPDATE_COUNT
04-15 18:43:09.878 534 534 W DefaultPermGrantPolicy: Permission not found: com.majeur.launcher.permission.UPDATE_BADGE
04-15 18:43:09.879 534 534 W DefaultPermGrantPolicy: Permission not found: com.huawei.android.launcher.permission.CHANGE_BADGE
04-15 18:43:09.879 534 534 W DefaultPermGrantPolicy: Permission not found: com.huawei.android.launcher.permission.READ_SETTINGS
04-15 18:43:09.879 534 534 W DefaultPermGrantPolicy: Permission not found: com.huawei.android.launcher.permission.WRITE_SETTINGS
04-15 18:43:09.879 534 534 W DefaultPermGrantPolicy: Permission not found: android.permission.READ_APP_BADGE
04-15 18:43:09.884 534 534 W DefaultPermGrantPolicy: Permission not found: com.oppo.launcher.permission.READ_SETTINGS
04-15 18:43:09.885 534 534 W DefaultPermGrantPolicy: Permission not found: com.oppo.launcher.permission.WRITE_SETTINGS
04-15 18:43:09.885 534 534 W DefaultPermGrantPolicy: Permission not found: com.cequint.ecid.CALLER_ID_LOOKUP
04-15 18:43:09.885 534 534 W DefaultPermGrantPolicy: Permission not found: com.motorola.incallui.permission.INCOMING_CALL_VISIBILITY_CHANGED
04-15 18:43:09.891 534 534 W DefaultPermGrantPolicy: Permission not found: com.google.android.googleapps.permission.GOOGLE_AUTH.mail
04-15 18:43:09.897 534 534 W DefaultPermGrantPolicy: Permission not found: com.google.android.googleapps.permission.GOOGLE_AUTH.cl
04-15 18:43:09.899 534 534 W DefaultPermGrantPolicy: Permission not found: com.google.android.setupwizard.SETUP_COMPAT_SERVICE
04-15 18:43:09.923 534 534 I DefaultPermGrantPolicy: Granting Notification permissions to platform signature apps for user 0
04-15 18:43:10.091 0 0 I capability: warning: `wpa_supplicant' uses 32-bit capabilities (legacy support in use)
04-15 18:43:10.131 873 873 I wpa_supplicant: Processing aidl events on FD 3
04-15 18:43:10.137 873 873 I wpa_supplicant: Starting AIDL supplicant
04-15 18:43:10.137 873 873 I wpa_supplicant: Interface version: 2
04-15 18:43:10.164 0 0 I servicemanager: Found android.hardware.wifi.supplicant.ISupplicant/default in device VINTF manifest.
04-15 18:43:10.157 873 873 I wpa_supplicant: Successfully initialized wpa_supplicant
04-15 18:43:10.198 0 0 I BpBinder: onLastStrongRef automatically unlinking death recipients:
04-15 18:43:10.192 534 806 I SupplicantStaIfaceHalAidlImpl: Obtained ISupplicant binder.
04-15 18:43:10.193 534 806 I SupplicantStaIfaceHalAidlImpl: Local Version: 2
04-15 18:43:10.224 873 873 I wpa_supplicant: rfkill: Cannot open RFKILL control device
04-15 18:43:10.341 873 873 I wpa_supplicant: Init sm=0x7333ebd04510
04-15 18:43:10.399 873 873 I wpa_supplicant: rfkill: Cannot get wiphy information
04-15 18:43:10.420 873 873 I wpa_supplicant: Init sm=0x7333ebd04c10
04-15 18:43:10.431 534 806 I SupplicantStaIfaceHalAidlImpl: Remote service version was cached
04-15 18:43:10.436 534 806 I SupplicantStaIfaceHalAidlImpl: Remote Version: 2
04-15 18:43:10.445 534 806 I SupplicantStaIfaceHalAidlImpl: Non-standard cert callback was registered
04-15 18:43:10.447 873 873 I wpa_supplicant: Iface already exists, return existing
04-15 18:43:10.467 0 0 I servicemanager: Found android.hardware.wifi.IWifi/default in device VINTF manifest.
04-15 18:43:10.466 534 806 I WifiNative: Supported features is updated in config store: 116391864461951001
04-15 18:43:10.468 534 806 E WifiChipAidlImpl: getUsableChannels failed with service-specific exception: android.os.ServiceSpecificException: (code 4)
04-15 18:43:10.500 534 806 I WifiNative: Successfully switched to connectivity mode on iface=Iface:{Name=wlan0,Id=0,Type=STA_CONNECTIVITY}
04-15 18:43:10.504 534 806 D WifiClientModeManager[167139:wlan0]: entering ConnectModeState, starting ClientModeImpl
04-15 18:43:10.527 534 806 D WifiNative: enableVerboseLogging false hal false
04-15 18:43:10.531 534 806 D WifiScoreReport: setShouldReduceNetworkScore=false mNetworkAgent is null? true
04-15 18:43:10.545 534 806 D WifiScanRequestProxy: Sending scan available broadcast: true
04-15 18:43:10.546 534 806 I WifiScanRequestProxy: Scanning is enabled
04-15 18:43:10.546 534 806 I WifiScanRequestProxy: Scanning for hidden networks is enabled
04-15 18:43:10.547 534 812 I WifiScanningService: Received a request to enable scanning, UID = 1000
04-15 18:43:10.550 534 812 E WifiStaIfaceAidlImpl: getBackgroundScanCapabilities failed with service-specific exception: android.os.ServiceSpecificException: (code 4)
04-15 18:43:10.555 534 806 E WifiChipAidlImpl: setMultiStaUseCase failed with service-specific exception: android.os.ServiceSpecificException: (code 4)
04-15 18:43:10.560 534 806 E WifiChipAidlImpl: setMultiStaPrimaryConnection failed with service-specific exception: android.os.ServiceSpecificException: (code 4)
04-15 18:43:10.562 534 806 D WifiCountryCode: evaluateAllCmmStateAndApplyIfAllReady: {ConcreteClientModeManager{id=167139 iface=wlan0 role=ROLE_CLIENT_PRIMARY}=true}
04-15 18:43:10.563 534 806 D WifiCountryCode: Reading country code from telephony
04-15 18:43:10.579 534 806 D WifiCountryCode: Set telephony country code to:
04-15 18:43:10.582 534 806 D WifiCountryCode: updateCountryCode to null
04-15 18:43:10.613 534 812 I WifiScanningService: Created a new impl for wlan0
04-15 18:43:10.622 534 812 I WifiScanningService: wifi driver loaded with scan capabilities: max buckets=16
04-15 18:43:10.631 534 806 D WakeupController: onWifiEnabled()
04-15 18:43:10.638 534 806 I WifiActiveModeWarden: Supported STA bands is updated in config store: 1
04-15 18:43:10.654 534 806 D WifiClientModeImpl[168591:wlan0]: entering ConnectableState: ifaceName = wlan0
04-15 18:43:10.876 534 534 V StagingManagerTiming: restoreSessions took to complete: 15ms
04-15 18:43:10.878 0 0 I servicemanager: Notifying apexservice they do (previously: don't) have clients when service is guaranteed to be in use
04-15 18:43:10.882 0 0 I apexd : getSessions() received by ApexService
04-15 18:43:10.884 0 0 I AidlLazyServiceRegistrar: Process has 1 (of 1 available) client(s) in use after notification apexservice has clients: 1
04-15 18:43:10.884 0 0 I AidlLazyServiceRegistrar: Shutdown prevented by forcePersist override flag.
04-15 18:43:10.881 534 534 V SystemServerTiming: MakePackageManagerServiceReady took to complete: 1583ms
04-15 18:43:10.882 534 534 D SystemServerTiming: MakeDisplayManagerServiceReady
04-15 18:43:11.063 534 560 E DisplayModeDirector: Asked about unknown display, returning empty display mode specs!(id=0)
04-15 18:43:11.065 534 560 E DisplayModeDirector: Asked about unknown display, returning empty display mode specs!(id=0)
04-15 18:43:11.110 534 534 I BrightnessSynchronizer: Initial brightness readings: 102(int), 0.39763778(float)
04-15 18:43:11.122 391 391 I RefreshRateSelector: Display 4619827259835644672 policy changed
04-15 18:43:11.122 391 391 I RefreshRateSelector: Previous: {defaultModeId=0, allowGroupSwitching=false, primaryRanges={physical=[0.00 Hz, 340282346638528859811704183484516925440.00 Hz], render=[0.00 Hz, 340282346638528859811704183484516925440.00 Hz]}, appRequestRanges={physical=[0.00 Hz, 340282346638528859811704183484516925440.00 Hz], render=[0.00 Hz, 340282346638528859811704183484516925440.00 Hz]}}
04-15 18:43:11.122 391 391 I RefreshRateSelector: Current: DisplayManagerPolicy{defaultModeId=0, allowGroupSwitching=false, primaryRanges={physical=[0.00 Hz, inf Hz], render=[0.00 Hz, 60.00 Hz]}, appRequestRanges={physical=[0.00 Hz, inf Hz], render=[0.00 Hz, inf Hz]}}
04-15 18:43:11.122 391 391 I RefreshRateSelector: 0 mode changes were performed under the previous policy
04-15 18:43:11.139 534 534 V SystemServerTiming: MakeDisplayManagerServiceReady took to complete: 257ms
04-15 18:43:11.141 534 534 D SystemServerTiming: StartDeviceSpecificServices
04-15 18:43:11.142 534 534 V SystemServerTiming: StartDeviceSpecificServices took to complete: 1ms
04-15 18:43:11.142 534 534 D SystemServerTiming: GameManagerService
04-15 18:43:11.143 534 534 I SystemServiceManager: Starting com.android.server.app.GameManagerService$Lifecycle
04-15 18:43:11.162 534 534 W FileUtils: Failed to chmod(/data/system/game_mode_intervention.list): android.system.ErrnoException: chmod failed: ENOENT (No such file or directory)
04-15 18:43:11.166 534 534 V HistoricalRegistry: Interaction before persistence initialized
04-15 18:43:11.175 534 534 V SystemServerTiming: GameManagerService took to complete: 33ms
04-15 18:43:11.176 534 534 D SystemServerTiming: StartBootPhaseDeviceSpecificServicesReady
04-15 18:43:11.177 534 534 I SystemServiceManager: Starting phase 520
04-15 18:43:11.177 534 534 D SystemServerTiming: OnBootPhase_520
04-15 18:43:11.177 534 534 D SystemServerTiming: OnBootPhase_520_com.android.server.security.FileIntegrityService
04-15 18:43:11.178 534 534 V SystemServerTiming: OnBootPhase_520_com.android.server.security.FileIntegrityService took to complete: 0ms
04-15 18:43:11.178 534 534 D SystemServerTiming: OnBootPhase_520_com.android.server.pm.Installer
04-15 18:43:11.178 534 534 V SystemServerTiming: OnBootPhase_520_com.android.server.pm.Installer took to complete: 0ms
04-15 18:43:11.178 534 534 D SystemServerTiming: OnBootPhase_520_com.android.server.os.DeviceIdentifiersPolicyService
04-15 18:43:11.178 534 534 V SystemServerTiming: OnBootPhase_520_com.android.server.os.DeviceIdentifiersPolicyService took to complete: 0ms
04-15 18:43:11.179 534 534 D SystemServerTiming: OnBootPhase_520_com.android.server.uri.UriGrantsManagerService$Lifecycle
04-15 18:43:11.179 534 534 V SystemServerTiming: OnBootPhase_520_com.android.server.uri.UriGrantsManagerService$Lifecycle took to complete: 0ms
04-15 18:43:11.179 534 534 D SystemServerTiming: OnBootPhase_520_com.android.server.powerstats.PowerStatsService
04-15 18:43:11.179 534 534 V SystemServerTiming: OnBootPhase_520_com.android.server.powerstats.PowerStatsService took to complete: 0ms
04-15 18:43:11.179 534 534 D SystemServerTiming: OnBootPhase_520_com.android.server.permission.access.AccessCheckingService
04-15 18:43:11.182 534 534 V SystemServerTiming: OnBootPhase_520_com.android.server.permission.access.AccessCheckingService took to complete: 0ms
04-15 18:43:11.182 534 534 D SystemServerTiming: OnBootPhase_520_com.android.server.wm.ActivityTaskManagerService$Lifecycle
04-15 18:43:11.184 534 534 V SystemServerTiming: OnBootPhase_520_com.android.server.wm.ActivityTaskManagerService$Lifecycle took to complete: 0ms
04-15 18:43:11.184 534 534 D SystemServerTiming: OnBootPhase_520_com.android.server.am.ActivityManagerService$Lifecycle
04-15 18:43:11.184 534 534 V SystemServerTiming: OnBootPhase_520_com.android.server.am.ActivityManagerService$Lifecycle took to complete: 0ms
04-15 18:43:11.184 534 534 D SystemServerTiming: OnBootPhase_520_com.android.server.pm.DataLoaderManagerService
04-15 18:43:11.185 534 534 V SystemServerTiming: OnBootPhase_520_com.android.server.pm.DataLoaderManagerService took to complete: 0ms
04-15 18:43:11.185 534 534 D SystemServerTiming: OnBootPhase_520_com.android.server.power.PowerManagerService
04-15 18:43:11.185 534 534 V SystemServerTiming: OnBootPhase_520_com.android.server.power.PowerManagerService took to complete: 0ms
04-15 18:43:11.185 534 534 D SystemServerTiming: OnBootPhase_520_com.android.server.power.ThermalManagerService
04-15 18:43:11.185 534 534 V SystemServerTiming: OnBootPhase_520_com.android.server.power.ThermalManagerService took to complete: 0ms
04-15 18:43:11.185 534 534 D SystemServerTiming: OnBootPhase_520_com.android.server.power.hint.HintManagerService
04-15 18:43:11.185 534 534 V SystemServerTiming: OnBootPhase_520_com.android.server.power.hint.HintManagerService took to complete: 0ms
04-15 18:43:11.185 534 534 D SystemServerTiming: OnBootPhase_520_com.android.server.recoverysystem.RecoverySystemService$Lifecycle
04-15 18:43:11.185 534 534 V SystemServerTiming: OnBootPhase_520_com.android.server.recoverysystem.RecoverySystemService$Lifecycle took to complete: 0ms
04-15 18:43:11.185 534 534 D SystemServerTiming: OnBootPhase_520_com.android.server.lights.LightsService
04-15 18:43:11.186 534 534 V SystemServerTiming: OnBootPhase_520_com.android.server.lights.LightsService took to complete: 0ms
04-15 18:43:11.186 534 534 D SystemServerTiming: OnBootPhase_520_com.android.server.display.DisplayManagerService
04-15 18:43:11.186 534 534 V SystemServerTiming: OnBootPhase_520_com.android.server.display.DisplayManagerService took to complete: 0ms
04-15 18:43:11.186 534 534 D SystemServerTiming: OnBootPhase_520_com.android.server.pm.verify.domain.DomainVerificationService
04-15 18:43:11.186 534 534 V SystemServerTiming: OnBootPhase_520_com.android.server.pm.verify.domain.DomainVerificationService took to complete: 0ms
04-15 18:43:11.186 534 534 D SystemServerTiming: OnBootPhase_520_com.android.server.pm.PackageInstallerService$Lifecycle
04-15 18:43:11.186 534 534 V SystemServerTiming: OnBootPhase_520_com.android.server.pm.PackageInstallerService$Lifecycle took to complete: 0ms
04-15 18:43:11.186 534 534 D SystemServerTiming: OnBootPhase_520_com.android.server.pm.UserManagerService$LifeCycle
04-15 18:43:11.186 534 534 V SystemServerTiming: OnBootPhase_520_com.android.server.pm.UserManagerService$LifeCycle took to complete: 0ms
04-15 18:43:11.186 534 534 D SystemServerTiming: OnBootPhase_520_com.android.server.om.OverlayManagerService
04-15 18:43:11.187 534 534 V SystemServerTiming: OnBootPhase_520_com.android.server.om.OverlayManagerService took to complete: 0ms
04-15 18:43:11.187 534 534 D SystemServerTiming: OnBootPhase_520_com.android.server.resources.ResourcesManagerService
04-15 18:43:11.187 534 534 V SystemServerTiming: OnBootPhase_520_com.android.server.resources.ResourcesManagerService took to complete: 0ms
04-15 18:43:11.187 534 534 D SystemServerTiming: OnBootPhase_520_com.android.server.sensorprivacy.SensorPrivacyService
04-15 18:43:11.187 534 534 V SystemServerTiming: OnBootPhase_520_com.android.server.sensorprivacy.SensorPrivacyService took to complete: 0ms
04-15 18:43:11.187 534 534 D SystemServerTiming: OnBootPhase_520_com.android.server.sensors.SensorService
04-15 18:43:11.187 534 534 V SystemServerTiming: OnBootPhase_520_com.android.server.sensors.SensorService took to complete: 0ms
04-15 18:43:11.187 534 534 D SystemServerTiming: OnBootPhase_520_com.android.server.SystemConfigService
04-15 18:43:11.187 534 534 V SystemServerTiming: OnBootPhase_520_com.android.server.SystemConfigService took to complete: 0ms
04-15 18:43:11.187 534 534 D SystemServerTiming: OnBootPhase_520_com.android.server.BatteryService
04-15 18:43:11.188 534 534 V SystemServerTiming: OnBootPhase_520_com.android.server.BatteryService took to complete: 0ms
04-15 18:43:11.200 534 534 D SystemServerTiming: OnBootPhase_520_com.android.server.usage.UsageStatsService
04-15 18:43:11.200 534 534 V SystemServerTiming: OnBootPhase_520_com.android.server.usage.UsageStatsService took to complete: 0ms
04-15 18:43:11.200 534 534 D SystemServerTiming: OnBootPhase_520_com.android.server.webkit.WebViewUpdateService
04-15 18:43:11.200 534 534 V SystemServerTiming: OnBootPhase_520_com.android.server.webkit.WebViewUpdateService took to complete: 0ms
04-15 18:43:11.200 534 534 D SystemServerTiming: OnBootPhase_520_com.android.server.CachedDeviceStateService
04-15 18:43:11.200 534 534 V SystemServerTiming: OnBootPhase_520_com.android.server.CachedDeviceStateService took to complete: 0ms
04-15 18:43:11.201 534 534 D SystemServerTiming: OnBootPhase_520_com.android.server.BinderCallsStatsService$LifeCycle
04-15 18:43:11.201 534 534 V SystemServerTiming: OnBootPhase_520_com.android.server.BinderCallsStatsService$LifeCycle took to complete: 0ms
04-15 18:43:11.201 534 534 D SystemServerTiming: OnBootPhase_520_com.android.server.LooperStatsService$Lifecycle
04-15 18:43:11.201 534 534 V SystemServerTiming: OnBootPhase_520_com.android.server.LooperStatsService$Lifecycle took to complete: 0ms
04-15 18:43:11.201 534 534 D SystemServerTiming: OnBootPhase_520_com.android.server.rollback.RollbackManagerService
04-15 18:43:11.201 534 534 V SystemServerTiming: OnBootPhase_520_com.android.server.rollback.RollbackManagerService took to complete: 0ms
04-15 18:43:11.201 534 534 D SystemServerTiming: OnBootPhase_520_com.android.server.os.NativeTombstoneManagerService
04-15 18:43:11.201 534 534 V SystemServerTiming: OnBootPhase_520_com.android.server.os.NativeTombstoneManagerService took to complete: 0ms
04-15 18:43:11.201 534 534 D SystemServerTiming: OnBootPhase_520_com.android.server.os.BugreportManagerService
04-15 18:43:11.201 534 534 V SystemServerTiming: OnBootPhase_520_com.android.server.os.BugreportManagerService took to complete: 0ms
04-15 18:43:11.201 534 534 D SystemServerTiming: OnBootPhase_520_com.android.server.gpu.GpuService
04-15 18:43:11.202 534 534 V SystemServerTiming: OnBootPhase_520_com.android.server.gpu.GpuService took to complete: 0ms
04-15 18:43:11.202 534 534 D SystemServerTiming: OnBootPhase_520_com.android.server.security.rkp.RemoteProvisioningService
04-15 18:43:11.202 534 534 V SystemServerTiming: OnBootPhase_520_com.android.server.security.rkp.RemoteProvisioningService took to complete: 0ms
04-15 18:43:11.202 534 534 D SystemServerTiming: OnBootPhase_520_com.android.server.cpu.CpuMonitorService
04-15 18:43:11.202 534 534 V SystemServerTiming: OnBootPhase_520_com.android.server.cpu.CpuMonitorService took to complete: 0ms
04-15 18:43:11.202 534 534 D SystemServerTiming: OnBootPhase_520_com.android.server.security.KeyChainSystemService
04-15 18:43:11.202 534 534 V SystemServerTiming: OnBootPhase_520_com.android.server.security.KeyChainSystemService took to complete: 0ms
04-15 18:43:11.202 534 534 D SystemServerTiming: OnBootPhase_520_com.android.server.BinaryTransparencyService
04-15 18:43:11.202 534 534 V SystemServerTiming: OnBootPhase_520_com.android.server.BinaryTransparencyService took to complete: 0ms
04-15 18:43:11.202 534 534 D SystemServerTiming: OnBootPhase_520_com.android.server.telecom.TelecomLoaderService
04-15 18:43:11.202 534 534 V SystemServerTiming: OnBootPhase_520_com.android.server.telecom.TelecomLoaderService took to complete: 0ms
04-15 18:43:11.203 534 534 D SystemServerTiming: OnBootPhase_520_com.android.server.accounts.AccountManagerService$Lifecycle
04-15 18:43:11.203 534 534 V SystemServerTiming: OnBootPhase_520_com.android.server.accounts.AccountManagerService$Lifecycle took to complete: 0ms
04-15 18:43:11.203 534 534 D SystemServerTiming: OnBootPhase_520_com.android.server.content.ContentService$Lifecycle
04-15 18:43:11.203 534 534 V SystemServerTiming: OnBootPhase_520_com.android.server.content.ContentService$Lifecycle took to complete: 0ms
04-15 18:43:11.203 534 534 D SystemServerTiming: OnBootPhase_520_com.android.server.deviceconfig.DeviceConfigInit$Lifecycle
04-15 18:43:11.203 534 534 V SystemServerTiming: OnBootPhase_520_com.android.server.deviceconfig.DeviceConfigInit$Lifecycle took to complete: 0ms
04-15 18:43:11.203 534 534 D SystemServerTiming: OnBootPhase_520_com.android.server.DropBoxManagerService
04-15 18:43:11.203 534 534 V SystemServerTiming: OnBootPhase_520_com.android.server.DropBoxManagerService took to complete: 0ms
04-15 18:43:11.203 534 534 D SystemServerTiming: OnBootPhase_520_com.android.role.RoleService
04-15 18:43:11.203 534 534 V SystemServerTiming: OnBootPhase_520_com.android.role.RoleService took to complete: 0ms
04-15 18:43:11.203 534 534 D SystemServerTiming: OnBootPhase_520_com.android.server.vibrator.VibratorManagerService$Lifecycle
04-15 18:43:11.211 534 534 V SystemServerTiming: OnBootPhase_520_com.android.server.vibrator.VibratorManagerService$Lifecycle took to complete: 0ms
04-15 18:43:11.211 534 534 D SystemServerTiming: OnBootPhase_520_com.android.server.tare.InternalResourceService
04-15 18:43:11.215 534 534 V SystemServerTiming: OnBootPhase_520_com.android.server.tare.InternalResourceService took to complete: 0ms
04-15 18:43:11.215 534 534 D SystemServerTiming: OnBootPhase_520_com.android.server.alarm.AlarmManagerService
04-15 18:43:11.215 534 534 V SystemServerTiming: OnBootPhase_520_com.android.server.alarm.AlarmManagerService took to complete: 0ms
04-15 18:43:11.216 534 534 D SystemServerTiming: OnBootPhase_520_com.android.server.devicestate.DeviceStateManagerService
04-15 18:43:11.216 534 534 V SystemServerTiming: OnBootPhase_520_com.android.server.devicestate.DeviceStateManagerService took to complete: 0ms
04-15 18:43:11.216 534 534 D SystemServerTiming: OnBootPhase_520_com.android.server.camera.CameraServiceProxy
04-15 18:43:11.216 534 534 V SystemServerTiming: OnBootPhase_520_com.android.server.camera.CameraServiceProxy took to complete: 0ms
04-15 18:43:11.217 534 534 D SystemServerTiming: OnBootPhase_520_com.android.server.bluetooth.BluetoothService
04-15 18:43:11.217 534 534 V SystemServerTiming: OnBootPhase_520_com.android.server.bluetooth.BluetoothService took to complete: 0ms
04-15 18:43:11.217 534 534 D SystemServerTiming: OnBootPhase_520_com.android.server.connectivity.IpConnectivityMetrics
04-15 18:43:11.217 534 534 V SystemServerTiming: OnBootPhase_520_com.android.server.connectivity.IpConnectivityMetrics took to complete: 0ms
04-15 18:43:11.217 534 534 D SystemServerTiming: OnBootPhase_520_com.android.server.net.watchlist.NetworkWatchlistService$Lifecycle
04-15 18:43:11.217 534 534 V SystemServerTiming: OnBootPhase_520_com.android.server.net.watchlist.NetworkWatchlistService$Lifecycle took to complete: 0ms
04-15 18:43:11.217 534 534 D SystemServerTiming: OnBootPhase_520_com.android.server.PinnerService
04-15 18:43:11.217 534 534 V SystemServerTiming: OnBootPhase_520_com.android.server.PinnerService took to complete: 0ms
04-15 18:43:11.217 534 534 D SystemServerTiming: OnBootPhase_520_com.android.server.integrity.AppIntegrityManagerService
04-15 18:43:11.217 534 534 V SystemServerTiming: OnBootPhase_520_com.android.server.integrity.AppIntegrityManagerService took to complete: 0ms
04-15 18:43:11.217 534 534 D SystemServerTiming: OnBootPhase_520_com.android.server.logcat.LogcatManagerService
04-15 18:43:11.218 534 534 V SystemServerTiming: OnBootPhase_520_com.android.server.logcat.LogcatManagerService took to complete: 0ms
04-15 18:43:11.218 534 534 D SystemServerTiming: OnBootPhase_520_com.android.server.inputmethod.InputMethodManagerService$Lifecycle
04-15 18:43:11.218 534 534 V SystemServerTiming: OnBootPhase_520_com.android.server.inputmethod.InputMethodManagerService$Lifecycle took to complete: 0ms
04-15 18:43:11.218 534 534 D SystemServerTiming: OnBootPhase_520_com.android.server.accessibility.AccessibilityManagerService$Lifecycle
04-15 18:43:11.218 534 534 V SystemServerTiming: OnBootPhase_520_com.android.server.accessibility.AccessibilityManagerService$Lifecycle took to complete: 0ms
04-15 18:43:11.218 534 534 D SystemServerTiming: OnBootPhase_520_com.android.server.StorageManagerService$Lifecycle
04-15 18:43:11.218 534 534 V SystemServerTiming: OnBootPhase_520_com.android.server.StorageManagerService$Lifecycle took to complete: 0ms
04-15 18:43:11.218 534 534 D SystemServerTiming: OnBootPhase_520_com.android.server.usage.StorageStatsService$Lifecycle
04-15 18:43:11.218 534 534 V SystemServerTiming: OnBootPhase_520_com.android.server.usage.StorageStatsService$Lifecycle took to complete: 0ms
04-15 18:43:11.218 534 534 D SystemServerTiming: OnBootPhase_520_com.android.server.UiModeManagerService
04-15 18:43:11.218 534 534 V SystemServerTiming: OnBootPhase_520_com.android.server.UiModeManagerService took to complete: 0ms
04-15 18:43:11.219 534 534 D SystemServerTiming: OnBootPhase_520_com.android.server.locales.LocaleManagerService
04-15 18:43:11.219 534 534 V SystemServerTiming: OnBootPhase_520_com.android.server.locales.LocaleManagerService took to complete: 0ms
04-15 18:43:11.219 534 534 D SystemServerTiming: OnBootPhase_520_com.android.server.grammaticalinflection.GrammaticalInflectionService
04-15 18:43:11.219 534 534 V SystemServerTiming: OnBootPhase_520_com.android.server.grammaticalinflection.GrammaticalInflectionService took to complete: 0ms
04-15 18:43:11.219 534 534 D SystemServerTiming: OnBootPhase_520_com.android.server.apphibernation.AppHibernationService
04-15 18:43:11.225 534 534 V SystemServerTiming: OnBootPhase_520_com.android.server.apphibernation.AppHibernationService took to complete: 0ms
04-15 18:43:11.225 534 534 D SystemServerTiming: OnBootPhase_520_com.android.server.locksettings.LockSettingsService$Lifecycle
04-15 18:43:11.225 534 534 V SystemServerTiming: OnBootPhase_520_com.android.server.locksettings.LockSettingsService$Lifecycle took to complete: 0ms
04-15 18:43:11.226 534 534 D SystemServerTiming: OnBootPhase_520_com.android.server.testharness.TestHarnessModeService
04-15 18:43:11.226 534 534 V SystemServerTiming: OnBootPhase_520_com.android.server.testharness.TestHarnessModeService took to complete: 0ms
04-15 18:43:11.226 534 534 D SystemServerTiming: OnBootPhase_520_com.android.server.DeviceIdleController
04-15 18:43:11.226 534 534 V SystemServerTiming: OnBootPhase_520_com.android.server.DeviceIdleController took to complete: 0ms
04-15 18:43:11.226 534 534 D SystemServerTiming: OnBootPhase_520_com.android.server.devicepolicy.DevicePolicyManagerService$Lifecycle
04-15 18:43:11.226 534 534 V SystemServerTiming: OnBootPhase_520_com.android.server.devicepolicy.DevicePolicyManagerService$Lifecycle took to complete: 0ms
04-15 18:43:11.226 534 534 D SystemServerTiming: OnBootPhase_520_com.android.server.texttospeech.TextToSpeechManagerService
04-15 18:43:11.226 534 534 V SystemServerTiming: OnBootPhase_520_com.android.server.texttospeech.TextToSpeechManagerService took to complete: 0ms
04-15 18:43:11.226 534 534 D SystemServerTiming: OnBootPhase_520_com.android.server.ambientcontext.AmbientContextManagerService
04-15 18:43:11.226 534 534 V SystemServerTiming: OnBootPhase_520_com.android.server.ambientcontext.AmbientContextManagerService took to complete: 0ms
04-15 18:43:11.226 534 534 D SystemServerTiming: OnBootPhase_520_com.android.server.wearable.WearableSensingManagerService
04-15 18:43:11.227 534 534 V SystemServerTiming: OnBootPhase_520_com.android.server.wearable.WearableSensingManagerService took to complete: 0ms
04-15 18:43:11.227 534 534 D SystemServerTiming: OnBootPhase_520_com.android.server.speech.SpeechRecognitionManagerService
04-15 18:43:11.227 534 534 V SystemServerTiming: OnBootPhase_520_com.android.server.speech.SpeechRecognitionManagerService took to complete: 0ms
04-15 18:43:11.227 534 534 D SystemServerTiming: OnBootPhase_520_com.android.server.searchui.SearchUiManagerService
04-15 18:43:11.227 534 534 V SystemServerTiming: OnBootPhase_520_com.android.server.searchui.SearchUiManagerService took to complete: 0ms
04-15 18:43:11.227 534 534 D SystemServerTiming: OnBootPhase_520_com.android.server.smartspace.SmartspaceManagerService
04-15 18:43:11.227 534 534 V SystemServerTiming: OnBootPhase_520_com.android.server.smartspace.SmartspaceManagerService took to complete: 0ms
04-15 18:43:11.227 534 534 D SystemServerTiming: OnBootPhase_520_com.android.server.graphics.fonts.FontManagerService$Lifecycle
04-15 18:43:11.227 534 534 V SystemServerTiming: OnBootPhase_520_com.android.server.graphics.fonts.FontManagerService$Lifecycle took to complete: 0ms
04-15 18:43:11.227 534 534 D SystemServerTiming: OnBootPhase_520_com.android.server.textservices.TextServicesManagerService$Lifecycle
04-15 18:43:11.227 534 534 V SystemServerTiming: OnBootPhase_520_com.android.server.textservices.TextServicesManagerService$Lifecycle took to complete: 0ms
04-15 18:43:11.232 534 534 D SystemServerTiming: OnBootPhase_520_com.android.server.textclassifier.TextClassificationManagerService$Lifecycle
04-15 18:43:11.232 534 534 V SystemServerTiming: OnBootPhase_520_com.android.server.textclassifier.TextClassificationManagerService$Lifecycle took to complete: 0ms
04-15 18:43:11.232 534 534 D SystemServerTiming: OnBootPhase_520_com.android.server.NetworkScoreService$Lifecycle
04-15 18:43:11.232 534 534 V SystemServerTiming: OnBootPhase_520_com.android.server.NetworkScoreService$Lifecycle took to complete: 0ms
04-15 18:43:11.232 534 534 D SystemServerTiming: OnBootPhase_520_com.android.server.NetworkStatsServiceInitializer
04-15 18:43:11.232 534 534 V SystemServerTiming: OnBootPhase_520_com.android.server.NetworkStatsServiceInitializer took to complete: 0ms
04-15 18:43:11.232 534 534 D SystemServerTiming: OnBootPhase_520_com.android.server.wifi.WifiService
04-15 18:43:11.232 534 534 V SystemServerTiming: OnBootPhase_520_com.android.server.wifi.WifiService took to complete: 0ms
04-15 18:43:11.232 534 534 D SystemServerTiming: OnBootPhase_520_com.android.server.wifi.scanner.WifiScanningService
04-15 18:43:11.233 534 534 V SystemServerTiming: OnBootPhase_520_com.android.server.wifi.scanner.WifiScanningService took to complete: 0ms
04-15 18:43:11.233 534 534 D SystemServerTiming: OnBootPhase_520_com.android.server.wifi.p2p.WifiP2pService
04-15 18:43:11.233 534 534 V SystemServerTiming: OnBootPhase_520_com.android.server.wifi.p2p.WifiP2pService took to complete: 0ms
04-15 18:43:11.233 534 534 D SystemServerTiming: OnBootPhase_520_com.android.server.ConnectivityServiceInitializer
04-15 18:43:11.233 534 534 V SystemServerTiming: OnBootPhase_520_com.android.server.ConnectivityServiceInitializer took to complete: 0ms
04-15 18:43:11.233 534 534 D SystemServerTiming: OnBootPhase_520_com.android.server.notification.NotificationManagerService
04-15 18:43:11.287 534 534 W SystemServiceManager: Service com.android.server.notification.NotificationManagerService took 54 ms in onBootPhase
04-15 18:43:11.287 534 534 V SystemServerTiming: OnBootPhase_520_com.android.server.notification.NotificationManagerService took to complete: 54ms
04-15 18:43:11.288 534 534 D SystemServerTiming: OnBootPhase_520_com.android.server.storage.DeviceStorageMonitorService
