04-15 18:43:07.644 534 534 V MediaRouter: Selecting route: RouteInfo{ name=Phone, description=null, status=null, category=RouteCategory{ name=System types=ROUTE_TYPE_LIVE_AUDIO ROUTE_TYPE_LIVE_VIDEO groupable=false }, supportedTypes=ROUTE_TYPE_LIVE_AUDIO ROUTE_TYPE_LIVE_VIDEO , presentationDisplay=null }
04-15 18:43:07.644 534 534 I MediaRouter: Skip setBluetoothA2dpOn(): types=8388615, isPlaybackActive()=false, BT route=null
04-15 18:43:07.660 534 534 V SystemServerTiming: StartMediaProjectionManager took to complete: 76ms
04-15 18:43:07.660 534 534 D SystemServerTiming: StartSliceManagerService
04-15 18:43:07.661 534 534 I SystemServiceManager: Starting com.android.server.slice.SliceManagerService$Lifecycle
04-15 18:43:07.699 534 534 V SystemServerTiming: StartSliceManagerService took to complete: 39ms
04-15 18:43:07.704 534 534 D SystemServerTiming: StartStatsCompanion
04-15 18:43:07.707 534 534 I SystemServiceManager: Starting com.android.server.stats.StatsCompanion$Lifecycle
04-15 18:43:07.731 534 534 V SystemServerTiming: StartStatsCompanion took to complete: 26ms
04-15 18:43:07.733 534 534 D SystemServerTiming: StartRebootReadinessManagerService
04-15 18:43:07.735 534 534 I SystemServiceManager: Starting com.android.server.scheduling.RebootReadinessManagerService$Lifecycle
04-15 18:43:07.769 848 848 I AidlLazyServiceRegistrar: Registering service android.hardware.biometrics.fingerprint.IFingerprint/default
04-15 18:43:07.773 534 534 I TetheringManager: registerTetheringEventCallback:android
04-15 18:43:07.773 534 534 I TetheringManager: registerTetheringEventCallback caller:android
04-15 18:43:07.777 534 534 V SystemServerTiming: StartRebootReadinessManagerService took to complete: 44ms
04-15 18:43:07.777 534 534 D SystemServerTiming: StartStatsPullAtomService
04-15 18:43:07.778 534 534 I SystemServiceManager: Starting com.android.server.stats.pull.StatsPullAtomService
04-15 18:43:07.778 534 534 V SystemServerTiming: StartStatsPullAtomService took to complete: 1ms
04-15 18:43:07.778 534 534 D SystemServerTiming: StatsBootstrapAtomService
04-15 18:43:07.779 534 534 I SystemServiceManager: Starting com.android.server.stats.bootstrap.StatsBootstrapAtomService$Lifecycle
04-15 18:43:07.792 534 534 V SystemServerTiming: StatsBootstrapAtomService took to complete: 14ms
04-15 18:43:07.792 534 534 D SystemServerTiming: StartIncidentCompanionService
04-15 18:43:07.793 534 534 I SystemServiceManager: Starting com.android.server.incident.IncidentCompanionService
04-15 18:43:07.802 0 0 I servicemanager: Found android.hardware.biometrics.fingerprint.IFingerprint/default in device VINTF manifest.
04-15 18:43:07.801 534 534 V SystemServerTiming: StartIncidentCompanionService took to complete: 8ms
04-15 18:43:07.802 534 534 D SystemServerTiming: StarSdkSandboxManagerService
04-15 18:43:07.813 0 0 I BpBinder: onLastStrongRef automatically unlinking death recipients:
04-15 18:43:07.812 534 534 I SystemServiceManager: Starting com.android.server.sdksandbox.SdkSandboxManagerService$Lifecycle
04-15 18:43:07.819 326 329 I ServiceManagerCppClient: Waiting for service 'statscompanion' on '/dev/binder' successful after waiting 741ms
04-15 18:43:07.855 534 534 D SdkSandboxManager: Registering callback with StatsManager
04-15 18:43:07.865 534 845 D FingerprintProvider/default: Added: ID: 0, Strength: 2, Type: 1
04-15 18:43:07.866 534 845 I FingerprintService: Adding AIDL provider: default
04-15 18:43:07.879 534 534 V SystemServerTiming: StarSdkSandboxManagerService took to complete: 77ms
04-15 18:43:07.883 534 534 D SystemServerTiming: StartAdServicesManagerService
04-15 18:43:07.889 534 534 I SystemServiceManager: Starting com.android.server.adservices.AdServicesManagerService$Lifecycle
04-15 18:43:07.903 534 534 D SdkSandboxManager: registerAdServicesManagerService(): published=true
04-15 18:43:07.903 534 534 V SystemServerTiming: StartAdServicesManagerService took to complete: 15ms
04-15 18:43:07.907 534 534 D SystemServerTiming: StartOnDevicePersonalizationSystemService
04-15 18:43:07.912 534 534 I SystemServiceManager: Starting com.android.server.ondevicepersonalization.OnDevicePersonalizationSystemService$Lifecycle
04-15 18:43:07.915 534 534 I OnDevicePersonalizationSystemService: OnDevicePersonalizationSystemService started!
04-15 18:43:07.915 534 534 V SystemServerTiming: StartOnDevicePersonalizationSystemService took to complete: 7ms
04-15 18:43:07.919 534 534 D SystemServerTiming: StartMmsService
04-15 18:43:07.924 534 534 I SystemServiceManager: Starting com.android.server.MmsServiceBroker
04-15 18:43:07.930 534 534 V SystemServerTiming: StartMmsService took to complete: 10ms
04-15 18:43:07.930 534 534 D SystemServerTiming: StartAutoFillService
04-15 18:43:07.932 534 534 I SystemServiceManager: Starting com.android.server.autofill.AutofillManagerService
04-15 18:43:07.944 534 845 D BiometricService: Registering ID: 0 Modality: 2 Strength: 15
04-15 18:43:07.945 534 845 D BiometricStrengthController: updateStrengths: revert sensorId=4 to oemStrength=15
04-15 18:43:07.945 534 845 D BiometricService/Sensor: updateStrength: Before(ID(4), oemStrength: 15, updatedStrength: 15, modality 8, state: 0, cookie: 0) After(ID(4), oemStrength: 15, updatedStrength: 15, modality 8, state: 0, cookie: 0)
04-15 18:43:07.945 534 845 D BiometricStrengthController: updateStrengths: revert sensorId=0 to oemStrength=15
04-15 18:43:07.945 534 845 D BiometricService/Sensor: updateStrength: Before(ID(0), oemStrength: 15, updatedStrength: 15, modality 2, state: 0, cookie: 0) After(ID(0), oemStrength: 15, updatedStrength: 15, modality 2, state: 0, cookie: 0)
04-15 18:43:07.951 534 534 D AutofillManagerService: setLogLevelFromSettings(): level=2, debug=true, verbose=false
04-15 18:43:07.955 534 534 D AutofillManagerService: setMaxPartitionsFromSettings(): 10
04-15 18:43:07.960 534 534 D AutofillManagerService: setMaxVisibleDatasetsFromSettings(): 0
04-15 18:43:07.973 534 534 D AutofillManagerServiceImpl: Reset component for user 0:null
04-15 18:43:07.975 534 558 D AutofillUI: destroySaveUiUiThread(): already destroyed
04-15 18:43:07.993 534 534 V SystemServerTiming: StartAutoFillService took to complete: 62ms
04-15 18:43:07.995 534 534 D SystemServerTiming: StartCredentialManagerService
04-15 18:43:07.997 534 534 I SystemServiceManager: Starting com.android.server.credentials.CredentialManagerService
04-15 18:43:08.003 534 534 V SystemServerTiming: StartCredentialManagerService took to complete: 7ms
04-15 18:43:08.003 534 534 D SystemServer: TranslationService not defined by OEM
04-15 18:43:08.020 534 534 D SystemServerTiming: StartSelectionToolbarManagerService
04-15 18:43:08.032 534 534 I SystemServiceManager: Starting com.android.server.selectiontoolbar.SelectionToolbarManagerService
04-15 18:43:08.046 534 534 V SystemServerTiming: StartSelectionToolbarManagerService took to complete: 25ms
04-15 18:43:08.047 534 534 D SystemServerTiming: StartClipboardService
04-15 18:43:08.051 534 534 I SystemServiceManager: Starting com.android.server.clipboard.ClipboardService
04-15 18:43:08.085 534 534 V SystemServerTiming: StartClipboardService took to complete: 38ms
04-15 18:43:08.087 534 534 D SystemServerTiming: AppServiceManager
04-15 18:43:08.087 534 534 I SystemServiceManager: Starting com.android.server.appbinding.AppBindingService$Lifecycle
04-15 18:43:08.102 534 534 V SystemServerTiming: AppServiceManager took to complete: 15ms
04-15 18:43:08.103 534 534 D SystemServerTiming: startTracingServiceProxy
04-15 18:43:08.107 534 534 I SystemServiceManager: Starting com.android.server.tracing.TracingServiceProxy
04-15 18:43:08.122 534 534 V SystemServerTiming: startTracingServiceProxy took to complete: 14ms
04-15 18:43:08.124 534 534 D SystemServerTiming: MakeLockSettingsServiceReady
04-15 18:43:08.163 534 545 I system_server: Background young concurrent copying GC freed 120284(6105KB) AllocSpace objects, 8(160KB) LOS objects, 39% free, 10MB/16MB, paused 909us,337us total 159.314ms
04-15 18:43:08.235 534 534 I LockSettingsService: Migrated keys to LSS namespace
04-15 18:43:08.251 0 0 I servicemanager: Found android.hardware.authsecret.IAuthSecret/default in device VINTF manifest.
04-15 18:43:08.242 534 534 I LockSettingsService: Device implements AIDL AuthSecret HAL
04-15 18:43:08.253 534 534 V SystemServerTiming: MakeLockSettingsServiceReady took to complete: 129ms
04-15 18:43:08.254 534 534 D SystemServerTiming: StartBootPhaseLockSettingsReady
04-15 18:43:08.254 534 534 I SystemServiceManager: Starting phase 480
04-15 18:43:08.255 534 534 D SystemServerTiming: OnBootPhase_480
04-15 18:43:08.257 534 534 D SystemServerTiming: OnBootPhase_480_com.android.server.security.FileIntegrityService
04-15 18:43:08.257 534 534 V SystemServerTiming: OnBootPhase_480_com.android.server.security.FileIntegrityService took to complete: 0ms
04-15 18:43:08.258 534 534 D SystemServerTiming: OnBootPhase_480_com.android.server.pm.Installer
04-15 18:43:08.258 534 534 V SystemServerTiming: OnBootPhase_480_com.android.server.pm.Installer took to complete: 0ms
04-15 18:43:08.258 534 534 D SystemServerTiming: OnBootPhase_480_com.android.server.os.DeviceIdentifiersPolicyService
04-15 18:43:08.258 534 534 V SystemServerTiming: OnBootPhase_480_com.android.server.os.DeviceIdentifiersPolicyService took to complete: 0ms
04-15 18:43:08.258 534 534 D SystemServerTiming: OnBootPhase_480_com.android.server.uri.UriGrantsManagerService$Lifecycle
04-15 18:43:08.258 534 534 V SystemServerTiming: OnBootPhase_480_com.android.server.uri.UriGrantsManagerService$Lifecycle took to complete: 0ms
04-15 18:43:08.258 534 534 D SystemServerTiming: OnBootPhase_480_com.android.server.powerstats.PowerStatsService
04-15 18:43:08.258 534 534 V SystemServerTiming: OnBootPhase_480_com.android.server.powerstats.PowerStatsService took to complete: 0ms
04-15 18:43:08.258 534 534 D SystemServerTiming: OnBootPhase_480_com.android.server.permission.access.AccessCheckingService
04-15 18:43:08.258 534 534 V SystemServerTiming: OnBootPhase_480_com.android.server.permission.access.AccessCheckingService took to complete: 0ms
04-15 18:43:08.258 534 534 D SystemServerTiming: OnBootPhase_480_com.android.server.wm.ActivityTaskManagerService$Lifecycle
04-15 18:43:08.259 534 534 V SystemServerTiming: OnBootPhase_480_com.android.server.wm.ActivityTaskManagerService$Lifecycle took to complete: 0ms
04-15 18:43:08.259 534 534 D SystemServerTiming: OnBootPhase_480_com.android.server.am.ActivityManagerService$Lifecycle
04-15 18:43:08.259 534 534 V SystemServerTiming: OnBootPhase_480_com.android.server.am.ActivityManagerService$Lifecycle took to complete: 0ms
04-15 18:43:08.259 534 534 D SystemServerTiming: OnBootPhase_480_com.android.server.pm.DataLoaderManagerService
04-15 18:43:08.259 534 534 V SystemServerTiming: OnBootPhase_480_com.android.server.pm.DataLoaderManagerService took to complete: 0ms
04-15 18:43:08.259 534 534 D SystemServerTiming: OnBootPhase_480_com.android.server.power.PowerManagerService
04-15 18:43:08.259 534 534 V SystemServerTiming: OnBootPhase_480_com.android.server.power.PowerManagerService took to complete: 0ms
04-15 18:43:08.259 534 534 D SystemServerTiming: OnBootPhase_480_com.android.server.power.ThermalManagerService
04-15 18:43:08.259 534 534 V SystemServerTiming: OnBootPhase_480_com.android.server.power.ThermalManagerService took to complete: 0ms
04-15 18:43:08.259 534 534 D SystemServerTiming: OnBootPhase_480_com.android.server.power.hint.HintManagerService
04-15 18:43:08.264 534 534 V SystemServerTiming: OnBootPhase_480_com.android.server.power.hint.HintManagerService took to complete: 5ms
04-15 18:43:08.264 534 534 D SystemServerTiming: OnBootPhase_480_com.android.server.recoverysystem.RecoverySystemService$Lifecycle
04-15 18:43:08.264 534 534 V SystemServerTiming: OnBootPhase_480_com.android.server.recoverysystem.RecoverySystemService$Lifecycle took to complete: 0ms
04-15 18:43:08.264 534 534 D SystemServerTiming: OnBootPhase_480_com.android.server.lights.LightsService
04-15 18:43:08.265 534 534 V SystemServerTiming: OnBootPhase_480_com.android.server.lights.LightsService took to complete: 0ms
04-15 18:43:08.265 534 534 D SystemServerTiming: OnBootPhase_480_com.android.server.display.DisplayManagerService
04-15 18:43:08.265 534 534 V SystemServerTiming: OnBootPhase_480_com.android.server.display.DisplayManagerService took to complete: 0ms
04-15 18:43:08.265 534 534 D SystemServerTiming: OnBootPhase_480_com.android.server.pm.verify.domain.DomainVerificationService
04-15 18:43:08.265 534 534 V SystemServerTiming: OnBootPhase_480_com.android.server.pm.verify.domain.DomainVerificationService took to complete: 0ms
04-15 18:43:08.265 534 534 D SystemServerTiming: OnBootPhase_480_com.android.server.pm.PackageInstallerService$Lifecycle
04-15 18:43:08.265 534 534 V SystemServerTiming: OnBootPhase_480_com.android.server.pm.PackageInstallerService$Lifecycle took to complete: 0ms
04-15 18:43:08.265 534 534 D SystemServerTiming: OnBootPhase_480_com.android.server.pm.UserManagerService$LifeCycle
04-15 18:43:08.265 534 534 V SystemServerTiming: OnBootPhase_480_com.android.server.pm.UserManagerService$LifeCycle took to complete: 0ms
04-15 18:43:08.265 534 534 D SystemServerTiming: OnBootPhase_480_com.android.server.om.OverlayManagerService
04-15 18:43:08.265 534 534 V SystemServerTiming: OnBootPhase_480_com.android.server.om.OverlayManagerService took to complete: 0ms
04-15 18:43:08.266 534 534 D SystemServerTiming: OnBootPhase_480_com.android.server.resources.ResourcesManagerService
04-15 18:43:08.266 534 534 V SystemServerTiming: OnBootPhase_480_com.android.server.resources.ResourcesManagerService took to complete: 0ms
04-15 18:43:08.266 534 534 D SystemServerTiming: OnBootPhase_480_com.android.server.sensorprivacy.SensorPrivacyService
04-15 18:43:08.266 534 534 V SystemServerTiming: OnBootPhase_480_com.android.server.sensorprivacy.SensorPrivacyService took to complete: 0ms
04-15 18:43:08.266 534 534 D SystemServerTiming: OnBootPhase_480_com.android.server.sensors.SensorService
04-15 18:43:08.266 534 534 V SystemServerTiming: OnBootPhase_480_com.android.server.sensors.SensorService took to complete: 0ms
04-15 18:43:08.266 534 534 D SystemServerTiming: OnBootPhase_480_com.android.server.SystemConfigService
04-15 18:43:08.266 534 534 V SystemServerTiming: OnBootPhase_480_com.android.server.SystemConfigService took to complete: 0ms
04-15 18:43:08.266 534 534 D SystemServerTiming: OnBootPhase_480_com.android.server.BatteryService
04-15 18:43:08.266 534 534 V SystemServerTiming: OnBootPhase_480_com.android.server.BatteryService took to complete: 0ms
04-15 18:43:08.266 534 534 D SystemServerTiming: OnBootPhase_480_com.android.server.usage.UsageStatsService
04-15 18:43:08.267 534 534 V SystemServerTiming: OnBootPhase_480_com.android.server.usage.UsageStatsService took to complete: 1ms
04-15 18:43:08.267 534 534 D SystemServerTiming: OnBootPhase_480_com.android.server.webkit.WebViewUpdateService
04-15 18:43:08.267 534 534 V SystemServerTiming: OnBootPhase_480_com.android.server.webkit.WebViewUpdateService took to complete: 0ms
04-15 18:43:08.267 534 534 D SystemServerTiming: OnBootPhase_480_com.android.server.CachedDeviceStateService
04-15 18:43:08.267 534 534 V SystemServerTiming: OnBootPhase_480_com.android.server.CachedDeviceStateService took to complete: 0ms
04-15 18:43:08.267 534 534 D SystemServerTiming: OnBootPhase_480_com.android.server.BinderCallsStatsService$LifeCycle
04-15 18:43:08.267 534 534 V SystemServerTiming: OnBootPhase_480_com.android.server.BinderCallsStatsService$LifeCycle took to complete: 0ms
04-15 18:43:08.267 534 534 D SystemServerTiming: OnBootPhase_480_com.android.server.LooperStatsService$Lifecycle
04-15 18:43:08.267 534 534 V SystemServerTiming: OnBootPhase_480_com.android.server.LooperStatsService$Lifecycle took to complete: 0ms
04-15 18:43:08.267 534 534 D SystemServerTiming: OnBootPhase_480_com.android.server.rollback.RollbackManagerService
04-15 18:43:08.272 534 534 V SystemServerTiming: OnBootPhase_480_com.android.server.rollback.RollbackManagerService took to complete: 0ms
04-15 18:43:08.272 534 534 D SystemServerTiming: OnBootPhase_480_com.android.server.os.NativeTombstoneManagerService
04-15 18:43:08.272 534 534 V SystemServerTiming: OnBootPhase_480_com.android.server.os.NativeTombstoneManagerService took to complete: 0ms
04-15 18:43:08.272 534 534 D SystemServerTiming: OnBootPhase_480_com.android.server.os.BugreportManagerService
04-15 18:43:08.272 534 534 V SystemServerTiming: OnBootPhase_480_com.android.server.os.BugreportManagerService took to complete: 0ms
04-15 18:43:08.272 534 534 D SystemServerTiming: OnBootPhase_480_com.android.server.gpu.GpuService
04-15 18:43:08.272 534 534 V SystemServerTiming: OnBootPhase_480_com.android.server.gpu.GpuService took to complete: 0ms
04-15 18:43:08.272 534 534 D SystemServerTiming: OnBootPhase_480_com.android.server.security.rkp.RemoteProvisioningService
04-15 18:43:08.273 534 534 V SystemServerTiming: OnBootPhase_480_com.android.server.security.rkp.RemoteProvisioningService took to complete: 0ms
04-15 18:43:08.273 534 534 D SystemServerTiming: OnBootPhase_480_com.android.server.cpu.CpuMonitorService
04-15 18:43:08.273 534 534 V SystemServerTiming: OnBootPhase_480_com.android.server.cpu.CpuMonitorService took to complete: 0ms
04-15 18:43:08.273 534 534 D SystemServerTiming: OnBootPhase_480_com.android.server.security.KeyChainSystemService
04-15 18:43:08.273 534 534 V SystemServerTiming: OnBootPhase_480_com.android.server.security.KeyChainSystemService took to complete: 0ms
04-15 18:43:08.273 534 534 D SystemServerTiming: OnBootPhase_480_com.android.server.BinaryTransparencyService
04-15 18:43:08.273 534 534 V SystemServerTiming: OnBootPhase_480_com.android.server.BinaryTransparencyService took to complete: 0ms
04-15 18:43:08.273 534 534 D SystemServerTiming: OnBootPhase_480_com.android.server.telecom.TelecomLoaderService
04-15 18:43:08.273 534 534 V SystemServerTiming: OnBootPhase_480_com.android.server.telecom.TelecomLoaderService took to complete: 0ms
04-15 18:43:08.273 534 534 D SystemServerTiming: OnBootPhase_480_com.android.server.accounts.AccountManagerService$Lifecycle
04-15 18:43:08.273 534 534 V SystemServerTiming: OnBootPhase_480_com.android.server.accounts.AccountManagerService$Lifecycle took to complete: 0ms
04-15 18:43:08.274 534 534 D SystemServerTiming: OnBootPhase_480_com.android.server.content.ContentService$Lifecycle
04-15 18:43:08.274 534 534 V SystemServerTiming: OnBootPhase_480_com.android.server.content.ContentService$Lifecycle took to complete: 1ms
04-15 18:43:08.274 534 534 D SystemServerTiming: OnBootPhase_480_com.android.server.deviceconfig.DeviceConfigInit$Lifecycle
04-15 18:43:08.274 534 534 V SystemServerTiming: OnBootPhase_480_com.android.server.deviceconfig.DeviceConfigInit$Lifecycle took to complete: 0ms
04-15 18:43:08.274 534 534 D SystemServerTiming: OnBootPhase_480_com.android.server.DropBoxManagerService
04-15 18:43:08.274 534 534 V SystemServerTiming: OnBootPhase_480_com.android.server.DropBoxManagerService took to complete: 0ms
04-15 18:43:08.274 534 534 D SystemServerTiming: OnBootPhase_480_com.android.role.RoleService
04-15 18:43:08.274 534 534 V SystemServerTiming: OnBootPhase_480_com.android.role.RoleService took to complete: 0ms
04-15 18:43:08.274 534 534 D SystemServerTiming: OnBootPhase_480_com.android.server.vibrator.VibratorManagerService$Lifecycle
04-15 18:43:08.274 534 534 V SystemServerTiming: OnBootPhase_480_com.android.server.vibrator.VibratorManagerService$Lifecycle took to complete: 0ms
04-15 18:43:08.274 534 534 D SystemServerTiming: OnBootPhase_480_com.android.server.tare.InternalResourceService
04-15 18:43:08.274 534 534 V SystemServerTiming: OnBootPhase_480_com.android.server.tare.InternalResourceService took to complete: 0ms
04-15 18:43:08.275 534 534 D SystemServerTiming: OnBootPhase_480_com.android.server.alarm.AlarmManagerService
04-15 18:43:08.275 534 534 V SystemServerTiming: OnBootPhase_480_com.android.server.alarm.AlarmManagerService took to complete: 0ms
04-15 18:43:08.275 534 534 D SystemServerTiming: OnBootPhase_480_com.android.server.devicestate.DeviceStateManagerService
04-15 18:43:08.275 534 534 V SystemServerTiming: OnBootPhase_480_com.android.server.devicestate.DeviceStateManagerService took to complete: 0ms
04-15 18:43:08.275 534 534 D SystemServerTiming: OnBootPhase_480_com.android.server.camera.CameraServiceProxy
04-15 18:43:08.278 534 534 V SystemServerTiming: OnBootPhase_480_com.android.server.camera.CameraServiceProxy took to complete: 0ms
04-15 18:43:08.278 534 534 D SystemServerTiming: OnBootPhase_480_com.android.server.bluetooth.BluetoothService
04-15 18:43:08.278 534 534 V SystemServerTiming: OnBootPhase_480_com.android.server.bluetooth.BluetoothService took to complete: 0ms
04-15 18:43:08.279 534 534 D SystemServerTiming: OnBootPhase_480_com.android.server.connectivity.IpConnectivityMetrics
04-15 18:43:08.279 534 534 V SystemServerTiming: OnBootPhase_480_com.android.server.connectivity.IpConnectivityMetrics took to complete: 0ms
04-15 18:43:08.279 534 534 D SystemServerTiming: OnBootPhase_480_com.android.server.net.watchlist.NetworkWatchlistService$Lifecycle
04-15 18:43:08.279 534 534 V SystemServerTiming: OnBootPhase_480_com.android.server.net.watchlist.NetworkWatchlistService$Lifecycle took to complete: 0ms
04-15 18:43:08.279 534 534 D SystemServerTiming: OnBootPhase_480_com.android.server.PinnerService
04-15 18:43:08.279 534 534 V SystemServerTiming: OnBootPhase_480_com.android.server.PinnerService took to complete: 0ms
04-15 18:43:08.279 534 534 D SystemServerTiming: OnBootPhase_480_com.android.server.integrity.AppIntegrityManagerService
04-15 18:43:08.279 534 534 V SystemServerTiming: OnBootPhase_480_com.android.server.integrity.AppIntegrityManagerService took to complete: 0ms
04-15 18:43:08.279 534 534 D SystemServerTiming: OnBootPhase_480_com.android.server.logcat.LogcatManagerService
04-15 18:43:08.279 534 534 V SystemServerTiming: OnBootPhase_480_com.android.server.logcat.LogcatManagerService took to complete: 0ms
04-15 18:43:08.279 534 534 D SystemServerTiming: OnBootPhase_480_com.android.server.inputmethod.InputMethodManagerService$Lifecycle
04-15 18:43:08.280 534 534 V SystemServerTiming: OnBootPhase_480_com.android.server.inputmethod.InputMethodManagerService$Lifecycle took to complete: 0ms
04-15 18:43:08.280 534 534 D SystemServerTiming: OnBootPhase_480_com.android.server.accessibility.AccessibilityManagerService$Lifecycle
04-15 18:43:08.280 534 534 V SystemServerTiming: OnBootPhase_480_com.android.server.accessibility.AccessibilityManagerService$Lifecycle took to complete: 0ms
04-15 18:43:08.280 534 534 D SystemServerTiming: OnBootPhase_480_com.android.server.StorageManagerService$Lifecycle
04-15 18:43:08.280 534 534 V SystemServerTiming: OnBootPhase_480_com.android.server.StorageManagerService$Lifecycle took to complete: 0ms
04-15 18:43:08.280 534 534 D SystemServerTiming: OnBootPhase_480_com.android.server.usage.StorageStatsService$Lifecycle
04-15 18:43:08.280 534 534 V SystemServerTiming: OnBootPhase_480_com.android.server.usage.StorageStatsService$Lifecycle took to complete: 0ms
04-15 18:43:08.281 534 534 D SystemServerTiming: OnBootPhase_480_com.android.server.UiModeManagerService
04-15 18:43:08.281 534 534 V SystemServerTiming: OnBootPhase_480_com.android.server.UiModeManagerService took to complete: 1ms
04-15 18:43:08.281 534 534 D SystemServerTiming: OnBootPhase_480_com.android.server.locales.LocaleManagerService
04-15 18:43:08.281 534 534 V SystemServerTiming: OnBootPhase_480_com.android.server.locales.LocaleManagerService took to complete: 0ms
04-15 18:43:08.281 534 534 D SystemServerTiming: OnBootPhase_480_com.android.server.grammaticalinflection.GrammaticalInflectionService
04-15 18:43:08.281 534 534 V SystemServerTiming: OnBootPhase_480_com.android.server.grammaticalinflection.GrammaticalInflectionService took to complete: 0ms
04-15 18:43:08.281 534 534 D SystemServerTiming: OnBootPhase_480_com.android.server.apphibernation.AppHibernationService
04-15 18:43:08.281 534 534 V SystemServerTiming: OnBootPhase_480_com.android.server.apphibernation.AppHibernationService took to complete: 0ms
04-15 18:43:08.281 534 534 D SystemServerTiming: OnBootPhase_480_com.android.server.locksettings.LockSettingsService$Lifecycle
04-15 18:43:08.281 534 534 V SystemServerTiming: OnBootPhase_480_com.android.server.locksettings.LockSettingsService$Lifecycle took to complete: 0ms
04-15 18:43:08.281 534 534 D SystemServerTiming: OnBootPhase_480_com.android.server.testharness.TestHarnessModeService
04-15 18:43:08.282 534 534 V SystemServerTiming: OnBootPhase_480_com.android.server.testharness.TestHarnessModeService took to complete: 0ms
04-15 18:43:08.282 534 534 D SystemServerTiming: OnBootPhase_480_com.android.server.DeviceIdleController
04-15 18:43:08.282 534 534 V SystemServerTiming: OnBootPhase_480_com.android.server.DeviceIdleController took to complete: 0ms
04-15 18:43:08.282 534 534 D SystemServerTiming: OnBootPhase_480_com.android.server.devicepolicy.DevicePolicyManagerService$Lifecycle
04-15 18:43:08.311 534 534 I UsbPortManager: USB HAL AIDL version: USB_HAL_V2_0
04-15 18:43:08.333 534 564 D SystemServerTimingAsync: InitThreadPoolExec:DevicePolicyManager
04-15 18:43:08.333 534 564 D SystemServerInitThreadPool: Started executing DevicePolicyManager
04-15 18:43:08.334 534 564 D SystemServerInitThreadPool: Finished executing DevicePolicyManager
04-15 18:43:08.334 534 564 V SystemServerTimingAsync: InitThreadPoolExec:DevicePolicyManager took to complete: 1ms
04-15 18:43:08.335 534 534 W SystemServiceManager: Service com.android.server.devicepolicy.DevicePolicyManagerService$Lifecycle took 53 ms in onBootPhase
04-15 18:43:08.335 534 534 V SystemServerTiming: OnBootPhase_480_com.android.server.devicepolicy.DevicePolicyManagerService$Lifecycle took to complete: 53ms
04-15 18:43:08.335 534 534 D SystemServerTiming: OnBootPhase_480_com.android.server.texttospeech.TextToSpeechManagerService
04-15 18:43:08.335 534 534 V SystemServerTiming: OnBootPhase_480_com.android.server.texttospeech.TextToSpeechManagerService took to complete: 0ms
04-15 18:43:08.335 534 534 D SystemServerTiming: OnBootPhase_480_com.android.server.ambientcontext.AmbientContextManagerService
04-15 18:43:08.335 534 534 V SystemServerTiming: OnBootPhase_480_com.android.server.ambientcontext.AmbientContextManagerService took to complete: 0ms
04-15 18:43:08.335 534 534 D SystemServerTiming: OnBootPhase_480_com.android.server.wearable.WearableSensingManagerService
04-15 18:43:08.335 534 534 V SystemServerTiming: OnBootPhase_480_com.android.server.wearable.WearableSensingManagerService took to complete: 0ms
04-15 18:43:08.335 534 534 D SystemServerTiming: OnBootPhase_480_com.android.server.speech.SpeechRecognitionManagerService
04-15 18:43:08.338 534 534 V SystemServerTiming: OnBootPhase_480_com.android.server.speech.SpeechRecognitionManagerService took to complete: 0ms
04-15 18:43:08.338 534 534 D SystemServerTiming: OnBootPhase_480_com.android.server.searchui.SearchUiManagerService
04-15 18:43:08.338 534 534 V SystemServerTiming: OnBootPhase_480_com.android.server.searchui.SearchUiManagerService took to complete: 0ms
04-15 18:43:08.338 534 534 D SystemServerTiming: OnBootPhase_480_com.android.server.smartspace.SmartspaceManagerService
04-15 18:43:08.339 534 534 V SystemServerTiming: OnBootPhase_480_com.android.server.smartspace.SmartspaceManagerService took to complete: 0ms
04-15 18:43:08.339 534 534 D SystemServerTiming: OnBootPhase_480_com.android.server.graphics.fonts.FontManagerService$Lifecycle
04-15 18:43:08.339 534 534 V SystemServerTiming: OnBootPhase_480_com.android.server.graphics.fonts.FontManagerService$Lifecycle took to complete: 0ms
04-15 18:43:08.339 534 534 D SystemServerTiming: OnBootPhase_480_com.android.server.textservices.TextServicesManagerService$Lifecycle
04-15 18:43:08.339 534 534 V SystemServerTiming: OnBootPhase_480_com.android.server.textservices.TextServicesManagerService$Lifecycle took to complete: 0ms
04-15 18:43:08.339 534 534 D SystemServerTiming: OnBootPhase_480_com.android.server.textclassifier.TextClassificationManagerService$Lifecycle
04-15 18:43:08.339 534 534 V SystemServerTiming: OnBootPhase_480_com.android.server.textclassifier.TextClassificationManagerService$Lifecycle took to complete: 0ms
04-15 18:43:08.339 534 534 D SystemServerTiming: OnBootPhase_480_com.android.server.NetworkScoreService$Lifecycle
04-15 18:43:08.339 534 534 V SystemServerTiming: OnBootPhase_480_com.android.server.NetworkScoreService$Lifecycle took to complete: 0ms
04-15 18:43:08.339 534 534 D SystemServerTiming: OnBootPhase_480_com.android.server.NetworkStatsServiceInitializer
04-15 18:43:08.342 534 534 V SystemServerTiming: OnBootPhase_480_com.android.server.NetworkStatsServiceInitializer took to complete: 3ms
04-15 18:43:08.342 534 534 D SystemServerTiming: OnBootPhase_480_com.android.server.wifi.WifiService
04-15 18:43:08.342 534 534 V SystemServerTiming: OnBootPhase_480_com.android.server.wifi.WifiService took to complete: 0ms
04-15 18:43:08.342 534 534 D SystemServerTiming: OnBootPhase_480_com.android.server.wifi.scanner.WifiScanningService
04-15 18:43:08.342 534 534 V SystemServerTiming: OnBootPhase_480_com.android.server.wifi.scanner.WifiScanningService took to complete: 0ms
04-15 18:43:08.342 534 534 D SystemServerTiming: OnBootPhase_480_com.android.server.wifi.p2p.WifiP2pService
04-15 18:43:08.342 534 534 V SystemServerTiming: OnBootPhase_480_com.android.server.wifi.p2p.WifiP2pService took to complete: 0ms
04-15 18:43:08.343 534 534 D SystemServerTiming: OnBootPhase_480_com.android.server.ConnectivityServiceInitializer
04-15 18:43:08.343 534 534 V SystemServerTiming: OnBootPhase_480_com.android.server.ConnectivityServiceInitializer took to complete: 0ms
04-15 18:43:08.343 534 534 D SystemServerTiming: OnBootPhase_480_com.android.server.notification.NotificationManagerService
04-15 18:43:08.343 534 534 V SystemServerTiming: OnBootPhase_480_com.android.server.notification.NotificationManagerService took to complete: 0ms
04-15 18:43:08.343 534 534 D SystemServerTiming: OnBootPhase_480_com.android.server.storage.DeviceStorageMonitorService
04-15 18:43:08.347 534 534 V SystemServerTiming: OnBootPhase_480_com.android.server.storage.DeviceStorageMonitorService took to complete: 0ms
04-15 18:43:08.347 534 534 D SystemServerTiming: OnBootPhase_480_com.android.server.timedetector.TimeDetectorService$Lifecycle
04-15 18:43:08.347 534 534 V SystemServerTiming: OnBootPhase_480_com.android.server.timedetector.TimeDetectorService$Lifecycle took to complete: 0ms
04-15 18:43:08.347 534 534 D SystemServerTiming: OnBootPhase_480_com.android.server.location.LocationManagerService$Lifecycle
04-15 18:43:08.347 534 534 V SystemServerTiming: OnBootPhase_480_com.android.server.location.LocationManagerService$Lifecycle took to complete: 0ms
04-15 18:43:08.347 534 534 D SystemServerTiming: OnBootPhase_480_com.android.server.timezonedetector.TimeZoneDetectorService$Lifecycle
04-15 18:43:08.347 534 534 V SystemServerTiming: OnBootPhase_480_com.android.server.timezonedetector.TimeZoneDetectorService$Lifecycle took to complete: 0ms
04-15 18:43:08.347 534 534 D SystemServerTiming: OnBootPhase_480_com.android.server.location.altitude.AltitudeService$Lifecycle
04-15 18:43:08.347 534 534 V SystemServerTiming: OnBootPhase_480_com.android.server.location.altitude.AltitudeService$Lifecycle took to complete: 0ms
04-15 18:43:08.347 534 534 D SystemServerTiming: OnBootPhase_480_com.android.server.timezonedetector.location.LocationTimeZoneManagerService$Lifecycle
04-15 18:43:08.350 534 534 V SystemServerTiming: OnBootPhase_480_com.android.server.timezonedetector.location.LocationTimeZoneManagerService$Lifecycle took to complete: 0ms
04-15 18:43:08.350 534 534 D SystemServerTiming: OnBootPhase_480_com.android.server.search.SearchManagerService$Lifecycle
04-15 18:43:08.350 534 534 V SystemServerTiming: OnBootPhase_480_com.android.server.search.SearchManagerService$Lifecycle took to complete: 0ms
04-15 18:43:08.350 534 534 D SystemServerTiming: OnBootPhase_480_com.android.server.wallpaper.WallpaperManagerService$Lifecycle
04-15 18:43:08.353 534 534 V SystemServerTiming: OnBootPhase_480_com.android.server.wallpaper.WallpaperManagerService$Lifecycle took to complete: 3ms
04-15 18:43:08.353 534 534 D SystemServerTiming: OnBootPhase_480_com.android.server.wallpapereffectsgeneration.WallpaperEffectsGenerationManagerService
04-15 18:43:08.353 534 534 V SystemServerTiming: OnBootPhase_480_com.android.server.wallpapereffectsgeneration.WallpaperEffectsGenerationManagerService took to complete: 0ms
04-15 18:43:08.353 534 534 D SystemServerTiming: OnBootPhase_480_com.android.server.audio.AudioService$Lifecycle
04-15 18:43:08.353 534 534 V SystemServerTiming: OnBootPhase_480_com.android.server.audio.AudioService$Lifecycle took to complete: 0ms
04-15 18:43:08.353 534 534 D SystemServerTiming: OnBootPhase_480_com.android.server.soundtrigger_middleware.SoundTriggerMiddlewareService$Lifecycle
04-15 18:43:08.354 534 534 V SystemServerTiming: OnBootPhase_480_com.android.server.soundtrigger_middleware.SoundTriggerMiddlewareService$Lifecycle took to complete: 0ms
04-15 18:43:08.354 534 534 D SystemServerTiming: OnBootPhase_480_com.android.server.DockObserver
04-15 18:43:08.354 534 534 V SystemServerTiming: OnBootPhase_480_com.android.server.DockObserver took to complete: 0ms
04-15 18:43:08.354 534 534 D SystemServerTiming: OnBootPhase_480_com.android.server.midi.MidiService$Lifecycle
04-15 18:43:08.354 534 534 V SystemServerTiming: OnBootPhase_480_com.android.server.midi.MidiService$Lifecycle took to complete: 0ms
04-15 18:43:08.354 534 534 D SystemServerTiming: OnBootPhase_480_com.android.server.adb.AdbService$Lifecycle
04-15 18:43:08.354 534 534 V SystemServerTiming: OnBootPhase_480_com.android.server.adb.AdbService$Lifecycle took to complete: 0ms
04-15 18:43:08.354 534 534 D SystemServerTiming: OnBootPhase_480_com.android.server.usb.UsbService$Lifecycle
04-15 18:43:08.354 534 534 V SystemServerTiming: OnBootPhase_480_com.android.server.usb.UsbService$Lifecycle took to complete: 0ms
04-15 18:43:08.354 534 534 D SystemServerTiming: OnBootPhase_480_com.android.server.twilight.TwilightService
04-15 18:43:08.354 534 534 V SystemServerTiming: OnBootPhase_480_com.android.server.twilight.TwilightService took to complete: 0ms
04-15 18:43:08.354 534 534 D SystemServerTiming: OnBootPhase_480_com.android.server.display.color.ColorDisplayService
04-15 18:43:08.355 534 534 V SystemServerTiming: OnBootPhase_480_com.android.server.display.color.ColorDisplayService took to complete: 0ms
04-15 18:43:08.355 534 534 D SystemServerTiming: OnBootPhase_480_com.android.server.job.JobSchedulerService
04-15 18:43:08.355 534 534 V SystemServerTiming: OnBootPhase_480_com.android.server.job.JobSchedulerService took to complete: 0ms
04-15 18:43:08.355 534 534 D SystemServerTiming: OnBootPhase_480_com.android.server.soundtrigger.SoundTriggerService
04-15 18:43:08.355 534 534 D SoundTriggerService: onBootPhase: 480 : false
04-15 18:43:08.359 534 534 V SystemServerTiming: OnBootPhase_480_com.android.server.soundtrigger.SoundTriggerService took to complete: 4ms
04-15 18:43:08.359 534 534 D SystemServerTiming: OnBootPhase_480_com.android.server.trust.TrustManagerService
04-15 18:43:08.359 534 534 V SystemServerTiming: OnBootPhase_480_com.android.server.trust.TrustManagerService took to complete: 0ms
04-15 18:43:08.362 534 534 D SystemServerTiming: OnBootPhase_480_com.android.server.backup.BackupManagerService$Lifecycle
04-15 18:43:08.362 534 534 V SystemServerTiming: OnBootPhase_480_com.android.server.backup.BackupManagerService$Lifecycle took to complete: 0ms
04-15 18:43:08.362 534 534 D SystemServerTiming: OnBootPhase_480_com.android.server.appwidget.AppWidgetService
04-15 18:43:08.362 534 534 V SystemServerTiming: OnBootPhase_480_com.android.server.appwidget.AppWidgetService took to complete: 0ms
04-15 18:43:08.362 534 534 D SystemServerTiming: OnBootPhase_480_com.android.server.voiceinteraction.VoiceInteractionManagerService
04-15 18:43:08.362 534 534 V SystemServerTiming: OnBootPhase_480_com.android.server.voiceinteraction.VoiceInteractionManagerService took to complete: 0ms
04-15 18:43:08.362 534 534 D SystemServerTiming: OnBootPhase_480_com.android.server.GestureLauncherService
04-15 18:43:08.362 534 534 V SystemServerTiming: OnBootPhase_480_com.android.server.GestureLauncherService took to complete: 0ms
04-15 18:43:08.362 534 534 D SystemServerTiming: OnBootPhase_480_com.android.server.SensorNotificationService
04-15 18:43:08.363 534 534 V SystemServerTiming: OnBootPhase_480_com.android.server.SensorNotificationService took to complete: 0ms
04-15 18:43:08.363 534 534 D SystemServerTiming: OnBootPhase_480_com.android.server.emergency.EmergencyAffordanceService
04-15 18:43:08.363 534 534 V SystemServerTiming: OnBootPhase_480_com.android.server.emergency.EmergencyAffordanceService took to complete: 0ms
04-15 18:43:08.363 534 534 D SystemServerTiming: OnBootPhase_480_com.android.server.blob.BlobStoreManagerService
04-15 18:43:08.363 534 534 V SystemServerTiming: OnBootPhase_480_com.android.server.blob.BlobStoreManagerService took to complete: 0ms
04-15 18:43:08.363 534 534 D SystemServerTiming: OnBootPhase_480_com.android.server.dreams.DreamManagerService
04-15 18:43:08.363 534 534 V SystemServerTiming: OnBootPhase_480_com.android.server.dreams.DreamManagerService took to complete: 0ms
04-15 18:43:08.363 534 534 D SystemServerTiming: OnBootPhase_480_com.android.server.print.PrintManagerService
04-15 18:43:08.363 534 534 V SystemServerTiming: OnBootPhase_480_com.android.server.print.PrintManagerService took to complete: 0ms
04-15 18:43:08.363 534 534 D SystemServerTiming: OnBootPhase_480_com.android.server.security.AttestationVerificationManagerService
04-15 18:43:08.363 534 534 V SystemServerTiming: OnBootPhase_480_com.android.server.security.AttestationVerificationManagerService took to complete: 0ms
04-15 18:43:08.367 534 534 D SystemServerTiming: OnBootPhase_480_com.android.server.companion.CompanionDeviceManagerService
04-15 18:43:08.367 534 534 V SystemServerTiming: OnBootPhase_480_com.android.server.companion.CompanionDeviceManagerService took to complete: 0ms
04-15 18:43:08.367 534 534 D SystemServerTiming: OnBootPhase_480_com.android.server.companion.virtual.VirtualDeviceManagerService
04-15 18:43:08.368 534 534 V SystemServerTiming: OnBootPhase_480_com.android.server.companion.virtual.VirtualDeviceManagerService took to complete: 0ms
04-15 18:43:08.369 534 534 D SystemServerTiming: OnBootPhase_480_com.android.server.restrictions.RestrictionsManagerService
04-15 18:43:08.369 534 534 V SystemServerTiming: OnBootPhase_480_com.android.server.restrictions.RestrictionsManagerService took to complete: 0ms
04-15 18:43:08.369 534 534 D SystemServerTiming: OnBootPhase_480_com.android.server.media.MediaSessionService
04-15 18:43:08.369 534 534 V SystemServerTiming: OnBootPhase_480_com.android.server.media.MediaSessionService took to complete: 0ms
04-15 18:43:08.369 534 534 D SystemServerTiming: OnBootPhase_480_com.android.server.media.MediaResourceMonitorService
04-15 18:43:08.369 534 534 V SystemServerTiming: OnBootPhase_480_com.android.server.media.MediaResourceMonitorService took to complete: 0ms
04-15 18:43:08.369 534 534 D SystemServerTiming: OnBootPhase_480_com.android.server.biometrics.sensors.face.FaceService
04-15 18:43:08.369 534 534 V SystemServerTiming: OnBootPhase_480_com.android.server.biometrics.sensors.face.FaceService took to complete: 0ms
04-15 18:43:08.369 534 534 D SystemServerTiming: OnBootPhase_480_com.android.server.biometrics.sensors.fingerprint.FingerprintService
04-15 18:43:08.369 534 534 V SystemServerTiming: OnBootPhase_480_com.android.server.biometrics.sensors.fingerprint.FingerprintService took to complete: 0ms
04-15 18:43:08.369 534 534 D SystemServerTiming: OnBootPhase_480_com.android.server.biometrics.BiometricService
04-15 18:43:08.370 534 534 V SystemServerTiming: OnBootPhase_480_com.android.server.biometrics.BiometricService took to complete: 0ms
04-15 18:43:08.370 534 534 D SystemServerTiming: OnBootPhase_480_com.android.server.biometrics.AuthService
04-15 18:43:08.370 534 534 V SystemServerTiming: OnBootPhase_480_com.android.server.biometrics.AuthService took to complete: 0ms
04-15 18:43:08.370 534 534 D SystemServerTiming: OnBootPhase_480_com.android.server.pm.ShortcutService$Lifecycle
04-15 18:43:08.374 534 534 V SystemServerTiming: OnBootPhase_480_com.android.server.pm.ShortcutService$Lifecycle took to complete: 4ms
04-15 18:43:08.374 534 534 D SystemServerTiming: OnBootPhase_480_com.android.server.pm.LauncherAppsService
04-15 18:43:08.374 534 534 V SystemServerTiming: OnBootPhase_480_com.android.server.pm.LauncherAppsService took to complete: 0ms
04-15 18:43:08.374 534 534 D SystemServerTiming: OnBootPhase_480_com.android.server.pm.CrossProfileAppsService
04-15 18:43:08.374 534 534 V SystemServerTiming: OnBootPhase_480_com.android.server.pm.CrossProfileAppsService took to complete: 0ms
04-15 18:43:08.374 534 534 D SystemServerTiming: OnBootPhase_480_com.android.server.people.PeopleService
04-15 18:43:08.374 534 534 V SystemServerTiming: OnBootPhase_480_com.android.server.people.PeopleService took to complete: 0ms
04-15 18:43:08.374 534 534 D SystemServerTiming: OnBootPhase_480_com.android.server.media.metrics.MediaMetricsManagerService
04-15 18:43:08.375 534 534 V SystemServerTiming: OnBootPhase_480_com.android.server.media.metrics.MediaMetricsManagerService took to complete: 0ms
04-15 18:43:08.375 534 534 D SystemServerTiming: OnBootPhase_480_com.android.server.pm.BackgroundInstallControlService
04-15 18:43:08.375 534 534 V SystemServerTiming: OnBootPhase_480_com.android.server.pm.BackgroundInstallControlService took to complete: 0ms
04-15 18:43:08.375 534 534 D SystemServerTiming: OnBootPhase_480_com.android.server.media.projection.MediaProjectionManagerService
04-15 18:43:08.375 534 534 V SystemServerTiming: OnBootPhase_480_com.android.server.media.projection.MediaProjectionManagerService took to complete: 0ms
04-15 18:43:08.375 534 534 D SystemServerTiming: OnBootPhase_480_com.android.server.slice.SliceManagerService$Lifecycle
04-15 18:43:08.375 534 534 V SystemServerTiming: OnBootPhase_480_com.android.server.slice.SliceManagerService$Lifecycle took to complete: 0ms
04-15 18:43:08.375 534 534 D SystemServerTiming: OnBootPhase_480_com.android.server.stats.StatsCompanion$Lifecycle
04-15 18:43:08.375 534 534 V SystemServerTiming: OnBootPhase_480_com.android.server.stats.StatsCompanion$Lifecycle took to complete: 0ms
04-15 18:43:08.375 534 534 D SystemServerTiming: OnBootPhase_480_com.android.server.scheduling.RebootReadinessManagerService$Lifecycle
04-15 18:43:08.375 534 534 V SystemServerTiming: OnBootPhase_480_com.android.server.scheduling.RebootReadinessManagerService$Lifecycle took to complete: 0ms
04-15 18:43:08.380 534 534 D SystemServerTiming: OnBootPhase_480_com.android.server.stats.pull.StatsPullAtomService
04-15 18:43:08.380 534 534 V SystemServerTiming: OnBootPhase_480_com.android.server.stats.pull.StatsPullAtomService took to complete: 0ms
04-15 18:43:08.380 534 534 D SystemServerTiming: OnBootPhase_480_com.android.server.stats.bootstrap.StatsBootstrapAtomService$Lifecycle
04-15 18:43:08.380 534 534 V SystemServerTiming: OnBootPhase_480_com.android.server.stats.bootstrap.StatsBootstrapAtomService$Lifecycle took to complete: 0ms
04-15 18:43:08.380 534 534 D SystemServerTiming: OnBootPhase_480_com.android.server.incident.IncidentCompanionService
04-15 18:43:08.380 534 534 V SystemServerTiming: OnBootPhase_480_com.android.server.incident.IncidentCompanionService took to complete: 0ms
04-15 18:43:08.381 534 534 D SystemServerTiming: OnBootPhase_480_com.android.server.sdksandbox.SdkSandboxManagerService$Lifecycle
04-15 18:43:08.381 534 534 V SystemServerTiming: OnBootPhase_480_com.android.server.sdksandbox.SdkSandboxManagerService$Lifecycle took to complete: 0ms
04-15 18:43:08.381 534 534 D SystemServerTiming: OnBootPhase_480_com.android.server.adservices.AdServicesManagerService$Lifecycle
04-15 18:43:08.381 534 534 V SystemServerTiming: OnBootPhase_480_com.android.server.adservices.AdServicesManagerService$Lifecycle took to complete: 0ms
04-15 18:43:08.381 534 534 D SystemServerTiming: OnBootPhase_480_com.android.server.ondevicepersonalization.OnDevicePersonalizationSystemService$Lifecycle
04-15 18:43:08.381 534 534 V SystemServerTiming: OnBootPhase_480_com.android.server.ondevicepersonalization.OnDevicePersonalizationSystemService$Lifecycle took to complete: 0ms
04-15 18:43:08.381 534 534 D SystemServerTiming: OnBootPhase_480_com.android.server.MmsServiceBroker
04-15 18:43:08.381 534 534 V SystemServerTiming: OnBootPhase_480_com.android.server.MmsServiceBroker took to complete: 0ms
04-15 18:43:08.381 534 534 D SystemServerTiming: OnBootPhase_480_com.android.server.autofill.AutofillManagerService
04-15 18:43:08.381 534 534 V SystemServerTiming: OnBootPhase_480_com.android.server.autofill.AutofillManagerService took to complete: 0ms
04-15 18:43:08.381 534 534 D SystemServerTiming: OnBootPhase_480_com.android.server.credentials.CredentialManagerService
04-15 18:43:08.382 534 534 V SystemServerTiming: OnBootPhase_480_com.android.server.credentials.CredentialManagerService took to complete: 0ms
04-15 18:43:08.382 534 534 D SystemServerTiming: OnBootPhase_480_com.android.server.selectiontoolbar.SelectionToolbarManagerService
04-15 18:43:08.382 534 534 V SystemServerTiming: OnBootPhase_480_com.android.server.selectiontoolbar.SelectionToolbarManagerService took to complete: 0ms
04-15 18:43:08.382 534 534 D SystemServerTiming: OnBootPhase_480_com.android.server.clipboard.ClipboardService
04-15 18:43:08.382 534 534 V SystemServerTiming: OnBootPhase_480_com.android.server.clipboard.ClipboardService took to complete: 0ms
04-15 18:43:08.382 534 534 D SystemServerTiming: OnBootPhase_480_com.android.server.appbinding.AppBindingService$Lifecycle
04-15 18:43:08.382 534 534 V SystemServerTiming: OnBootPhase_480_com.android.server.appbinding.AppBindingService$Lifecycle took to complete: 0ms
04-15 18:43:08.382 534 534 D SystemServerTiming: OnBootPhase_480_com.android.server.tracing.TracingServiceProxy
04-15 18:43:08.382 534 534 V SystemServerTiming: OnBootPhase_480_com.android.server.tracing.TracingServiceProxy took to complete: 0ms
04-15 18:43:08.382 534 534 V SystemServerTiming: OnBootPhase_480 took to complete: 125ms
04-15 18:43:08.382 534 534 V SystemServerTiming: StartBootPhaseLockSettingsReady took to complete: 128ms
04-15 18:43:08.384 534 534 D SystemServerTiming: StartBootPhaseSystemServicesReady
04-15 18:43:08.384 534 534 I SystemServiceManager: Starting phase 500
04-15 18:43:08.384 534 534 D SystemServerTiming: OnBootPhase_500
04-15 18:43:08.384 534 534 D SystemServerTiming: OnBootPhase_500_com.android.server.security.FileIntegrityService
04-15 18:43:08.384 534 534 V SystemServerTiming: OnBootPhase_500_com.android.server.security.FileIntegrityService took to complete: 0ms
04-15 18:43:08.385 534 534 D SystemServerTiming: OnBootPhase_500_com.android.server.pm.Installer
04-15 18:43:08.385 534 534 V SystemServerTiming: OnBootPhase_500_com.android.server.pm.Installer took to complete: 0ms
04-15 18:43:08.385 534 534 D SystemServerTiming: OnBootPhase_500_com.android.server.os.DeviceIdentifiersPolicyService
04-15 18:43:08.385 534 534 V SystemServerTiming: OnBootPhase_500_com.android.server.os.DeviceIdentifiersPolicyService took to complete: 0ms
04-15 18:43:08.385 534 534 D SystemServerTiming: OnBootPhase_500_com.android.server.uri.UriGrantsManagerService$Lifecycle
04-15 18:43:08.386 534 534 V SystemServerTiming: OnBootPhase_500_com.android.server.uri.UriGrantsManagerService$Lifecycle took to complete: 0ms
04-15 18:43:08.386 534 534 D SystemServerTiming: OnBootPhase_500_com.android.server.powerstats.PowerStatsService
04-15 18:43:08.402 534 534 V SystemServerTiming: OnBootPhase_500_com.android.server.powerstats.PowerStatsService took to complete: 16ms
04-15 18:43:08.403 534 534 D SystemServerTiming: OnBootPhase_500_com.android.server.permission.access.AccessCheckingService
04-15 18:43:08.403 534 534 V SystemServerTiming: OnBootPhase_500_com.android.server.permission.access.AccessCheckingService took to complete: 0ms
04-15 18:43:08.403 534 534 D SystemServerTiming: OnBootPhase_500_com.android.server.wm.ActivityTaskManagerService$Lifecycle
04-15 18:43:08.403 534 534 V SystemServerTiming: OnBootPhase_500_com.android.server.wm.ActivityTaskManagerService$Lifecycle took to complete: 0ms
04-15 18:43:08.403 534 534 D SystemServerTiming: OnBootPhase_500_com.android.server.am.ActivityManagerService$Lifecycle
04-15 18:43:08.406 534 534 W BatteryStatsImpl: Unexpected per uid modem model name ()
04-15 18:43:08.424 534 534 D ConnectivityService: requestNetwork for uid/pid:1000/534 activeRequest: null callbackRequest: 6 [NetworkRequest [ REQUEST id=7, [ Capabilities: INTERNET&NOT_RESTRICTED&TRUSTED&NOT_VCN_MANAGED Uid: 1000 RequestorUid: 1000 RequestorPkg: android UnderlyingNetworks: Null] ]] callback flags: 0 order: 2147483647
04-15 18:43:08.427 534 815 D ConnectivityService: NetReassign [no changes] [c 0] [a 0] [i 0]
04-15 18:43:08.436 534 534 V SystemServerTiming: OnBootPhase_500_com.android.server.am.ActivityManagerService$Lifecycle took to complete: 33ms
04-15 18:43:08.436 534 534 D SystemServerTiming: OnBootPhase_500_com.android.server.pm.DataLoaderManagerService
04-15 18:43:08.436 534 534 V SystemServerTiming: OnBootPhase_500_com.android.server.pm.DataLoaderManagerService took to complete: 0ms
04-15 18:43:08.437 534 534 D SystemServerTiming: OnBootPhase_500_com.android.server.power.PowerManagerService
04-15 18:43:08.442 534 534 I AttentionDetector: readValuesFromDeviceConfig():
04-15 18:43:08.442 534 534 I AttentionDetector: mMaximumExtensionMillis=900000
