04-15 18:43:37.364 534 944 D ConnectivityService: requestNetwork for uid/pid:10118/891 activeRequest: null callbackRequest: 21 [NetworkRequest [ REQUEST id=22, [ Capabilities: INTERNET&NOT_RESTRICTED&TRUSTED&NOT_VCN_MANAGED Uid: 10118 RequestorUid: 10118 RequestorPkg: com.android.systemui UnderlyingNetworks: Null] ]] callback flags: 1 order: 2147483647
04-15 18:43:37.365 534 549 D CoreBackPreview: Window{c487060 u0 ScreenDecorOverlayBottom}: Setting back callback OnBackInvokedCallbackInfo{mCallback=android.window.IOnBackInvokedCallback$Stub$Proxy@c46fd31, mPriority=0, mIsAnimationCallback=false}
04-15 18:43:37.418 891 891 V WifiManager: registerTrafficStateCallback: callback=com.android.systemui.statusbar.connectivity.WifiSignalController$WifiTrafficStateCallback@cd0175b, executor=android.os.HandlerExecutor@2995426
04-15 18:43:37.425 534 815 D ConnectivityService: NetReassign [no changes] [c 0] [a 0] [i 1]
04-15 18:43:37.435 534 823 W ActivityThread: Failed to find provider info for com.android.calendar (user not unlocked)
04-15 18:43:37.445 1118 1118 D nativeloader: Configuring clns-shared-9 for other apk /system/priv-app/TelephonyProvider/TelephonyProvider.apk. target_sdk_version=34, uses_libraries=, library_path=/system/priv-app/TelephonyProvider/lib/x86_64:/system/lib64:/system_ext/lib64, permitted_path=/data:/mnt/expand:/data/user_de/0/com.android.providers.telephony:/system/priv-app/TelephonyProvider:/system/lib64:/system_ext/lib64
04-15 18:43:37.500 0 0 I servicemanager: Could not find android.hardware.graphics.allocator.IAllocator/default in the VINTF manifest.
04-15 18:43:37.530 133 133 I hwservicemanager: getTransport: Cannot find entry android.hardware.graphics.mapper@4.0::IMapper/default in either framework or device VINTF manifest.
04-15 18:43:37.533 1131 1169 I Gralloc4: mapper 4.x is not supported
04-15 18:43:37.561 534 823 W ActivityThread: Failed to find provider info for com.android.calendar (user not unlocked)
04-15 18:43:37.572 534 944 D CompatibilityChangeReporter: Compat change id reported: 170503758; UID 10113; state: ENABLED
04-15 18:43:37.574 534 534 D ConditionProviders.SCP: evaluateSubscriptionLocked cal=ScheduleCalendar[mDays={1, 2, 3, 4, 5, 6, 7}, mSchedule=ScheduleInfo{days=[1, 2, 3, 4, 5, 6, 7], startHour=22, startMinute=0, endHour=7, endMinute=0, exitAtAlarm=true, nextAlarm=Thu Jan 01 00:00:00 UTC 1970 (0)}], now=Wed Apr 15 18:43:37 UTC 2026 (1776278617137), nextUserAlarmTime=Thu Jan 01 00:00:00 UTC 1970 (0)
04-15 18:43:37.578 891 891 V WifiManager: registerScanResultsCallback: callback=com.android.systemui.statusbar.connectivity.NetworkControllerImpl$5@3a9c10d, executor=androidx.mediarouter.media.MediaRoute2Provider$$ExternalSyntheticLambda0@52758c2
04-15 18:43:37.586 534 534 D ConditionProviders.SCP: notifyCondition condition://android/schedule?days=1.2.3.4.5.6.7&start=22.0&end=7.0&exitAtAlarm=true STATE_FALSE reason=!meetsSchedule
04-15 18:43:37.592 534 607 W system_server: Long monitor contention with owner binder:534_8 (944) at android.view.DisplayInfo com.android.server.display.DisplayManagerService.getDisplayInfoInternal(int, int)(DisplayManagerService.java:1103) waiters=0 in void com.android.server.display.DisplayManagerService.setDisplayPropertiesInternal(int, boolean, float, int, float, float, boolean, boolean, boolean) for 115ms
04-15 18:43:37.596 534 560 W BLASTSyncEngine: Sync group 1 timeout
04-15 18:43:37.598 534 534 D ConditionProviders.SCP: Scheduling evaluate for Wed Apr 15 22:00:00 UTC 2026 (1776290400000), in +3h16m22s863ms, now=Wed Apr 15 18:43:37 UTC 2026 (1776278617137)
04-15 18:43:37.599 534 534 D CompatibilityChangeReporter: Compat change id reported: 171306433; UID 1000; state: ENABLED
04-15 18:43:37.607 534 534 D CompatibilityChangeReporter: Compat change id reported: 218533173; UID 1000; state: ENABLED
04-15 18:43:37.617 534 560 I BLASTSyncEngine: Unfinished container: ActivityRecord{8bf8bab u0 com.android.settings/.FallbackHome t5}
04-15 18:43:37.618 534 560 I BLASTSyncEngine: Unfinished container: Task{75ec208 #5 type=home A=1000:com.android.settings.FallbackHome}
04-15 18:43:37.630 891 1155 I Choreographer: Skipped 38 frames! The application may be doing too much work on its main thread.
04-15 18:43:37.637 534 549 D ConnectivityService: requestNetwork for uid/pid:10118/891 activeRequest: null callbackRequest: 23 [NetworkRequest [ REQUEST id=24, [ Capabilities: INTERNET&NOT_RESTRICTED&TRUSTED&NOT_VCN_MANAGED Uid: 10118 RequestorUid: 10118 RequestorPkg: com.android.systemui UnderlyingNetworks: Null] ]] callback flags: 1 order: 2147483647
04-15 18:43:37.641 534 815 D ConnectivityService: NetReassign [no changes] [c 0] [a 0] [i 1]
04-15 18:43:37.669 534 534 W Looper : Slow dispatch took 548ms main h=android.service.notification.ConditionProviderService$H c=null m=3
04-15 18:43:37.678 1161 1161 D CompatibilityChangeReporter: Compat change id reported: 3400644; UID 10113; state: ENABLED
04-15 18:43:37.761 534 557 V WindowManager: Sent Transition #1 createdAt=04-15 18:43:32.516
04-15 18:43:37.764 534 557 V WindowManager: startWCT=WindowContainerTransaction { changes = {} hops = [] errorCallbackToken=null taskFragmentOrganizer=null }
04-15 18:43:37.765 534 557 V WindowManager: info=null
04-15 18:43:37.824 391 391 I SurfaceFlinger: Enter boot animation
04-15 18:43:37.847 1131 1131 I Choreographer: Skipped 44 frames! The application may be doing too much work on its main thread.
04-15 18:43:37.865 534 557 V WindowManager: Finish Transition #1: created at
04-15 18:43:32.516 collect-started=0.606ms request-sent=189.132ms started=1100.762ms ready=1681.293ms sent=5198.846ms finished=5324.096ms
04-15 18:43:37.873 534 534 W Looper : Slow dispatch took 107ms main h=android.os.Handler c=null m=1
04-15 18:43:37.882 1131 1194 I OpenGLRenderer: Davey! duration=1650ms; Flags=1, FrameTimelineVsyncId=358, IntendedVsync=194254344883, Vsync=194787678195, InputEventId=0, HandleInputStart=194798705993, AnimationStart=194798709979, PerformTraversalsStart=194798711877, DrawStart=195782653643, FrameDeadline=194271011549, FrameInterval=194791997288, FrameStartTime=16666666, SyncQueued=195787144085, SyncStart=195788010198, IssueDrawCommandsStart=195809323133, SwapBuffers=195831049239, FrameCompleted=195905415334, DequeueBufferDuration=149092, QueueBufferDuration=31317385, GpuCompleted=195894699306, SwapBuffersCompleted=195905415334, DisplayPresentTime=0, CommandSubmissionCompleted=195831049239,
04-15 18:43:37.886 534 558 W Looper : Slow dispatch took 114ms android.ui h=android.os.Handler c=android.database.ContentObserver$$ExternalSyntheticLambda0@d0d9dd m=0
04-15 18:43:37.905 534 815 D ConnectivityService: NetReassign [no changes] [c 0] [a 0] [i 1]
04-15 18:43:37.994 1089 1089 D BluetoothAdapterService: onCreate()
04-15 18:43:38.021 534 560 W system_server: Long monitor contention with owner android.anim (561) at void com.android.server.wm.WindowSurfacePlacer$Traverser.run()(WindowSurfacePlacer.java:58) waiters=1 in void com.android.server.wm.ActivityRecord$2.run() for 124ms
04-15 18:43:38.023 534 560 D ActivityManagerTiming: FinishBooting
04-15 18:43:38.049 534 560 W KeyguardServiceDelegate: onScreenTurningOn(): no keyguard service!
04-15 18:43:38.107 1118 1118 D CarrierProvider: onCreate
04-15 18:43:38.189 1161 1161 D nativeloader: Configuring clns-shared-6 for other apk /system_ext/priv-app/Launcher3QuickStep/Launcher3QuickStep.apk. target_sdk_version=34, uses_libraries=, library_path=/system_ext/priv-app/Launcher3QuickStep/lib/x86_64:/system/lib64:/system_ext/lib64, permitted_path=/data:/mnt/expand:/data/user/0/com.android.launcher3:/system_ext/priv-app/Launcher3QuickStep:/system/lib64:/system_ext/lib64
04-15 18:43:38.235 891 902 I ndroid.systemui: Background concurrent copying GC freed 73372(3612KB) AllocSpace objects, 7(328KB) LOS objects, 49% free, 4327KB/8654KB, paused 629us,241us total 2.445s
04-15 18:43:38.257 891 891 D CompatibilityChangeReporter: Compat change id reported: 171228096; UID 10118; state: ENABLED
04-15 18:43:38.284 534 557 I ActivityTaskManager: Displayed com.android.settings/.FallbackHome for user 0: +5s827ms
04-15 18:43:38.285 534 557 W Looper : Slow dispatch took 368ms android.fg h=android.os.Handler c=com.android.server.wm.ActivityMetricsLogger$$ExternalSyntheticLambda0@7ca349b m=0
04-15 18:43:38.410 534 534 W system_server: Long monitor contention with owner PackageManager (590) at void com.android.server.pm.permission.LegacyPermissionSettings.writePermissionTrees(com.android.modules.utils.TypedXmlSerializer)(LegacyPermissionSettings.java:150) waiters=0 in com.android.server.pm.Computer com.android.server.pm.PackageManagerService.snapshotComputer(boolean) for 408ms
04-15 18:43:38.419 534 607 W system_server: Long monitor contention with owner main (534) at com.android.server.pm.Computer com.android.server.pm.PackageManagerService.snapshotComputer(boolean)(PackageManagerService.java:1195) waiters=0 in com.android.server.pm.Computer com.android.server.pm.PackageManagerService.snapshotComputer(boolean) for 367ms
04-15 18:43:38.426 534 943 W system_server: Long monitor contention with owner main (534) at com.android.server.pm.Computer com.android.server.pm.PackageManagerService.snapshotComputer(boolean)(PackageManagerService.java:1195) waiters=2 in com.android.server.pm.Computer com.android.server.pm.PackageManagerService.snapshotComputer(boolean) for 302ms
04-15 18:43:38.434 534 823 W system_server: Long monitor contention with owner main (534) at com.android.server.pm.Computer com.android.server.pm.PackageManagerService.snapshotComputer(boolean)(PackageManagerService.java:1195) waiters=3 in com.android.server.pm.Computer com.android.server.pm.PackageManagerService.snapshotComputer(boolean) for 307ms
04-15 18:43:38.435 534 944 W system_server: Long monitor contention with owner main (534) at com.android.server.pm.Computer com.android.server.pm.PackageManagerService.snapshotComputer(boolean)(PackageManagerService.java:1195) waiters=4 in com.android.server.pm.Computer com.android.server.pm.PackageManagerService.snapshotComputer(boolean) for 295ms
04-15 18:43:38.437 534 868 W system_server: Long monitor contention with owner main (534) at com.android.server.pm.Computer com.android.server.pm.PackageManagerService.snapshotComputer(boolean)(PackageManagerService.java:1195) waiters=5 in com.android.server.pm.Computer com.android.server.pm.PackageManagerService.snapshotComputer(boolean) for 242ms
04-15 18:43:38.461 534 534 W Looper : Slow dispatch took 469ms main h=android.os.Handler c=null m=1
04-15 18:43:38.560 1118 1118 D CompatibilityChangeReporter: Compat change id reported: 263076149; UID 1001; state: ENABLED
04-15 18:43:38.613 534 877 D CompatibilityChangeReporter: Compat change id reported: 161145287; UID 1002; state: ENABLED
04-15 18:43:38.639 1161 1161 W ContextImpl: Failed to ensure /data/user/0/com.android.launcher3/cache: mkdir failed: ENOENT (No such file or directory)
04-15 18:43:38.639 1161 1161 W ContextImpl: Failed to update user.inode_cache: stat failed: ENOENT (No such file or directory)
04-15 18:43:38.658 1118 1118 D DeferredSmsMmsRestoreService: startIfFilesExist: no files to restore
04-15 18:43:38.658 1118 1118 D DeferredSmsMmsRestoreService: addAllSharedPrefToLocalLog
04-15 18:43:38.663 1089 1089 D AdapterState: make() - Creating AdapterState
04-15 18:43:38.668 1089 1208 I AdapterState: OFF : entered
04-15 18:43:38.669 1089 1208 D AdapterProperties: Setting state to OFF
04-15 18:43:38.691 1089 1089 D BluetoothKeystoreService: new BluetoothKeystoreService isCommonCriteriaMode: false
04-15 18:43:38.693 1089 1089 D BluetoothKeystoreService: start
04-15 18:43:38.704 1161 1161 V GraphicsEnvironment: Currently set values for:
04-15 18:43:38.704 1161 1161 V GraphicsEnvironment: angle_gl_driver_selection_pkgs=[]
04-15 18:43:38.704 1161 1161 V GraphicsEnvironment: angle_gl_driver_selection_values=[]
04-15 18:43:38.705 1161 1161 V GraphicsEnvironment: ANGLE GameManagerService for com.android.launcher3: false
04-15 18:43:38.706 1161 1161 V GraphicsEnvironment: com.android.launcher3 is not listed in per-application setting
04-15 18:43:38.706 1161 1161 V GraphicsEnvironment: Neither updatable production driver nor prerelease driver is supported.
04-15 18:43:38.727 1089 1089 I droid.bluetooth: [0415/184338.695364:INFO:com_android_bluetooth_btservice_BluetoothKeystore.cpp(97)] classInitNative: succeeds
04-15 18:43:38.727 1089 1089 D BluetoothKeystoreService: setBluetoothKeystoreService(): set to: com.android.bluetooth.btservice.bluetoothkeystore.BluetoothKeystoreService@ed4d5fd
04-15 18:43:38.742 534 877 D CompatibilityChangeReporter: Compat change id reported: 161145287; UID 1001; state: ENABLED
04-15 18:43:38.746 1118 1118 D CarrierIdProvider: onCreate
04-15 18:43:38.746 1118 1118 D CarrierIdDatabaseHelper: CarrierIdDatabaseHelper: 5
04-15 18:43:38.805 534 549 I ActivityManager: Flag disabled. Ignoring finishAttachApplication from uid: 10113. pid: 1161
04-15 18:43:38.841 1089 1089 D BluetoothKeystoreService: loadConfigData
04-15 18:43:38.852 891 891 W ndroid.systemui: Long monitor contention with owner SysUiBg (945) at boolean android.content.res.AssetManager.getResourceValue(int, int, android.util.TypedValue, boolean)(AssetManager.java:566) waiters=0 in boolean android.content.res.AssetManager.getResourceValue(int, int, android.util.TypedValue, boolean) for 239ms
04-15 18:43:38.867 1089 1089 D BluetoothKeystoreService: getCompareResult: 0
04-15 18:43:38.942 1089 1089 D CompatibilityChangeReporter: Compat change id reported: 183155436; UID 1002; state: ENABLED
04-15 18:43:38.966 1089 1089 I bt_btif : packages/modules/Bluetooth/system/btif/src/bluetooth.cc:386 init: init: start restricted = 0 ; common criteria mode = 0, config compare result = 0
04-15 18:43:38.985 1089 1089 I bt : bt_common::init_flags: Flags loaded: asha_packet_drop_frequency_threshold=60asha_phy_update_retry_limit=5always_send_services_if_gatt_disc_done=truealways_use_private_gatt_for_debugging=falseasynchronously_start_l2cap_coc=truebtaa_hci=truebta_dm_clear_conn_id_on_client_close=truebtm_dm_flush_discovery_queue_on_search_cancel=falseclassic_discovery_only=falseclear_hidd_interrupt_cid_on_disconnect=truedelay_hidh_cleanup_until_hidh_ready_start=truedevice_iot_config_logging=falsedynamic_avrcp_version_enhancement=truefinite_att_timeout=truegatt_robust_caching_client=truegatt_robust_caching_server=falsegd_core=falsegd_hal_snoop_logger_socket=truegd_hal_snoop_logger_filtering=truegd_l2cap=falsegd_link_policy=falsegd_remote_name_request=falsegd_rust=falsehci_adapter=0hfp_dynamic_version=trueirk_rotation=falseleaudio_targeted_announcement_reconnection_mode=truepass_phy_update_callback=truepbap_pse_dynamic_version_upgrade=falseperiodic_advertising_adi=trueprivate_gatt=truequeue_l2cap_coc_while_encrypting=trueread_encryption_key_size=trueredact_log=truerust_event_loop=truesco_codec_select_lc3=falsesco_codec_timeout_clear=falsesdp_serialization=truesdp_skip_rnr_if_known=truebluetooth_quality_report_callback=trueset_min_encryption=truesubrating=truetrigger_advertising_callbacks_on_first_resume_after_pause=trueuse_unified_connection_manager=falsesdp_return_classic_services_when_le_discovery_fails=truedefault_log_level=4logging_explicit_tag_settings={}
04-15 18:43:38.986 1089 1089 I bt_osi_allocation_tracker: packages/modules/Bluetooth/system/osi/src/allocation_tracker.cc:60 allocation_tracker_init: canary initialized
04-15 18:43:39.066 1089 1213 I droid.bluetooth: [0415/184339.049373:INFO:message_loop_thread.cc(184)] Run: message loop starting for thread bt_stack_manager_thread
04-15 18:43:39.111 1089 1213 I bt_stack_manager: packages/modules/Bluetooth/system/btif/src/stack_manager.cc:277 event_init_stack: is initializing the stack
04-15 18:43:39.148 1089 1214 I droid.bluetooth: [0415/184339.131886:INFO:message_loop_thread.cc(184)] Run: message loop starting for thread bt_main_thread
04-15 18:43:39.166 1089 1213 I device_iot_config: packages/modules/Bluetooth/system/device/src/device_iot_config_int.cc:68 device_iot_config_module_init:
04-15 18:43:39.167 1089 1213 E droid.bluetooth: [0415/184339.167649:ERROR:config.cc(106)] config_new: unable to open file '/data/misc/bluedroid/bt_remote_dev_info.conf': No such file or directory
04-15 18:43:39.173 1089 1213 W device_iot_config: packages/modules/Bluetooth/system/device/src/device_iot_config_int.cc:83 device_iot_config_module_init: Unable to load config file: /data/misc/bluedroid/bt_remote_dev_info.conf; using backup.
04-15 18:43:39.174 1089 1213 E droid.bluetooth: [0415/184339.173943:ERROR:config.cc(106)] config_new: unable to open file '/data/misc/bluedroid/bt_remote_dev_info.bak': No such file or directory
04-15 18:43:39.174 1089 1213 E device_iot_config: packages/modules/Bluetooth/system/device/src/device_iot_config_int.cc:89 device_iot_config_module_init: Unable to load bak file; creating empty config.
04-15 18:43:39.175 1089 1213 I device_iot_config: packages/modules/Bluetooth/system/device/src/device_iot_config_int.cc:130 device_iot_config_module_init: Devices loaded 0
04-15 18:43:39.272 1089 1218 I bt_osi_thread: packages/modules/Bluetooth/system/osi/src/thread.cc:210 run_thread: run_thread: thread id 1218, thread name alarm_default_ca started
04-15 18:43:39.293 1089 1219 I bt_osi_thread: packages/modules/Bluetooth/system/osi/src/thread.cc:210 run_thread: run_thread: thread id 1219, thread name alarm_dispatcher started
04-15 18:43:39.342 0 0 I init : Sending signal 9 to service 'idmap2d' (pid 965) process group...
04-15 18:43:39.341 1089 1213 I bt_core_module: packages/modules/Bluetooth/system/btcore/src/module.cc:86 module_start_up: module_start_up Starting module "gd_shim_module"
04-15 18:43:39.342 1089 1213 I bt_gd_shim: packages/modules/Bluetooth/system/main/shim/stack.cc:81 StartEverything: StartEverything Starting Gd stack
04-15 18:43:39.342 1089 1213 I bt_gd_shim: packages/modules/Bluetooth/system/main/shim/stack.cc:160 Start: Start Starting Gd stack
04-15 18:43:39.354 1089 1213 I BtGdWakelockNative: packages/modules/Bluetooth/system/gd/os/android/wakelock_native.cc:79 Initialize: Initializing native wake locks
04-15 18:43:39.361 534 877 W OverlayManager: service 'idmap' died
04-15 18:43:39.368 0 0 I libprocessgroup: Successfully killed process cgroup uid 1000 pid 965 in 18ms
04-15 18:43:39.390 0 0 I init : Control message: Processed ctl.stop for 'idmap2d' from pid: 534 (system_server)
04-15 18:43:39.392 0 0 I init : Service 'idmap2d' (pid 965) received signal 9
04-15 18:43:39.422 1089 1221 I BtGdModule: packages/modules/Bluetooth/system/gd/module.cc:85 Start: Constructing next module
04-15 18:43:39.423 1089 1221 I BtGdModule: packages/modules/Bluetooth/system/gd/module.cc:89 Start: Starting dependencies of BluetoothCounterMetrics
04-15 18:43:39.425 1089 1221 I BtGdModule: packages/modules/Bluetooth/system/gd/module.cc:93 Start: Finished starting dependencies and calling Start() of BluetoothCounterMetrics
04-15 18:43:39.427 1089 1221 I BluetoothCounterMetrics: packages/modules/Bluetooth/system/gd/metrics/counter_metrics.cc:40 Start: Counter metrics initialized
04-15 18:43:39.427 1089 1221 I BtGdModule: packages/modules/Bluetooth/system/gd/module.cc:99 Start: Started BluetoothCounterMetrics
04-15 18:43:39.433 1089 1221 I BtGdModule: packages/modules/Bluetooth/system/gd/module.cc:85 Start: Constructing next module
04-15 18:43:39.434 1089 1221 I BtGdModule: packages/modules/Bluetooth/system/gd/module.cc:89 Start: Starting dependencies of HciHalHidl
04-15 18:43:39.435 1089 1221 I BtGdModule: packages/modules/Bluetooth/system/gd/module.cc:85 Start: Constructing next module
04-15 18:43:39.435 1089 1221 I bluetooth: packages/modules/Bluetooth/system/gd/hal/snoop_logger.cc:1432 GetBtSnoopMode: btsnoop_mode_empty: 1
04-15 18:43:39.443 1089 1221 I bluetooth: packages/modules/Bluetooth/system/gd/hal/snoop_logger.cc:505 SnoopLogger: Snoop Logs filtered mode enabled
04-15 18:43:39.447 1089 1221 I bluetooth: packages/modules/Bluetooth/system/gd/hal/snoop_logger.cc:588 EnableFilters: persist.bluetooth.snooplogfilter.profiles.rfcomm.enabled: 0
04-15 18:43:39.456 1089 1221 I bluetooth: packages/modules/Bluetooth/system/gd/hal/snoop_logger.cc:588 EnableFilters: persist.bluetooth.snooplogfilter.profiles.a2dp.enabled: 0
04-15 18:43:39.457 1089 1221 I bluetooth: packages/modules/Bluetooth/system/gd/hal/snoop_logger.cc:588 EnableFilters: persist.bluetooth.snooplogfilter.headers.enabled: 0
04-15 18:43:39.457 1089 1221 I bluetooth: packages/modules/Bluetooth/system/gd/hal/snoop_logger.cc:597 EnableFilters: persist.bluetooth.snooplogfilter.profiles.map: disabled
04-15 18:43:39.492 1089 1221 I bluetooth: packages/modules/Bluetooth/system/gd/hal/snoop_logger.cc:597 EnableFilters: persist.bluetooth.snooplogfilter.profiles.pbap: disabled
04-15 18:43:39.493 1089 1221 I bluetooth: packages/modules/Bluetooth/system/gd/hal/snoop_logger.cc:334 delete_btsnoop_files: Deleting logs if they exist
04-15 18:43:39.502 1089 1221 I bluetooth: packages/modules/Bluetooth/system/gd/hal/snoop_logger.cc:340 delete_btsnoop_files: Main log file does not exist at "/data/misc/bluetooth/logs/btsnoop_hci.log"
04-15 18:43:39.503 1089 1221 I bluetooth: packages/modules/Bluetooth/system/gd/hal/snoop_logger.cc:348 delete_btsnoop_files: Last log file does not exist at "/data/misc/bluetooth/logs/btsnoop_hci.log"
04-15 18:43:39.503 1089 1221 I bluetooth: packages/modules/Bluetooth/system/gd/hal/snoop_logger.cc:334 delete_btsnoop_files: Deleting logs if they exist
04-15 18:43:39.503 1089 1221 I bluetooth: packages/modules/Bluetooth/system/gd/hal/snoop_logger.cc:340 delete_btsnoop_files: Main log file does not exist at "/data/misc/bluetooth/logs/btsnooz_hci.log"
04-15 18:43:39.503 1089 1221 I bluetooth: packages/modules/Bluetooth/system/gd/hal/snoop_logger.cc:348 delete_btsnoop_files: Last log file does not exist at "/data/misc/bluetooth/logs/btsnooz_hci.log"
04-15 18:43:39.503 1089 1221 I BtGdModule: packages/modules/Bluetooth/system/gd/module.cc:89 Start: Starting dependencies of SnoopLogger
04-15 18:43:39.503 1089 1221 I BtGdModule: packages/modules/Bluetooth/system/gd/module.cc:93 Start: Finished starting dependencies and calling Start() of SnoopLogger
04-15 18:43:39.504 1089 1221 I bluetooth: packages/modules/Bluetooth/system/gd/hal/snoop_logger.cc:555 OpenNextSnoopLogFile: Previous log file "/data/misc/bluetooth/logs/btsnoop_hci.log.filtered" does not exist, skip renaming
04-15 18:43:39.505 1089 1221 I bluetooth: packages/modules/Bluetooth/system/gd/hal/snoop_logger.cc:588 EnableFilters: persist.bluetooth.snooplogfilter.profiles.rfcomm.enabled: 0
04-15 18:43:39.505 1089 1221 I bluetooth: packages/modules/Bluetooth/system/gd/hal/snoop_logger.cc:588 EnableFilters: persist.bluetooth.snooplogfilter.profiles.a2dp.enabled: 0
04-15 18:43:39.506 1089 1221 I bluetooth: packages/modules/Bluetooth/system/gd/hal/snoop_logger.cc:588 EnableFilters: persist.bluetooth.snooplogfilter.headers.enabled: 0
04-15 18:43:39.506 1089 1221 I bluetooth: packages/modules/Bluetooth/system/gd/hal/snoop_logger.cc:597 EnableFilters: persist.bluetooth.snooplogfilter.profiles.map: disabled
04-15 18:43:39.506 1089 1221 I bluetooth: packages/modules/Bluetooth/system/gd/hal/snoop_logger.cc:597 EnableFilters: persist.bluetooth.snooplogfilter.profiles.pbap: disabled
04-15 18:43:39.506 1089 1221 I bluetooth: packages/modules/Bluetooth/system/gd/hal/snoop_logger_socket.cc:63 SnoopLoggerSocket: address 2130706433 port 8872
04-15 18:43:39.537 891 891 D NavigationModeController: getCurrentUserContext: contextUser=0 currentUser=0
04-15 18:43:39.548 1182 1182 I AidlLazyServiceRegistrar: Process has 1 (of 1 available) client(s) in use after notification android.hardware.biometrics.fingerprint.IFingerprint/default has clients: 1
04-15 18:43:39.552 0 0 I servicemanager: Notifying android.hardware.biometrics.fingerprint.IFingerprint/default they do (previously: don't) have clients when we now have a record of a client
04-15 18:43:39.582 1089 1221 I BtGdModule: packages/modules/Bluetooth/system/gd/module.cc:99 Start: Started SnoopLogger
04-15 18:43:39.582 1089 1221 I BtGdModule: packages/modules/Bluetooth/system/gd/module.cc:85 Start: Constructing next module
04-15 18:43:39.582 1089 1221 I BtGdModule: packages/modules/Bluetooth/system/gd/module.cc:89 Start: Starting dependencies of Btaa Module
04-15 18:43:39.582 1089 1221 I BtGdModule: packages/modules/Bluetooth/system/gd/module.cc:93 Start: Finished starting dependencies and calling Start() of Btaa Module
04-15 18:43:39.589 1089 1221 E btaa : packages/modules/Bluetooth/system/gd/btaa/android/activity_attribution.cc:107 impl: No suspend control service available.
04-15 18:43:39.589 1089 1221 I BtGdModule: packages/modules/Bluetooth/system/gd/module.cc:99 Start: Started Btaa Module
04-15 18:43:39.589 1089 1221 I BtGdModule: packages/modules/Bluetooth/system/gd/module.cc:93 Start: Finished starting dependencies and calling Start() of HciHalHidl
04-15 18:43:39.596 0 0 E servicemanager: VINTF HALs require names in the format type/instance (e.g. some.package.foo.IFoo/default) but got: suspend_control
04-15 18:43:39.605 0 0 I servicemanager: Found android.hardware.bluetooth.IBluetoothHci/default in device VINTF manifest.
04-15 18:43:39.614 1089 1221 I bluetooth: packages/modules/Bluetooth/system/gd/hal/hci_hal_android_hidl.cc:417 start_aidl: Using the AIDL interface
04-15 18:43:39.697 891 891 D NavigationModeController: getCurrentInteractionMode: mode=0 contextUser=0
04-15 18:43:39.699 891 891 D NavigationModeController: getCurrentInteractionMode: mode=0 contextUser=0
04-15 18:43:39.830 1118 1118 D CarrierIdDatabaseHelper: onCreate
04-15 18:43:39.759 353 353 I android.hardware.bluetooth.service.default: initialize
04-15 18:43:39.868 534 877 D CompatibilityChangeReporter: Compat change id reported: 161145287; UID 10113; state: ENABLED
04-15 18:43:39.873 353 353 I android.hardware.bluetooth.service.default: opening hci interface 0
04-15 18:43:39.898 891 891 D CompatibilityChangeReporter: Compat change id reported: 210923482; UID 10118; state: ENABLED
04-15 18:43:39.929 353 353 E android.hardware.bluetooth.service.default: unable to open /dev/rfkill: Permission denied
04-15 18:43:39.930 353 353 E android.hardware.bluetooth.service.default: rfkill unavailable
04-15 18:43:39.930 353 353 I android.hardware.bluetooth.service.default: waiting for hci interface 0
04-15 18:43:39.984 353 353 I android.hardware.bluetooth.service.default: hci interface 0 found
04-15 18:43:39.997 353 353 I android.hardware.bluetooth.service.default: hci interface 0 ready
04-15 18:43:40.022 1161 1161 D b/283944974: possibleMaximumWindowMetrics: [WindowMetrics:{bounds=Rect(0, 0 - 1080, 2400), windowInsets=WindowInsets{
04-15 18:43:40.022 1161 1161 D b/283944974: statusBars=null max=null vis=false
04-15 18:43:40.022 1161 1161 D b/283944974: navigationBars=null max=null vis=false
04-15 18:43:40.022 1161 1161 D b/283944974: captionBar=null max=null vis=false
04-15 18:43:40.022 1161 1161 D b/283944974: ime=Insets{left=0, top=0, right=0, bottom=0} max=null vis=false
04-15 18:43:40.022 1161 1161 D b/283944974: systemGestures=null max=null vis=false
04-15 18:43:40.022 1161 1161 D b/283944974: mandatorySystemGestures=null max=null vis=false
04-15 18:43:40.022 1161 1161 D b/283944974: tappableElement=null max=null vis=false
04-15 18:43:40.022 1161 1161 D b/283944974: displayCutout=null max=null vis=false
04-15 18:43:40.022 1161 1161 D b/283944974: windowDecor=null max=null vis=false
04-15 18:43:40.022 1161 1161 D b/283944974: systemOverlays=null max=null vis=false
04-15 18:43:40.022 1161 1161 D b/283944974:
04-15 18:43:40.022 1161 1161 D b/283944974: roundedCorners=RoundedCorners{[RoundedCorner{position=TopLeft, radius=0, center=Point(0, 0)}, RoundedCorner{position=TopRight, radius=0, center=Point(0, 0)}, RoundedCorner{position=BottomRight, radius=0, center=Point(0, 0)}, RoundedCorner{position=BottomLeft, radius=0, center=Point(0, 0)}]}
04-15 18:43:40.022 1161 1161 D b/283944974: privacyIndicatorBounds=PrivacyIndicatorBounds {static bounds=null rotation=0}
04-15 18:43:40.022 1161 1161 D b/283944974: displayShape=DisplayShape{ spec=-1893857183 displayWidth=1080 displayHeight=2400 physicalPixelDisplaySizeRatio=1.0 rotation=0 offsetX=0 offsetY=0 scale=1.0}
04-15 18:43:40.022 1161 1161 D b/283944974: suppressScrimTypes=
04-15 18:43:40.022 1161 1161 D b/283944974: compatInsetsTypes=statusBars navigationBars captionBar systemOverlays
04-15 18:43:40.022 1161 1161 D b/283944974: compatIgnoreVisibility=false
04-15 18:43:40.022 1161 1161 D b/283944974: systemWindowInsetsConsumed=false
04-15 18:43:40.022 1161 1161 D b/283944974: stableInsetsConsumed=false
04-15 18:43:40.022 1161 1161 D b/283944974: displayCutoutConsumed=false
04-15 18:43:40.022 1161 1161 D b/283944974: }, density=2.625}]
04-15 18:43:40.047 353 353 I android.hardware.bluetooth.service.default: HCI Reset successful
04-15 18:43:40.054 353 353 I android.hardware.bluetooth.service.default: initialization complete
04-15 18:43:40.068 1089 1221 I BtGdModule: packages/modules/Bluetooth/system/gd/module.cc:99 Start: Started HciHalHidl
04-15 18:43:40.069 1089 1221 I BtGdModule: packages/modules/Bluetooth/system/gd/module.cc:85 Start: Constructing next module
04-15 18:43:40.069 1089 1221 I BtGdModule: packages/modules/Bluetooth/system/gd/module.cc:89 Start: Starting dependencies of Hci Layer
04-15 18:43:40.071 1089 1221 I BtGdModule: packages/modules/Bluetooth/system/gd/module.cc:85 Start: Constructing next module
04-15 18:43:40.071 1089 1221 I BtGdModule: packages/modules/Bluetooth/system/gd/module.cc:89 Start: Starting dependencies of Storage Module
04-15 18:43:40.089 534 534 W Looper : Slow dispatch took 102ms main h=android.os.Handler c=null m=1
04-15 18:43:40.104 1089 1221 I BtGdModule: packages/modules/Bluetooth/system/gd/module.cc:93 Start: Finished starting dependencies and calling Start() of Storage Module
04-15 18:43:40.105 1089 1221 E bluetooth: packages/modules/Bluetooth/system/gd/storage/legacy_config_file.cc:39 Read: unable to open file '/data/misc/bluedroid/bt_config.conf', error: No such file or directory
04-15 18:43:40.105 1089 1221 W bluetooth: packages/modules/Bluetooth/system/gd/storage/storage_module.cc:168 Start: cannot load config at /data/misc/bluedroid/bt_config.conf, using backup at /data/misc/bluedroid/bt_config.bak.
04-15 18:43:40.105 1089 1221 E bluetooth: packages/modules/Bluetooth/system/gd/storage/legacy_config_file.cc:39 Read: unable to open file '/data/misc/bluedroid/bt_config.bak', error: No such file or directory
04-15 18:43:40.114 1089 1221 W bluetooth: packages/modules/Bluetooth/system/gd/storage/storage_module.cc:175 Start: cannot load backup config at /data/misc/bluedroid/bt_config.bak; creating new empty ones
04-15 18:43:40.115 1089 1221 I droid.bluetooth: [0415/184340.115585:INFO:btif_keystore.cc(61)] ConvertEncryptOrDecryptKeyIfNeeded callback isn't ready.
04-15 18:43:40.116 1089 1221 I BtGdModule: packages/modules/Bluetooth/system/gd/module.cc:99 Start: Started Storage Module
04-15 18:43:40.139 1089 1221 I BtGdModule: packages/modules/Bluetooth/system/gd/module.cc:93 Start: Finished starting dependencies and calling Start() of Hci Layer
04-15 18:43:40.182 1089 1221 I BtGdModule: packages/modules/Bluetooth/system/gd/module.cc:99 Start: Started Hci Layer
04-15 18:43:40.183 1089 1221 I BtGdModule: packages/modules/Bluetooth/system/gd/module.cc:85 Start: Constructing next module
04-15 18:43:40.183 1089 1221 I BtGdModule: packages/modules/Bluetooth/system/gd/module.cc:89 Start: Starting dependencies of shim::Dumpsys
04-15 18:43:40.183 1089 1221 I BtGdModule: packages/modules/Bluetooth/system/gd/module.cc:93 Start: Finished starting dependencies and calling Start() of shim::Dumpsys
04-15 18:43:40.203 1118 1118 D CarrierIdProvider: update database from pb file
04-15 18:43:40.220 1089 1221 I BtGdModule: packages/modules/Bluetooth/system/gd/module.cc:99 Start: Started shim::Dumpsys
04-15 18:43:40.220 1089 1221 I BtGdModule: packages/modules/Bluetooth/system/gd/module.cc:85 Start: Constructing next module
04-15 18:43:40.220 1089 1221 I BtGdModule: packages/modules/Bluetooth/system/gd/module.cc:89 Start: Starting dependencies of Vendor Specific Event Manager
04-15 18:43:40.220 1089 1221 I BtGdModule: packages/modules/Bluetooth/system/gd/module.cc:85 Start: Constructing next module
04-15 18:43:40.234 1089 1221 I BtGdModule: packages/modules/Bluetooth/system/gd/module.cc:89 Start: Starting dependencies of Controller
04-15 18:43:40.234 1089 1221 I BtGdModule: packages/modules/Bluetooth/system/gd/module.cc:85 Start: Constructing next module
04-15 18:43:40.235 1089 1221 I BtGdModule: packages/modules/Bluetooth/system/gd/module.cc:89 Start: Starting dependencies of Sysprops Module
04-15 18:43:40.235 1089 1221 I BtGdModule: packages/modules/Bluetooth/system/gd/module.cc:93 Start: Finished starting dependencies and calling Start() of Sysprops Module
04-15 18:43:40.239 1089 1221 I BtGdModule: packages/modules/Bluetooth/system/gd/module.cc:99 Start: Started Sysprops Module
04-15 18:43:40.239 1089 1221 I BtGdModule: packages/modules/Bluetooth/system/gd/module.cc:93 Start: Finished starting dependencies and calling Start() of Controller
04-15 18:43:40.294 1161 1161 I DisplayController: (CTOR) perDisplayBounds - CachedDisplayInfo{size=Point(1080, 2400), cutout=Rect(0, 0 - 0, 0), rotation=0}: [WindowBounds{bounds=Rect(0, 0 - 1080, 2400), insets=Rect(0, 63 - 0, 126), availableSize=Point(1080, 2211), rotationHint=0}, WindowBounds{bounds=Rect(0, 0 - 2400, 1080), insets=Rect(0, 63 - 126, 0), availableSize=Point(2274, 1017), rotationHint=1}, WindowBounds{bounds=Rect(0, 0 - 1080, 2400), insets=Rect(0, 63 - 0, 126), availableSize=Point(1080, 2211), rotationHint=2}, WindowBounds{bounds=Rect(0, 0 - 2400, 1080), insets=Rect(126, 63 - 0, 0), availableSize=Point(2274, 1017), rotationHint=3}]
04-15 18:43:40.760 1089 1221 I BtGdModule: packages/modules/Bluetooth/system/gd/module.cc:99 Start: Started Controller
04-15 18:43:40.761 1089 1221 I BtGdModule: packages/modules/Bluetooth/system/gd/module.cc:93 Start: Finished starting dependencies and calling Start() of Vendor Specific Event Manager
04-15 18:43:40.761 1089 1221 I BtGdModule: packages/modules/Bluetooth/system/gd/module.cc:99 Start: Started Vendor Specific Event Manager
04-15 18:43:40.762 1089 1221 I BtGdModule: packages/modules/Bluetooth/system/gd/module.cc:85 Start: Constructing next module
04-15 18:43:40.762 1089 1221 I BtGdModule: packages/modules/Bluetooth/system/gd/module.cc:89 Start: Starting dependencies of AclSchedulerModule
04-15 18:43:40.763 1089 1221 I BtGdModule: packages/modules/Bluetooth/system/gd/module.cc:93 Start: Finished starting dependencies and calling Start() of AclSchedulerModule
04-15 18:43:40.763 1089 1221 I BtGdModule: packages/modules/Bluetooth/system/gd/module.cc:99 Start: Started AclSchedulerModule
04-15 18:43:40.773 1089 1221 I BtGdModule: packages/modules/Bluetooth/system/gd/module.cc:85 Start: Constructing next module
04-15 18:43:40.773 1089 1221 I BtGdModule: packages/modules/Bluetooth/system/gd/module.cc:89 Start: Starting dependencies of Acl Manager
04-15 18:43:40.773 1089 1221 I BtGdModule: packages/modules/Bluetooth/system/gd/module.cc:93 Start: Finished starting dependencies and calling Start() of Acl Manager
04-15 18:43:40.774 1089 1221 I BtGdModule: packages/modules/Bluetooth/system/gd/module.cc:99 Start: Started Acl Manager
04-15 18:43:40.774 1089 1221 I BtGdModule: packages/modules/Bluetooth/system/gd/module.cc:85 Start: Constructing next module
04-15 18:43:40.785 1089 1221 I BtGdModule: packages/modules/Bluetooth/system/gd/module.cc:89 Start: Starting dependencies of Le Advertising Manager
04-15 18:43:40.786 1089 1221 I BtGdModule: packages/modules/Bluetooth/system/gd/module.cc:93 Start: Finished starting dependencies and calling Start() of Le Advertising Manager
04-15 18:43:40.787 1089 1221 I bluetooth: packages/modules/Bluetooth/system/gd/hci/le_advertising_manager.cc:177 get_tx_path_loss_compensation: Tx path loss compensation: 0
04-15 18:43:40.787 1089 1221 I BtGdModule: packages/modules/Bluetooth/system/gd/module.cc:99 Start: Started Le Advertising Manager
04-15 18:43:40.796 1089 1221 I BtGdModule: packages/modules/Bluetooth/system/gd/module.cc:85 Start: Constructing next module
04-15 18:43:40.796 1089 1221 I bluetooth: packages/modules/Bluetooth/system/gd/hci/msft.cc:305 MsftExtensionManager: MsftExtensionManager()
04-15 18:43:40.798 1089 1221 I BtGdModule: packages/modules/Bluetooth/system/gd/module.cc:89 Start: Starting dependencies of Microsoft Extension Manager
04-15 18:43:40.799 1089 1221 I BtGdModule: packages/modules/Bluetooth/system/gd/module.cc:93 Start: Finished starting dependencies and calling Start() of Microsoft Extension Manager
04-15 18:43:40.799 1089 1221 I bluetooth: packages/modules/Bluetooth/system/gd/hci/msft.cc:51 start: MsftExtensionManager start()
04-15 18:43:40.799 1089 1221 I bluetooth: packages/modules/Bluetooth/system/gd/hci/msft.cc:63 start: MSFT extension is not supported.
04-15 18:43:40.805 1089 1221 I BtGdModule: packages/modules/Bluetooth/system/gd/module.cc:99 Start: Started Microsoft Extension Manager
04-15 18:43:40.805 1089 1221 I BtGdModule: packages/modules/Bluetooth/system/gd/module.cc:85 Start: Constructing next module
04-15 18:43:40.806 1089 1221 I BtGdModule: packages/modules/Bluetooth/system/gd/module.cc:89 Start: Starting dependencies of Le Scanning Manager
04-15 18:43:40.806 1089 1221 I BtGdModule: packages/modules/Bluetooth/system/gd/module.cc:93 Start: Finished starting dependencies and calling Start() of Le Scanning Manager
04-15 18:43:40.806 1089 1221 I bluetooth: packages/modules/Bluetooth/system/gd/hci/le_scanning_manager.cc:304 get_rx_path_loss_compensation: Rx path loss compensation: 0
04-15 18:43:40.806 1089 1221 I BtGdModule: packages/modules/Bluetooth/system/gd/module.cc:99 Start: Started Le Scanning Manager
04-15 18:43:40.807 1089 1221 I BtGdModule: packages/modules/Bluetooth/system/gd/module.cc:85 Start: Constructing next module
04-15 18:43:40.807 1089 1221 I BtGdModule: packages/modules/Bluetooth/system/gd/module.cc:89 Start: Starting dependencies of Distance Measurement Manager
04-15 18:43:40.807 1089 1221 I BtGdModule: packages/modules/Bluetooth/system/gd/module.cc:93 Start: Finished starting dependencies and calling Start() of Distance Measurement Manager
04-15 18:43:40.807 1089 1221 I BtGdModule: packages/modules/Bluetooth/system/gd/module.cc:99 Start: Started Distance Measurement Manager
04-15 18:43:40.840 1089 1220 I bluetooth: packages/modules/Bluetooth/system/gd/hci/le_scanning_manager.cc:1485 on_apcf_read_extended_features_complete: set is_ad_type_filter_supported_ to 1 & is_transport_discovery_data_filter_supported_ to 0
04-15 18:43:40.860 1089 1213 I bluetooth: packages/modules/Bluetooth/system/gd/stack_manager.cc:52 StartUp: init_status == 0
04-15 18:43:40.861 1089 1213 I bluetooth: packages/modules/Bluetooth/system/gd/stack_manager.cc:59 StartUp: init complete
04-15 18:43:40.861 1089 1213 I bt_gd_shim: packages/modules/Bluetooth/system/main/shim/stack.cc:168 Start: Start Successfully toggled Gd stack
04-15 18:43:40.870 1089 1213 I bt_shim_scanner: packages/modules/Bluetooth/system/main/shim/le_scanning_manager.cc:144 Init: init BleScannerInterfaceImpl
04-15 18:43:40.871 1089 1213 I bt_core_module: packages/modules/Bluetooth/system/btcore/src/module.cc:91 module_start_up: module_start_up Started module "gd_shim_module"
04-15 18:43:40.890 534 534 D WifiP2pService: Wifi enabled=true, P2P disallowed by admin=false
04-15 18:43:40.893 1089 1213 W droid.bluetooth: [0415/184340.892597:WARNING:btif_config.cc(102)] read_or_set_metrics_salt: Failed to read metrics salt from config
04-15 18:43:40.893 1089 1213 I droid.bluetooth: [0415/184340.893410:INFO:btif_config.cc(113)] read_or_set_metrics_salt: Metrics salt is invalid, creating new one
04-15 18:43:40.907 1089 1213 I bt_btif_core: packages/modules/Bluetooth/system/btif/src/btif_core.cc:228 btif_init_bluetooth: btif_init_bluetooth entered
04-15 18:43:40.953 1089 1234 I droid.bluetooth: [0415/184340.953661:INFO:message_loop_thread.cc(184)] Run: message loop starting for thread bt_jni_thread
04-15 18:43:40.966 1089 1213 I bt_btif_core: packages/modules/Bluetooth/system/btif/src/btif_core.cc:232 btif_init_bluetooth: btif_init_bluetooth finished
04-15 18:43:40.982 1118 1118 E CarrierIdProvider: read carrier list from ota pb failure: java.io.FileNotFoundException: /data/misc/carrierid/carrier_list.pb: open failed: ENOENT (No such file or directory)
04-15 18:43:40.996 1118 1118 D CarrierIdProvider: latest version: 117440538 need update: true
04-15 18:43:41.088 1161 1161 D CompatibilityChangeReporter: Compat change id reported: 160794467; UID 10113; state: ENABLED
04-15 18:43:41.155 1161 1161 D b/254119092: TaskbarManager created
04-15 18:43:41.155 1161 1161 D b/254119092: mActivity and mContext agree taskbarIsPresent=false
04-15 18:43:41.165 1089 1213 W bt_device_interop: packages/modules/Bluetooth/system/device/src/interop.cc:1676 interop_database_save_allowlisted_media_players_list: found feature - INTEROP_BROWSE_PLAYER_ALLOW_LIST
04-15 18:43:41.166 1089 1213 I bt_stack_config: packages/modules/Bluetooth/system/main/stack_config.cc:72 init: init attempt to load stack conf from /apex/com.android.btservices/etc/bluetooth/bt_stack.conf
04-15 18:43:41.173 1089 1213 I bt_stack_manager: packages/modules/Bluetooth/system/btif/src/stack_manager.cc:285 event_init_stack: finished
04-15 18:43:41.181 1089 1089 I bt_osi_wakelock: packages/modules/Bluetooth/system/osi/src/wakelock.cc:99 wakelock_set_os_callouts: wakelock_set_os_callouts set to non-native
04-15 18:43:41.182 1089 1089 I bt_btif : packages/modules/Bluetooth/system/btif/src/bluetooth.cc:829 get_profile_interface: get_profile_interface: id = socket
04-15 18:43:41.184 1089 1214 E bt_btif_storage: packages/modules/Bluetooth/system/btif/src/btif_storage.cc:622 btif_storage_get_adapter_property: btif_storage_get_adapter_property: Controller not ready! Unable to return Bluetooth Address
04-15 18:43:41.188 1089 1234 E BluetoothServiceJni: adapter_properties_callback: Status 1 is incorrect
04-15 18:43:41.224 1161 1161 D b/254119092: destroyExistingTaskbar: null
04-15 18:43:41.224 1161 1161 D b/254119092: mActivity and mContext agree taskbarIsPresent=false
04-15 18:43:41.233 1161 1161 D b/254119092: recreateTaskbar: isTaskbarEnabled=false [dp != null (i.e. mUserUnlocked)]=false FLAG_HIDE_NAVBAR_WINDOW=false dp.isTaskbarPresent=null
04-15 18:43:41.233 1161 1161 D b/254119092: mActivity and mContext agree taskbarIsPresent=false
04-15 18:43:41.272 534 534 W Looper : Slow dispatch took 129ms main h=android.os.Handler c=null m=1
04-15 18:43:41.279 1089 1234 D AdapterProperties: Name is: Android SDK built for x86_64
04-15 18:43:41.287 1089 1089 D BluetoothKeystoreService: initJni()
04-15 18:43:41.329 1161 1161 D TouchInteractionService: disposeEventHandlers: Reason: Initializing input monitor due to: onNavigationModeChanged()
04-15 18:43:41.338 1089 1089 I bt_btif : packages/modules/Bluetooth/system/btif/src/bluetooth.cc:829 get_profile_interface: get_profile_interface: id = bluetooth_keystore
04-15 18:43:41.349 1089 1234 I bluetooth: packages/modules/Bluetooth/system/gd/storage/config_cache.cc:289 ConvertEncryptOrDecryptKeyIfNeeded: ConvertEncryptOrDecryptKeyIfNeeded
04-15 18:43:41.350 1089 1089 I droid.bluetooth: [0415/184341.350581:INFO:com_android_bluetooth_BluetoothQualityReport.cpp(88)] classInitNative: succeeds
04-15 18:43:41.366 1089 1089 I bt_btif : packages/modules/Bluetooth/system/btif/src/bluetooth.cc:829 get_profile_interface: get_profile_interface: id = bqr
04-15 18:43:41.367 1089 1089 I bluetooth: packages/modules/Bluetooth/system/btif/src/btif_bqr.cc:739 init: BluetoothQualityReportInterfaceImpl
04-15 18:43:41.370 1089 1089 I bt_btif : packages/modules/Bluetooth/system/btif/src/bluetooth.cc:829 get_profile_interface: get_profile_interface: id = sdp
04-15 18:43:41.377 1161 1161 W ContextImpl: Failed to ensure /data/user/0/com.android.launcher3/files: mkdir failed: ENOENT (No such file or directory)
04-15 18:43:41.377 1089 1089 I BluetoothAdapterService: loadLeAudioAllowDevices
04-15 18:43:41.378 1089 1089 I BluetoothAdapterService: LE Audio allow list is disabled.
04-15 18:43:41.397 1161 1161 D TouchInteractionService: Touch service connected: user=0
04-15 18:43:41.546 1089 1089 D BluetoothDatabase: start()
04-15 18:43:41.570 1089 1089 D BluetoothDatabase: Load Database
04-15 18:43:41.571 1089 1089 I BluetoothAdapterService: Phone policy enabled
04-15 18:43:41.614 1089 1089 D ActiveDeviceManager: start()
04-15 18:43:41.915 534 534 D nativeloader: Configuring clns-shared-15 for other apk /system/priv-app/Telecom/Telecom.apk. target_sdk_version=34, uses_libraries=, library_path=/system/priv-app/Telecom/lib/x86_64:/system/priv-app/Telecom/Telecom.apk!/lib/x86_64:/system/lib64:/system_ext/lib64, permitted_path=/data:/mnt/expand:/data/user_de/0/com.android.server.telecom:/system/priv-app/Telecom:/system/lib64:/system_ext/lib64
04-15 18:43:42.009 534 534 W Looper : Slow dispatch took 120ms main h=android.app.ActivityThread$H c=null m=114
04-15 18:43:42.075 1089 1238 D ActiveDeviceManager: onAudioDevicesAdded
04-15 18:43:42.082 1089 1089 I droid.bluetooth: [0415/184342.082364:INFO:com_android_bluetooth_btservice_ActivityAttribution.cpp(96)] classInitNative: succeeds
04-15 18:43:42.082 1089 1089 D BluetoothAdapterService: setAdapterService() - trying to set service to com.android.bluetooth.btservice.AdapterService@44859db
04-15 18:43:42.117 1089 1238 D ActiveDeviceManager: Audio device added: Android SDK built for x86_64 type: 2
04-15 18:43:42.117 1089 1238 D ActiveDeviceManager: Audio device added: Android SDK built for x86_64 type: 18
04-15 18:43:42.117 1089 1238 D ActiveDeviceManager: Audio device added: Android SDK built for x86_64 type: 15
04-15 18:43:42.117 1089 1238 D ActiveDeviceManager: Audio device added: Android SDK built for x86_64 type: 18
04-15 18:43:42.117 1089 1238 D ActiveDeviceManager: Audio device added: Android SDK built for x86_64 type: 25
04-15 18:43:42.117 1089 1238 D ActiveDeviceManager: Audio device added: Android SDK built for x86_64 type: 16
04-15 18:43:42.219 534 559 I DropBoxManagerService: add tag=system_app_strictmode isTagEnabled=true flags=0x2
04-15 18:43:42.221 1089 1089 D BluetoothAdapterService: onBind()
04-15 18:43:42.305 891 891 D NavigationModeController: getCurrentInteractionMode: mode=0 contextUser=0
04-15 18:43:42.314 891 891 I vol.Events: writeEvent collection_started
04-15 18:43:42.381 534 619 D CompatibilityChangeReporter: Compat change id reported: 261072174; UID 1000; state: ENABLED
04-15 18:43:42.411 891 891 D vol.VolumeDialogImpl: initDialog: called!
04-15 18:43:42.460 534 534 W Looper : Slow dispatch took 224ms main h=com.android.providers.settings.SettingsProvider$SettingsRegistry$MyHandler c=null m=2
04-15 18:43:42.521 534 534 I MR2ServiceImpl: addProviderRoutes | provider: com.android.server.media/.SystemMediaRoute2Provider, routes: [DEVICE_ROUTE | Phone]
04-15 18:43:42.530 534 534 D WallpaperManagerService: WPMS.onServiceConnected-ComponentInfo{com.android.systemui/com.android.systemui.wallpapers.ImageWallpaper}
04-15 18:43:42.532 534 534 D WallpaperManagerService: WPMS.attachServiceLocked
04-15 18:43:42.532 534 534 V WallpaperManagerService: WPMS.attachServiceLocked took to complete: 0ms
04-15 18:43:42.533 534 534 V WallpaperManagerService: WPMS.onServiceConnected-ComponentInfo{com.android.systemui/com.android.systemui.wallpapers.ImageWallpaper} took to complete: 0ms
04-15 18:43:42.554 891 1155 D CompatibilityChangeReporter: Compat change id reported: 150939131; UID 10118; state: ENABLED
04-15 18:43:42.573 534 534 I HealthFirstGrantTimeMan: State for user: 0 has not been restored and validated.
04-15 18:43:42.593 534 534 W GrantTimeSerializer: /data/system_ce/0/healthconnect/health-permissions-first-grant-times.xml not found
04-15 18:43:42.603 1089 1237 D BluetoothDatabase: compactLastConnectionTime: Compacting metadata after load
04-15 18:43:42.608 1089 1237 I BluetoothDatabase: cacheMetadata
04-15 18:43:42.643 534 534 W HealthConnectPackageInfoUtils: Can't extract requested permissions from the package info.
04-15 18:43:42.648 534 534 W HealthConnectPackageInfoUtils: Can't extract requested permissions from the package info.
04-15 18:43:42.648 534 534 W HealthConnectPackageInfoUtils: Can't extract requested permissions from the package info.
04-15 18:43:42.649 534 534 W HealthConnectPackageInfoUtils: Can't extract requested permissions from the package info.
04-15 18:43:42.650 534 534 W HealthConnectPackageInfoUtils: Can't extract requested permissions from the package info.
04-15 18:43:42.650 534 534 W HealthConnectPackageInfoUtils: Can't extract requested permissions from the package info.
04-15 18:43:42.651 534 534 W HealthConnectPackageInfoUtils: Can't extract requested permissions from the package info.
04-15 18:43:42.651 534 534 W HealthConnectPackageInfoUtils: Can't extract requested permissions from the package info.
04-15 18:43:42.653 534 534 W HealthConnectPackageInfoUtils: Can't extract requested permissions from the package info.
04-15 18:43:42.653 534 534 W HealthConnectPackageInfoUtils: Can't extract requested permissions from the package info.
04-15 18:43:42.654 534 534 W HealthConnectPackageInfoUtils: Can't extract requested permissions from the package info.
04-15 18:43:42.654 534 534 W HealthConnectPackageInfoUtils: Can't extract requested permissions from the package info.
04-15 18:43:42.655 534 534 W HealthConnectPackageInfoUtils: Can't extract requested permissions from the package info.
04-15 18:43:42.655 534 534 W HealthConnectPackageInfoUtils: Can't extract requested permissions from the package info.
04-15 18:43:42.658 534 534 W HealthConnectPackageInfoUtils: Can't extract requested permissions from the package info.
