04-15 18:43:22.543 534 1014 D CCodecConfig: read media type: audio/vorbis
04-15 18:43:22.663 534 1014 D ReflectedParamUpdater: extent() != 1 for single value type: algo.buffers.max-count.values
04-15 18:43:22.669 534 1014 D ReflectedParamUpdater: extent() != 1 for single value type: output.subscribed-indices.values
04-15 18:43:22.670 534 1014 D ReflectedParamUpdater: extent() != 1 for single value type: input.buffers.allocator-ids.values
04-15 18:43:22.671 534 1014 D ReflectedParamUpdater: extent() != 1 for single value type: output.buffers.allocator-ids.values
04-15 18:43:22.680 534 1014 D ReflectedParamUpdater: extent() != 1 for single value type: algo.buffers.allocator-ids.values
04-15 18:43:22.684 534 1014 D ReflectedParamUpdater: extent() != 1 for single value type: output.buffers.pool-ids.values
04-15 18:43:22.685 534 1014 D ReflectedParamUpdater: extent() != 1 for single value type: algo.buffers.pool-ids.values
04-15 18:43:22.720 534 1014 I CCodecConfig: query failed after returning 7 values (BAD_INDEX)
04-15 18:43:22.721 534 1014 D CCodecConfig: c2 config diff is Dict {
04-15 18:43:22.721 534 1014 D CCodecConfig: c2::u32 coded.bitrate.value = 64000
04-15 18:43:22.721 534 1014 D CCodecConfig: c2::u32 input.buffers.max-size.value = 32768
04-15 18:43:22.721 534 1014 D CCodecConfig: c2::u32 input.delay.value = 0
04-15 18:43:22.721 534 1014 D CCodecConfig: string input.media-type.value = "audio/vorbis"
04-15 18:43:22.721 534 1014 D CCodecConfig: string output.media-type.value = "audio/raw"
04-15 18:43:22.721 534 1014 D CCodecConfig: c2::u32 raw.channel-count.value = 1
04-15 18:43:22.721 534 1014 D CCodecConfig: c2::u32 raw.sample-rate.value = 48000
04-15 18:43:22.721 534 1014 D CCodecConfig: }
04-15 18:43:22.737 534 1014 D MediaCodec: flushMediametrics
04-15 18:43:22.738 534 1014 D CCodec : [c2.android.vorbis.decoder] buffers are bound to CCodec for this session
04-15 18:43:22.739 534 1014 D CCodecConfig: no c2 equivalents for durationUs
04-15 18:43:22.739 534 1014 D CCodecConfig: no c2 equivalents for track-id
04-15 18:43:22.744 534 1014 D CCodecConfig: no c2 equivalents for csd-1
04-15 18:43:22.744 534 1014 D CCodecConfig: no c2 equivalents for flags
04-15 18:43:22.756 534 1014 D CCodecConfig: c2 config diff is c2::u32 coded.bitrate.value = 140000
04-15 18:43:22.759 534 1014 W Codec2Client: query -- param skipped: index = 1107298332.
04-15 18:43:22.764 534 1014 D CCodec : encoding statistics level = 0
04-15 18:43:22.764 534 1014 D CCodec : setup formats input: AMessage(what = 0x00000000) = {
04-15 18:43:22.764 534 1014 D CCodec : int32_t bitrate = 140000
04-15 18:43:22.764 534 1014 D CCodec : int32_t channel-count = 1
04-15 18:43:22.764 534 1014 D CCodec : int32_t max-input-size = 32768
04-15 18:43:22.764 534 1014 D CCodec : string mime = "audio/vorbis"
04-15 18:43:22.764 534 1014 D CCodec : int32_t sample-rate = 48000
04-15 18:43:22.764 534 1014 D CCodec : }
04-15 18:43:22.765 534 1014 D CCodec : setup formats output: AMessage(what = 0x00000000) = {
04-15 18:43:22.765 534 1014 D CCodec : int32_t channel-count = 1
04-15 18:43:22.765 534 1014 D CCodec : string mime = "audio/raw"
04-15 18:43:22.765 534 1014 D CCodec : int32_t sample-rate = 48000
04-15 18:43:22.765 534 1014 D CCodec : int32_t channel-mask = 1
04-15 18:43:22.765 534 1014 D CCodec : int32_t android._config-pcm-encoding = 2
04-15 18:43:22.765 534 1014 D CCodec : }
04-15 18:43:22.772 534 1014 I CCodecConfig: query failed after returning 7 values (BAD_INDEX)
04-15 18:43:22.796 534 1014 W Codec2Client: query -- param skipped: index = 1342179345.
04-15 18:43:22.797 534 1014 W Codec2Client: query -- param skipped: index = 2415921170.
04-15 18:43:22.807 534 1014 D CCodecBufferChannel: [c2.android.vorbis.decoder#946] Created input block pool with allocatorID 16 => poolID 21 - OK (0)
04-15 18:43:22.822 534 1014 I CCodecBufferChannel: [c2.android.vorbis.decoder#946] Created output block pool with allocatorID 16 => poolID 21 - OK
04-15 18:43:22.828 534 1014 D CCodecBufferChannel: [c2.android.vorbis.decoder#946] Configured output block pool ids 21 => OK
04-15 18:43:22.840 450 1015 D SimpleC2Component: Using output block pool with poolID 21 => got 21 - 0
04-15 18:43:23.031 534 943 D WallpaperManagerService: WPMS.saveSettingsLocked-0
04-15 18:43:23.062 534 1014 D CCodecBufferChannel: [c2.android.vorbis.decoder#946] MediaCodec discarded an unknown buffer
04-15 18:43:23.063 534 1014 D CCodecBufferChannel: [c2.android.vorbis.decoder#946] MediaCodec discarded an unknown buffer
04-15 18:43:23.063 534 1014 D CCodecBufferChannel: [c2.android.vorbis.decoder#946] MediaCodec discarded an unknown buffer
04-15 18:43:23.065 534 943 V WallpaperManagerService: WPMS.saveSettingsLocked-0 took to complete: 33ms
04-15 18:43:23.074 891 891 D Tonal : Tonal Palette - index: 4. Main color: ff343e65
04-15 18:43:23.074 891 891 D Tonal : Colors: ff0b0c16, ff141627, ff1d2138, ff272d4c, ff343e65, ff41477e, ff4e5597, ff8184a4, ff898cc3, ff9e9ecd, ffb7b6d9, ffd9d7eb, ffefeef7
04-15 18:43:23.075 891 891 D Tonal : Gradients:
04-15 18:43:23.075 891 891 D Tonal : Normal GradientColors(ff343e65, ff343e65)
04-15 18:43:23.075 891 891 D Tonal : Dark GradientColors(ff272d4c, ff272d4c)
04-15 18:43:23.075 891 891 D Tonal : Extra dark: GradientColors(ff1d2138, ff1d2138)
04-15 18:43:23.076 891 891 D Tonal : Tonal Palette - index: 4. Main color: ff343e65
04-15 18:43:23.076 891 891 D Tonal : Colors: ff0b0c16, ff141627, ff1d2138, ff272d4c, ff343e65, ff41477e, ff4e5597, ff8184a4, ff898cc3, ff9e9ecd, ffb7b6d9, ffd9d7eb, ffefeef7
04-15 18:43:23.076 891 891 D Tonal : Gradients:
04-15 18:43:23.076 891 891 D Tonal : Normal GradientColors(ff343e65, ff343e65)
04-15 18:43:23.076 891 891 D Tonal : Dark GradientColors(ff272d4c, ff272d4c)
04-15 18:43:23.076 891 891 D Tonal : Extra dark: GradientColors(ff1d2138, ff1d2138)
04-15 18:43:23.087 534 1014 I hw-BpHwBinder: onLastStrongRef automatically unlinking death recipients
04-15 18:43:23.088 450 983 I hw-BpHwBinder: onLastStrongRef automatically unlinking death recipients
04-15 18:43:23.088 450 983 I hw-BpHwBinder: onLastStrongRef automatically unlinking death recipients
04-15 18:43:23.099 534 911 D MediaCodec: flushMediametrics
04-15 18:43:23.143 534 911 D MediaCodecList: codecHandlesFormat: no format, so no extra checks
04-15 18:43:23.150 534 1017 D CCodec : allocate(c2.android.vorbis.decoder)
04-15 18:43:23.159 534 1017 I CCodec : setting up 'default' as default (vendor) store
04-15 18:43:23.185 534 1017 I CCodec : Created component [c2.android.vorbis.decoder]
04-15 18:43:23.196 534 1017 D CCodecConfig: read media type: audio/vorbis
04-15 18:43:23.260 534 1017 D ReflectedParamUpdater: extent() != 1 for single value type: algo.buffers.max-count.values
04-15 18:43:23.272 534 1017 D ReflectedParamUpdater: extent() != 1 for single value type: output.subscribed-indices.values
04-15 18:43:23.275 534 1017 D ReflectedParamUpdater: extent() != 1 for single value type: input.buffers.allocator-ids.values
04-15 18:43:23.280 534 1017 D ReflectedParamUpdater: extent() != 1 for single value type: output.buffers.allocator-ids.values
04-15 18:43:23.284 534 1017 D ReflectedParamUpdater: extent() != 1 for single value type: algo.buffers.allocator-ids.values
04-15 18:43:23.288 534 1017 D ReflectedParamUpdater: extent() != 1 for single value type: output.buffers.pool-ids.values
04-15 18:43:23.292 534 1017 D ReflectedParamUpdater: extent() != 1 for single value type: algo.buffers.pool-ids.values
04-15 18:43:23.306 534 960 D BufferPoolAccessor2.0: bufferpool2 0x753fa9153978 : 0(0 size) total buffers - 0(0 size) used buffers - 2/7 (recycle/alloc) - 5/18 (fetch/transfer)
04-15 18:43:23.306 534 960 D BufferPoolAccessor2.0: evictor expired: 1, evicted: 1
04-15 18:43:23.309 534 1017 I CCodecConfig: query failed after returning 7 values (BAD_INDEX)
04-15 18:43:23.309 534 1017 D CCodecConfig: c2 config diff is Dict {
04-15 18:43:23.309 534 1017 D CCodecConfig: c2::u32 coded.bitrate.value = 64000
04-15 18:43:23.309 534 1017 D CCodecConfig: c2::u32 input.buffers.max-size.value = 32768
04-15 18:43:23.309 534 1017 D CCodecConfig: c2::u32 input.delay.value = 0
04-15 18:43:23.309 534 1017 D CCodecConfig: string input.media-type.value = "audio/vorbis"
04-15 18:43:23.309 534 1017 D CCodecConfig: string output.media-type.value = "audio/raw"
04-15 18:43:23.309 534 1017 D CCodecConfig: c2::u32 raw.channel-count.value = 1
04-15 18:43:23.309 534 1017 D CCodecConfig: c2::u32 raw.sample-rate.value = 48000
04-15 18:43:23.309 534 1017 D CCodecConfig: }
04-15 18:43:23.324 450 890 D BufferPoolAccessor2.0: bufferpool2 0x742e471943d8 : 0(0 size) total buffers - 0(0 size) used buffers - 4/7 (recycle/alloc) - 3/6 (fetch/transfer)
04-15 18:43:23.328 450 890 D BufferPoolAccessor2.0: evictor expired: 1, evicted: 1
04-15 18:43:23.337 534 1017 D MediaCodec: flushMediametrics
04-15 18:43:23.338 534 1017 D CCodec : [c2.android.vorbis.decoder] buffers are bound to CCodec for this session
04-15 18:43:23.338 534 1017 D CCodecConfig: no c2 equivalents for durationUs
04-15 18:43:23.339 534 1017 D CCodecConfig: no c2 equivalents for track-id
04-15 18:43:23.344 534 1017 D CCodecConfig: no c2 equivalents for csd-1
04-15 18:43:23.349 534 1017 D CCodecConfig: no c2 equivalents for flags
04-15 18:43:23.359 534 1017 D CCodecConfig: c2 config diff is c2::u32 coded.bitrate.value = 239920
04-15 18:43:23.359 534 1017 D CCodecConfig: c2::u32 raw.sample-rate.value = 44100
04-15 18:43:23.364 534 1017 W Codec2Client: query -- param skipped: index = 1107298332.
04-15 18:43:23.364 534 1017 D CCodec : encoding statistics level = 0
04-15 18:43:23.365 534 1017 D CCodec : setup formats input: AMessage(what = 0x00000000) = {
04-15 18:43:23.365 534 1017 D CCodec : int32_t bitrate = 239920
04-15 18:43:23.365 534 1017 D CCodec : int32_t channel-count = 1
04-15 18:43:23.365 534 1017 D CCodec : int32_t max-input-size = 32768
04-15 18:43:23.365 534 1017 D CCodec : string mime = "audio/vorbis"
04-15 18:43:23.365 534 1017 D CCodec : int32_t sample-rate = 44100
04-15 18:43:23.365 534 1017 D CCodec : }
04-15 18:43:23.366 534 1017 D CCodec : setup formats output: AMessage(what = 0x00000000) = {
04-15 18:43:23.366 534 1017 D CCodec : int32_t channel-count = 1
04-15 18:43:23.366 534 1017 D CCodec : string mime = "audio/raw"
04-15 18:43:23.366 534 1017 D CCodec : int32_t sample-rate = 44100
04-15 18:43:23.366 534 1017 D CCodec : int32_t channel-mask = 1
04-15 18:43:23.366 534 1017 D CCodec : int32_t android._config-pcm-encoding = 2
04-15 18:43:23.366 534 1017 D CCodec : }
04-15 18:43:23.368 534 1017 I CCodecConfig: query failed after returning 7 values (BAD_INDEX)
04-15 18:43:23.384 534 1017 W Codec2Client: query -- param skipped: index = 1342179345.
04-15 18:43:23.384 534 1017 W Codec2Client: query -- param skipped: index = 2415921170.
04-15 18:43:23.394 534 1017 D CCodecBufferChannel: [c2.android.vorbis.decoder#119] Created input block pool with allocatorID 16 => poolID 22 - OK (0)
04-15 18:43:23.403 534 1017 I CCodecBufferChannel: [c2.android.vorbis.decoder#119] Created output block pool with allocatorID 16 => poolID 22 - OK
04-15 18:43:23.408 534 1017 D CCodecBufferChannel: [c2.android.vorbis.decoder#119] Configured output block pool ids 22 => OK
04-15 18:43:23.428 450 1018 D SimpleC2Component: Using output block pool with poolID 22 => got 22 - 0
04-15 18:43:23.576 891 923 W Looper : Drained
04-15 18:43:23.630 534 1017 D CCodecBufferChannel: [c2.android.vorbis.decoder#119] MediaCodec discarded an unknown buffer
04-15 18:43:23.631 534 1017 D CCodecBufferChannel: [c2.android.vorbis.decoder#119] MediaCodec discarded an unknown buffer
04-15 18:43:23.631 534 1017 D CCodecBufferChannel: [c2.android.vorbis.decoder#119] MediaCodec discarded an unknown buffer
04-15 18:43:23.649 534 1017 I hw-BpHwBinder: onLastStrongRef automatically unlinking death recipients
04-15 18:43:23.650 450 948 I hw-BpHwBinder: onLastStrongRef automatically unlinking death recipients
04-15 18:43:23.653 450 948 I hw-BpHwBinder: onLastStrongRef automatically unlinking death recipients
04-15 18:43:23.669 534 911 D MediaCodec: flushMediametrics
04-15 18:43:23.732 892 907 I ssioncontroller: Background concurrent copying GC freed 157244(7538KB) AllocSpace objects, 21(3408KB) LOS objects, 49% free, 4876KB/9752KB, paused 192us,53us total 318.717ms
04-15 18:43:23.956 892 940 I RuntimePermissionsUpgradeController: Grandfathering SMS and CallLog permissions
04-15 18:43:23.960 892 940 I RuntimePermissionsUpgradeController: Grandfathering location background permissions
04-15 18:43:23.963 892 940 I RuntimePermissionsUpgradeController: Grandfathering Storage permissions
04-15 18:43:23.967 892 940 I RuntimePermissionsUpgradeController: Not expanding location permissions as this is not an upgrade from Android P
04-15 18:43:23.967 892 940 I RuntimePermissionsUpgradeController: Not expanding read storage to access media location as this is a new user
04-15 18:43:23.967 892 940 I RuntimePermissionsUpgradeController: Not migrating STORAGE permissions to READ_MEDIA permissions as this is a new user
04-15 18:43:24.477 534 607 W PermissionManager: Package com.android.providers.media.module is an APK in APEX, but has permission allowlist on the system image. Please bundle the allowlist in the com.android.mediaprovider APEX instead.
04-15 18:43:24.478 534 607 W PermissionManager: Package com.android.providers.media.module is an APK in APEX, but has permission allowlist on the system image. Please bundle the allowlist in the com.android.mediaprovider APEX instead.
04-15 18:43:24.479 534 607 W PermissionManager: Package com.android.providers.media.module is an APK in APEX, but has permission allowlist on the system image. Please bundle the allowlist in the com.android.mediaprovider APEX instead.
04-15 18:43:24.479 534 607 W PermissionManager: Package com.android.providers.media.module is an APK in APEX, but has permission allowlist on the system image. Please bundle the allowlist in the com.android.mediaprovider APEX instead.
04-15 18:43:24.480 534 607 W PermissionManager: Package com.android.providers.media.module is an APK in APEX, but has permission allowlist on the system image. Please bundle the allowlist in the com.android.mediaprovider APEX instead.
04-15 18:43:24.481 534 607 W PermissionManager: Package com.android.providers.media.module is an APK in APEX, but has permission allowlist on the system image. Please bundle the allowlist in the com.android.mediaprovider APEX instead.
04-15 18:43:24.482 534 607 W PermissionManager: Package com.android.providers.media.module is an APK in APEX, but has permission allowlist on the system image. Please bundle the allowlist in the com.android.mediaprovider APEX instead.
04-15 18:43:24.482 534 607 W PermissionManager: Package com.android.providers.media.module is an APK in APEX, but has permission allowlist on the system image. Please bundle the allowlist in the com.android.mediaprovider APEX instead.
04-15 18:43:24.483 534 607 W PermissionManager: Package com.android.providers.media.module is an APK in APEX, but has permission allowlist on the system image. Please bundle the allowlist in the com.android.mediaprovider APEX instead.
04-15 18:43:24.484 534 607 W PermissionManager: Package com.android.providers.media.module is an APK in APEX, but has permission allowlist on the system image. Please bundle the allowlist in the com.android.mediaprovider APEX instead.
04-15 18:43:24.485 534 607 W PermissionManager: Package com.android.providers.media.module is an APK in APEX, but has permission allowlist on the system image. Please bundle the allowlist in the com.android.mediaprovider APEX instead.
04-15 18:43:24.485 534 607 W PermissionManager: Package com.android.providers.media.module is an APK in APEX, but has permission allowlist on the system image. Please bundle the allowlist in the com.android.mediaprovider APEX instead.
04-15 18:43:24.486 534 607 W PermissionManager: Package com.android.providers.media.module is an APK in APEX, but has permission allowlist on the system image. Please bundle the allowlist in the com.android.mediaprovider APEX instead.
04-15 18:43:24.489 534 607 W PermissionManager: Package com.android.providers.media.module is an APK in APEX, but has permission allowlist on the system image. Please bundle the allowlist in the com.android.mediaprovider APEX instead.
04-15 18:43:24.489 534 607 W PermissionManager: Package com.android.providers.media.module is an APK in APEX, but has permission allowlist on the system image. Please bundle the allowlist in the com.android.mediaprovider APEX instead.
04-15 18:43:24.490 534 607 W PermissionManager: Package com.android.providers.media.module is an APK in APEX, but has permission allowlist on the system image. Please bundle the allowlist in the com.android.mediaprovider APEX instead.
04-15 18:43:24.490 534 607 W PermissionManager: Package com.android.providers.media.module is an APK in APEX, but has permission allowlist on the system image. Please bundle the allowlist in the com.android.mediaprovider APEX instead.
04-15 18:43:24.491 534 607 W PermissionManager: Package com.android.providers.media.module is an APK in APEX, but has permission allowlist on the system image. Please bundle the allowlist in the com.android.mediaprovider APEX instead.
04-15 18:43:24.491 534 607 W PermissionManager: Package com.android.providers.media.module is an APK in APEX, but has permission allowlist on the system image. Please bundle the allowlist in the com.android.mediaprovider APEX instead.
04-15 18:43:24.493 534 607 W PermissionManager: Package com.android.providers.media.module is an APK in APEX, but has permission allowlist on the system image. Please bundle the allowlist in the com.android.mediaprovider APEX instead.
04-15 18:43:24.493 534 607 W PermissionManager: Package com.android.providers.media.module is an APK in APEX, but has permission allowlist on the system image. Please bundle the allowlist in the com.android.mediaprovider APEX instead.
04-15 18:43:24.494 534 607 W PermissionManager: Package com.android.providers.media.module is an APK in APEX, but has permission allowlist on the system image. Please bundle the allowlist in the com.android.mediaprovider APEX instead.
04-15 18:43:24.494 534 607 W PermissionManager: Package com.android.providers.media.module is an APK in APEX, but has permission allowlist on the system image. Please bundle the allowlist in the com.android.mediaprovider APEX instead.
04-15 18:43:24.495 534 607 W PermissionManager: Package com.android.providers.media.module is an APK in APEX, but has permission allowlist on the system image. Please bundle the allowlist in the com.android.mediaprovider APEX instead.
04-15 18:43:24.495 534 607 W PermissionManager: Package com.android.providers.media.module is an APK in APEX, but has permission allowlist on the system image. Please bundle the allowlist in the com.android.mediaprovider APEX instead.
04-15 18:43:24.497 534 607 W PermissionManager: Package com.android.providers.media.module is an APK in APEX, but has permission allowlist on the system image. Please bundle the allowlist in the com.android.mediaprovider APEX instead.
04-15 18:43:24.555 534 534 V SystemServerTiming: Permission_callback_waiting-0 took to complete: 11353ms
04-15 18:43:24.555 534 534 V SystemServerTiming: Permission_grant_default_permissions-0 took to complete: 11365ms
04-15 18:43:24.558 534 534 D SystemServerTiming: Permission_synchronize_permissions-0
04-15 18:43:24.560 534 534 D SystemServerTiming: Permission_synchronize_addPackages-0
04-15 18:43:24.568 892 981 I PermissionControllerServiceImpl: Updating user sensitive for user 0
04-15 18:43:24.700 534 534 V SystemServerTiming: Permission_synchronize_addPackages-0 took to complete: 140ms
04-15 18:43:24.701 534 534 D SystemServerTiming: Permission_syncPackages-0
04-15 18:43:24.707 534 534 V StorageManagerService: Package null has legacy storage
04-15 18:43:24.715 534 534 V StorageManagerService: Package null has legacy storage
04-15 18:43:24.789 534 534 V StorageManagerService: Package null does not have legacy storage
04-15 18:43:24.791 534 534 V StorageManagerService: Package null does not have legacy storage
04-15 18:43:24.793 534 534 V StorageManagerService: Package null does not have legacy storage
04-15 18:43:24.794 534 534 V StorageManagerService: Package null does not have legacy storage
04-15 18:43:24.795 534 534 V StorageManagerService: Package null does not have legacy storage
04-15 18:43:24.797 534 534 V StorageManagerService: Package null does not have legacy storage
04-15 18:43:24.805 534 534 V StorageManagerService: Package null does not have legacy storage
04-15 18:43:24.806 534 534 V StorageManagerService: Package null does not have legacy storage
04-15 18:43:24.807 534 534 V StorageManagerService: Package null does not have legacy storage
04-15 18:43:24.810 534 534 V StorageManagerService: Package null does not have legacy storage
04-15 18:43:24.818 534 534 V StorageManagerService: Package null does not have legacy storage
04-15 18:43:24.835 534 534 V StorageManagerService: Package null does not have legacy storage
04-15 18:43:24.850 534 534 V StorageManagerService: Package null does not have legacy storage
04-15 18:43:24.858 534 534 V StorageManagerService: Package null does not have legacy storage
04-15 18:43:24.867 534 534 V StorageManagerService: Package null does not have legacy storage
04-15 18:43:24.874 534 534 V StorageManagerService: Package null does not have legacy storage
04-15 18:43:24.875 534 534 V StorageManagerService: Package null does not have legacy storage
04-15 18:43:24.881 534 534 V StorageManagerService: Package null does not have legacy storage
04-15 18:43:24.882 534 534 V StorageManagerService: Package null does not have legacy storage
04-15 18:43:24.883 534 534 V StorageManagerService: Package null does not have legacy storage
04-15 18:43:24.890 534 534 V StorageManagerService: Package null does not have legacy storage
04-15 18:43:24.892 534 534 V StorageManagerService: Package null does not have legacy storage
04-15 18:43:24.894 534 534 V SystemServerTiming: Permission_syncPackages-0 took to complete: 193ms
04-15 18:43:24.895 534 534 V SystemServerTiming: Permission_synchronize_permissions-0 took to complete: 337ms
04-15 18:43:24.895 534 534 D SystemServerTiming: Permission_onInitialized-0
04-15 18:43:24.901 534 534 I PermissionManager: Permission ownership changed. Updating all permissions.
04-15 18:43:24.902 534 534 W PermissionManager: Package com.android.adservices.api is an APK in APEX, but has permission allowlist on the system image. Please bundle the allowlist in the com.android.adservices APEX instead.
04-15 18:43:25.030 534 557 W Looper : Slow dispatch took 116ms android.fg h=android.os.Handler c= m=0
04-15 18:43:25.312 534 960 D BufferPoolAccessor2.0: bufferpool2 0x753fa9164ca8 : 0(0 size) total buffers - 0(0 size) used buffers - 2/7 (recycle/alloc) - 5/24 (fetch/transfer)
04-15 18:43:25.313 534 960 D BufferPoolAccessor2.0: evictor expired: 1, evicted: 1
04-15 18:43:25.332 450 890 D BufferPoolAccessor2.0: bufferpool2 0x742e47193848 : 0(0 size) total buffers - 0(0 size) used buffers - 9/10 (recycle/alloc) - 1/9 (fetch/transfer)
04-15 18:43:25.334 450 890 D BufferPoolAccessor2.0: evictor expired: 1, evicted: 1
04-15 18:43:25.339 534 534 W PermissionManager: Package com.android.providers.media.module is an APK in APEX, but has permission allowlist on the system image. Please bundle the allowlist in the com.android.mediaprovider APEX instead.
04-15 18:43:25.339 534 534 W PermissionManager: Package com.android.providers.media.module is an APK in APEX, but has permission allowlist on the system image. Please bundle the allowlist in the com.android.mediaprovider APEX instead.
04-15 18:43:25.339 534 534 W PermissionManager: Package com.android.providers.media.module is an APK in APEX, but has permission allowlist on the system image. Please bundle the allowlist in the com.android.mediaprovider APEX instead.
04-15 18:43:25.346 534 534 W PermissionManager: Package com.android.providers.media.module is an APK in APEX, but has permission allowlist on the system image. Please bundle the allowlist in the com.android.mediaprovider APEX instead.
04-15 18:43:25.346 534 534 W PermissionManager: Package com.android.providers.media.module is an APK in APEX, but has permission allowlist on the system image. Please bundle the allowlist in the com.android.mediaprovider APEX instead.
04-15 18:43:25.346 534 534 W PermissionManager: Package com.android.providers.media.module is an APK in APEX, but has permission allowlist on the system image. Please bundle the allowlist in the com.android.mediaprovider APEX instead.
04-15 18:43:25.347 534 534 W PermissionManager: Package com.android.providers.media.module is an APK in APEX, but has permission allowlist on the system image. Please bundle the allowlist in the com.android.mediaprovider APEX instead.
04-15 18:43:25.347 534 534 W PermissionManager: Package com.android.providers.media.module is an APK in APEX, but has permission allowlist on the system image. Please bundle the allowlist in the com.android.mediaprovider APEX instead.
04-15 18:43:25.348 534 534 W PermissionManager: Package com.android.providers.media.module is an APK in APEX, but has permission allowlist on the system image. Please bundle the allowlist in the com.android.mediaprovider APEX instead.
04-15 18:43:25.349 534 534 W PermissionManager: Package com.android.providers.media.module is an APK in APEX, but has permission allowlist on the system image. Please bundle the allowlist in the com.android.mediaprovider APEX instead.
04-15 18:43:25.349 534 534 W PermissionManager: Package com.android.providers.media.module is an APK in APEX, but has permission allowlist on the system image. Please bundle the allowlist in the com.android.mediaprovider APEX instead.
04-15 18:43:25.349 534 534 W PermissionManager: Package com.android.providers.media.module is an APK in APEX, but has permission allowlist on the system image. Please bundle the allowlist in the com.android.mediaprovider APEX instead.
04-15 18:43:25.350 534 534 W PermissionManager: Package com.android.providers.media.module is an APK in APEX, but has permission allowlist on the system image. Please bundle the allowlist in the com.android.mediaprovider APEX instead.
04-15 18:43:25.424 534 557 W Looper : Slow delivery took 225ms android.fg h=android.os.Handler c= m=0
04-15 18:43:25.429 534 557 W Looper : Slow dispatch took 106ms android.fg h=android.os.Handler c=runnable@1add1ef(com.android.server.pm.permission.PermissionManagerServiceImpl@ad364fc,com.android.permissioncontroller,0) m=0
04-15 18:43:25.470 534 534 V SystemServerTiming: Permission_onInitialized-0 took to complete: 568ms
04-15 18:43:25.471 534 534 W SystemServiceManager: Service com.android.server.policy.PermissionPolicyService took 12281 ms in onBootPhase
04-15 18:43:25.477 534 534 V SystemServerTiming: OnBootPhase_550_com.android.server.policy.PermissionPolicyService took to complete: 12287ms
04-15 18:43:25.478 534 534 D SystemServerTiming: OnBootPhase_550_com.android.server.pm.StagingManager$Lifecycle
04-15 18:43:25.478 534 534 V SystemServerTiming: OnBootPhase_550_com.android.server.pm.StagingManager$Lifecycle took to complete: 0ms
04-15 18:43:25.479 534 534 D SystemServerTiming: OnBootPhase_550_com.android.server.app.GameManagerService$Lifecycle
04-15 18:43:25.479 534 534 V SystemServerTiming: OnBootPhase_550_com.android.server.app.GameManagerService$Lifecycle took to complete: 0ms
04-15 18:43:25.480 534 534 D SystemServerTiming: OnBootPhase_550_com.android.safetycenter.SafetyCenterService
04-15 18:43:25.481 534 534 V SystemServerTiming: OnBootPhase_550_com.android.safetycenter.SafetyCenterService took to complete: 0ms
04-15 18:43:25.481 534 534 D SystemServerTiming: OnBootPhase_550_com.android.server.appsearch.AppSearchModule$Lifecycle
04-15 18:43:25.482 534 534 V SystemServerTiming: OnBootPhase_550_com.android.server.appsearch.AppSearchModule$Lifecycle took to complete: 0ms
04-15 18:43:25.482 534 534 D SystemServerTiming: OnBootPhase_550_com.android.server.media.MediaCommunicationService
04-15 18:43:25.482 534 534 V SystemServerTiming: OnBootPhase_550_com.android.server.media.MediaCommunicationService took to complete: 0ms
04-15 18:43:25.483 534 534 D SystemServerTiming: OnBootPhase_550_com.android.server.compat.overrides.AppCompatOverridesService$Lifecycle
04-15 18:43:25.483 534 534 V SystemServerTiming: OnBootPhase_550_com.android.server.compat.overrides.AppCompatOverridesService$Lifecycle took to complete: 0ms
04-15 18:43:25.483 534 534 D SystemServerTiming: OnBootPhase_550_com.android.server.healthconnect.HealthConnectManagerService
04-15 18:43:25.489 534 534 V SystemServerTiming: OnBootPhase_550_com.android.server.healthconnect.HealthConnectManagerService took to complete: 0ms
04-15 18:43:25.489 534 534 V SystemServerTiming: OnBootPhase_550 took to complete: 13523ms
04-15 18:43:25.490 534 534 V SystemServerTiming: StartActivityManagerReadyPhase took to complete: 13525ms
04-15 18:43:25.490 534 534 D SystemServerTiming: StartObservingNativeCrashes
04-15 18:43:25.508 534 534 V SystemServerTiming: StartObservingNativeCrashes took to complete: 17ms
04-15 18:43:25.509 534 534 D SystemServerTiming: RegisterAppOpsPolicy
04-15 18:43:25.531 534 534 V SystemServerTiming: RegisterAppOpsPolicy took to complete: 21ms
04-15 18:43:25.537 534 534 D SystemServerTiming: MakeNetworkManagementServiceReady
04-15 18:43:25.538 534 534 W NetworkManagement: setDataSaverMode(): already false
04-15 18:43:25.541 327 327 I netd : firewallSetFirewallType(1) <0.08ms>
04-15 18:43:25.542 534 605 D SystemServerTimingAsync: InitThreadPoolExec:WebViewFactoryPreparation
04-15 18:43:25.543 534 605 D SystemServerInitThreadPool: Started executing WebViewFactoryPreparation
04-15 18:43:25.543 534 605 I SystemServer: WebViewFactoryPreparation
04-15 18:43:25.543 534 605 D SystemServerTimingAsync: WebViewFactoryPreparation
04-15 18:43:25.566 534 605 E AppOps : Bad call made by uid 1000. Package "android" does not belong to uid 1037.
04-15 18:43:25.578 534 574 W BatteryExternalStatsWorker: error reading modem stats:ERROR_PHONE_NOT_AVAILABLE
04-15 18:43:25.586 534 534 V SystemServerTiming: MakeNetworkManagementServiceReady took to complete: 48ms
04-15 18:43:25.587 534 534 D SystemServerTiming: MakeConnectivityServiceReady
04-15 18:43:25.609 534 605 E AppOps : Cannot checkOperation
04-15 18:43:25.609 534 605 E AppOps : java.lang.SecurityException: Specified package "android" under uid 1037 but it is not
04-15 18:43:25.609 534 605 E AppOps : at com.android.server.appop.AppOpsService.verifyAndGetBypass(AppOpsService.java:3886)
04-15 18:43:25.609 534 605 E AppOps : at com.android.server.appop.AppOpsService.verifyAndGetBypass(AppOpsService.java:3746)
04-15 18:43:25.609 534 605 E AppOps : at com.android.server.appop.AppOpsService.verifyAndGetBypass(AppOpsService.java:3738)
04-15 18:43:25.609 534 605 E AppOps : at com.android.server.appop.AppOpsService.checkOperationUnchecked(AppOpsService.java:2417)
04-15 18:43:25.609 534 605 E AppOps : at com.android.server.appop.AppOpsService.checkOperationImpl(AppOpsService.java:2400)
04-15 18:43:25.609 534 605 E AppOps : at com.android.server.appop.AppOpsService.-$$Nest$mcheckOperationImpl(AppOpsService.java:0)
04-15 18:43:25.609 534 605 E AppOps : at com.android.server.appop.AppOpsService$CheckOpsDelegateDispatcher.$r8$lambda$fx57Sum-uA3sXo7NCFwrI3iq4WM(AppOpsService.java:0)
04-15 18:43:25.609 534 605 E AppOps : at com.android.server.appop.AppOpsService$CheckOpsDelegateDispatcher$$ExternalSyntheticLambda9.apply(R8$$SyntheticClass:0)
04-15 18:43:25.609 534 605 E AppOps : at com.android.server.policy.AppOpsPolicy.checkOperation(AppOpsPolicy.java:221)
04-15 18:43:25.609 534 605 E AppOps : at com.android.server.appop.AppOpsService$CheckOpsDelegateDispatcher.checkOperation(AppOpsService.java:6389)
04-15 18:43:25.609 534 605 E AppOps : at com.android.server.appop.AppOpsService.checkOperation(AppOpsService.java:2385)
04-15 18:43:25.609 534 605 E AppOps : at com.android.server.StorageManagerService$StorageManagerInternalImpl.hasExternalStorageAccess(StorageManagerService.java:4717)
04-15 18:43:25.609 534 605 E AppOps : at com.android.server.am.ProcessList.startProcessLocked(ProcessList.java:1778)
04-15 18:43:25.609 534 605 E AppOps : at com.android.server.am.ProcessList.startProcessLocked(ProcessList.java:2483)
04-15 18:43:25.609 534 605 E AppOps : at com.android.server.am.ProcessList.startProcessLocked(ProcessList.java:2628)
04-15 18:43:25.609 534 605 E AppOps : at com.android.server.am.ActivityManagerService.startIsolatedProcess(ActivityManagerService.java:2894)
04-15 18:43:25.609 534 605 E AppOps : at com.android.server.am.ActivityManagerService$LocalService.startIsolatedProcess(ActivityManagerService.java:17372)
04-15 18:43:25.609 534 605 E AppOps : at android.webkit.WebViewLibraryLoader.createRelroFile(WebViewLibraryLoader.java:126)
04-15 18:43:25.609 534 605 E AppOps : at android.webkit.WebViewLibraryLoader.createRelros(WebViewLibraryLoader.java:170)
04-15 18:43:25.609 534 605 E AppOps : at android.webkit.WebViewLibraryLoader.prepareNativeLibraries(WebViewLibraryLoader.java:152)
04-15 18:43:25.609 534 605 E AppOps : at android.webkit.WebViewFactory.onWebViewProviderChanged(WebViewFactory.java:555)
04-15 18:43:25.609 534 605 E AppOps : at com.android.server.webkit.SystemImpl.onWebViewProviderChanged(SystemImpl.java:174)
04-15 18:43:25.609 534 605 E AppOps : at com.android.server.webkit.WebViewUpdateServiceImpl.onWebViewProviderChanged(WebViewUpdateServiceImpl.java:351)
04-15 18:43:25.609 534 605 E AppOps : at com.android.server.webkit.WebViewUpdateServiceImpl.prepareWebViewInSystemServer(WebViewUpdateServiceImpl.java:182)
04-15 18:43:25.609 534 605 E AppOps : at com.android.server.webkit.WebViewUpdateService.prepareWebViewInSystemServer(WebViewUpdateService.java:129)
04-15 18:43:25.609 534 605 E AppOps : at com.android.server.SystemServer.lambda$startOtherServices$4(SystemServer.java:2919)
04-15 18:43:25.609 534 605 E AppOps : at com.android.server.SystemServer.$r8$lambda$t1R-mpe1gQ3l_T3UqaEuPqwZT88(SystemServer.java:0)
04-15 18:43:25.609 534 605 E AppOps : at com.android.server.SystemServer$$ExternalSyntheticLambda7.run(R8$$SyntheticClass:0)
04-15 18:43:25.609 534 605 E AppOps : at com.android.server.SystemServerInitThreadPool.lambda$submitTask$0(SystemServerInitThreadPool.java:107)
04-15 18:43:25.609 534 605 E AppOps : at com.android.server.SystemServerInitThreadPool.$r8$lambda$iar571g8isa6ZrPZMHj1USmyX48(SystemServerInitThreadPool.java:0)
04-15 18:43:25.609 534 605 E AppOps : at com.android.server.SystemServerInitThreadPool$$ExternalSyntheticLambda1.run(R8$$SyntheticClass:0)
04-15 18:43:25.609 534 605 E AppOps : at java.util.concurrent.Executors$RunnableAdapter.call(Executors.java:487)
04-15 18:43:25.609 534 605 E AppOps : at java.util.concurrent.FutureTask.run(FutureTask.java:264)
04-15 18:43:25.609 534 605 E AppOps : at java.util.concurrent.ThreadPoolExecutor.runWorker(ThreadPoolExecutor.java:1145)
04-15 18:43:25.609 534 605 E AppOps : at java.util.concurrent.ThreadPoolExecutor$Worker.run(ThreadPoolExecutor.java:644)
04-15 18:43:25.609 534 605 E AppOps : at com.android.internal.util.ConcurrentUtils$1$1.run(ConcurrentUtils.java:65)
04-15 18:43:25.614 534 545 W system_server: Suspending all threads took: 6.508ms
04-15 18:43:25.623 534 605 W ActivityManager: Slow operation: 58ms so far, now at startProcess: building args
04-15 18:43:25.630 534 605 D CompatibilityChangeReporter: Compat change id reported: 135634846; UID 1000; state: DISABLED
04-15 18:43:25.648 327 327 I netd : registerUnsolicitedEventListener() <6.46ms>
04-15 18:43:25.650 534 605 D CompatibilityChangeReporter: Compat change id reported: 177438394; UID 1000; state: DISABLED
04-15 18:43:25.651 534 605 D CompatibilityChangeReporter: Compat change id reported: 135772972; UID 1000; state: DISABLED
04-15 18:43:25.658 534 605 D CompatibilityChangeReporter: Compat change id reported: 178038272; UID 1000; state: DISABLED
04-15 18:43:25.664 534 557 W Looper : Slow dispatch took 124ms android.fg h=android.os.Handler c= m=0
04-15 18:43:25.677 534 568 W ActivityManager: Slow operation: 113ms so far, now at startProcess: asking zygote to start proc
04-15 18:43:25.678 534 568 W ActivityManager: com.android.emulator.multidisplay inode == 0 (b/152760674)
04-15 18:43:25.696 534 605 W ActivityManager: Slow operation: 144ms so far, now at startProcess: done starting proc!
04-15 18:43:25.723 328 328 D Zygote : Forked child process 1023
04-15 18:43:25.741 534 815 D PermissionMonitor: Monitoring
04-15 18:43:25.743 534 568 W ActivityManager: Slow operation: 179ms so far, now at startProcess: returned from zygote!
04-15 18:43:25.749 534 568 W ActivityManager: Slow operation: 185ms so far, now at startProcess: done updating battery stats
04-15 18:43:25.750 534 568 W ActivityManager: Slow operation: 186ms so far, now at startProcess: building log message
04-15 18:43:25.750 534 568 I ActivityManager: Start proc 1023:WebViewLoader-x86_64/1037 [android.webkit.WebViewLibraryLoader$RelroFileCreator] for
04-15 18:43:25.751 534 568 W ActivityManager: Slow operation: 187ms so far, now at startProcess: starting to update pids map
04-15 18:43:25.769 534 605 V SystemServerTimingAsync: WebViewFactoryPreparation took to complete: 226ms
04-15 18:43:25.769 534 605 D SystemServerInitThreadPool: Finished executing WebViewFactoryPreparation
04-15 18:43:25.769 534 605 V SystemServerTimingAsync: InitThreadPoolExec:WebViewFactoryPreparation took to complete: 227ms
04-15 18:43:25.781 534 568 W ActivityManager: Slow operation: 217ms so far, now at startProcess: done updating pids map
04-15 18:43:25.822 534 804 W NetworkPolicy: setRestrictBackgroundUL: already false
04-15 18:43:25.842 1023 1023 I WebViewLoader-x: Using CollectorTypeCC GC.
04-15 18:43:25.858 1023 1023 W WebViewLoader-x: Unexpected CPU variant for x86: x86_64.
04-15 18:43:25.858 1023 1023 W WebViewLoader-x: Known variants: atom, sandybridge, silvermont, goldmont, goldmont-plus, tremont, kabylake, default
04-15 18:43:25.871 1023 1023 E WebViewLoader-x: Not starting debugger since process cannot load the jdwp agent.
04-15 18:43:25.902 534 557 W Looper : Slow dispatch took 140ms android.fg h=android.os.Handler c= m=0
04-15 18:43:25.948 534 607 D GameManagerService: User ID '0' does not have a Game Mode selected for package: 'android'
04-15 18:43:25.949 534 607 D CompatibilityChangeReporter: Compat change id reported: 168419799; UID 1000; state: DISABLED
04-15 18:43:25.950 534 607 D CompatibilityChangeReporter: Compat change id reported: 273564678; UID 1000; state: DISABLED
04-15 18:43:25.969 1023 1023 V WebViewLibraryLoader: RelroFileCreator (64bit = true), package: com.android.webview library: libwebviewchromium.so
04-15 18:43:25.984 534 545 I system_server: Background young concurrent copying GC freed 376504(10MB) AllocSpace objects, 9(1004KB) LOS objects, 43% free, 12MB/22MB, paused 460us,7.826ms total 919.655ms
04-15 18:43:26.024 1023 1023 D nativeloader: InitLlndkLibrariesProduct: libEGL.so:libGLESv1_CM.so:libGLESv2.so:libGLESv3.so:libRS.so:libandroid_net.so:libbinder_ndk.so:libc.so:libcgrouprc.so:libclang_rt.asan-x86_64-android.so:libcom.android.tethering.connectivity_native.so:libdl.so:libft2.so:liblog.so:libm.so:libmediandk.so:libnativewindow.so:libneuralnetworks.so:libselinux.so:libsync.so:libvndksupport.so:libvulkan.so
04-15 18:43:26.025 1023 1023 D nativeloader: Configuring product-clns-6 for unbundled product apk /product/app/webview/webview.apk. target_sdk_version=34, uses_libraries=, library_path=/product/app/webview/lib/x86_64:/product/app/webview/webview.apk!/lib/x86_64:/product/lib64:/system/product/lib64, permitted_path=/data:/mnt/expand:/product/lib64:/system/product/lib64
04-15 18:43:26.053 534 557 W Looper : Slow dispatch took 145ms android.fg h=android.os.Handler c= m=0
04-15 18:43:26.065 327 327 I netd : networkSetPermissionForUser(1, [1002, 10094, 10118, 20094, 20118]) <0.15ms>
04-15 18:43:26.068 534 804 W BestClock: java.time.DateTimeException: Missing network time fix
04-15 18:43:26.072 327 327 I netd : networkSetPermissionForUser(2, [1000, 1001, 1073, 2000, 10065, 10080, 10081, 10096, 10097, 10099, 10107, 10109, 20065, 20080, 20081, 20096, 20097, 20099, 20107, 20109]) <0.08ms>
04-15 18:43:26.077 1023 1023 D nativeloader: InitVndkspLibrariesProduct: android.hardware.common-V2-ndk.so:android.hardware.common.fmq-V1-ndk.so:android.hardware.graphics.allocator-V2-ndk.so:android.hardware.graphics.common-V4-ndk.so:android.hardware.graphics.common@1.0.so:android.hardware.graphics.common@1.1.so:android.hardware.graphics.common@1.2.so:android.hardware.graphics.composer3-V1-ndk.so:android.hardware.graphics.mapper@2.0.so:android.hardware.graphics.mapper@2.1.so:android.hardware.graphics.mapper@3.0.so:android.hardware.graphics.mapper@4.0.so:android.hardware.renderscript@1.0.so:android.hidl.memory.token@1.0.so:android.hidl.memory@1.0-impl.so:android.hidl.memory@1.0.so:android.hidl.safe_union@1.0.so:libRSCpuRef.so:libRSDriver.so:libRS_internal.so:libbase.so:libbcinfo.so:libblas.so:libc++.so:libcompiler_rt.so:libcutils.so:libdmabufheap.so:libgralloctypes.so:libhardware.so:libhidlbase.so:libhidlmemory.so:libion.so:libjsoncpp.so:liblzma.so:libprocessgroup.so:libunwindstack.so:libutils.so:libutilscallstack.so:libz.so
04-15 18:43:26.149 534 804 D NetworkStatsObservers: Registering observer for RequestInfo from pid/uid:534/1000(android) for DataUsageRequest [ requestId=1, networkTemplate=NetworkTemplate: matchRule=MOBILE, matchSubscriberIds=[], matchWifiNetworkKeys=[], thresholdInBytes=0 ] accessLevel:3
04-15 18:43:26.157 534 804 D NetworkStatsObservers: Registering observer for RequestInfo from pid/uid:534/1000(android) for DataUsageRequest [ requestId=2, networkTemplate=NetworkTemplate: matchRule=WIFI, matchSubscriberIds=[], matchWifiNetworkKeys=[], thresholdInBytes=0 ] accessLevel:3
04-15 18:43:26.189 534 868 W PackageManager: Invalid dex load report. loadingPackageName=null, uid=1037
04-15 18:43:26.205 534 802 W BestClock: java.time.DateTimeException: Missing network time fix
04-15 18:43:26.244 327 327 I netd : tetherGetStats() -> {[]} <10.34ms>
04-15 18:43:26.247 534 802 W BestClock: java.time.DateTimeException: Missing network time fix
04-15 18:43:26.293 534 802 W BestClock: java.time.DateTimeException: Missing network time fix
04-15 18:43:26.300 534 815 D PermissionMonitor: Users: 1, UidToNetworkPerm: 25
04-15 18:43:26.301 534 804 W system_server: Long monitor contention with owner ConnectivityServiceThread (815) at void android.net.connectivity.com.android.server.connectivity.PermissionMonitor.onUserAdded(android.os.UserHandle)(PermissionMonitor.java:608) waiters=0 in boolean android.net.connectivity.com.android.server.connectivity.PermissionMonitor.hasUseBackgroundNetworksPermission(int) for 105ms
04-15 18:43:26.312 534 534 V SystemServerTiming: MakeConnectivityServiceReady took to complete: 713ms
04-15 18:43:26.316 534 960 D BufferPoolAccessor2.0: bufferpool2 0x753fa9163a28 : 0(0 size) total buffers - 0(0 size) used buffers - 2/7 (recycle/alloc) - 5/26 (fetch/transfer)
04-15 18:43:26.317 534 960 D BufferPoolAccessor2.0: evictor expired: 1, evicted: 1
04-15 18:43:26.317 534 534 D SystemServerTiming: MakeVpnManagerServiceReady
04-15 18:43:26.330 534 557 W Looper : Drained
04-15 18:43:26.333 327 327 I netd : tetherGetStats() -> {[]} <12.93ms>
04-15 18:43:26.359 450 890 D BufferPoolAccessor2.0: bufferpool2 0x742e471907b8 : 0(0 size) total buffers - 0(0 size) used buffers - 10/11 (recycle/alloc) - 1/10 (fetch/transfer)
04-15 18:43:26.361 450 890 D BufferPoolAccessor2.0: evictor expired: 1, evicted: 1
04-15 18:43:26.361 534 802 W BestClock: java.time.DateTimeException: Missing network time fix
04-15 18:43:26.392 534 815 D ConnectivityService: NetReassign [no changes] [c 0] [a 0] [i 0]
04-15 18:43:26.394 534 815 D ConnectivityService: NetReassign [no changes] [c 0] [a 0] [i 0]
04-15 18:43:26.399 534 802 W BroadcastLoopers: Found previously unknown looper Thread[NetworkStats,5,main]
04-15 18:43:26.429 534 1005 D CompatibilityChangeReporter: Compat change id reported: 135634846; UID 10102; state: DISABLED
04-15 18:43:26.430 534 1005 D CompatibilityChangeReporter: Compat change id reported: 177438394; UID 10102; state: DISABLED
04-15 18:43:26.430 534 1005 D CompatibilityChangeReporter: Compat change id reported: 135772972; UID 10102; state: DISABLED
04-15 18:43:26.430 534 1005 D CompatibilityChangeReporter: Compat change id reported: 135754954; UID 10102; state: ENABLED
04-15 18:43:26.454 1023 1023 I WebViewLoader-x: System.exit called, status: 0
04-15 18:43:26.455 1023 1023 I AndroidRuntime: VM exiting with result code 0, cleanup skipped.
04-15 18:43:26.480 328 328 W Zygote : forkRepeatedly terminated due to non-simple command
04-15 18:43:26.480 328 328 D Zygote : mbuffer starts with 14, nice name is webview_zygote, mEnd = 394, mNext = 165, mLinesLeft = 6, mFd = 6
04-15 18:43:26.594 328 328 D Zygote : Forked child process 1043
04-15 18:43:26.620 534 534 V SystemServerTiming: MakeVpnManagerServiceReady took to complete: 302ms
04-15 18:43:26.621 534 534 D SystemServerTiming: MakeVcnManagementServiceReady
04-15 18:43:26.625 534 815 D ConnectivityService: Got NetworkProvider Messenger for VcnNetworkProvider
04-15 18:43:26.661 534 815 D ConnectivityService: register offer from providerId 1 : NetworkOffer [ Provider Id (1) Score(Policies : TRANSPORT_PRIMARY&EVER_EVALUATED&IS_UNMETERED&EVER_VALIDATED&IS_VALIDATED ; KeepConnected : 0) Caps [ Transports: CELLULAR Capabilities: MMS&SUPL&DUN&FOTA&IMS&CBS&IA&RCS&XCAP&EIMS&INTERNET&NOT_RESTRICTED&TRUSTED&NOT_VPN&MCX&NOT_VCN_MANAGED UnderlyingNetworks: Null] Needed by []]
04-15 18:43:26.663 534 815 D ConnectivityService: NetReassign [no changes] [c 0] [a 0] [i 0]
04-15 18:43:26.721 328 328 I Zygote : Process 1023 exited cleanly (0)
04-15 18:43:26.679 534 557 W Looper : Slow dispatch took 160ms android.fg h=android.os.Handler c=runnable@f8cbdec(com.android.server.pm.permission.PermissionManagerServiceImpl@ad364fc,com.android.settings,0) m=0
04-15 18:43:26.722 534 534 D CompatibilityChangeReporter: Compat change id reported: 182478738; UID 1000; state: ENABLED
04-15 18:43:26.731 534 534 V SystemServerTiming: MakeVcnManagementServiceReady took to complete: 110ms
04-15 18:43:26.736 534 534 D SystemServerTiming: MakeNetworkPolicyServiceReady
04-15 18:43:26.739 534 815 D ConnectivityService: NetReassign [no changes] [c 0] [a 1] [i 0]
04-15 18:43:26.735 1043 1043 I webview_zygote: Using CollectorTypeCC GC.
04-15 18:43:26.745 534 821 I VcnManagementService: new snapshot: TelephonySubscriptionSnapshot{ mActiveDataSubId=-1, mSubIdToInfoMap={}, mSubIdToCarrierConfigMap={}, mPrivilegedPackages={} }
04-15 18:43:26.752 534 1005 W ZygoteProcess: Got error connecting to zygote, retrying. msg= Connection refused
04-15 18:43:26.752 534 607 I ActivityManager: Process WebViewLoader-x86_64 (pid 1023) has died: psvc PER
04-15 18:43:26.760 534 558 D DisplayManagerService: Drop pending events for gone uid 1037
04-15 18:43:26.780 534 569 I libprocessgroup: Successfully killed process cgroup uid 1037 pid 1023 in 0ms
04-15 18:43:26.785 534 607 D OomAdjuster: Not killing cached processes
04-15 18:43:26.787 534 557 W Looper : Slow delivery took 437ms android.fg h=android.os.Handler c= m=0
04-15 18:43:26.791 1043 1043 I WebViewZygoteInit: Starting WebViewZygoteInit
04-15 18:43:26.863 534 534 V SystemServerTiming: MakeNetworkPolicyServiceReady took to complete: 126ms
04-15 18:43:26.871 534 534 D SystemServerTiming: PhaseThirdPartyAppsCanStart
04-15 18:43:26.871 534 534 I SystemServiceManager: Starting phase 600
04-15 18:43:26.871 534 534 D SystemServerTiming: OnBootPhase_600
04-15 18:43:26.871 534 534 D SystemServerTiming: OnBootPhase_600_com.android.server.security.FileIntegrityService
04-15 18:43:26.873 534 619 D CompatibilityChangeReporter: Compat change id reported: 265195908; UID 10125; state: ENABLED
04-15 18:43:26.875 534 534 V SystemServerTiming: OnBootPhase_600_com.android.server.security.FileIntegrityService took to complete: 0ms
04-15 18:43:26.879 534 534 D SystemServerTiming: OnBootPhase_600_com.android.server.pm.Installer
04-15 18:43:26.880 534 534 V SystemServerTiming: OnBootPhase_600_com.android.server.pm.Installer took to complete: 0ms
04-15 18:43:26.880 534 534 D SystemServerTiming: OnBootPhase_600_com.android.server.os.DeviceIdentifiersPolicyService
04-15 18:43:26.881 534 534 V SystemServerTiming: OnBootPhase_600_com.android.server.os.DeviceIdentifiersPolicyService took to complete: 0ms
04-15 18:43:26.881 534 534 D SystemServerTiming: OnBootPhase_600_com.android.server.uri.UriGrantsManagerService$Lifecycle
04-15 18:43:26.882 534 534 V SystemServerTiming: OnBootPhase_600_com.android.server.uri.UriGrantsManagerService$Lifecycle took to complete: 0ms
04-15 18:43:26.882 534 534 D SystemServerTiming: OnBootPhase_600_com.android.server.powerstats.PowerStatsService
04-15 18:43:26.883 534 534 V SystemServerTiming: OnBootPhase_600_com.android.server.powerstats.PowerStatsService took to complete: 0ms
04-15 18:43:26.883 534 534 D SystemServerTiming: OnBootPhase_600_com.android.server.permission.access.AccessCheckingService
04-15 18:43:26.888 534 534 V SystemServerTiming: OnBootPhase_600_com.android.server.permission.access.AccessCheckingService took to complete: 0ms
04-15 18:43:26.888 534 534 D SystemServerTiming: OnBootPhase_600_com.android.server.wm.ActivityTaskManagerService$Lifecycle
04-15 18:43:26.895 534 534 V SystemServerTiming: OnBootPhase_600_com.android.server.wm.ActivityTaskManagerService$Lifecycle took to complete: 0ms
04-15 18:43:26.895 534 534 D SystemServerTiming: OnBootPhase_600_com.android.server.am.ActivityManagerService$Lifecycle
04-15 18:43:26.912 534 534 I ExplicitHealthCheckController: Explicit health checks enabled.
