04-15 18:43:12.217 534 605 D SystemServerTimingAsync: InitThreadPoolExec:Lazily initialize IMMS#mImeDrawsImeNavBarRes
04-15 18:43:12.217 534 605 D SystemServerInitThreadPool: Started executing Lazily initialize IMMS#mImeDrawsImeNavBarRes
04-15 18:43:12.359 534 605 W system_server: Long monitor contention with owner main (534) at void com.android.server.inputmethod.InputMethodManagerService.systemRunning()(InputMethodManagerService.java:1991) waiters=0 in void com.android.server.inputmethod.InputMethodManagerService.lambda$systemRunning$2(int) for 134ms
04-15 18:43:12.372 534 534 W SystemServiceManager: Service com.android.server.inputmethod.InputMethodManagerService$Lifecycle took 161 ms in onBootPhase
04-15 18:43:12.372 534 534 V SystemServerTiming: OnBootPhase_550_com.android.server.inputmethod.InputMethodManagerService$Lifecycle took to complete: 158ms
04-15 18:43:12.372 534 534 D SystemServerTiming: OnBootPhase_550_com.android.server.accessibility.AccessibilityManagerService$Lifecycle
04-15 18:43:12.373 534 534 V SystemServerTiming: OnBootPhase_550_com.android.server.accessibility.AccessibilityManagerService$Lifecycle took to complete: 1ms
04-15 18:43:12.373 534 534 D SystemServerTiming: OnBootPhase_550_com.android.server.StorageManagerService$Lifecycle
04-15 18:43:12.373 534 534 V SystemServerTiming: OnBootPhase_550_com.android.server.StorageManagerService$Lifecycle took to complete: 0ms
04-15 18:43:12.374 534 534 D SystemServerTiming: OnBootPhase_550_com.android.server.usage.StorageStatsService$Lifecycle
04-15 18:43:12.374 534 534 V SystemServerTiming: OnBootPhase_550_com.android.server.usage.StorageStatsService$Lifecycle took to complete: 0ms
04-15 18:43:12.374 534 534 D SystemServerTiming: OnBootPhase_550_com.android.server.UiModeManagerService
04-15 18:43:12.374 534 534 V SystemServerTiming: OnBootPhase_550_com.android.server.UiModeManagerService took to complete: 0ms
04-15 18:43:12.374 534 534 D SystemServerTiming: OnBootPhase_550_com.android.server.locales.LocaleManagerService
04-15 18:43:12.375 534 534 V SystemServerTiming: OnBootPhase_550_com.android.server.locales.LocaleManagerService took to complete: 0ms
04-15 18:43:12.375 534 534 D SystemServerTiming: OnBootPhase_550_com.android.server.grammaticalinflection.GrammaticalInflectionService
04-15 18:43:12.376 534 534 V SystemServerTiming: OnBootPhase_550_com.android.server.grammaticalinflection.GrammaticalInflectionService took to complete: 0ms
04-15 18:43:12.377 534 534 D SystemServerTiming: OnBootPhase_550_com.android.server.apphibernation.AppHibernationService
04-15 18:43:12.377 534 534 V SystemServerTiming: OnBootPhase_550_com.android.server.apphibernation.AppHibernationService took to complete: 0ms
04-15 18:43:12.377 534 534 D SystemServerTiming: OnBootPhase_550_com.android.server.locksettings.LockSettingsService$Lifecycle
04-15 18:43:12.411 534 605 D SystemServerInitThreadPool: Finished executing Lazily initialize IMMS#mImeDrawsImeNavBarRes
04-15 18:43:12.411 534 605 V SystemServerTimingAsync: InitThreadPoolExec:Lazily initialize IMMS#mImeDrawsImeNavBarRes took to complete: 194ms
04-15 18:43:12.453 446 499 D MediaCodecList: Allowing only non-surface-encoder OMX codecs
04-15 18:43:12.467 133 133 I hwservicemanager: getTransport: Cannot find entry android.hardware.media.omx@1.0::IOmxStore/default in either framework or device VINTF manifest.
04-15 18:43:12.476 446 499 E OmxInfoBuilder: Cannot find an IOmxStore service.
04-15 18:43:12.477 446 499 D MediaCodecList: ignored failed builder
04-15 18:43:12.490 446 499 I Codec2Client: Available Codec2 services: "default" "software"
04-15 18:43:12.493 534 534 I RebootEscrowManager: No reboot escrow data found for users, skipping loading escrow data
04-15 18:43:12.503 534 534 W SystemServiceManager: Service com.android.server.locksettings.LockSettingsService$Lifecycle took 126 ms in onBootPhase
04-15 18:43:12.503 534 534 V SystemServerTiming: OnBootPhase_550_com.android.server.locksettings.LockSettingsService$Lifecycle took to complete: 126ms
04-15 18:43:12.503 534 534 D SystemServerTiming: OnBootPhase_550_com.android.server.testharness.TestHarnessModeService
04-15 18:43:12.503 534 534 V SystemServerTiming: OnBootPhase_550_com.android.server.testharness.TestHarnessModeService took to complete: 0ms
04-15 18:43:12.504 534 534 D SystemServerTiming: OnBootPhase_550_com.android.server.DeviceIdleController
04-15 18:43:12.507 534 534 V SystemServerTiming: OnBootPhase_550_com.android.server.DeviceIdleController took to complete: 0ms
04-15 18:43:12.507 534 534 D SystemServerTiming: OnBootPhase_550_com.android.server.devicepolicy.DevicePolicyManagerService$Lifecycle
04-15 18:43:12.514 534 534 I DevicePolicyManager: Started device policies migration to the device policy engine.
04-15 18:43:12.522 534 534 V SystemServerTiming: OnBootPhase_550_com.android.server.devicepolicy.DevicePolicyManagerService$Lifecycle took to complete: 15ms
04-15 18:43:12.522 534 534 D SystemServerTiming: OnBootPhase_550_com.android.server.texttospeech.TextToSpeechManagerService
04-15 18:43:12.522 534 534 V SystemServerTiming: OnBootPhase_550_com.android.server.texttospeech.TextToSpeechManagerService took to complete: 0ms
04-15 18:43:12.522 534 534 D SystemServerTiming: OnBootPhase_550_com.android.server.ambientcontext.AmbientContextManagerService
04-15 18:43:12.522 534 534 V SystemServerTiming: OnBootPhase_550_com.android.server.ambientcontext.AmbientContextManagerService took to complete: 0ms
04-15 18:43:12.522 534 534 D SystemServerTiming: OnBootPhase_550_com.android.server.wearable.WearableSensingManagerService
04-15 18:43:12.522 534 534 V SystemServerTiming: OnBootPhase_550_com.android.server.wearable.WearableSensingManagerService took to complete: 0ms
04-15 18:43:12.522 534 534 D SystemServerTiming: OnBootPhase_550_com.android.server.speech.SpeechRecognitionManagerService
04-15 18:43:12.523 534 534 V SystemServerTiming: OnBootPhase_550_com.android.server.speech.SpeechRecognitionManagerService took to complete: 0ms
04-15 18:43:12.523 534 534 D SystemServerTiming: OnBootPhase_550_com.android.server.searchui.SearchUiManagerService
04-15 18:43:12.523 534 534 V SystemServerTiming: OnBootPhase_550_com.android.server.searchui.SearchUiManagerService took to complete: 0ms
04-15 18:43:12.523 534 534 D SystemServerTiming: OnBootPhase_550_com.android.server.smartspace.SmartspaceManagerService
04-15 18:43:12.523 534 534 V SystemServerTiming: OnBootPhase_550_com.android.server.smartspace.SmartspaceManagerService took to complete: 0ms
04-15 18:43:12.523 534 534 D SystemServerTiming: OnBootPhase_550_com.android.server.graphics.fonts.FontManagerService$Lifecycle
04-15 18:43:12.523 534 534 V SystemServerTiming: OnBootPhase_550_com.android.server.graphics.fonts.FontManagerService$Lifecycle took to complete: 0ms
04-15 18:43:12.523 534 534 D SystemServerTiming: OnBootPhase_550_com.android.server.textservices.TextServicesManagerService$Lifecycle
04-15 18:43:12.523 534 534 V SystemServerTiming: OnBootPhase_550_com.android.server.textservices.TextServicesManagerService$Lifecycle took to complete: 0ms
04-15 18:43:12.523 534 534 D SystemServerTiming: OnBootPhase_550_com.android.server.textclassifier.TextClassificationManagerService$Lifecycle
04-15 18:43:12.523 534 534 V SystemServerTiming: OnBootPhase_550_com.android.server.textclassifier.TextClassificationManagerService$Lifecycle took to complete: 0ms
04-15 18:43:12.529 534 534 D SystemServerTiming: OnBootPhase_550_com.android.server.NetworkScoreService$Lifecycle
04-15 18:43:12.530 534 534 V SystemServerTiming: OnBootPhase_550_com.android.server.NetworkScoreService$Lifecycle took to complete: 0ms
04-15 18:43:12.530 534 534 D SystemServerTiming: OnBootPhase_550_com.android.server.NetworkStatsServiceInitializer
04-15 18:43:12.569 340 340 I GoldfishComponentStore: in init
04-15 18:43:12.576 340 340 I GoldfishComponentStore: loading dll of path libcodec2_goldfish_avcdec.so
04-15 18:43:12.676 534 806 I WifiClientModeImpl[168591:wlan0]: disconnectedstate enter
04-15 18:43:12.677 534 806 W WifiConnectivityManager: mConnectedSingleSavedNetworkSingleScanScheduleSec is not configured! Using default scan schedule
04-15 18:43:12.678 534 806 W WifiConnectivityManager: mConnectedSingleSavedNetworkSingleScanType is not configured! Using default scan types
04-15 18:43:12.708 534 534 I NetworkStats: Starting import : attempts 0/1
04-15 18:43:12.716 534 534 I NetworkStats: Importing platform collection for prefix dev
04-15 18:43:12.719 534 534 I NetworkStats: Successfully read platform collection spanning from +292278994-08-17T07:12:55.807Z to -292275055-05-16T16:47:04.192Z
04-15 18:43:12.719 534 534 I NetworkStats: Importing platform collection for prefix xt
04-15 18:43:12.721 534 806 D WifiConfigStore: Writing to stores completed in 19 ms.
04-15 18:43:12.724 534 534 I NetworkStats: Successfully read platform collection spanning from +292278994-08-17T07:12:55.807Z to -292275055-05-16T16:47:04.192Z
04-15 18:43:12.725 534 534 I NetworkStats: Importing platform collection for prefix uid
04-15 18:43:12.726 534 534 I NetworkStats: Successfully read platform collection spanning from +292278994-08-17T07:12:55.807Z to -292275055-05-16T16:47:04.192Z
04-15 18:43:12.727 534 534 I NetworkStats: Importing platform collection for prefix uid_tag
04-15 18:43:12.732 534 534 I NetworkStats: Successfully read platform collection spanning from +292278994-08-17T07:12:55.807Z to -292275055-05-16T16:47:04.192Z
04-15 18:43:12.733 534 534 I NetworkStats: Rewriting data with imported collections with cutoff -292275055-05-16T16:47:04.192Z
04-15 18:43:12.752 534 806 D WifiConfigStore: Writing to stores completed in 23 ms.
04-15 18:43:12.756 534 534 I NetworkStats: Successfully imported platform collections
04-15 18:43:12.758 340 340 I GoldfishComponentStore: Create()
04-15 18:43:12.769 534 806 D WifiConfigStore: Writing to stores completed in 13 ms.
04-15 18:43:12.777 534 534 W BestClock: java.time.DateTimeException: Missing network time fix
04-15 18:43:12.795 327 327 I netd : interfaceGetCfg(wlan0) -> {InterfaceConfigurationParcel{ifName: wlan0, hwAddr: 02:15:b2:00:00:00, ipv4Addr: 0.0.0.0, prefixLength: 0, flags: [up, broadcast, multicast]}} <15.42ms>
04-15 18:43:12.806 340 340 I GoldfishComponentStore: created interface
04-15 18:43:12.809 340 340 I GoldfishComponentStore: in ~ComponentModule
04-15 18:43:12.809 340 340 I GoldfishComponentStore: unloading dll
04-15 18:43:12.810 340 340 I GoldfishComponentStore: in init
04-15 18:43:12.810 340 340 I GoldfishComponentStore: loading dll of path libcodec2_goldfish_hevcdec.so
04-15 18:43:12.833 327 327 I netd : tetherGetStats() -> {[]} <14.67ms>
04-15 18:43:12.837 340 340 I GoldfishComponentStore: Create()
04-15 18:43:12.846 534 534 I TetheringManager: registerTetheringEventCallback caller:android
04-15 18:43:12.851 327 327 I netd : registerUnsolicitedEventListener(interface:0x7edad57a22a0) <0.53ms>
04-15 18:43:12.854 340 340 I GoldfishComponentStore: created interface
04-15 18:43:12.855 340 340 I GoldfishComponentStore: in ~ComponentModule
04-15 18:43:12.855 340 340 I GoldfishComponentStore: unloading dll
04-15 18:43:12.855 340 340 I GoldfishComponentStore: in init
04-15 18:43:12.855 340 340 I GoldfishComponentStore: loading dll of path libcodec2_goldfish_vp8dec.so
04-15 18:43:12.876 340 340 I GoldfishComponentStore: Create()
04-15 18:43:12.878 340 340 I C2GoldfishVpxDec: platform store is 0x772526956208, reflector is 0x7726f6950598
04-15 18:43:12.886 340 340 I GoldfishComponentStore: created interface
04-15 18:43:12.887 340 340 I GoldfishComponentStore: in ~ComponentModule
04-15 18:43:12.887 340 340 I GoldfishComponentStore: unloading dll
04-15 18:43:12.887 340 340 I GoldfishComponentStore: in init
04-15 18:43:12.887 340 340 I GoldfishComponentStore: loading dll of path libcodec2_goldfish_vp9dec.so
04-15 18:43:12.894 327 327 I netd : bandwidthSetGlobalAlert(2097152) <26.58ms>
04-15 18:43:12.895 534 534 W SystemServiceManager: Service com.android.server.NetworkStatsServiceInitializer took 365 ms in onBootPhase
04-15 18:43:12.896 534 534 V SystemServerTiming: OnBootPhase_550_com.android.server.NetworkStatsServiceInitializer took to complete: 365ms
04-15 18:43:12.897 534 534 D SystemServerTiming: OnBootPhase_550_com.android.server.wifi.WifiService
04-15 18:43:12.897 534 534 V SystemServerTiming: OnBootPhase_550_com.android.server.wifi.WifiService took to complete: 0ms
04-15 18:43:12.897 534 534 D SystemServerTiming: OnBootPhase_550_com.android.server.wifi.scanner.WifiScanningService
04-15 18:43:12.897 534 534 V SystemServerTiming: OnBootPhase_550_com.android.server.wifi.scanner.WifiScanningService took to complete: 0ms
04-15 18:43:12.897 534 534 D SystemServerTiming: OnBootPhase_550_com.android.server.wifi.p2p.WifiP2pService
04-15 18:43:12.897 534 534 V SystemServerTiming: OnBootPhase_550_com.android.server.wifi.p2p.WifiP2pService took to complete: 0ms
04-15 18:43:12.897 534 534 D SystemServerTiming: OnBootPhase_550_com.android.server.ConnectivityServiceInitializer
04-15 18:43:12.897 534 534 V SystemServerTiming: OnBootPhase_550_com.android.server.ConnectivityServiceInitializer took to complete: 0ms
04-15 18:43:12.897 534 534 D SystemServerTiming: OnBootPhase_550_com.android.server.notification.NotificationManagerService
04-15 18:43:12.897 534 534 V SystemServerTiming: OnBootPhase_550_com.android.server.notification.NotificationManagerService took to complete: 0ms
04-15 18:43:12.898 534 534 D SystemServerTiming: OnBootPhase_550_com.android.server.storage.DeviceStorageMonitorService
04-15 18:43:12.898 534 534 V SystemServerTiming: OnBootPhase_550_com.android.server.storage.DeviceStorageMonitorService took to complete: 0ms
04-15 18:43:12.898 534 534 D SystemServerTiming: OnBootPhase_550_com.android.server.timedetector.TimeDetectorService$Lifecycle
04-15 18:43:12.898 534 534 V SystemServerTiming: OnBootPhase_550_com.android.server.timedetector.TimeDetectorService$Lifecycle took to complete: 0ms
04-15 18:43:12.898 534 534 D SystemServerTiming: OnBootPhase_550_com.android.server.location.LocationManagerService$Lifecycle
04-15 18:43:12.898 534 534 V SystemServerTiming: OnBootPhase_550_com.android.server.location.LocationManagerService$Lifecycle took to complete: 0ms
04-15 18:43:12.898 534 534 D SystemServerTiming: OnBootPhase_550_com.android.server.timezonedetector.TimeZoneDetectorService$Lifecycle
04-15 18:43:12.898 534 534 V SystemServerTiming: OnBootPhase_550_com.android.server.timezonedetector.TimeZoneDetectorService$Lifecycle took to complete: 0ms
04-15 18:43:12.898 534 534 D SystemServerTiming: OnBootPhase_550_com.android.server.location.altitude.AltitudeService$Lifecycle
04-15 18:43:12.898 534 534 V SystemServerTiming: OnBootPhase_550_com.android.server.location.altitude.AltitudeService$Lifecycle took to complete: 0ms
04-15 18:43:12.898 534 534 D SystemServerTiming: OnBootPhase_550_com.android.server.timezonedetector.location.LocationTimeZoneManagerService$Lifecycle
04-15 18:43:12.899 534 534 V SystemServerTiming: OnBootPhase_550_com.android.server.timezonedetector.location.LocationTimeZoneManagerService$Lifecycle took to complete: 0ms
04-15 18:43:12.899 534 534 D SystemServerTiming: OnBootPhase_550_com.android.server.search.SearchManagerService$Lifecycle
04-15 18:43:12.899 534 534 V SystemServerTiming: OnBootPhase_550_com.android.server.search.SearchManagerService$Lifecycle took to complete: 0ms
04-15 18:43:12.899 534 534 D SystemServerTiming: OnBootPhase_550_com.android.server.wallpaper.WallpaperManagerService$Lifecycle
04-15 18:43:12.907 534 534 V WallpaperManagerService: bindWallpaperComponentLocked: componentName=ComponentInfo{com.android.systemui/com.android.systemui.wallpapers.ImageWallpaper}
04-15 18:43:12.909 534 534 D WallpaperManagerService: WPMS.bindWallpaperComponentLocked-ComponentInfo{com.android.systemui/com.android.systemui.wallpapers.ImageWallpaper}
04-15 18:43:12.914 340 340 I GoldfishComponentStore: Create()
04-15 18:43:12.914 340 340 I C2GoldfishVpxDec: platform store is 0x772526958e08, reflector is 0x7726f694f098
04-15 18:43:12.930 340 340 I GoldfishComponentStore: created interface
04-15 18:43:12.930 340 340 I GoldfishComponentStore: in ~ComponentModule
04-15 18:43:12.930 340 340 I GoldfishComponentStore: unloading dll
04-15 18:43:12.941 534 534 D CompatibilityChangeReporter: Compat change id reported: 135634846; UID 10118; state: DISABLED
04-15 18:43:12.942 534 534 D CompatibilityChangeReporter: Compat change id reported: 177438394; UID 10118; state: DISABLED
04-15 18:43:12.945 534 534 D CompatibilityChangeReporter: Compat change id reported: 135772972; UID 10118; state: DISABLED
04-15 18:43:12.946 534 534 D CompatibilityChangeReporter: Compat change id reported: 135754954; UID 10118; state: ENABLED
04-15 18:43:12.953 534 568 D CompatibilityChangeReporter: Compat change id reported: 143937733; UID 10118; state: ENABLED
04-15 18:43:12.955 534 568 W ActivityManager: com.android.systemui inode == 0 (b/152760674)
04-15 18:43:12.976 534 534 V WallpaperManagerService: WPMS.bindWallpaperComponentLocked-ComponentInfo{com.android.systemui/com.android.systemui.wallpapers.ImageWallpaper} took to complete: 67ms
04-15 18:43:12.978 534 534 I WallpaperDataParser: No static wallpaper imagery; defaults will be shown
04-15 18:43:12.979 534 534 W WallpaperDataParser: no current wallpaper -- first boot?
04-15 18:43:12.989 534 534 W SystemServiceManager: Service com.android.server.wallpaper.WallpaperManagerService$Lifecycle took 90 ms in onBootPhase
04-15 18:43:12.990 534 534 V SystemServerTiming: OnBootPhase_550_com.android.server.wallpaper.WallpaperManagerService$Lifecycle took to complete: 90ms
04-15 18:43:12.990 534 534 D SystemServerTiming: OnBootPhase_550_com.android.server.wallpapereffectsgeneration.WallpaperEffectsGenerationManagerService
04-15 18:43:12.990 534 534 V SystemServerTiming: OnBootPhase_550_com.android.server.wallpapereffectsgeneration.WallpaperEffectsGenerationManagerService took to complete: 0ms
04-15 18:43:12.990 534 534 D SystemServerTiming: OnBootPhase_550_com.android.server.audio.AudioService$Lifecycle
04-15 18:43:13.004 534 534 V SystemServerTiming: OnBootPhase_550_com.android.server.audio.AudioService$Lifecycle took to complete: 14ms
04-15 18:43:13.004 534 534 D SystemServerTiming: OnBootPhase_550_com.android.server.soundtrigger_middleware.SoundTriggerMiddlewareService$Lifecycle
04-15 18:43:13.004 534 534 V SystemServerTiming: OnBootPhase_550_com.android.server.soundtrigger_middleware.SoundTriggerMiddlewareService$Lifecycle took to complete: 0ms
04-15 18:43:13.004 534 534 D SystemServerTiming: OnBootPhase_550_com.android.server.DockObserver
04-15 18:43:13.005 534 534 V SystemServerTiming: OnBootPhase_550_com.android.server.DockObserver took to complete: 1ms
04-15 18:43:13.005 534 534 D SystemServerTiming: OnBootPhase_550_com.android.server.midi.MidiService$Lifecycle
04-15 18:43:13.005 534 534 V SystemServerTiming: OnBootPhase_550_com.android.server.midi.MidiService$Lifecycle took to complete: 0ms
04-15 18:43:13.005 534 534 D SystemServerTiming: OnBootPhase_550_com.android.server.adb.AdbService$Lifecycle
04-15 18:43:13.010 328 328 I Zygote : Entering forkRepeatedly native zygote loop
04-15 18:43:13.020 534 534 V SystemServerTiming: OnBootPhase_550_com.android.server.adb.AdbService$Lifecycle took to complete: 12ms
04-15 18:43:13.021 534 534 D SystemServerTiming: OnBootPhase_550_com.android.server.usb.UsbService$Lifecycle
04-15 18:43:13.021 534 534 V SystemServerTiming: OnBootPhase_550_com.android.server.usb.UsbService$Lifecycle took to complete: 0ms
04-15 18:43:13.021 534 534 D SystemServerTiming: OnBootPhase_550_com.android.server.twilight.TwilightService
04-15 18:43:13.021 534 534 V SystemServerTiming: OnBootPhase_550_com.android.server.twilight.TwilightService took to complete: 0ms
04-15 18:43:13.021 534 534 D SystemServerTiming: OnBootPhase_550_com.android.server.display.color.ColorDisplayService
04-15 18:43:13.021 534 534 V SystemServerTiming: OnBootPhase_550_com.android.server.display.color.ColorDisplayService took to complete: 0ms
04-15 18:43:13.021 534 534 D SystemServerTiming: OnBootPhase_550_com.android.server.job.JobSchedulerService
04-15 18:43:13.022 534 534 V SystemServerTiming: OnBootPhase_550_com.android.server.job.JobSchedulerService took to complete: 0ms
04-15 18:43:13.022 534 534 D SystemServerTiming: OnBootPhase_550_com.android.server.soundtrigger.SoundTriggerService
04-15 18:43:13.022 534 534 D SoundTriggerService: onBootPhase: 550 : false
04-15 18:43:13.029 534 564 D SystemServerTimingAsync: InitThreadPoolExec:UsbService$Lifecycle#onBootPhase
04-15 18:43:13.029 534 564 D SystemServerInitThreadPool: Started executing UsbService$Lifecycle#onBootPhase
04-15 18:43:13.042 534 868 I UsbPortManager: all: opID:1 successful
04-15 18:43:13.051 328 328 D Zygote : Forked child process 891
04-15 18:43:13.076 534 564 D SystemServerInitThreadPool: Finished executing UsbService$Lifecycle#onBootPhase
04-15 18:43:13.076 534 564 V SystemServerTimingAsync: InitThreadPoolExec:UsbService$Lifecycle#onBootPhase took to complete: 47ms
04-15 18:43:13.077 534 534 V SystemServerTiming: OnBootPhase_550_com.android.server.soundtrigger.SoundTriggerService took to complete: 22ms
04-15 18:43:13.077 534 534 D SystemServerTiming: OnBootPhase_550_com.android.server.trust.TrustManagerService
04-15 18:43:13.077 534 534 V SystemServerTiming: OnBootPhase_550_com.android.server.trust.TrustManagerService took to complete: 0ms
04-15 18:43:13.077 534 534 D SystemServerTiming: OnBootPhase_550_com.android.server.backup.BackupManagerService$Lifecycle
04-15 18:43:13.077 534 534 V SystemServerTiming: OnBootPhase_550_com.android.server.backup.BackupManagerService$Lifecycle took to complete: 0ms
04-15 18:43:13.077 534 534 D SystemServerTiming: OnBootPhase_550_com.android.server.appwidget.AppWidgetService
04-15 18:43:13.077 534 534 V SystemServerTiming: OnBootPhase_550_com.android.server.appwidget.AppWidgetService took to complete: 0ms
04-15 18:43:13.077 534 534 D SystemServerTiming: OnBootPhase_550_com.android.server.voiceinteraction.VoiceInteractionManagerService
04-15 18:43:13.078 534 534 V SystemServerTiming: OnBootPhase_550_com.android.server.voiceinteraction.VoiceInteractionManagerService took to complete: 0ms
04-15 18:43:13.078 534 534 D SystemServerTiming: OnBootPhase_550_com.android.server.GestureLauncherService
04-15 18:43:13.078 534 534 V SystemServerTiming: OnBootPhase_550_com.android.server.GestureLauncherService took to complete: 0ms
04-15 18:43:13.078 534 534 D SystemServerTiming: OnBootPhase_550_com.android.server.SensorNotificationService
04-15 18:43:13.078 534 534 V SystemServerTiming: OnBootPhase_550_com.android.server.SensorNotificationService took to complete: 0ms
04-15 18:43:13.078 534 534 D SystemServerTiming: OnBootPhase_550_com.android.server.emergency.EmergencyAffordanceService
04-15 18:43:13.078 534 534 V SystemServerTiming: OnBootPhase_550_com.android.server.emergency.EmergencyAffordanceService took to complete: 0ms
04-15 18:43:13.078 534 534 D SystemServerTiming: OnBootPhase_550_com.android.server.blob.BlobStoreManagerService
04-15 18:43:13.084 534 826 D BluetoothHeadset: Binding service...
04-15 18:43:13.084 534 826 D BluetoothManagerService: Trying to bind to profile: 1, while Bluetooth was disabled
04-15 18:43:13.087 534 826 D BluetoothA2dp: Binding service...
04-15 18:43:13.087 534 826 D BluetoothManagerService: Trying to bind to profile: 2, while Bluetooth was disabled
04-15 18:43:13.087 534 826 D BluetoothHearingAid: Binding service...
04-15 18:43:13.087 534 826 D BluetoothManagerService: Trying to bind to profile: 21, while Bluetooth was disabled
04-15 18:43:13.096 534 826 D BluetoothLeAudio: Binding service...
04-15 18:43:13.096 534 826 D BluetoothManagerService: Trying to bind to profile: 22, while Bluetooth was disabled
04-15 18:43:13.097 534 827 W BroadcastLoopers: Found previously unknown looper Thread[AudioDeviceBroker,5,main]
04-15 18:43:13.100 534 568 W ActivityManager: Slow operation: 136ms so far, now at startProcess: returned from zygote!
04-15 18:43:13.102 534 568 W ActivityManager: Slow operation: 166ms so far, now at startProcess: done updating battery stats
04-15 18:43:13.103 534 568 W ActivityManager: Slow operation: 167ms so far, now at startProcess: building log message
04-15 18:43:13.118 376 608 I AudioFlinger: systemReady
04-15 18:43:13.143 534 568 I ActivityManager: Start proc 891:com.android.systemui/u0a118 for service {com.android.systemui/com.android.systemui.wallpapers.ImageWallpaper}
04-15 18:43:13.145 534 568 W ActivityManager: Slow operation: 209ms so far, now at startProcess: starting to update pids map
04-15 18:43:13.146 534 568 W ActivityManager: Slow operation: 210ms so far, now at startProcess: done updating pids map
04-15 18:43:13.154 534 534 W SystemServiceManager: Service com.android.server.blob.BlobStoreManagerService took 76 ms in onBootPhase
04-15 18:43:13.155 534 534 V SystemServerTiming: OnBootPhase_550_com.android.server.blob.BlobStoreManagerService took to complete: 77ms
04-15 18:43:13.159 534 534 D SystemServerTiming: OnBootPhase_550_com.android.server.dreams.DreamManagerService
04-15 18:43:13.160 534 534 V SystemServerTiming: OnBootPhase_550_com.android.server.dreams.DreamManagerService took to complete: 0ms
04-15 18:43:13.161 534 534 D SystemServerTiming: OnBootPhase_550_com.android.server.print.PrintManagerService
04-15 18:43:13.161 534 534 V SystemServerTiming: OnBootPhase_550_com.android.server.print.PrintManagerService took to complete: 0ms
04-15 18:43:13.161 534 534 D SystemServerTiming: OnBootPhase_550_com.android.server.security.AttestationVerificationManagerService
04-15 18:43:13.161 534 534 V SystemServerTiming: OnBootPhase_550_com.android.server.security.AttestationVerificationManagerService took to complete: 0ms
04-15 18:43:13.162 534 534 D SystemServerTiming: OnBootPhase_550_com.android.server.companion.CompanionDeviceManagerService
04-15 18:43:13.162 534 534 V SystemServerTiming: OnBootPhase_550_com.android.server.companion.CompanionDeviceManagerService took to complete: 0ms
04-15 18:43:13.162 534 534 D SystemServerTiming: OnBootPhase_550_com.android.server.companion.virtual.VirtualDeviceManagerService
04-15 18:43:13.168 534 534 V SystemServerTiming: OnBootPhase_550_com.android.server.companion.virtual.VirtualDeviceManagerService took to complete: 0ms
04-15 18:43:13.168 534 534 D SystemServerTiming: OnBootPhase_550_com.android.server.restrictions.RestrictionsManagerService
04-15 18:43:13.168 534 534 V SystemServerTiming: OnBootPhase_550_com.android.server.restrictions.RestrictionsManagerService took to complete: 0ms
04-15 18:43:13.168 534 534 D SystemServerTiming: OnBootPhase_550_com.android.server.media.MediaSessionService
04-15 18:43:13.171 534 534 V SystemServerTiming: OnBootPhase_550_com.android.server.media.MediaSessionService took to complete: 3ms
04-15 18:43:13.176 534 534 D SystemServerTiming: OnBootPhase_550_com.android.server.media.MediaResourceMonitorService
04-15 18:43:13.176 534 534 V SystemServerTiming: OnBootPhase_550_com.android.server.media.MediaResourceMonitorService took to complete: 0ms
04-15 18:43:13.176 534 534 D SystemServerTiming: OnBootPhase_550_com.android.server.biometrics.sensors.face.FaceService
04-15 18:43:13.176 534 534 V SystemServerTiming: OnBootPhase_550_com.android.server.biometrics.sensors.face.FaceService took to complete: 0ms
04-15 18:43:13.177 534 534 D SystemServerTiming: OnBootPhase_550_com.android.server.biometrics.sensors.fingerprint.FingerprintService
04-15 18:43:13.177 534 534 V SystemServerTiming: OnBootPhase_550_com.android.server.biometrics.sensors.fingerprint.FingerprintService took to complete: 0ms
04-15 18:43:13.177 534 534 D SystemServerTiming: OnBootPhase_550_com.android.server.biometrics.BiometricService
04-15 18:43:13.177 534 534 V SystemServerTiming: OnBootPhase_550_com.android.server.biometrics.BiometricService took to complete: 0ms
04-15 18:43:13.177 534 534 D SystemServerTiming: OnBootPhase_550_com.android.server.biometrics.AuthService
04-15 18:43:13.177 534 534 V SystemServerTiming: OnBootPhase_550_com.android.server.biometrics.AuthService took to complete: 0ms
04-15 18:43:13.177 534 534 D SystemServerTiming: OnBootPhase_550_com.android.server.pm.ShortcutService$Lifecycle
04-15 18:43:13.177 534 534 V SystemServerTiming: OnBootPhase_550_com.android.server.pm.ShortcutService$Lifecycle took to complete: 0ms
04-15 18:43:13.177 534 534 D SystemServerTiming: OnBootPhase_550_com.android.server.pm.LauncherAppsService
04-15 18:43:13.177 534 534 V SystemServerTiming: OnBootPhase_550_com.android.server.pm.LauncherAppsService took to complete: 0ms
04-15 18:43:13.177 534 534 D SystemServerTiming: OnBootPhase_550_com.android.server.pm.CrossProfileAppsService
04-15 18:43:13.178 534 534 V SystemServerTiming: OnBootPhase_550_com.android.server.pm.CrossProfileAppsService took to complete: 0ms
04-15 18:43:13.178 534 534 D SystemServerTiming: OnBootPhase_550_com.android.server.people.PeopleService
04-15 18:43:13.178 534 534 V SystemServerTiming: OnBootPhase_550_com.android.server.people.PeopleService took to complete: 0ms
04-15 18:43:13.178 534 534 D SystemServerTiming: OnBootPhase_550_com.android.server.media.metrics.MediaMetricsManagerService
04-15 18:43:13.178 534 534 V SystemServerTiming: OnBootPhase_550_com.android.server.media.metrics.MediaMetricsManagerService took to complete: 0ms
04-15 18:43:13.178 534 534 D SystemServerTiming: OnBootPhase_550_com.android.server.pm.BackgroundInstallControlService
04-15 18:43:13.178 534 534 V SystemServerTiming: OnBootPhase_550_com.android.server.pm.BackgroundInstallControlService took to complete: 0ms
04-15 18:43:13.178 534 534 D SystemServerTiming: OnBootPhase_550_com.android.server.media.projection.MediaProjectionManagerService
04-15 18:43:13.178 534 534 V SystemServerTiming: OnBootPhase_550_com.android.server.media.projection.MediaProjectionManagerService took to complete: 0ms
04-15 18:43:13.178 534 534 D SystemServerTiming: OnBootPhase_550_com.android.server.slice.SliceManagerService$Lifecycle
04-15 18:43:13.178 534 534 V SystemServerTiming: OnBootPhase_550_com.android.server.slice.SliceManagerService$Lifecycle took to complete: 0ms
04-15 18:43:13.179 534 534 D SystemServerTiming: OnBootPhase_550_com.android.server.stats.StatsCompanion$Lifecycle
04-15 18:43:13.179 534 534 V SystemServerTiming: OnBootPhase_550_com.android.server.stats.StatsCompanion$Lifecycle took to complete: 0ms
04-15 18:43:13.179 534 534 D SystemServerTiming: OnBootPhase_550_com.android.server.scheduling.RebootReadinessManagerService$Lifecycle
04-15 18:43:13.179 534 534 V SystemServerTiming: OnBootPhase_550_com.android.server.scheduling.RebootReadinessManagerService$Lifecycle took to complete: 0ms
04-15 18:43:13.179 534 534 D SystemServerTiming: OnBootPhase_550_com.android.server.stats.pull.StatsPullAtomService
04-15 18:43:13.179 534 534 V SystemServerTiming: OnBootPhase_550_com.android.server.stats.pull.StatsPullAtomService took to complete: 0ms
04-15 18:43:13.179 534 534 D SystemServerTiming: OnBootPhase_550_com.android.server.stats.bootstrap.StatsBootstrapAtomService$Lifecycle
04-15 18:43:13.179 534 534 V SystemServerTiming: OnBootPhase_550_com.android.server.stats.bootstrap.StatsBootstrapAtomService$Lifecycle took to complete: 0ms
04-15 18:43:13.179 534 534 D SystemServerTiming: OnBootPhase_550_com.android.server.incident.IncidentCompanionService
04-15 18:43:13.179 534 534 V SystemServerTiming: OnBootPhase_550_com.android.server.incident.IncidentCompanionService took to complete: 0ms
04-15 18:43:13.179 534 534 D SystemServerTiming: OnBootPhase_550_com.android.server.sdksandbox.SdkSandboxManagerService$Lifecycle
04-15 18:43:13.184 534 534 V SystemServerTiming: OnBootPhase_550_com.android.server.sdksandbox.SdkSandboxManagerService$Lifecycle took to complete: 0ms
04-15 18:43:13.184 534 534 D SystemServerTiming: OnBootPhase_550_com.android.server.adservices.AdServicesManagerService$Lifecycle
04-15 18:43:13.184 534 534 V SystemServerTiming: OnBootPhase_550_com.android.server.adservices.AdServicesManagerService$Lifecycle took to complete: 0ms
04-15 18:43:13.184 534 534 D SystemServerTiming: OnBootPhase_550_com.android.server.ondevicepersonalization.OnDevicePersonalizationSystemService$Lifecycle
04-15 18:43:13.184 534 534 V SystemServerTiming: OnBootPhase_550_com.android.server.ondevicepersonalization.OnDevicePersonalizationSystemService$Lifecycle took to complete: 0ms
04-15 18:43:13.184 534 534 D SystemServerTiming: OnBootPhase_550_com.android.server.MmsServiceBroker
04-15 18:43:13.184 534 534 V SystemServerTiming: OnBootPhase_550_com.android.server.MmsServiceBroker took to complete: 0ms
04-15 18:43:13.184 534 534 D SystemServerTiming: OnBootPhase_550_com.android.server.autofill.AutofillManagerService
04-15 18:43:13.184 534 534 V SystemServerTiming: OnBootPhase_550_com.android.server.autofill.AutofillManagerService took to complete: 0ms
04-15 18:43:13.184 534 534 D SystemServerTiming: OnBootPhase_550_com.android.server.credentials.CredentialManagerService
04-15 18:43:13.185 534 534 V SystemServerTiming: OnBootPhase_550_com.android.server.credentials.CredentialManagerService took to complete: 0ms
04-15 18:43:13.185 534 534 D SystemServerTiming: OnBootPhase_550_com.android.server.selectiontoolbar.SelectionToolbarManagerService
04-15 18:43:13.188 534 534 V SystemServerTiming: OnBootPhase_550_com.android.server.selectiontoolbar.SelectionToolbarManagerService took to complete: 0ms
04-15 18:43:13.188 534 534 D SystemServerTiming: OnBootPhase_550_com.android.server.clipboard.ClipboardService
04-15 18:43:13.188 534 534 V SystemServerTiming: OnBootPhase_550_com.android.server.clipboard.ClipboardService took to complete: 0ms
04-15 18:43:13.188 534 534 D SystemServerTiming: OnBootPhase_550_com.android.server.appbinding.AppBindingService$Lifecycle
04-15 18:43:13.190 534 534 I AppBindingService: Updating constants with: null
04-15 18:43:13.190 534 534 V SystemServerTiming: OnBootPhase_550_com.android.server.appbinding.AppBindingService$Lifecycle took to complete: 2ms
04-15 18:43:13.190 534 534 D SystemServerTiming: OnBootPhase_550_com.android.server.tracing.TracingServiceProxy
04-15 18:43:13.190 534 534 V SystemServerTiming: OnBootPhase_550_com.android.server.tracing.TracingServiceProxy took to complete: 0ms
04-15 18:43:13.190 534 534 D SystemServerTiming: OnBootPhase_550_com.android.server.policy.PermissionPolicyService
04-15 18:43:13.190 534 534 D SystemServerTiming: Permission_grant_default_permissions-0
04-15 18:43:13.200 534 534 D SystemServerTiming: Permission_callback_waiting-0
04-15 18:43:13.230 534 869 D CompatibilityChangeReporter: Compat change id reported: 135634846; UID 10120; state: DISABLED
04-15 18:43:13.231 534 869 D CompatibilityChangeReporter: Compat change id reported: 177438394; UID 10120; state: DISABLED
04-15 18:43:13.236 534 869 D CompatibilityChangeReporter: Compat change id reported: 135772972; UID 10120; state: DISABLED
04-15 18:43:13.237 534 869 D CompatibilityChangeReporter: Compat change id reported: 135754954; UID 10120; state: ENABLED
04-15 18:43:13.241 534 568 D CompatibilityChangeReporter: Compat change id reported: 143937733; UID 10120; state: ENABLED
04-15 18:43:13.241 534 568 W ActivityManager: com.android.permissioncontroller inode == 0 (b/152760674)
04-15 18:43:13.273 328 328 D Zygote : Forked child process 892
04-15 18:43:13.282 534 568 W ActivityManager: Slow operation: 52ms so far, now at startProcess: returned from zygote!
04-15 18:43:13.285 891 891 I ndroid.systemui: Using CollectorTypeCC GC.
04-15 18:43:13.296 534 568 W ActivityManager: Slow operation: 67ms so far, now at startProcess: done updating battery stats
04-15 18:43:13.297 534 568 W ActivityManager: Slow operation: 68ms so far, now at startProcess: building log message
04-15 18:43:13.297 534 568 I ActivityManager: Start proc 892:com.android.permissioncontroller/u0a120 for service {com.android.permissioncontroller/com.android.permissioncontroller.permission.service.PermissionControllerServiceImpl}
04-15 18:43:13.297 534 568 W ActivityManager: Slow operation: 68ms so far, now at startProcess: starting to update pids map
04-15 18:43:13.297 534 568 W ActivityManager: Slow operation: 68ms so far, now at startProcess: done updating pids map
04-15 18:43:13.342 891 891 W ndroid.systemui: Unexpected CPU variant for x86: x86_64.
04-15 18:43:13.342 891 891 W ndroid.systemui: Known variants: atom, sandybridge, silvermont, goldmont, goldmont-plus, tremont, kabylake, default
04-15 18:43:13.363 892 892 I ssioncontroller: Using CollectorTypeCC GC.
04-15 18:43:13.371 892 892 W ssioncontroller: Unexpected CPU variant for x86: x86_64.
04-15 18:43:13.371 892 892 W ssioncontroller: Known variants: atom, sandybridge, silvermont, goldmont, goldmont-plus, tremont, kabylake, default
04-15 18:43:13.380 891 891 E ndroid.systemui: Not starting debugger since process cannot load the jdwp agent.
04-15 18:43:13.394 892 892 E ssioncontroller: Not starting debugger since process cannot load the jdwp agent.
04-15 18:43:13.537 534 558 W WindowManager: Keyguard drawn timeout. Setting mKeyguardDrawComplete
04-15 18:43:13.678 534 868 D GameManagerService: User ID '0' does not have a Game Mode selected for package: 'com.android.systemui'
04-15 18:43:13.679 534 868 D CompatibilityChangeReporter: Compat change id reported: 168419799; UID 10118; state: DISABLED
04-15 18:43:13.679 534 868 D CompatibilityChangeReporter: Compat change id reported: 273564678; UID 10118; state: DISABLED
04-15 18:43:13.687 534 868 W ActivityManager: Slow operation: 64ms so far, now at attachApplicationLocked: immediately before bindApplication
04-15 18:43:13.726 534 868 W ActivityManager: Slow operation: 102ms so far, now at attachApplicationLocked: immediately after bindApplication
04-15 18:43:13.726 534 868 W ActivityManager: Slow operation: 103ms so far, now at attachApplicationLocked: after updateLruProcessLocked
04-15 18:43:13.757 534 877 D GameManagerService: User ID '0' does not have a Game Mode selected for package: 'com.android.permissioncontroller'
04-15 18:43:13.757 534 877 D CompatibilityChangeReporter: Compat change id reported: 168419799; UID 10120; state: DISABLED
04-15 18:43:13.758 534 877 D CompatibilityChangeReporter: Compat change id reported: 273564678; UID 10120; state: DISABLED
04-15 18:43:13.763 891 891 D CompatibilityChangeReporter: Compat change id reported: 171979766; UID 10118; state: ENABLED
04-15 18:43:13.780 891 891 D CompatibilityChangeReporter: Compat change id reported: 242716250; UID 10118; state: ENABLED
04-15 18:43:13.799 534 619 D CompatibilityChangeReporter: Compat change id reported: 265195908; UID 10118; state: ENABLED
04-15 18:43:13.816 892 892 D CompatibilityChangeReporter: Compat change id reported: 171979766; UID 10120; state: ENABLED
04-15 18:43:13.817 892 892 D CompatibilityChangeReporter: Compat change id reported: 242716250; UID 10120; state: ENABLED
04-15 18:43:13.827 534 619 D CompatibilityChangeReporter: Compat change id reported: 265195908; UID 10120; state: ENABLED
04-15 18:43:13.846 534 868 D CompatibilityChangeReporter: Compat change id reported: 170503758; UID 10118; state: ENABLED
04-15 18:43:13.855 891 891 D CompatibilityChangeReporter: Compat change id reported: 3400644; UID 10118; state: ENABLED
04-15 18:43:13.870 891 891 D ApplicationLoaders: Returning zygote-cached class loader: /system_ext/framework/androidx.window.extensions.jar
04-15 18:43:13.870 891 891 D ApplicationLoaders: Returning zygote-cached class loader: /system_ext/framework/androidx.window.sidecar.jar
04-15 18:43:13.873 534 868 D CompatibilityChangeReporter: Compat change id reported: 170503758; UID 10120; state: ENABLED
04-15 18:43:13.877 892 892 D CompatibilityChangeReporter: Compat change id reported: 3400644; UID 10120; state: ENABLED
04-15 18:43:13.885 892 892 D ApplicationLoaders: Returning zygote-cached class loader: /system_ext/framework/androidx.window.extensions.jar
04-15 18:43:13.886 892 892 D ApplicationLoaders: Returning zygote-cached class loader: /system_ext/framework/androidx.window.sidecar.jar
04-15 18:43:13.943 450 450 I mediaswcodec: missing struct descriptor #Param::CoreIndex(--001) for field red of struct #Param::CoreIndex(--002)
04-15 18:43:13.957 891 891 D nativeloader: Configuring clns-shared-6 for other apk /system_ext/priv-app/SystemUI/SystemUI.apk. target_sdk_version=34, uses_libraries=, library_path=/system_ext/priv-app/SystemUI/lib/x86_64:/system/lib64:/system_ext/lib64, permitted_path=/data:/mnt/expand:/data/user_de/0/com.android.systemui:/system_ext/priv-app/SystemUI:/system/lib64:/system_ext/lib64
04-15 18:43:13.959 450 450 I mediaswcodec: missing struct descriptor #Param::CoreIndex(--001) for field green of struct #Param::CoreIndex(--002)
04-15 18:43:13.959 450 450 I mediaswcodec: missing struct descriptor #Param::CoreIndex(--001) for field blue of struct #Param::CoreIndex(--002)
04-15 18:43:13.964 450 450 I mediaswcodec: missing struct descriptor #Param::CoreIndex(--001) for field white of struct #Param::CoreIndex(--002)
04-15 18:43:13.980 892 892 D nativeloader: Configuring clns-shared-6 for other apk /system/framework/org.apache.http.legacy.jar. target_sdk_version=34, uses_libraries=ALL, library_path=/apex/com.android.permission/priv-app/PermissionController@UE1A.230829.036.A1/lib/x86_64:/system/lib64:/system_ext/lib64, permitted_path=/data:/mnt/expand:/data/user_de/0/com.android.permissioncontroller:/apex/com.android.permission/priv-app/PermissionController@UE1A.230829.036.A1:/system/lib64:/system_ext/lib64
04-15 18:43:14.037 0 0 I servicemanager: Could not find android.hardware.graphics.allocator.IAllocator/default in the VINTF manifest.
04-15 18:43:14.035 892 892 D nativeloader: Configuring clns-shared-7 for other apk /apex/com.android.permission/priv-app/PermissionController@UE1A.230829.036.A1/PermissionController.apk. target_sdk_version=34, uses_libraries=, library_path=/apex/com.android.permission/priv-app/PermissionController@UE1A.230829.036.A1/lib/x86_64:/system/lib64:/system_ext/lib64, permitted_path=/data:/mnt/expand:/data/user_de/0/com.android.permissioncontroller:/apex/com.android.permission/priv-app/PermissionController@UE1A.230829.036.A1:/system/lib64:/system_ext/lib64
04-15 18:43:14.053 891 891 V GraphicsEnvironment: Currently set values for:
04-15 18:43:14.053 891 891 V GraphicsEnvironment: angle_gl_driver_selection_pkgs=[]
04-15 18:43:14.053 891 891 V GraphicsEnvironment: angle_gl_driver_selection_values=[]
04-15 18:43:14.054 891 891 V GraphicsEnvironment: ANGLE GameManagerService for com.android.systemui: false
04-15 18:43:14.055 891 891 V GraphicsEnvironment: com.android.systemui is not listed in per-application setting
04-15 18:43:14.055 891 891 V GraphicsEnvironment: Neither updatable production driver nor prerelease driver is supported.
04-15 18:43:14.066 892 892 D nativeloader: InitApexLibraries:
04-15 18:43:14.066 892 892 D nativeloader: com_android_adservices: libhpke_jni.so:libtflite_support_classifiers_native.so
04-15 18:43:14.066 892 892 D nativeloader: com_android_appsearch: libicing.so
04-15 18:43:14.066 892 892 D nativeloader: com_android_art: libartservice.so
04-15 18:43:14.066 892 892 D nativeloader: com_android_btservices: libbluetooth_jni.so
04-15 18:43:14.066 892 892 D nativeloader: com_android_conscrypt: libjavacrypto.so
04-15 18:43:14.066 892 892 D nativeloader: com_android_extservices: libtflite_support_classifiers_native.so
04-15 18:43:14.066 892 892 D nativeloader: com_android_os_statsd: libstats_jni.so
04-15 18:43:14.066 892 892 D nativeloader: com_android_tethering: libandroid_net_connectivity_com_android_net_module_util_jni.so:libcronet.114.0.5735.84.so:libframework-connectivity-jni.so:libframework-connectivity-tiramisu-jni.so:libservice-connectivity.so
04-15 18:43:14.066 892 892 D nativeloader: com_android_uwb: libuwb_uci_jni_rust.so
04-15 18:43:14.066 892 892 D nativeloader: com_android_virt: libvirtualizationservice_jni.so:libvirtualmachine_jni.so
04-15 18:43:14.069 133 133 I hwservicemanager: getTransport: Cannot find entry android.hardware.graphics.mapper@4.0::IMapper/default in either framework or device VINTF manifest.
04-15 18:43:14.073 450 450 I Gralloc4: mapper 4.x is not supported
04-15 18:43:14.133 534 877 W StorageManagerService: No primary storage defined yet; hacking together a stub
04-15 18:43:14.166 892 892 V GraphicsEnvironment: Currently set values for:
04-15 18:43:14.167 892 892 V GraphicsEnvironment: angle_gl_driver_selection_pkgs=[]
04-15 18:43:14.167 892 892 V GraphicsEnvironment: angle_gl_driver_selection_values=[]
04-15 18:43:14.172 892 892 V GraphicsEnvironment: ANGLE GameManagerService for com.android.permissioncontroller: false
04-15 18:43:14.173 892 892 V GraphicsEnvironment: com.android.permissioncontroller is not listed in per-application setting
04-15 18:43:14.174 892 892 V GraphicsEnvironment: Neither updatable production driver nor prerelease driver is supported.
04-15 18:43:14.218 892 922 I carui : CarUi plugin is disabled
04-15 18:43:14.255 891 891 V WindowManagerShell: Adding init callback for DisplayChangeController
04-15 18:43:14.268 891 891 V WindowManagerShell: Adding init callback for DisplayController
04-15 18:43:14.269 891 891 V WindowManagerShell: Adding init callback for DisplayInsetsController
04-15 18:43:14.271 891 891 V WindowManagerShell: Adding init callback for DisplayImeController
04-15 18:43:14.284 891 891 V WindowManagerShell: Adding init callback for ShellController
04-15 18:43:14.307 534 877 D PackageManager: Instant App installer not found with android.intent.action.INSTALL_INSTANT_APP_PACKAGE
04-15 18:43:14.309 534 877 D PackageManager: Clear ephemeral installer activity
04-15 18:43:14.313 891 891 V WindowManagerShell: Adding init callback for DragAndDropController
04-15 18:43:14.395 891 891 V WindowManagerShell: Adding init callback for CompatUIController
04-15 18:43:14.409 534 868 I ActivityManager: Flag disabled. Ignoring finishAttachApplication from uid: 10120. pid: 892
04-15 18:43:14.457 891 891 V WindowManagerShell: Adding init callback for RecentTasksController
04-15 18:43:14.480 891 891 V WindowManagerShell: Adding init callback for ShellTaskOrganizer
04-15 18:43:14.534 892 927 I RuntimePermissions: observing UserPackageInfoLiveData for 0 in RuntimePermissionsUpgradeController
04-15 18:43:14.552 0 0 I servicemanager: Notifying android.hardware.biometrics.fingerprint.IFingerprint/default they don't (previously: do) have clients when we now have no record of a client
04-15 18:43:14.554 0 0 I servicemanager: Notifying apexservice they don't (previously: do) have clients when we now have no record of a client
04-15 18:43:14.545 848 871 I AidlLazyServiceRegistrar: Process has 0 (of 1 available) client(s) in use after notification android.hardware.biometrics.fingerprint.IFingerprint/default has clients: 0
04-15 18:43:14.564 0 0 I AidlLazyServiceRegistrar: Process has 0 (of 1 available) client(s) in use after notification apexservice has clients: 0
04-15 18:43:14.564 0 0 I AidlLazyServiceRegistrar: Shutdown prevented by forcePersist override flag.
04-15 18:43:14.555 848 871 I AidlLazyServiceRegistrar: Trying to shut down the service. No clients in use for any service in process.
04-15 18:43:14.576 0 0 I servicemanager: Unregistering android.hardware.biometrics.fingerprint.IFingerprint/default
04-15 18:43:14.577 0 0 I BpBinder: onLastStrongRef automatically unlinking death recipients:
04-15 18:43:14.573 848 871 I AidlLazyServiceRegistrar: Unregistered all clients and exiting
04-15 18:43:14.605 0 0 I init : Service 'vendor.biometrics.fingerprint-service.ranchu' (pid 848) exited with status 0 oneshot service took 7.226000 seconds in background
04-15 18:43:14.605 0 0 I init : Sending signal 9 to service 'vendor.biometrics.fingerprint-service.ranchu' (pid 848) process group...
04-15 18:43:14.612 0 0 I libprocessgroup: Successfully killed process cgroup uid 1000 pid 848 in 6ms
04-15 18:43:14.630 450 450 I mediaswcodec: missing struct descriptor #Param::CoreIndex(--004) for field values of struct #Param::CoreIndex(F-12004)
04-15 18:43:14.631 450 450 I mediaswcodec: missing struct descriptor #Param::CoreIndex(--1812) for field values of struct #Param::CoreIndex(F-11812)
04-15 18:43:14.710 891 891 V WindowManagerShell: Adding init callback for OneHandedController
04-15 18:43:14.813 891 891 V WindowManagerShell: Adding init callback for DefaultTransitionHandler
04-15 18:43:14.814 891 891 V WindowManagerShell: addHandler: Default
04-15 18:43:14.814 891 891 V WindowManagerShell: addHandler: Remote
04-15 18:43:14.814 891 891 V WindowManagerShell: Adding init callback for Transitions
04-15 18:43:14.919 891 891 V WindowManagerShell: Adding init callback for BubbleController
04-15 18:43:14.934 891 891 V WindowManagerShell: Adding init callback for SplitScreenController
04-15 18:43:15.002 534 868 D CompatibilityChangeReporter: Compat change id reported: 161145287; UID 10118; state: ENABLED
04-15 18:43:15.048 891 891 D CompatibilityChangeReporter: Compat change id reported: 160794467; UID 10118; state: ENABLED
04-15 18:43:15.059 450 450 D C2SoftH263Enc: Given level 3004 does not cover current configuration: adjusting to 3003
04-15 18:43:15.102 891 891 V WindowManagerShell: Adding init callback for PipTransition
04-15 18:43:15.120 891 891 V WindowManagerShell: Adding init callback for PipTouchHandler
04-15 18:43:15.122 891 891 V WindowManagerShell: Adding init callback for DevicePostureController
04-15 18:43:15.122 891 891 V WindowManagerShell: Adding init callback for TabletopModeController
04-15 18:43:15.129 891 891 V WindowManagerShell: Adding init callback for PipController
04-15 18:43:15.179 450 450 I mediaswcodec: missing struct descriptor #Param::CoreIndex(--004) for field values of struct #Param::CoreIndex(F-12004)
04-15 18:43:15.189 891 923 W Looper : Slow dispatch took 48ms wmshell.main h=android.os.Handler c=com.android.wm.shell.common.ShellExecutor$$ExternalSyntheticLambda0@b0007af m=0
