04-15 18:44:16.629 0 0 I servicemanager: Found android.hardware.radio.data.IRadioData/slot1 in device VINTF manifest.
04-15 18:44:16.697 891 891 V SystemUIBootTiming: StartServices com.android.systemui.power.PowerUI took to complete: 2862ms
04-15 18:44:16.740 891 891 W SystemUIService: Initialization of com.android.systemui.power.PowerUI took 2905 ms
04-15 18:44:16.762 534 868 W ActivityManager: Slow operation: 587ms so far, now at finishAttachApplicationInner: after mServices.attachApplicationLocked
04-15 18:44:16.763 534 868 W ActivityManager: Slow operation: 588ms so far, now at finishAttachApplicationInner: after dispatching broadcasts
04-15 18:44:16.774 1562 1562 D CompatibilityChangeReporter: Compat change id reported: 171979766; UID 10110; state: ENABLED
04-15 18:44:16.777 1562 1562 D CompatibilityChangeReporter: Compat change id reported: 242716250; UID 10110; state: ENABLED
04-15 18:44:16.810 1591 1591 I crash_dump64: obtaining output fd from tombstoned, type: kDebuggerdNativeBacktrace
04-15 18:44:16.815 534 1354 D CompatibilityChangeReporter: Compat change id reported: 170503758; UID 10110; state: ENABLED
04-15 18:44:16.823 534 567 W system_server: Long monitor contention with owner binder:534_4 (868) at void com.android.server.am.ActivityManagerService.finishAttachApplicationInner(long, int, int)(ActivityManagerService.java:4940) waiters=1 in boolean com.android.server.am.BroadcastQueueModernImpl.lambda$new$0(android.os.Message) for 591ms
04-15 18:44:16.824 192 192 I tombstoned: received crash request for pid 154
04-15 18:44:16.825 192 192 I tombstoned: found intercept fd 512 for pid 154 and type kDebuggerdNativeBacktrace
04-15 18:44:16.829 1591 1591 I crash_dump64: performing dump of process 154 (target tid = 154)
04-15 18:44:16.831 1562 1562 D CompatibilityChangeReporter: Compat change id reported: 3400644; UID 10110; state: ENABLED
04-15 18:44:16.938 1562 1562 D nativeloader: Configuring clns-shared-6 for other apk /system_ext/priv-app/SdkSetup/SdkSetup.apk. target_sdk_version=34, uses_libraries=, library_path=/system_ext/priv-app/SdkSetup/lib/x86_64:/system/lib64:/system_ext/lib64, permitted_path=/data:/mnt/expand:/data/user/0/com.android.sdksetup:/system_ext/priv-app/SdkSetup:/system/lib64:/system_ext/lib64
04-15 18:44:16.962 891 891 V SystemUIBootTiming: StartServices com.android.systemui.qs.QSFragmentStartable took to complete: 210ms
04-15 18:44:17.041 1089 1089 D BtGatt.SyncManager: cleanup()
04-15 18:44:17.104 192 192 W tombstoned: skipping tombstone file creation due to intercept
04-15 18:44:17.105 534 1375 I system_server: libdebuggerd_client: done dumping process 154
04-15 18:44:17.133 1562 1562 V GraphicsEnvironment: Currently set values for:
04-15 18:44:17.135 1562 1562 V GraphicsEnvironment: angle_gl_driver_selection_pkgs=[]
04-15 18:44:17.135 1562 1562 V GraphicsEnvironment: angle_gl_driver_selection_values=[]
04-15 18:44:17.140 0 0 I init : Untracked pid 1591 exited with status 0
04-15 18:44:17.140 0 0 I init : Untracked pid 1591 did not have an associated service entry and will not be reaped
04-15 18:44:17.145 534 1375 I ActivityManager: Collecting stacks for native pid 326
04-15 18:44:17.153 0 0 I init : Untracked pid 1593 exited with status 0
04-15 18:44:17.153 0 0 I init : Untracked pid 1593 did not have an associated service entry and will not be reaped
04-15 18:44:17.157 534 1375 I system_server: libdebuggerd_client: started dumping process 326
04-15 18:44:17.165 192 192 I tombstoned: registered intercept for pid 326 and type kDebuggerdNativeBacktrace
04-15 18:44:17.173 1540 1540 D nativeloader: Configuring clns-shared-6 for other apk /system_ext/priv-app/MultiDisplayProvider/MultiDisplayProvider.apk. target_sdk_version=34, uses_libraries=, library_path=/system_ext/priv-app/MultiDisplayProvider/lib/x86_64:/system_ext/priv-app/MultiDisplayProvider/MultiDisplayProvider.apk!/lib/x86_64:/system/lib64:/system_ext/lib64, permitted_path=/data:/mnt/expand:/data/user/0/com.android.emulator.multidisplay:/system_ext/priv-app/MultiDisplayProvider:/system/lib64:/system_ext/lib64
04-15 18:44:17.181 534 1354 I ActivityManager: Broadcasting: Intent { act=com.android.emulator.multidisplay.START flg=0x400000 cmp=com.android.emulator.multidisplay/.MultiDisplayServiceReceiver }
04-15 18:44:17.190 1562 1562 V GraphicsEnvironment: ANGLE GameManagerService for com.android.sdksetup: false
04-15 18:44:17.190 1562 1562 V GraphicsEnvironment: com.android.sdksetup is not listed in per-application setting
04-15 18:44:17.206 326 326 I libc : Requested dump for pid 326 (binder:326_2)
04-15 18:44:17.207 1562 1562 V GraphicsEnvironment: Neither updatable production driver nor prerelease driver is supported.
04-15 18:44:17.208 534 567 D CompatibilityChangeReporter: Compat change id reported: 135634846; UID 10073; state: DISABLED
04-15 18:44:17.209 534 567 D CompatibilityChangeReporter: Compat change id reported: 177438394; UID 10073; state: DISABLED
04-15 18:44:17.210 534 567 D CompatibilityChangeReporter: Compat change id reported: 135772972; UID 10073; state: DISABLED
04-15 18:44:17.210 534 567 D CompatibilityChangeReporter: Compat change id reported: 135754954; UID 10073; state: ENABLED
04-15 18:44:17.260 534 1480 I ActivityManager: Flag disabled. Ignoring finishAttachApplication from uid: 10110. pid: 1562
04-15 18:44:17.293 534 568 W ActivityManager: Slow operation: 111ms so far, now at startProcess: asking zygote to start proc
04-15 18:44:17.293 534 568 D CompatibilityChangeReporter: Compat change id reported: 143937733; UID 10073; state: ENABLED
04-15 18:44:17.295 534 567 W ActivityManager: Slow operation: 134ms so far, now at startProcess: done starting proc!
04-15 18:44:17.295 534 1489 W system_server: Long monitor contention with owner ActivityManager (567) at void com.android.server.am.BroadcastQueueModernImpl.checkPendingColdStartValidity()(BroadcastQueueModernImpl.java:559) waiters=0 in void com.android.server.am.ActivityManagerService.unregisterReceiver(android.content.IIntentReceiver) for 209ms
04-15 18:44:17.359 1089 1089 D BluetoothAdapterService: onUnbind() - calling cleanup
04-15 18:44:17.359 1089 1089 D BluetoothAdapterService: cleanup()
04-15 18:44:17.387 1089 1089 I BluetoothMetricsLogger: drainBufferedCounters().
04-15 18:44:17.449 1063 1087 E SystemServiceRegistry: No service published for: ethernet
04-15 18:44:17.449 1063 1087 E SystemServiceRegistry: android.os.ServiceManager$ServiceNotFoundException: No service published for: ethernet
04-15 18:44:17.449 1063 1087 E SystemServiceRegistry: at android.os.ServiceManager.getServiceOrThrow(ServiceManager.java:166)
04-15 18:44:17.449 1063 1087 E SystemServiceRegistry: at android.app.SystemServiceRegistry$139.createService(SystemServiceRegistry.java:1872)
04-15 18:44:17.449 1063 1087 E SystemServiceRegistry: at android.app.SystemServiceRegistry$CachedServiceFetcher.getService(SystemServiceRegistry.java:1971)
04-15 18:44:17.449 1063 1087 E SystemServiceRegistry: at android.app.SystemServiceRegistry.getSystemService(SystemServiceRegistry.java:1645)
04-15 18:44:17.449 1063 1087 E SystemServiceRegistry: at android.app.ContextImpl.getSystemService(ContextImpl.java:2212)
04-15 18:44:17.449 1063 1087 E SystemServiceRegistry: at android.content.ContextWrapper.getSystemService(ContextWrapper.java:934)
04-15 18:44:17.449 1063 1087 E SystemServiceRegistry: at com.android.networkstack.tethering.Tethering.isEthernetSupported(Tethering.java:1582)
04-15 18:44:17.449 1063 1087 E SystemServiceRegistry: at com.android.networkstack.tethering.Tethering.makeSupportedDownstreams(Tethering.java:2550)
04-15 18:44:17.449 1063 1087 E SystemServiceRegistry: at com.android.networkstack.tethering.Tethering.updateSupportedDownstreams(Tethering.java:2524)
04-15 18:44:17.449 1063 1087 E SystemServiceRegistry: at com.android.networkstack.tethering.Tethering.updateConfiguration(Tethering.java:546)
04-15 18:44:17.449 1063 1087 E SystemServiceRegistry: at com.android.networkstack.tethering.Tethering.-$$Nest$mupdateConfiguration(Tethering.java:0)
04-15 18:44:17.449 1063 1087 E SystemServiceRegistry: at com.android.networkstack.tethering.Tethering$StateReceiver.onReceive(Tethering.java:1184)
04-15 18:44:17.449 1063 1087 E SystemServiceRegistry: at android.app.LoadedApk$ReceiverDispatcher$Args.lambda$getRunnable$0(LoadedApk.java:1802)
04-15 18:44:17.449 1063 1087 E SystemServiceRegistry: at android.app.LoadedApk$ReceiverDispatcher$Args.$r8$lambda$gDuJqgxY6Zb-ifyeubKeivTLAwk(Unknown Source:0)
04-15 18:44:17.449 1063 1087 E SystemServiceRegistry: at android.app.LoadedApk$ReceiverDispatcher$Args$$ExternalSyntheticLambda0.run(Unknown Source:2)
04-15 18:44:17.449 1063 1087 E SystemServiceRegistry: at android.os.Handler.handleCallback(Handler.java:958)
04-15 18:44:17.449 1063 1087 E SystemServiceRegistry: at android.os.Handler.dispatchMessage(Handler.java:99)
04-15 18:44:17.449 1063 1087 E SystemServiceRegistry: at android.os.Looper.loopOnce(Looper.java:205)
04-15 18:44:17.449 1063 1087 E SystemServiceRegistry: at android.os.Looper.loop(Looper.java:294)
04-15 18:44:17.449 1063 1087 E SystemServiceRegistry: at android.os.HandlerThread.run(HandlerThread.java:67)
04-15 18:44:17.467 328 328 D Zygote : Forked child process 1605
04-15 18:44:17.480 534 568 W ActivityManager: Slow operation: 297ms so far, now at startProcess: returned from zygote!
04-15 18:44:17.527 534 1354 D CompatibilityChangeReporter: Compat change id reported: 161252188; UID 1000; state: DISABLED
04-15 18:44:17.545 534 568 W ActivityManager: Slow operation: 363ms so far, now at startProcess: done updating battery stats
04-15 18:44:17.547 534 568 W ActivityManager: Slow operation: 365ms so far, now at startProcess: building log message
04-15 18:44:17.547 534 568 I ActivityManager: Start proc 1605:com.android.documentsui/u0a73 for broadcast {com.android.documentsui/com.android.documentsui.PreBootReceiver}
04-15 18:44:17.559 534 568 W ActivityManager: Slow operation: 377ms so far, now at startProcess: starting to update pids map
04-15 18:44:17.571 1607 1607 I crash_dump64: obtaining output fd from tombstoned, type: kDebuggerdNativeBacktrace
04-15 18:44:17.584 192 192 I tombstoned: received crash request for pid 326
04-15 18:44:17.585 192 192 I tombstoned: found intercept fd 512 for pid 326 and type kDebuggerdNativeBacktrace
04-15 18:44:17.589 1607 1607 I crash_dump64: performing dump of process 326 (target tid = 326)
04-15 18:44:17.602 534 568 W ActivityManager: Slow operation: 420ms so far, now at startProcess: done updating pids map
04-15 18:44:17.762 534 1354 I ActivityManager: Enqueued broadcast Intent { act=com.android.emulator.multidisplay.START flg=0x400000 cmp=com.android.emulator.multidisplay/.MultiDisplayServiceReceiver }: 0
04-15 18:44:17.771 1562 1606 D libEGL : loaded /vendor/lib64/egl/libEGL_emulation.so
04-15 18:44:17.866 1562 1606 D libEGL : loaded /vendor/lib64/egl/libGLESv1_CM_emulation.so
04-15 18:44:17.879 1605 1605 I oid.documentsui: Using CollectorTypeCC GC.
04-15 18:44:17.913 192 192 W tombstoned: skipping tombstone file creation due to intercept
04-15 18:44:17.918 1562 1606 D libEGL : loaded /vendor/lib64/egl/libGLESv2_emulation.so
04-15 18:44:17.933 0 0 I init : Untracked pid 1607 exited with status 0
04-15 18:44:17.933 0 0 I init : Untracked pid 1607 did not have an associated service entry and will not be reaped
04-15 18:44:17.937 0 0 I init : Untracked pid 1609 exited with status 0
04-15 18:44:17.937 0 0 I init : Untracked pid 1609 did not have an associated service entry and will not be reaped
04-15 18:44:17.928 534 1375 I system_server: libdebuggerd_client: done dumping process 326
04-15 18:44:17.936 1605 1605 W oid.documentsui: Unexpected CPU variant for x86: x86_64.
04-15 18:44:17.936 1605 1605 W oid.documentsui: Known variants: atom, sandybridge, silvermont, goldmont, goldmont-plus, tremont, kabylake, default
04-15 18:44:17.948 534 1375 E ActivityManager: Aborting stack trace dump (current native pid=326); deadline exceeded.
04-15 18:44:18.001 534 1527 W AppSearchIcing: icing-search-engine.cc:283: Error: 5, Message: Missing file: /data/system_ce/0/appsearch/icing/schema_dir/schema.pb
04-15 18:44:18.012 1605 1605 E oid.documentsui: Not starting debugger since process cannot load the jdwp agent.
04-15 18:44:18.095 534 812 W system_server: Long monitor contention with owner WifiHandlerThread (806) at void com.android.server.wifi.WifiMetrics.incrementAvailableNetworksHistograms(java.util.List, boolean)(WifiMetrics.java:3673) waiters=0 in void com.android.server.wifi.WifiMetrics.incrementScanReturnEntry(int, int) for 324ms
04-15 18:44:18.209 534 944 I WifiService: addOrUpdateNetwork uid=10110
04-15 18:44:18.234 534 944 I addOrUpdateNetworkInternal: uid = 10110 SSID "AndroidWifi" nid=-1
04-15 18:44:18.238 534 806 E WifiConfigManager: Cannot find network with networkId -1 or configKey "AndroidWifi"NONE or upgradable security type check
04-15 18:44:18.287 534 806 E WifiConfigManager: Cannot find network with networkId -1 or configKey "AndroidWifi"NONE or upgradable security type check
04-15 18:44:18.353 891 945 W Looper : Slow dispatch took 1016ms SysUiBg h=android.os.Handler c=android.net.wifi.WifiManager$ScanResultsCallback$ScanResultsCallbackProxy$$ExternalSyntheticLambda0@edbe095 m=0
04-15 18:44:18.382 0 0 I servicemanager: Found android.hardware.radio.data.IRadioData/slot1 in device VINTF manifest.
04-15 18:44:18.377 891 891 V SystemUIBootTiming: StartServices com.android.systemui.qs.pipeline.prototyping.PrototypeCoreStartable took to complete: 1255ms
04-15 18:44:18.381 891 891 W SystemUIService: Initialization of com.android.systemui.qs.pipeline.prototyping.PrototypeCoreStartable took 1259 ms
04-15 18:44:18.399 891 891 V SystemUIBootTiming: StartServices com.android.systemui.reardisplay.RearDisplayDialogController took to complete: 1ms
04-15 18:44:18.418 1540 1540 V GraphicsEnvironment: Currently set values for:
04-15 18:44:18.419 1540 1540 V GraphicsEnvironment: angle_gl_driver_selection_pkgs=[]
04-15 18:44:18.419 1540 1540 V GraphicsEnvironment: angle_gl_driver_selection_values=[]
04-15 18:44:18.427 1540 1540 V GraphicsEnvironment: ANGLE GameManagerService for com.android.emulator.multidisplay: false
04-15 18:44:18.427 1540 1540 V GraphicsEnvironment: com.android.emulator.multidisplay is not listed in per-application setting
04-15 18:44:18.430 1540 1540 V GraphicsEnvironment: Neither updatable production driver nor prerelease driver is supported.
04-15 18:44:18.436 534 560 W BLASTSyncEngine: Sync group 3 timeout
04-15 18:44:18.437 534 560 I BLASTSyncEngine: Unfinished container: ActivityRecord{88cf909 u0 com.android.sdksetup/.DefaultActivity t6}
04-15 18:44:18.437 534 560 I BLASTSyncEngine: Unfinished container: Task{714ae72 #6 type=home A=10110:com.android.sdksetup}
04-15 18:44:18.469 534 1480 I ActivityManager: Flag disabled. Ignoring finishAttachApplication from uid: 1000. pid: 1540
04-15 18:44:18.471 1540 1540 W ActivityThread: getPackageInfo() called with an older ApplicationInfo than the cached version for package com.android.emulator.multidisplay
04-15 18:44:18.479 534 558 W Looper : Drained
04-15 18:44:18.494 1540 1540 V MultiDispActionReceiver: starting service using intent null
04-15 18:44:18.505 891 891 V SystemUIBootTiming: StartServices com.android.systemui.recents.Recents took to complete: 0ms
04-15 18:44:18.506 891 891 V SystemUIBootTiming: StartServices com.android.systemui.settings.UserFileManagerImpl took to complete: 1ms
04-15 18:44:18.520 0 0 I servicemanager: Found android.hardware.radio.messaging.IRadioMessaging/slot1 in device VINTF manifest.
04-15 18:44:18.522 891 891 V SystemUIBootTiming: StartServices com.android.systemui.shortcut.ShortcutKeyDispatcher took to complete: 15ms
04-15 18:44:18.530 891 891 V SystemUIBootTiming: StartServices com.android.systemui.statusbar.notification.InstantAppNotifier took to complete: 8ms
04-15 18:44:18.531 534 646 E BluetoothManagerService: MESSAGE_TIMEOUT_BIND
04-15 18:44:18.537 0 0 I servicemanager: Found android.hardware.radio.modem.IRadioModem/slot1 in device VINTF manifest.
04-15 18:44:18.542 0 0 I servicemanager: Found android.hardware.radio.network.IRadioNetwork/slot1 in device VINTF manifest.
04-15 18:44:18.546 0 0 I servicemanager: Found android.hardware.radio.sim.IRadioSim/slot1 in device VINTF manifest.
04-15 18:44:18.557 0 0 I servicemanager: Found android.hardware.radio.voice.IRadioVoice/slot1 in device VINTF manifest.
04-15 18:44:18.559 0 0 I servicemanager: Found android.hardware.radio.ims.IRadioIms/slot1 in device VINTF manifest.
04-15 18:44:18.575 534 557 V WindowManager: Sent Transition #3 createdAt=04-15 18:44:13.433 via request=TransitionRequestInfo { type = CLOSE, triggerTask = TaskInfo{userId=0 taskId=5 displayId=0 isRunning=false baseIntent=Intent { act=android.intent.action.MAIN cat=[android.intent.category.HOME] flg=0x10800100 cmp=com.android.settings/.FallbackHome } baseActivity=null topActivity=null origActivity=null realActivity=ComponentInfo{com.android.settings/com.android.settings.FallbackHome} numActivities=0 lastActiveTime=192249 supportsMultiWindow=false resizeMode=0 isResizeable=false minWidth=-1 minHeight=-1 defaultMinSize=220 token=WCT{RemoteToken{24114ee Task{75ec208 #5 type=home A=1000:com.android.settings.FallbackHome}}} topActivityType=2 pictureInPictureParams=null shouldDockBigOverlays=false launchIntoPipHostTaskId=-1 lastParentTaskIdBeforePip=-1 displayCutoutSafeInsets=null topActivityInfo=null launchCookies=[] positionInParent=Point(0, 0) parentTaskId=-1 isFocused=true isVisible=true isVisibleRequested=true isSleeping=false topActivityInSizeCompat=false topActivityEligibleForLetterboxEducation= false topActivityLetterboxed= false isFromDoubleTap= false topActivityLetterboxVerticalPosition= -1 topActivityLetterboxHorizontalPosition= -1 topActivityLetterboxWidth=-1 topActivityLetterboxHeight=-1 locusId=null displayAreaFeatureId=1 cameraCompatControlState=hidden}, remoteTransition = null, displayChange = null }
04-15 18:44:18.575 534 557 V WindowManager: startWCT=WindowContainerTransaction { changes = {} hops = [] errorCallbackToken=null taskFragmentOrganizer=null }
04-15 18:44:18.592 891 923 V WindowManagerShell: onTransitionReady android.os.BinderProxy@ec7abab: {id=3 t=CLOSE f=0x0 trk=1 r=[0@Point(0, 0)] c=[{WCT{android.window.IWindowContainerToken$Stub$Proxy@bb88d4d} m=OPEN f=MOVE_TO_TOP leash=Surface(name=Task=6)/@0x3ee0276 sb=Rect(0, 0 - 1080, 2400) eb=Rect(0, 0 - 1080, 2400) d=0},{WCT{android.window.IWindowContainerToken$Stub$Proxy@f2fd002} m=CLOSE f=NONE leash=Surface(name=Task=5)/@0xe5b3077 sb=Rect(0, 0 - 1080, 2400) eb=Rect(0, 0 - 1080, 2400) d=0}]}
04-15 18:44:18.593 891 923 V WindowManagerShell: Playing animation for (#3)android.os.BinderProxy@ec7abab@1
04-15 18:44:18.593 891 923 V WindowManagerShell: try handler com.android.wm.shell.transition.DefaultMixedHandler@405e54
04-15 18:44:18.594 891 923 V WindowManagerShell: try handler com.android.wm.shell.keyguard.KeyguardTransitionHandler@11df1fd
04-15 18:44:18.594 891 923 V WindowManagerShell: try handler com.android.wm.shell.activityembedding.ActivityEmbeddingController@294ef2
04-15 18:44:18.594 891 923 V WindowManagerShell: try handler com.android.wm.shell.recents.RecentsTransitionHandler@8d08943
04-15 18:44:18.594 891 923 V ShellRecents: RecentsTransitionHandler.startAnimation: no controller found
04-15 18:44:18.594 891 923 V WindowManagerShell: try handler com.android.wm.shell.pip.PipTransition@76f0bc0
04-15 18:44:18.594 891 923 V WindowManagerShell: try handler com.android.wm.shell.splitscreen.StageCoordinator@65cb0f9
04-15 18:44:18.594 891 923 V WindowManagerShell: try handler com.android.wm.shell.transition.RemoteTransitionHandler@cf9683e
04-15 18:44:18.595 891 923 V WindowManagerShell: Transition doesn't have explicit remote, search filters for match for {id=3 t=CLOSE f=0x0 trk=1 r=[0@Point(0, 0)] c=[{WCT{android.window.IWindowContainerToken$Stub$Proxy@bb88d4d} m=OPEN f=MOVE_TO_TOP leash=Surface(name=Task=6)/@0x3ee0276 sb=Rect(0, 0 - 1080, 2400) eb=Rect(0, 0 - 1080, 2400) d=0},{WCT{android.window.IWindowContainerToken$Stub$Proxy@f2fd002} m=CLOSE f=NONE leash=Surface(name=Task=5)/@0xe5b3077 sb=Rect(0, 0 - 1080, 2400) eb=Rect(0, 0 - 1080, 2400) d=0}]}
04-15 18:44:18.595 891 923 V WindowManagerShell: Delegate animation for #3 to null
04-15 18:44:18.595 891 923 V WindowManagerShell: try handler com.android.wm.shell.transition.DefaultTransitionHandler@1e8769f
04-15 18:44:18.595 891 923 V WindowManagerShell: start default transition animation, info = {id=3 t=CLOSE f=0x0 trk=1 r=[0@Point(0, 0)] c=[{WCT{android.window.IWindowContainerToken$Stub$Proxy@bb88d4d} m=OPEN f=MOVE_TO_TOP leash=Surface(name=Task=6)/@0x3ee0276 sb=Rect(0, 0 - 1080, 2400) eb=Rect(0, 0 - 1080, 2400) d=0},{WCT{android.window.IWindowContainerToken$Stub$Proxy@f2fd002} m=CLOSE f=NONE leash=Surface(name=Task=5)/@0xe5b3077 sb=Rect(0, 0 - 1080, 2400) eb=Rect(0, 0 - 1080, 2400) d=0}]}
04-15 18:44:18.650 534 557 V WindowManager: info={id=3 t=CLOSE f=0x0 trk=1 r=[0@Point(0, 0)] c=[{WCT{RemoteToken{8bd83ab Task{714ae72 #6 type=home A=10110:com.android.sdksetup}}} m=OPEN f=MOVE_TO_TOP leash=Surface(name=Task=6)/@0x2f2dcf0 sb=Rect(0, 0 - 1080, 2400) eb=Rect(0, 0 - 1080, 2400) d=0},{WCT{RemoteToken{24114ee Task{75ec208 #5 type=home A=1000:com.android.settings.FallbackHome}}} m=CLOSE f=NONE leash=Surface(name=Task=5)/@0x892133 sb=Rect(0, 0 - 1080, 2400) eb=Rect(0, 0 - 1080, 2400) d=0}]}
04-15 18:44:18.651 534 557 W Looper : Slow dispatch took 132ms android.fg h=android.os.Handler c=com.android.server.wm.Transition$$ExternalSyntheticLambda10@8115a08 m=0
04-15 18:44:18.657 1089 1089 W BluetoothSdpJni: Cleaning up Bluetooth SDP Interface...
04-15 18:44:18.708 1089 1089 W BluetoothSdpJni: Cleaning up Bluetooth SDP object
04-15 18:44:18.708 1089 1089 D BluetoothAdapterService: cleanup() - Cleaning up adapter native
04-15 18:44:18.709 1089 1213 I bt_stack_manager: packages/modules/Bluetooth/system/btif/src/stack_manager.cc:427 event_clean_up_stack: event_clean_up_stack is cleaning up the stack
04-15 18:44:18.709 1089 1213 I bt_btif_core: packages/modules/Bluetooth/system/btif/src/btif_core.cc:308 btif_cleanup_bluetooth: btif_cleanup_bluetooth entered
04-15 18:44:18.710 1089 1213 I bt_btif_queue: packages/modules/Bluetooth/system/btif/src/btif_profile_queue.cc:217 btif_queue_release: btif_queue_release
04-15 18:44:18.711 891 923 V WindowManagerShell: loadAnimation: anim=android.view.animation.AnimationSet@f091c7c animAttr=0xb type=CLOSE isEntrance=false
04-15 18:44:18.714 1089 1234 I droid.bluetooth: [0415/184418.714671:INFO:message_loop_thread.cc(205)] Run: message loop finished for thread bt_jni_thread
04-15 18:44:18.720 1089 1213 I bt_btif_core: packages/modules/Bluetooth/system/btif/src/btif_core.cc:315 btif_cleanup_bluetooth: btif_cleanup_bluetooth finished
04-15 18:44:18.721 1089 1213 I bt_core_module: packages/modules/Bluetooth/system/btcore/src/module.cc:123 module_clean_up: module_clean_up Cleaning up module "stack_config_module"
04-15 18:44:18.722 1089 1213 I bt_core_module: packages/modules/Bluetooth/system/btcore/src/module.cc:128 module_clean_up: module_clean_up Cleanup of module "stack_config_module" completed
04-15 18:44:18.722 1089 1213 I bt_core_module: packages/modules/Bluetooth/system/btcore/src/module.cc:123 module_clean_up: module_clean_up Cleaning up module "interop_module"
04-15 18:44:18.725 1540 1540 W ContextImpl: Calling a method in the system process without a qualified user: android.app.ContextImpl.startService:1899 android.content.ContextWrapper.startService:825 android.content.ContextWrapper.startService:825 com.android.emulator.multidisplay.MultiDisplayServiceReceiver.onReceive:34 android.app.ActivityThread.handleReceiver:4449
04-15 18:44:18.759 0 0 I servicemanager: Found android.hardware.radio.modem.IRadioModem/slot1 in device VINTF manifest.
04-15 18:44:18.793 891 891 V SystemUIBootTiming: StartServices com.android.systemui.statusbar.notification.interruption.KeyguardNotificationVisibilityProviderImpl took to complete: 203ms
04-15 18:44:18.881 534 557 I ActivityManager: Broadcast completed: result=0
04-15 18:44:18.897 449 466 W libgoldfish-rild: Callback is not set
04-15 18:44:18.901 1161 1161 I OverviewComponentObserver: updateOverviewTargets: mIsHomeDisabled=false, isDefaultHomeNull=false, mIsDefaultHome=false
04-15 18:44:18.910 534 1478 E IPCThreadState: Binder transaction failure: 33292/29189/-22
04-15 18:44:18.921 0 0 E binder : invalid inc weak node for 30071
04-15 18:44:18.921 0 0 I binder : 534:1478 IncRefs 0 refcount change on invalid ref 507 ret -22
04-15 18:44:18.921 0 0 E binder : invalid inc weak node for 30073
04-15 18:44:18.921 0 0 I binder : 534:1478 IncRefs 0 refcount change on invalid ref 508 ret -22
04-15 18:44:18.921 0 0 W binder_debug: 12 callbacks suppressed
04-15 18:44:18.921 0 0 I binder : 1478:534 cannot find target node
04-15 18:44:18.921 0 0 I binder : 534:1478 transaction async to 0:0 failed 33292/29189/-22, size 104-0 line 3210
04-15 18:44:18.930 0 0 I binder : 1478:534 reply target not found
04-15 18:44:18.930 0 0 I binder : 534:1478 transaction reply to 0:0 failed 33295/29189/0, size 4-0 line 3140
04-15 18:44:18.930 0 0 I binder : send failed reply for transaction 30070, target dead
04-15 18:44:18.993 1540 1540 D MultiDisplayService: Creating service
04-15 18:44:19.009 534 1477 I StatusBarManagerService: registerStatusBar bar=com.android.internal.statusbar.IStatusBar$Stub$Proxy@c44949
04-15 18:44:19.019 0 0 I servicemanager: Found android.hardware.radio.sim.IRadioSim/slot1 in device VINTF manifest.
04-15 18:44:19.035 891 923 V WindowManagerShell: loadAnimation: anim=android.view.animation.AnimationSet@dc55a5f animAttr=0xa type=CLOSE isEntrance=true
04-15 18:44:19.100 0 0 I servicemanager: Found android.hardware.radio.data.IRadioData/slot1 in device VINTF manifest.
04-15 18:44:19.097 891 923 V WindowManagerShell: animated by com.android.wm.shell.transition.DefaultTransitionHandler@1e8769f
04-15 18:44:19.097 891 923 W Looper : Slow dispatch took 553ms wmshell.main h=android.os.Handler c=com.android.wm.shell.transition.Transitions$TransitionPlayerImpl$$ExternalSyntheticLambda0@24dd10a m=0
04-15 18:44:19.127 1511 1511 V GraphicsEnvironment: Currently set values for:
04-15 18:44:19.141 891 929 W Looper : Slow dispatch took 47ms wmshell.anim h=android.os.Handler c=com.android.wm.shell.transition.DefaultTransitionHandler$$ExternalSyntheticLambda0@88f3d7b m=0
04-15 18:44:19.149 891 929 W Looper : Slow delivery took 32ms wmshell.anim h=android.view.Choreographer$FrameHandler c=android.view.Choreographer$FrameDisplayEventReceiver@a80a425 m=0
04-15 18:44:19.156 1511 1511 V GraphicsEnvironment: angle_gl_driver_selection_pkgs=[]
04-15 18:44:19.169 1511 1511 V GraphicsEnvironment: angle_gl_driver_selection_values=[]
04-15 18:44:19.174 1511 1511 V GraphicsEnvironment: ANGLE GameManagerService for com.android.providers.media.module: false
04-15 18:44:19.174 1511 1511 V GraphicsEnvironment: com.android.providers.media.module is not listed in per-application setting
04-15 18:44:19.174 1511 1511 V GraphicsEnvironment: Neither updatable production driver nor prerelease driver is supported.
04-15 18:44:19.232 0 0 I servicemanager: Found android.hardware.radio.messaging.IRadioMessaging/slot1 in device VINTF manifest.
04-15 18:44:19.231 891 929 W Looper : Slow dispatch took 55ms wmshell.anim h=android.view.Choreographer$FrameHandler c=android.view.Choreographer$FrameDisplayEventReceiver@a80a425 m=0
04-15 18:44:19.237 1540 1540 D MultiDisplayService: Creating display 0
04-15 18:44:19.237 1540 1540 D MultiDisplayService: Creating display 1
04-15 18:44:19.238 1540 1540 D MultiDisplayService: Creating display 2
04-15 18:44:19.239 1540 1540 D MultiDisplayService: Creating display 3
04-15 18:44:19.239 1540 1540 D MultiDisplayService: Creating display 4
04-15 18:44:19.240 1540 1540 D MultiDisplayService: Creating display 5
04-15 18:44:19.240 1540 1540 D MultiDisplayService: Creating display 6
04-15 18:44:19.240 1540 1540 D MultiDisplayService: Creating display 7
04-15 18:44:19.241 1540 1540 D MultiDisplayService: Creating display 8
04-15 18:44:19.241 1540 1540 D MultiDisplayService: Creating display 9
04-15 18:44:19.242 1540 1540 D MultiDisplayService: Creating display 10
04-15 18:44:19.303 891 929 W Looper : Drained
04-15 18:44:19.447 1540 1621 I android_emulator_multidisplay_JNI: multidisplay pipe connected!!!
04-15 18:44:19.499 534 1375 E ActivityManager: ANR in com.android.systemui
04-15 18:44:19.499 534 1375 E ActivityManager: PID: 891
04-15 18:44:19.499 534 1375 E ActivityManager: Reason: executing service com.android.systemui/.SystemUIService
04-15 18:44:19.499 534 1375 E ActivityManager: ErrorId: 41e0d137-1ffb-42c0-b424-880ab2c07190
04-15 18:44:19.499 534 1375 E ActivityManager: Frozen: false
04-15 18:44:19.499 534 1375 E ActivityManager: Load: 0.0 / 0.0 / 0.0
04-15 18:44:19.499 534 1375 E ActivityManager: ----- Output from /proc/pressure/memory -----
04-15 18:44:19.499 534 1375 E ActivityManager: some avg10=3.64 avg60=0.91 avg300=0.22 total=782204
04-15 18:44:19.499 534 1375 E ActivityManager: full avg10=0.97 avg60=0.28 avg300=0.07 total=295625
04-15 18:44:19.499 534 1375 E ActivityManager: ----- End output from /proc/pressure/memory -----
04-15 18:44:19.499 534 1375 E ActivityManager: ----- Output from /proc/pressure/cpu -----
04-15 18:44:19.499 534 1375 E ActivityManager: some avg10=85.48 avg60=56.88 avg300=25.39 total=102414164
04-15 18:44:19.499 534 1375 E ActivityManager: full avg10=0.00 avg60=0.00 avg300=0.00 total=0
04-15 18:44:19.499 534 1375 E ActivityManager: ----- End output from /proc/pressure/cpu -----
04-15 18:44:19.499 534 1375 E ActivityManager: ----- Output from /proc/pressure/io -----
04-15 18:44:19.499 534 1375 E ActivityManager: some avg10=4.90 avg60=4.22 avg300=3.14 total=15202348
04-15 18:44:19.499 534 1375 E ActivityManager: full avg10=0.07 avg60=0.58 avg300=0.64 total=3756331
04-15 18:44:19.499 534 1375 E ActivityManager: ----- End output from /proc/pressure/io -----
04-15 18:44:19.499 534 1375 E ActivityManager:
04-15 18:44:19.499 534 1375 E ActivityManager: CPU usage from 624ms to 22718ms later (2026-04-15 18:43:55.856 to 2026-04-15 18:44:17.951):
04-15 18:44:19.499 534 1375 E ActivityManager: 75% 534/system_server: 29% user + 46% kernel / faults: 9290 minor 64 major
04-15 18:44:19.499 534 1375 E ActivityManager: 21% 891/com.android.systemui: 8.1% user + 13% kernel / faults: 7521 minor 22 major
04-15 18:44:19.499 534 1375 E ActivityManager: 6.1% 1118/com.android.phone: 2.4% user + 3.6% kernel / faults: 1767 minor 7 major
04-15 18:44:19.499 534 1375 E ActivityManager: 2% 391/surfaceflinger: 0.9% user + 1% kernel / faults: 38 minor 1 major
04-15 18:44:19.499 534 1375 E ActivityManager: 3.1% 129/logd: 0.9% user + 2.2% kernel / faults: 95 minor
04-15 18:44:19.499 534 1375 E ActivityManager: 3.2% 346/android.hardware.sensors-service.multihal: 1% user + 2.2% kernel
04-15 18:44:19.499 534 1375 E ActivityManager: 2.2% 10/kworker/u4:1-ext4-rsv-conversion: 0% user + 2.2% kernel
04-15 18:44:19.499 534 1375 E ActivityManager: 2.3% 406/adbd: 0.5% user + 1.7% kernel / faults: 7311 minor
04-15 18:44:19.499 534 1375 E ActivityManager: 2.2% 413/logcat: 0.5% user + 1.6% kernel
04-15 18:44:19.499 534 1375 E ActivityManager: 2.2% 438/installd: 0.4% user + 1.8% kernel / faults: 3 minor
04-15 18:44:19.499 534 1375 E ActivityManager: 98% TOTAL: 32% user + 61% kernel + 0.2% iowait + 3% irq + 2% softirq
04-15 18:44:19.499 534 1375 E ActivityManager: CPU usage from 213310ms to -12477ms ago (1970-01-01 00:00:00.000 to 2026-04-15 18:44:07.709):
04-15 18:44:19.499 534 1375 E ActivityManager: 86% TOTAL: 31% user + 49% kernel + 1.8% iowait + 2.2% irq + 1.5% softirq
04-15 18:44:19.541 154 1578 W keystore2: system/security/keystore2/src/watchdog.rs:114 - ### Keystore Watchdog report - BEGIN ###
04-15 18:44:19.542 154 1578 W keystore2: system/security/keystore2/src/watchdog.rs:123 - When extracting from a bug report, please include this header
04-15 18:44:19.542 154 1578 W keystore2: system/security/keystore2/src/watchdog.rs:124 - and all 1 records below.
04-15 18:44:19.543 154 1578 W keystore2: system/security/keystore2/src/watchdog.rs:164 - ThreadId(1) KeystoreDB::store_new_key Pending: 505.584916ms Overdue 5.606751ms
04-15 18:44:19.543 154 1578 W keystore2: system/security/keystore2/src/watchdog.rs:175 - ### Keystore Watchdog report - END ###
04-15 18:44:19.549 1089 1213 I bt_core_module: packages/modules/Bluetooth/system/btcore/src/module.cc:128 module_clean_up: module_clean_up Cleanup of module "interop_module" completed
04-15 18:44:19.552 1089 1213 I bt_core_module: packages/modules/Bluetooth/system/btcore/src/module.cc:123 module_clean_up: module_clean_up Cleaning up module "btif_config_module"
04-15 18:44:19.553 1089 1213 I bt_core_module: packages/modules/Bluetooth/system/btcore/src/module.cc:128 module_clean_up: module_clean_up Cleanup of module "btif_config_module" completed
04-15 18:44:19.553 1089 1213 I bt_core_module: packages/modules/Bluetooth/system/btcore/src/module.cc:123 module_clean_up: module_clean_up Cleaning up module "device_iot_config_module"
04-15 18:44:19.554 1089 1213 I device_iot_config: packages/modules/Bluetooth/system/device/src/device_iot_config_int.cc:175 device_iot_config_module_clean_up:
04-15 18:44:19.560 1089 1213 I bt_core_module: packages/modules/Bluetooth/system/btcore/src/module.cc:128 module_clean_up: module_clean_up Cleanup of module "device_iot_config_module" completed
04-15 18:44:19.568 1089 1213 I bt_core_module: packages/modules/Bluetooth/system/btcore/src/module.cc:123 module_clean_up: module_clean_up Cleaning up module "osi_module"
04-15 18:44:19.653 534 1375 D ActivityManager: Completed ANR of com.android.systemui in 24426ms, latency 16ms
04-15 18:44:19.689 891 891 W ConstraintSet: Unknown attribute 0x39 0
04-15 18:44:19.692 891 891 W ConstraintSet: Unknown attribute 0x39 0
04-15 18:44:19.693 891 891 W ConstraintSet: Unknown attribute 0x39 0
04-15 18:44:19.694 891 891 W ConstraintSet: Unknown attribute 0x39 0
04-15 18:44:19.696 534 567 W system_server: Long monitor contention with owner AnrConsumer (1375) at void com.android.server.am.ProcessErrorStateRecord.appNotResponding(java.lang.String, android.content.pm.ApplicationInfo, java.lang.String, com.android.server.wm.WindowProcessController, boolean, com.android.internal.os.TimeoutRecord, java.util.concurrent.ExecutorService, boolean, boolean, java.util.concurrent.Future)(ProcessErrorStateRecord.java:403) waiters=0 in void com.android.server.am.BroadcastQueueModernImpl.updateRunningList() for 153ms
04-15 18:44:19.699 534 567 D OomAdjuster: Not killing cached processes
04-15 18:44:19.712 1089 1089 E bt_stack_manager: packages/modules/Bluetooth/system/btif/src/stack_manager.cc:203 clean_up_stack: cleanup could not be completed in time, abandon it
04-15 18:44:19.712 1089 1089 I BluetoothServiceJni: cleanupNative: return from cleanup
04-15 18:44:19.715 1089 1219 I bt_osi_alarm: packages/modules/Bluetooth/system/osi/src/alarm.cc:662 callback_dispatch: callback_dispatch Callback thread exited
04-15 18:44:19.715 1089 1219 W bt_osi_thread: packages/modules/Bluetooth/system/osi/src/thread.cc:240 run_thread: run_thread: thread id 1219, thread name alarm_dispatcher exited
04-15 18:44:19.740 891 929 W Looper : Slow dispatch took 317ms wmshell.anim h=android.view.Choreographer$FrameHandler c=android.view.Choreographer$FrameDisplayEventReceiver@a80a425 m=0
04-15 18:44:19.749 1089 1218 W bt_osi_thread: packages/modules/Bluetooth/system/osi/src/thread.cc:240 run_thread: run_thread: thread id 1218, thread name alarm_default_ca exited
04-15 18:44:19.756 891 923 W Looper : Drained
04-15 18:44:19.793 891 923 V WindowManagerShell: Transition animation finished (aborted=false), notifying core (#3)android.os.BinderProxy@ec7abab@1
04-15 18:44:19.794 891 929 W Looper : Slow dispatch took 47ms wmshell.anim h=android.view.Choreographer$FrameHandler c=android.view.Choreographer$FrameDisplayEventReceiver@a80a425 m=0
04-15 18:44:19.795 1118 1563 W m.android.phone: Long monitor contention with owner main (1118) at com.android.internal.telephony.RadioServiceProxy com.android.internal.telephony.RIL.getRadioServiceProxy(int, android.os.Message)(RIL.java:1073) waiters=0 in com.android.internal.telephony.RadioServiceProxy com.android.internal.telephony.RIL.getRadioServiceProxy(int, android.os.Message) for 561ms
04-15 18:44:19.845 891 923 V WindowManagerShell: Track 1 became idle
04-15 18:44:19.845 891 923 V WindowManagerShell: All active transition animations finished
04-15 18:44:19.846 891 923 W Looper : Slow dispatch took 53ms wmshell.main h=android.os.Handler c=com.android.wm.shell.transition.DefaultTransitionHandler$$ExternalSyntheticLambda7@651e0f3 m=0
04-15 18:44:19.860 0 0 I servicemanager: Found android.hardware.radio.network.IRadioNetwork/slot1 in device VINTF manifest.
04-15 18:44:19.871 534 557 V WindowManager: Finish Transition #3: created at
04-15 18:44:13.433 collect-started=0.698ms request-sent=1.167ms started=1136.84ms ready=3324.022ms sent=5065.66ms finished=6386.902ms
04-15 18:44:19.898 1540 1621 V MultiDisplayService: run(): array= [1, 0, 1080, 2400, 420, 0]
04-15 18:44:19.899 1540 1621 D MultiDisplayService: received 1
04-15 18:44:19.899 1540 1621 D MultiDisplayService: received 0
04-15 18:44:19.899 1540 1621 D MultiDisplayService: received 1080
04-15 18:44:19.899 1540 1621 D MultiDisplayService: received 2400
04-15 18:44:19.899 1540 1621 D MultiDisplayService: received 420
04-15 18:44:19.899 1540 1621 D MultiDisplayService: received 0
04-15 18:44:19.899 1540 1621 E MultiDisplayService: invalid parameters for add/modify display
04-15 18:44:19.931 534 806 E WifiConfigManager: Cannot find network with configKey "AndroidWifi"NONE
04-15 18:44:19.938 534 806 D WifiConfigurationUtil: Add upgradable OWE configuration.
04-15 18:44:19.939 534 806 I WifiConfigManager: Credential changed for netId=0
04-15 18:44:19.949 534 1375 I ActivityManager: dumpStackTraces pids={}
04-15 18:44:19.955 534 1375 I ActivityManager: Dumping to /data/anr/anr_2026-04-15-18-44-19-949
04-15 18:44:19.959 1089 1213 I bt_core_module: packages/modules/Bluetooth/system/btcore/src/module.cc:128 module_clean_up: module_clean_up Cleanup of module "osi_module" completed
04-15 18:44:19.959 1089 1213 I bt_stack_manager: packages/modules/Bluetooth/system/btif/src/stack_manager.cc:439 event_clean_up_stack: event_clean_up_stack Gd shim module disabled
04-15 18:44:19.959 1089 1213 I bt_core_module: packages/modules/Bluetooth/system/btcore/src/module.cc:105 module_shut_down: module_shut_down Shutting down module "gd_shim_module"
04-15 18:44:19.978 534 1527 W AppSearchIcing: icing-search-engine.cc:283: Error: 5, Message: Missing file: /data/system_ce/0/appsearch/icing/schema_dir/schema.pb
04-15 18:44:20.001 534 1527 W AppSearchIcing: icing-search-engine.cc:283: Error: 5, Message: Missing file: /data/system_ce/0/appsearch/icing/schema_dir/schema.pb
04-15 18:44:20.078 534 558 W Looper : Slow dispatch took 548ms android.ui h=com.android.server.am.ActivityManagerService$UiHandler c=null m=2
04-15 18:44:20.093 534 550 W system_server: Long monitor contention with owner ActivityManager (567) at void com.android.server.am.BroadcastQueueModernImpl.checkPendingColdStartValidity()(BroadcastQueueModernImpl.java:559) waiters=3 in void com.android.server.am.ActivityManagerService.serviceDoneExecuting(android.os.IBinder, int, int, int) for 334ms
04-15 18:44:20.116 1089 1213 I bluetooth: packages/modules/Bluetooth/system/main/shim/acl.cc:1895 FinalShutdown: Unregistered and cleared any orphaned ACL connections
04-15 18:44:20.132 0 0 I servicemanager: Found android.hardware.radio.voice.IRadioVoice/slot1 in device VINTF manifest.
04-15 18:44:20.127 1089 1221 I BtGdModule: packages/modules/Bluetooth/system/gd/module.cc:111 StopAll: Stopping Handler of Module Distance Measurement Manager
04-15 18:44:20.127 1089 1221 I BtGdModule: packages/modules/Bluetooth/system/gd/module.cc:114 StopAll: Stopping Module Distance Measurement Manager
04-15 18:44:20.129 1089 1221 I BtGdModule: packages/modules/Bluetooth/system/gd/module.cc:111 StopAll: Stopping Handler of Module Le Scanning Manager
04-15 18:44:20.130 1089 1221 I BtGdModule: packages/modules/Bluetooth/system/gd/module.cc:114 StopAll: Stopping Module Le Scanning Manager
04-15 18:44:20.133 1089 1221 I BtGdModule: packages/modules/Bluetooth/system/gd/module.cc:111 StopAll: Stopping Handler of Module Microsoft Extension Manager
04-15 18:44:20.133 1089 1221 I BtGdModule: packages/modules/Bluetooth/system/gd/module.cc:114 StopAll: Stopping Module Microsoft Extension Manager
04-15 18:44:20.133 1089 1221 I bluetooth: packages/modules/Bluetooth/system/gd/hci/msft.cc:78 stop: MsftExtensionManager stop()
04-15 18:44:20.134 1089 1221 I BtGdModule: packages/modules/Bluetooth/system/gd/module.cc:111 StopAll: Stopping Handler of Module Le Advertising Manager
04-15 18:44:20.134 1089 1221 I BtGdModule: packages/modules/Bluetooth/system/gd/module.cc:114 StopAll: Stopping Module Le Advertising Manager
04-15 18:44:20.134 1089 1221 I BtGdModule: packages/modules/Bluetooth/system/gd/module.cc:111 StopAll: Stopping Handler of Module Acl Manager
04-15 18:44:20.134 1089 1221 I BtGdModule: packages/modules/Bluetooth/system/gd/module.cc:114 StopAll: Stopping Module Acl Manager
04-15 18:44:20.164 534 1480 W system_server: Long monitor contention with owner ActivityManager (567) at void com.android.server.am.BroadcastQueueModernImpl.checkPendingColdStartValidity()(BroadcastQueueModernImpl.java:559) waiters=4 in android.content.Intent com.android.server.am.ActivityManagerService.registerReceiverWithFeature(android.app.IApplicationThread, java.lang.String, java.lang.String, java.lang.String, android.content.IIntentReceiver, android.content.IntentFilter, java.lang.String, int, int) for 372ms
04-15 18:44:20.197 534 560 W system_server: Long monitor contention with owner ActivityManager (567) at void com.android.server.am.BroadcastQueueModernImpl.checkPendingColdStartValidity()(BroadcastQueueModernImpl.java:559) waiters=5 in void com.android.server.am.ProcessRecord.setRunningRemoteAnimation(boolean) for 377ms
04-15 18:44:20.224 534 558 D CompatibilityChangeReporter: Compat change id reported: 210923482; UID 1000; state: ENABLED
04-15 18:44:20.243 1089 1089 D BluetoothAdapterService: cleanup(): mBluetoothKeystoreService.cleanup()
04-15 18:44:20.251 534 558 D CompatibilityChangeReporter: Compat change id reported: 171228096; UID 1000; state: ENABLED
04-15 18:44:20.268 1089 1089 D BluetoothKeystoreService: cleanup
04-15 18:44:20.274 1089 1089 D BluetoothKeystoreService: setBluetoothKeystoreService(): set to: null
04-15 18:44:20.284 0 0 I servicemanager: Found android.hardware.radio.ims.IRadioIms/slot1 in device VINTF manifest.
04-15 18:44:20.287 0 0 I servicemanager: Found android.hardware.radio.ims.IRadioIms/slot1 in device VINTF manifest.
04-15 18:44:20.290 891 952 W Looper : Slow dispatch took 1779ms BroadcastRunning h=com.android.systemui.broadcast.BroadcastDispatcher$handler$1 c=null m=0
04-15 18:44:20.361 1089 1221 I BtGdModule: packages/modules/Bluetooth/system/gd/module.cc:111 StopAll: Stopping Handler of Module AclSchedulerModule
04-15 18:44:20.362 1089 1221 I BtGdModule: packages/modules/Bluetooth/system/gd/module.cc:114 StopAll: Stopping Module AclSchedulerModule
04-15 18:44:20.362 1089 1221 I BtGdModule: packages/modules/Bluetooth/system/gd/module.cc:111 StopAll: Stopping Handler of Module Vendor Specific Event Manager
04-15 18:44:20.362 1089 1221 I BtGdModule: packages/modules/Bluetooth/system/gd/module.cc:114 StopAll: Stopping Module Vendor Specific Event Manager
04-15 18:44:20.362 1089 1221 I BtGdModule: packages/modules/Bluetooth/system/gd/module.cc:111 StopAll: Stopping Handler of Module Controller
04-15 18:44:20.362 1089 1221 I BtGdModule: packages/modules/Bluetooth/system/gd/module.cc:114 StopAll: Stopping Module Controller
04-15 18:44:20.362 1089 1221 I BtGdModule: packages/modules/Bluetooth/system/gd/module.cc:111 StopAll: Stopping Handler of Module Sysprops Module
04-15 18:44:20.362 1089 1221 I BtGdModule: packages/modules/Bluetooth/system/gd/module.cc:114 StopAll: Stopping Module Sysprops Module
04-15 18:44:20.362 1089 1221 I BtGdModule: packages/modules/Bluetooth/system/gd/module.cc:111 StopAll: Stopping Handler of Module shim::Dumpsys
04-15 18:44:20.362 1089 1221 I BtGdModule: packages/modules/Bluetooth/system/gd/module.cc:114 StopAll: Stopping Module shim::Dumpsys
04-15 18:44:20.363 1089 1221 I BtGdModule: packages/modules/Bluetooth/system/gd/module.cc:111 StopAll: Stopping Handler of Module Hci Layer
04-15 18:44:20.363 1089 1221 I BtGdModule: packages/modules/Bluetooth/system/gd/module.cc:114 StopAll: Stopping Module Hci Layer
04-15 18:44:20.441 1089 1221 I BtGdModule: packages/modules/Bluetooth/system/gd/module.cc:111 StopAll: Stopping Handler of Module Storage Module
04-15 18:44:20.442 1089 1221 I BtGdModule: packages/modules/Bluetooth/system/gd/module.cc:114 StopAll: Stopping Module Storage Module
04-15 18:44:20.457 1089 1221 I BtGdModule: packages/modules/Bluetooth/system/gd/module.cc:111 StopAll: Stopping Handler of Module HciHalHidl
04-15 18:44:20.507 1089 1221 I BtGdModule: packages/modules/Bluetooth/system/gd/module.cc:114 StopAll: Stopping Module HciHalHidl
04-15 18:44:20.514 353 353 I android.hardware.bluetooth.service.default: close
04-15 18:44:20.522 353 353 E android.hardware.bluetooth.service.default: unable to open /dev/rfkill: Permission denied
04-15 18:44:20.523 353 353 E android.hardware.bluetooth.service.default: rfkill unavailable
04-15 18:44:20.526 1089 1221 I BtGdModule: packages/modules/Bluetooth/system/gd/module.cc:111 StopAll: Stopping Handler of Module Btaa Module
04-15 18:44:20.563 0 0 I servicemanager: Found android.hardware.radio.config.IRadioConfig/default in device VINTF manifest.
04-15 18:44:20.565 534 806 D WifiConfigManager: Enable disabled network: "AndroidWifi" num=0
04-15 18:44:20.577 534 1477 W ActivityManager: Slow operation: 289ms so far, now at attachApplicationLocked: before bindApplication
04-15 18:44:20.589 1089 1221 I BtGdModule: packages/modules/Bluetooth/system/gd/module.cc:114 StopAll: Stopping Module Btaa Module
04-15 18:44:20.589 1089 1221 I BtGdModule: packages/modules/Bluetooth/system/gd/module.cc:111 StopAll: Stopping Handler of Module SnoopLogger
04-15 18:44:20.589 1089 1221 I BtGdModule: packages/modules/Bluetooth/system/gd/module.cc:114 StopAll: Stopping Module SnoopLogger
04-15 18:44:20.590 1089 1223 W bluetooth: packages/modules/Bluetooth/system/gd/hal/snoop_logger_socket.cc:148 ProcessIncomingRequest: exting from listen_fn_ thread
04-15 18:44:20.594 1089 1221 I bluetooth: packages/modules/Bluetooth/system/gd/hal/snoop_logger.cc:605 DisableFilters: persist.bluetooth.snooplogfilter.profiles.rfcomm.enabled, 0
04-15 18:44:20.594 1089 1221 I bluetooth: packages/modules/Bluetooth/system/gd/hal/snoop_logger.cc:605 DisableFilters: persist.bluetooth.snooplogfilter.profiles.a2dp.enabled, 0
04-15 18:44:20.594 1089 1221 I bluetooth: packages/modules/Bluetooth/system/gd/hal/snoop_logger.cc:605 DisableFilters: persist.bluetooth.snooplogfilter.headers.enabled, 0
04-15 18:44:20.595 1089 1221 I bluetooth: packages/modules/Bluetooth/system/gd/hal/snoop_logger.cc:609 DisableFilters: persist.bluetooth.snooplogfilter.profiles.map, disabled
04-15 18:44:20.595 1089 1221 I bluetooth: packages/modules/Bluetooth/system/gd/hal/snoop_logger.cc:609 DisableFilters: persist.bluetooth.snooplogfilter.profiles.pbap, disabled
04-15 18:44:20.595 1089 1221 I bluetooth: packages/modules/Bluetooth/system/gd/hal/snoop_logger.cc:334 delete_btsnoop_files: Deleting logs if they exist
04-15 18:44:20.621 534 1477 D CompatibilityChangeReporter: Compat change id reported: 168419799; UID 10073; state: DISABLED
04-15 18:44:20.626 534 1477 D CompatibilityChangeReporter: Compat change id reported: 273564678; UID 10073; state: DISABLED
04-15 18:44:20.639 534 1477 W ActivityManager: Slow operation: 376ms so far, now at attachApplicationLocked: immediately before bindApplication
04-15 18:44:20.646 534 1477 W ActivityManager: Slow operation: 395ms so far, now at attachApplicationLocked: immediately after bindApplication
04-15 18:44:20.646 534 1477 W ActivityManager: Slow operation: 396ms so far, now at attachApplicationLocked: after updateLruProcessLocked
04-15 18:44:20.681 1511 1511 V MediaProvider: Attached media from com.android.providers.media.module
04-15 18:44:20.595 1089 1221 I bluetooth: packages/modules/Bluetooth/system/gd/hal/snoop_logger.cc:340 delete_btsnoop_files: Main log file does not exist at "/data/misc/bluetooth/logs/btsnooz_hci.log"
04-15 18:44:20.706 1089 1221 I bluetooth: packages/modules/Bluetooth/system/gd/hal/snoop_logger.cc:348 delete_btsnoop_files: Last log file does not exist at "/data/misc/bluetooth/logs/btsnooz_hci.log"
04-15 18:44:20.706 1089 1221 I BtGdModule: packages/modules/Bluetooth/system/gd/module.cc:111 StopAll: Stopping Handler of Module BluetoothCounterMetrics
04-15 18:44:20.707 1089 1221 I BtGdModule: packages/modules/Bluetooth/system/gd/module.cc:114 StopAll: Stopping Module BluetoothCounterMetrics
04-15 18:44:20.707 1089 1221 I BluetoothCounterMetrics: packages/modules/Bluetooth/system/gd/metrics/counter_metrics.cc:95 DrainBufferedCounters: Draining buffered counters
04-15 18:44:20.707 1089 1221 I BluetoothCounterMetrics: packages/modules/Bluetooth/system/gd/metrics/counter_metrics.cc:49 Stop: Counter metrics canceled
04-15 18:44:20.725 1089 1213 I BtGdWakelockNative: packages/modules/Bluetooth/system/gd/os/android/wakelock_native.cc:122 CleanUp: Cleaning up native wake locks
04-15 18:44:20.725 1089 1213 I BtGdWakelockNative: packages/modules/Bluetooth/system/gd/os/android/wakelock_native.cc:129 CleanUp: Unlink death recipient
