04-15 18:43:11.762 534 605 D SystemServerInitThreadPool: Started executing Update app-ops uidState in case package com.android.dialer changed
04-15 18:43:11.763 534 605 D SystemServerInitThreadPool: Finished executing Update app-ops uidState in case package com.android.dialer changed
04-15 18:43:11.763 534 605 V SystemServerTimingAsync: InitThreadPoolExec:Update app-ops uidState in case package com.android.dialer changed took to complete: 1ms
04-15 18:43:11.763 534 605 D SystemServerTimingAsync: InitThreadPoolExec:Update app-ops uidState in case package com.android.contacts changed
04-15 18:43:11.763 534 605 D SystemServerInitThreadPool: Started executing Update app-ops uidState in case package com.android.contacts changed
04-15 18:43:11.763 534 605 D SystemServerInitThreadPool: Finished executing Update app-ops uidState in case package com.android.contacts changed
04-15 18:43:11.763 534 605 V SystemServerTimingAsync: InitThreadPoolExec:Update app-ops uidState in case package com.android.contacts changed took to complete: 0ms
04-15 18:43:11.763 534 605 D SystemServerTimingAsync: InitThreadPoolExec:Update app-ops uidState in case package com.android.imsserviceentitlement changed
04-15 18:43:11.763 534 605 D SystemServerInitThreadPool: Started executing Update app-ops uidState in case package com.android.imsserviceentitlement changed
04-15 18:43:11.763 534 605 D SystemServerInitThreadPool: Finished executing Update app-ops uidState in case package com.android.imsserviceentitlement changed
04-15 18:43:11.781 534 564 V SystemServerTimingAsync: InitThreadPoolExec:Update app-ops uidState in case package com.android.carrierconfig changed took to complete: 1ms
04-15 18:43:11.782 534 564 D SystemServerTimingAsync: InitThreadPoolExec:Update app-ops uidState in case package com.android.settings.intelligence changed
04-15 18:43:11.782 534 564 D SystemServerInitThreadPool: Started executing Update app-ops uidState in case package com.android.settings.intelligence changed
04-15 18:43:11.783 534 564 D SystemServerInitThreadPool: Finished executing Update app-ops uidState in case package com.android.settings.intelligence changed
04-15 18:43:11.783 534 564 V SystemServerTimingAsync: InitThreadPoolExec:Update app-ops uidState in case package com.android.settings.intelligence changed took to complete: 1ms
04-15 18:43:11.783 534 564 D SystemServerTimingAsync: InitThreadPoolExec:Update app-ops uidState in case package com.android.traceur changed
04-15 18:43:11.788 534 564 D SystemServerInitThreadPool: Started executing Update app-ops uidState in case package com.android.traceur changed
04-15 18:43:11.788 534 564 D SystemServerInitThreadPool: Finished executing Update app-ops uidState in case package com.android.traceur changed
04-15 18:43:11.788 534 564 V SystemServerTimingAsync: InitThreadPoolExec:Update app-ops uidState in case package com.android.traceur changed took to complete: 0ms
04-15 18:43:11.788 534 564 D SystemServerTimingAsync: InitThreadPoolExec:Update app-ops uidState in case package com.android.htmlviewer changed
04-15 18:43:11.789 534 564 D SystemServerInitThreadPool: Started executing Update app-ops uidState in case package com.android.htmlviewer changed
04-15 18:43:11.789 534 564 D SystemServerInitThreadPool: Finished executing Update app-ops uidState in case package com.android.htmlviewer changed
04-15 18:43:11.789 534 564 V SystemServerTimingAsync: InitThreadPoolExec:Update app-ops uidState in case package com.android.htmlviewer changed took to complete: 1ms
04-15 18:43:11.789 534 564 D SystemServerTimingAsync: InitThreadPoolExec:Update app-ops uidState in case package com.android.bookmarkprovider changed
04-15 18:43:11.789 534 564 D SystemServerInitThreadPool: Started executing Update app-ops uidState in case package com.android.bookmarkprovider changed
04-15 18:43:11.789 534 564 D SystemServerInitThreadPool: Finished executing Update app-ops uidState in case package com.android.bookmarkprovider changed
04-15 18:43:11.789 534 564 V SystemServerTimingAsync: InitThreadPoolExec:Update app-ops uidState in case package com.android.bookmarkprovider changed took to complete: 0ms
04-15 18:43:11.789 534 564 D SystemServerTimingAsync: InitThreadPoolExec:Update app-ops uidState in case package com.android.pacprocessor changed
04-15 18:43:11.789 534 564 D SystemServerInitThreadPool: Started executing Update app-ops uidState in case package com.android.pacprocessor changed
04-15 18:43:11.790 534 564 D SystemServerInitThreadPool: Finished executing Update app-ops uidState in case package com.android.pacprocessor changed
04-15 18:43:11.790 534 564 V SystemServerTimingAsync: InitThreadPoolExec:Update app-ops uidState in case package com.android.pacprocessor changed took to complete: 1ms
04-15 18:43:11.790 534 564 D SystemServerTimingAsync: InitThreadPoolExec:Update app-ops uidState in case package com.android.egg changed
04-15 18:43:11.790 534 564 D SystemServerInitThreadPool: Started executing Update app-ops uidState in case package com.android.egg changed
04-15 18:43:11.790 534 564 D SystemServerInitThreadPool: Finished executing Update app-ops uidState in case package com.android.egg changed
04-15 18:43:11.790 534 564 V SystemServerTimingAsync: InitThreadPoolExec:Update app-ops uidState in case package com.android.egg changed took to complete: 0ms
04-15 18:43:11.790 534 564 D SystemServerTimingAsync: InitThreadPoolExec:Update app-ops uidState in case package com.android.bluetoothmidiservice changed
04-15 18:43:11.790 534 564 D SystemServerInitThreadPool: Started executing Update app-ops uidState in case package com.android.bluetoothmidiservice changed
04-15 18:43:11.790 534 564 D SystemServerInitThreadPool: Finished executing Update app-ops uidState in case package com.android.bluetoothmidiservice changed
04-15 18:43:11.791 534 564 V SystemServerTimingAsync: InitThreadPoolExec:Update app-ops uidState in case package com.android.bluetoothmidiservice changed took to complete: 0ms
04-15 18:43:11.791 534 564 D SystemServerTimingAsync: InitThreadPoolExec:Update app-ops uidState in case package com.android.dreams.basic changed
04-15 18:43:11.791 534 564 D SystemServerInitThreadPool: Started executing Update app-ops uidState in case package com.android.dreams.basic changed
04-15 18:43:11.791 534 564 D SystemServerInitThreadPool: Finished executing Update app-ops uidState in case package com.android.dreams.basic changed
04-15 18:43:11.791 534 564 V SystemServerTimingAsync: InitThreadPoolExec:Update app-ops uidState in case package com.android.dreams.basic changed took to complete: 0ms
04-15 18:43:11.791 534 564 D SystemServerTimingAsync: InitThreadPoolExec:Update app-ops uidState in case package com.android.providers.partnerbookmarks changed
04-15 18:43:11.791 534 564 D SystemServerInitThreadPool: Started executing Update app-ops uidState in case package com.android.providers.partnerbookmarks changed
04-15 18:43:11.791 534 564 D SystemServerInitThreadPool: Finished executing Update app-ops uidState in case package com.android.providers.partnerbookmarks changed
04-15 18:43:11.791 534 564 V SystemServerTimingAsync: InitThreadPoolExec:Update app-ops uidState in case package com.android.providers.partnerbookmarks changed took to complete: 0ms
04-15 18:43:11.800 534 605 V SystemServerTimingAsync: InitThreadPoolExec:Update app-ops uidState in case package com.android.imsserviceentitlement changed took to complete: 0ms
04-15 18:43:11.812 534 605 D SystemServerTimingAsync: InitThreadPoolExec:Update app-ops uidState in case package android.ext.shared changed
04-15 18:43:11.812 534 605 D SystemServerInitThreadPool: Started executing Update app-ops uidState in case package android.ext.shared changed
04-15 18:43:11.813 534 605 D SystemServerInitThreadPool: Finished executing Update app-ops uidState in case package android.ext.shared changed
04-15 18:43:11.813 534 605 V SystemServerTimingAsync: InitThreadPoolExec:Update app-ops uidState in case package android.ext.shared changed took to complete: 1ms
04-15 18:43:11.813 534 605 D SystemServerTimingAsync: InitThreadPoolExec:Update app-ops uidState in case package com.android.certinstaller changed
04-15 18:43:11.814 534 605 D SystemServerInitThreadPool: Started executing Update app-ops uidState in case package com.android.certinstaller changed
04-15 18:43:11.814 534 605 D SystemServerInitThreadPool: Finished executing Update app-ops uidState in case package com.android.certinstaller changed
04-15 18:43:11.814 534 605 V SystemServerTimingAsync: InitThreadPoolExec:Update app-ops uidState in case package com.android.certinstaller changed took to complete: 1ms
04-15 18:43:11.814 534 605 D SystemServerTimingAsync: InitThreadPoolExec:Update app-ops uidState in case package com.android.carrierdefaultapp changed
04-15 18:43:11.815 534 605 D SystemServerInitThreadPool: Started executing Update app-ops uidState in case package com.android.carrierdefaultapp changed
04-15 18:43:11.815 534 605 D SystemServerInitThreadPool: Finished executing Update app-ops uidState in case package com.android.carrierdefaultapp changed
04-15 18:43:11.815 534 605 V SystemServerTimingAsync: InitThreadPoolExec:Update app-ops uidState in case package com.android.carrierdefaultapp changed took to complete: 1ms
04-15 18:43:11.815 534 605 D SystemServerTimingAsync: InitThreadPoolExec:Update app-ops uidState in case package com.android.captiveportallogin changed
04-15 18:43:11.824 534 605 D SystemServerInitThreadPool: Started executing Update app-ops uidState in case package com.android.captiveportallogin changed
04-15 18:43:11.825 534 605 D SystemServerInitThreadPool: Finished executing Update app-ops uidState in case package com.android.captiveportallogin changed
04-15 18:43:11.828 534 605 V SystemServerTimingAsync: InitThreadPoolExec:Update app-ops uidState in case package com.android.captiveportallogin changed took to complete: 4ms
04-15 18:43:11.828 534 605 D SystemServerTimingAsync: InitThreadPoolExec:Update app-ops uidState in case package com.android.printspooler changed
04-15 18:43:11.829 534 605 D SystemServerInitThreadPool: Started executing Update app-ops uidState in case package com.android.printspooler changed
04-15 18:43:11.829 534 605 D SystemServerInitThreadPool: Finished executing Update app-ops uidState in case package com.android.printspooler changed
04-15 18:43:11.829 534 605 V SystemServerTimingAsync: InitThreadPoolExec:Update app-ops uidState in case package com.android.printspooler changed took to complete: 1ms
04-15 18:43:11.830 534 605 D SystemServerTimingAsync: InitThreadPoolExec:Update app-ops uidState in case package com.android.printservice.recommendation changed
04-15 18:43:11.830 534 605 D SystemServerInitThreadPool: Started executing Update app-ops uidState in case package com.android.printservice.recommendation changed
04-15 18:43:11.831 534 605 D SystemServerInitThreadPool: Finished executing Update app-ops uidState in case package com.android.printservice.recommendation changed
04-15 18:43:11.831 534 605 V SystemServerTimingAsync: InitThreadPoolExec:Update app-ops uidState in case package com.android.printservice.recommendation changed took to complete: 1ms
04-15 18:43:11.831 534 605 D SystemServerTimingAsync: InitThreadPoolExec:Update app-ops uidState in case package com.android.simappdialog changed
04-15 18:43:11.831 534 605 D SystemServerInitThreadPool: Started executing Update app-ops uidState in case package com.android.simappdialog changed
04-15 18:43:11.837 534 605 D SystemServerInitThreadPool: Finished executing Update app-ops uidState in case package com.android.simappdialog changed
04-15 18:43:11.837 534 605 V SystemServerTimingAsync: InitThreadPoolExec:Update app-ops uidState in case package com.android.simappdialog changed took to complete: 6ms
04-15 18:43:11.838 534 605 D SystemServerTimingAsync: InitThreadPoolExec:Update app-ops uidState in case package com.android.cameraextensions changed
04-15 18:43:11.838 534 605 D SystemServerInitThreadPool: Started executing Update app-ops uidState in case package com.android.cameraextensions changed
04-15 18:43:11.838 534 605 D SystemServerInitThreadPool: Finished executing Update app-ops uidState in case package com.android.cameraextensions changed
04-15 18:43:11.839 534 605 V SystemServerTimingAsync: InitThreadPoolExec:Update app-ops uidState in case package com.android.cameraextensions changed took to complete: 1ms
04-15 18:43:11.839 534 605 D SystemServerTimingAsync: InitThreadPoolExec:Update app-ops uidState in case package com.android.backupconfirm changed
04-15 18:43:11.839 534 605 D SystemServerInitThreadPool: Started executing Update app-ops uidState in case package com.android.backupconfirm changed
04-15 18:43:11.841 534 534 V SystemServerTiming: controllersReady took to complete: 186ms
04-15 18:43:11.842 534 564 D SystemServerTimingAsync: InitThreadPoolExec:Update app-ops uidState in case package com.android.companiondevicemanager changed
04-15 18:43:11.844 534 564 D SystemServerInitThreadPool: Started executing Update app-ops uidState in case package com.android.companiondevicemanager changed
04-15 18:43:11.844 534 564 D SystemServerInitThreadPool: Finished executing Update app-ops uidState in case package com.android.companiondevicemanager changed
04-15 18:43:11.845 534 564 V SystemServerTimingAsync: InitThreadPoolExec:Update app-ops uidState in case package com.android.companiondevicemanager changed took to complete: 0ms
04-15 18:43:11.845 534 564 D SystemServerTimingAsync: InitThreadPoolExec:Update app-ops uidState in case package com.android.musicfx changed
04-15 18:43:11.845 534 564 D SystemServerInitThreadPool: Started executing Update app-ops uidState in case package com.android.musicfx changed
04-15 18:43:11.845 534 564 D SystemServerInitThreadPool: Finished executing Update app-ops uidState in case package com.android.musicfx changed
04-15 18:43:11.845 534 564 V SystemServerTimingAsync: InitThreadPoolExec:Update app-ops uidState in case package com.android.musicfx changed took to complete: 0ms
04-15 18:43:11.845 534 564 D SystemServerTimingAsync: InitThreadPoolExec:Update app-ops uidState in case package com.android.documentsui changed
04-15 18:43:11.845 534 564 D SystemServerInitThreadPool: Started executing Update app-ops uidState in case package com.android.documentsui changed
04-15 18:43:11.845 534 564 D SystemServerInitThreadPool: Finished executing Update app-ops uidState in case package com.android.documentsui changed
04-15 18:43:11.845 534 564 V SystemServerTimingAsync: InitThreadPoolExec:Update app-ops uidState in case package com.android.documentsui changed took to complete: 0ms
04-15 18:43:11.846 534 564 D SystemServerTimingAsync: InitThreadPoolExec:Update app-ops uidState in case package com.android.externalstorage changed
04-15 18:43:11.846 534 564 D SystemServerInitThreadPool: Started executing Update app-ops uidState in case package com.android.externalstorage changed
04-15 18:43:11.846 534 564 D SystemServerInitThreadPool: Finished executing Update app-ops uidState in case package com.android.externalstorage changed
04-15 18:43:11.846 534 564 V SystemServerTimingAsync: InitThreadPoolExec:Update app-ops uidState in case package com.android.externalstorage changed took to complete: 1ms
04-15 18:43:11.846 534 564 D SystemServerTimingAsync: InitThreadPoolExec:Update app-ops uidState in case package com.android.apps.tag changed
04-15 18:43:11.846 534 564 D SystemServerInitThreadPool: Started executing Update app-ops uidState in case package com.android.apps.tag changed
04-15 18:43:11.846 534 564 D SystemServerInitThreadPool: Finished executing Update app-ops uidState in case package com.android.apps.tag changed
04-15 18:43:11.846 534 564 V SystemServerTimingAsync: InitThreadPoolExec:Update app-ops uidState in case package com.android.apps.tag changed took to complete: 0ms
04-15 18:43:11.846 534 564 D SystemServerTimingAsync: InitThreadPoolExec:Update app-ops uidState in case package com.android.proxyhandler changed
04-15 18:43:11.846 534 564 D SystemServerInitThreadPool: Started executing Update app-ops uidState in case package com.android.proxyhandler changed
04-15 18:43:11.847 534 564 D SystemServerInitThreadPool: Finished executing Update app-ops uidState in case package com.android.proxyhandler changed
04-15 18:43:11.847 534 564 V SystemServerTimingAsync: InitThreadPoolExec:Update app-ops uidState in case package com.android.proxyhandler changed took to complete: 1ms
04-15 18:43:11.847 534 564 D SystemServerTimingAsync: InitThreadPoolExec:Update app-ops uidState in case package com.android.managedprovisioning changed
04-15 18:43:11.847 534 564 D SystemServerInitThreadPool: Started executing Update app-ops uidState in case package com.android.managedprovisioning changed
04-15 18:43:11.847 534 564 D SystemServerInitThreadPool: Finished executing Update app-ops uidState in case package com.android.managedprovisioning changed
04-15 18:43:11.847 534 564 V SystemServerTimingAsync: InitThreadPoolExec:Update app-ops uidState in case package com.android.managedprovisioning changed took to complete: 0ms
04-15 18:43:11.847 534 564 D SystemServerTimingAsync: InitThreadPoolExec:Update app-ops uidState in case package com.android.wallpaper.livepicker changed
04-15 18:43:11.847 534 564 D SystemServerInitThreadPool: Started executing Update app-ops uidState in case package com.android.wallpaper.livepicker changed
04-15 18:43:11.847 534 564 D SystemServerInitThreadPool: Finished executing Update app-ops uidState in case package com.android.wallpaper.livepicker changed
04-15 18:43:11.849 534 534 D SystemServerTiming: killProcesses
04-15 18:43:11.850 534 534 V SystemServerTiming: killProcesses took to complete: 0ms
04-15 18:43:11.850 534 534 I ActivityManager: System now ready
04-15 18:43:11.850 534 534 D SystemServerTiming: updateTopComponentForFactoryTest
04-15 18:43:11.851 534 605 D SystemServerInitThreadPool: Finished executing Update app-ops uidState in case package com.android.backupconfirm changed
04-15 18:43:11.851 534 605 V SystemServerTimingAsync: InitThreadPoolExec:Update app-ops uidState in case package com.android.backupconfirm changed took to complete: 12ms
04-15 18:43:11.851 534 605 D SystemServerTimingAsync: InitThreadPoolExec:Update app-ops uidState in case package com.android.bips changed
04-15 18:43:11.851 534 605 D SystemServerInitThreadPool: Started executing Update app-ops uidState in case package com.android.bips changed
04-15 18:43:11.851 534 605 D SystemServerInitThreadPool: Finished executing Update app-ops uidState in case package com.android.bips changed
04-15 18:43:11.851 534 605 V SystemServerTimingAsync: InitThreadPoolExec:Update app-ops uidState in case package com.android.bips changed took to complete: 0ms
04-15 18:43:11.851 534 605 D SystemServerTimingAsync: InitThreadPoolExec:Update app-ops uidState in case package com.android.packageinstaller changed
04-15 18:43:11.851 534 605 D SystemServerInitThreadPool: Started executing Update app-ops uidState in case package com.android.packageinstaller changed
04-15 18:43:11.857 534 605 D SystemServerInitThreadPool: Finished executing Update app-ops uidState in case package com.android.packageinstaller changed
04-15 18:43:11.857 534 605 V SystemServerTimingAsync: InitThreadPoolExec:Update app-ops uidState in case package com.android.packageinstaller changed took to complete: 6ms
04-15 18:43:11.857 534 605 D SystemServerTimingAsync: InitThreadPoolExec:Update app-ops uidState in case package com.android.providers.media changed
04-15 18:43:11.857 534 605 D SystemServerInitThreadPool: Started executing Update app-ops uidState in case package com.android.providers.media changed
04-15 18:43:11.858 534 605 D SystemServerInitThreadPool: Finished executing Update app-ops uidState in case package com.android.providers.media changed
04-15 18:43:11.858 534 605 V SystemServerTimingAsync: InitThreadPoolExec:Update app-ops uidState in case package com.android.providers.media changed took to complete: 1ms
04-15 18:43:11.859 534 534 V SystemServerTiming: updateTopComponentForFactoryTest took to complete: 6ms
04-15 18:43:11.859 534 534 D SystemServerTiming: registerActivityLaunchObserver
04-15 18:43:11.860 534 564 V SystemServerTimingAsync: InitThreadPoolExec:Update app-ops uidState in case package com.android.wallpaper.livepicker changed took to complete: 8ms
04-15 18:43:11.860 534 564 D SystemServerTimingAsync: InitThreadPoolExec:Update app-ops uidState in case package com.android.providers.downloads changed
04-15 18:43:11.860 534 564 D SystemServerInitThreadPool: Started executing Update app-ops uidState in case package com.android.providers.downloads changed
04-15 18:43:11.860 534 564 D SystemServerInitThreadPool: Finished executing Update app-ops uidState in case package com.android.providers.downloads changed
04-15 18:43:11.860 534 564 V SystemServerTimingAsync: InitThreadPoolExec:Update app-ops uidState in case package com.android.providers.downloads changed took to complete: 0ms
04-15 18:43:11.861 534 564 D SystemServerTimingAsync: InitThreadPoolExec:Update app-ops uidState in case package com.android.providers.downloads.ui changed
04-15 18:43:11.861 534 564 D SystemServerInitThreadPool: Started executing Update app-ops uidState in case package com.android.providers.downloads.ui changed
04-15 18:43:11.861 534 564 D SystemServerInitThreadPool: Finished executing Update app-ops uidState in case package com.android.providers.downloads.ui changed
04-15 18:43:11.861 534 564 V SystemServerTimingAsync: InitThreadPoolExec:Update app-ops uidState in case package com.android.providers.downloads.ui changed took to complete: 0ms
04-15 18:43:11.861 534 564 D SystemServerTimingAsync: InitThreadPoolExec:Update app-ops uidState in case package com.android.mtp changed
04-15 18:43:11.861 534 564 D SystemServerInitThreadPool: Started executing Update app-ops uidState in case package com.android.mtp changed
04-15 18:43:11.861 534 564 D SystemServerInitThreadPool: Finished executing Update app-ops uidState in case package com.android.mtp changed
04-15 18:43:11.861 534 564 V SystemServerTimingAsync: InitThreadPoolExec:Update app-ops uidState in case package com.android.mtp changed took to complete: 0ms
04-15 18:43:11.861 534 564 D SystemServerTimingAsync: InitThreadPoolExec:Update app-ops uidState in case package com.android.soundpicker changed
04-15 18:43:11.862 534 564 D SystemServerInitThreadPool: Started executing Update app-ops uidState in case package com.android.soundpicker changed
04-15 18:43:11.862 534 564 D SystemServerInitThreadPool: Finished executing Update app-ops uidState in case package com.android.soundpicker changed
04-15 18:43:11.862 534 564 V SystemServerTimingAsync: InitThreadPoolExec:Update app-ops uidState in case package com.android.soundpicker changed took to complete: 1ms
04-15 18:43:11.862 534 564 D SystemServerTimingAsync: InitThreadPoolExec:Update app-ops uidState in case package com.android.cellbroadcastreceiver changed
04-15 18:43:11.862 534 564 D SystemServerInitThreadPool: Started executing Update app-ops uidState in case package com.android.cellbroadcastreceiver changed
04-15 18:43:11.862 534 564 D SystemServerInitThreadPool: Finished executing Update app-ops uidState in case package com.android.cellbroadcastreceiver changed
04-15 18:43:11.862 534 564 V SystemServerTimingAsync: InitThreadPoolExec:Update app-ops uidState in case package com.android.cellbroadcastreceiver changed took to complete: 0ms
04-15 18:43:11.862 534 564 D SystemServerTimingAsync: InitThreadPoolExec:Update app-ops uidState in case package com.android.credentialmanager changed
04-15 18:43:11.862 534 564 D SystemServerInitThreadPool: Started executing Update app-ops uidState in case package com.android.credentialmanager changed
04-15 18:43:11.863 534 564 D SystemServerInitThreadPool: Finished executing Update app-ops uidState in case package com.android.credentialmanager changed
04-15 18:43:11.863 534 564 V SystemServerTimingAsync: InitThreadPoolExec:Update app-ops uidState in case package com.android.credentialmanager changed took to complete: 0ms
04-15 18:43:11.863 534 564 D SystemServerTimingAsync: InitThreadPoolExec:Update app-ops uidState in case package com.android.providers.calendar changed
04-15 18:43:11.863 534 564 D SystemServerInitThreadPool: Started executing Update app-ops uidState in case package com.android.providers.calendar changed
04-15 18:43:11.863 534 564 D SystemServerInitThreadPool: Finished executing Update app-ops uidState in case package com.android.providers.calendar changed
04-15 18:43:11.863 534 564 V SystemServerTimingAsync: InitThreadPoolExec:Update app-ops uidState in case package com.android.providers.calendar changed took to complete: 0ms
04-15 18:43:11.863 534 564 D SystemServerTimingAsync: InitThreadPoolExec:Update app-ops uidState in case package com.android.vpndialogs changed
04-15 18:43:11.863 534 564 D SystemServerInitThreadPool: Started executing Update app-ops uidState in case package com.android.vpndialogs changed
04-15 18:43:11.863 534 564 D SystemServerInitThreadPool: Finished executing Update app-ops uidState in case package com.android.vpndialogs changed
04-15 18:43:11.863 534 564 V SystemServerTimingAsync: InitThreadPoolExec:Update app-ops uidState in case package com.android.vpndialogs changed took to complete: 0ms
04-15 18:43:11.865 534 534 V SystemServerTiming: registerActivityLaunchObserver took to complete: 6ms
04-15 18:43:11.866 534 534 D SystemServerTiming: watchDeviceProvisioning
04-15 18:43:11.867 534 534 V SystemServerTiming: watchDeviceProvisioning took to complete: 0ms
04-15 18:43:11.867 534 534 D SystemServerTiming: retrieveSettings
04-15 18:43:11.873 534 605 D SystemServerTimingAsync: InitThreadPoolExec:Update app-ops uidState in case package com.android.statementservice changed
04-15 18:43:11.873 534 605 D SystemServerInitThreadPool: Started executing Update app-ops uidState in case package com.android.statementservice changed
04-15 18:43:11.874 534 605 D SystemServerInitThreadPool: Finished executing Update app-ops uidState in case package com.android.statementservice changed
04-15 18:43:11.874 534 605 V SystemServerTimingAsync: InitThreadPoolExec:Update app-ops uidState in case package com.android.statementservice changed took to complete: 1ms
04-15 18:43:11.874 534 605 D SystemServerTimingAsync: InitThreadPoolExec:Update app-ops uidState in case package com.android.sharedstoragebackup changed
04-15 18:43:11.875 534 605 D SystemServerInitThreadPool: Started executing Update app-ops uidState in case package com.android.sharedstoragebackup changed
04-15 18:43:11.875 534 605 D SystemServerInitThreadPool: Finished executing Update app-ops uidState in case package com.android.sharedstoragebackup changed
04-15 18:43:11.875 534 605 V SystemServerTimingAsync: InitThreadPoolExec:Update app-ops uidState in case package com.android.sharedstoragebackup changed took to complete: 0ms
04-15 18:43:11.877 534 564 D SystemServerTimingAsync: InitThreadPoolExec:Update app-ops uidState in case package com.android.intentresolver changed
04-15 18:43:11.877 534 564 D SystemServerInitThreadPool: Started executing Update app-ops uidState in case package com.android.intentresolver changed
04-15 18:43:11.877 534 564 D SystemServerInitThreadPool: Finished executing Update app-ops uidState in case package com.android.intentresolver changed
04-15 18:43:11.878 534 564 V SystemServerTimingAsync: InitThreadPoolExec:Update app-ops uidState in case package com.android.intentresolver changed took to complete: 0ms
04-15 18:43:11.878 534 564 D SystemServerTimingAsync: InitThreadPoolExec:Update app-ops uidState in case package com.android.providers.blockednumber changed
04-15 18:43:11.878 534 564 D SystemServerInitThreadPool: Started executing Update app-ops uidState in case package com.android.providers.blockednumber changed
04-15 18:43:11.878 534 564 D SystemServerInitThreadPool: Finished executing Update app-ops uidState in case package com.android.providers.blockednumber changed
04-15 18:43:11.878 534 564 V SystemServerTimingAsync: InitThreadPoolExec:Update app-ops uidState in case package com.android.providers.blockednumber changed took to complete: 0ms
04-15 18:43:11.878 534 564 D SystemServerTimingAsync: InitThreadPoolExec:Update app-ops uidState in case package com.android.providers.userdictionary changed
04-15 18:43:11.878 534 564 D SystemServerInitThreadPool: Started executing Update app-ops uidState in case package com.android.providers.userdictionary changed
04-15 18:43:11.878 534 564 D SystemServerInitThreadPool: Finished executing Update app-ops uidState in case package com.android.providers.userdictionary changed
04-15 18:43:11.878 534 564 V SystemServerTimingAsync: InitThreadPoolExec:Update app-ops uidState in case package com.android.providers.userdictionary changed took to complete: 0ms
04-15 18:43:11.878 534 564 D SystemServerTimingAsync: InitThreadPoolExec:Update app-ops uidState in case package com.android.providers.contacts changed
04-15 18:43:11.879 534 564 D SystemServerInitThreadPool: Started executing Update app-ops uidState in case package com.android.providers.contacts changed
04-15 18:43:11.879 534 564 D SystemServerInitThreadPool: Finished executing Update app-ops uidState in case package com.android.providers.contacts changed
04-15 18:43:11.879 534 564 V SystemServerTimingAsync: InitThreadPoolExec:Update app-ops uidState in case package com.android.providers.contacts changed took to complete: 1ms
04-15 18:43:11.879 534 564 D SystemServerTimingAsync: InitThreadPoolExec:Update app-ops uidState in case package com.android.connectivity.resources.goldfish.overlay changed
04-15 18:43:11.879 534 564 D SystemServerInitThreadPool: Started executing Update app-ops uidState in case package com.android.connectivity.resources.goldfish.overlay changed
04-15 18:43:11.879 534 564 D SystemServerInitThreadPool: Finished executing Update app-ops uidState in case package com.android.connectivity.resources.goldfish.overlay changed
04-15 18:43:11.879 534 564 V SystemServerTimingAsync: InitThreadPoolExec:Update app-ops uidState in case package com.android.connectivity.resources.goldfish.overlay changed took to complete: 0ms
04-15 18:43:11.879 534 564 D SystemServerTimingAsync: InitThreadPoolExec:Update app-ops uidState in case package com.android.carrierconfig.auto_generated_rro_vendor__ changed
04-15 18:43:11.880 534 564 D SystemServerInitThreadPool: Started executing Update app-ops uidState in case package com.android.carrierconfig.auto_generated_rro_vendor__ changed
04-15 18:43:11.885 534 564 D SystemServerInitThreadPool: Finished executing Update app-ops uidState in case package com.android.carrierconfig.auto_generated_rro_vendor__ changed
04-15 18:43:11.885 534 564 V SystemServerTimingAsync: InitThreadPoolExec:Update app-ops uidState in case package com.android.carrierconfig.auto_generated_rro_vendor__ changed took to complete: 5ms
04-15 18:43:11.885 534 564 D SystemServerTimingAsync: InitThreadPoolExec:Update app-ops uidState in case package com.android.phone.auto_generated_rro_vendor__ changed
04-15 18:43:11.885 534 564 D SystemServerInitThreadPool: Started executing Update app-ops uidState in case package com.android.phone.auto_generated_rro_vendor__ changed
04-15 18:43:11.885 534 564 D SystemServerInitThreadPool: Finished executing Update app-ops uidState in case package com.android.phone.auto_generated_rro_vendor__ changed
04-15 18:43:11.885 534 564 V SystemServerTimingAsync: InitThreadPoolExec:Update app-ops uidState in case package com.android.phone.auto_generated_rro_vendor__ changed took to complete: 0ms
04-15 18:43:11.885 534 564 D SystemServerTimingAsync: InitThreadPoolExec:Update app-ops uidState in case package com.android.systemui.auto_generated_rro_vendor__ changed
04-15 18:43:11.885 534 564 D SystemServerInitThreadPool: Started executing Update app-ops uidState in case package com.android.systemui.auto_generated_rro_vendor__ changed
04-15 18:43:11.885 534 564 D SystemServerInitThreadPool: Finished executing Update app-ops uidState in case package com.android.systemui.auto_generated_rro_vendor__ changed
04-15 18:43:11.886 534 564 V SystemServerTimingAsync: InitThreadPoolExec:Update app-ops uidState in case package com.android.systemui.auto_generated_rro_vendor__ changed took to complete: 0ms
04-15 18:43:11.886 534 564 D SystemServerTimingAsync: InitThreadPoolExec:Update app-ops uidState in case package android.auto_generated_rro_vendor__ changed
04-15 18:43:11.886 534 564 D SystemServerInitThreadPool: Started executing Update app-ops uidState in case package android.auto_generated_rro_vendor__ changed
04-15 18:43:11.886 534 564 D SystemServerInitThreadPool: Finished executing Update app-ops uidState in case package android.auto_generated_rro_vendor__ changed
04-15 18:43:11.886 534 564 V SystemServerTimingAsync: InitThreadPoolExec:Update app-ops uidState in case package android.auto_generated_rro_vendor__ changed took to complete: 0ms
04-15 18:43:11.886 534 564 D SystemServerTimingAsync: InitThreadPoolExec:Update app-ops uidState in case package com.android.providers.settings.auto_generated_rro_vendor__ changed
04-15 18:43:11.886 534 564 D SystemServerInitThreadPool: Started executing Update app-ops uidState in case package com.android.providers.settings.auto_generated_rro_vendor__ changed
04-15 18:43:11.886 534 564 D SystemServerInitThreadPool: Finished executing Update app-ops uidState in case package com.android.providers.settings.auto_generated_rro_vendor__ changed
04-15 18:43:11.886 534 564 V SystemServerTimingAsync: InitThreadPoolExec:Update app-ops uidState in case package com.android.providers.settings.auto_generated_rro_vendor__ changed took to complete: 0ms
04-15 18:43:11.886 534 564 D SystemServerTimingAsync: InitThreadPoolExec:Update app-ops uidState in case package com.android.systemui.emulation.pixel_6_pro changed
04-15 18:43:11.887 534 564 D SystemServerInitThreadPool: Started executing Update app-ops uidState in case package com.android.systemui.emulation.pixel_6_pro changed
04-15 18:43:11.887 534 564 D SystemServerInitThreadPool: Finished executing Update app-ops uidState in case package com.android.systemui.emulation.pixel_6_pro changed
04-15 18:43:11.887 534 564 V SystemServerTimingAsync: InitThreadPoolExec:Update app-ops uidState in case package com.android.systemui.emulation.pixel_6_pro changed took to complete: 1ms
04-15 18:43:11.887 534 564 D SystemServerTimingAsync: InitThreadPoolExec:Update app-ops uidState in case package com.android.systemui.emulation.pixel_4 changed
04-15 18:43:11.887 534 564 D SystemServerInitThreadPool: Started executing Update app-ops uidState in case package com.android.systemui.emulation.pixel_4 changed
04-15 18:43:11.887 534 564 D SystemServerInitThreadPool: Finished executing Update app-ops uidState in case package com.android.systemui.emulation.pixel_4 changed
04-15 18:43:11.887 534 564 V SystemServerTimingAsync: InitThreadPoolExec:Update app-ops uidState in case package com.android.systemui.emulation.pixel_4 changed took to complete: 0ms
04-15 18:43:11.887 534 564 D SystemServerTimingAsync: InitThreadPoolExec:Update app-ops uidState in case package com.android.systemui.emulation.pixel_3 changed
04-15 18:43:11.887 534 564 D SystemServerInitThreadPool: Started executing Update app-ops uidState in case package com.android.systemui.emulation.pixel_3 changed
04-15 18:43:11.889 534 605 D SystemServerTimingAsync: InitThreadPoolExec:Update app-ops uidState in case package com.android.calllogbackup changed
04-15 18:43:11.889 534 605 D SystemServerInitThreadPool: Started executing Update app-ops uidState in case package com.android.calllogbackup changed
04-15 18:43:11.890 534 534 I ActivityTaskManager: Config changes=10000000 {1.0 ?mcc0mnc [en_US] ldltr sw411dp w411dp h914dp 420dpi nrml long port finger qwerty/v/v -nav/h winConfig={ mBounds=Rect(0, 0 - 1080, 2400) mAppBounds=Rect(0, 0 - 1080, 2400) mMaxBounds=Rect(0, 0 - 1080, 2400) mDisplayRotation=ROTATION_0 mWindowingMode=fullscreen mDisplayWindowingMode=fullscreen mActivityType=undefined mAlwaysOnTop=undefined mRotation=ROTATION_0} s.8 fontWeightAdjustment=0}
04-15 18:43:11.892 534 534 I WindowManager: Override config changes=10000000 {1.0 ?mcc0mnc [en_US] ldltr sw411dp w411dp h914dp 420dpi nrml long port finger qwerty/v/v -nav/h winConfig={ mBounds=Rect(0, 0 - 1080, 2400) mAppBounds=Rect(0, 0 - 1080, 2400) mMaxBounds=Rect(0, 0 - 1080, 2400) mDisplayRotation=ROTATION_0 mWindowingMode=fullscreen mDisplayWindowingMode=fullscreen mActivityType=undefined mAlwaysOnTop=undefined mRotation=ROTATION_0} s.8 fontWeightAdjustment=0} for displayId=0
04-15 18:43:11.898 534 564 D SystemServerInitThreadPool: Finished executing Update app-ops uidState in case package com.android.systemui.emulation.pixel_3 changed
04-15 18:43:11.898 534 564 V SystemServerTimingAsync: InitThreadPoolExec:Update app-ops uidState in case package com.android.systemui.emulation.pixel_3 changed took to complete: 11ms
04-15 18:43:11.898 534 564 D SystemServerTimingAsync: InitThreadPoolExec:Update app-ops uidState in case package com.android.internal.emulation.pixel_3a changed
04-15 18:43:11.899 534 564 D SystemServerInitThreadPool: Started executing Update app-ops uidState in case package com.android.internal.emulation.pixel_3a changed
04-15 18:43:11.899 534 564 D SystemServerInitThreadPool: Finished executing Update app-ops uidState in case package com.android.internal.emulation.pixel_3a changed
04-15 18:43:11.900 534 564 V SystemServerTimingAsync: InitThreadPoolExec:Update app-ops uidState in case package com.android.internal.emulation.pixel_3a changed took to complete: 1ms
04-15 18:43:11.900 534 564 D SystemServerTimingAsync: InitThreadPoolExec:Update app-ops uidState in case package com.android.internal.systemui.navbar.gestural_wide_back changed
04-15 18:43:11.901 534 564 D SystemServerInitThreadPool: Started executing Update app-ops uidState in case package com.android.internal.systemui.navbar.gestural_wide_back changed
04-15 18:43:11.901 534 564 D SystemServerInitThreadPool: Finished executing Update app-ops uidState in case package com.android.internal.systemui.navbar.gestural_wide_back changed
04-15 18:43:11.901 534 564 V SystemServerTimingAsync: InitThreadPoolExec:Update app-ops uidState in case package com.android.internal.systemui.navbar.gestural_wide_back changed took to complete: 1ms
04-15 18:43:11.902 534 564 D SystemServerTimingAsync: InitThreadPoolExec:Update app-ops uidState in case package com.android.systemui.emulation.pixel_5 changed
04-15 18:43:11.925 534 605 D SystemServerInitThreadPool: Finished executing Update app-ops uidState in case package com.android.calllogbackup changed
04-15 18:43:11.926 534 605 V SystemServerTimingAsync: InitThreadPoolExec:Update app-ops uidState in case package com.android.calllogbackup changed took to complete: 37ms
04-15 18:43:11.926 534 605 D SystemServerTimingAsync: InitThreadPoolExec:Update app-ops uidState in case package com.android.internal.display.cutout.emulation.waterfall changed
04-15 18:43:11.926 534 605 D SystemServerInitThreadPool: Started executing Update app-ops uidState in case package com.android.internal.display.cutout.emulation.waterfall changed
04-15 18:43:11.927 534 605 D SystemServerInitThreadPool: Finished executing Update app-ops uidState in case package com.android.internal.display.cutout.emulation.waterfall changed
04-15 18:43:11.927 534 605 V SystemServerTimingAsync: InitThreadPoolExec:Update app-ops uidState in case package com.android.internal.display.cutout.emulation.waterfall changed took to complete: 1ms
04-15 18:43:11.927 534 605 D SystemServerTimingAsync: InitThreadPoolExec:Update app-ops uidState in case package com.android.systemui.emulation.pixel_8 changed
04-15 18:43:11.927 534 605 D SystemServerInitThreadPool: Started executing Update app-ops uidState in case package com.android.systemui.emulation.pixel_8 changed
04-15 18:43:11.927 534 605 D SystemServerInitThreadPool: Finished executing Update app-ops uidState in case package com.android.systemui.emulation.pixel_8 changed
04-15 18:43:11.927 534 605 V SystemServerTimingAsync: InitThreadPoolExec:Update app-ops uidState in case package com.android.systemui.emulation.pixel_8 changed took to complete: 0ms
04-15 18:43:11.927 534 605 D SystemServerTimingAsync: InitThreadPoolExec:Update app-ops uidState in case package com.android.internal.emulation.pixel_6a changed
04-15 18:43:11.927 534 605 D SystemServerInitThreadPool: Started executing Update app-ops uidState in case package com.android.internal.emulation.pixel_6a changed
04-15 18:43:11.927 534 605 D SystemServerInitThreadPool: Finished executing Update app-ops uidState in case package com.android.internal.emulation.pixel_6a changed
04-15 18:43:11.928 534 605 V SystemServerTimingAsync: InitThreadPoolExec:Update app-ops uidState in case package com.android.internal.emulation.pixel_6a changed took to complete: 0ms
04-15 18:43:11.933 534 605 D SystemServerTimingAsync: InitThreadPoolExec:Update app-ops uidState in case package com.android.internal.emulation.pixel_7_pro changed
04-15 18:43:11.934 534 605 D SystemServerInitThreadPool: Started executing Update app-ops uidState in case package com.android.internal.emulation.pixel_7_pro changed
04-15 18:43:11.934 534 605 D SystemServerInitThreadPool: Finished executing Update app-ops uidState in case package com.android.internal.emulation.pixel_7_pro changed
04-15 18:43:11.934 534 605 V SystemServerTimingAsync: InitThreadPoolExec:Update app-ops uidState in case package com.android.internal.emulation.pixel_7_pro changed took to complete: 1ms
04-15 18:43:11.934 534 605 D SystemServerTimingAsync: InitThreadPoolExec:Update app-ops uidState in case package com.android.internal.emulation.pixel_2_xl changed
04-15 18:43:11.934 534 605 D SystemServerInitThreadPool: Started executing Update app-ops uidState in case package com.android.internal.emulation.pixel_2_xl changed
04-15 18:43:11.934 534 605 D SystemServerInitThreadPool: Finished executing Update app-ops uidState in case package com.android.internal.emulation.pixel_2_xl changed
04-15 18:43:11.934 534 605 V SystemServerTimingAsync: InitThreadPoolExec:Update app-ops uidState in case package com.android.internal.emulation.pixel_2_xl changed took to complete: 0ms
04-15 18:43:11.934 534 605 D SystemServerTimingAsync: InitThreadPoolExec:Update app-ops uidState in case package com.android.systemui.emulation.pixel_7 changed
04-15 18:43:11.934 534 605 D SystemServerInitThreadPool: Started executing Update app-ops uidState in case package com.android.systemui.emulation.pixel_7 changed
04-15 18:43:11.935 534 605 D SystemServerInitThreadPool: Finished executing Update app-ops uidState in case package com.android.systemui.emulation.pixel_7 changed
04-15 18:43:11.935 534 605 V SystemServerTimingAsync: InitThreadPoolExec:Update app-ops uidState in case package com.android.systemui.emulation.pixel_7 changed took to complete: 1ms
04-15 18:43:11.935 534 605 D SystemServerTimingAsync: InitThreadPoolExec:Update app-ops uidState in case package com.android.systemui.emulation.pixel_4_xl changed
04-15 18:43:11.935 534 605 D SystemServerInitThreadPool: Started executing Update app-ops uidState in case package com.android.systemui.emulation.pixel_4_xl changed
04-15 18:43:11.935 534 605 D SystemServerInitThreadPool: Finished executing Update app-ops uidState in case package com.android.systemui.emulation.pixel_4_xl changed
04-15 18:43:11.935 534 605 V SystemServerTimingAsync: InitThreadPoolExec:Update app-ops uidState in case package com.android.systemui.emulation.pixel_4_xl changed took to complete: 0ms
04-15 18:43:11.935 534 605 D SystemServerTimingAsync: InitThreadPoolExec:Update app-ops uidState in case package com.android.internal.display.cutout.emulation.tall changed
04-15 18:43:11.935 534 605 D SystemServerInitThreadPool: Started executing Update app-ops uidState in case package com.android.internal.display.cutout.emulation.tall changed
04-15 18:43:11.935 534 605 D SystemServerInitThreadPool: Finished executing Update app-ops uidState in case package com.android.internal.display.cutout.emulation.tall changed
04-15 18:43:11.941 534 605 V SystemServerTimingAsync: InitThreadPoolExec:Update app-ops uidState in case package com.android.internal.display.cutout.emulation.tall changed took to complete: 0ms
04-15 18:43:11.941 534 534 V SystemServerTiming: retrieveSettings took to complete: 73ms
04-15 18:43:11.941 534 534 D SystemServerTiming: Ugm.onSystemReady
04-15 18:43:11.943 534 534 V SystemServerTiming: Ugm.onSystemReady took to complete: 2ms
04-15 18:43:11.943 534 534 D SystemServerTiming: updateForceBackgroundCheck
04-15 18:43:11.952 534 564 D SystemServerInitThreadPool: Started executing Update app-ops uidState in case package com.android.systemui.emulation.pixel_5 changed
04-15 18:43:11.953 534 564 D SystemServerInitThreadPool: Finished executing Update app-ops uidState in case package com.android.systemui.emulation.pixel_5 changed
04-15 18:43:11.953 534 564 V SystemServerTimingAsync: InitThreadPoolExec:Update app-ops uidState in case package com.android.systemui.emulation.pixel_5 changed took to complete: 13ms
04-15 18:43:11.954 534 564 D SystemServerTimingAsync: InitThreadPoolExec:Update app-ops uidState in case package com.android.internal.display.cutout.emulation.corner changed
04-15 18:43:11.954 534 564 D SystemServerInitThreadPool: Started executing Update app-ops uidState in case package com.android.internal.display.cutout.emulation.corner changed
04-15 18:43:11.955 534 564 D SystemServerInitThreadPool: Finished executing Update app-ops uidState in case package com.android.internal.display.cutout.emulation.corner changed
04-15 18:43:11.955 534 564 V SystemServerTimingAsync: InitThreadPoolExec:Update app-ops uidState in case package com.android.internal.display.cutout.emulation.corner changed took to complete: 1ms
04-15 18:43:11.955 534 564 D SystemServerTimingAsync: InitThreadPoolExec:Update app-ops uidState in case package com.android.internal.systemui.navbar.threebutton changed
04-15 18:43:11.956 534 564 D SystemServerInitThreadPool: Started executing Update app-ops uidState in case package com.android.internal.systemui.navbar.threebutton changed
04-15 18:43:11.957 534 564 D SystemServerInitThreadPool: Finished executing Update app-ops uidState in case package com.android.internal.systemui.navbar.threebutton changed
04-15 18:43:11.957 534 564 V SystemServerTimingAsync: InitThreadPoolExec:Update app-ops uidState in case package com.android.internal.systemui.navbar.threebutton changed took to complete: 2ms
04-15 18:43:11.958 534 564 D SystemServerTimingAsync: InitThreadPoolExec:Update app-ops uidState in case package com.android.internal.systemui.navbar.transparent changed
04-15 18:43:11.958 534 564 D SystemServerInitThreadPool: Started executing Update app-ops uidState in case package com.android.internal.systemui.navbar.transparent changed
04-15 18:43:11.964 534 564 D SystemServerInitThreadPool: Finished executing Update app-ops uidState in case package com.android.internal.systemui.navbar.transparent changed
04-15 18:43:11.965 534 534 V SystemServerTiming: updateForceBackgroundCheck took to complete: 11ms
04-15 18:43:11.965 534 534 I SystemServer: Making services ready
04-15 18:43:11.965 534 534 D SystemServerTiming: StartActivityManagerReadyPhase
04-15 18:43:11.965 534 534 I SystemServiceManager: Starting phase 550
04-15 18:43:11.966 534 534 D SystemServerTiming: OnBootPhase_550
04-15 18:43:11.966 534 534 D SystemServerTiming: OnBootPhase_550_com.android.server.security.FileIntegrityService
04-15 18:43:11.966 534 534 V SystemServerTiming: OnBootPhase_550_com.android.server.security.FileIntegrityService took to complete: 0ms
04-15 18:43:11.966 534 534 D SystemServerTiming: OnBootPhase_550_com.android.server.pm.Installer
04-15 18:43:11.967 534 534 V SystemServerTiming: OnBootPhase_550_com.android.server.pm.Installer took to complete: 0ms
04-15 18:43:11.967 534 534 D SystemServerTiming: OnBootPhase_550_com.android.server.os.DeviceIdentifiersPolicyService
04-15 18:43:11.967 534 534 V SystemServerTiming: OnBootPhase_550_com.android.server.os.DeviceIdentifiersPolicyService took to complete: 0ms
04-15 18:43:11.967 534 534 D SystemServerTiming: OnBootPhase_550_com.android.server.uri.UriGrantsManagerService$Lifecycle
04-15 18:43:11.969 534 534 V SystemServerTiming: OnBootPhase_550_com.android.server.uri.UriGrantsManagerService$Lifecycle took to complete: 0ms
04-15 18:43:11.970 534 534 D SystemServerTiming: OnBootPhase_550_com.android.server.powerstats.PowerStatsService
04-15 18:43:11.970 534 534 V SystemServerTiming: OnBootPhase_550_com.android.server.powerstats.PowerStatsService took to complete: 0ms
04-15 18:43:11.970 534 605 D SystemServerTimingAsync: InitThreadPoolExec:Update app-ops uidState in case package com.android.theme.font.notoserifsource changed
04-15 18:43:11.971 534 605 D SystemServerInitThreadPool: Started executing Update app-ops uidState in case package com.android.theme.font.notoserifsource changed
04-15 18:43:11.971 534 605 D SystemServerInitThreadPool: Finished executing Update app-ops uidState in case package com.android.theme.font.notoserifsource changed
04-15 18:43:11.971 534 605 V SystemServerTimingAsync: InitThreadPoolExec:Update app-ops uidState in case package com.android.theme.font.notoserifsource changed took to complete: 1ms
04-15 18:43:11.971 534 605 D SystemServerTimingAsync: InitThreadPoolExec:Update app-ops uidState in case package com.android.internal.emulation.pixel_fold changed
04-15 18:43:11.973 534 605 D SystemServerInitThreadPool: Started executing Update app-ops uidState in case package com.android.internal.emulation.pixel_fold changed
