04-15 18:43:48.471 1314 1314 D vold_prepare_subdirs: Setting up mode 771 uid 0 gid 1000 context u:object_r:apex_module_data_file:s0 on path: /data/misc_ce/0/apexdata/com.android.media.swcodec
04-15 18:43:48.497 534 806 E WifiChipAidlImpl: getUsableChannels failed with service-specific exception: android.os.ServiceSpecificException: (code 4)
04-15 18:43:48.502 1314 1314 D vold_prepare_subdirs: Setting up mode 771 uid 0 gid 1000 context u:object_r:apex_module_data_file:s0 on path: /data/misc_ce/0/apexdata/com.android.adbd
04-15 18:43:48.503 1314 1314 D vold_prepare_subdirs: Setting up mode 771 uid 0 gid 1000 context u:object_r:apex_module_data_file:s0 on path: /data/misc_ce/0/apexdata/com.android.neuralnetworks
04-15 18:43:48.507 1314 1314 D vold_prepare_subdirs: Setting up mode 771 uid 0 gid 1000 context u:object_r:apex_module_data_file:s0 on path: /data/misc_ce/0/apexdata/com.android.cellbroadcast
04-15 18:43:48.527 534 1322 I Telecom : BluetoothRouteManager: getBluetoothAudioConnectedDevice: no service available.❗
04-15 18:43:48.545 1314 1314 D vold_prepare_subdirs: Setting up mode 771 uid 0 gid 1000 context u:object_r:apex_module_data_file:s0 on path: /data/misc_ce/0/apexdata/com.android.adservices
04-15 18:43:48.547 1314 1314 D vold_prepare_subdirs: Setting up mode 771 uid 0 gid 1000 context u:object_r:apex_module_data_file:s0 on path: /data/misc_ce/0/apexdata/com.android.media
04-15 18:43:48.555 1314 1314 D vold_prepare_subdirs: Setting up mode 771 uid 0 gid 1000 context u:object_r:apex_module_data_file:s0 on path: /data/misc_ce/0/apexdata/com.android.art
04-15 18:43:48.563 1314 1314 D vold_prepare_subdirs: Setting up mode 771 uid 0 gid 1000 context u:object_r:apex_system_server_data_file:s0 on path: /data/misc_ce/0/apexdata/com.android.appsearch
04-15 18:43:48.570 1314 1314 D vold_prepare_subdirs: Setting up mode 771 uid 0 gid 1000 context u:object_r:apex_system_server_data_file:s0 on path: /data/misc_ce/0/apexdata/com.android.wifi
04-15 18:43:48.577 1314 1314 D vold_prepare_subdirs: Setting up mode 771 uid 0 gid 1000 context u:object_r:apex_system_server_data_file:s0 on path: /data/misc_ce/0/apexdata/com.android.permission
04-15 18:43:48.578 1314 1314 D vold_prepare_subdirs: Setting up mode 771 uid 0 gid 1000 context u:object_r:apex_module_data_file:s0 on path: /data/misc_ce/0/apexdata/com.android.devicelock
04-15 18:43:48.584 1314 1314 D vold_prepare_subdirs: Setting up mode 771 uid 0 gid 1000 context u:object_r:apex_module_data_file:s0 on path: /data/misc_ce/0/apexdata/com.android.apex.cts.shim
04-15 18:43:48.608 1314 1314 D vold_prepare_subdirs: Setting up mode 771 uid 0 gid 1000 context u:object_r:apex_module_data_file:s0 on path: /data/misc_ce/0/apexdata/com.android.btservices
04-15 18:43:48.630 1314 1314 D vold_prepare_subdirs: Setting up mode 771 uid 0 gid 1000 context u:object_r:apex_module_data_file:s0 on path: /data/misc_ce/0/apexdata/com.android.os.statsd
04-15 18:43:48.631 1314 1314 D vold_prepare_subdirs: Setting up mode 771 uid 0 gid 1000 context u:object_r:apex_module_data_file:s0 on path: /data/misc_ce/0/apexdata/com.android.virt
04-15 18:43:48.668 0 0 I servicemanager: Found android.hardware.wifi.IWifi/default in device VINTF manifest.
04-15 18:43:48.662 1314 1314 D vold_prepare_subdirs: Setting up mode 771 uid 0 gid 1000 context u:object_r:apex_module_data_file:s0 on path: /data/misc_ce/0/apexdata/com.android.healthfitness
04-15 18:43:48.697 1314 1314 D vold_prepare_subdirs: Setting up mode 771 uid 0 gid 1000 context u:object_r:apex_module_data_file:s0 on path: /data/misc_ce/0/apexdata/com.android.rkpd
04-15 18:43:48.699 1314 1314 D vold_prepare_subdirs: Setting up mode 771 uid 0 gid 1000 context u:object_r:apex_module_data_file:s0 on path: /data/misc_ce/0/apexdata/com.android.sdkext
04-15 18:43:48.718 534 559 I DropBoxManagerService: add tag=system_server_strictmode isTagEnabled=true flags=0x2
04-15 18:43:48.721 1314 1314 D vold_prepare_subdirs: Setting up mode 771 uid 0 gid 1000 context u:object_r:apex_module_data_file:s0 on path: /data/misc_ce/0/apexdata/com.android.runtime
04-15 18:43:48.723 1314 1314 D vold_prepare_subdirs: Setting up mode 771 uid 0 gid 1000 context u:object_r:apex_module_data_file:s0 on path: /data/misc_ce/0/apexdata/com.android.i18n
04-15 18:43:48.745 1314 1314 D vold_prepare_subdirs: Setting up mode 771 uid 0 gid 1000 context u:object_r:apex_module_data_file:s0 on path: /data/misc_ce/0/apexdata/com.android.vndk.v34
04-15 18:43:48.747 1314 1314 D vold_prepare_subdirs: Setting up mode 771 uid 0 gid 1000 context u:object_r:apex_module_data_file:s0 on path: /data/misc_ce/0/apexdata/com.android.tzdata
04-15 18:43:48.784 1314 1314 D vold_prepare_subdirs: Setting up mode 771 uid 0 gid 1000 context u:object_r:apex_module_data_file:s0 on path: /data/misc_ce/0/apexdata/sharedlibs
04-15 18:43:48.797 534 806 E WifiChipAidlImpl: getUsableChannels failed with service-specific exception: android.os.ServiceSpecificException: (code 4)
04-15 18:43:48.814 1266 1266 W InputAttributes: No editor info for this field. Bug?
04-15 18:43:48.818 1314 1314 D vold_prepare_subdirs: Setting up mode 770 uid 1000 gid 2001 context u:object_r:checkin_data_file:s0:c512,c768 on path: /data/misc_ce/0/checkin
04-15 18:43:48.848 1314 1314 D vold_prepare_subdirs: Setting up mode 700 uid 1000 gid 1000 context u:object_r:backup_data_file:s0 on path: /data/system_ce/0/backup
04-15 18:43:48.850 1314 1314 D vold_prepare_subdirs: Setting up mode 700 uid 1000 gid 1000 context u:object_r:backup_data_file:s0 on path: /data/system_ce/0/backup_stage
04-15 18:43:48.878 1314 1314 D vold_prepare_subdirs: Setting up mode 700 uid 1000 gid 1000 context u:object_r:face_vendor_data_file:s0 on path: /data/vendor_ce/0/facedata
04-15 18:43:48.897 891 891 V SystemUIBootTiming: StartServices com.android.systemui.keyboard.PhysicalKeyboardCoreStartable took to complete: 579ms
04-15 18:43:48.945 534 557 V UserDataPreparer: Found /data/user/0 with serial number 0
04-15 18:43:48.956 534 557 V UserDataPreparer: Found /data/system_ce/0 with serial number -1
04-15 18:43:48.957 534 557 D UserDataPreparer: Serial number missing on /data/system_ce/0; assuming current is valid
04-15 18:43:48.968 534 557 D UserDataPreparer: Setting property: sys.user.0.ce_available=true
04-15 18:43:49.006 534 806 I SsidTranslator: Locale language changed to en, alternate charset is now null
04-15 18:43:49.034 0 0 I init : Command 'mkdir /sys/kernel/tracing/instances/wifi 711' action=sys.boot_completed=1 && sys.wifitracing.started=0 (/system/etc/init/wifi.rc:36) took 1271ms and succeeded
04-15 18:43:49.026 534 559 I DropBoxManagerService: add tag=system_server_strictmode isTagEnabled=true flags=0x2
04-15 18:43:49.054 1266 1325 I LatinIME:LogUtils: Dictionary info: dictionary = UserHistoryDictionary.en_US ; version = 1776278629 ; date = ?
04-15 18:43:49.063 1266 1325 I LatinIME:LogUtils: Dictionary info: dictionary = userunigram.en_US ; version = 1776278629 ; date = ?
04-15 18:43:49.069 534 607 D CompatibilityChangeReporter: Compat change id reported: 161145287; UID 10108; state: DISABLED
04-15 18:43:49.078 891 945 W Looper : Slow dispatch took 1389ms SysUiBg h=android.os.Handler c=com.android.systemui.broadcast.BroadcastSender$sendInBackground$1@7055b22 m=0
04-15 18:43:49.098 1266 1325 W ActivityThread: Failed to find provider info for user_dictionary (user not unlocked)
04-15 18:43:49.143 534 557 V SystemServerTiming: prepareUserData-0 took to complete: 2084ms
04-15 18:43:49.167 0 0 I init : Command 'write /sys/kernel/tracing/instances/wifi/buffer_size_kb 1' action=sys.boot_completed=1 && sys.wifitracing.started=0 (/system/etc/init/wifi.rc:39) took 106ms and succeeded
04-15 18:43:49.176 534 815 D ConnectivityService: register offer from providerId 3 : NetworkOffer [ Provider Id (3) Score(Policies : EVER_EVALUATED&IS_UNMETERED&EVER_VALIDATED&IS_VALIDATED ; KeepConnected : 0) Caps [ Transports: WIFI Capabilities: NOT_METERED&INTERNET&NOT_RESTRICTED&TRUSTED&NOT_VPN&NOT_ROAMING&NOT_CONGESTED&NOT_SUSPENDED&NOT_VCN_MANAGED LinkUpBandwidth>=1048576Kbps LinkDnBandwidth>=1048576Kbps Specifier: UnderlyingNetworks: Null] Needed by []]
04-15 18:43:49.261 154 1034 I keystore2: system/security/keystore2/src/watchdog.rs:319 - Watchdog thread idle -> terminating. Have a great day.
04-15 18:43:49.276 534 559 I DropBoxManagerService: add tag=system_server_strictmode isTagEnabled=true flags=0x2
04-15 18:43:49.281 534 557 D SystemServerTiming: reconcileAppsData-0
04-15 18:43:49.281 534 557 V PackageManager: reconcileAppsData for null u0 0x2 migrateAppData=true
04-15 18:43:49.289 534 557 W PackageManager: Skipping preparing app data for com.android.configinfrastructure
04-15 18:43:49.290 534 557 W PackageManager: Skipping preparing app data for com.android.appsearch
04-15 18:43:49.290 534 557 W PackageManager: Skipping preparing app data for com.android.adservices
04-15 18:43:49.291 534 557 W PackageManager: Skipping preparing app data for com.android.scheduling
04-15 18:43:49.291 534 557 W PackageManager: Skipping preparing app data for com.android.permission
04-15 18:43:49.307 534 557 W PackageManager: Skipping preparing app data for com.android.art
04-15 18:43:49.307 534 557 W PackageManager: Skipping preparing app data for com.android.uwb
04-15 18:43:49.307 534 557 W PackageManager: Skipping preparing app data for com.android.tethering
04-15 18:43:49.309 534 815 D ConnectivityService: register offer from providerId 4 : NetworkOffer [ Provider Id (4) Score(Policies : EVER_EVALUATED&IS_INVINCIBLE&IS_UNMETERED&EVER_VALIDATED&IS_VALIDATED ; KeepConnected : 0) Caps [ Transports: WIFI Capabilities: NOT_METERED&INTERNET&NOT_RESTRICTED&TRUSTED&NOT_VPN&NOT_ROAMING&NOT_CONGESTED&NOT_SUSPENDED&NOT_VCN_MANAGED LinkUpBandwidth>=1048576Kbps LinkDnBandwidth>=1048576Kbps Specifier: UnderlyingNetworks: Null] Needed by []]
04-15 18:43:49.310 534 815 D ConnectivityService: register offer from providerId 5 : NetworkOffer [ Provider Id (5) Score(Policies : EVER_EVALUATED&IS_INVINCIBLE&IS_UNMETERED&EVER_VALIDATED&IS_VALIDATED ; KeepConnected : 0) Caps [ Transports: WIFI Capabilities: NOT_METERED&INTERNET&TRUSTED&NOT_VPN&NOT_ROAMING&NOT_CONGESTED&NOT_SUSPENDED&NOT_VCN_MANAGED LinkUpBandwidth>=1048576Kbps LinkDnBandwidth>=1048576Kbps Specifier: UnderlyingNetworks: Null] Needed by []]
04-15 18:43:49.314 534 557 W PackageManager: Skipping preparing app data for com.android.btservices
04-15 18:43:49.314 534 557 W PackageManager: Skipping preparing app data for com.android.media.swcodec
04-15 18:43:49.315 534 557 W PackageManager: Skipping preparing app data for com.android.conscrypt
04-15 18:43:49.315 534 557 W PackageManager: Skipping preparing app data for com.android.adbd
04-15 18:43:49.316 534 557 W PackageManager: Skipping preparing app data for com.android.i18n
04-15 18:43:49.317 534 557 W PackageManager: Skipping preparing app data for com.android.rkpd
04-15 18:43:49.317 534 557 W PackageManager: Skipping preparing app data for com.android.virt
04-15 18:43:49.317 534 557 W PackageManager: Skipping preparing app data for com.android.wifi
04-15 18:43:49.318 534 557 W PackageManager: Skipping preparing app data for com.android.runtime
04-15 18:43:49.318 534 557 W PackageManager: Skipping preparing app data for com.android.devicelock
04-15 18:43:49.321 1287 1287 W ContextImpl: Failed to ensure /data/user/0/android.ext.services/cache: mkdir failed: ENOENT (No such file or directory)
04-15 18:43:49.322 1287 1287 W ContextImpl: Failed to update user.inode_cache: stat failed: ENOENT (No such file or directory)
04-15 18:43:49.343 0 0 I init : Command 'write /sys/kernel/tracing/instances/wifi/events/cfg80211/rdev_connect/enable 1' action=sys.boot_completed=1 && sys.wifitracing.started=0 (/system/etc/init/wifi.rc:59) took 56ms and succeeded
04-15 18:43:49.371 891 1009 D WallpaperService: Wallpaper has updated the surface:null
04-15 18:43:49.409 1287 1287 V GraphicsEnvironment: Currently set values for:
04-15 18:43:49.414 1287 1287 V GraphicsEnvironment: angle_gl_driver_selection_pkgs=[]
04-15 18:43:49.434 1266 1325 I BinaryDictionaryFileDumper: reinitializeClientRecordInDictionaryContentProvider() : MetadataFileUri =
04-15 18:43:49.448 1287 1287 V GraphicsEnvironment: angle_gl_driver_selection_values=[]
04-15 18:43:49.493 1287 1287 V GraphicsEnvironment: ANGLE GameManagerService for android.ext.services: false
04-15 18:43:49.494 1287 1287 V GraphicsEnvironment: android.ext.services is not listed in per-application setting
04-15 18:43:49.318 534 557 W PackageManager: Skipping preparing app data for com.android.apex.cts.shim
04-15 18:43:49.499 534 815 D ConnectivityService: register offer from providerId 6 : NetworkOffer [ Provider Id (6) Score(Policies : EVER_EVALUATED&IS_INVINCIBLE&IS_UNMETERED&EVER_VALIDATED&IS_VALIDATED ; KeepConnected : 0) Caps [ Transports: WIFI Capabilities: NOT_METERED&INTERNET&NOT_RESTRICTED&TRUSTED&NOT_VPN&NOT_ROAMING&NOT_CONGESTED&NOT_SUSPENDED&OEM_PAID&OEM_PRIVATE&NOT_VCN_MANAGED LinkUpBandwidth>=1048576Kbps LinkDnBandwidth>=1048576Kbps Specifier: UnderlyingNetworks: Null] Needed by []]
04-15 18:43:49.501 534 806 D WifiNetworkFactory: got request NetworkRequest [ REQUEST id=24, [ Capabilities: INTERNET&NOT_RESTRICTED&TRUSTED&NOT_VCN_MANAGED Uid: 10118 RequestorUid: 10118 RequestorPkg: com.android.systemui UnderlyingNetworks: Null] ]
04-15 18:43:49.504 534 815 D ConnectivityService: register offer from providerId 7 : NetworkOffer [ Provider Id (7) Score(Policies : EVER_EVALUATED&IS_INVINCIBLE&IS_UNMETERED&EVER_VALIDATED&IS_VALIDATED ; KeepConnected : 0) Caps [ Transports: WIFI Capabilities: NOT_METERED&INTERNET&NOT_RESTRICTED&TRUSTED&NOT_VPN&NOT_ROAMING&NOT_CONGESTED&NOT_SUSPENDED&NOT_VCN_MANAGED LinkUpBandwidth>=1048576Kbps LinkDnBandwidth>=1048576Kbps Specifier: UnderlyingNetworks: Null] Needed by []]
04-15 18:43:49.527 1131 1131 D CompatibilityChangeReporter: Compat change id reported: 171228096; UID 1000; state: ENABLED
04-15 18:43:49.551 0 0 I init : processing action (dev.bootcomplete=1 && vendor.qemu.dev.bootcomplete=0) from (/vendor/etc/init/hw/init.ranchu.rc:107)
04-15 18:43:49.569 534 806 D WifiConnectivityHelper: Firmware supported feature set: 19d81c8b8000019
04-15 18:43:49.570 534 806 D WifiConnectivityHelper: Firmware roaming is not supported
04-15 18:43:49.582 0 0 I init : starting service 'qemu-props-bootcomplete'...
04-15 18:43:49.578 1287 1287 V GraphicsEnvironment: Neither updatable production driver nor prerelease driver is supported.
04-15 18:43:49.614 534 557 W PackageManager: Skipping preparing app data for com.android.neuralnetworks
04-15 18:43:49.614 534 557 W PackageManager: Skipping preparing app data for com.android.healthfitness
04-15 18:43:49.615 534 557 W PackageManager: Skipping preparing app data for com.android.resolv
04-15 18:43:49.615 534 557 W PackageManager: Skipping preparing app data for com.android.sdkext
04-15 18:43:49.615 534 557 W PackageManager: Skipping preparing app data for com.android.tzdata
04-15 18:43:49.665 0 0 I init : ... started service 'qemu-props-bootcomplete' has pid 1332
04-15 18:43:49.665 0 0 I init : Command 'start qemu-props-bootcomplete' action=dev.bootcomplete=1 && vendor.qemu.dev.bootcomplete=0 (/vendor/etc/init/hw/init.ranchu.rc:109) took 91ms and succeeded
04-15 18:43:49.676 0 0 I init : starting service 'ranchu-setup'...
04-15 18:43:49.740 0 0 I init : ... started service 'ranchu-setup' has pid 1335
04-15 18:43:49.740 0 0 I init : Command 'start ranchu-setup' action=dev.bootcomplete=1 && vendor.qemu.dev.bootcomplete=0 (/vendor/etc/init/hw/init.ranchu.rc:110) took 74ms and succeeded
04-15 18:43:49.741 0 0 I init : processing action (persist.sys.zram_enabled=1 && sys-boot-completed-set) from (/vendor/etc/init/hw/init.ranchu.rc:198)
04-15 18:43:49.791 0 0 I zram0 : detected capacity change from 0 to 3032288
04-15 18:43:50.256 534 557 W PackageManager: Skipping preparing app data for com.android.vndk.v34
04-15 18:43:50.257 534 557 W PackageManager: Skipping preparing app data for com.android.os.statsd
04-15 18:43:50.389 0 0 I mkswap : Swapspace size: 1516140k, UUID=a65444ba-ca5f-4267-97b7-b55eb9f4775a
04-15 18:43:50.388 534 557 W PackageManager: Skipping preparing app data for com.android.extservices
04-15 18:43:50.389 534 557 W PackageManager: Skipping preparing app data for com.android.cellbroadcast
04-15 18:43:50.410 0 0 I : Adding 1516140k swap on /dev/block/zram0. Priority:-2 extents:1 across:1516140k SS
04-15 18:43:50.416 0 0 I init : Command 'swapon_all /vendor/etc/fstab.${ro.hardware}' action=persist.sys.zram_enabled=1 && sys-boot-completed-set (/vendor/etc/init/hw/init.ranchu.rc:199) took 674ms and succeeded
04-15 18:43:50.417 0 0 I init : Service 'qemu-props-bootcomplete' (pid 1332) exited with status 0 oneshot service took 0.816000 seconds in background
04-15 18:43:50.417 0 0 I init : Sending signal 9 to service 'qemu-props-bootcomplete' (pid 1332) process group...
04-15 18:43:50.417 0 0 I libprocessgroup: Successfully killed process cgroup uid 0 pid 1332 in 0ms
04-15 18:43:50.424 0 0 I init : processing action (bootreceiver.enable=1 && dmesgd.start=1 && ro.product.cpu.abilist64=*) from (/system/etc/init/dmesgd.rc:12)
04-15 18:43:50.425 0 0 I init : starting service 'dmesgd'...
04-15 18:43:50.571 1266 1325 I LatinIME:LogUtils: Dictionary info: dictionary = main:de ; version = 54 ; date = 1414726263
04-15 18:43:50.573 534 557 W PackageManager: Skipping preparing app data for com.android.ipsec
04-15 18:43:50.573 534 557 W PackageManager: Skipping preparing app data for com.android.media
04-15 18:43:50.574 534 557 W PackageManager: Skipping preparing app data for com.android.sdksandbox
04-15 18:43:50.633 0 0 I init : ... started service 'dmesgd' has pid 1342
04-15 18:43:50.633 0 0 I init : Command 'start dmesgd' action=bootreceiver.enable=1 && dmesgd.start=1 && ro.product.cpu.abilist64=* (/system/etc/init/dmesgd.rc:13) took 208ms and succeeded
04-15 18:43:50.654 0 0 I init : processing action (sys.user.0.ce_available=true) from (/system/etc/init/wifi.rc:21)
04-15 18:43:50.677 1266 1325 I LatinIME:LogUtils: Dictionary info: dictionary = main:en ; version = 54 ; date = 1414726273
04-15 18:43:50.708 0 0 I init : Command 'restorecon_recursive /data/misc_ce/0/apexdata/com.android.wifi' action=sys.user.0.ce_available=true (/system/etc/init/wifi.rc:22) took 53ms and succeeded
04-15 18:43:50.708 0 0 I init : processing action (sys.boot_completed=1 && sys.wifitracing.started=1 && wifi.interface=*) from (/system/etc/init/wifi.rc:98)
04-15 18:43:50.744 1266 1325 I LatinIME:LogUtils: Dictionary info: dictionary = main:es ; version = 54 ; date = 1414726268
04-15 18:43:50.760 0 0 I init : Command 'write /sys/kernel/tracing/instances/wifi/events/net/filter name==${wifi.interface}' action=sys.boot_completed=1 && sys.wifitracing.started=1 && wifi.interface=* (/system/etc/init/wifi.rc:101) took 51ms and succeeded
04-15 18:43:50.770 534 806 E WifiScoringParams: Invalid frequency(-1), using 5G as default rssi array
04-15 18:43:50.774 534 557 W PackageManager: Skipping preparing app data for com.android.mediaprovider
04-15 18:43:50.802 1266 1325 I LatinIME:LogUtils: Dictionary info: dictionary = main:fr ; version = 54 ; date = 1414726264
04-15 18:43:50.885 534 557 W PackageManager: Skipping preparing app data for com.android.ondevicepersonalization
04-15 18:43:50.900 0 0 I init : Service 'ranchu-setup' (pid 1335) exited with status 0 oneshot service took 1.200000 seconds in background
04-15 18:43:50.900 0 0 I init : Sending signal 9 to service 'ranchu-setup' (pid 1335) process group...
04-15 18:43:50.901 0 0 I libprocessgroup: Successfully killed process cgroup uid 0 pid 1335 in 0ms
04-15 18:43:50.898 534 550 I ActivityManager: Flag disabled. Ignoring finishAttachApplication from uid: 10125. pid: 1287
04-15 18:43:50.904 1266 1325 I LatinIME:LogUtils: Dictionary info: dictionary = main:it ; version = 54 ; date = 1414726258
04-15 18:43:50.907 534 806 D WifiNetworkFactory: got request NetworkRequest [ REQUEST id=22, [ Capabilities: INTERNET&NOT_RESTRICTED&TRUSTED&NOT_VCN_MANAGED Uid: 10118 RequestorUid: 10118 RequestorPkg: com.android.systemui UnderlyingNetworks: Null] ]
04-15 18:43:50.907 534 806 D WifiNetworkFactory: got request NetworkRequest [ REQUEST id=1, [ Capabilities: INTERNET&NOT_RESTRICTED&TRUSTED&NOT_VPN&NOT_VCN_MANAGED RequestorUid: 1000 RequestorPkg: android UnderlyingNetworks: Null] ]
04-15 18:43:50.909 534 806 D WifiNetworkFactory: got request NetworkRequest [ REQUEST id=7, [ Capabilities: INTERNET&NOT_RESTRICTED&TRUSTED&NOT_VCN_MANAGED Uid: 1000 RequestorUid: 1000 RequestorPkg: android UnderlyingNetworks: Null] ]
04-15 18:43:50.909 534 806 D WifiNetworkFactory: got request NetworkRequest [ REQUEST id=17, [ Capabilities: INTERNET&NOT_RESTRICTED&TRUSTED&NOT_VCN_MANAGED Uid: 1073 RequestorUid: 1073 RequestorPkg: com.android.networkstack UnderlyingNetworks: Null] ]
04-15 18:43:50.911 891 891 V SystemUIBootTiming: StartServices com.android.systemui.keyguard.KeyguardViewMediator took to complete: 2013ms
04-15 18:43:50.925 891 891 W SystemUIService: Initialization of com.android.systemui.keyguard.KeyguardViewMediator took 2027 ms
04-15 18:43:50.926 891 891 D ResourceTrimmer: Resource trimmer registered.
04-15 18:43:51.030 534 806 D WifiNetworkFactory: got request NetworkRequest [ REQUEST id=15, [ Capabilities: INTERNET&NOT_RESTRICTED&TRUSTED&NOT_VCN_MANAGED Uid: 1000 RequestorUid: 1000 RequestorPkg: android UnderlyingNetworks: Null] ]
04-15 18:43:51.038 1118 1118 D SatelliteProvider: onCreate
04-15 18:43:51.057 1266 1325 I LatinIME:LogUtils: Dictionary info: dictionary = main:ru ; version = 54 ; date = 1414726277
04-15 18:43:51.091 1266 1325 I BinaryDictionaryFileDumper: reinitializeClientRecordInDictionaryContentProvider() : Insert DictionaryInfo : Id = 'main:de' : Locale=de : Version=54
04-15 18:43:51.144 376 424 W AudioFlinger: createTrack_l(): mismatch between requested flags (00000004) and output flags (00000002)
04-15 18:43:51.177 1342 1342 E dmesgd : /data/misc/dmesgd/sent_reports.txt is empty: No such file or directory
04-15 18:43:51.192 534 806 D UntrustedWifiNetworkFactory: got request NetworkRequest [ REQUEST id=24, [ Capabilities: INTERNET&NOT_RESTRICTED&TRUSTED&NOT_VCN_MANAGED Uid: 10118 RequestorUid: 10118 RequestorPkg: com.android.systemui UnderlyingNetworks: Null] ]
04-15 18:43:51.193 534 806 D UntrustedWifiNetworkFactory: got request NetworkRequest [ REQUEST id=22, [ Capabilities: INTERNET&NOT_RESTRICTED&TRUSTED&NOT_VCN_MANAGED Uid: 10118 RequestorUid: 10118 RequestorPkg: com.android.systemui UnderlyingNetworks: Null] ]
04-15 18:43:51.193 534 806 D UntrustedWifiNetworkFactory: got request NetworkRequest [ REQUEST id=1, [ Capabilities: INTERNET&NOT_RESTRICTED&TRUSTED&NOT_VPN&NOT_VCN_MANAGED RequestorUid: 1000 RequestorPkg: android UnderlyingNetworks: Null] ]
04-15 18:43:51.277 376 424 D AF::TrackHandle: OpPlayAudio: track:55 usage:13 not muted
04-15 18:43:51.311 891 891 V SystemUIBootTiming: StartServices com.android.systemui.keyguard.ResourceTrimmer took to complete: 384ms
04-15 18:43:51.365 534 806 D UntrustedWifiNetworkFactory: got request NetworkRequest [ REQUEST id=7, [ Capabilities: INTERNET&NOT_RESTRICTED&TRUSTED&NOT_VCN_MANAGED Uid: 1000 RequestorUid: 1000 RequestorPkg: android UnderlyingNetworks: Null] ]
04-15 18:43:51.366 534 806 D UntrustedWifiNetworkFactory: got request NetworkRequest [ REQUEST id=17, [ Capabilities: INTERNET&NOT_RESTRICTED&TRUSTED&NOT_VCN_MANAGED Uid: 1073 RequestorUid: 1073 RequestorPkg: com.android.networkstack UnderlyingNetworks: Null] ]
04-15 18:43:51.366 534 806 D UntrustedWifiNetworkFactory: got request NetworkRequest [ REQUEST id=15, [ Capabilities: INTERNET&NOT_RESTRICTED&TRUSTED&NOT_VCN_MANAGED Uid: 1000 RequestorUid: 1000 RequestorPkg: android UnderlyingNetworks: Null] ]
04-15 18:43:51.386 1118 1118 D TelephonyProvider: onCreate: build id changed from to UE1A.230829.036.A1
04-15 18:43:51.387 1118 1118 D TelephonyProvider: Load APNs from /system/etc/apns-conf.xml instead of /oem/telephony/apns-conf.xml
04-15 18:43:51.387 1118 1118 D TelephonyProvider: Load APNs from /product/etc/apns-conf.xml instead of /system/etc/apns-conf.xml
04-15 18:43:51.395 534 806 D OemPaidWifiNetworkFactory: got request NetworkRequest [ REQUEST id=24, [ Capabilities: INTERNET&NOT_RESTRICTED&TRUSTED&NOT_VCN_MANAGED Uid: 10118 RequestorUid: 10118 RequestorPkg: com.android.systemui UnderlyingNetworks: Null] ]
04-15 18:43:51.395 534 806 D OemPaidWifiNetworkFactory: got request NetworkRequest [ REQUEST id=22, [ Capabilities: INTERNET&NOT_RESTRICTED&TRUSTED&NOT_VCN_MANAGED Uid: 10118 RequestorUid: 10118 RequestorPkg: com.android.systemui UnderlyingNetworks: Null] ]
04-15 18:43:51.437 534 806 D OemPaidWifiNetworkFactory: got request NetworkRequest [ REQUEST id=1, [ Capabilities: INTERNET&NOT_RESTRICTED&TRUSTED&NOT_VPN&NOT_VCN_MANAGED RequestorUid: 1000 RequestorPkg: android UnderlyingNetworks: Null] ]
04-15 18:43:51.442 1118 1118 D TelephonyProvider: Load APNs from /data/misc/apns/apns-conf.xml instead of /product/etc/apns-conf.xml
04-15 18:43:51.461 534 619 D CompatibilityChangeReporter: Compat change id reported: 265195908; UID 10108; state: ENABLED
04-15 18:43:51.474 1118 1118 D TelephonyProvider: Checksum for /data/misc/apns/apns-conf.xml is 2001431324
04-15 18:43:51.483 1118 1118 D TelephonyProvider: Checksum after adding resource is 61296002
04-15 18:43:51.488 534 1329 D CompatibilityChangeReporter: Compat change id reported: 229362273; UID 10108; state: DISABLED
04-15 18:43:51.490 534 806 D OemPaidWifiNetworkFactory: got request NetworkRequest [ REQUEST id=7, [ Capabilities: INTERNET&NOT_RESTRICTED&TRUSTED&NOT_VCN_MANAGED Uid: 1000 RequestorUid: 1000 RequestorPkg: android UnderlyingNetworks: Null] ]
04-15 18:43:51.490 534 806 D OemPaidWifiNetworkFactory: got request NetworkRequest [ REQUEST id=17, [ Capabilities: INTERNET&NOT_RESTRICTED&TRUSTED&NOT_VCN_MANAGED Uid: 1073 RequestorUid: 1073 RequestorPkg: com.android.networkstack UnderlyingNetworks: Null] ]
04-15 18:43:51.490 534 806 D OemPaidWifiNetworkFactory: got request NetworkRequest [ REQUEST id=15, [ Capabilities: INTERNET&NOT_RESTRICTED&TRUSTED&NOT_VCN_MANAGED Uid: 1000 RequestorUid: 1000 RequestorPkg: android UnderlyingNetworks: Null] ]
04-15 18:43:51.491 534 806 D MultiInternetWifiNetworkFactory: got request NetworkRequest [ REQUEST id=24, [ Capabilities: INTERNET&NOT_RESTRICTED&TRUSTED&NOT_VCN_MANAGED Uid: 10118 RequestorUid: 10118 RequestorPkg: com.android.systemui UnderlyingNetworks: Null] ]
04-15 18:43:51.491 534 806 D MultiInternetWifiNetworkFactory: got request NetworkRequest [ REQUEST id=22, [ Capabilities: INTERNET&NOT_RESTRICTED&TRUSTED&NOT_VCN_MANAGED Uid: 10118 RequestorUid: 10118 RequestorPkg: com.android.systemui UnderlyingNetworks: Null] ]
04-15 18:43:51.491 534 806 D MultiInternetWifiNetworkFactory: got request NetworkRequest [ REQUEST id=1, [ Capabilities: INTERNET&NOT_RESTRICTED&TRUSTED&NOT_VPN&NOT_VCN_MANAGED RequestorUid: 1000 RequestorPkg: android UnderlyingNetworks: Null] ]
04-15 18:43:51.493 534 806 D MultiInternetWifiNetworkFactory: got request NetworkRequest [ REQUEST id=7, [ Capabilities: INTERNET&NOT_RESTRICTED&TRUSTED&NOT_VCN_MANAGED Uid: 1000 RequestorUid: 1000 RequestorPkg: android UnderlyingNetworks: Null] ]
04-15 18:43:51.506 534 806 D MultiInternetWifiNetworkFactory: got request NetworkRequest [ REQUEST id=17, [ Capabilities: INTERNET&NOT_RESTRICTED&TRUSTED&NOT_VCN_MANAGED Uid: 1073 RequestorUid: 1073 RequestorPkg: com.android.networkstack UnderlyingNetworks: Null] ]
04-15 18:43:51.507 534 806 D MultiInternetWifiNetworkFactory: got request NetworkRequest [ REQUEST id=15, [ Capabilities: INTERNET&NOT_RESTRICTED&TRUSTED&NOT_VCN_MANAGED Uid: 1000 RequestorUid: 1000 RequestorPkg: android UnderlyingNetworks: Null] ]
04-15 18:43:51.682 1118 1118 D TelephonyProvider: newChecksum: 2062727326
04-15 18:43:51.826 376 424 D audioserver: FGS Logger Transaction failed
04-15 18:43:51.833 376 424 D audioserver: -129
04-15 18:43:52.401 1118 1118 D TelephonyProvider: oldChecksum: -1
04-15 18:43:52.790 534 567 W system_server: Long monitor contention with owner binder:534_9 (1329) at boolean android.os.MessageQueue.enqueueMessage(android.os.Message, long)(MessageQueue.java:600) waiters=0 in android.os.Message android.os.MessageQueue.next() for 1.184s
04-15 18:43:52.829 534 550 W system_server: Long monitor contention with owner binder:534_9 (1329) at int com.android.server.am.ActivityManagerService.broadcastIntentWithFeature(android.app.IApplicationThread, java.lang.String, android.content.Intent, java.lang.String, android.content.IIntentReceiver, int, java.lang.String, android.os.Bundle, java.lang.String[], java.lang.String[], java.lang.String[], int, android.os.Bundle, boolean, boolean, int)(ActivityManagerService.java:15343) waiters=0 in void com.android.server.am.ActivityManagerService.publishService(android.os.IBinder, android.content.Intent, android.os.IBinder) for 1.617s
04-15 18:43:52.936 376 498 W AudioFlinger: write blocked for 596 msecs, 1 delayed writes, thread 13
04-15 18:43:52.969 891 1331 D MediaCodecList: codecHandlesFormat: no format, so no extra checks
04-15 18:43:52.996 1266 1325 I BinaryDictionaryFileDumper: reinitializeClientRecordInDictionaryContentProvider() : Insert DictionaryInfo : Id = 'main:en' : Locale=en : Version=54
04-15 18:43:53.007 376 498 D AudioFlinger: mixer(0x7cb6be505930) throttle end: throttle time(11)
04-15 18:43:53.131 376 498 D audioserver: FGS Logger Transaction failed
04-15 18:43:53.132 376 498 D audioserver: -129
04-15 18:43:53.511 0 0 I init : Service 'dmesgd' (pid 1342) exited with status 0 oneshot service took 3.079000 seconds in background
04-15 18:43:53.532 0 0 I init : Sending signal 9 to service 'dmesgd' (pid 1342) process group...
04-15 18:43:53.534 0 0 I libprocessgroup: Successfully killed process cgroup uid 1086 pid 1342 in 1ms
04-15 18:43:53.554 534 1330 I Telecom : Logging.Events: Non-call EVENT: AUDIO_ROUTE, Entering state QuiescentSpeakerRoute❗
04-15 18:43:53.554 534 1330 I Telecom : BluetoothRouteManager: getBluetoothAudioConnectedDevice: no service available.❗
04-15 18:43:53.625 1266 1325 I BinaryDictionaryFileDumper: reinitializeClientRecordInDictionaryContentProvider() : Insert DictionaryInfo : Id = 'main:es' : Locale=es : Version=54
04-15 18:43:53.747 1043 1049 I webview_zygote: Background concurrent copying GC freed 662(88KB) AllocSpace objects, 0(0B) LOS objects, 49% free, 1959KB/3919KB, paused 291us,40us total 2.814s
04-15 18:43:53.823 1266 1325 I BinaryDictionaryFileDumper: reinitializeClientRecordInDictionaryContentProvider() : Insert DictionaryInfo : Id = 'main:fr' : Locale=fr : Version=54
04-15 18:43:53.919 534 619 D CompatibilityChangeReporter: Compat change id reported: 265195908; UID 10125; state: ENABLED
04-15 18:43:54.114 1266 1325 I BinaryDictionaryFileDumper: reinitializeClientRecordInDictionaryContentProvider() : Insert DictionaryInfo : Id = 'main:it' : Locale=it : Version=54
04-15 18:43:54.142 891 891 D BouncerMessageAuditLogger: biometricMessage: null
04-15 18:43:54.249 1266 1325 I BinaryDictionaryFileDumper: reinitializeClientRecordInDictionaryContentProvider() : Insert DictionaryInfo : Id = 'main:ru' : Locale=ru : Version=54
04-15 18:43:54.283 1118 1118 D TelephonyProvider: dbh.onCreate:+ db=SQLiteDatabase: /data/user_de/0/com.android.providers.telephony/databases/telephony.db
04-15 18:43:54.301 1118 1118 D TelephonyProvider: dbh.createSimInfoTable:+ siminfo
04-15 18:43:54.313 1118 1118 D TelephonyProvider: dbh.createSimInfoTable:-
04-15 18:43:54.314 1118 1118 D TelephonyProvider: dbh.createCarriersTable: carriers
04-15 18:43:54.338 1118 1118 D TelephonyProvider: dbh.createCarriersTable:-
04-15 18:43:54.340 1118 1118 D TelephonyProvider: dbh.onCreate: Apply apns from xml.
04-15 18:43:54.343 1118 1118 D TelephonyProvider: Load APNs from /system/etc/apns-conf.xml instead of /oem/telephony/apns-conf.xml
04-15 18:43:54.345 1118 1118 D TelephonyProvider: Load APNs from /product/etc/apns-conf.xml instead of /system/etc/apns-conf.xml
04-15 18:43:54.348 1118 1118 D TelephonyProvider: Load APNs from /data/misc/apns/apns-conf.xml instead of /product/etc/apns-conf.xml
04-15 18:43:54.349 1118 1118 D TelephonyProvider: confFile = /data/misc/apns/apns-conf.xml
04-15 18:43:54.368 534 567 W ActivityManager: Timeout executing service: ServiceRecord{ea73a5f u0 com.android.systemui/.SystemUIService}
04-15 18:43:54.378 891 1349 D CCodec : allocate(c2.android.vorbis.decoder)
04-15 18:43:54.419 891 891 D BouncerMessageAuditLogger: primaryAuthMessage: null
04-15 18:43:54.558 0 0 I apexd : Deleting unused dm device com.android.apex.cts.shim
04-15 18:43:54.555 891 1349 I Codec2Client: Available Codec2 services: "default" "software"
04-15 18:43:54.564 0 0 E apexd : Didn't generate uevent for [com.android.apex.cts.shim] removal
04-15 18:43:54.564 0 0 W apexd : Failed to delete dm-device com.android.apex.cts.shim
04-15 18:43:54.565 0 0 I apexd : Deleting unused dm device com.android.btservices
04-15 18:43:54.570 0 0 E apexd : Didn't generate uevent for [com.android.btservices] removal
04-15 18:43:54.570 0 0 W apexd : Failed to delete dm-device com.android.btservices
04-15 18:43:54.570 0 0 I apexd : Deleting unused dm device com.android.devicelock
04-15 18:43:54.577 0 0 E apexd : Didn't generate uevent for [com.android.devicelock] removal
04-15 18:43:54.577 0 0 W apexd : Failed to delete dm-device com.android.devicelock
04-15 18:43:54.577 0 0 I apexd : Deleting unused dm device com.android.healthfitness
04-15 18:43:54.581 0 0 E apexd : Didn't generate uevent for [com.android.healthfitness] removal
04-15 18:43:54.581 0 0 W apexd : Failed to delete dm-device com.android.healthfitness
04-15 18:43:54.581 0 0 I apexd : Deleting unused dm device com.android.i18n
04-15 18:43:54.585 0 0 E apexd : Didn't generate uevent for [com.android.i18n] removal
04-15 18:43:54.585 0 0 W apexd : Failed to delete dm-device com.android.i18n
04-15 18:43:54.585 0 0 I apexd : Deleting unused dm device com.android.os.statsd
04-15 18:43:54.587 0 0 E apexd : Didn't generate uevent for [com.android.os.statsd] removal
04-15 18:43:54.587 0 0 W apexd : Failed to delete dm-device com.android.os.statsd
04-15 18:43:54.587 0 0 I apexd : Deleting unused dm device com.android.rkpd
04-15 18:43:54.590 0 0 E apexd : Didn't generate uevent for [com.android.rkpd] removal
04-15 18:43:54.590 0 0 W apexd : Failed to delete dm-device com.android.rkpd
04-15 18:43:54.590 0 0 I apexd : Deleting unused dm device com.android.runtime
04-15 18:43:54.591 0 0 E apexd : Didn't generate uevent for [com.android.runtime] removal
04-15 18:43:54.591 0 0 W apexd : Failed to delete dm-device com.android.runtime
04-15 18:43:54.595 0 0 I apexd : Deleting unused dm device com.android.sdkext
04-15 18:43:54.596 0 0 E apexd : Didn't generate uevent for [com.android.sdkext] removal
04-15 18:43:54.596 0 0 W apexd : Failed to delete dm-device com.android.sdkext
04-15 18:43:54.596 0 0 I apexd : Deleting unused dm device com.android.tzdata
04-15 18:43:54.597 0 0 E apexd : Didn't generate uevent for [com.android.tzdata] removal
04-15 18:43:54.597 0 0 W apexd : Failed to delete dm-device com.android.tzdata
04-15 18:43:54.597 0 0 I apexd : Deleting unused dm device com.android.virt
04-15 18:43:54.597 0 0 E apexd : Didn't generate uevent for [com.android.virt] removal
04-15 18:43:54.597 0 0 W apexd : Failed to delete dm-device com.android.virt
04-15 18:43:54.598 0 0 I apexd : Deleting unused dm device com.android.vndk.v34
04-15 18:43:54.593 891 891 D BouncerMessageAuditLogger: customMessage: null
04-15 18:43:54.594 891 891 D BouncerMessageAuditLogger: faceAcquisitionMessage: null
04-15 18:43:54.594 891 891 D BouncerMessageAuditLogger: fingerprintAcquisitionMessage: null
04-15 18:43:54.595 891 891 D BouncerMessageAuditLogger: authFlagsMessage: null
04-15 18:43:54.597 891 1349 I CCodec : setting up 'default' as default (vendor) store
04-15 18:43:54.623 0 0 E apexd : Didn't generate uevent for [com.android.vndk.v34] removal
04-15 18:43:54.623 0 0 W apexd : Failed to delete dm-device com.android.vndk.v34
04-15 18:43:54.855 891 1349 I CCodec : Created component [c2.android.vorbis.decoder]
04-15 18:43:54.871 891 1349 D CCodecConfig: read media type: audio/vorbis
04-15 18:43:54.932 891 1349 D ReflectedParamUpdater: extent() != 1 for single value type: algo.buffers.max-count.values
04-15 18:43:54.934 891 1349 D ReflectedParamUpdater: extent() != 1 for single value type: output.subscribed-indices.values
04-15 18:43:54.935 891 1349 D ReflectedParamUpdater: extent() != 1 for single value type: input.buffers.allocator-ids.values
04-15 18:43:54.941 891 1349 D ReflectedParamUpdater: extent() != 1 for single value type: output.buffers.allocator-ids.values
04-15 18:43:54.941 891 1349 D ReflectedParamUpdater: extent() != 1 for single value type: algo.buffers.allocator-ids.values
04-15 18:43:54.942 891 1349 D ReflectedParamUpdater: extent() != 1 for single value type: output.buffers.pool-ids.values
04-15 18:43:54.943 891 1349 D ReflectedParamUpdater: extent() != 1 for single value type: algo.buffers.pool-ids.values
04-15 18:43:55.004 891 1349 I CCodecConfig: query failed after returning 7 values (BAD_INDEX)
04-15 18:43:55.006 891 1349 D CCodecConfig: c2 config diff is Dict {
04-15 18:43:55.006 891 1349 D CCodecConfig: c2::u32 coded.bitrate.value = 64000
04-15 18:43:55.006 891 1349 D CCodecConfig: c2::u32 input.buffers.max-size.value = 32768
04-15 18:43:55.006 891 1349 D CCodecConfig: c2::u32 input.delay.value = 0
04-15 18:43:55.006 891 1349 D CCodecConfig: string input.media-type.value = "audio/vorbis"
04-15 18:43:55.006 891 1349 D CCodecConfig: string output.media-type.value = "audio/raw"
04-15 18:43:55.006 891 1349 D CCodecConfig: c2::u32 raw.channel-count.value = 1
04-15 18:43:55.006 891 1349 D CCodecConfig: c2::u32 raw.sample-rate.value = 48000
04-15 18:43:55.006 891 1349 D CCodecConfig: }
04-15 18:43:55.059 891 1349 D MediaCodec: flushMediametrics
04-15 18:43:55.081 891 1349 D CCodec : [c2.android.vorbis.decoder] buffers are bound to CCodec for this session
04-15 18:43:55.098 891 1349 D CCodecConfig: no c2 equivalents for durationUs
04-15 18:43:55.098 891 1349 D CCodecConfig: no c2 equivalents for track-id
04-15 18:43:55.098 891 1349 D CCodecConfig: no c2 equivalents for csd-1
04-15 18:43:55.099 891 1349 D CCodecConfig: no c2 equivalents for flags
04-15 18:43:55.117 891 1349 D CCodecConfig: c2 config diff is c2::u32 coded.bitrate.value = 160000
04-15 18:43:55.117 891 1349 D CCodecConfig: c2::u32 raw.channel-count.value = 2
04-15 18:43:55.117 891 1349 D CCodecConfig: c2::u32 raw.sample-rate.value = 44100
04-15 18:43:55.130 891 1349 W Codec2Client: query -- param skipped: index = 1107298332.
04-15 18:43:55.131 891 1349 D CCodec : encoding statistics level = 0
04-15 18:43:55.133 891 1349 D CCodec : setup formats input: AMessage(what = 0x00000000) = {
04-15 18:43:55.133 891 1349 D CCodec : int32_t bitrate = 160000
04-15 18:43:55.133 891 1349 D CCodec : int32_t channel-count = 2
04-15 18:43:55.133 891 1349 D CCodec : int32_t max-input-size = 32768
04-15 18:43:55.133 891 1349 D CCodec : string mime = "audio/vorbis"
04-15 18:43:55.133 891 1349 D CCodec : int32_t sample-rate = 44100
04-15 18:43:55.133 891 1349 D CCodec : }
04-15 18:43:55.134 891 1349 D CCodec : setup formats output: AMessage(what = 0x00000000) = {
04-15 18:43:55.134 891 1349 D CCodec : int32_t channel-count = 2
04-15 18:43:55.134 891 1349 D CCodec : string mime = "audio/raw"
04-15 18:43:55.134 891 1349 D CCodec : int32_t sample-rate = 44100
04-15 18:43:55.134 891 1349 D CCodec : int32_t channel-mask = 3
04-15 18:43:55.134 891 1349 D CCodec : int32_t android._config-pcm-encoding = 2
04-15 18:43:55.134 891 1349 D CCodec : }
04-15 18:43:55.135 891 1349 I CCodecConfig: query failed after returning 7 values (BAD_INDEX)
04-15 18:43:55.178 1118 1118 D TelephonyProvider: Checksum for /data/misc/apns/apns-conf.xml is 2001431324
04-15 18:43:55.188 534 1354 W system_server: Long monitor contention with owner ActivityManager (567) at void com.android.server.am.ActiveServices.serviceTimeout(com.android.server.am.ProcessRecord)(ActiveServices.java:6780) waiters=0 in int com.android.server.am.ActivityManagerService.broadcastIntentWithFeature(android.app.IApplicationThread, java.lang.String, android.content.Intent, java.lang.String, android.content.IIntentReceiver, int, java.lang.String, android.os.Bundle, java.lang.String[], java.lang.String[], java.lang.String[], int, android.os.Bundle, boolean, boolean, int) for 770ms
04-15 18:43:55.202 891 1349 W Codec2Client: query -- param skipped: index = 1342179345.
04-15 18:43:55.202 891 1349 W Codec2Client: query -- param skipped: index = 2415921170.
04-15 18:43:55.206 1266 1325 I BinaryDictionaryFileDumper: reinitializeClientRecordInDictionaryContentProvider() : Insert DictionaryInfo : Id = 'main:en_us' : Locale=en_US : Version=-1
04-15 18:43:55.284 891 1349 D C2Store : Using DMABUF Heaps
04-15 18:43:55.299 534 1329 D CompatibilityChangeReporter: Compat change id reported: 161145287; UID 10125; state: ENABLED
04-15 18:43:55.322 891 1349 D CCodecBufferChannel: [c2.android.vorbis.decoder#730] Created input block pool with allocatorID 16 => poolID 17 - OK (0)
04-15 18:43:55.365 534 967 D BufferPoolAccessor2.0: bufferpool2 0x753fa9153978 : 0(0 size) total buffers - 0(0 size) used buffers - 2/7 (recycle/alloc) - 5/18 (fetch/transfer)
04-15 18:43:55.367 534 967 D BufferPoolAccessor2.0: Destruction - bufferpool2 0x753fa9153978 cached: 0/0M, 0/0% in use; allocs: 7, 29% recycled; transfers: 18, 72% unfetched
04-15 18:43:55.377 891 1349 I CCodecBufferChannel: [c2.android.vorbis.decoder#730] Created output block pool with allocatorID 16 => poolID 23 - OK
04-15 18:43:55.378 891 1349 D CCodecBufferChannel: [c2.android.vorbis.decoder#730] Configured output block pool ids 23 => OK
04-15 18:43:55.390 891 1349 I DMABUFHEAPS: Using DMA-BUF heap named: system
04-15 18:43:55.398 534 643 D BufferPoolAccessor2.0: bufferpool2 0x753fa9164ca8 : 0(0 size) total buffers - 0(0 size) used buffers - 2/7 (recycle/alloc) - 5/24 (fetch/transfer)
04-15 18:43:55.398 534 643 D BufferPoolAccessor2.0: Destruction - bufferpool2 0x753fa9164ca8 cached: 0/0M, 0/0% in use; allocs: 7, 29% recycled; transfers: 24, 79% unfetched
04-15 18:43:55.399 534 643 D BufferPoolAccessor2.0: bufferpool2 0x753fa9163a28 : 0(0 size) total buffers - 0(0 size) used buffers - 2/7 (recycle/alloc) - 5/26 (fetch/transfer)
04-15 18:43:55.399 534 643 D BufferPoolAccessor2.0: Destruction - bufferpool2 0x753fa9163a28 cached: 0/0M, 0/0% in use; allocs: 7, 29% recycled; transfers: 26, 81% unfetched
04-15 18:43:55.437 534 966 D BufferPoolAccessor2.0: bufferpool2 0x753fa914b7f8 : 0(0 size) total buffers - 0(0 size) used buffers - 2/7 (recycle/alloc) - 5/24 (fetch/transfer)
04-15 18:43:55.438 534 966 D BufferPoolAccessor2.0: Destruction - bufferpool2 0x753fa914b7f8 cached: 0/0M, 0/0% in use; allocs: 7, 29% recycled; transfers: 24, 79% unfetched
04-15 18:43:55.439 534 966 D BufferPoolAccessor2.0: bufferpool2 0x753fa9146df8 : 0(0 size) total buffers - 0(0 size) used buffers - 1/7 (recycle/alloc) - 6/34 (fetch/transfer)
04-15 18:43:55.440 534 966 D BufferPoolAccessor2.0: Destruction - bufferpool2 0x753fa9146df8 cached: 0/0M, 0/0% in use; allocs: 7, 14% recycled; transfers: 34, 82% unfetched
04-15 18:43:55.447 534 966 D BufferPoolAccessor2.0: bufferpool2 0x753fa9154068 : 0(0 size) total buffers - 0(0 size) used buffers - 2/7 (recycle/alloc) - 5/34 (fetch/transfer)
04-15 18:43:55.454 534 966 D BufferPoolAccessor2.0: Destruction - bufferpool2 0x753fa9154068 cached: 0/0M, 0/0% in use; allocs: 7, 29% recycled; transfers: 34, 85% unfetched
04-15 18:43:55.500 450 1370 D SimpleC2Component: Using output block pool with poolID 23 => got 23 - 0
04-15 18:43:55.646 1118 1118 D TelephonyProvider: Checksum after adding resource is 61296002
04-15 18:43:55.748 1118 1118 D TelephonyProvider: dbh.onCreate:- db=SQLiteDatabase: /data/user_de/0/com.android.providers.telephony/databases/telephony.db
04-15 18:43:55.774 1131 1140 W ndroid.settings: Suspending all threads took: 6.027ms
04-15 18:43:55.783 1131 1140 I ndroid.settings: Background concurrent copying GC freed 12048(720KB) AllocSpace objects, 2(104KB) LOS objects, 49% free, 2332KB/4665KB, paused 144us,12.680ms total 151.825ms
04-15 18:43:55.885 534 1383 I Telecom : CallAudioModeStateMachine: Audio focus entering UNFOCUSED state❗
04-15 18:43:55.933 891 891 D BiometricsRepositoryImpl: currentUser authFlags changed, new value: AuthenticationFlags(userId=0, flag=1)
04-15 18:43:55.994 534 877 D WifiNl80211Manager: Scan result ready event
04-15 18:43:56.014 333 1355 D android.hardware.audio@7.1-impl.ranchu: threadLoop: entering standby, frames: 124032
04-15 18:43:56.018 534 877 D WifiNative: Scan result ready event
04-15 18:43:56.079 534 1383 I Telecom : CallAudioModeStateMachine: Message received: null.: TS.init->CAMSM.pM_1@AAA❗
04-15 18:43:56.119 534 619 D CompatibilityChangeReporter: Compat change id reported: 258236856; UID 1000; state: ENABLED
04-15 18:43:56.127 534 619 W JobServiceContext: Timed out while trying to bind for 423f361 #1000/1 com.android.providers.settings/.WriteFallbackSettingsFilesJobService
04-15 18:43:56.195 1380 1380 I abb : StartCommandInProcess(73657474696e67730067657400676c6f settings.get.glo [truncated])
04-15 18:43:56.218 1266 1325 W BinaryDictionaryFileDumper: Missing metadata.json resource
04-15 18:43:56.264 534 534 W binder:534_9: type=1400 audit(0.0:8): avc: denied { getopt } for scontext=u:r:system_server:s0 tcontext=u:r:shell:s0 tclass=unix_stream_socket permissive=0
04-15 18:43:56.264 534 534 W binder:534_9: type=1400 audit(0.0:9): avc: denied { getopt } for scontext=u:r:system_server:s0 tcontext=u:r:shell:s0 tclass=unix_stream_socket permissive=0
04-15 18:43:56.272 534 534 W binder:534_9: type=1400 audit(0.0:10): avc: denied { getopt } for scontext=u:r:system_server:s0 tcontext=u:r:shell:s0 tclass=unix_stream_socket permissive=0
04-15 18:43:56.301 1380 1380 I abb : StartCommandInProcess(7061636b61676500696e7374616c6c00 package.install. [truncated])
04-15 18:43:56.421 1266 1325 I LatinIME:LogUtils: Dictionary info: dictionary = main:en ; version = 54 ; date = 1414726273
04-15 18:43:56.476 1118 1118 D TelephonyProvider: dbh.onOpen: ok, queried table=siminfo
04-15 18:43:56.477 1118 1118 D TelephonyProvider: dbh.onOpen: ok, queried table=carriers
04-15 18:43:56.551 1266 1325 I LatinIME:LogUtils: Dictionary info: dictionary = main:en ; version = 54 ; date = 1414726273
04-15 18:43:56.618 1266 1325 I LatinIME:LogUtils: Dictionary info: dictionary = main:en ; version = 54 ; date = 1414726273
04-15 18:43:56.632 534 1375 I ActivityManager: dumpStackTraces pids={892=true, 1089=true, 1131=true, 1161=true, 1266=true, 1287=true}
04-15 18:43:56.706 1266 1325 I LatinIME:LogUtils: Dictionary info: dictionary = main:en ; version = 54 ; date = 1414726273
04-15 18:43:56.787 534 1374 D ActivityManager: created ANR temporary file:/data/anr/temp_anr_7903943234826660201.txt
04-15 18:43:56.818 1266 1325 I LatinIME:LogUtils: Dictionary info: dictionary = main:en ; version = 54 ; date = 1414726273
04-15 18:43:56.877 1266 1325 I LatinIME:LogUtils: Dictionary info: dictionary = main:en ; version = 54 ; date = 1414726273
04-15 18:43:56.916 534 1374 I ActivityManager: Collecting stacks for pid 891 into temporary file temp_anr_7903943234826660201.txt
04-15 18:43:56.917 534 1397 D ActivityManager: created ANR temporary file:/data/anr/temp_anr_921035169937074126.txt
04-15 18:43:56.918 534 1397 I ActivityManager: Collecting stacks for pid 534 into temporary file temp_anr_921035169937074126.txt
04-15 18:43:56.927 1266 1325 I LatinIME:LogUtils: Dictionary info: dictionary = main:en ; version = 54 ; date = 1414726273
04-15 18:43:56.963 1266 1325 I LatinIME:LogUtils: Dictionary info: dictionary = main:en ; version = 54 ; date = 1414726273
04-15 18:43:57.131 534 1375 I ActivityManager: Dumping to /data/anr/anr_2026-04-15-18-43-56-634
04-15 18:43:57.134 1118 1118 D TelephonyProvider: Load APNs from /system/etc/apns-conf.xml instead of /oem/telephony/apns-conf.xml
04-15 18:43:57.149 1118 1118 D TelephonyProvider: Load APNs from /product/etc/apns-conf.xml instead of /system/etc/apns-conf.xml
04-15 18:43:57.150 1118 1118 D TelephonyProvider: Load APNs from /data/misc/apns/apns-conf.xml instead of /product/etc/apns-conf.xml
04-15 18:43:57.151 1118 1118 D TelephonyProvider: confFile = /data/misc/apns/apns-conf.xml
04-15 18:43:57.174 534 534 I Telecom : MissedCallNotifierImpl: reloadFromDatabase: Boot not yet complete -- call log db may not be available. Deferring loading until boot complete for user 0: TS.init@AAA❗
04-15 18:43:57.947 1063 1069 I rkstack.process: Background concurrent copying GC freed 7263(598KB) AllocSpace objects, 0(0B) LOS objects, 49% free, 2286KB/4573KB, paused 162us,51us total 4.727s
04-15 18:43:58.145 891 1349 D CCodecBufferChannel: [c2.android.vorbis.decoder#730] MediaCodec discarded an unknown buffer
04-15 18:43:58.146 891 1349 D CCodecBufferChannel: [c2.android.vorbis.decoder#730] MediaCodec discarded an unknown buffer
04-15 18:43:58.146 891 1349 D CCodecBufferChannel: [c2.android.vorbis.decoder#730] MediaCodec discarded an unknown buffer
04-15 18:43:58.286 534 1329 W system_server: Long monitor contention with owner android.io (559) at java.lang.Boolean com.android.server.pm.PackageInstallerService.lambda$new$0()(PackageInstallerService.java:277) waiters=0 in android.content.pm.IPackageInstallerSession com.android.server.pm.PackageInstallerService.openSessionInternal(int) for 512ms
04-15 18:43:58.485 891 1428 I hw-BpHwBinder: onLastStrongRef automatically unlinking death recipients
04-15 18:43:58.552 450 450 I hw-BpHwBinder: onLastStrongRef automatically unlinking death recipients
04-15 18:43:58.558 450 450 I hw-BpHwBinder: onLastStrongRef automatically unlinking death recipients
04-15 18:43:58.582 891 1331 D MediaCodec: flushMediametrics
