04-15 18:40:53.506 0 0 I EXT4-fs (dm-18): mounted filesystem without journal. Quota mode: none.
04-15 18:40:53.506 0 0 I apexd : Successfully mounted package /data/apex/decompressed/com.android.media.swcodec@342090000.decompressed.apex on /apex/com.android.media.swcodec@342090000 duration=1509
04-15 18:40:53.644 0 0 I loop26 : detected capacity change from 0 to 36000
04-15 18:40:53.662 0 0 I device-mapper: verity: sha256 using implementation "sha256-ssse3"
04-15 18:40:53.707 0 0 I EXT4-fs (dm-28): mounted filesystem without journal. Quota mode: none.
04-15 18:40:53.707 0 0 I apexd : Successfully mounted package /data/apex/decompressed/com.android.tethering@342090000.decompressed.apex on /apex/com.android.tethering@342090000 duration=1710
04-15 18:40:53.714 0 0 I loop27 : detected capacity change from 0 to 7696
04-15 18:40:53.760 0 0 I device-mapper: verity: sha256 using implementation "sha256-ssse3"
04-15 18:40:53.814 0 0 I EXT4-fs (dm-9): mounted filesystem without journal. Quota mode: none.
04-15 18:40:53.814 0 0 I apexd : Successfully mounted package /data/apex/decompressed/com.android.uwb@342090000.decompressed.apex on /apex/com.android.uwb@342090000 duration=1817
04-15 18:40:53.852 0 0 I loop28 : detected capacity change from 0 to 19224
04-15 18:40:53.870 0 0 I device-mapper: verity: sha256 using implementation "sha256-ssse3"
04-15 18:40:53.917 0 0 I EXT4-fs (dm-10): mounted filesystem without journal. Quota mode: none.
04-15 18:40:53.917 0 0 I apexd : Successfully mounted package /data/apex/decompressed/com.android.extservices@342090000.decompressed.apex on /apex/com.android.extservices@342090000 duration=1919
04-15 18:40:53.924 0 0 I loop29 : detected capacity change from 0 to 8872
04-15 18:40:53.938 0 0 I device-mapper: verity: sha256 using implementation "sha256-ssse3"
04-15 18:40:53.943 0 0 I loop30 : detected capacity change from 0 to 536
04-15 18:40:53.973 0 0 I EXT4-fs (dm-15): mounted filesystem without journal. Quota mode: none.
04-15 18:40:53.974 0 0 I apexd : Successfully mounted package /data/apex/decompressed/com.android.conscrypt@342090000.decompressed.apex on /apex/com.android.conscrypt@342090000 duration=1972
04-15 18:40:53.982 0 0 I device-mapper: verity: sha256 using implementation "sha256-ssse3"
04-15 18:40:54.004 0 0 I EXT4-fs (dm-13): mounted filesystem without journal. Quota mode: none.
04-15 18:40:54.005 0 0 I apexd : Successfully mounted package /data/apex/decompressed/com.android.scheduling@342090000.decompressed.apex on /apex/com.android.scheduling@342090000 duration=2003
04-15 18:40:54.080 0 0 I loop31 : detected capacity change from 0 to 19784
04-15 18:40:54.100 0 0 I device-mapper: verity: sha256 using implementation "sha256-ssse3"
04-15 18:40:54.128 0 0 I EXT4-fs (dm-24): mounted filesystem without journal. Quota mode: none.
04-15 18:40:54.128 0 0 I apexd : Successfully mounted package /data/apex/decompressed/com.android.mediaprovider@342090000.decompressed.apex on /apex/com.android.mediaprovider@342090000 duration=2126
04-15 18:40:54.131 0 0 I loop32 : detected capacity change from 0 to 4600
04-15 18:40:54.156 0 0 I device-mapper: verity: sha256 using implementation "sha256-ssse3"
04-15 18:40:54.157 0 0 I loop33 : detected capacity change from 0 to 1624
04-15 18:40:54.173 0 0 I device-mapper: verity: sha256 using implementation "sha256-ssse3"
04-15 18:40:54.233 0 0 I EXT4-fs (dm-6): mounted filesystem without journal. Quota mode: none.
04-15 18:40:54.233 0 0 I apexd : Successfully mounted package /data/apex/decompressed/com.android.ondevicepersonalization@342090000.decompressed.apex on /apex/com.android.ondevicepersonalization@342090000 duration=2228
04-15 18:40:54.255 0 0 I EXT4-fs (dm-7): mounted filesystem without journal. Quota mode: none.
04-15 18:40:54.255 0 0 I apexd : Successfully mounted package /data/apex/decompressed/com.android.ipsec@342090000.decompressed.apex on /apex/com.android.ipsec@342090000 duration=2222
04-15 18:40:54.269 0 0 I loop34 : detected capacity change from 0 to 9104
04-15 18:40:54.279 0 0 I loop35 : detected capacity change from 0 to 536
04-15 18:40:54.289 0 0 I device-mapper: verity: sha256 using implementation "sha256-ssse3"
04-15 18:40:54.300 0 0 I device-mapper: verity: sha256 using implementation "sha256-ssse3"
04-15 18:40:54.329 0 0 I EXT4-fs (dm-12): mounted filesystem without journal. Quota mode: none.
04-15 18:40:54.330 0 0 I apexd : Successfully mounted package /data/apex/decompressed/com.android.resolv@342090000.decompressed.apex on /apex/com.android.resolv@342090000 duration=2295
04-15 18:40:54.334 0 0 I EXT4-fs (dm-11): mounted filesystem without journal. Quota mode: none.
04-15 18:40:54.335 0 0 I apexd : Successfully mounted package /data/apex/decompressed/com.android.configinfrastructure@342090000.decompressed.apex on /apex/com.android.configinfrastructure@342090000 duration=2234
04-15 18:40:54.337 0 0 I apexd : Activated 32 packages.
04-15 18:40:54.337 0 0 I apexd : OnStart done, duration=8157
04-15 18:40:54.338 0 0 I AidlLazyServiceRegistrar: Registering service apexservice
04-15 18:40:54.463 0 0 I apexd : Marking APEXd as activated
04-15 18:40:54.465 0 0 I init : Wait for property 'apexd.status=activated' took 7617ms
04-15 18:40:54.569 0 0 I init : Parsing file /apex/com.android.adbd/etc/init.rc...
04-15 18:40:54.570 0 0 I init : Parsing file /apex/com.android.art/etc/init.rc...
04-15 18:40:54.571 0 0 I init : Parsing file /apex/com.android.media.swcodec/etc/mediaswcodec.32rc...
04-15 18:40:54.572 0 0 I init : Parsing file /apex/com.android.media/etc/mediatranscoding.32rc...
04-15 18:40:54.573 0 0 I init : Parsing file /apex/com.android.os.statsd/etc/init.rc...
04-15 18:40:54.575 0 0 I init : Parsing file /apex/com.android.sdkext/etc/derive_classpath.rc...
04-15 18:40:54.576 0 0 I init : Parsing file /apex/com.android.sdkext/etc/derive_sdk.rc...
04-15 18:40:54.912 0 0 I init : linkerconfig generated /linkerconfig with mounted APEX modules info
04-15 18:40:54.912 0 0 I init : Command 'perform_apex_config' action=post-fs-data (/system/etc/init/hw/init.rc:1010) took 446ms and succeeded
04-15 18:40:54.915 0 0 I init : Encryption policy of /data/bootanim set to a4dad66d60c11200352eed7fb1fc9f16 v2 modes 1/4 flags 0x2
04-15 18:40:54.917 0 0 I init : starting service 'derive_sdk'...
04-15 18:40:54.948 0 0 I init : ... started service 'derive_sdk' has pid 291
04-15 18:40:54.951 0 0 I init : SVC_EXEC service 'derive_sdk' pid 291 (uid 9999 gid 9999+0 context default) started; waiting...
04-15 18:40:55.039 291 291 I derive_sdk: Read version 7 from 15
04-15 18:40:55.042 291 291 I derive_sdk: Read version 7 from 1
04-15 18:40:55.043 291 291 I derive_sdk: Read version 7 from 13
04-15 18:40:55.044 291 291 I derive_sdk: Read version 7 from 3
04-15 18:40:55.045 291 291 I derive_sdk: Read version 7 from 9
04-15 18:40:55.046 291 291 I derive_sdk: Read version 7 from 10
04-15 18:40:55.047 291 291 I derive_sdk: Read version 7 from 14
04-15 18:40:55.048 291 291 I derive_sdk: Read version 7 from 7
04-15 18:40:55.050 291 291 I derive_sdk: Read version 7 from 11
04-15 18:40:55.050 291 291 I derive_sdk: Read version 7 from 2
04-15 18:40:55.051 291 291 I derive_sdk: Read version 7 from 8
04-15 18:40:55.053 291 291 I derive_sdk: Read version 7 from 12
04-15 18:40:55.054 291 291 I derive_sdk: Read version 7 from 4
04-15 18:40:55.059 291 291 W derive_sdk: Found sdkinfo in unexpected apex com.android.devicelock
04-15 18:40:55.061 291 291 I derive_sdk: Read version 7 from 6
04-15 18:40:55.062 291 291 I derive_sdk: Read version 7 from 16
04-15 18:40:55.063 291 291 I derive_sdk: Read version 7 from 5
04-15 18:40:55.064 291 291 I derive_sdk: extension r version is 7
04-15 18:40:55.067 291 291 I derive_sdk: extension s version is 7
04-15 18:40:55.068 291 291 I derive_sdk: extension t version is 7
04-15 18:40:55.069 291 291 I derive_sdk: extension u version is 7
04-15 18:40:55.070 291 291 I derive_sdk: extension ad_services version is 7
04-15 18:40:55.085 0 0 I init : Service 'derive_sdk' (pid 291) exited with status 0 waiting took 0.164000 seconds
04-15 18:40:55.085 0 0 I init : Sending signal 9 to service 'derive_sdk' (pid 291) process group...
04-15 18:40:55.086 0 0 I libprocessgroup: Successfully killed process cgroup uid 9999 pid 291 in 0ms
04-15 18:40:55.094 0 0 I init : starting service 'exec 10 (/system/bin/vdc --wait cryptfs init_user0)'...
04-15 18:40:55.112 0 0 I init : ... started service 'exec 10 (/system/bin/vdc --wait cryptfs init_user0)' has pid 292
04-15 18:40:55.112 0 0 I init : SVC_EXEC service 'exec 10 (/system/bin/vdc --wait cryptfs init_user0)' pid 292 (uid 0 gid 0+0 context default) started; waiting...
04-15 18:40:55.228 0 0 D vdc : Waited 0ms for vold
04-15 18:40:55.217 141 141 D vold : fscrypt_init_user0
04-15 18:40:55.218 141 141 D vold : Preparing: /data/misc/vold/user_keys
04-15 18:40:55.230 141 141 D vold : Preparing: /data/misc/vold/user_keys/ce
04-15 18:40:55.231 141 141 D vold : Preparing: /data/misc/vold/user_keys/de
04-15 18:40:55.233 141 141 D vold : Generating standard storage key
04-15 18:40:55.244 141 141 D vold : Generating "key storage" key
04-15 18:40:55.246 154 163 E keystore2: system/security/keystore2/src/error.rs:180 - system/security/keystore2/src/security_level.rs:622
04-15 18:40:55.246 154 163 E keystore2:
04-15 18:40:55.246 154 163 E keystore2: Caused by:
04-15 18:40:55.246 154 163 E keystore2: 0: system/security/keystore2/src/security_level.rs:620: While generating Key without explicit attestation key.
04-15 18:40:55.246 154 163 E keystore2: 1: Error::Km(r#ROLLBACK_RESISTANCE_UNAVAILABLE)
04-15 18:40:55.246 141 141 E vold : keystore2 Keystore generateKey returned service specific error: -67
04-15 18:40:55.247 141 141 W vold : Failed to generate rollback-resistant key. This is expected if keystore doesn't support rollback resistance. Falling back to non-rollback-resistant key.
04-15 18:40:55.258 0 0 E vold : keystore2 Keystore generateKey returned service specific error: -67
04-15 18:40:55.258 0 0 W vold : Failed to generate rollback-resistant key. This is expected if keystore doesn't support rollback resistance. Falling back to non-rollback-resistant key.
04-15 18:40:55.262 141 141 D vold : Stored key /data/misc/vold/user_keys/de/0
04-15 18:40:55.263 141 141 D vold : Installed fscrypt key with ref 7eca67b8c20dcd16ecb5e9750efe0d1c to /data
04-15 18:40:55.263 141 141 D vold : Added fscrypt-provisioning key for 7eca67b8c20dcd16ecb5e9750efe0d1c to session keyring
04-15 18:40:55.264 141 141 I vold : Created DE key for user 0
04-15 18:40:55.264 141 141 D vold : Generating standard storage key
04-15 18:40:55.265 141 141 D vold : Preparing: /data/misc/vold/user_keys/ce/0
04-15 18:40:55.266 141 141 D vold : Installed fscrypt key with ref 99fab54df8b6a44d817b5bed804ee192 to /data
04-15 18:40:55.266 141 141 D vold : Added fscrypt-provisioning key for 99fab54df8b6a44d817b5bed804ee192 to session keyring
04-15 18:40:55.267 141 141 I vold : Created CE key for user 0
04-15 18:40:55.278 141 141 D vold : Installed fscrypt key with ref 7eca67b8c20dcd16ecb5e9750efe0d1c to /data
04-15 18:40:55.279 141 141 D vold : Added fscrypt-provisioning key for 7eca67b8c20dcd16ecb5e9750efe0d1c to session keyring
04-15 18:40:55.279 141 141 D vold : Installed de key for user 0
04-15 18:40:55.280 141 141 D vold : Preparing: /data/data
04-15 18:40:55.283 141 141 I vold : Encryption policy of /data/data set to 99fab54df8b6a44d817b5bed804ee192 v2 modes 1/4 flags 0x2
04-15 18:40:55.283 141 141 D vold : Preparing: /data/user/0
04-15 18:40:55.292 141 141 D vold : Preparing: /data/media/obb
04-15 18:40:55.298 141 141 I vold : Encryption policy of /data/media/obb set to a4dad66d60c11200352eed7fb1fc9f16 v2 modes 1/4 flags 0x2
04-15 18:40:55.298 141 141 D vold : fscrypt_prepare_user_storage for volume null, user 0, serial 0, flags 1
04-15 18:40:55.299 141 141 D vold : Preparing: /data/system/users/0
04-15 18:40:55.301 141 141 D vold : Preparing: /data/misc/profiles/cur/0
04-15 18:40:55.305 141 141 D vold : Preparing: /data/system_de/0
04-15 18:40:55.307 141 141 I vold : Encryption policy of /data/system_de/0 set to 7eca67b8c20dcd16ecb5e9750efe0d1c v2 modes 1/4 flags 0x2
04-15 18:40:55.307 141 141 D vold : Preparing: /data/vendor_de/0
04-15 18:40:55.309 141 141 I vold : Encryption policy of /data/vendor_de/0 set to 7eca67b8c20dcd16ecb5e9750efe0d1c v2 modes 1/4 flags 0x2
04-15 18:40:55.309 141 141 D vold : Preparing: /data/misc_de/0
04-15 18:40:55.310 141 141 I vold : Encryption policy of /data/misc_de/0 set to 7eca67b8c20dcd16ecb5e9750efe0d1c v2 modes 1/4 flags 0x2
04-15 18:40:55.311 141 141 D vold : Preparing: /data/user_de/0
04-15 18:40:55.313 141 141 I vold : Encryption policy of /data/user_de/0 set to 7eca67b8c20dcd16ecb5e9750efe0d1c v2 modes 1/4 flags 0x2
04-15 18:40:55.313 141 141 D vold : /system/bin/vold_prepare_subdirs
04-15 18:40:55.314 141 141 D vold : prepare
04-15 18:40:55.314 141 141 D vold :
04-15 18:40:55.314 141 141 D vold : 0
04-15 18:40:55.314 141 141 D vold : 1
04-15 18:40:55.428 293 293 D vold_prepare_subdirs: Setting up mode 771 uid 1000 gid 1000 context u:object_r:system_data_file:s0:c512,c768 on path: /data/user_de/0
04-15 18:40:55.429 293 293 I vold_prepare_subdirs: Relabelling from u:object_r:system_data_file:s0 to u:object_r:system_data_file:s0:c512,c768: /data/user_de/0
04-15 18:40:55.431 293 293 D vold_prepare_subdirs: Setting up mode 771 uid 1000 gid 1000 context u:object_r:sdk_sandbox_system_data_file:s0:c512,c768 on path: /data/misc_de/0/sdksandbox
04-15 18:40:55.434 293 293 D vold_prepare_subdirs: Setting up mode 700 uid 0 gid 0 context u:object_r:vold_data_file:s0 on path: /data/misc_de/0/vold
04-15 18:40:55.435 293 293 D vold_prepare_subdirs: Setting up mode 700 uid 0 gid 0 context u:object_r:storaged_data_file:s0 on path: /data/misc_de/0/storaged
04-15 18:40:55.437 293 293 D vold_prepare_subdirs: Setting up mode 700 uid 0 gid 0 context u:object_r:rollback_data_file:s0 on path: /data/misc_de/0/rollback
04-15 18:40:55.439 293 293 D vold_prepare_subdirs: Setting up mode 700 uid 0 gid 0 context u:object_r:apex_rollback_data_file:s0 on path: /data/misc_de/0/apexrollback
04-15 18:40:55.441 293 293 D vold_prepare_subdirs: Setting up mode 711 uid 0 gid 0 context u:object_r:apex_module_data_file:s0 on path: /data/misc_de/0/apexdata
04-15 18:40:55.443 293 293 D vold_prepare_subdirs: Setting up mode 771 uid 0 gid 1000 context u:object_r:apex_module_data_file:s0 on path: /data/misc_de/0/apexdata/com.android.configinfrastructure
04-15 18:40:55.445 293 293 D vold_prepare_subdirs: Setting up mode 771 uid 0 gid 1000 context u:object_r:apex_module_data_file:s0 on path: /data/misc_de/0/apexdata/com.android.resolv
04-15 18:40:55.446 293 293 D vold_prepare_subdirs: Setting up mode 771 uid 0 gid 1000 context u:object_r:apex_module_data_file:s0 on path: /data/misc_de/0/apexdata/com.android.ipsec
04-15 18:40:55.447 293 293 D vold_prepare_subdirs: Setting up mode 771 uid 0 gid 1000 context u:object_r:apex_module_data_file:s0 on path: /data/misc_de/0/apexdata/com.android.ondevicepersonalization
04-15 18:40:55.449 293 293 D vold_prepare_subdirs: Setting up mode 771 uid 0 gid 1000 context u:object_r:apex_module_data_file:s0 on path: /data/misc_de/0/apexdata/com.android.mediaprovider
04-15 18:40:55.451 293 293 D vold_prepare_subdirs: Setting up mode 771 uid 0 gid 1000 context u:object_r:apex_module_data_file:s0 on path: /data/misc_de/0/apexdata/com.android.scheduling
04-15 18:40:55.452 293 293 D vold_prepare_subdirs: Setting up mode 771 uid 0 gid 1000 context u:object_r:apex_module_data_file:s0 on path: /data/misc_de/0/apexdata/com.android.conscrypt
04-15 18:40:55.454 293 293 D vold_prepare_subdirs: Setting up mode 771 uid 0 gid 1000 context u:object_r:apex_module_data_file:s0 on path: /data/misc_de/0/apexdata/com.android.extservices
04-15 18:40:55.455 293 293 D vold_prepare_subdirs: Setting up mode 771 uid 0 gid 1000 context u:object_r:apex_system_server_data_file:s0 on path: /data/misc_de/0/apexdata/com.android.uwb
04-15 18:40:55.457 293 293 D vold_prepare_subdirs: Setting up mode 771 uid 0 gid 1000 context u:object_r:apex_module_data_file:s0 on path: /data/misc_de/0/apexdata/com.android.tethering
04-15 18:40:55.458 293 293 D vold_prepare_subdirs: Setting up mode 771 uid 0 gid 1000 context u:object_r:apex_module_data_file:s0 on path: /data/misc_de/0/apexdata/com.android.media.swcodec
04-15 18:40:55.459 293 293 D vold_prepare_subdirs: Setting up mode 771 uid 0 gid 1000 context u:object_r:apex_module_data_file:s0 on path: /data/misc_de/0/apexdata/com.android.adbd
04-15 18:40:55.461 293 293 D vold_prepare_subdirs: Setting up mode 771 uid 0 gid 1000 context u:object_r:apex_module_data_file:s0 on path: /data/misc_de/0/apexdata/com.android.neuralnetworks
04-15 18:40:55.463 293 293 D vold_prepare_subdirs: Setting up mode 771 uid 0 gid 1000 context u:object_r:apex_module_data_file:s0 on path: /data/misc_de/0/apexdata/com.android.cellbroadcast
04-15 18:40:55.465 293 293 D vold_prepare_subdirs: Setting up mode 771 uid 0 gid 1000 context u:object_r:apex_module_data_file:s0 on path: /data/misc_de/0/apexdata/com.android.adservices
04-15 18:40:55.466 293 293 D vold_prepare_subdirs: Setting up mode 771 uid 0 gid 1000 context u:object_r:apex_module_data_file:s0 on path: /data/misc_de/0/apexdata/com.android.media
04-15 18:40:55.467 293 293 D vold_prepare_subdirs: Setting up mode 771 uid 0 gid 1000 context u:object_r:apex_module_data_file:s0 on path: /data/misc_de/0/apexdata/com.android.art
04-15 18:40:55.469 293 293 D vold_prepare_subdirs: Setting up mode 771 uid 0 gid 1000 context u:object_r:apex_module_data_file:s0 on path: /data/misc_de/0/apexdata/com.android.appsearch
04-15 18:40:55.471 293 293 D vold_prepare_subdirs: Setting up mode 771 uid 0 gid 1000 context u:object_r:apex_system_server_data_file:s0 on path: /data/misc_de/0/apexdata/com.android.wifi
04-15 18:40:55.472 293 293 D vold_prepare_subdirs: Setting up mode 771 uid 0 gid 1000 context u:object_r:apex_system_server_data_file:s0 on path: /data/misc_de/0/apexdata/com.android.permission
04-15 18:40:55.474 293 293 D vold_prepare_subdirs: Setting up mode 771 uid 0 gid 1000 context u:object_r:apex_module_data_file:s0 on path: /data/misc_de/0/apexdata/com.android.devicelock
04-15 18:40:55.475 293 293 D vold_prepare_subdirs: Setting up mode 771 uid 0 gid 1000 context u:object_r:apex_module_data_file:s0 on path: /data/misc_de/0/apexdata/com.android.apex.cts.shim
04-15 18:40:55.477 293 293 D vold_prepare_subdirs: Setting up mode 771 uid 0 gid 1000 context u:object_r:apex_module_data_file:s0 on path: /data/misc_de/0/apexdata/com.android.btservices
04-15 18:40:55.478 293 293 D vold_prepare_subdirs: Setting up mode 771 uid 0 gid 1000 context u:object_r:apex_module_data_file:s0 on path: /data/misc_de/0/apexdata/com.android.os.statsd
04-15 18:40:55.479 293 293 D vold_prepare_subdirs: Setting up mode 771 uid 0 gid 1000 context u:object_r:apex_module_data_file:s0 on path: /data/misc_de/0/apexdata/com.android.virt
04-15 18:40:55.481 293 293 D vold_prepare_subdirs: Setting up mode 771 uid 0 gid 1000 context u:object_r:apex_module_data_file:s0 on path: /data/misc_de/0/apexdata/com.android.healthfitness
04-15 18:40:55.482 293 293 D vold_prepare_subdirs: Setting up mode 771 uid 0 gid 1000 context u:object_r:apex_module_data_file:s0 on path: /data/misc_de/0/apexdata/com.android.rkpd
04-15 18:40:55.484 293 293 D vold_prepare_subdirs: Setting up mode 771 uid 0 gid 1000 context u:object_r:apex_module_data_file:s0 on path: /data/misc_de/0/apexdata/com.android.sdkext
04-15 18:40:55.486 293 293 D vold_prepare_subdirs: Setting up mode 771 uid 0 gid 1000 context u:object_r:apex_module_data_file:s0 on path: /data/misc_de/0/apexdata/com.android.runtime
04-15 18:40:55.487 293 293 D vold_prepare_subdirs: Setting up mode 771 uid 0 gid 1000 context u:object_r:apex_module_data_file:s0 on path: /data/misc_de/0/apexdata/com.android.i18n
04-15 18:40:55.489 293 293 D vold_prepare_subdirs: Setting up mode 771 uid 0 gid 1000 context u:object_r:apex_module_data_file:s0 on path: /data/misc_de/0/apexdata/com.android.vndk.v34
04-15 18:40:55.490 293 293 D vold_prepare_subdirs: Setting up mode 771 uid 0 gid 1000 context u:object_r:apex_module_data_file:s0 on path: /data/misc_de/0/apexdata/com.android.tzdata
04-15 18:40:55.491 293 293 D vold_prepare_subdirs: Setting up mode 771 uid 0 gid 1000 context u:object_r:apex_module_data_file:s0 on path: /data/misc_de/0/apexdata/sharedlibs
04-15 18:40:55.493 293 293 D vold_prepare_subdirs: Setting up mode 771 uid 1000 gid 1000 context u:object_r:user_profile_root_file:s0:c512,c768 on path: /data/misc/profiles/cur/0
04-15 18:40:55.493 293 293 I vold_prepare_subdirs: Relabelling from u:object_r:user_profile_root_file:s0 to u:object_r:user_profile_root_file:s0:c512,c768: /data/misc/profiles/cur/0
04-15 18:40:55.494 293 293 D vold_prepare_subdirs: Setting up mode 700 uid 1000 gid 1000 context u:object_r:fingerprint_vendor_data_file:s0 on path: /data/vendor_de/0/fpdata
04-15 18:40:55.496 293 293 D vold_prepare_subdirs: Setting up mode 700 uid 1000 gid 1000 context u:object_r:face_vendor_data_file:s0 on path: /data/vendor_de/0/facedata
04-15 18:40:55.500 141 141 D vold : Detected support for FS_IOC_ADD_ENCRYPTION_KEY
04-15 18:40:55.502 141 141 D vold : Installing fscrypt-provisioning key for 99fab54df8b6a44d817b5bed804ee192 back into /data fs-keyring
04-15 18:40:55.520 0 0 I init : Service 'exec 10 (/system/bin/vdc --wait cryptfs init_user0)' (pid 292) exited with status 0 waiting took 0.422000 seconds
04-15 18:40:55.520 0 0 I init : Sending signal 9 to service 'exec 10 (/system/bin/vdc --wait cryptfs init_user0)' (pid 292) process group...
04-15 18:40:55.520 0 0 I libprocessgroup: Successfully killed process cgroup uid 0 pid 292 in 0ms
04-15 18:40:55.753 0 0 I selinux : SELinux: Skipping restorecon on directory(/data/system/shutdown-checkpoints)
04-15 18:40:55.870 0 0 I init : Command 'restorecon --recursive --skip-ce /data' action=post-fs-data (/system/etc/init/hw/init.rc:1020) took 348ms and succeeded
04-15 18:40:55.872 0 0 I init : starting service 'derive_classpath'...
04-15 18:40:55.907 0 0 I init : ... started service 'derive_classpath' has pid 295
04-15 18:40:55.911 0 0 I init : SVC_EXEC service 'derive_classpath' pid 295 (uid 1000 gid 1000+1 context default) started; waiting...
04-15 18:40:55.965 295 295 I derive_classpath: ParseFragments for bootclasspath
04-15 18:40:55.995 295 295 I derive_classpath: ReadClasspathFragment /apex/com.android.art/etc/classpaths/bootclasspath.pb
04-15 18:40:55.997 295 295 I derive_classpath: ReadClasspathFragment /system/etc/classpaths/bootclasspath.pb
04-15 18:40:55.999 295 295 I derive_classpath: ReadClasspathFragment /apex/com.android.adservices/etc/classpaths/bootclasspath.pb
04-15 18:40:56.000 295 295 I derive_classpath: ReadClasspathFragment /apex/com.android.appsearch/etc/classpaths/bootclasspath.pb
04-15 18:40:56.001 295 295 I derive_classpath: ReadClasspathFragment /apex/com.android.btservices/etc/classpaths/bootclasspath.pb
04-15 18:40:56.002 295 295 I derive_classpath: ReadClasspathFragment /apex/com.android.configinfrastructure/etc/classpaths/bootclasspath.pb
04-15 18:40:56.003 295 295 I derive_classpath: ReadClasspathFragment /apex/com.android.conscrypt/etc/classpaths/bootclasspath.pb
04-15 18:40:56.004 295 295 I derive_classpath: ReadClasspathFragment /apex/com.android.devicelock/etc/classpaths/bootclasspath.pb
04-15 18:40:56.005 295 295 I derive_classpath: ReadClasspathFragment /apex/com.android.healthfitness/etc/classpaths/bootclasspath.pb
04-15 18:40:56.006 295 295 I derive_classpath: ReadClasspathFragment /apex/com.android.ipsec/etc/classpaths/bootclasspath.pb
04-15 18:40:56.007 295 295 I derive_classpath: ReadClasspathFragment /apex/com.android.media/etc/classpaths/bootclasspath.pb
04-15 18:40:56.008 295 295 I derive_classpath: ReadClasspathFragment /apex/com.android.mediaprovider/etc/classpaths/bootclasspath.pb
04-15 18:40:56.009 295 295 I derive_classpath: ReadClasspathFragment /apex/com.android.ondevicepersonalization/etc/classpaths/bootclasspath.pb
04-15 18:40:56.010 295 295 I derive_classpath: ReadClasspathFragment /apex/com.android.os.statsd/etc/classpaths/bootclasspath.pb
04-15 18:40:56.011 295 295 I derive_classpath: ReadClasspathFragment /apex/com.android.permission/etc/classpaths/bootclasspath.pb
04-15 18:40:56.013 295 295 I derive_classpath: ReadClasspathFragment /apex/com.android.scheduling/etc/classpaths/bootclasspath.pb
04-15 18:40:56.013 295 295 I derive_classpath: ReadClasspathFragment /apex/com.android.sdkext/etc/classpaths/bootclasspath.pb
04-15 18:40:56.014 295 295 I derive_classpath: ReadClasspathFragment /apex/com.android.tethering/etc/classpaths/bootclasspath.pb
04-15 18:40:56.015 295 295 I derive_classpath: ReadClasspathFragment /apex/com.android.uwb/etc/classpaths/bootclasspath.pb
04-15 18:40:56.017 295 295 I derive_classpath: ReadClasspathFragment /apex/com.android.virt/etc/classpaths/bootclasspath.pb
04-15 18:40:56.018 295 295 I derive_classpath: ReadClasspathFragment /apex/com.android.wifi/etc/classpaths/bootclasspath.pb
04-15 18:40:56.019 295 295 I derive_classpath: ParseFragments for systemserverclasspath
04-15 18:40:56.025 295 295 I derive_classpath: ReadClasspathFragment /system/etc/classpaths/systemserverclasspath.pb
04-15 18:40:56.026 295 295 I derive_classpath: ReadClasspathFragment /apex/com.android.adservices/etc/classpaths/systemserverclasspath.pb
04-15 18:40:56.027 295 295 I derive_classpath: ReadClasspathFragment /apex/com.android.appsearch/etc/classpaths/systemserverclasspath.pb
04-15 18:40:56.028 295 295 I derive_classpath: ReadClasspathFragment /apex/com.android.art/etc/classpaths/systemserverclasspath.pb
04-15 18:40:56.029 295 295 I derive_classpath: ReadClasspathFragment /apex/com.android.btservices/etc/classpaths/systemserverclasspath.pb
04-15 18:40:56.031 295 295 I derive_classpath: ReadClasspathFragment /apex/com.android.configinfrastructure/etc/classpaths/systemserverclasspath.pb
04-15 18:40:56.032 295 295 I derive_classpath: ReadClasspathFragment /apex/com.android.devicelock/etc/classpaths/systemserverclasspath.pb
04-15 18:40:56.033 295 295 I derive_classpath: ReadClasspathFragment /apex/com.android.healthfitness/etc/classpaths/systemserverclasspath.pb
04-15 18:40:56.034 295 295 I derive_classpath: ReadClasspathFragment /apex/com.android.media/etc/classpaths/systemserverclasspath.pb
04-15 18:40:56.035 295 295 I derive_classpath: ReadClasspathFragment /apex/com.android.ondevicepersonalization/etc/classpaths/systemserverclasspath.pb
04-15 18:40:56.036 295 295 I derive_classpath: ReadClasspathFragment /apex/com.android.os.statsd/etc/classpaths/systemserverclasspath.pb
04-15 18:40:56.037 295 295 I derive_classpath: ReadClasspathFragment /apex/com.android.permission/etc/classpaths/systemserverclasspath.pb
04-15 18:40:56.038 295 295 I derive_classpath: ReadClasspathFragment /apex/com.android.rkpd/etc/classpaths/systemserverclasspath.pb
04-15 18:40:56.039 295 295 I derive_classpath: ReadClasspathFragment /apex/com.android.scheduling/etc/classpaths/systemserverclasspath.pb
04-15 18:40:56.040 295 295 I derive_classpath: ReadClasspathFragment /apex/com.android.tethering/etc/classpaths/systemserverclasspath.pb
04-15 18:40:56.041 295 295 I derive_classpath: ReadClasspathFragment /apex/com.android.uwb/etc/classpaths/systemserverclasspath.pb
04-15 18:40:56.041 295 295 I derive_classpath: ReadClasspathFragment /apex/com.android.wifi/etc/classpaths/systemserverclasspath.pb
04-15 18:40:56.043 295 295 I derive_classpath: WriteClasspathExports /data/system/environ/classpath
04-15 18:40:56.044 295 295 I derive_classpath: WriteClasspathExports content
04-15 18:40:56.044 295 295 I derive_classpath: export BOOTCLASSPATH /apex/com.android.art/javalib/core-oj.jar:/apex/com.android.art/javalib/core-libart.jar:/apex/com.android.art/javalib/okhttp.jar:/apex/com.android.art/javalib/bouncycastle.jar:/apex/com.android.art/javalib/apache-xml.jar:/system/framework/framework.jar:/system/framework/framework-graphics.jar:/system/framework/ext.jar:/system/framework/telephony-common.jar:/system/framework/voip-common.jar:/system/framework/ims-common.jar:/apex/com.android.i18n/javalib/core-icu4j.jar:/apex/com.android.adservices/javalib/framework-adservices.jar:/apex/com.android.adservices/javalib/framework-sdksandbox.jar:/apex/com.android.appsearch/javalib/framework-appsearch.jar:/apex/com.android.btservices/javalib/framework-bluetooth.jar:/apex/com.android.configinfrastructure/javalib/framework-configinfrastructure.jar:/apex/com.android.conscrypt/javalib/conscrypt.jar:/apex/com.android.devicelock/javalib/framework-devicelock.jar:/apex/com.android.healthfitness/javalib/framework-healthfitness.jar:/apex/com.android.ipsec/javalib/android.net.ipsec.ike.jar:/apex/com.android.media/javalib/updatable-media.jar:/apex/com.android.mediaprovider/javalib/framework-mediaprovider.jar:/apex/com.android.ondevicepersonalization/javalib/framework-ondevicepersonalization.jar:/apex/com.android.os.statsd/javalib/framework-statsd.jar:/apex/com.android.permission/javalib/framework-permission.jar:/apex/com.android.permission/javalib/framework-permission-s.jar:/apex/com.android.scheduling/javalib/framework-scheduling.jar:/apex/com.android.sdkext/javalib/framework-sdkextensions.jar:/apex/com.android.tethering/javalib/framework-connectivity.jar:/apex/com.android.tethering/javalib/framework-connectivity-t.jar:/apex/com.android.tethering/javalib/framework-tethering.jar:/apex/com.android.uwb/javalib/framework-uwb.jar:/apex/com.android.virt/javalib/framework-virtualization.jar:/apex/com.android.wifi/javalib/framework-wifi.jar
04-15 18:40:56.044 295 295 I derive_classpath: export DEX2OATBOOTCLASSPATH /apex/com.android.art/javalib/core-oj.jar:/apex/com.android.art/javalib/core-libart.jar:/apex/com.android.art/javalib/okhttp.jar:/apex/com.android.art/javalib/bouncycastle.jar:/apex/com.android.art/javalib/apache-xml.jar:/system/framework/framework.jar:/system/framework/framework-graphics.jar:/system/framework/ext.jar:/system/framework/telephony-common.jar:/system/framework/voip-common.jar:/system/framework/ims-common.jar:/apex/com.android.i18n/javalib/core-icu4j.jar
04-15 18:40:56.044 295 295 I derive_classpath: export SYSTEMSERVERCLASSPATH /system/framework/com.android.location.provider.jar:/system/framework/services.jar:/apex/com.android.adservices/javalib/service-adservices.jar:/apex/com.android.adservices/javalib/service-sdksandbox.jar:/apex/com.android.appsearch/javalib/service-appsearch.jar:/apex/com.android.art/javalib/service-art.jar:/apex/com.android.configinfrastructure/javalib/service-configinfrastructure.jar:/apex/com.android.healthfitness/javalib/service-healthfitness.jar:/apex/com.android.media/javalib/service-media-s.jar:/apex/com.android.ondevicepersonalization/javalib/service-ondevicepersonalization.jar:/apex/com.android.permission/javalib/service-permission.jar:/apex/com.android.rkpd/javalib/service-rkp.jar
04-15 18:40:56.044 295 295 I derive_classpath: export STANDALONE_SYSTEMSERVER_JARS /apex/com.android.btservices/javalib/service-bluetooth.jar:/apex/com.android.devicelock/javalib/service-devicelock.jar:/apex/com.android.os.statsd/javalib/service-statsd.jar:/apex/com.android.scheduling/javalib/service-scheduling.jar:/apex/com.android.tethering/javalib/service-connectivity.jar:/apex/com.android.uwb/javalib/service-uwb.jar:/apex/com.android.wifi/javalib/service-wifi.jar
04-15 18:40:56.060 0 0 I init : Service 'derive_classpath' (pid 295) exited with status 0 waiting took 0.182000 seconds
04-15 18:40:56.060 0 0 I init : Sending signal 9 to service 'derive_classpath' (pid 295) process group...
04-15 18:40:56.060 0 0 I libprocessgroup: Successfully killed process cgroup uid 1000 pid 295 in 0ms
04-15 18:40:56.065 0 0 I init : starting service 'art_boot'...
04-15 18:40:56.090 0 0 I init : ... started service 'art_boot' has pid 296
04-15 18:40:56.090 0 0 I init : SVC_EXEC service 'art_boot' pid 296 (uid 0 gid 0+0 context default) started; waiting...
04-15 18:40:56.199 296 296 I art_boot: Property persist.device_config.runtime_native_boot.useartservice not set
04-15 18:40:56.214 0 0 I init : Service 'art_boot' (pid 296) exited with status 0 waiting took 0.144000 seconds
04-15 18:40:56.214 0 0 I init : Sending signal 9 to service 'art_boot' (pid 296) process group...
04-15 18:40:56.215 0 0 I libprocessgroup: Successfully killed process cgroup uid 0 pid 296 in 0ms
04-15 18:40:56.219 0 0 I init : starting service 'odsign'...
04-15 18:40:56.247 0 0 I init : ... started service 'odsign' has pid 297
04-15 18:40:56.395 297 297 I odsign : Trying to retrieve existing HMAC key...
04-15 18:40:56.399 297 297 I odsign : Existing HMAC key not found or invalid, creating new key
04-15 18:40:56.432 297 297 I odsign : Trying to retrieve existing keystore key...
04-15 18:40:56.433 297 297 I odsign : Failed to find keystore key...
04-15 18:40:56.434 297 297 I odsign : Existing keystore key not found or invalid, creating new key
04-15 18:40:56.954 297 297 I odsign : Initialized Keystore key.
04-15 18:40:56.955 297 297 W odsign : Key certificate not found: /data/misc/odsign/key.cert: No such file or directory
04-15 18:40:57.514 298 298 I odrefresh: ART APEX version 342090000
04-15 18:40:57.518 298 298 I odrefresh: No prior cache-info file: '/data/misc/apexdata/com.android.art/dalvik-cache/cache-info.xml'
04-15 18:40:57.522 298 298 I odrefresh: Boot images on /system OK (x86_64)
04-15 18:40:57.545 298 298 I odrefresh: system_server artifacts on /system OK
04-15 18:40:57.555 297 297 I odrefresh: odrefresh terminated by exit(79)
04-15 18:40:57.555 297 297 I odsign : /data/misc/odsign/odsign.info not found.
04-15 18:40:57.713 299 299 I odrefresh: ART APEX version 342090000
04-15 18:40:57.716 299 299 I odrefresh: No prior cache-info file: '/data/misc/apexdata/com.android.art/dalvik-cache/cache-info.xml'
04-15 18:40:57.718 299 299 I odrefresh: Boot images on /system OK (x86_64)
04-15 18:40:57.721 299 299 I odrefresh: system_server artifacts on /system OK
04-15 18:40:58.052 297 297 I odrefresh: odrefresh terminated by exit(80)
04-15 18:40:58.053 297 297 I odsign : odrefresh compiled all artifacts, returned 80
04-15 18:40:58.054 297 297 I odsign : Adding "/data/misc/apexdata/com.android.art/dalvik-cache/cache-info.xml" to fs-verity...
04-15 18:40:58.066 0 0 I fs-verity: sha256 using implementation "sha256-ssse3"
04-15 18:40:58.080 297 297 I odsign : On-device signing done.
04-15 18:40:58.095 0 0 I init : Wait for property 'odsign.key.done=1' took 1847ms
04-15 18:40:58.100 0 0 I init : starting service 'exec 11 (/system/bin/fsverity_init --lock)'...
04-15 18:40:58.128 0 0 I init : ... started service 'exec 11 (/system/bin/fsverity_init --lock)' has pid 300
04-15 18:40:58.128 0 0 I init : SVC_EXEC service 'exec 11 (/system/bin/fsverity_init --lock)' pid 300 (uid 0 gid 0+0 context default) started; waiting...
04-15 18:40:58.130 0 0 I init : Sending signal 9 to service 'odsign' (pid 297) process group...
04-15 18:40:58.145 0 0 I libprocessgroup: Successfully killed process cgroup uid 0 pid 297 in 14ms
04-15 18:40:58.146 0 0 I init : Control message: Processed ctl.stop for 'odsign' from pid: 297 (/system/bin/odsign)
04-15 18:40:58.152 0 0 I init : Service 'odsign' (pid 297) received signal 9
04-15 18:40:58.205 154 196 I keystore2: system/security/keystore2/src/super_key.rs:330 - keystore.boot_level 1000000000 hits maximum 1000000000, finishing.
04-15 18:40:58.214 0 0 I init : Service 'exec 11 (/system/bin/fsverity_init --lock)' (pid 300) exited with status 0 waiting took 0.109000 seconds
04-15 18:40:58.214 0 0 I init : Sending signal 9 to service 'exec 11 (/system/bin/fsverity_init --lock)' (pid 300) process group...
04-15 18:40:58.214 0 0 I libprocessgroup: Successfully killed process cgroup uid 0 pid 300 in 0ms
04-15 18:40:58.218 0 0 I init : starting service 'apexd-snapshotde'...
04-15 18:40:58.249 0 0 I init : ... started service 'apexd-snapshotde' has pid 301
04-15 18:40:58.249 0 0 I init : SVC_EXEC service 'apexd-snapshotde' pid 301 (uid 0 gid 1000+0 context default) started; waiting...
04-15 18:40:58.375 0 0 I apexd : Snapshot DE subcommand detected
04-15 18:40:58.386 0 0 I apexd-snapshotde: Marking APEXd as ready
04-15 18:40:58.396 0 0 I init : Service 'apexd-snapshotde' (pid 301) exited with status 0 waiting took 0.174000 seconds
04-15 18:40:58.396 0 0 I init : Sending signal 9 to service 'apexd-snapshotde' (pid 301) process group...
04-15 18:40:58.397 0 0 I libprocessgroup: Successfully killed process cgroup uid 0 pid 301 in 0ms
04-15 18:40:58.419 0 0 I init : processing action (post-fs-data) from (/system/etc/init/hw/init.usb.rc:6)
04-15 18:40:58.422 0 0 I init : Encryption policy of /data/adb set to a4dad66d60c11200352eed7fb1fc9f16 v2 modes 1/4 flags 0x2
04-15 18:40:58.422 0 0 I init : processing action (post-fs-data) from (/vendor/etc/init/hw/init.ranchu.rc:58)
04-15 18:40:58.436 0 0 I init : starting service 'qemu-adb-keys'...
04-15 18:40:58.457 0 0 I init : ... started service 'qemu-adb-keys' has pid 302
04-15 18:40:58.460 0 0 I init : starting service 'qemu-device-state'...
04-15 18:40:58.486 0 0 I init : ... started service 'qemu-device-state' has pid 303
04-15 18:40:58.487 0 0 I init : processing action (ro.boot.qemu.virtiowifi=1 && post-fs-data) from (/vendor/etc/init/hw/init.ranchu.rc:112)
04-15 18:40:58.508 0 0 I init : starting service 'ranchu-net'...
04-15 18:40:58.573 0 0 I init : ... started service 'ranchu-net' has pid 304
04-15 18:40:58.573 0 0 I init : Command 'start ranchu-net' action=ro.boot.qemu.virtiowifi=1 && post-fs-data (/vendor/etc/init/hw/init.ranchu.rc:113) took 86ms and succeeded
04-15 18:40:58.574 0 0 I init : processing action (post-fs-data) from (/system/etc/init/bootstat.rc:9)
04-15 18:40:58.612 0 0 I init : processing action (ro.debuggable=1 && post-fs-data) from (/system/etc/init/clean_scratch_files.rc:1)
04-15 18:40:58.614 0 0 I init : starting service 'exec 12 (/system/bin/clean_scratch_files)'...
04-15 18:40:58.677 0 0 I init : ... started service 'exec 12 (/system/bin/clean_scratch_files)' has pid 305
04-15 18:40:58.678 0 0 I init : Command 'exec_background - root root -- /system/bin/clean_scratch_files' action=ro.debuggable=1 && post-fs-data (/system/etc/init/clean_scratch_files.rc:2) took 64ms and succeeded
04-15 18:40:58.678 0 0 I init : processing action (post-fs-data) from (/system/etc/init/gsid.rc:17)
04-15 18:40:58.680 0 0 I init : Not setting encryption policy on: /data/gsi
04-15 18:40:58.722 0 0 I init : processing action (post-fs-data) from (/system/etc/init/incidentd.rc:21)
04-15 18:40:58.752 0 0 I init : processing action (post-fs-data) from (/system/etc/init/logtagd.rc:4)
04-15 18:40:58.766 0 0 I init : processing action (post-fs-data) from (/system/etc/init/otapreopt.rc:3)
04-15 18:40:58.786 0 0 I init : starting service 'exec 13 (/system/bin/otapreopt_slot)'...
04-15 18:40:58.848 0 0 I init : ... started service 'exec 13 (/system/bin/otapreopt_slot)' has pid 306
04-15 18:40:58.849 0 0 I init : SVC_EXEC service 'exec 13 (/system/bin/otapreopt_slot)' pid 306 (uid 0 gid 0+0 context default) started; waiting...
04-15 18:40:58.849 0 0 I init : Command 'exec - root -- /system/bin/otapreopt_slot' action=post-fs-data (/system/etc/init/otapreopt.rc:4) took 82ms and succeeded
04-15 18:40:58.849 0 0 I init : Service 'qemu-adb-keys' (pid 302) exited with status 0 oneshot service took 0.410000 seconds in background
04-15 18:40:58.849 0 0 I init : Sending signal 9 to service 'qemu-adb-keys' (pid 302) process group...
04-15 18:40:58.850 0 0 I libprocessgroup: Successfully killed process cgroup uid 0 pid 302 in 0ms
04-15 18:40:58.856 0 0 I init : Service 'qemu-device-state' (pid 303) exited with status 0 oneshot service took 0.393000 seconds in background
04-15 18:40:58.856 0 0 I init : Sending signal 9 to service 'qemu-device-state' (pid 303) process group...
04-15 18:40:58.857 0 0 I libprocessgroup: Successfully killed process cgroup uid 0 pid 303 in 0ms
04-15 18:40:59.143 0 0 I init : Service 'exec 12 (/system/bin/clean_scratch_files)' (pid 305) exited with status 0 oneshot service took 0.506000 seconds in background
04-15 18:40:59.143 0 0 I init : Sending signal 9 to service 'exec 12 (/system/bin/clean_scratch_files)' (pid 305) process group...
04-15 18:40:59.144 0 0 I libprocessgroup: Successfully killed process cgroup uid 0 pid 305 in 0ms
04-15 18:40:59.459 310 310 W otapreopt_slot: Slot property empty.
04-15 18:40:59.483 0 0 I init : Service 'exec 13 (/system/bin/otapreopt_slot)' (pid 306) exited with status 1 waiting took 0.689000 seconds
04-15 18:40:59.495 0 0 I init : Sending signal 9 to service 'exec 13 (/system/bin/otapreopt_slot)' (pid 306) process group...
04-15 18:40:59.503 0 0 I libprocessgroup: Successfully killed process cgroup uid 0 pid 306 in 7ms
04-15 18:40:59.505 0 0 E selinux : SELinux: Could not stat /data/dalvik-cache/arm: No such file or directory.
04-15 18:40:59.505 0 0 E selinux : SELinux: Could not stat /data/dalvik-cache/arm64: No such file or directory.
04-15 18:40:59.505 0 0 E selinux : SELinux: Could not stat /data/dalvik-cache/riscv64: No such file or directory.
04-15 18:40:59.506 0 0 E selinux : SELinux: Could not stat /data/dalvik-cache/x86: No such file or directory.
04-15 18:40:59.506 0 0 E selinux : SELinux: Could not stat /data/dalvik-cache/x86_64: No such file or directory.
04-15 18:40:59.506 0 0 I init : processing action (post-fs-data) from (/system/etc/init/perfetto.rc:73)
04-15 18:40:59.507 0 0 I init : Command 'rm /data/misc/perfetto-traces/.guardraildata' action=post-fs-data (/system/etc/init/perfetto.rc:74) took 0ms and failed: unlink() failed: No such file or directory
04-15 18:40:59.573 0 0 I init : processing action (post-fs-data) from (/system/etc/init/profcollectd.rc:9)
04-15 18:40:59.640 0 0 I init : Command 'mkdir /data/misc/profcollectd 0770 shell shell' action=post-fs-data (/system/etc/init/profcollectd.rc:11) took 64ms and succeeded
04-15 18:40:59.645 0 0 D ieee80211 phy1: Selected rate control algorithm 'minstrel_ht'
04-15 18:40:59.660 0 0 I init : processing action (post-fs-data) from (/system/etc/init/recovery-persist.rc:1)
04-15 18:40:59.673 0 0 I init : starting service 'exec 14 (/system/bin/recovery-persist)'...
04-15 18:40:59.754 0 0 I init : ... started service 'exec 14 (/system/bin/recovery-persist)' has pid 312
04-15 18:40:59.754 0 0 I init : Command 'exec_background - system log -- /system/bin/recovery-persist' action=post-fs-data (/system/etc/init/recovery-persist.rc:3) took 93ms and succeeded
04-15 18:40:59.755 0 0 I init : processing action (post-fs-data) from (/system/etc/init/wifi.rc:18)
04-15 18:40:59.766 0 0 I selinux : SELinux: Skipping restorecon on directory(/data/misc/apexdata/com.android.wifi)
04-15 18:40:59.766 0 0 I init : processing action (post-fs-data) from (/vendor/etc/init/hostapd.android.rc:9)
04-15 18:40:59.829 0 0 I init : processing action (sys.init.perf_lsm_hooks=1 && load_bpf_programs) from (/system/etc/init/hw/init.rc:1253)
04-15 18:40:59.830 0 0 I init : processing action (load_bpf_programs) from (/system/etc/init/bpfloader.rc:17)
04-15 18:40:59.838 0 0 I init : starting service 'bpfloader'...
04-15 18:40:59.885 0 0 I init : ... started service 'bpfloader' has pid 314
04-15 18:40:59.886 0 0 I init : SVC_EXEC service 'bpfloader' pid 314 (uid 0 gid 0+7 context default) started; waiting...
04-15 18:40:59.886 0 0 I init : Command 'exec_start bpfloader' action=load_bpf_programs (/system/etc/init/bpfloader.rc:18) took 55ms and succeeded
04-15 18:40:59.893 0 0 I init : starting service 'dhcpclient_wifi'...
04-15 18:40:59.914 0 0 I init : ... started service 'dhcpclient_wifi' has pid 315
04-15 18:40:59.914 0 0 I init : Control message: Processed ctl.start for 'dhcpclient_wifi' from pid: 313 (setprop ctl.start dhcpclient_wifi)
04-15 18:40:59.948 0 0 I init : Service 'exec 14 (/system/bin/recovery-persist)' (pid 312) exited with status 0 oneshot service took 0.240000 seconds in background
04-15 18:40:59.948 0 0 I init : Sending signal 9 to service 'exec 14 (/system/bin/recovery-persist)' (pid 312) process group...
04-15 18:40:59.950 0 0 I libprocessgroup: Successfully killed process cgroup uid 1000 pid 312 in 0ms
04-15 18:41:00.171 0 0 I init : Service 'ranchu-net' (pid 304) exited with status 0 oneshot service took 1.660000 seconds in background
04-15 18:41:00.171 0 0 I init : Sending signal 9 to service 'ranchu-net' (pid 304) process group...
04-15 18:41:00.172 0 0 I libprocessgroup: Successfully killed process cgroup uid 0 pid 304 in 0ms
04-15 18:41:00.205 0 0 D LibBpfLoader: Loading optional ELF object /apex/com.android.tethering/etc/bpf/test.o with license Apache 2.0
04-15 18:41:00.206 0 0 I LibBpfLoader: Section bpfloader_min_ver value is 2 [0x2]
04-15 18:41:00.206 0 0 I LibBpfLoader: Section bpfloader_max_ver value is 25 [0x19]
04-15 18:41:00.207 0 0 D LibBpfLoader: Couldn't find section bpfloader_min_required_ver (defaulting to 0 [0x0]).
04-15 18:41:00.210 0 0 I LibBpfLoader: Section size_of_bpf_map_def value is 120 [0x78]
04-15 18:41:00.213 0 0 I LibBpfLoader: Section size_of_bpf_prog_def value is 92 [0x5c]
04-15 18:41:00.213 0 0 I LibBpfLoader: BpfLoader version 0x00026 ignoring ELF object /apex/com.android.tethering/etc/bpf/test.o with max ver 0x00019
04-15 18:41:00.213 0 0 I bpfloader: Loaded object: /apex/com.android.tethering/etc/bpf/test.o
04-15 18:41:00.218 0 0 D LibBpfLoader: Loading critical for Connectivity (Tethering) ELF object /apex/com.android.tethering/etc/bpf/offload.o with license Apache 2.0
04-15 18:41:00.218 0 0 I LibBpfLoader: Section bpfloader_min_ver value is 2 [0x2]
04-15 18:41:00.218 0 0 I LibBpfLoader: Section bpfloader_max_ver value is 25 [0x19]
04-15 18:41:00.219 0 0 D LibBpfLoader: Couldn't find section bpfloader_min_required_ver (defaulting to 0 [0x0]).
04-15 18:41:00.220 0 0 I LibBpfLoader: Section size_of_bpf_map_def value is 120 [0x78]
04-15 18:41:00.220 0 0 I LibBpfLoader: Section size_of_bpf_prog_def value is 92 [0x5c]
04-15 18:41:00.220 0 0 I LibBpfLoader: BpfLoader version 0x00026 ignoring ELF object /apex/com.android.tethering/etc/bpf/offload.o with max ver 0x00019
04-15 18:41:00.220 0 0 I bpfloader: Loaded object: /apex/com.android.tethering/etc/bpf/offload.o
04-15 18:41:00.222 0 0 D LibBpfLoader: Loading optional ELF object /apex/com.android.tethering/etc/bpf/test@btf.o with license Apache 2.0
04-15 18:41:00.222 0 0 I LibBpfLoader: Section bpfloader_min_ver value is 25 [0x19]
04-15 18:41:00.223 0 0 I LibBpfLoader: Section bpfloader_max_ver value is 65536 [0x10000]
04-15 18:41:00.224 0 0 D LibBpfLoader: Couldn't find section bpfloader_min_required_ver (defaulting to 0 [0x0]).
04-15 18:41:00.224 0 0 I LibBpfLoader: Section size_of_bpf_map_def value is 120 [0x78]
04-15 18:41:00.225 0 0 I LibBpfLoader: Section size_of_bpf_prog_def value is 92 [0x5c]
04-15 18:41:00.225 0 0 I LibBpfLoader: BpfLoader version 0x00026 processing ELF object /apex/com.android.tethering/etc/bpf/test@btf.o with ver [0x00019,0x10000)
04-15 18:41:00.230 0 0 D LibBpfLoader: Loaded code section 3 (xdp_drop_ipv4_udp_ether)
04-15 18:41:00.233 0 0 D LibBpfLoader: Adding section 3 to cs list
04-15 18:41:00.239 0 0 D LibBpfLoader: Couldn't find section btf_min_bpfloader_ver (defaulting to 0 [0x0]).
04-15 18:41:00.240 0 0 D LibBpfLoader: Couldn't find section btf_min_kernel_ver (defaulting to 0 [0x0]).
04-15 18:41:00.322 0 0 D LibBpfLoader: bpf_create_map name tether_downstream6_map, ret: 6
04-15 18:41:00.323 0 0 I LibBpfLoader: map /sys/fs/bpf/tethering/map_test_tether_downstream6_map id 1
04-15 18:41:00.324 0 0 D LibBpfLoader: bpf_create_map name bitmap, ret: 8
04-15 18:41:00.324 0 0 I LibBpfLoader: map /sys/fs/bpf/tethering/map_test_bitmap id 2
04-15 18:41:00.324 0 0 D LibBpfLoader: map_fd found at 0 is 6 in /apex/com.android.tethering/etc/bpf/test@btf.o
04-15 18:41:00.324 0 0 D LibBpfLoader: map_fd found at 1 is 8 in /apex/com.android.tethering/etc/bpf/test@btf.o
04-15 18:41:00.326 0 0 D LibBpfLoader: cs[0].name:xdp_drop_ipv4_udp_ether min_kver:5090000 .max_kver:ffffffff (kvers:6010017)
04-15 18:41:00.326 0 0 D LibBpfLoader: cs[0].name:xdp_drop_ipv4_udp_ether requires bpfloader version [0x00019,0x10000)
04-15 18:41:00.337 0 0 D LibBpfLoader: bpf_prog_load lib call for /apex/com.android.tethering/etc/bpf/test@btf.o (xdp_drop_ipv4_udp_ether) returned fd: 7 (no error)
04-15 18:41:00.338 0 0 I LibBpfLoader: prog /sys/fs/bpf/tethering/prog_test_xdp_drop_ipv4_udp_ether id 1
04-15 18:41:00.338 0 0 I bpfloader: Loaded object: /apex/com.android.tethering/etc/bpf/test@btf.o
04-15 18:41:00.342 0 0 D LibBpfLoader: Loading critical for Connectivity (Tethering) ELF object /apex/com.android.tethering/etc/bpf/offload@btf.o with license Apache 2.0
04-15 18:41:00.343 0 0 I LibBpfLoader: Section bpfloader_min_ver value is 25 [0x19]
04-15 18:41:00.343 0 0 I LibBpfLoader: Section bpfloader_max_ver value is 65536 [0x10000]
04-15 18:41:00.344 0 0 D LibBpfLoader: Couldn't find section bpfloader_min_required_ver (defaulting to 0 [0x0]).
04-15 18:41:00.344 0 0 I LibBpfLoader: Section size_of_bpf_map_def value is 120 [0x78]
04-15 18:41:00.345 0 0 I LibBpfLoader: Section size_of_bpf_prog_def value is 92 [0x5c]
04-15 18:41:00.345 0 0 I LibBpfLoader: BpfLoader version 0x00026 processing ELF object /apex/com.android.tethering/etc/bpf/offload@btf.o with ver [0x00019,0x10000)
04-15 18:41:00.366 0 0 D LibBpfLoader: Loaded code section 3 (schedcls_tether_downstream6_ether)
04-15 18:41:00.369 0 0 D LibBpfLoader: Loaded relo section 3 (.relschedcls/tether_downstream6_ether)
04-15 18:41:00.369 0 0 D LibBpfLoader: Adding section 3 to cs list
04-15 18:41:00.370 0 0 D LibBpfLoader: Loaded code section 5 (schedcls_tether_upstream6_ether)
04-15 18:41:00.372 0 0 D LibBpfLoader: Loaded relo section 5 (.relschedcls/tether_upstream6_ether)
04-15 18:41:00.372 0 0 D LibBpfLoader: Adding section 5 to cs list
04-15 18:41:00.373 0 0 D LibBpfLoader: Loaded code section 7 (schedcls_tether_downstream6_rawip$4_14)
