04-15 15:21:04.120 357 357 E android.hardware.bluetooth.service.default: Bluetooth remote service has died
04-15 15:21:04.121 357 357 I android.hardware.bluetooth.service.default: close
04-15 15:21:04.121 357 357 I android.hardware.bluetooth.service.default: Already closed
04-15 15:21:04.158 357 357 E android.hardware.bluetooth-service.default: unlinkToDeath: removed reference to death recipient but unlink failed: DEAD_OBJECT
04-15 15:21:04.311 328 328 I Zygote : Process 1099 exited cleanly (0)
04-15 15:21:05.130 534 556 W Looper : Slow delivery took 806ms android.fg h=android.os.Handler c=com.android.server.am.SameProcessApplicationThread$$ExternalSyntheticLambda1@9ea3980 m=0
04-15 15:21:05.298 534 556 W Looper : Drained
04-15 15:21:05.302 1130 1130 D FallbackHome: User unlocked and real home found; let's go!
04-15 15:21:05.342 534 534 W Looper : Slow dispatch took 1338ms main h=android.app.ActivityThread$H c=android.app.LoadedApk$ReceiverDispatcher$Args$$ExternalSyntheticLambda0@a503cd6 m=0
04-15 15:21:05.390 1357 1421 I LatinIME:LogUtils: Dictionary info: dictionary = main:en ; version = 54 ; date = 1414726273
04-15 15:21:05.418 534 1020 W system_server: Long monitor contention with owner ActivityManager (568) at void com.android.server.am.BroadcastQueueModernImpl.checkPendingColdStartValidity()(BroadcastQueueModernImpl.java:551) waiters=0 in void com.android.server.am.ActivityManagerService$AppDeathRecipient.binderDied() for 1.315s
04-15 15:21:05.481 534 556 W Looper : Slow dispatch took 142ms android.fg h=android.os.Handler c=android.app.LoadedApk$ReceiverDispatcher$Args$$ExternalSyntheticLambda0@d5320c m=0
04-15 15:21:05.516 534 1020 I ActivityManager: Process com.android.bluetooth (pid 1099) has died: psvc PER
04-15 15:21:05.549 1357 1421 I LatinIME:LogUtils: Dictionary info: dictionary = main:en ; version = 54 ; date = 1414726273
04-15 15:21:05.616 534 570 I libprocessgroup: Successfully killed process cgroup uid 1002 pid 1099 in 0ms
04-15 15:21:05.635 0 0 I init : starting service 'idmap2d'...
04-15 15:21:05.645 534 1572 D ConnectivityService: requestNetwork for uid/pid:1001/1128 activeRequest: null callbackRequest: 29 [NetworkRequest [ REQUEST id=30, [ Capabilities: INTERNET&NOT_RESTRICTED&TRUSTED&NOT_VCN_MANAGED Uid: 1001 RequestorUid: 1001 RequestorPkg: com.android.phone UnderlyingNetworks: Null] ]] callback flags: 0 order: 2147483647
04-15 15:21:05.691 894 926 V WindowManagerShell: Transition requested: android.os.BinderProxy@c54a1d8 TransitionRequestInfo { type = CLOSE, triggerTask = TaskInfo{userId=0 taskId=5 displayId=0 isRunning=false baseIntent=Intent { act=android.intent.action.MAIN cat=[android.intent.category.HOME] flg=0x10800100 cmp=com.android.settings/.FallbackHome } baseActivity=null topActivity=null origActivity=null realActivity=ComponentInfo{com.android.settings/com.android.settings.FallbackHome} numActivities=0 lastActiveTime=211437 supportsMultiWindow=false resizeMode=0 isResizeable=false minWidth=-1 minHeight=-1 defaultMinSize=220 token=WCT{android.window.IWindowContainerToken$Stub$Proxy@e68e931} topActivityType=2 pictureInPictureParams=null shouldDockBigOverlays=false launchIntoPipHostTaskId=-1 lastParentTaskIdBeforePip=-1 displayCutoutSafeInsets=null topActivityInfo=null launchCookies=[] positionInParent=Point(0, 0) parentTaskId=-1 isFocused=true isVisible=true isVisibleRequested=true isSleeping=false topActivityInSizeCompat=false topActivityEligibleForLetterboxEducation= false topActivityLetterboxed= false isFromDoubleTap= false topActivityLetterboxVerticalPosition= -1 topActivityLetterboxHorizontalPosition= -1 topActivityLetterboxWidth=-1 topActivityLetterboxHeight=-1 locusId=null displayAreaFeatureId=1 cameraCompatControlState=hidden}, remoteTransition = null, displayChange = null }
04-15 15:21:05.740 534 812 D WifiNetworkFactory: got request NetworkRequest [ REQUEST id=30, [ Capabilities: INTERNET&NOT_RESTRICTED&TRUSTED&NOT_VCN_MANAGED Uid: 1001 RequestorUid: 1001 RequestorPkg: com.android.phone UnderlyingNetworks: Null] ]
04-15 15:21:05.744 534 812 D UntrustedWifiNetworkFactory: got request NetworkRequest [ REQUEST id=30, [ Capabilities: INTERNET&NOT_RESTRICTED&TRUSTED&NOT_VCN_MANAGED Uid: 1001 RequestorUid: 1001 RequestorPkg: com.android.phone UnderlyingNetworks: Null] ]
04-15 15:21:05.745 534 812 D OemPaidWifiNetworkFactory: got request NetworkRequest [ REQUEST id=30, [ Capabilities: INTERNET&NOT_RESTRICTED&TRUSTED&NOT_VCN_MANAGED Uid: 1001 RequestorUid: 1001 RequestorPkg: com.android.phone UnderlyingNetworks: Null] ]
04-15 15:21:05.748 534 812 D MultiInternetWifiNetworkFactory: got request NetworkRequest [ REQUEST id=30, [ Capabilities: INTERNET&NOT_RESTRICTED&TRUSTED&NOT_VCN_MANAGED Uid: 1001 RequestorUid: 1001 RequestorPkg: com.android.phone UnderlyingNetworks: Null] ]
04-15 15:21:05.750 534 821 D ConnectivityService: NetReassign [no changes] [c 0] [a 0] [i 12]
04-15 15:21:05.777 0 0 I init : ... started service 'idmap2d' has pid 1613
04-15 15:21:05.778 0 0 I init : Control message: Processed ctl.start for 'idmap2d' from pid: 534 (system_server)
04-15 15:21:05.885 534 1433 E system_server: libdebuggerd_client: failed to read status response from tombstoned: timeout reached?
04-15 15:21:05.946 1506 1506 D nativeloader: Configuring clns-shared-6 for other apk /apex/com.android.mediaprovider/priv-app/MediaProvider@UE1A.230829.036.A1/MediaProvider.apk. target_sdk_version=34, uses_libraries=, library_path=/apex/com.android.mediaprovider/priv-app/MediaProvider@UE1A.230829.036.A1/lib/x86_64:/apex/com.android.mediaprovider/priv-app/MediaProvider@UE1A.230829.036.A1/MediaProvider.apk!/lib/x86_64:/system/lib64:/system_ext/lib64, permitted_path=/data:/mnt/expand:/data/user/0/com.android.providers.media.module:/apex/com.android.mediaprovider/priv-app/MediaProvider@UE1A.230829.036.A1:/system/lib64:/system_ext/lib64
04-15 15:21:05.982 1613 1613 I idmap2d : Starting
04-15 15:21:06.006 534 1526 E system_server: No package ID 7f found for resource ID 0x7f08025b.
04-15 15:21:06.008 534 1526 E system_server: No package ID 7f found for resource ID 0x7f1315be.
04-15 15:21:06.022 534 1526 E system_server: No package ID 7f found for resource ID 0x7f08025a.
04-15 15:21:06.060 534 1526 E system_server: No package ID 7f found for resource ID 0x7f13067c.
04-15 15:21:06.066 534 1526 E system_server: No package ID 7f found for resource ID 0x7f080259.
04-15 15:21:06.068 534 1526 E system_server: No package ID 7f found for resource ID 0x7f130e50.
04-15 15:21:06.073 534 1537 W system_server: Core platform API violation: Llibcore/io/Memory;->pokeByte(JB)V from Lcom/android/server/appsearch/protobuf/UnsafeUtil; using reflection
04-15 15:21:06.074 534 1537 W system_server: Core platform API violation: Llibcore/io/Memory;->peekByte(J)B from Lcom/android/server/appsearch/protobuf/UnsafeUtil; using reflection
04-15 15:21:06.080 534 561 W system_server: Long monitor contention with owner binder:534_5 (610) at boolean com.android.server.wm.ActivityClientController.finishActivity(android.os.IBinder, int, android.content.Intent, int)(ActivityClientController.java:518) waiters=0 in void com.android.server.wm.InputMonitor$UpdateInputWindows.run() for 387ms
04-15 15:21:06.120 534 1268 I ActivityManager: Broadcasting: Intent { act=com.android.emulator.multidisplay.START flg=0x400000 cmp=com.android.emulator.multidisplay/.MultiDisplayServiceReceiver }
04-15 15:21:06.156 534 1020 W system_server: Long monitor contention with owner binder:534_5 (610) at boolean com.android.server.wm.ActivityClientController.finishActivity(android.os.IBinder, int, android.content.Intent, int)(ActivityClientController.java:518) waiters=1 in boolean com.android.server.wm.ActivityTaskManagerService$LocalService.isShuttingDown() for 599ms
04-15 15:21:06.197 534 1020 W ActivityManager: Scheduling restart of crashed service com.android.bluetooth/.btservice.AdapterService in 1000ms for connection
04-15 15:21:06.262 534 560 W ActivityTaskManager: Activity top resumed state loss timeout for ActivityRecord{4ef6c60 u0 com.android.settings/.FallbackHome t5 f}}
04-15 15:21:06.271 534 1020 D OomAdjuster: Not killing cached processes
04-15 15:21:06.284 534 560 W ActivityTaskManager: Activity pause timeout for ActivityRecord{4ef6c60 u0 com.android.settings/.FallbackHome t5 f}}
04-15 15:21:06.330 1506 1506 D nativeloader: InitApexLibraries:
04-15 15:21:06.330 1506 1506 D nativeloader: com_android_adservices: libhpke_jni.so:libtflite_support_classifiers_native.so
04-15 15:21:06.330 1506 1506 D nativeloader: com_android_appsearch: libicing.so
04-15 15:21:06.330 1506 1506 D nativeloader: com_android_art: libartservice.so
04-15 15:21:06.330 1506 1506 D nativeloader: com_android_btservices: libbluetooth_jni.so
04-15 15:21:06.330 1506 1506 D nativeloader: com_android_conscrypt: libjavacrypto.so
04-15 15:21:06.330 1506 1506 D nativeloader: com_android_extservices: libtflite_support_classifiers_native.so
04-15 15:21:06.330 1506 1506 D nativeloader: com_android_os_statsd: libstats_jni.so
04-15 15:21:06.330 1506 1506 D nativeloader: com_android_tethering: libandroid_net_connectivity_com_android_net_module_util_jni.so:libcronet.114.0.5735.84.so:libframework-connectivity-jni.so:libframework-connectivity-tiramisu-jni.so:libservice-connectivity.so
04-15 15:21:06.330 1506 1506 D nativeloader: com_android_uwb: libuwb_uci_jni_rust.so
04-15 15:21:06.330 1506 1506 D nativeloader: com_android_virt: libvirtualizationservice_jni.so:libvirtualmachine_jni.so
04-15 15:21:06.334 534 557 W Looper : Slow dispatch took 2025ms android.ui h=com.android.server.am.ActivityManagerService$UiHandler c=null m=68
04-15 15:21:06.335 534 557 W Looper : Slow delivery took 743ms android.ui h=com.android.server.wm.DisplayPolicy$PolicyHandler c=com.android.server.wm.DisplayPolicy$2$$ExternalSyntheticLambda0@b4f50ca m=0
04-15 15:21:06.372 1357 1421 I LatinIME:LogUtils: Dictionary info: dictionary = main:en ; version = 54 ; date = 1414726273
04-15 15:21:06.388 534 560 D CompatibilityChangeReporter: Compat change id reported: 265464455; UID 10111; state: DISABLED
04-15 15:21:06.394 534 560 D CompatibilityChangeReporter: Compat change id reported: 265452344; UID 10111; state: DISABLED
04-15 15:21:06.395 534 560 D CompatibilityChangeReporter: Compat change id reported: 266124927; UID 10111; state: DISABLED
04-15 15:21:06.396 534 560 D CompatibilityChangeReporter: Compat change id reported: 265451093; UID 10111; state: DISABLED
04-15 15:21:06.397 534 560 D CompatibilityChangeReporter: Compat change id reported: 265456536; UID 10111; state: DISABLED
04-15 15:21:06.398 534 560 D CompatibilityChangeReporter: Compat change id reported: 255940284; UID 10111; state: DISABLED
04-15 15:21:06.399 534 560 D CompatibilityChangeReporter: Compat change id reported: 236283604; UID 10111; state: DISABLED
04-15 15:21:06.400 534 560 D CompatibilityChangeReporter: Compat change id reported: 263959004; UID 10111; state: DISABLED
04-15 15:21:06.409 534 560 D CompatibilityChangeReporter: Compat change id reported: 264304459; UID 10111; state: DISABLED
04-15 15:21:06.410 534 560 D CompatibilityChangeReporter: Compat change id reported: 264301586; UID 10111; state: DISABLED
04-15 15:21:06.412 534 560 D CompatibilityChangeReporter: Compat change id reported: 254631730; UID 10111; state: DISABLED
04-15 15:21:06.413 534 560 D CompatibilityChangeReporter: Compat change id reported: 273509367; UID 10111; state: DISABLED
04-15 15:21:06.414 534 560 D CompatibilityChangeReporter: Compat change id reported: 263259275; UID 10111; state: DISABLED
04-15 15:21:06.415 534 560 D CompatibilityChangeReporter: Compat change id reported: 174042980; UID 10111; state: DISABLED
04-15 15:21:06.415 534 560 D CompatibilityChangeReporter: Compat change id reported: 174042936; UID 10111; state: DISABLED
04-15 15:21:06.421 534 560 D CompatibilityChangeReporter: Compat change id reported: 181136395; UID 10111; state: DISABLED
04-15 15:21:06.425 534 1617 D CompatibilityChangeReporter: Compat change id reported: 182478738; UID 10117; state: ENABLED
04-15 15:21:06.426 534 1612 D CompatibilityChangeReporter: Compat change id reported: 182478738; UID 1001; state: ENABLED
04-15 15:21:06.432 534 557 D DisplayManagerService: Drop pending events for gone uid 1002
04-15 15:21:06.436 534 1433 W ActivityManager: Dumping Java threads failed, initiating native stack dump.
04-15 15:21:06.473 534 560 D CompatibilityChangeReporter: Compat change id reported: 184838306; UID 10111; state: DISABLED
04-15 15:21:06.494 534 557 W Looper : Slow dispatch took 136ms android.ui h=com.android.server.am.ActivityManagerService$UiHandler c=com.android.server.am.UidObserverController$$ExternalSyntheticLambda0@3ef3a60 m=0
04-15 15:21:06.495 534 560 D CompatibilityChangeReporter: Compat change id reported: 185004937; UID 10111; state: DISABLED
04-15 15:21:06.498 534 560 D CompatibilityChangeReporter: Compat change id reported: 194480991; UID 10111; state: ENABLED
04-15 15:21:06.602 1357 1421 I LatinIME:LogUtils: Dictionary info: dictionary = main:en ; version = 54 ; date = 1414726273
04-15 15:21:06.655 534 560 D CompatibilityChangeReporter: Compat change id reported: 197654537; UID 10111; state: ENABLED
04-15 15:21:06.687 534 560 I ActivityTaskManager: START u0 {act=android.intent.action.MAIN cat=[android.intent.category.HOME] flg=0x10000100 cmp=com.android.sdksetup/.DefaultActivity (has extras)} with LAUNCH_SINGLE_TASK from uid 0 (BAL_ALLOW_ALLOWLISTED_UID) result code=0
04-15 15:21:06.780 1357 1421 I LatinIME:LogUtils: Dictionary info: dictionary = main:en ; version = 54 ; date = 1414726273
04-15 15:21:06.806 1357 1421 I LatinIME:LogUtils: Dictionary info: dictionary = main:en ; version = 54 ; date = 1414726273
04-15 15:21:06.847 534 561 W system_server: Long monitor contention with owner android.display (560) at void com.android.server.wm.ActivityTaskManagerService.resumeAppSwitches()(ActivityTaskManagerService.java:3955) waiters=0 in void com.android.server.wm.InputMonitor$UpdateInputWindows.run() for 560ms
04-15 15:21:06.853 534 1020 W system_server: Long monitor contention with owner android.display (560) at void com.android.server.wm.ActivityTaskManagerService.resumeAppSwitches()(ActivityTaskManagerService.java:3955) waiters=1 in android.os.IBinder com.android.server.wm.WindowOrganizerController.startTransition(int, android.os.IBinder, android.window.WindowContainerTransaction) for 560ms
04-15 15:21:06.856 534 568 W system_server: Long monitor contention with owner android.display (560) at void com.android.server.wm.ActivityTaskManagerService.resumeAppSwitches()(ActivityTaskManagerService.java:3955) waiters=2 in void com.android.server.wm.ActivityTaskManagerService$LocalService.onProcessRemoved(java.lang.String, int) for 463ms
04-15 15:21:06.861 894 926 W Looper : Slow dispatch took 1172ms wmshell.main h=android.os.Handler c=com.android.wm.shell.transition.Transitions$TransitionPlayerImpl$$ExternalSyntheticLambda1@c31e76d m=0
04-15 15:21:06.882 534 568 W ActivityManager: Slow operation: 499ms so far, now at startProcess: done creating new process record
04-15 15:21:06.883 534 568 W ActivityManager: Slow operation: 500ms so far, now at startProcess: stepping in to startProcess
04-15 15:21:06.915 1357 1421 I LatinIME:LogUtils: Dictionary info: dictionary = main:en ; version = 54 ; date = 1414726273
04-15 15:21:06.917 392 392 I BpBinder: onLastStrongRef automatically unlinking death recipients:
04-15 15:21:06.931 534 567 I UsageStatsDatabase: Upgrading from version 0 to 5
04-15 15:21:06.931 534 567 I UsageStatsDatabase: Deleting all usage stats files
04-15 15:21:06.938 534 568 D CompatibilityChangeReporter: Compat change id reported: 135634846; UID 10071; state: DISABLED
04-15 15:21:06.951 534 568 D CompatibilityChangeReporter: Compat change id reported: 177438394; UID 10071; state: DISABLED
04-15 15:21:06.957 534 568 D CompatibilityChangeReporter: Compat change id reported: 135772972; UID 10071; state: DISABLED
04-15 15:21:06.967 534 567 I UsageStatsService: User[0] Rollover scheduled @ 2026-04-16 15:21:02(1776352862004)
04-15 15:21:06.967 534 567 D AppStandbyController: Initializing defaults for system apps on user 0, appIdleEnabled=false
04-15 15:21:06.972 534 845 E BackupPasswordManager: Unable to read backup pw version
04-15 15:21:06.974 534 845 E BackupPasswordManager: Unable to read saved backup pw hash
04-15 15:21:06.975 534 568 D CompatibilityChangeReporter: Compat change id reported: 135754954; UID 10071; state: ENABLED
04-15 15:21:06.986 534 569 W ActivityManager: Slow operation: 103ms so far, now at startProcess: asking zygote to start proc
04-15 15:21:06.987 534 569 D CompatibilityChangeReporter: Compat change id reported: 143937733; UID 10071; state: ENABLED
04-15 15:21:06.989 534 568 W ActivityManager: Slow operation: 607ms so far, now at startProcess: done starting proc!
04-15 15:21:07.007 534 609 W system_server: Long monitor contention with owner binder:534_9 (1067) at java.util.List com.android.server.om.OverlayManagerService.updatePackageManagerLocked(java.util.Collection, int)(OverlayManagerService.java:1534) waiters=0 in boolean com.android.server.om.OverlayManagerService$1.setEnabledExclusiveInCategory(java.lang.String, int) for 882ms
04-15 15:21:07.043 534 1433 I system_server: libdebuggerd_client: started dumping process 534
04-15 15:21:07.109 193 193 I tombstoned: registered intercept for pid 534 and type kDebuggerdNativeBacktrace
04-15 15:21:07.115 534 534 I libc : Requested dump for pid 534 (system_server)
04-15 15:21:07.153 534 556 W system_server: Long monitor contention with owner android.bg (567) at com.android.server.pm.Computer com.android.server.pm.PackageManagerService.snapshotComputer(boolean)(PackageManagerService.java:1195) waiters=2 in com.android.server.pm.Computer com.android.server.pm.PackageManagerService.snapshotComputer(boolean) for 145ms
04-15 15:21:07.191 328 328 D Zygote : Forked child process 1631
04-15 15:21:07.234 534 569 W ActivityManager: Slow operation: 350ms so far, now at startProcess: returned from zygote!
04-15 15:21:07.297 534 821 D ConnectivityService: NetReassign [no changes] [c 0] [a 0] [i 1]
04-15 15:21:07.333 534 609 W system_server: Long monitor contention with owner android.bg (567) at com.android.server.pm.Computer com.android.server.pm.PackageManagerService.snapshotComputer(boolean)(PackageManagerService.java:1195) waiters=3 in com.android.server.pm.Computer com.android.server.pm.PackageManagerService.snapshotComputer(boolean) for 313ms
04-15 15:21:07.337 534 1526 W system_server: Long monitor contention with owner android.bg (567) at com.android.server.pm.Computer com.android.server.pm.PackageManagerService.snapshotComputer(boolean)(PackageManagerService.java:1195) waiters=4 in com.android.server.pm.Computer com.android.server.pm.PackageManagerService.snapshotComputer(boolean) for 316ms
04-15 15:21:07.348 534 1067 W system_server: Long monitor contention with owner android.bg (567) at com.android.server.pm.Computer com.android.server.pm.PackageManagerService.snapshotComputer(boolean)(PackageManagerService.java:1195) waiters=6 in com.android.server.pm.Computer com.android.server.pm.PackageManagerService.snapshotComputer(boolean) for 267ms
04-15 15:21:07.380 1506 1506 V GraphicsEnvironment: Currently set values for:
04-15 15:21:07.381 1506 1506 V GraphicsEnvironment: angle_gl_driver_selection_pkgs=[]
04-15 15:21:07.400 1506 1506 V GraphicsEnvironment: angle_gl_driver_selection_values=[]
04-15 15:21:07.428 894 900 I ndroid.systemui: Background concurrent copying GC freed 14227(1245KB) AllocSpace objects, 2(104KB) LOS objects, 49% free, 6880KB/13MB, paused 1.765ms,192us total 4.904s
04-15 15:21:07.455 1631 1631 I oid.documentsui: Using CollectorTypeCC GC.
04-15 15:21:07.486 1631 1631 W oid.documentsui: Unexpected CPU variant for x86: x86_64.
04-15 15:21:07.486 1631 1631 W oid.documentsui: Known variants: atom, sandybridge, silvermont, goldmont, goldmont-plus, tremont, kabylake, default
04-15 15:21:07.517 1631 1631 E oid.documentsui: Not starting debugger since process cannot load the jdwp agent.
04-15 15:21:07.564 0 0 I binder : release 1542:1542 transaction 32066 out, still active
04-15 15:21:07.564 0 0 I binder : undelivered TRANSACTION_COMPLETE
04-15 15:21:07.597 0 0 I binder : release 1544:1544 transaction 32037 out, still active
04-15 15:21:07.597 0 0 I binder : undelivered TRANSACTION_COMPLETE
04-15 15:21:07.623 0 0 I binder : release 1546:1546 transaction 32044 out, still active
04-15 15:21:07.623 0 0 I binder : undelivered TRANSACTION_COMPLETE
04-15 15:21:07.638 894 1330 W ndroid.systemui: Long monitor contention with owner DefaultDispatcher-worker-9 (1326) at boolean com.android.systemui.log.LogcatEchoTrackerDebug.isTagLoggable(java.lang.String, com.android.systemui.log.LogLevel)(go/retraceme bb0c85583bc8cef368173602f8ea06d241ec8a7fed6aca80388046fe2c5dd77a:20) waiters=0 in boolean com.android.systemui.log.LogcatEchoTrackerDebug.isBufferLoggable(java.lang.String, com.android.systemui.log.LogLevel) for 506ms
04-15 15:21:07.641 894 894 W ndroid.systemui: Long monitor contention with owner DefaultDispatcher-worker-9 (1326) at java.lang.String android.provider.Settings$NameValueCache.getStringForUser(android.content.ContentResolver, java.lang.String, int)(Settings.java:3367) waiters=0 in java.lang.String android.provider.Settings$NameValueCache.getStringForUser(android.content.ContentResolver, java.lang.String, int) for 263ms
04-15 15:21:07.646 0 0 I binder : release 1552:1552 transaction 32067 out, still active
04-15 15:21:07.646 0 0 I binder : undelivered TRANSACTION_COMPLETE
04-15 15:21:07.656 0 0 I binder : release 1554:1554 transaction 32055 out, still active
04-15 15:21:07.656 0 0 I binder : undelivered TRANSACTION_COMPLETE
04-15 15:21:07.663 1506 1506 V GraphicsEnvironment: ANGLE GameManagerService for com.android.providers.media.module: false
04-15 15:21:07.663 1506 1506 V GraphicsEnvironment: com.android.providers.media.module is not listed in per-application setting
04-15 15:21:07.663 1506 1506 V GraphicsEnvironment: Neither updatable production driver nor prerelease driver is supported.
04-15 15:21:07.797 534 1464 W system_server: Long monitor contention with owner binder:534_9 (1067) at java.util.List com.android.server.om.OverlayManagerService.updatePackageManagerLocked(java.util.Collection, int)(OverlayManagerService.java:1534) waiters=1 in boolean com.android.server.om.OverlayManagerService$1.setEnabledExclusiveInCategory(java.lang.String, int) for 1.621s
04-15 15:21:07.808 0 0 E binder : invalid inc weak node for 32088
04-15 15:21:07.808 0 0 I binder : 534:1464 IncRefs 0 refcount change on invalid ref 649 ret -22
04-15 15:21:07.808 0 0 E binder : invalid inc weak node for 32090
04-15 15:21:07.808 0 0 I binder : 534:1464 IncRefs 0 refcount change on invalid ref 650 ret -22
04-15 15:21:07.831 534 609 E IPCThreadState: Binder transaction failure: 32647/29189/-22
04-15 15:21:07.903 894 1329 W ndroid.systemui: Long monitor contention with owner DefaultDispatcher-worker-9 (1326) at boolean com.android.systemui.log.LogcatEchoTrackerDebug.isTagLoggable(java.lang.String, com.android.systemui.log.LogLevel)(go/retraceme bb0c85583bc8cef368173602f8ea06d241ec8a7fed6aca80388046fe2c5dd77a:20) waiters=1 in boolean com.android.systemui.log.LogcatEchoTrackerDebug.isBufferLoggable(java.lang.String, com.android.systemui.log.LogLevel) for 530ms
04-15 15:21:07.913 1128 1128 W SmsApplication: com.android.phone does not have OP_WRITE_SMS: (fixing)
04-15 15:21:08.289 1128 1128 W SmsApplication: com.android.bluetooth does not have OP_WRITE_SMS: (fixing)
04-15 15:21:08.354 1128 1128 W SmsApplication: com.android.cellbroadcastreceiver.module does not have OP_WRITE_SMS: (fixing)
04-15 15:21:08.493 534 1526 E system_server: No package ID 7f found for resource ID 0x7f080077.
04-15 15:21:08.500 534 1526 E system_server: No package ID 7f found for resource ID 0x7f110261.
04-15 15:21:08.688 534 1068 W system_server: Long monitor contention with owner binder:534_9 (1067) at java.util.List com.android.server.om.OverlayManagerService.updatePackageManagerLocked(java.util.Collection, int)(OverlayManagerService.java:1534) waiters=3 in boolean com.android.server.om.OverlayManagerService$1.setEnabledExclusiveInCategory(java.lang.String, int) for 2.415s
04-15 15:21:08.703 534 1464 E IPCThreadState: Binder transaction failure: 32790/29189/-22
04-15 15:21:08.709 0 0 E binder : invalid inc weak node for 32076
04-15 15:21:08.709 0 0 I binder : 534:1068 IncRefs 0 refcount change on invalid ref 643 ret -22
04-15 15:21:08.709 0 0 E binder : invalid inc weak node for 32078
04-15 15:21:08.709 0 0 I binder : 534:1068 IncRefs 0 refcount change on invalid ref 644 ret -22
04-15 15:21:08.721 534 1526 E system_server: No package ID 7f found for resource ID 0x7f07009e.
04-15 15:21:08.722 534 1526 E system_server: No package ID 7f found for resource ID 0x7f120096.
04-15 15:21:08.841 0 0 I init : Untracked pid 1595 received signal 1
04-15 15:21:08.842 0 0 I init : Untracked pid 1595 did not have an associated service entry and will not be reaped
04-15 15:21:08.958 1506 1506 V MediaProvider: Attached media from com.android.providers.media.module
04-15 15:21:08.997 1638 1638 W crash_dump64: failed to attach to thread 1526: No such process
04-15 15:21:09.004 1638 1638 E crash_dump64: failed to interrupt 1526 to detach: No such process
04-15 15:21:09.005 1638 1638 W crash_dump64: failed to ptrace interrupt thread 1526: No such process
04-15 15:21:09.284 534 543 E libunwindstack: Timeout waiting for ucontext
04-15 15:21:09.575 1638 1638 I crash_dump64: obtaining output fd from tombstoned, type: kDebuggerdNativeBacktrace
04-15 15:21:09.822 534 560 W ActivityManager: Slow operation: 58ms so far, now at startProcess: done creating new process record
04-15 15:21:09.834 534 560 W ActivityManager: Slow operation: 72ms so far, now at startProcess: stepping in to startProcess
04-15 15:21:09.840 193 193 I tombstoned: received crash request for pid 534
04-15 15:21:09.841 193 193 I tombstoned: found intercept fd 512 for pid 534 and type kDebuggerdNativeBacktrace
04-15 15:21:09.857 1638 1638 I crash_dump64: performing dump of process 534 (target tid = 534)
04-15 15:21:09.864 534 1433 E system_server: libdebuggerd_client: timeout expired
04-15 15:21:09.888 534 543 W system_server: Suspending all threads took: 53.446ms
04-15 15:21:09.892 534 1433 W ActivityManager: Native stack dump failed!
04-15 15:21:09.893 534 1433 E ActivityManager: Aborted stack trace dump (current primary pid=534); deadline exceeded.
04-15 15:21:09.927 193 193 I tombstoned: received crash request for pid 534
04-15 15:21:09.959 534 543 I system_server: Wrote stack traces to tombstoned
04-15 15:21:09.965 193 193 E tombstoned: Traces for pid 534 written to: trace_00
04-15 15:21:09.969 534 560 W ActivityManager: Slow operation: 134ms so far, now at startProcess: building args
04-15 15:21:09.995 534 560 D CompatibilityChangeReporter: Compat change id reported: 135634846; UID 10111; state: DISABLED
04-15 15:21:10.004 534 560 D CompatibilityChangeReporter: Compat change id reported: 177438394; UID 10111; state: DISABLED
04-15 15:21:10.007 534 560 D CompatibilityChangeReporter: Compat change id reported: 135772972; UID 10111; state: DISABLED
04-15 15:21:10.008 534 560 D CompatibilityChangeReporter: Compat change id reported: 135754954; UID 10111; state: ENABLED
04-15 15:21:10.016 534 560 W ActivityManager: Slow operation: 257ms so far, now at startProcess: done starting proc!
04-15 15:21:10.027 534 568 W system_server: Long monitor contention with owner main (534) at int com.android.server.am.ActivityManagerService.broadcastIntentWithFeature(android.app.IApplicationThread, java.lang.String, android.content.Intent, java.lang.String, android.content.IIntentReceiver, int, java.lang.String, android.os.Bundle, java.lang.String[], java.lang.String[], java.lang.String[], int, android.os.Bundle, boolean, boolean, int)(ActivityManagerService.java:15343) waiters=6 in boolean com.android.server.am.BroadcastQueueModernImpl.lambda$new$0(android.os.Message) for 3.005s
04-15 15:21:10.043 534 873 W system_server: Long monitor contention with owner main (534) at int com.android.server.am.ActivityManagerService.broadcastIntentWithFeature(android.app.IApplicationThread, java.lang.String, android.content.Intent, java.lang.String, android.content.IIntentReceiver, int, java.lang.String, android.os.Bundle, java.lang.String[], java.lang.String[], java.lang.String[], int, android.os.Bundle, boolean, boolean, int)(ActivityManagerService.java:15343) waiters=10 in int com.android.server.am.ActivityManagerService.bindServiceInstance(android.app.IApplicationThread, android.os.IBinder, android.content.Intent, java.lang.String, android.app.IServiceConnection, long, java.lang.String, boolean, int, java.lang.String, android.app.IApplicationThread, java.lang.String, int) for 1.876s
04-15 15:21:10.110 534 1068 E IPCThreadState: Binder transaction failure: 32872/29189/-22
04-15 15:21:10.118 534 1434 I ActivityManager: Collecting stacks for pid 1128
04-15 15:21:10.130 534 1639 I ActivityManager: Broadcasting: Intent { act=com.android.emulator.multidisplay.START flg=0x400000 cmp=com.android.emulator.multidisplay/.MultiDisplayServiceReceiver }
04-15 15:21:10.135 534 550 W system_server: Long monitor contention with owner binder:534_9 (1067) at java.util.List com.android.server.om.OverlayManagerService.updatePackageManagerLocked(java.util.Collection, int)(OverlayManagerService.java:1534) waiters=5 in boolean com.android.server.om.OverlayManagerService$1.setEnabledExclusiveInCategory(java.lang.String, int) for 3.721s
04-15 15:21:10.145 0 0 E binder : invalid inc weak node for 32140
04-15 15:21:10.145 0 0 I binder : 534:550 IncRefs 0 refcount change on invalid ref 653 ret -22
04-15 15:21:10.146 0 0 E binder : invalid inc weak node for 32142
04-15 15:21:10.146 0 0 I binder : 534:550 IncRefs 0 refcount change on invalid ref 654 ret -22
04-15 15:21:10.194 1128 1128 V ActivityThread: getPackageInfo() caused update to cached ApplicationInfo for package com.android.phone
04-15 15:21:10.195 1128 1128 W System : ClassLoader referenced unknown path:
04-15 15:21:10.201 1128 1128 D nativeloader: Configuring clns-shared-10 for other apk . target_sdk_version=34, uses_libraries=, library_path=/system/priv-app/TeleService/lib/x86_64:/system/lib64:/system_ext/lib64, permitted_path=/data:/mnt/expand:/data/user_de/0/com.android.phone:/system/priv-app/TeleService:/system/lib64:/system_ext/lib64
04-15 15:21:10.212 904 904 V ActivityThread: getPackageInfo() caused update to cached ApplicationInfo for package com.android.permissioncontroller
04-15 15:21:10.302 534 1434 I system_server: libdebuggerd_client: started dumping process 1128
04-15 15:21:10.313 534 557 W Looper : Drained
04-15 15:21:10.326 534 873 W Looper : Slow dispatch took 2217ms android.perm h=android.os.Handler c=com.android.internal.infra.ServiceConnector$Impl$$ExternalSyntheticLambda2@15ba5c1 m=0
04-15 15:21:10.328 193 193 I tombstoned: registered intercept for pid 1128 and type kDebuggerdJavaBacktrace
04-15 15:21:10.337 1128 1134 I m.android.phone: Thread[2,tid=1134,WaitingInMainSignalCatcherLoop,Thread*=0x77465fc412c0,peer=0x134c0000,"Signal Catcher"]: reacting to signal 3
04-15 15:21:10.337 1128 1134 I m.android.phone:
04-15 15:21:10.353 534 1572 D CompatibilityChangeReporter: Compat change id reported: 168419799; UID 1000; state: DISABLED
04-15 15:21:10.355 534 1572 D CompatibilityChangeReporter: Compat change id reported: 273564678; UID 1000; state: DISABLED
04-15 15:21:10.591 193 193 I tombstoned: received crash request for pid 1128
04-15 15:21:10.602 534 560 W BLASTSyncEngine: Sync group 2 timeout
04-15 15:21:10.604 193 193 I tombstoned: found intercept fd 512 for pid 1128 and type kDebuggerdJavaBacktrace
04-15 15:21:10.605 1128 1134 I m.android.phone: Wrote stack traces to tombstoned
04-15 15:21:10.608 193 193 W tombstoned: skipping tombstone file creation due to intercept
04-15 15:21:10.639 534 1434 I system_server: libdebuggerd_client: done dumping process 1128
04-15 15:21:10.666 534 1572 W ActivityManager: Slow operation: 302ms so far, now at finishAttachApplicationInner: after mServices.attachApplicationLocked
04-15 15:21:10.680 534 560 I BLASTSyncEngine: Unfinished container: ActivityRecord{77d54a5 u0 com.android.sdksetup/.DefaultActivity t6}
04-15 15:21:10.681 534 560 I BLASTSyncEngine: Unfinished container: Task{599102b #6 type=home A=10111:com.android.sdksetup}
04-15 15:21:10.693 534 1434 I ActivityManager: Collecting stacks for pid 1113
04-15 15:21:10.698 534 1572 W ActivityManager: Slow operation: 334ms so far, now at finishAttachApplicationInner: after dispatching broadcasts
04-15 15:21:10.703 534 1434 I system_server: libdebuggerd_client: started dumping process 1113
04-15 15:21:10.706 193 193 I tombstoned: registered intercept for pid 1113 and type kDebuggerdJavaBacktrace
04-15 15:21:10.735 534 551 W system_server: Long monitor contention with owner binder:534_9 (1067) at java.util.List com.android.server.om.OverlayManagerService.updatePackageManagerLocked(java.util.Collection, int)(OverlayManagerService.java:1534) waiters=6 in boolean com.android.server.om.OverlayManagerService$1.setEnabledExclusiveInCategory(java.lang.String, int) for 4.340s
04-15 15:21:10.746 0 0 E binder : invalid inc weak node for 32152
04-15 15:21:10.746 0 0 I binder : 534:551 IncRefs 0 refcount change on invalid ref 659 ret -22
04-15 15:21:10.746 0 0 E binder : invalid inc weak node for 32154
04-15 15:21:10.746 0 0 I binder : 534:551 IncRefs 0 refcount change on invalid ref 660 ret -22
04-15 15:21:10.746 534 550 E IPCThreadState: Binder transaction failure: 32989/29189/-22
04-15 15:21:10.852 1113 1117 I com.android.se: Thread[4,tid=1117,WaitingInMainSignalCatcherLoop,Thread*=0x77465fc3bf50,peer=0x12e001c8,"Signal Catcher"]: reacting to signal 3
04-15 15:21:10.852 1113 1117 I com.android.se:
04-15 15:21:10.881 534 1572 W ActivityManager: Slow operation: 517ms so far, now at finishAttachApplicationInner: after updateOomAdjLocked
04-15 15:21:10.946 534 1268 D CompatibilityChangeReporter: Compat change id reported: 161252188; UID 1000; state: DISABLED
04-15 15:21:10.955 534 1617 W ActivityManager: Slow operation: 4071ms so far, now at startProcess: done updating battery stats
04-15 15:21:10.957 534 1617 W ActivityManager: Slow operation: 4074ms so far, now at startProcess: building log message
04-15 15:21:10.960 534 1617 I ActivityManager: Start proc 1631:com.android.documentsui/u0a71 for broadcast {com.android.documentsui/com.android.documentsui.PreBootReceiver}
04-15 15:21:10.961 534 1617 W ActivityManager: Slow operation: 4077ms so far, now at startProcess: starting to update pids map
04-15 15:21:10.965 534 1617 W ActivityManager: Slow operation: 4081ms so far, now at startProcess: done updating pids map
04-15 15:21:10.969 534 812 E WifiScoringParams: Invalid frequency(-1), using 5G as default rssi array
04-15 15:21:10.972 534 1268 I ActivityManager: Enqueued broadcast Intent { act=com.android.emulator.multidisplay.START flg=0x400000 cmp=com.android.emulator.multidisplay/.MultiDisplayServiceReceiver }: 0
04-15 15:21:10.994 534 1617 D CompatibilityChangeReporter: Compat change id reported: 168419799; UID 10071; state: DISABLED
04-15 15:21:10.995 534 1617 D CompatibilityChangeReporter: Compat change id reported: 273564678; UID 10071; state: DISABLED
04-15 15:21:11.027 534 1617 W ActivityManager: Slow operation: 72ms so far, now at attachApplicationLocked: immediately after bindApplication
04-15 15:21:11.036 534 1617 W ActivityManager: Slow operation: 82ms so far, now at attachApplicationLocked: after updateLruProcessLocked
04-15 15:21:11.039 534 608 W system_server: Long monitor contention with owner binder:534_9 (1067) at java.util.List com.android.server.om.OverlayManagerService.updatePackageManagerLocked(java.util.Collection, int)(OverlayManagerService.java:1534) waiters=9 in boolean com.android.server.om.OverlayManagerService$1.setEnabledExclusiveInCategory(java.lang.String, int) for 4.614s
04-15 15:21:11.054 0 0 E binder : invalid inc weak node for 32084
04-15 15:21:11.054 0 0 I binder : 534:608 IncRefs 0 refcount change on invalid ref 647 ret -22
04-15 15:21:11.054 0 0 E binder : invalid inc weak node for 32086
04-15 15:21:11.054 0 0 I binder : 534:608 IncRefs 0 refcount change on invalid ref 648 ret -22
04-15 15:21:11.069 193 193 I tombstoned: received crash request for pid 1113
04-15 15:21:11.069 193 193 I tombstoned: found intercept fd 512 for pid 1113 and type kDebuggerdJavaBacktrace
04-15 15:21:11.073 1113 1117 I com.android.se: Wrote stack traces to tombstoned
04-15 15:21:11.075 534 1434 I system_server: libdebuggerd_client: done dumping process 1113
04-15 15:21:11.076 193 193 W tombstoned: skipping tombstone file creation due to intercept
04-15 15:21:11.101 1541 1541 D CompatibilityChangeReporter: Compat change id reported: 171979766; UID 1000; state: ENABLED
04-15 15:21:11.102 1541 1541 D CompatibilityChangeReporter: Compat change id reported: 242716250; UID 1000; state: ENABLED
04-15 15:21:11.116 534 1434 I ActivityManager: Collecting stacks for pid 1072
04-15 15:21:11.140 534 551 E IPCThreadState: Binder transaction failure: 33075/29189/-22
04-15 15:21:11.165 534 806 W system_server: Long monitor contention with owner binder:534_9 (1067) at java.util.List com.android.server.om.OverlayManagerService.updatePackageManagerLocked(java.util.Collection, int)(OverlayManagerService.java:1534) waiters=2 in boolean com.android.server.om.OverlayManagerService$1.setEnabledExclusiveInCategory(java.lang.String, int) for 4.985s
04-15 15:21:11.177 0 0 E binder : invalid inc weak node for 32148
04-15 15:21:11.177 0 0 E binder : invalid inc weak node for 32150
04-15 15:21:11.199 534 1434 I system_server: libdebuggerd_client: started dumping process 1072
04-15 15:21:11.228 534 1617 W ActivityManager: Slow operation: 169ms so far, now at finishAttachApplicationInner: after dispatching broadcasts
04-15 15:21:11.238 1631 1631 D CompatibilityChangeReporter: Compat change id reported: 171979766; UID 10071; state: ENABLED
04-15 15:21:11.239 1631 1631 D CompatibilityChangeReporter: Compat change id reported: 242716250; UID 10071; state: ENABLED
04-15 15:21:11.258 534 569 W ActivityManager: Slow operation: 1423ms so far, now at startProcess: asking zygote to start proc
04-15 15:21:11.269 534 556 W Looper : Slow dispatch took 4262ms android.fg h=android.os.Handler c=com.android.server.om.OverlayManagerService$$ExternalSyntheticLambda0@be61120 m=0
04-15 15:21:11.273 534 569 D CompatibilityChangeReporter: Compat change id reported: 143937733; UID 10111; state: ENABLED
04-15 15:21:11.288 534 608 E IPCThreadState: Binder transaction failure: 33134/29189/-22
04-15 15:21:11.312 534 551 D CompatibilityChangeReporter: Compat change id reported: 170503758; UID 10071; state: ENABLED
04-15 15:21:11.324 1631 1631 D CompatibilityChangeReporter: Compat change id reported: 3400644; UID 10071; state: ENABLED
04-15 15:21:11.337 534 568 D CompatibilityChangeReporter: Compat change id reported: 135634846; UID 1002; state: DISABLED
04-15 15:21:11.345 193 193 I tombstoned: registered intercept for pid 1072 and type kDebuggerdJavaBacktrace
04-15 15:21:11.369 1072 1076 I rkstack.process: Thread[2,tid=1076,WaitingInMainSignalCatcherLoop,Thread*=0x77465fc412c0,peer=0x130001c8,"Signal Catcher"]: reacting to signal 3
04-15 15:21:11.369 1072 1076 I rkstack.process:
04-15 15:21:11.407 1631 1631 D nativeloader: Configuring clns-shared-6 for other apk /system/priv-app/DocumentsUI/DocumentsUI.apk. target_sdk_version=34, uses_libraries=, library_path=/system/priv-app/DocumentsUI/lib/x86_64:/system/lib64:/system_ext/lib64, permitted_path=/data:/mnt/expand:/data/user/0/com.android.documentsui:/system/priv-app/DocumentsUI:/system/lib64:/system_ext/lib64
04-15 15:21:11.471 328 328 D Zygote : Forked child process 1659
04-15 15:21:11.477 534 569 W ActivityManager: Slow operation: 1643ms so far, now at startProcess: returned from zygote!
04-15 15:21:11.489 1631 1631 V GraphicsEnvironment: Currently set values for:
04-15 15:21:11.489 1631 1631 V GraphicsEnvironment: angle_gl_driver_selection_pkgs=[]
04-15 15:21:11.490 1631 1631 V GraphicsEnvironment: angle_gl_driver_selection_values=[]
04-15 15:21:11.491 1631 1631 V GraphicsEnvironment: ANGLE GameManagerService for com.android.documentsui: false
04-15 15:21:11.491 1631 1631 V GraphicsEnvironment: com.android.documentsui is not listed in per-application setting
04-15 15:21:11.492 1631 1631 V GraphicsEnvironment: Neither updatable production driver nor prerelease driver is supported.
04-15 15:21:11.653 894 926 V WindowManagerShell: onTransitionReady android.os.BinderProxy@c54a1d8: {id=2 t=CLOSE f=0x0 trk=0 r=[0@Point(0, 0)] c=[{WCT{android.window.IWindowContainerToken$Stub$Proxy@9067ac5} m=OPEN f=MOVE_TO_TOP leash=Surface(name=Task=6)/@0x82d6c2 sb=Rect(0, 0 - 1080, 2400) eb=Rect(0, 0 - 1080, 2400) d=0},{WCT{android.window.IWindowContainerToken$Stub$Proxy@a887c1a} m=CLOSE f=NONE leash=Surface(name=Task=5)/@0x130bcd3 sb=Rect(0, 0 - 1080, 2400) eb=Rect(0, 0 - 1080, 2400) d=0}]}
04-15 15:21:11.655 894 926 V WindowManagerShell: Playing animation for (#2)android.os.BinderProxy@c54a1d8@0
04-15 15:21:11.658 894 926 V WindowManagerShell: try handler com.android.wm.shell.transition.DefaultMixedHandler@808f34b
04-15 15:21:11.659 894 926 V WindowManagerShell: try handler com.android.wm.shell.keyguard.KeyguardTransitionHandler@cf2a128
04-15 15:21:11.659 894 926 V WindowManagerShell: try handler com.android.wm.shell.activityembedding.ActivityEmbeddingController@d58fe41
04-15 15:21:11.661 1659 1659 I ndroid.sdksetup: Using CollectorTypeCC GC.
04-15 15:21:11.664 894 926 V WindowManagerShell: try handler com.android.wm.shell.recents.RecentsTransitionHandler@3a23fe6
04-15 15:21:11.665 894 926 V ShellRecents: RecentsTransitionHandler.startAnimation: no controller found
04-15 15:21:11.665 894 926 V WindowManagerShell: try handler com.android.wm.shell.pip.PipTransition@d717927
04-15 15:21:11.666 894 926 V WindowManagerShell: try handler com.android.wm.shell.splitscreen.StageCoordinator@764a7d4
04-15 15:21:11.666 894 926 V WindowManagerShell: try handler com.android.wm.shell.transition.RemoteTransitionHandler@2f63d7d
04-15 15:21:11.667 894 926 V WindowManagerShell: Transition doesn't have explicit remote, search filters for match for {id=2 t=CLOSE f=0x0 trk=0 r=[0@Point(0, 0)] c=[{WCT{android.window.IWindowContainerToken$Stub$Proxy@9067ac5} m=OPEN f=MOVE_TO_TOP leash=Surface(name=Task=6)/@0x82d6c2 sb=Rect(0, 0 - 1080, 2400) eb=Rect(0, 0 - 1080, 2400) d=0},{WCT{android.window.IWindowContainerToken$Stub$Proxy@a887c1a} m=CLOSE f=NONE leash=Surface(name=Task=5)/@0x130bcd3 sb=Rect(0, 0 - 1080, 2400) eb=Rect(0, 0 - 1080, 2400) d=0}]}
04-15 15:21:11.668 894 926 V WindowManagerShell: Delegate animation for #2 to null
04-15 15:21:11.669 894 926 V WindowManagerShell: try handler com.android.wm.shell.transition.DefaultTransitionHandler@5427472
04-15 15:21:11.669 894 926 V WindowManagerShell: start default transition animation, info = {id=2 t=CLOSE f=0x0 trk=0 r=[0@Point(0, 0)] c=[{WCT{android.window.IWindowContainerToken$Stub$Proxy@9067ac5} m=OPEN f=MOVE_TO_TOP leash=Surface(name=Task=6)/@0x82d6c2 sb=Rect(0, 0 - 1080, 2400) eb=Rect(0, 0 - 1080, 2400) d=0},{WCT{android.window.IWindowContainerToken$Stub$Proxy@a887c1a} m=CLOSE f=NONE leash=Surface(name=Task=5)/@0x130bcd3 sb=Rect(0, 0 - 1080, 2400) eb=Rect(0, 0 - 1080, 2400) d=0}]}
04-15 15:21:11.674 894 926 V WindowManagerShell: loadAnimation: anim=android.view.animation.AnimationSet@e3f65be animAttr=0xb type=CLOSE isEntrance=false
04-15 15:21:11.694 1659 1659 W ndroid.sdksetup: Unexpected CPU variant for x86: x86_64.
04-15 15:21:11.694 1659 1659 W ndroid.sdksetup: Known variants: atom, sandybridge, silvermont, goldmont, goldmont-plus, tremont, kabylake, default
04-15 15:21:11.718 1659 1659 E ndroid.sdksetup: Not starting debugger since process cannot load the jdwp agent.
04-15 15:21:11.768 534 556 I ActivityTaskManager: Config changes=80000000 {1.0 ?mcc0mnc [en_US] ldltr sw411dp w411dp h914dp 420dpi nrml long port finger qwerty/v/v -nav/h winConfig={ mBounds=Rect(0, 0 - 1080, 2400) mAppBounds=Rect(0, 0 - 1080, 2400) mMaxBounds=Rect(0, 0 - 1080, 2400) mDisplayRotation=ROTATION_0 mWindowingMode=fullscreen mDisplayWindowingMode=fullscreen mActivityType=undefined mAlwaysOnTop=undefined mRotation=ROTATION_0} as.3 s.11 fontWeightAdjustment=0}
04-15 15:21:11.788 534 1269 W system_server: Long monitor contention with owner binder:534_9 (1067) at java.util.List com.android.server.om.OverlayManagerService.updatePackageManagerLocked(java.util.Collection, int)(OverlayManagerService.java:1534) waiters=7 in boolean com.android.server.om.OverlayManagerService$1.setEnabledExclusiveInCategory(java.lang.String, int) for 5.383s
04-15 15:21:11.800 0 0 E binder : invalid inc weak node for 32137
04-15 15:21:11.800 0 0 E binder : invalid inc weak node for 32157
04-15 15:21:11.807 534 806 E IPCThreadState: Binder transaction failure: 33282/29189/-22
04-15 15:21:11.834 1541 1541 D CompatibilityChangeReporter: Compat change id reported: 3400644; UID 1000; state: ENABLED
04-15 15:21:11.866 894 894 D NavigationModeController: getCurrentInteractionMode: mode=0 contextUser=0
04-15 15:21:11.992 534 556 V ActivityTaskManager: Sending to IME proc com.android.inputmethod.latin new config {1.0 ?mcc0mnc [en_US] ldltr sw411dp w411dp h914dp 420dpi nrml long port finger qwerty/v/v -nav/h winConfig={ mBounds=Rect(0, 0 - 1080, 2400) mAppBounds=Rect(0, 0 - 1080, 2400) mMaxBounds=Rect(0, 0 - 1080, 2400) mDisplayRotation=ROTATION_0 mWindowingMode=fullscreen mDisplayWindowingMode=fullscreen mActivityType=undefined mAlwaysOnTop=undefined mRotation=ROTATION_0} as.3 s.16 fontWeightAdjustment=0}
04-15 15:21:11.995 1506 1506 V PickerDatabaseHelper: onConfigure() for picker.db
04-15 15:21:12.031 534 556 I WindowManager: Override config changes=80000000 {1.0 ?mcc0mnc [en_US] ldltr sw411dp w411dp h914dp 420dpi nrml long port finger qwerty/v/v -nav/h winConfig={ mBounds=Rect(0, 0 - 1080, 2400) mAppBounds=Rect(0, 0 - 1080, 2400) mMaxBounds=Rect(0, 0 - 1080, 2400) mDisplayRotation=ROTATION_0 mWindowingMode=fullscreen mDisplayWindowingMode=fullscreen mActivityType=undefined mAlwaysOnTop=undefined mRotation=ROTATION_0} as.3 s.11 fontWeightAdjustment=0} for displayId=0
04-15 15:21:12.066 534 950 W system_server: Long monitor contention with owner binder:534_9 (1067) at java.util.List com.android.server.om.OverlayManagerService.updatePackageManagerLocked(java.util.Collection, int)(OverlayManagerService.java:1534) waiters=8 in boolean com.android.server.om.OverlayManagerService$1.setEnabledExclusiveInCategory(java.lang.String, int) for 5.658s
04-15 15:21:12.072 534 1269 E IPCThreadState: Binder transaction failure: 33360/29189/-22
04-15 15:21:12.082 0 0 E binder : invalid inc weak node for 32072
04-15 15:21:12.082 0 0 E binder : invalid inc weak node for 32074
04-15 15:21:12.111 1357 1363 W putmethod.latin: Cleared Reference was only reachable from finalizer (only reported once)
04-15 15:21:12.149 392 654 D PermissionCache: checking android.permission.READ_FRAME_BUFFER for uid=1000 => granted (64373 us)
04-15 15:21:12.215 1506 1506 V PickerDatabaseHelper: onCreate() for picker.db
04-15 15:21:12.256 534 1463 W system_server: Long monitor contention with owner binder:534_9 (1067) at java.util.List com.android.server.om.OverlayManagerService.updatePackageManagerLocked(java.util.Collection, int)(OverlayManagerService.java:1534) waiters=10 in boolean com.android.server.om.OverlayManagerService$1.setEnabledExclusiveInCategory(java.lang.String, int) for 5.763s
04-15 15:21:12.268 0 0 E binder : invalid inc weak node for 32080
04-15 15:21:12.268 0 0 E binder : invalid inc weak node for 32082
04-15 15:21:12.272 534 950 E IPCThreadState: Binder transaction failure: 33418/29189/-22
04-15 15:21:12.279 0 0 I servicemanager: Could not find android.hardware.graphics.allocator.IAllocator/default in the VINTF manifest.
04-15 15:21:12.283 1541 1541 D nativeloader: Configuring clns-shared-6 for other apk /system_ext/priv-app/MultiDisplayProvider/MultiDisplayProvider.apk. target_sdk_version=34, uses_libraries=, library_path=/system_ext/priv-app/MultiDisplayProvider/lib/x86_64:/system_ext/priv-app/MultiDisplayProvider/MultiDisplayProvider.apk!/lib/x86_64:/system/lib64:/system_ext/lib64, permitted_path=/data:/mnt/expand:/data/user/0/com.android.emulator.multidisplay:/system_ext/priv-app/MultiDisplayProvider:/system/lib64:/system_ext/lib64
04-15 15:21:12.293 894 894 D NavigationModeController: getCurrentInteractionMode: mode=0 contextUser=0
04-15 15:21:12.329 132 132 I hwservicemanager: getTransport: Cannot find entry android.hardware.graphics.mapper@4.0::IMapper/default in either framework or device VINTF manifest.
04-15 15:21:12.333 534 1269 I Gralloc4: mapper 4.x is not supported
04-15 15:21:12.381 534 1070 W system_server: Long monitor contention with owner binder:534_9 (1067) at java.util.List com.android.server.om.OverlayManagerService.updatePackageManagerLocked(java.util.Collection, int)(OverlayManagerService.java:1534) waiters=4 in boolean com.android.server.om.OverlayManagerService$1.setEnabledExclusiveInCategory(java.lang.String, int) for 5.979s
04-15 15:21:12.392 0 0 E binder : invalid inc weak node for 32144
04-15 15:21:12.392 0 0 E binder : invalid inc weak node for 32146
04-15 15:21:12.476 193 193 I tombstoned: received crash request for pid 1072
04-15 15:21:12.477 193 193 I tombstoned: found intercept fd 512 for pid 1072 and type kDebuggerdJavaBacktrace
04-15 15:21:12.480 1072 1076 I rkstack.process: Wrote stack traces to tombstoned
04-15 15:21:12.483 193 193 W tombstoned: skipping tombstone file creation due to intercept
04-15 15:21:12.506 534 1434 I system_server: libdebuggerd_client: done dumping process 1072
04-15 15:21:12.544 534 1434 I ActivityManager: Collecting stacks for pid 894
