04-15 15:18:39.654 534 534 W System : No Compatibility callbacks set! Querying change 247079863
04-15 15:18:39.655 534 534 W System : No Compatibility callbacks set! Querying change 247079863
04-15 15:18:39.655 534 534 W System : No Compatibility callbacks set! Querying change 247079863
04-15 15:18:39.655 534 534 W System : No Compatibility callbacks set! Querying change 247079863
04-15 15:18:39.656 534 534 W System : No Compatibility callbacks set! Querying change 247079863
04-15 15:18:39.657 534 534 W System : No Compatibility callbacks set! Querying change 247079863
04-15 15:18:39.657 534 534 W System : No Compatibility callbacks set! Querying change 247079863
04-15 15:18:39.658 534 534 W System : No Compatibility callbacks set! Querying change 247079863
04-15 15:18:39.659 534 534 W System : No Compatibility callbacks set! Querying change 247079863
04-15 15:18:39.659 534 534 W System : No Compatibility callbacks set! Querying change 247079863
04-15 15:18:39.660 534 534 W System : No Compatibility callbacks set! Querying change 247079863
04-15 15:18:39.661 534 534 W System : No Compatibility callbacks set! Querying change 247079863
04-15 15:18:39.661 534 534 W System : No Compatibility callbacks set! Querying change 247079863
04-15 15:18:39.662 534 534 W System : No Compatibility callbacks set! Querying change 247079863
04-15 15:18:39.662 534 534 W System : No Compatibility callbacks set! Querying change 247079863
04-15 15:18:39.663 534 534 W System : No Compatibility callbacks set! Querying change 247079863
04-15 15:18:39.663 534 534 W System : No Compatibility callbacks set! Querying change 247079863
04-15 15:18:39.663 534 534 W System : No Compatibility callbacks set! Querying change 247079863
04-15 15:18:39.665 534 534 W System : No Compatibility callbacks set! Querying change 247079863
04-15 15:18:39.665 534 534 W System : No Compatibility callbacks set! Querying change 247079863
04-15 15:18:39.665 534 534 W System : No Compatibility callbacks set! Querying change 247079863
04-15 15:18:39.666 534 534 W System : No Compatibility callbacks set! Querying change 247079863
04-15 15:18:39.666 534 534 W System : No Compatibility callbacks set! Querying change 247079863
04-15 15:18:39.667 534 534 W System : No Compatibility callbacks set! Querying change 247079863
04-15 15:18:39.669 534 534 W System : No Compatibility callbacks set! Querying change 247079863
04-15 15:18:39.670 534 534 W System : No Compatibility callbacks set! Querying change 247079863
04-15 15:18:39.670 534 534 W System : No Compatibility callbacks set! Querying change 247079863
04-15 15:18:39.671 534 534 W System : No Compatibility callbacks set! Querying change 247079863
04-15 15:18:39.672 534 534 W System : No Compatibility callbacks set! Querying change 247079863
04-15 15:18:39.680 534 534 W System : No Compatibility callbacks set! Querying change 247079863
04-15 15:18:39.681 534 534 W System : No Compatibility callbacks set! Querying change 247079863
04-15 15:18:39.681 534 534 W System : No Compatibility callbacks set! Querying change 247079863
04-15 15:18:39.681 534 534 W System : No Compatibility callbacks set! Querying change 247079863
04-15 15:18:39.682 534 534 W System : No Compatibility callbacks set! Querying change 247079863
04-15 15:18:39.682 534 534 W System : No Compatibility callbacks set! Querying change 247079863
04-15 15:18:39.683 534 534 W System : No Compatibility callbacks set! Querying change 247079863
04-15 15:18:39.683 534 534 W System : No Compatibility callbacks set! Querying change 247079863
04-15 15:18:39.683 534 534 W System : No Compatibility callbacks set! Querying change 247079863
04-15 15:18:39.684 534 534 W System : No Compatibility callbacks set! Querying change 247079863
04-15 15:18:39.685 534 534 W System : No Compatibility callbacks set! Querying change 247079863
04-15 15:18:39.685 534 534 W System : No Compatibility callbacks set! Querying change 247079863
04-15 15:18:39.686 534 534 W System : No Compatibility callbacks set! Querying change 247079863
04-15 15:18:39.686 534 534 W System : No Compatibility callbacks set! Querying change 247079863
04-15 15:18:39.687 534 534 W System : No Compatibility callbacks set! Querying change 247079863
04-15 15:18:39.687 534 534 W System : No Compatibility callbacks set! Querying change 247079863
04-15 15:18:39.687 534 534 W System : No Compatibility callbacks set! Querying change 247079863
04-15 15:18:39.688 534 534 W System : No Compatibility callbacks set! Querying change 247079863
04-15 15:18:39.689 534 534 W System : No Compatibility callbacks set! Querying change 247079863
04-15 15:18:39.689 534 534 W System : No Compatibility callbacks set! Querying change 247079863
04-15 15:18:39.690 534 534 W System : No Compatibility callbacks set! Querying change 247079863
04-15 15:18:39.690 534 534 W System : No Compatibility callbacks set! Querying change 247079863
04-15 15:18:39.691 534 534 W System : No Compatibility callbacks set! Querying change 247079863
04-15 15:18:39.691 534 534 W System : No Compatibility callbacks set! Querying change 247079863
04-15 15:18:39.692 534 534 W System : No Compatibility callbacks set! Querying change 247079863
04-15 15:18:39.692 534 534 W System : No Compatibility callbacks set! Querying change 247079863
04-15 15:18:39.693 534 534 W System : No Compatibility callbacks set! Querying change 247079863
04-15 15:18:39.693 534 534 W System : No Compatibility callbacks set! Querying change 247079863
04-15 15:18:39.693 534 534 W System : No Compatibility callbacks set! Querying change 247079863
04-15 15:18:39.694 534 534 W System : No Compatibility callbacks set! Querying change 247079863
04-15 15:18:39.694 534 534 W System : No Compatibility callbacks set! Querying change 247079863
04-15 15:18:39.694 534 534 W System : No Compatibility callbacks set! Querying change 247079863
04-15 15:18:39.695 534 534 W System : No Compatibility callbacks set! Querying change 247079863
04-15 15:18:39.695 534 534 W System : No Compatibility callbacks set! Querying change 247079863
04-15 15:18:39.697 534 534 W System : No Compatibility callbacks set! Querying change 247079863
04-15 15:18:39.697 534 534 W System : No Compatibility callbacks set! Querying change 247079863
04-15 15:18:39.697 534 534 W System : No Compatibility callbacks set! Querying change 247079863
04-15 15:18:39.698 534 534 W System : No Compatibility callbacks set! Querying change 247079863
04-15 15:18:39.698 534 534 W System : No Compatibility callbacks set! Querying change 247079863
04-15 15:18:39.698 534 534 W System : No Compatibility callbacks set! Querying change 247079863
04-15 15:18:40.842 534 534 V SystemServerTiming: InitBeforeStartServices took to complete: 2541ms
04-15 15:18:40.843 534 534 D SystemServerTiming: StartServices
04-15 15:18:40.843 534 534 D SystemServerTiming: startBootstrapServices
04-15 15:18:40.843 534 534 D SystemServerTiming: ArtModuleServiceInitializer
04-15 15:18:40.854 534 534 V SystemServerTiming: ArtModuleServiceInitializer took to complete: 10ms
04-15 15:18:40.854 534 534 D SystemServerTiming: StartWatchdog
04-15 15:18:40.877 534 557 W System : No Compatibility callbacks set! Querying change 3400644
04-15 15:18:40.892 534 560 W System : No Compatibility callbacks set! Querying change 3400644
04-15 15:18:40.905 534 561 W System : No Compatibility callbacks set! Querying change 3400644
04-15 15:18:40.909 534 563 W System : No Compatibility callbacks set! Querying change 3400644
04-15 15:18:40.911 534 534 V SystemServerTiming: StartWatchdog took to complete: 56ms
04-15 15:18:40.915 534 534 I SystemServer: Reading configuration...
04-15 15:18:40.915 534 534 D SystemServerTiming: ReadingSystemConfig
04-15 15:18:40.918 534 534 V SystemServerTiming: ReadingSystemConfig took to complete: 1ms
04-15 15:18:40.925 534 565 D SystemServerTimingAsync: InitThreadPoolExec:ReadingSystemConfig
04-15 15:18:40.925 534 565 D SystemServerInitThreadPool: Started executing ReadingSystemConfig
04-15 15:18:40.934 534 534 D SystemServerTiming: PlatformCompat
04-15 15:18:40.947 534 565 I SystemConfig: Reading permissions from /system/etc/sysconfig/preinstalled-packages-platform-handheld-system.xml
04-15 15:18:40.956 534 534 D CompatConfig: Found a config file: /system/etc/compatconfig/documents-ui-compat-config.xml
04-15 15:18:40.960 534 565 I incfs : Initial API level of the device: 34
04-15 15:18:40.960 534 565 I incfs : ro.incremental.enable: yes
04-15 15:18:40.961 534 565 I incfs : isFsAvailable: true
04-15 15:18:40.962 534 565 I incfs : isFsAvailable: true
04-15 15:18:40.962 534 565 I incfs : IncFs_Features: v2
04-15 15:18:40.965 534 565 I SystemConfig: Reading permissions from /system/etc/sysconfig/preinstalled-packages-platform.xml
04-15 15:18:40.969 534 565 I SystemConfig: Reading permissions from /system/etc/sysconfig/preinstalled-packages-platform-generic-system.xml
04-15 15:18:40.976 534 565 I SystemConfig: Reading permissions from /system/etc/sysconfig/preinstalled-packages-asl-files.xml
04-15 15:18:40.978 534 565 I SystemConfig: Reading permissions from /system/etc/sysconfig/preinstalled-packages-com.android.providers.media.module.xml
04-15 15:18:40.981 534 534 D CompatConfig: Adding: com.android.server.compat.config.Change@d4d7ba1
04-15 15:18:40.983 534 565 I SystemConfig: Reading permissions from /system/etc/sysconfig/hiddenapi-package-whitelist.xml
04-15 15:18:40.991 534 565 I SystemConfig: Reading permissions from /system/etc/sysconfig/framework-sysconfig.xml
04-15 15:18:40.994 534 565 I SystemConfig: Reading permissions from /system/etc/sysconfig/initial-package-stopped-states.xml
04-15 15:18:40.999 534 534 D CompatConfig: Found a config file: /system/etc/compatconfig/calendar-provider-compat-config.xml
04-15 15:18:41.001 534 565 I SystemConfig: Reading permissions from /system/etc/permissions/android.test.base.xml
04-15 15:18:41.005 534 565 I SystemConfig: Reading permissions from /system/etc/permissions/com.android.location.provider.xml
04-15 15:18:41.013 534 565 I SystemConfig: Reading permissions from /system/etc/permissions/privapp_allowlist_com.android.providers.media.module.xml
04-15 15:18:41.017 534 565 I SystemConfig: Reading permissions from /system/etc/permissions/com.android.adservices.sdksandbox.xml
04-15 15:18:41.019 534 565 I SystemConfig: Reading permissions from /system/etc/permissions/com.android.intentresolver.xml
04-15 15:18:41.021 534 534 D CompatConfig: Adding: com.android.server.compat.config.Change@752be7f
04-15 15:18:41.025 534 534 D CompatConfig: Found a config file: /system/etc/compatconfig/contacts-provider-platform-compat-config.xml
04-15 15:18:41.029 534 565 I SystemConfig: Reading permissions from /system/etc/permissions/org.apache.http.legacy.xml
04-15 15:18:41.033 534 565 I SystemConfig: Reading permissions from /system/etc/permissions/android.software.live_wallpaper.xml
04-15 15:18:41.040 534 565 I SystemConfig: Reading permissions from /system/etc/permissions/android.test.mock.xml
04-15 15:18:41.043 534 534 D CompatConfig: Found a config file: /system/etc/compatconfig/TeleService-platform-compat-config.xml
04-15 15:18:41.047 534 565 I SystemConfig: Reading permissions from /system/etc/permissions/android.test.runner.xml
04-15 15:18:41.049 534 534 D CompatConfig: Adding: com.android.server.compat.config.Change@c594876
04-15 15:18:41.054 534 534 D CompatConfig: Adding: com.android.server.compat.config.Change@bdcae4
04-15 15:18:41.054 534 534 D CompatConfig: Adding: com.android.server.compat.config.Change@4f90b4d
04-15 15:18:41.055 534 534 D CompatConfig: Adding: com.android.server.compat.config.Change@a097602
04-15 15:18:41.055 534 534 D CompatConfig: Adding: com.android.server.compat.config.Change@f880b13
04-15 15:18:41.060 534 534 D CompatConfig: Adding: com.android.server.compat.config.Change@3feb150
04-15 15:18:41.060 534 565 I SystemConfig: Reading permissions from /system/etc/permissions/android.software.webview.xml
04-15 15:18:41.062 534 565 I SystemConfig: Reading permissions from /system/etc/permissions/com.android.networkstack.xml
04-15 15:18:41.066 534 534 D CompatConfig: Found a config file: /system/etc/compatconfig/services-platform-compat-config.xml
04-15 15:18:41.069 534 565 I SystemConfig: Reading permissions from /system/etc/permissions/android.software.window_magnification.xml
04-15 15:18:41.083 534 565 I SystemConfig: Reading permissions from /system/etc/permissions/com.android.nfc_extras.xml
04-15 15:18:41.087 534 565 I SystemConfig: Reading permissions from /system/etc/permissions/com.android.documentsui.xml
04-15 15:18:41.091 534 534 D CompatConfig: Adding: com.android.server.compat.config.Change@3dbc35a
04-15 15:18:41.091 534 534 D CompatConfig: Adding: com.android.server.compat.config.Change@bb3c98b
04-15 15:18:41.091 534 534 D CompatConfig: Adding: com.android.server.compat.config.Change@f775a68
04-15 15:18:41.091 534 534 D CompatConfig: Adding: com.android.server.compat.config.Change@7cd5e81
04-15 15:18:41.091 534 534 D CompatConfig: Adding: com.android.server.compat.config.Change@e02bb26
04-15 15:18:41.091 534 534 D CompatConfig: Adding: com.android.server.compat.config.Change@1937367
04-15 15:18:41.092 534 534 D CompatConfig: Adding: com.android.server.compat.config.Change@19bb514
04-15 15:18:41.100 534 534 D CompatConfig: Adding: com.android.server.compat.config.Change@64f63b2
04-15 15:18:41.100 534 534 D CompatConfig: Adding: com.android.server.compat.config.Change@dd9df03
04-15 15:18:41.101 534 534 D CompatConfig: Adding: com.android.server.compat.config.Change@7090e80
04-15 15:18:41.101 534 534 D CompatConfig: Adding: com.android.server.compat.config.Change@8465cb9
04-15 15:18:41.101 534 534 D CompatConfig: Adding: com.android.server.compat.config.Change@64c08fe
04-15 15:18:41.101 534 534 D CompatConfig: Adding: com.android.server.compat.config.Change@b91685f
04-15 15:18:41.101 534 534 D CompatConfig: Adding: com.android.server.compat.config.Change@33092ac
04-15 15:18:41.102 534 534 D CompatConfig: Adding: com.android.server.compat.config.Change@5670b75
04-15 15:18:41.102 534 534 D CompatConfig: Adding: com.android.server.compat.config.Change@3dbb70a
04-15 15:18:41.102 534 534 D CompatConfig: Adding: com.android.server.compat.config.Change@20e2b7b
04-15 15:18:41.102 534 534 D CompatConfig: Adding: com.android.server.compat.config.Change@d6a2d98
04-15 15:18:41.103 534 534 D CompatConfig: Adding: com.android.server.compat.config.Change@ba9e9f1
04-15 15:18:41.103 534 534 D CompatConfig: Adding: com.android.server.compat.config.Change@e0639d6
04-15 15:18:41.103 534 534 D CompatConfig: Adding: com.android.server.compat.config.Change@fca0457
04-15 15:18:41.103 534 534 D CompatConfig: Adding: com.android.server.compat.config.Change@8a08b44
04-15 15:18:41.103 534 534 D CompatConfig: Adding: com.android.server.compat.config.Change@162342d
04-15 15:18:41.108 534 565 I SystemConfig: Reading permissions from /system/etc/permissions/javax.obex.xml
04-15 15:18:41.112 534 534 D CompatConfig: Adding: com.android.server.compat.config.Change@a841d62
04-15 15:18:41.112 534 534 D CompatConfig: Adding: com.android.server.compat.config.Change@7008ef3
04-15 15:18:41.112 534 534 D CompatConfig: Adding: com.android.server.compat.config.Change@9bd17b0
04-15 15:18:41.113 534 534 D CompatConfig: Adding: com.android.server.compat.config.Change@4dae629
04-15 15:18:41.113 534 534 D CompatConfig: Adding: com.android.server.compat.config.Change@aadae
04-15 15:18:41.113 534 534 D CompatConfig: Adding: com.android.server.compat.config.Change@80b274f
04-15 15:18:41.113 534 534 D CompatConfig: Adding: com.android.server.compat.config.Change@8d3fedc
04-15 15:18:41.113 534 534 D CompatConfig: Adding: com.android.server.compat.config.Change@412bbe5
04-15 15:18:41.114 534 534 D CompatConfig: Adding: com.android.server.compat.config.Change@957f6ba
04-15 15:18:41.114 534 534 D CompatConfig: Adding: com.android.server.compat.config.Change@57ce96b
04-15 15:18:41.114 534 534 D CompatConfig: Adding: com.android.server.compat.config.Change@9102cc8
04-15 15:18:41.114 534 534 D CompatConfig: Adding: com.android.server.compat.config.Change@4383161
04-15 15:18:41.114 534 534 D CompatConfig: Adding: com.android.server.compat.config.Change@cfec486
04-15 15:18:41.114 534 534 D CompatConfig: Adding: com.android.server.compat.config.Change@dfeb147
04-15 15:18:41.115 534 534 D CompatConfig: Adding: com.android.server.compat.config.Change@35f4d74
04-15 15:18:41.117 534 565 I SystemConfig: Reading permissions from /system/etc/permissions/privapp_allowlist_com.android.adservices.api.xml
04-15 15:18:41.118 534 534 D CompatConfig: Adding: com.android.server.compat.config.Change@4e5829d
04-15 15:18:41.118 534 534 D CompatConfig: Adding: com.android.server.compat.config.Change@7eb1ae3
04-15 15:18:41.118 534 534 D CompatConfig: Adding: com.android.server.compat.config.Change@fddcce0
04-15 15:18:41.119 534 534 D CompatConfig: Adding: com.android.server.compat.config.Change@b1cab99
04-15 15:18:41.119 534 534 D CompatConfig: Adding: com.android.server.compat.config.Change@8d3de5e
04-15 15:18:41.119 534 534 D CompatConfig: Adding: com.android.server.compat.config.Change@aaa823f
04-15 15:18:41.119 534 534 D CompatConfig: Adding: com.android.server.compat.config.Change@a02d70c
04-15 15:18:41.119 534 534 D CompatConfig: Adding: com.android.server.compat.config.Change@36855
04-15 15:18:41.119 534 534 D CompatConfig: Adding: com.android.server.compat.config.Change@1fb826a
04-15 15:18:41.124 534 534 D CompatConfig: Adding: com.android.server.compat.config.Change@1cf035b
04-15 15:18:41.127 534 565 I SystemConfig: Reading permissions from /system/etc/permissions/com.android.media.remotedisplay.xml
04-15 15:18:41.129 534 565 I SystemConfig: Reading permissions from /system/etc/permissions/privapp-permissions-platform.xml
04-15 15:18:41.140 534 534 D CompatConfig: Adding: com.android.server.compat.config.Change@8475b36
04-15 15:18:41.141 534 534 D CompatConfig: Adding: com.android.server.compat.config.Change@5f07a37
04-15 15:18:41.141 534 534 D CompatConfig: Adding: com.android.server.compat.config.Change@a2afba4
04-15 15:18:41.141 534 534 D CompatConfig: Adding: com.android.server.compat.config.Change@1d14d0d
04-15 15:18:41.148 534 534 D CompatConfig: Adding: com.android.server.compat.config.Change@a5f4c2
04-15 15:18:41.149 534 534 D CompatConfig: Adding: com.android.server.compat.config.Change@74882d3
04-15 15:18:41.149 534 534 D CompatConfig: Adding: com.android.server.compat.config.Change@3ee2e10
04-15 15:18:41.149 534 534 D CompatConfig: Adding: com.android.server.compat.config.Change@ed2ad09
04-15 15:18:41.149 534 534 D CompatConfig: Adding: com.android.server.compat.config.Change@e629b0e
04-15 15:18:41.149 534 534 D CompatConfig: Adding: com.android.server.compat.config.Change@60e792f
04-15 15:18:41.150 534 534 D CompatConfig: Adding: com.android.server.compat.config.Change@6701b3c
04-15 15:18:41.150 534 534 D CompatConfig: Adding: com.android.server.compat.config.Change@27010c5
04-15 15:18:41.150 534 534 D CompatConfig: Adding: com.android.server.compat.config.Change@c315a1a
04-15 15:18:41.150 534 534 D CompatConfig: Adding: com.android.server.compat.config.Change@493794b
04-15 15:18:41.150 534 534 D CompatConfig: Adding: com.android.server.compat.config.Change@cc1af28
04-15 15:18:41.151 534 534 D CompatConfig: Adding: com.android.server.compat.config.Change@2c5f441
04-15 15:18:41.151 534 534 D CompatConfig: Adding: com.android.server.compat.config.Change@9fafde6
04-15 15:18:41.151 534 534 D CompatConfig: Adding: com.android.server.compat.config.Change@f1e5f27
04-15 15:18:41.160 534 534 D CompatConfig: Adding: com.android.server.compat.config.Change@1695d4
04-15 15:18:41.160 534 534 D CompatConfig: Adding: com.android.server.compat.config.Change@13c937d
04-15 15:18:41.160 534 534 D CompatConfig: Adding: com.android.server.compat.config.Change@b691272
04-15 15:18:41.160 534 534 D CompatConfig: Adding: com.android.server.compat.config.Change@587c6c3
04-15 15:18:41.161 534 534 D CompatConfig: Adding: com.android.server.compat.config.Change@7313b40
04-15 15:18:41.161 534 534 D CompatConfig: Adding: com.android.server.compat.config.Change@383ea79
04-15 15:18:41.161 534 534 D CompatConfig: Adding: com.android.server.compat.config.Change@331e3be
04-15 15:18:41.161 534 534 D CompatConfig: Adding: com.android.server.compat.config.Change@2960c1f
04-15 15:18:41.161 534 534 D CompatConfig: Adding: com.android.server.compat.config.Change@8ecb6c
04-15 15:18:41.162 534 534 D CompatConfig: Adding: com.android.server.compat.config.Change@4fb535
04-15 15:18:41.162 534 534 D CompatConfig: Adding: com.android.server.compat.config.Change@7247dca
04-15 15:18:41.162 534 534 D CompatConfig: Adding: com.android.server.compat.config.Change@d194b3b
04-15 15:18:41.162 534 534 D CompatConfig: Adding: com.android.server.compat.config.Change@3533258
04-15 15:18:41.162 534 534 D CompatConfig: Adding: com.android.server.compat.config.Change@bd36fb1
04-15 15:18:41.162 534 534 D CompatConfig: Adding: com.android.server.compat.config.Change@8f4ac96
04-15 15:18:41.163 534 534 D CompatConfig: Adding: com.android.server.compat.config.Change@ec76017
04-15 15:18:41.163 534 534 D CompatConfig: Adding: com.android.server.compat.config.Change@2f51c04
04-15 15:18:41.163 534 534 D CompatConfig: Adding: com.android.server.compat.config.Change@ffe55ed
04-15 15:18:41.163 534 534 D CompatConfig: Adding: com.android.server.compat.config.Change@fc6fc22
04-15 15:18:41.163 534 534 D CompatConfig: Adding: com.android.server.compat.config.Change@cd7e6b3
04-15 15:18:41.167 534 534 D CompatConfig: Adding: com.android.server.compat.config.Change@1a9f470
04-15 15:18:41.167 534 534 D CompatConfig: Adding: com.android.server.compat.config.Change@c7763e9
04-15 15:18:41.176 534 534 D CompatConfig: Found a config file: /system/etc/compatconfig/icu4j-platform-compat-config.xml
04-15 15:18:41.180 534 534 D CompatConfig: Adding: com.android.server.compat.config.Change@e603b0f
04-15 15:18:41.183 534 565 I SystemConfig: Reading permissions from /system/etc/permissions/com.android.mediadrm.signer.xml
04-15 15:18:41.188 534 534 D CompatConfig: Found a config file: /system/etc/compatconfig/framework-platform-compat-config.xml
04-15 15:18:41.207 534 534 D CompatConfig: Adding: com.android.server.compat.config.Change@2bfed7a
04-15 15:18:41.214 534 534 D CompatConfig: Adding: com.android.server.compat.config.Change@4a3e188
04-15 15:18:41.215 534 534 D CompatConfig: Adding: com.android.server.compat.config.Change@faea721
04-15 15:18:41.215 534 534 D CompatConfig: Adding: com.android.server.compat.config.Change@8cf6746
04-15 15:18:41.220 534 534 D CompatConfig: Adding: com.android.server.compat.config.Change@7ea7d07
04-15 15:18:41.220 534 565 I SystemConfig: Reading permissions from /system/etc/permissions/com.android.future.usb.accessory.xml
04-15 15:18:41.229 534 565 I SystemConfig: Reading permissions from /system/etc/permissions/platform.xml
04-15 15:18:41.236 534 534 D CompatConfig: Adding: com.android.server.compat.config.Change@ead945d
04-15 15:18:41.236 534 534 D CompatConfig: Adding: com.android.server.compat.config.Change@ab1d2
04-15 15:18:41.237 534 534 D CompatConfig: Adding: com.android.server.compat.config.Change@127e2a3
04-15 15:18:41.237 534 534 D CompatConfig: Adding: com.android.server.compat.config.Change@21b59a0
04-15 15:18:41.238 534 534 D CompatConfig: Adding: com.android.server.compat.config.Change@cb41959
04-15 15:18:41.244 534 534 D CompatConfig: Adding: com.android.server.compat.config.Change@c3e191e
04-15 15:18:41.244 534 534 D CompatConfig: Adding: com.android.server.compat.config.Change@d4c05ff
04-15 15:18:41.245 534 534 D CompatConfig: Adding: com.android.server.compat.config.Change@56c6fcc
04-15 15:18:41.245 534 534 D CompatConfig: Adding: com.android.server.compat.config.Change@d03f215
04-15 15:18:41.245 534 534 D CompatConfig: Adding: com.android.server.compat.config.Change@faea92a
04-15 15:18:41.246 534 534 D CompatConfig: Adding: com.android.server.compat.config.Change@565031b
04-15 15:18:41.246 534 534 D CompatConfig: Adding: com.android.server.compat.config.Change@4d6bcb8
04-15 15:18:41.247 534 534 D CompatConfig: Adding: com.android.server.compat.config.Change@b3e9a91
04-15 15:18:41.247 534 534 D CompatConfig: Adding: com.android.server.compat.config.Change@9e62df6
04-15 15:18:41.247 534 534 D CompatConfig: Adding: com.android.server.compat.config.Change@b46b5f7
04-15 15:18:41.252 534 534 D CompatConfig: Adding: com.android.server.compat.config.Change@c96ec64
04-15 15:18:41.252 534 534 D CompatConfig: Adding: com.android.server.compat.config.Change@1a14ecd
04-15 15:18:41.252 534 534 D CompatConfig: Adding: com.android.server.compat.config.Change@73f3382
04-15 15:18:41.252 534 534 D CompatConfig: Adding: com.android.server.compat.config.Change@26ba93
04-15 15:18:41.252 534 534 D CompatConfig: Adding: com.android.server.compat.config.Change@e086ad0
04-15 15:18:41.252 534 534 D CompatConfig: Adding: com.android.server.compat.config.Change@7010ac9
04-15 15:18:41.253 534 534 D CompatConfig: Adding: com.android.server.compat.config.Change@d3105ce
04-15 15:18:41.253 534 534 D CompatConfig: Adding: com.android.server.compat.config.Change@8f86cef
04-15 15:18:41.253 534 534 D CompatConfig: Adding: com.android.server.compat.config.Change@2d163fc
04-15 15:18:41.253 534 534 D CompatConfig: Adding: com.android.server.compat.config.Change@868a85
04-15 15:18:41.253 534 534 D CompatConfig: Adding: com.android.server.compat.config.Change@f5bb0da
04-15 15:18:41.253 534 534 D CompatConfig: Adding: com.android.server.compat.config.Change@c88e90b
04-15 15:18:41.253 534 534 D CompatConfig: Adding: com.android.server.compat.config.Change@6cec3e8
04-15 15:18:41.253 534 534 D CompatConfig: Adding: com.android.server.compat.config.Change@32a4a01
04-15 15:18:41.253 534 534 D CompatConfig: Adding: com.android.server.compat.config.Change@95400a6
04-15 15:18:41.253 534 534 D CompatConfig: Adding: com.android.server.compat.config.Change@75b0ae7
04-15 15:18:41.254 534 534 D CompatConfig: Adding: com.android.server.compat.config.Change@4c03694
04-15 15:18:41.254 534 534 D CompatConfig: Adding: com.android.server.compat.config.Change@f0853d
04-15 15:18:41.254 534 534 D CompatConfig: Adding: com.android.server.compat.config.Change@92f8132
04-15 15:18:41.254 534 534 D CompatConfig: Adding: com.android.server.compat.config.Change@1436e83
04-15 15:18:41.254 534 534 D CompatConfig: Adding: com.android.server.compat.config.Change@1b42800
04-15 15:18:41.254 534 534 D CompatConfig: Adding: com.android.server.compat.config.Change@de53839
04-15 15:18:41.254 534 534 D CompatConfig: Adding: com.android.server.compat.config.Change@6d07e7e
04-15 15:18:41.254 534 534 D CompatConfig: Adding: com.android.server.compat.config.Change@c46fdf
04-15 15:18:41.254 534 534 D CompatConfig: Adding: com.android.server.compat.config.Change@333c42c
04-15 15:18:41.254 534 534 D CompatConfig: Adding: com.android.server.compat.config.Change@8d81ef5
04-15 15:18:41.255 534 534 D CompatConfig: Adding: com.android.server.compat.config.Change@3f2048a
04-15 15:18:41.255 534 534 D CompatConfig: Adding: com.android.server.compat.config.Change@82a2afb
04-15 15:18:41.255 534 534 D CompatConfig: Adding: com.android.server.compat.config.Change@c2ef718
04-15 15:18:41.255 534 534 D CompatConfig: Adding: com.android.server.compat.config.Change@3d8b571
04-15 15:18:41.255 534 534 D CompatConfig: Adding: com.android.server.compat.config.Change@f3df56
04-15 15:18:41.255 534 534 D CompatConfig: Adding: com.android.server.compat.config.Change@8667bd7
04-15 15:18:41.255 534 534 D CompatConfig: Adding: com.android.server.compat.config.Change@ca86cc4
04-15 15:18:41.255 534 534 D CompatConfig: Adding: com.android.server.compat.config.Change@87237ad
04-15 15:18:41.255 534 534 D CompatConfig: Adding: com.android.server.compat.config.Change@2669ae2
04-15 15:18:41.255 534 534 D CompatConfig: Adding: com.android.server.compat.config.Change@5acfe73
04-15 15:18:41.256 534 534 D CompatConfig: Adding: com.android.server.compat.config.Change@219130
04-15 15:18:41.260 534 534 D CompatConfig: Adding: com.android.server.compat.config.Change@3a7a1a9
04-15 15:18:41.260 534 534 D CompatConfig: Adding: com.android.server.compat.config.Change@357832e
04-15 15:18:41.260 534 534 D CompatConfig: Adding: com.android.server.compat.config.Change@9cf0ecf
04-15 15:18:41.261 534 534 D CompatConfig: Adding: com.android.server.compat.config.Change@6c6905c
04-15 15:18:41.261 534 534 D CompatConfig: Adding: com.android.server.compat.config.Change@5afaf65
04-15 15:18:41.261 534 534 D CompatConfig: Adding: com.android.server.compat.config.Change@5ca43a
04-15 15:18:41.261 534 534 D CompatConfig: Adding: com.android.server.compat.config.Change@57c8eb
04-15 15:18:41.261 534 534 D CompatConfig: Adding: com.android.server.compat.config.Change@55a5648
04-15 15:18:41.262 534 534 D CompatConfig: Adding: com.android.server.compat.config.Change@170dce1
04-15 15:18:41.262 534 534 D CompatConfig: Adding: com.android.server.compat.config.Change@760ca06
04-15 15:18:41.262 534 534 D CompatConfig: Adding: com.android.server.compat.config.Change@86808c7
04-15 15:18:41.262 534 534 D CompatConfig: Adding: com.android.server.compat.config.Change@7e28ef4
04-15 15:18:41.262 534 534 D CompatConfig: Adding: com.android.server.compat.config.Change@7bd661d
04-15 15:18:41.263 534 534 D CompatConfig: Adding: com.android.server.compat.config.Change@82f8092
04-15 15:18:41.263 534 534 D CompatConfig: Adding: com.android.server.compat.config.Change@8526a63
04-15 15:18:41.263 534 534 D CompatConfig: Adding: com.android.server.compat.config.Change@313a660
04-15 15:18:41.263 534 534 D CompatConfig: Adding: com.android.server.compat.config.Change@a4f4719
04-15 15:18:41.263 534 534 D CompatConfig: Adding: com.android.server.compat.config.Change@1c113de
04-15 15:18:41.263 534 534 D CompatConfig: Adding: com.android.server.compat.config.Change@ef749bf
04-15 15:18:41.265 534 534 D CompatConfig: Adding: com.android.server.compat.config.Change@7cc88c
04-15 15:18:41.266 534 534 D CompatConfig: Adding: com.android.server.compat.config.Change@2843bd5
04-15 15:18:41.266 534 534 D CompatConfig: Adding: com.android.server.compat.config.Change@8468fea
04-15 15:18:41.266 534 534 D CompatConfig: Adding: com.android.server.compat.config.Change@ee0c2db
04-15 15:18:41.266 534 534 D CompatConfig: Adding: com.android.server.compat.config.Change@173e178
04-15 15:18:41.266 534 534 D CompatConfig: Adding: com.android.server.compat.config.Change@7d9c051
04-15 15:18:41.267 534 534 D CompatConfig: Adding: com.android.server.compat.config.Change@ff5c0b6
04-15 15:18:41.267 534 534 D CompatConfig: Adding: com.android.server.compat.config.Change@f1eb1b7
04-15 15:18:41.267 534 534 D CompatConfig: Adding: com.android.server.compat.config.Change@4c19d24
04-15 15:18:41.267 534 534 D CompatConfig: Adding: com.android.server.compat.config.Change@229108d
04-15 15:18:41.267 534 534 D CompatConfig: Adding: com.android.server.compat.config.Change@8953242
04-15 15:18:41.267 534 534 D CompatConfig: Adding: com.android.server.compat.config.Change@de2b253
04-15 15:18:41.268 534 534 D CompatConfig: Adding: com.android.server.compat.config.Change@b0d6790
04-15 15:18:41.269 534 534 D CompatConfig: Adding: com.android.server.compat.config.Change@3a32889
04-15 15:18:41.269 534 534 D CompatConfig: Adding: com.android.server.compat.config.Change@5c8308e
04-15 15:18:41.269 534 534 D CompatConfig: Adding: com.android.server.compat.config.Change@dc20af
04-15 15:18:41.269 534 534 D CompatConfig: Adding: com.android.server.compat.config.Change@6096cbc
04-15 15:18:41.269 534 534 D CompatConfig: Adding: com.android.server.compat.config.Change@68cc445
04-15 15:18:41.270 534 534 D CompatConfig: Adding: com.android.server.compat.config.Change@1ac79a
04-15 15:18:41.270 534 534 D CompatConfig: Adding: com.android.server.compat.config.Change@f5418cb
04-15 15:18:41.270 534 534 D CompatConfig: Adding: com.android.server.compat.config.Change@e5e98a8
04-15 15:18:41.270 534 534 D CompatConfig: Adding: com.android.server.compat.config.Change@aba5fc1
04-15 15:18:41.270 534 534 D CompatConfig: Adding: com.android.server.compat.config.Change@acdc366
04-15 15:18:41.271 534 534 D CompatConfig: Adding: com.android.server.compat.config.Change@20976a7
04-15 15:18:41.271 534 534 D CompatConfig: Adding: com.android.server.compat.config.Change@c589754
04-15 15:18:41.271 534 534 D CompatConfig: Adding: com.android.server.compat.config.Change@ecc36fd
04-15 15:18:41.271 534 534 D CompatConfig: Adding: com.android.server.compat.config.Change@a62aff2
04-15 15:18:41.271 534 534 D CompatConfig: Adding: com.android.server.compat.config.Change@4ccd643
04-15 15:18:41.277 534 534 D CompatConfig: Adding: com.android.server.compat.config.Change@f51d4c0
04-15 15:18:41.278 534 534 D CompatConfig: Adding: com.android.server.compat.config.Change@12a45f9
04-15 15:18:41.278 534 534 D CompatConfig: Adding: com.android.server.compat.config.Change@7e7d93e
04-15 15:18:41.278 534 534 D CompatConfig: Adding: com.android.server.compat.config.Change@5dc939f
04-15 15:18:41.278 534 534 D CompatConfig: Adding: com.android.server.compat.config.Change@fdf7cec
04-15 15:18:41.278 534 534 D CompatConfig: Adding: com.android.server.compat.config.Change@4c048b5
04-15 15:18:41.279 534 534 D CompatConfig: Adding: com.android.server.compat.config.Change@d044b4a
04-15 15:18:41.279 534 534 D CompatConfig: Adding: com.android.server.compat.config.Change@f00cabb
04-15 15:18:41.279 534 534 D CompatConfig: Adding: com.android.server.compat.config.Change@8bd7bd8
04-15 15:18:41.279 534 534 D CompatConfig: Adding: com.android.server.compat.config.Change@579bb31
04-15 15:18:41.279 534 534 D CompatConfig: Adding: com.android.server.compat.config.Change@4c3d216
04-15 15:18:41.279 534 534 D CompatConfig: Adding: com.android.server.compat.config.Change@4675797
04-15 15:18:41.283 534 534 D CompatConfig: Adding: com.android.server.compat.config.Change@27a7d84
04-15 15:18:41.288 534 534 D CompatConfig: Adding: com.android.server.compat.config.Change@d22f9a2
04-15 15:18:41.288 534 534 D CompatConfig: Adding: com.android.server.compat.config.Change@53fd633
04-15 15:18:41.288 534 534 D CompatConfig: Adding: com.android.server.compat.config.Change@de3edf0
04-15 15:18:41.288 534 534 D CompatConfig: Adding: com.android.server.compat.config.Change@42b9f69
04-15 15:18:41.289 534 534 D CompatConfig: Adding: com.android.server.compat.config.Change@55b0dee
04-15 15:18:41.289 534 534 D CompatConfig: Adding: com.android.server.compat.config.Change@a17a28f
04-15 15:18:41.289 534 534 D CompatConfig: Adding: com.android.server.compat.config.Change@931f91c
04-15 15:18:41.289 534 534 D CompatConfig: Adding: com.android.server.compat.config.Change@bd5c925
04-15 15:18:41.289 534 534 D CompatConfig: Adding: com.android.server.compat.config.Change@4ee1afa
04-15 15:18:41.290 534 534 D CompatConfig: Adding: com.android.server.compat.config.Change@cf5d8ab
04-15 15:18:41.290 534 534 D CompatConfig: Adding: com.android.server.compat.config.Change@bf38b08
04-15 15:18:41.300 534 565 I SystemConfig: Reading permissions from /vendor/etc/permissions/android.hardware.touchscreen.multitouch.jazzhand.xml
04-15 15:18:41.305 534 565 I SystemConfig: Reading permissions from /vendor/etc/permissions/android.hardware.camera.flash-autofocus.xml
04-15 15:18:41.307 534 534 D CompatConfig: Found a config file: /system/system_ext/etc/compatconfig/settings-platform-compat-config.xml
04-15 15:18:41.309 534 565 I SystemConfig: Reading permissions from /vendor/etc/permissions/android.hardware.wifi.passpoint.xml
04-15 15:18:41.321 534 534 D CompatConfig: Adding: com.android.server.compat.config.Change@5ba4fb4
04-15 15:18:41.323 534 565 I SystemConfig: Reading permissions from /vendor/etc/permissions/android.hardware.camera.front.xml
04-15 15:18:41.329 534 534 D ApexManagerTiming: getActiveApexInfos_noCache
04-15 15:18:41.333 534 565 I SystemConfig: Reading permissions from /vendor/etc/permissions/android.hardware.bluetooth.xml
04-15 15:18:41.335 534 565 I SystemConfig: Reading permissions from /vendor/etc/permissions/android.hardware.bluetooth_le.xml
04-15 15:18:41.346 0 0 I servicemanager: Notifying apexservice they do (previously: don't) have clients when service is guaranteed to be in use
04-15 15:18:41.348 0 0 I AidlLazyServiceRegistrar: Process has 1 (of 1 available) client(s) in use after notification apexservice has clients: 1
04-15 15:18:41.348 0 0 I AidlLazyServiceRegistrar: Shutdown prevented by forcePersist override flag.
04-15 15:18:41.345 534 565 I SystemConfig: Reading permissions from /vendor/etc/permissions/android.hardware.identity_credential.xml
04-15 15:18:41.352 0 0 I apexd : getActivePackages received by ApexService
04-15 15:18:41.351 534 565 I SystemConfig: Reading permissions from /vendor/etc/permissions/handheld_core_hardware.xml
04-15 15:18:41.353 534 565 I SystemConfig: Reading permissions from /vendor/etc/permissions/android.hardware.camera.raw.xml
04-15 15:18:41.357 534 565 I SystemConfig: Reading permissions from /vendor/etc/permissions/android.hardware.vulkan.compute.xml
04-15 15:18:41.359 534 565 I SystemConfig: Reading permissions from /vendor/etc/permissions/android.hardware.biometrics.face.xml
04-15 15:18:41.377 534 565 I SystemConfig: Reading permissions from /vendor/etc/permissions/android.software.opengles.deqp.level.xml
04-15 15:18:41.379 534 565 I SystemConfig: Reading permissions from /vendor/etc/permissions/android.hardware.camera.concurrent.xml
04-15 15:18:41.390 534 565 I SystemConfig: Reading permissions from /vendor/etc/permissions/android.hardware.vulkan.version.xml
04-15 15:18:41.393 534 565 I SystemConfig: Reading permissions from /vendor/etc/permissions/android.hardware.hardware_keystore.xml
04-15 15:18:41.397 534 565 I SystemConfig: Reading permissions from /vendor/etc/permissions/android.software.autofill.xml
04-15 15:18:41.405 534 565 I SystemConfig: Reading permissions from /vendor/etc/permissions/android.software.vulkan.deqp.level.xml
04-15 15:18:41.407 534 565 I SystemConfig: Reading permissions from /vendor/etc/permissions/android.hardware.wifi.xml
04-15 15:18:41.422 534 534 V ApexManagerTiming: getActiveApexInfos_noCache took to complete: 92ms
04-15 15:18:41.423 534 534 D CompatConfig: No directory /apex/com.android.adservices/etc/compatconfig, skipping
04-15 15:18:41.423 534 534 D CompatConfig: No directory /apex/com.android.extservices/etc/compatconfig, skipping
04-15 15:18:41.424 534 534 D CompatConfig: No directory /apex/com.android.runtime/etc/compatconfig, skipping
04-15 15:18:41.427 534 534 D CompatConfig: No directory /apex/com.android.virt/etc/compatconfig, skipping
04-15 15:18:41.427 534 534 D CompatConfig: No directory /apex/com.android.vndk.v34/etc/compatconfig, skipping
04-15 15:18:41.429 534 534 D CompatConfig: Found a config file: /apex/com.android.mediaprovider/etc/compatconfig/media-provider-platform-compat-config.xml
04-15 15:18:41.432 534 534 D CompatConfig: Adding: com.android.server.compat.config.Change@de13b2d
04-15 15:18:41.433 534 534 D CompatConfig: Adding: com.android.server.compat.config.Change@abc1862
04-15 15:18:41.435 534 534 D CompatConfig: Adding: com.android.server.compat.config.Change@3b10ab0
04-15 15:18:41.435 534 534 D CompatConfig: Adding: com.android.server.compat.config.Change@7c35d29
04-15 15:18:41.435 534 534 D CompatConfig: Adding: com.android.server.compat.config.Change@b4758ae
04-15 15:18:41.435 534 534 D CompatConfig: Adding: com.android.server.compat.config.Change@ef9f64f
04-15 15:18:41.435 534 534 D CompatConfig: Adding: com.android.server.compat.config.Change@99421dc
04-15 15:18:41.437 534 565 I SystemConfig: Reading permissions from /vendor/etc/permissions/android.hardware.fingerprint.xml
04-15 15:18:41.443 534 534 D CompatConfig: Found a config file: /apex/com.android.art/etc/compatconfig/libcore-platform-compat-config.xml
04-15 15:18:41.445 534 565 I SystemConfig: Reading permissions from /vendor/etc/permissions/android.hardware.camera.full.xml
04-15 15:18:41.447 534 534 D CompatConfig: Adding: com.android.server.compat.config.Change@e09a86b
04-15 15:18:41.447 534 534 D CompatConfig: Adding: com.android.server.compat.config.Change@92f7fc8
04-15 15:18:41.449 534 534 D CompatConfig: Adding: com.android.server.compat.config.Change@7c5cf86
04-15 15:18:41.450 534 534 D CompatConfig: Adding: com.android.server.compat.config.Change@c186047
04-15 15:18:41.450 534 534 D CompatConfig: Adding: com.android.server.compat.config.Change@1a0d074
04-15 15:18:41.450 534 534 D CompatConfig: Adding: com.android.server.compat.config.Change@eb4499d
04-15 15:18:41.450 534 534 D CompatConfig: Adding: com.android.server.compat.config.Change@d9f5e12
04-15 15:18:41.450 534 534 D CompatConfig: Adding: com.android.server.compat.config.Change@f70b9e3
04-15 15:18:41.451 534 534 D CompatConfig: Adding: com.android.server.compat.config.Change@4347fe0
04-15 15:18:41.451 534 534 D CompatConfig: Adding: com.android.server.compat.config.Change@90e299
04-15 15:18:41.451 534 534 D CompatConfig: Adding: com.android.server.compat.config.Change@e11495e
04-15 15:18:41.452 534 565 I SystemConfig: Reading permissions from /vendor/etc/permissions/android.hardware.wifi.direct.xml
04-15 15:18:41.457 534 565 I SystemConfig: Reading permissions from /vendor/etc/permissions/android.hardware.keystore.app_attest_key.xml
04-15 15:18:41.458 534 534 D CompatConfig: No directory /apex/com.android.os.statsd/etc/compatconfig, skipping
04-15 15:18:41.459 534 534 D CompatConfig: No directory /apex/com.android.i18n/etc/compatconfig, skipping
04-15 15:18:41.459 534 534 D CompatConfig: No directory /apex/com.android.appsearch/etc/compatconfig, skipping
04-15 15:18:41.461 534 534 D CompatConfig: No directory /apex/com.android.conscrypt/etc/compatconfig, skipping
04-15 15:18:41.463 534 565 I SystemConfig: Reading permissions from /vendor/etc/permissions/android.hardware.vulkan.level.xml
04-15 15:18:41.464 534 534 D CompatConfig: Found a config file: /apex/com.android.tethering/etc/compatconfig/connectivity-platform-compat-config.xml
04-15 15:18:41.467 534 534 D CompatConfig: Adding: com.android.server.compat.config.Change@5249d6a
04-15 15:18:41.469 534 534 D CompatConfig: Adding: com.android.server.compat.config.Change@289825b
04-15 15:18:41.469 534 534 D CompatConfig: Adding: com.android.server.compat.config.Change@7a66af8
04-15 15:18:41.469 534 534 D CompatConfig: Adding: com.android.server.compat.config.Change@a434bd1
04-15 15:18:41.471 534 534 D CompatConfig: No directory /apex/com.android.media.swcodec/etc/compatconfig, skipping
04-15 15:18:41.471 534 534 D CompatConfig: No directory /apex/com.android.resolv/etc/compatconfig, skipping
04-15 15:18:41.471 534 534 D CompatConfig: No directory /apex/com.android.neuralnetworks/etc/compatconfig, skipping
04-15 15:18:41.475 534 565 I SystemConfig: Reading permissions from /product/etc/sysconfig/preinstalled-packages-platform-telephony-product.xml
04-15 15:18:41.477 534 534 D CompatConfig: No directory /apex/com.android.healthfitness/etc/compatconfig, skipping
04-15 15:18:41.477 534 534 D CompatConfig: No directory /apex/com.android.permission/etc/compatconfig, skipping
04-15 15:18:41.477 534 534 D CompatConfig: No directory /apex/com.android.uwb/etc/compatconfig, skipping
04-15 15:18:41.477 534 534 D CompatConfig: No directory /apex/com.android.ondevicepersonalization/etc/compatconfig, skipping
04-15 15:18:41.478 534 534 D CompatConfig: No directory /apex/com.android.sdkext/etc/compatconfig, skipping
04-15 15:18:41.478 534 534 D CompatConfig: No directory /apex/com.android.devicelock/etc/compatconfig, skipping
04-15 15:18:41.483 534 534 D CompatConfig: Found a config file: /apex/com.android.wifi/etc/compatconfig/wifi-compat-config.xml
04-15 15:18:41.486 534 565 I SystemConfig: Reading permissions from /product/etc/sysconfig/preinstalled-packages-platform-overlays.xml
04-15 15:18:41.489 534 534 D CompatConfig: Adding: com.android.server.compat.config.Change@c5fd40d
04-15 15:18:41.489 534 534 D CompatConfig: Adding: com.android.server.compat.config.Change@6776fc2
04-15 15:18:41.489 534 534 D CompatConfig: Adding: com.android.server.compat.config.Change@6f3e1d3
04-15 15:18:41.491 534 534 D CompatConfig: No directory /apex/com.android.ipsec/etc/compatconfig, skipping
04-15 15:18:41.492 534 534 D CompatConfig: No directory /apex/com.android.scheduling/etc/compatconfig, skipping
04-15 15:18:41.492 534 534 D CompatConfig: No directory /apex/com.android.media/etc/compatconfig, skipping
04-15 15:18:41.492 534 534 D CompatConfig: No directory /apex/com.android.rkpd/etc/compatconfig, skipping
04-15 15:18:41.493 534 534 D CompatConfig: No directory /apex/com.android.tzdata/etc/compatconfig, skipping
04-15 15:18:41.493 534 534 D CompatConfig: No directory /apex/com.android.configinfrastructure/etc/compatconfig, skipping
04-15 15:18:41.496 534 534 D CompatConfig: Found a config file: /apex/com.android.btservices/etc/compatconfig/bluetoothapk-platform-compat-config.xml
04-15 15:18:41.499 534 565 I SystemConfig: Reading permissions from /product/etc/sysconfig/initial-package-stopped-states-aosp.xml
04-15 15:18:41.502 534 565 I SystemConfig: Reading permissions from /product/etc/sysconfig/preinstalled-packages-platform-handheld-product.xml
04-15 15:18:41.503 534 534 D CompatConfig: Adding: com.android.server.compat.config.Change@e90c82f
04-15 15:18:41.506 534 534 D CompatConfig: Found a config file: /apex/com.android.btservices/etc/compatconfig/bluetooth-compat-config.xml
04-15 15:18:41.508 534 565 I SystemConfig: Reading permissions from /product/etc/sysconfig/preinstalled-packages-platform-aosp-product.xml
04-15 15:18:41.512 534 534 D CompatConfig: Adding: com.android.server.compat.config.Change@557351a
04-15 15:18:41.513 534 534 D CompatConfig: Found a config file: /apex/com.android.btservices/etc/compatconfig/framework-bluetooth-compat-config.xml
04-15 15:18:41.518 534 565 I SystemConfig: Reading permissions from /product/etc/permissions/com.android.dialer.xml
04-15 15:18:41.520 534 534 D CompatConfig: Adding: com.android.server.compat.config.Change@65dcb41
04-15 15:18:41.522 534 534 D CompatConfig: No directory /apex/com.android.cellbroadcast/etc/compatconfig, skipping
04-15 15:18:41.523 534 534 D CompatConfig: No directory /apex/com.android.apex.cts.shim/etc/compatconfig, skipping
04-15 15:18:41.523 534 534 D CompatConfig: No directory /apex/com.android.adbd/etc/compatconfig, skipping
04-15 15:18:41.529 534 565 I SystemConfig: Reading permissions from /product/etc/permissions/com.android.contacts.xml
04-15 15:18:41.534 534 565 I SystemConfig: Reading permissions from /product/etc/permissions/android.software.verified_boot.xml
04-15 15:18:41.537 534 565 I SystemConfig: Reading permissions from /product/etc/permissions/com.android.settings.intelligence.xml
04-15 15:18:41.539 534 534 V SystemServerTiming: PlatformCompat took to complete: 594ms
04-15 15:18:41.539 534 534 D SystemServerTiming: StartFileIntegrityService
04-15 15:18:41.540 534 534 I SystemServiceManager: Starting com.android.server.security.FileIntegrityService
04-15 15:18:41.543 534 565 I SystemConfig: Reading permissions from /product/etc/permissions/com.android.imsserviceentitlement.xml
04-15 15:18:41.545 534 565 I SystemConfig: Reading permissions from /product/etc/permissions/privapp-permissions-goldfish.xml
04-15 15:18:41.549 534 565 W SystemConfig: No directory /system_ext/etc/sysconfig, skipping
04-15 15:18:41.553 534 565 I SystemConfig: Reading permissions from /system_ext/etc/permissions/com.android.sdksetup.xml
04-15 15:18:41.557 534 565 I SystemConfig: Reading permissions from /system_ext/etc/permissions/com.android.settings.xml
04-15 15:18:41.560 534 565 I SystemConfig: Reading permissions from /system_ext/etc/permissions/com.android.systemui.xml
04-15 15:18:41.563 534 534 V SystemServerTiming: StartFileIntegrityService took to complete: 23ms
04-15 15:18:41.563 534 534 D SystemServerTiming: StartInstaller
04-15 15:18:41.565 534 534 I SystemServiceManager: Starting com.android.server.pm.Installer
04-15 15:18:41.574 534 565 I SystemConfig: Reading permissions from /system_ext/etc/permissions/com.android.emulator.radio.config.xml
04-15 15:18:41.578 534 565 I SystemConfig: Reading permissions from /system_ext/etc/permissions/androidx.window.extensions.xml
04-15 15:18:41.581 534 565 I SystemConfig: Reading permissions from /system_ext/etc/permissions/com.android.launcher3.xml
04-15 15:18:41.583 435 452 D installd: Found quota mount /dev/block/dm-38 at /data
04-15 15:18:41.585 534 565 I SystemConfig: Reading permissions from /system_ext/etc/permissions/androidx.window.sidecar.xml
04-15 15:18:41.589 534 565 I SystemConfig: Reading permissions from /system_ext/etc/permissions/com.android.emergency.xml
04-15 15:18:41.594 435 452 D installd: Found quota mount /dev/block/dm-38 at /data/user/0
04-15 15:18:41.598 534 565 I SystemConfig: Reading permissions from /system_ext/etc/permissions/com.android.storagemanager.xml
04-15 15:18:41.601 534 565 I SystemConfig: Reading permissions from /system_ext/etc/permissions/com.android.carrierconfig.xml
04-15 15:18:41.611 534 534 V SystemServerTiming: StartInstaller took to complete: 46ms
04-15 15:18:41.611 534 534 D SystemServerTiming: DeviceIdentifiersPolicyService
04-15 15:18:41.611 534 534 I SystemServiceManager: Starting com.android.server.os.DeviceIdentifiersPolicyService
04-15 15:18:41.614 534 534 V SystemServerTiming: DeviceIdentifiersPolicyService took to complete: 3ms
04-15 15:18:41.614 534 534 D SystemServerTiming: UriGrantsManagerService
04-15 15:18:41.614 534 534 I SystemServiceManager: Starting com.android.server.uri.UriGrantsManagerService$Lifecycle
04-15 15:18:41.619 534 534 V SystemServerTiming: UriGrantsManagerService took to complete: 4ms
04-15 15:18:41.619 534 534 D SystemServerTiming: StartPowerStatsService
