04-15 15:20:12.837 894 894 D nativeloader: Configuring clns-shared-6 for other apk /system_ext/priv-app/SystemUI/SystemUI.apk. target_sdk_version=34, uses_libraries=, library_path=/system_ext/priv-app/SystemUI/lib/x86_64:/system/lib64:/system_ext/lib64, permitted_path=/data:/mnt/expand:/data/user_de/0/com.android.systemui:/system_ext/priv-app/SystemUI:/system/lib64:/system_ext/lib64
04-15 15:20:12.907 904 904 D nativeloader: Configuring clns-shared-6 for other apk /system/framework/org.apache.http.legacy.jar. target_sdk_version=34, uses_libraries=ALL, library_path=/apex/com.android.permission/priv-app/PermissionController@UE1A.230829.036.A1/lib/x86_64:/system/lib64:/system_ext/lib64, permitted_path=/data:/mnt/expand:/data/user_de/0/com.android.permissioncontroller:/apex/com.android.permission/priv-app/PermissionController@UE1A.230829.036.A1:/system/lib64:/system_ext/lib64
04-15 15:20:13.023 904 904 D nativeloader: Configuring clns-shared-7 for other apk /apex/com.android.permission/priv-app/PermissionController@UE1A.230829.036.A1/PermissionController.apk. target_sdk_version=34, uses_libraries=, library_path=/apex/com.android.permission/priv-app/PermissionController@UE1A.230829.036.A1/lib/x86_64:/system/lib64:/system_ext/lib64, permitted_path=/data:/mnt/expand:/data/user_de/0/com.android.permissioncontroller:/apex/com.android.permission/priv-app/PermissionController@UE1A.230829.036.A1:/system/lib64:/system_ext/lib64
04-15 15:20:13.039 904 904 D nativeloader: InitApexLibraries:
04-15 15:20:13.039 904 904 D nativeloader: com_android_adservices: libhpke_jni.so:libtflite_support_classifiers_native.so
04-15 15:20:13.039 904 904 D nativeloader: com_android_appsearch: libicing.so
04-15 15:20:13.039 904 904 D nativeloader: com_android_art: libartservice.so
04-15 15:20:13.039 904 904 D nativeloader: com_android_btservices: libbluetooth_jni.so
04-15 15:20:13.039 904 904 D nativeloader: com_android_conscrypt: libjavacrypto.so
04-15 15:20:13.039 904 904 D nativeloader: com_android_extservices: libtflite_support_classifiers_native.so
04-15 15:20:13.039 904 904 D nativeloader: com_android_os_statsd: libstats_jni.so
04-15 15:20:13.039 904 904 D nativeloader: com_android_tethering: libandroid_net_connectivity_com_android_net_module_util_jni.so:libcronet.114.0.5735.84.so:libframework-connectivity-jni.so:libframework-connectivity-tiramisu-jni.so:libservice-connectivity.so
04-15 15:20:13.039 904 904 D nativeloader: com_android_uwb: libuwb_uci_jni_rust.so
04-15 15:20:13.039 904 904 D nativeloader: com_android_virt: libvirtualizationservice_jni.so:libvirtualmachine_jni.so
04-15 15:20:13.042 894 894 V GraphicsEnvironment: Currently set values for:
04-15 15:20:13.043 894 894 V GraphicsEnvironment: angle_gl_driver_selection_pkgs=[]
04-15 15:20:13.043 894 894 V GraphicsEnvironment: angle_gl_driver_selection_values=[]
04-15 15:20:13.067 894 894 V GraphicsEnvironment: ANGLE GameManagerService for com.android.systemui: false
04-15 15:20:13.067 894 894 V GraphicsEnvironment: com.android.systemui is not listed in per-application setting
04-15 15:20:13.072 894 894 V GraphicsEnvironment: Neither updatable production driver nor prerelease driver is supported.
04-15 15:20:13.143 534 551 W StorageManagerService: No primary storage defined yet; hacking together a stub
04-15 15:20:13.146 904 904 V GraphicsEnvironment: Currently set values for:
04-15 15:20:13.146 904 904 V GraphicsEnvironment: angle_gl_driver_selection_pkgs=[]
04-15 15:20:13.146 904 904 V GraphicsEnvironment: angle_gl_driver_selection_values=[]
04-15 15:20:13.147 904 904 V GraphicsEnvironment: ANGLE GameManagerService for com.android.permissioncontroller: false
04-15 15:20:13.147 904 904 V GraphicsEnvironment: com.android.permissioncontroller is not listed in per-application setting
04-15 15:20:13.147 904 904 V GraphicsEnvironment: Neither updatable production driver nor prerelease driver is supported.
04-15 15:20:13.203 455 491 I mediaswcodec: missing struct descriptor #Param::CoreIndex(--004) for field values of struct #Param::CoreIndex(F-12004)
04-15 15:20:13.219 894 894 V WindowManagerShell: Adding init callback for DisplayChangeController
04-15 15:20:13.222 904 927 I carui : CarUi plugin is disabled
04-15 15:20:13.225 894 894 V WindowManagerShell: Adding init callback for DisplayController
04-15 15:20:13.226 894 894 V WindowManagerShell: Adding init callback for DisplayInsetsController
04-15 15:20:13.232 455 491 I mediaswcodec: missing struct descriptor #Param::CoreIndex(--1812) for field values of struct #Param::CoreIndex(F-11812)
04-15 15:20:13.241 894 894 V WindowManagerShell: Adding init callback for DisplayImeController
04-15 15:20:13.242 894 894 V WindowManagerShell: Adding init callback for ShellController
04-15 15:20:13.251 894 894 V WindowManagerShell: Adding init callback for DragAndDropController
04-15 15:20:13.315 534 610 D PackageManager: Instant App installer not found with android.intent.action.INSTALL_INSTANT_APP_PACKAGE
04-15 15:20:13.317 534 610 D PackageManager: Clear ephemeral installer activity
04-15 15:20:13.446 894 894 V WindowManagerShell: Adding init callback for CompatUIController
04-15 15:20:13.501 894 894 V WindowManagerShell: Adding init callback for RecentTasksController
04-15 15:20:13.517 894 894 V WindowManagerShell: Adding init callback for ShellTaskOrganizer
04-15 15:20:13.538 455 491 D C2SoftH263Enc: Given level 3004 does not cover current configuration: adjusting to 3003
04-15 15:20:13.638 534 610 I ActivityManager: Flag disabled. Ignoring finishAttachApplication from uid: 10129. pid: 904
04-15 15:20:13.702 455 491 I mediaswcodec: missing struct descriptor #Param::CoreIndex(--004) for field values of struct #Param::CoreIndex(F-12004)
04-15 15:20:13.719 894 894 V WindowManagerShell: Adding init callback for OneHandedController
04-15 15:20:13.739 455 491 I mediaswcodec: missing struct descriptor #Param::CoreIndex(--1812) for field values of struct #Param::CoreIndex(F-11812)
04-15 15:20:13.794 904 935 I RuntimePermissions: observing UserPackageInfoLiveData for 0 in RuntimePermissionsUpgradeController
04-15 15:20:13.829 894 894 V WindowManagerShell: Adding init callback for DefaultTransitionHandler
04-15 15:20:13.830 894 894 V WindowManagerShell: addHandler: Default
04-15 15:20:13.830 894 894 V WindowManagerShell: addHandler: Remote
04-15 15:20:13.830 894 894 V WindowManagerShell: Adding init callback for Transitions
04-15 15:20:13.861 894 894 V WindowManagerShell: Adding init callback for BubbleController
04-15 15:20:13.864 894 894 V WindowManagerShell: Adding init callback for SplitScreenController
04-15 15:20:13.884 534 608 D CompatibilityChangeReporter: Compat change id reported: 161145287; UID 10117; state: ENABLED
04-15 15:20:13.886 894 894 D CompatibilityChangeReporter: Compat change id reported: 160794467; UID 10117; state: ENABLED
04-15 15:20:13.913 894 894 V WindowManagerShell: Adding init callback for PipTransition
04-15 15:20:13.937 894 894 V WindowManagerShell: Adding init callback for PipTouchHandler
04-15 15:20:13.938 894 894 V WindowManagerShell: Adding init callback for DevicePostureController
04-15 15:20:13.939 894 894 V WindowManagerShell: Adding init callback for TabletopModeController
04-15 15:20:13.953 894 894 V WindowManagerShell: Adding init callback for PipController
04-15 15:20:13.974 894 894 V WindowManagerShell: Adding init callback for FullscreenTaskListener
04-15 15:20:13.986 894 894 V WindowManagerShell: Adding init callback for FreeformTaskTransitionHandler
04-15 15:20:13.987 894 894 V WindowManagerShell: Adding init callback for RecentsTransitionHandler
04-15 15:20:14.007 894 894 V WindowManagerShell: Adding init callback for ActivityEmbeddingController
04-15 15:20:14.053 894 894 V WindowManagerShell: Adding init callback for StartingWindowController
04-15 15:20:14.054 894 894 V WindowManagerShell: Adding init callback for ProtoLogController
04-15 15:20:14.054 894 894 V WindowManagerShell: Adding init callback for KeyguardTransitionHandler
04-15 15:20:14.055 894 894 V WindowManagerShell: Adding init callback for DefaultMixedHandler
04-15 15:20:14.063 894 894 V WindowManagerShell: Adding init callback for BackAnimationController
04-15 15:20:14.070 894 926 V WindowManagerShell: Initializing Shell Components: 28
04-15 15:20:14.072 894 926 V WindowManagerShell: DisplayChangeController init took 1ms
04-15 15:20:14.079 894 926 V WindowManagerShell: DisplayController init took 3ms
04-15 15:20:14.086 894 926 V WindowManagerShell: DisplayInsetsController init took 6ms
04-15 15:20:14.086 894 926 V WindowManagerShell: DisplayImeController init took 1ms
04-15 15:20:14.086 894 926 V WindowManagerShell: Adding dump callback for ShellController
04-15 15:20:14.087 894 926 V WindowManagerShell: ShellController init took 0ms
04-15 15:20:14.087 894 926 V WindowManagerShell: Adding external interface from DragAndDropController with key extra_shell_drag_and_drop
04-15 15:20:14.087 894 926 V WindowManagerShell: Adding dump callback for DragAndDropController
04-15 15:20:14.087 894 926 V WindowManagerShell: DragAndDropController init took 1ms
04-15 15:20:14.094 894 926 V WindowManagerShell: Adding command class compatui for CompatUIShellCommandHandler
04-15 15:20:14.094 894 926 V WindowManagerShell: CompatUIController init took 7ms
04-15 15:20:14.094 894 926 V WindowManagerShell: Adding external interface from RecentTasksController with key extra_shell_recent_tasks
04-15 15:20:14.095 894 926 V WindowManagerShell: Adding dump callback for RecentTasksController
04-15 15:20:14.096 894 926 V WindowManagerShell: RecentTasksController init took 2ms
04-15 15:20:14.097 894 926 V WindowManagerShell: Adding dump callback for ShellTaskOrganizer
04-15 15:20:14.129 894 926 V WindowManagerShell: ShellTaskOrganizer init took 32ms
04-15 15:20:14.129 894 926 V WindowManagerShell: Adding dump callback for OneHandedController
04-15 15:20:14.165 392 439 D PermissionCache: checking android.permission.ROTATE_SURFACE_FLINGER for uid=10117 => granted (15775 us)
04-15 15:20:14.172 392 439 D PermissionCache: checking android.permission.INTERNAL_SYSTEM_WINDOW for uid=10117 => granted (6549 us)
04-15 15:20:14.184 392 439 D PermissionCache: checking android.permission.ACCESS_SURFACE_FLINGER for uid=10117 => granted (11713 us)
04-15 15:20:14.215 894 926 V WindowManagerShell: Adding external interface from OneHandedController with key extra_shell_one_handed
04-15 15:20:14.215 894 926 V WindowManagerShell: OneHandedController init took 86ms
04-15 15:20:14.234 455 491 I C2SoftVpxEnc: setting temporal layering 0 + 0
04-15 15:20:14.245 894 926 V WindowManagerShell: DefaultTransitionHandler init took 30ms
04-15 15:20:14.247 894 926 V WindowManagerShell: Adding external interface from Transitions with key extra_shell_shell_transitions
04-15 15:20:14.281 894 926 V WindowManagerShell: Adding command class transitions for Transitions
04-15 15:20:14.281 894 926 V WindowManagerShell: Transitions init took 36ms
04-15 15:20:14.311 894 926 V WindowManagerShell: Adding external interface from BubbleController with key extra_shell_bubbles
04-15 15:20:14.316 894 926 V WindowManagerShell: Adding dump callback for BubbleController
04-15 15:20:14.316 894 926 V WindowManagerShell: BubbleController init took 35ms
04-15 15:20:14.317 894 926 V WindowManagerShell: Adding dump callback for SplitScreenController
04-15 15:20:14.317 894 926 V WindowManagerShell: Adding command class splitscreen for SplitScreenController
04-15 15:20:14.318 894 926 V WindowManagerShell: Adding external interface from SplitScreenController with key extra_shell_split_screen
04-15 15:20:14.333 534 591 W BroadcastLoopers: Found previously unknown looper Thread[PackageManager,5,main]
04-15 15:20:14.414 455 491 I C2SoftVpxEnc: setting temporal layering 0 + 0
04-15 15:20:14.458 894 926 V WindowManagerShell: addHandler: StageCoordinator
04-15 15:20:14.470 894 926 D CompatibilityChangeReporter: Compat change id reported: 147798919; UID 10117; state: ENABLED
04-15 15:20:14.470 894 926 V WindowManagerShell: SplitScreenController init took 154ms
04-15 15:20:14.471 894 926 V WindowManagerShell: addHandler: PipTransition
04-15 15:20:14.471 894 926 V WindowManagerShell: PipTransition init took 0ms
04-15 15:20:14.509 443 499 D MediaCodecsXmlParser: parsing /apex/com.android.media.swcodec/etc/media_codecs.xml...
04-15 15:20:14.530 534 567 W BroadcastLoopers: Found previously unknown looper Thread[android.bg,5,main]
04-15 15:20:14.547 894 926 V WindowManagerShell: PipTouchHandler init took 76ms
04-15 15:20:14.552 894 926 V WindowManagerShell: DevicePostureController init took 1ms
04-15 15:20:14.552 894 926 V WindowManagerShell: TabletopModeController init took 1ms
04-15 15:20:14.553 894 926 V WindowManagerShell: Adding dump callback for PipController
04-15 15:20:14.567 894 926 V WindowManagerShell: Adding external interface from PipController with key extra_shell_pip
04-15 15:20:14.567 894 926 V WindowManagerShell: PipController init took 15ms
04-15 15:20:14.567 894 926 V WindowManagerShell: FullscreenTaskListener init took 0ms
04-15 15:20:14.572 894 926 V WindowManagerShell: FreeformTaskTransitionHandler init took 0ms
04-15 15:20:14.572 894 926 V WindowManagerShell: addHandler: RecentsTransitionHandler
04-15 15:20:14.572 894 926 V WindowManagerShell: RecentsTransitionHandler init took 1ms
04-15 15:20:14.572 894 926 V WindowManagerShell: addHandler: ActivityEmbeddingController
04-15 15:20:14.572 894 926 V WindowManagerShell: ActivityEmbeddingController init took 0ms
04-15 15:20:14.573 894 926 V WindowManagerShell: Adding external interface from StartingWindowController with key extra_shell_starting_window
04-15 15:20:14.573 894 926 V WindowManagerShell: StartingWindowController init took 0ms
04-15 15:20:14.573 894 926 V WindowManagerShell: Adding command class protolog for ProtoLogController
04-15 15:20:14.573 894 926 V WindowManagerShell: ProtoLogController init took 0ms
04-15 15:20:14.573 894 926 V WindowManagerShell: addHandler: KeyguardTransitionHandler
04-15 15:20:14.573 894 926 V WindowManagerShell: KeyguardTransitionHandler init took 1ms
04-15 15:20:14.573 894 926 V WindowManagerShell: addHandler: DefaultMixedHandler
04-15 15:20:14.574 894 926 V WindowManagerShell: DefaultMixedHandler init took 0ms
04-15 15:20:14.583 894 926 D ShellBackPreview: Back animation enabled=false
04-15 15:20:14.588 894 926 V WindowManagerShell: Adding external interface from BackAnimationController with key extra_shell_back_animation
04-15 15:20:14.593 443 499 D MediaCodecsXmlParser: disabling c2.android.gsm.decoder
04-15 15:20:14.595 443 499 D MediaCodecsXmlParser: disabling c2.android.mpeg2.decoder
04-15 15:20:14.612 894 926 V WindowManagerShell: BackAnimationController init took 39ms
04-15 15:20:14.618 443 499 D MediaCodecsXmlParser: disabling c2.android.av1.encoder
04-15 15:20:14.618 443 499 I MediaCodecsXmlParser: codec c2.android.av1.encoder enabled, device sdk 35 >= required 34
04-15 15:20:14.620 894 926 W Looper : Slow dispatch took 551ms wmshell.main h=android.os.Handler c=com.android.wm.shell.common.ShellExecutor$$ExternalSyntheticLambda0@5899251 m=0
04-15 15:20:14.620 894 926 V WindowManagerShell: Display added: 0
04-15 15:20:14.619 443 499 I MediaCodecsXmlParser: Did not find media_codecs_performance.xml in search path
04-15 15:20:14.633 443 499 I MediaCodecsXmlParser: Did not find media_codecs_c2.xml in search path
04-15 15:20:14.634 443 499 D MediaCodecsXmlParser: parsing /vendor/etc/media_codecs_performance_c2.xml...
04-15 15:20:14.638 443 499 D MediaCodecsXmlParser: parsing /vendor/etc/media_codecs.xml...
04-15 15:20:14.641 443 499 D MediaCodecsXmlParser: Ignoring unrecognized tag at line 85 of /vendor/etc/media_codecs.xml
04-15 15:20:14.641 443 499 D MediaCodecsXmlParser: Ignoring unrecognized tag at line 88 of /vendor/etc/media_codecs.xml
04-15 15:20:14.642 443 499 D MediaCodecsXmlParser: Ignoring unrecognized tag at line 91 of /vendor/etc/media_codecs.xml
04-15 15:20:14.642 443 499 D MediaCodecsXmlParser: Ignoring unrecognized tag at line 95 of /vendor/etc/media_codecs.xml
04-15 15:20:14.642 443 499 D MediaCodecsXmlParser: Ignoring unrecognized tag at line 98 of /vendor/etc/media_codecs.xml
04-15 15:20:14.643 443 499 D MediaCodecsXmlParser: Ignoring unrecognized tag at line 101 of /vendor/etc/media_codecs.xml
04-15 15:20:14.643 443 499 D MediaCodecsXmlParser: Ignoring unrecognized tag at line 104 of /vendor/etc/media_codecs.xml
04-15 15:20:14.648 443 499 D MediaCodecsXmlParser: parsing /vendor/etc/media_codecs_google_tv.xml...
04-15 15:20:14.655 443 499 D MediaCodecsXmlParser: unable to open media codecs configuration xml file: /vendor/etc/media_codecs_google_tv.xml
04-15 15:20:14.656 443 499 D MediaCodecsXmlParser: parsing /vendor/etc/media_codecs_google_audio.xml...
04-15 15:20:14.659 443 499 D MediaCodecsXmlParser: parsing /vendor/etc/media_codecs_google_telephony.xml...
04-15 15:20:14.668 443 499 D MediaCodecsXmlParser: parsing /vendor/etc/media_codecs_google_video.xml...
04-15 15:20:14.674 443 499 D MediaCodecsXmlParser: parsing /vendor/etc/media_codecs_performance.xml...
04-15 15:20:14.677 443 499 I MediaCodecsXmlParser: Did not find media_codecs_shaping.xml in search path
04-15 15:20:14.678 443 499 I MediaCodecsXmlParser: Did not find media_codecs_shaping.xml in search path
04-15 15:20:14.680 894 926 D CompatibilityChangeReporter: Compat change id reported: 237531167; UID 10117; state: DISABLED
04-15 15:20:14.688 894 926 W OpenGLRenderer: Unknown dataspace 0
04-15 15:20:14.702 345 396 I GoldfishComponentStore: in init
04-15 15:20:14.702 345 396 I GoldfishComponentStore: loading dll of path libcodec2_goldfish_avcdec.so
04-15 15:20:14.703 345 396 I GoldfishComponentStore: Create()
04-15 15:20:14.721 345 396 I GoldfishComponentStore: created interface
04-15 15:20:14.723 345 396 I GoldfishComponentStore: created interface
04-15 15:20:14.745 345 396 E Codec2-FilterWrapper: plugin not OK: -19
04-15 15:20:14.747 534 610 D CompatibilityChangeReporter: Compat change id reported: 171306433; UID 1000; state: ENABLED
04-15 15:20:14.765 443 499 I Codec2InfoBuilder: adding type 'video/avc'
04-15 15:20:14.816 534 608 D GameManagerService: User ID '0' does not have a Game Mode selected for package: 'com.android.systemui'
04-15 15:20:14.873 345 345 I GoldfishComponentStore: in ~ComponentModule
04-15 15:20:14.873 345 345 I GoldfishComponentStore: unloading dll
04-15 15:20:14.877 345 345 I GoldfishComponentStore: in init
04-15 15:20:14.877 345 345 I GoldfishComponentStore: loading dll of path libcodec2_goldfish_hevcdec.so
04-15 15:20:14.878 345 345 I GoldfishComponentStore: Create()
04-15 15:20:14.890 345 345 I GoldfishComponentStore: created interface
04-15 15:20:14.903 345 345 I GoldfishComponentStore: created interface
04-15 15:20:14.907 894 926 W Looper : Slow delivery took 534ms wmshell.main h=android.os.Handler c=com.android.wm.shell.draganddrop.DragAndDropController$$ExternalSyntheticLambda0@293f645 m=0
04-15 15:20:14.907 894 926 W Looper : Slow dispatch took 286ms wmshell.main h=android.os.Handler c=com.android.wm.shell.draganddrop.DragAndDropController$$ExternalSyntheticLambda0@293f645 m=0
04-15 15:20:14.913 443 499 I Codec2InfoBuilder: adding type 'video/hevc'
04-15 15:20:14.918 345 345 I GoldfishComponentStore: in ~ComponentModule
04-15 15:20:14.919 345 345 I GoldfishComponentStore: unloading dll
04-15 15:20:14.924 345 396 I GoldfishComponentStore: in init
04-15 15:20:14.924 345 396 I GoldfishComponentStore: loading dll of path libcodec2_goldfish_vp8dec.so
04-15 15:20:14.926 345 396 I GoldfishComponentStore: Create()
04-15 15:20:14.927 345 396 I C2GoldfishVpxDec: platform store is 0x707065a5d0c8, reflector is 0x707175a57528
04-15 15:20:14.941 345 396 I GoldfishComponentStore: created interface
04-15 15:20:14.946 894 926 W Looper : Slow dispatch took 35ms wmshell.main h=android.os.Handler c=android.window.TaskOrganizer$1$$ExternalSyntheticLambda5@502b1c1 m=0
04-15 15:20:14.953 345 396 I GoldfishComponentStore: created interface
04-15 15:20:14.959 443 499 I Codec2InfoBuilder: adding type 'video/x-vnd.on2.vp8'
04-15 15:20:14.965 345 396 I GoldfishComponentStore: in ~ComponentModule
04-15 15:20:14.965 345 396 I GoldfishComponentStore: unloading dll
04-15 15:20:14.966 345 396 I GoldfishComponentStore: in init
04-15 15:20:14.966 345 396 I GoldfishComponentStore: loading dll of path libcodec2_goldfish_vp9dec.so
04-15 15:20:14.967 345 396 I GoldfishComponentStore: Create()
04-15 15:20:14.972 345 396 I C2GoldfishVpxDec: platform store is 0x707065a5b128, reflector is 0x707175a57528
04-15 15:20:14.974 345 396 I GoldfishComponentStore: created interface
04-15 15:20:14.977 345 396 I GoldfishComponentStore: created interface
04-15 15:20:14.978 443 499 I Codec2InfoBuilder: adding type 'video/x-vnd.on2.vp9'
04-15 15:20:14.986 345 941 I GoldfishComponentStore: in ~ComponentModule
04-15 15:20:14.986 345 941 I GoldfishComponentStore: unloading dll
04-15 15:20:15.005 443 499 I Codec2InfoBuilder: adding type 'audio/mp4a-latm'
04-15 15:20:15.062 443 499 I Codec2InfoBuilder: adding type 'audio/mp4a-latm'
04-15 15:20:15.075 894 926 W Looper : Slow dispatch took 104ms wmshell.main h=android.os.Handler c=android.window.TaskOrganizer$1$$ExternalSyntheticLambda5@6ae39f2 m=0
04-15 15:20:15.098 534 551 D CompatibilityChangeReporter: Compat change id reported: 161145287; UID 10129; state: ENABLED
04-15 15:20:15.120 534 551 D CoreBackPreview: Window{6320205 u0 ShellDropTarget}: Setting back callback OnBackInvokedCallbackInfo{mCallback=android.window.IOnBackInvokedCallback$Stub$Proxy@898460a, mPriority=0, mIsAnimationCallback=false}
04-15 15:20:15.144 894 926 W Looper : Slow dispatch took 57ms wmshell.main h=android.view.Choreographer$FrameHandler c=android.view.Choreographer$FrameDisplayEventReceiver@ab9cb6d m=0
04-15 15:20:15.212 443 499 I Codec2InfoBuilder: adding type 'audio/3gpp'
04-15 15:20:15.265 443 499 I Codec2InfoBuilder: adding type 'audio/3gpp'
04-15 15:20:15.348 443 499 I Codec2InfoBuilder: adding type 'audio/amr-wb'
04-15 15:20:15.396 443 499 I Codec2InfoBuilder: adding type 'audio/amr-wb'
04-15 15:20:15.461 904 904 I RuntimePermissions: observing PreinstalledUserPackageInfoLiveData for 0 in RuntimePermissionsUpgradeController
04-15 15:20:15.469 443 499 I Codec2InfoBuilder: adding type 'video/av01'
04-15 15:20:15.563 443 499 I Codec2InfoBuilder: adding type 'video/av01'
04-15 15:20:15.573 534 950 D PackageManager: Instant App installer not found with android.intent.action.INSTALL_INSTANT_APP_PACKAGE
04-15 15:20:15.573 534 950 D PackageManager: Clear ephemeral installer activity
04-15 15:20:15.624 443 499 I Codec2InfoBuilder: adding type 'video/avc'
04-15 15:20:15.731 455 455 I mediaswcodec: missing struct descriptor #Param::CoreIndex(--004) for field values of struct #Param::CoreIndex(F-12004)
04-15 15:20:15.731 455 455 I mediaswcodec: missing struct descriptor #Param::CoreIndex(--1812) for field values of struct #Param::CoreIndex(F-11812)
04-15 15:20:15.738 455 455 I mediaswcodec: missing struct descriptor #Param::CoreIndex(--004) for field values of struct #Param::CoreIndex(F-12004)
04-15 15:20:15.740 455 455 I mediaswcodec: missing struct descriptor #Param::CoreIndex(--1812) for field values of struct #Param::CoreIndex(F-11812)
04-15 15:20:15.766 443 499 I Codec2InfoBuilder: adding type 'video/avc'
04-15 15:20:15.820 455 455 D C2SoftAvcEnc: Given level 0 does not cover current configuration: adjusting to 5000
04-15 15:20:15.985 443 499 I Codec2InfoBuilder: adding type 'audio/flac'
04-15 15:20:15.998 443 499 I Codec2InfoBuilder: adding type 'audio/flac'
04-15 15:20:16.092 443 499 I Codec2InfoBuilder: adding type 'audio/g711-alaw'
04-15 15:20:16.152 443 499 I Codec2InfoBuilder: adding type 'audio/g711-mlaw'
04-15 15:20:16.170 894 894 D CompatibilityChangeReporter: Compat change id reported: 183155436; UID 10117; state: ENABLED
04-15 15:20:16.184 443 499 D Codec2InfoBuilder: codec entry for 'c2.android.gsm.decoder' is disabled
04-15 15:20:16.213 443 499 I Codec2InfoBuilder: adding type 'video/3gpp'
04-15 15:20:16.223 534 551 D CompatibilityChangeReporter: Compat change id reported: 157233955; UID 10117; state: ENABLED
04-15 15:20:16.271 455 455 D C2SoftH263Enc: Given level 3004 does not cover current configuration: adjusting to 3003
04-15 15:20:16.290 455 455 D C2SoftH263Enc: Given level 3004 does not cover current configuration: adjusting to 3003
04-15 15:20:16.312 443 499 I Codec2InfoBuilder: adding type 'video/3gpp'
04-15 15:20:16.332 455 943 D C2SoftH263Enc: Given level 0 does not cover current configuration: adjusting to 3003
04-15 15:20:16.404 443 499 I Codec2InfoBuilder: adding type 'video/hevc'
04-15 15:20:16.412 894 894 I FalsingManager: xdpi, ydpi: 420.0, 420.0
04-15 15:20:16.413 894 894 I FalsingManager: width, height: 1080, 2400
04-15 15:20:16.462 455 455 I mediaswcodec: missing struct descriptor #Param::CoreIndex(--004) for field values of struct #Param::CoreIndex(F-12004)
04-15 15:20:16.479 455 455 I mediaswcodec: missing struct descriptor #Param::CoreIndex(--1812) for field values of struct #Param::CoreIndex(F-11812)
04-15 15:20:16.487 455 455 I mediaswcodec: missing struct descriptor #Param::CoreIndex(--004) for field values of struct #Param::CoreIndex(F-12004)
04-15 15:20:16.494 455 455 I mediaswcodec: missing struct descriptor #Param::CoreIndex(--1812) for field values of struct #Param::CoreIndex(F-11812)
04-15 15:20:16.513 443 499 I Codec2InfoBuilder: adding type 'video/hevc'
04-15 15:20:16.529 455 455 D C2SoftHevcEnc: Given level 0 does not cover current configuration: adjusting to 6000
04-15 15:20:16.628 443 499 I Codec2InfoBuilder: adding type 'audio/mpeg'
04-15 15:20:16.681 0 0 I init : starting service 'idmap2d'...
04-15 15:20:16.697 443 499 D Codec2InfoBuilder: codec entry for 'c2.android.mpeg2.decoder' is disabled
04-15 15:20:16.747 0 0 I init : ... started service 'idmap2d' has pid 965
04-15 15:20:16.748 0 0 I init : Control message: Processed ctl.start for 'idmap2d' from pid: 534 (system_server)
04-15 15:20:16.743 443 499 I Codec2InfoBuilder: adding type 'video/mp4v-es'
04-15 15:20:16.846 443 499 I Codec2InfoBuilder: adding type 'video/mp4v-es'
04-15 15:20:16.872 455 951 D C2SoftMpeg4Enc: Given level 0 does not cover current configuration: adjusting to 4003
04-15 15:20:16.913 894 894 W Settings: Setting secure_frp_mode has moved from android.provider.Settings.Secure to android.provider.Settings.Global, returning global URI.
04-15 15:20:16.981 443 499 I Codec2InfoBuilder: adding type 'audio/opus'
04-15 15:20:17.084 443 499 I Codec2InfoBuilder: adding type 'audio/opus'
04-15 15:20:17.118 965 965 I idmap2d : Starting
04-15 15:20:17.156 443 499 I Codec2InfoBuilder: adding type 'audio/raw'
04-15 15:20:17.161 894 894 D NavigationModeController: getCurrentUserContext: contextUser=0 currentUser=0
04-15 15:20:17.162 894 894 D NavigationModeController: getCurrentInteractionMode: mode=0 contextUser=0
04-15 15:20:17.165 894 894 D NavigationModeController: updateCurrentInteractionMode: mode=0
04-15 15:20:17.165 894 894 D NavigationModeController: contextUser=0
04-15 15:20:17.165 894 894 D NavigationModeController: assetPaths=
04-15 15:20:17.165 894 894 D NavigationModeController: and /system/framework/framework-res.apk
04-15 15:20:17.166 894 894 D NavigationModeController: /vendor/overlay/framework-res__auto_generated_rro_vendor.apk
04-15 15:20:17.166 894 894 D NavigationModeController: and /system_ext/priv-app/SystemUI/SystemUI.apk
04-15 15:20:17.177 965 968 W idmap2d : failed to parse idmap header of '/data/resource-cache/vendor@overlay@SystemUI__auto_generated_rro_vendor.apk@idmap'
04-15 15:20:17.217 443 499 I Codec2InfoBuilder: adding type 'audio/vorbis'
04-15 15:20:17.222 965 968 W idmap2d : failed to find resource 'bool/config_show4GForLTE'
04-15 15:20:17.223 965 968 E idmap2d : no resources were overlaid
04-15 15:20:17.270 443 499 I Codec2InfoBuilder: adding type 'video/x-vnd.on2.vp8'
04-15 15:20:17.311 455 951 I C2SoftVpxEnc: setting temporal layering 0 + 0
04-15 15:20:17.320 894 954 V MediaRouter: Selecting route: RouteInfo{ name=Phone, description=null, status=null, category=RouteCategory{ name=System types=ROUTE_TYPE_LIVE_AUDIO ROUTE_TYPE_LIVE_VIDEO groupable=false }, supportedTypes=ROUTE_TYPE_LIVE_AUDIO ROUTE_TYPE_LIVE_VIDEO , presentationDisplay=null }
04-15 15:20:17.326 894 954 I MediaRouter: Skip setBluetoothA2dpOn(): types=8388615, isPlaybackActive()=false, BT route=null
04-15 15:20:17.350 455 951 I C2SoftVpxEnc: setting temporal layering 0 + 0
04-15 15:20:17.357 443 499 I Codec2InfoBuilder: adding type 'video/x-vnd.on2.vp8'
04-15 15:20:17.378 894 894 D NavigationModeController: getCurrentInteractionMode: mode=0 contextUser=0
04-15 15:20:17.440 443 499 I Codec2InfoBuilder: adding type 'video/x-vnd.on2.vp9'
04-15 15:20:17.477 894 894 D CompatibilityChangeReporter: Compat change id reported: 247079863; UID 10117; state: ENABLED
04-15 15:20:17.525 455 491 I C2SoftVpxEnc: setting temporal layering 0 + 0
04-15 15:20:17.540 455 491 I C2SoftVpxEnc: setting temporal layering 0 + 0
04-15 15:20:17.560 443 499 I Codec2InfoBuilder: adding type 'video/x-vnd.on2.vp9'
04-15 15:20:17.573 455 491 D C2SoftVpxEnc: Given level 0 does not cover current configuration: adjusting to 7000
04-15 15:20:17.643 534 905 D MediaCodecList: codecHandlesFormat: no format, so no extra checks
04-15 15:20:17.746 534 919 D CCodec : allocate(c2.android.vorbis.decoder)
04-15 15:20:17.788 534 919 I Codec2Client: Available Codec2 services: "default" "software"
04-15 15:20:17.830 534 919 I CCodec : setting up 'default' as default (vendor) store
04-15 15:20:17.922 534 919 I CCodec : Created component [c2.android.vorbis.decoder]
04-15 15:20:17.944 534 919 D CCodecConfig: read media type: audio/vorbis
04-15 15:20:18.061 534 919 D ReflectedParamUpdater: extent() != 1 for single value type: algo.buffers.max-count.values
04-15 15:20:18.088 534 919 D ReflectedParamUpdater: extent() != 1 for single value type: output.subscribed-indices.values
04-15 15:20:18.096 534 919 D ReflectedParamUpdater: extent() != 1 for single value type: input.buffers.allocator-ids.values
04-15 15:20:18.112 534 919 D ReflectedParamUpdater: extent() != 1 for single value type: output.buffers.allocator-ids.values
04-15 15:20:18.120 534 919 D ReflectedParamUpdater: extent() != 1 for single value type: algo.buffers.allocator-ids.values
04-15 15:20:18.128 534 919 D ReflectedParamUpdater: extent() != 1 for single value type: output.buffers.pool-ids.values
04-15 15:20:18.136 534 919 D ReflectedParamUpdater: extent() != 1 for single value type: algo.buffers.pool-ids.values
04-15 15:20:18.190 894 894 D MediaResumeListener: loaded resume components for 0: []
04-15 15:20:18.210 894 894 D CompatibilityChangeReporter: Compat change id reported: 263076149; UID 10117; state: ENABLED
04-15 15:20:18.223 894 894 D LocalBluetoothProfileManager: LocalBluetoothProfileManager construction complete
04-15 15:20:18.247 894 894 D LocalBluetoothProfileManager: Adding local Hearing Aid profile
04-15 15:20:18.248 534 919 I CCodecConfig: query failed after returning 7 values (BAD_INDEX)
04-15 15:20:18.253 894 894 D BluetoothHearingAid: Binding service...
04-15 15:20:18.265 534 919 D CCodecConfig: c2 config diff is Dict {
04-15 15:20:18.265 534 919 D CCodecConfig: c2::u32 coded.bitrate.value = 64000
04-15 15:20:18.265 534 919 D CCodecConfig: c2::u32 input.buffers.max-size.value = 32768
04-15 15:20:18.265 534 919 D CCodecConfig: c2::u32 input.delay.value = 0
04-15 15:20:18.265 534 919 D CCodecConfig: string input.media-type.value = "audio/vorbis"
04-15 15:20:18.265 534 919 D CCodecConfig: string output.media-type.value = "audio/raw"
04-15 15:20:18.265 534 919 D CCodecConfig: c2::u32 raw.channel-count.value = 1
04-15 15:20:18.265 534 919 D CCodecConfig: c2::u32 raw.sample-rate.value = 48000
04-15 15:20:18.265 534 919 D CCodecConfig: }
04-15 15:20:18.271 534 609 D BluetoothManagerService: Trying to bind to profile: 21, while Bluetooth was disabled
04-15 15:20:18.306 534 950 I MR2ServiceImpl: registerManager | uid: 10117, pid: 894, package: com.android.systemui, user: 0
04-15 15:20:18.380 534 919 D MediaCodec: flushMediametrics
04-15 15:20:18.382 534 919 D CCodec : [c2.android.vorbis.decoder] buffers are bound to CCodec for this session
04-15 15:20:18.383 534 919 D CCodecConfig: no c2 equivalents for durationUs
04-15 15:20:18.388 534 919 D CCodecConfig: no c2 equivalents for track-id
04-15 15:20:18.388 534 919 D CCodecConfig: no c2 equivalents for csd-1
04-15 15:20:18.389 534 919 D CCodecConfig: no c2 equivalents for flags
04-15 15:20:18.424 534 919 D CCodecConfig: c2 config diff is c2::u32 coded.bitrate.value = 96000
04-15 15:20:18.424 534 919 D CCodecConfig: c2::u32 raw.channel-count.value = 2
04-15 15:20:18.432 534 919 W Codec2Client: query -- param skipped: index = 1107298332.
04-15 15:20:18.433 534 919 D CCodec : encoding statistics level = 0
04-15 15:20:18.433 534 919 D CCodec : setup formats input: AMessage(what = 0x00000000) = {
04-15 15:20:18.433 534 919 D CCodec : int32_t bitrate = 96000
04-15 15:20:18.433 534 919 D CCodec : int32_t channel-count = 2
04-15 15:20:18.433 534 919 D CCodec : int32_t max-input-size = 32768
04-15 15:20:18.433 534 919 D CCodec : string mime = "audio/vorbis"
04-15 15:20:18.433 534 919 D CCodec : int32_t sample-rate = 48000
04-15 15:20:18.433 534 919 D CCodec : }
04-15 15:20:18.434 534 919 D CCodec : setup formats output: AMessage(what = 0x00000000) = {
04-15 15:20:18.434 534 919 D CCodec : int32_t channel-count = 2
04-15 15:20:18.434 534 919 D CCodec : string mime = "audio/raw"
04-15 15:20:18.434 534 919 D CCodec : int32_t sample-rate = 48000
04-15 15:20:18.434 534 919 D CCodec : int32_t channel-mask = 3
04-15 15:20:18.434 534 919 D CCodec : int32_t android._config-pcm-encoding = 2
04-15 15:20:18.434 534 919 D CCodec : }
04-15 15:20:18.440 534 919 I CCodecConfig: query failed after returning 7 values (BAD_INDEX)
04-15 15:20:18.456 534 919 W Codec2Client: query -- param skipped: index = 1342179345.
04-15 15:20:18.456 534 919 W Codec2Client: query -- param skipped: index = 2415921170.
04-15 15:20:18.464 534 919 D C2Store : Using DMABUF Heaps
04-15 15:20:18.487 534 919 D CCodecBufferChannel: [c2.android.vorbis.decoder#521] Created input block pool with allocatorID 16 => poolID 17 - OK (0)
04-15 15:20:18.504 455 943 D C2Store : Using DMABUF Heaps
04-15 15:20:18.532 534 919 I CCodecBufferChannel: [c2.android.vorbis.decoder#521] Created output block pool with allocatorID 16 => poolID 17 - OK
04-15 15:20:18.540 534 919 D CCodecBufferChannel: [c2.android.vorbis.decoder#521] Configured output block pool ids 17 => OK
04-15 15:20:18.560 534 919 I DMABUFHEAPS: Using DMA-BUF heap named: system
04-15 15:20:18.590 455 973 D SimpleC2Component: Using output block pool with poolID 17 => got 17 - 0
04-15 15:20:18.714 455 973 I DMABUFHEAPS: Using DMA-BUF heap named: system
04-15 15:20:18.855 894 894 D KeyguardBouncerRepositoryImpl: Keyguard Bouncer is hiding.
04-15 15:20:18.940 534 919 D CCodecBufferChannel: [c2.android.vorbis.decoder#521] MediaCodec discarded an unknown buffer
04-15 15:20:18.942 534 919 D CCodecBufferChannel: [c2.android.vorbis.decoder#521] MediaCodec discarded an unknown buffer
04-15 15:20:18.949 534 919 D CCodecBufferChannel: [c2.android.vorbis.decoder#521] MediaCodec discarded an unknown buffer
04-15 15:20:19.047 894 894 D BiometricsRepositoryImpl: Registering StrongAuthTracker
04-15 15:20:19.068 534 919 I hw-BpHwBinder: onLastStrongRef automatically unlinking death recipients
04-15 15:20:19.071 455 943 I hw-BpHwBinder: onLastStrongRef automatically unlinking death recipients
04-15 15:20:19.072 455 943 I hw-BpHwBinder: onLastStrongRef automatically unlinking death recipients
04-15 15:20:19.120 534 905 D MediaCodec: flushMediametrics
04-15 15:20:19.180 894 894 D BiometricsRepositoryImpl: currentUser authFlags changed, new value: AuthenticationFlags(userId=0, flag=1)
04-15 15:20:19.183 894 894 D BiometricsRepositoryImpl: isNonStrongBiometricAllowed changed for current user
04-15 15:20:19.440 534 905 D MediaCodecList: codecHandlesFormat: no format, so no extra checks
04-15 15:20:19.472 534 996 D CCodec : allocate(c2.android.vorbis.decoder)
04-15 15:20:19.478 534 996 I CCodec : setting up 'default' as default (vendor) store
04-15 15:20:19.497 534 996 I CCodec : Created component [c2.android.vorbis.decoder]
04-15 15:20:19.508 534 996 D CCodecConfig: read media type: audio/vorbis
04-15 15:20:19.537 534 551 W system_server: Long monitor contention with owner PackageManager (591) at void com.android.server.pm.permission.LegacyPermissionSettings.writePermissionTrees(com.android.modules.utils.TypedXmlSerializer)(LegacyPermissionSettings.java:150) waiters=0 in com.android.server.pm.Computer com.android.server.pm.PackageManagerService.snapshotComputer(boolean) for 375ms
04-15 15:20:19.539 534 609 W system_server: Long monitor contention with owner binder:534_2 (551) at com.android.server.pm.Computer com.android.server.pm.PackageManagerService.snapshotComputer(boolean)(PackageManagerService.java:1195) waiters=0 in com.android.server.pm.Computer com.android.server.pm.PackageManagerService.snapshotComputer(boolean) for 321ms
04-15 15:20:19.546 534 996 D ReflectedParamUpdater: extent() != 1 for single value type: algo.buffers.max-count.values
04-15 15:20:19.556 534 996 D ReflectedParamUpdater: extent() != 1 for single value type: output.subscribed-indices.values
04-15 15:20:19.558 534 996 D ReflectedParamUpdater: extent() != 1 for single value type: input.buffers.allocator-ids.values
04-15 15:20:19.560 534 996 D ReflectedParamUpdater: extent() != 1 for single value type: output.buffers.allocator-ids.values
04-15 15:20:19.565 534 996 D ReflectedParamUpdater: extent() != 1 for single value type: algo.buffers.allocator-ids.values
04-15 15:20:19.571 534 996 D ReflectedParamUpdater: extent() != 1 for single value type: output.buffers.pool-ids.values
04-15 15:20:19.583 534 996 D ReflectedParamUpdater: extent() != 1 for single value type: algo.buffers.pool-ids.values
04-15 15:20:19.624 534 996 I CCodecConfig: query failed after returning 7 values (BAD_INDEX)
04-15 15:20:19.628 534 996 D CCodecConfig: c2 config diff is Dict {
04-15 15:20:19.628 534 996 D CCodecConfig: c2::u32 coded.bitrate.value = 64000
04-15 15:20:19.628 534 996 D CCodecConfig: c2::u32 input.buffers.max-size.value = 32768
04-15 15:20:19.628 534 996 D CCodecConfig: c2::u32 input.delay.value = 0
04-15 15:20:19.628 534 996 D CCodecConfig: string input.media-type.value = "audio/vorbis"
04-15 15:20:19.628 534 996 D CCodecConfig: string output.media-type.value = "audio/raw"
04-15 15:20:19.628 534 996 D CCodecConfig: c2::u32 raw.channel-count.value = 1
04-15 15:20:19.628 534 996 D CCodecConfig: c2::u32 raw.sample-rate.value = 48000
04-15 15:20:19.628 534 996 D CCodecConfig: }
04-15 15:20:19.644 534 996 D MediaCodec: flushMediametrics
04-15 15:20:19.645 534 996 D CCodec : [c2.android.vorbis.decoder] buffers are bound to CCodec for this session
04-15 15:20:19.645 534 996 D CCodecConfig: no c2 equivalents for durationUs
04-15 15:20:19.646 534 996 D CCodecConfig: no c2 equivalents for track-id
04-15 15:20:19.646 534 996 D CCodecConfig: no c2 equivalents for csd-1
04-15 15:20:19.647 534 996 D CCodecConfig: no c2 equivalents for flags
04-15 15:20:19.656 534 996 D CCodecConfig: c2 config diff is c2::u32 coded.bitrate.value = 140000
04-15 15:20:19.658 534 996 W Codec2Client: query -- param skipped: index = 1107298332.
04-15 15:20:19.658 534 996 D CCodec : encoding statistics level = 0
04-15 15:20:19.659 534 996 D CCodec : setup formats input: AMessage(what = 0x00000000) = {
04-15 15:20:19.659 534 996 D CCodec : int32_t bitrate = 140000
04-15 15:20:19.659 534 996 D CCodec : int32_t channel-count = 1
04-15 15:20:19.659 534 996 D CCodec : int32_t max-input-size = 32768
04-15 15:20:19.659 534 996 D CCodec : string mime = "audio/vorbis"
04-15 15:20:19.659 534 996 D CCodec : int32_t sample-rate = 48000
04-15 15:20:19.659 534 996 D CCodec : }
04-15 15:20:19.664 534 996 D CCodec : setup formats output: AMessage(what = 0x00000000) = {
04-15 15:20:19.664 534 996 D CCodec : int32_t channel-count = 1
04-15 15:20:19.664 534 996 D CCodec : string mime = "audio/raw"
04-15 15:20:19.664 534 996 D CCodec : int32_t sample-rate = 48000
04-15 15:20:19.664 534 996 D CCodec : int32_t channel-mask = 1
04-15 15:20:19.664 534 996 D CCodec : int32_t android._config-pcm-encoding = 2
04-15 15:20:19.664 534 996 D CCodec : }
04-15 15:20:19.668 534 996 I CCodecConfig: query failed after returning 7 values (BAD_INDEX)
04-15 15:20:19.673 894 894 W AlarmManager: Unrecognized alarm listener com.android.systemui.keyguard.KeyguardSliceProvider$$ExternalSyntheticLambda0@faea92a
04-15 15:20:19.676 534 996 W Codec2Client: query -- param skipped: index = 1342179345.
04-15 15:20:19.676 534 996 W Codec2Client: query -- param skipped: index = 2415921170.
04-15 15:20:19.684 534 996 D CCodecBufferChannel: [c2.android.vorbis.decoder#576] Created input block pool with allocatorID 16 => poolID 18 - OK (0)
04-15 15:20:19.691 534 996 I CCodecBufferChannel: [c2.android.vorbis.decoder#576] Created output block pool with allocatorID 16 => poolID 18 - OK
04-15 15:20:19.693 534 996 D CCodecBufferChannel: [c2.android.vorbis.decoder#576] Configured output block pool ids 18 => OK
04-15 15:20:19.701 455 997 D SimpleC2Component: Using output block pool with poolID 18 => got 18 - 0
04-15 15:20:19.819 534 546 W system_server: Suspending all threads took: 20.407ms
04-15 15:20:19.835 894 894 V SystemUIBootTiming: DependencyInjection took to complete: 1ms
04-15 15:20:19.841 392 450 E EGL_emulation: eglQueryContext 3100 EGL_BAD_ATTRIBUTE
04-15 15:20:19.844 392 450 E EGL_emulation: tid 450: eglQueryContext(2146): error 0x3004 (EGL_BAD_ATTRIBUTE)
04-15 15:20:19.844 894 894 I SystemUIService: Found SurfaceFlinger's GPU Priority: 0
04-15 15:20:19.851 534 551 I ActivityManager: Flag disabled. Ignoring finishAttachApplication from uid: 10117. pid: 894
04-15 15:20:19.905 894 953 E AppWidgetManager: Nofity service of inheritance info
04-15 15:20:19.905 894 953 E AppWidgetManager: java.lang.IllegalStateException: User 0 must be unlocked for widgets to be available
04-15 15:20:19.905 894 953 E AppWidgetManager: at android.os.Parcel.createExceptionOrNull(Parcel.java:3065)
04-15 15:20:19.905 894 953 E AppWidgetManager: at android.os.Parcel.createException(Parcel.java:3041)
04-15 15:20:19.905 894 953 E AppWidgetManager: at android.os.Parcel.readException(Parcel.java:3024)
04-15 15:20:19.905 894 953 E AppWidgetManager: at android.os.Parcel.readException(Parcel.java:2966)
04-15 15:20:19.905 894 953 E AppWidgetManager: at com.android.internal.appwidget.IAppWidgetService$Stub$Proxy.getInstalledProvidersForProfile(IAppWidgetService.java:990)
04-15 15:20:19.905 894 953 E AppWidgetManager: at android.appwidget.AppWidgetManager.getInstalledProvidersForProfile(AppWidgetManager.java:923)
04-15 15:20:19.905 894 953 E AppWidgetManager: at android.appwidget.AppWidgetManager.getInstalledProvidersForPackage(AppWidgetManager.java:857)
04-15 15:20:19.905 894 953 E AppWidgetManager: at android.appwidget.AppWidgetManager.lambda$new$3(AppWidgetManager.java:536)
04-15 15:20:19.905 894 953 E AppWidgetManager: at android.appwidget.AppWidgetManager.$r8$lambda$MnZCUjy90wcD58stsygv3SVPbu4(Unknown Source:0)
04-15 15:20:19.905 894 953 E AppWidgetManager: at android.appwidget.AppWidgetManager$$ExternalSyntheticLambda4.run(Unknown Source:2)
04-15 15:20:19.905 894 953 E AppWidgetManager: at android.os.Handler.handleCallback(Handler.java:958)
04-15 15:20:19.905 894 953 E AppWidgetManager: at android.os.Handler.dispatchMessage(Handler.java:99)
04-15 15:20:19.905 894 953 E AppWidgetManager: at android.os.Looper.loopOnce(Looper.java:205)
04-15 15:20:19.905 894 953 E AppWidgetManager: at android.os.Looper.loop(Looper.java:294)
04-15 15:20:19.905 894 953 E AppWidgetManager: at android.os.HandlerThread.run(HandlerThread.java:67)
04-15 15:20:19.905 894 953 E AppWidgetManager: Caused by: android.os.RemoteException: Remote stack trace:
04-15 15:20:19.905 894 953 E AppWidgetManager: at com.android.server.appwidget.AppWidgetServiceImpl.ensureGroupStateLoadedLocked(AppWidgetServiceImpl.java:650)
04-15 15:20:19.905 894 953 E AppWidgetManager: at com.android.server.appwidget.AppWidgetServiceImpl.ensureGroupStateLoadedLocked(AppWidgetServiceImpl.java:644)
04-15 15:20:19.905 894 953 E AppWidgetManager: at com.android.server.appwidget.AppWidgetServiceImpl.getInstalledProvidersForProfile(AppWidgetServiceImpl.java:1708)
04-15 15:20:19.905 894 953 E AppWidgetManager: at com.android.internal.appwidget.IAppWidgetService$Stub.onTransact(IAppWidgetService.java:510)
04-15 15:20:19.905 894 953 E AppWidgetManager: at android.os.Binder.execTransactInternal(Binder.java:1344)
04-15 15:20:19.905 894 953 E AppWidgetManager:
04-15 15:20:19.931 894 960 W KeyguardUpdateMonitorLog: invalid subId in handleServiceStateChange()
04-15 15:20:19.947 894 960 W KeyguardUpdateMonitorLog: invalid subId in handleSimStateChange()
04-15 15:20:19.977 534 546 I system_server: Background young concurrent copying GC freed 288125(9280KB) AllocSpace objects, 15(500KB) LOS objects, 40% free, 13MB/22MB, paused 1.098ms,20.980ms total 692.609ms
04-15 15:20:19.985 534 548 W System : A resource failed to call release.
04-15 15:20:19.986 534 548 W System : A resource failed to call release.
04-15 15:20:19.986 534 548 W System : A resource failed to call release.
04-15 15:20:20.013 534 996 D CCodecBufferChannel: [c2.android.vorbis.decoder#576] MediaCodec discarded an unknown buffer
04-15 15:20:20.013 534 996 D CCodecBufferChannel: [c2.android.vorbis.decoder#576] MediaCodec discarded an unknown buffer
04-15 15:20:20.013 534 996 D CCodecBufferChannel: [c2.android.vorbis.decoder#576] MediaCodec discarded an unknown buffer
04-15 15:20:20.043 534 996 I hw-BpHwBinder: onLastStrongRef automatically unlinking death recipients
04-15 15:20:20.045 455 943 I hw-BpHwBinder: onLastStrongRef automatically unlinking death recipients
04-15 15:20:20.053 455 943 I hw-BpHwBinder: onLastStrongRef automatically unlinking death recipients
04-15 15:20:20.064 534 905 D MediaCodec: flushMediametrics
04-15 15:20:20.184 534 905 D MediaCodecList: codecHandlesFormat: no format, so no extra checks
04-15 15:20:20.213 534 1007 D CCodec : allocate(c2.android.vorbis.decoder)
04-15 15:20:20.222 534 1007 I CCodec : setting up 'default' as default (vendor) store
04-15 15:20:20.237 534 1007 I CCodec : Created component [c2.android.vorbis.decoder]
04-15 15:20:20.240 534 1007 D CCodecConfig: read media type: audio/vorbis
04-15 15:20:20.280 534 1007 D ReflectedParamUpdater: extent() != 1 for single value type: algo.buffers.max-count.values
04-15 15:20:20.282 534 1007 D ReflectedParamUpdater: extent() != 1 for single value type: output.subscribed-indices.values
04-15 15:20:20.282 534 1007 D ReflectedParamUpdater: extent() != 1 for single value type: input.buffers.allocator-ids.values
04-15 15:20:20.283 534 1007 D ReflectedParamUpdater: extent() != 1 for single value type: output.buffers.allocator-ids.values
04-15 15:20:20.284 534 1007 D ReflectedParamUpdater: extent() != 1 for single value type: algo.buffers.allocator-ids.values
04-15 15:20:20.285 534 1007 D ReflectedParamUpdater: extent() != 1 for single value type: output.buffers.pool-ids.values
04-15 15:20:20.286 534 1007 D ReflectedParamUpdater: extent() != 1 for single value type: algo.buffers.pool-ids.values
04-15 15:20:20.301 534 1007 I CCodecConfig: query failed after returning 7 values (BAD_INDEX)
04-15 15:20:20.301 534 1007 D CCodecConfig: c2 config diff is Dict {
04-15 15:20:20.301 534 1007 D CCodecConfig: c2::u32 coded.bitrate.value = 64000
04-15 15:20:20.301 534 1007 D CCodecConfig: c2::u32 input.buffers.max-size.value = 32768
04-15 15:20:20.301 534 1007 D CCodecConfig: c2::u32 input.delay.value = 0
04-15 15:20:20.301 534 1007 D CCodecConfig: string input.media-type.value = "audio/vorbis"
04-15 15:20:20.301 534 1007 D CCodecConfig: string output.media-type.value = "audio/raw"
04-15 15:20:20.301 534 1007 D CCodecConfig: c2::u32 raw.channel-count.value = 1
04-15 15:20:20.301 534 1007 D CCodecConfig: c2::u32 raw.sample-rate.value = 48000
04-15 15:20:20.301 534 1007 D CCodecConfig: }
04-15 15:20:20.317 534 1007 D MediaCodec: flushMediametrics
04-15 15:20:20.318 534 1007 D CCodec : [c2.android.vorbis.decoder] buffers are bound to CCodec for this session
04-15 15:20:20.318 534 1007 D CCodecConfig: no c2 equivalents for durationUs
04-15 15:20:20.319 534 1007 D CCodecConfig: no c2 equivalents for track-id
04-15 15:20:20.319 534 1007 D CCodecConfig: no c2 equivalents for csd-1
04-15 15:20:20.319 534 1007 D CCodecConfig: no c2 equivalents for flags
04-15 15:20:20.326 534 1007 D CCodecConfig: c2 config diff is c2::u32 coded.bitrate.value = 140000
04-15 15:20:20.342 534 1007 W Codec2Client: query -- param skipped: index = 1107298332.
04-15 15:20:20.352 534 1007 D CCodec : encoding statistics level = 0
04-15 15:20:20.352 534 1007 D CCodec : setup formats input: AMessage(what = 0x00000000) = {
04-15 15:20:20.352 534 1007 D CCodec : int32_t bitrate = 140000
04-15 15:20:20.352 534 1007 D CCodec : int32_t channel-count = 1
04-15 15:20:20.352 534 1007 D CCodec : int32_t max-input-size = 32768
04-15 15:20:20.352 534 1007 D CCodec : string mime = "audio/vorbis"
04-15 15:20:20.352 534 1007 D CCodec : int32_t sample-rate = 48000
04-15 15:20:20.352 534 1007 D CCodec : }
04-15 15:20:20.352 534 1007 D CCodec : setup formats output: AMessage(what = 0x00000000) = {
04-15 15:20:20.352 534 1007 D CCodec : int32_t channel-count = 1
04-15 15:20:20.352 534 1007 D CCodec : string mime = "audio/raw"
04-15 15:20:20.352 534 1007 D CCodec : int32_t sample-rate = 48000
04-15 15:20:20.352 534 1007 D CCodec : int32_t channel-mask = 1
04-15 15:20:20.352 534 1007 D CCodec : int32_t android._config-pcm-encoding = 2
04-15 15:20:20.352 534 1007 D CCodec : }
04-15 15:20:20.358 534 1007 I CCodecConfig: query failed after returning 7 values (BAD_INDEX)
