04-15 15:18:53.877 534 534 V SystemServerTiming: StartPackageManagerService took to complete: 11084ms
04-15 15:18:53.877 534 534 D SystemServerTiming: DexUseManagerLocal
04-15 15:18:53.883 534 534 E ArtService: Failed to load dex use data
04-15 15:18:53.883 534 534 E ArtService: java.io.FileNotFoundException: /data/system/package-dex-usage.pb: open failed: ENOENT (No such file or directory)
04-15 15:18:53.883 534 534 E ArtService: at libcore.io.IoBridge.open(IoBridge.java:574)
04-15 15:18:53.883 534 534 E ArtService: at java.io.FileInputStream.(FileInputStream.java:160)
04-15 15:18:53.883 534 534 E ArtService: at java.io.FileInputStream.(FileInputStream.java:115)
04-15 15:18:53.883 534 534 E ArtService: at com.android.server.art.DexUseManagerLocal.load(DexUseManagerLocal.java:553)
04-15 15:18:53.883 534 534 E ArtService: at com.android.server.art.DexUseManagerLocal.(DexUseManagerLocal.java:161)
04-15 15:18:53.883 534 534 E ArtService: at com.android.server.art.DexUseManagerLocal.(DexUseManagerLocal.java:153)
04-15 15:18:53.883 534 534 E ArtService: at com.android.server.art.DexUseManagerLocal.createInstance(DexUseManagerLocal.java:147)
04-15 15:18:53.883 534 534 E ArtService: at com.android.server.SystemServer.startBootstrapServices(SystemServer.java:1257)
04-15 15:18:53.883 534 534 E ArtService: at com.android.server.SystemServer.run(SystemServer.java:940)
04-15 15:18:53.883 534 534 E ArtService: at com.android.server.SystemServer.main(SystemServer.java:664)
04-15 15:18:53.883 534 534 E ArtService: at java.lang.reflect.Method.invoke(Native Method)
04-15 15:18:53.883 534 534 E ArtService: at com.android.internal.os.RuntimeInit$MethodAndArgsCaller.run(RuntimeInit.java:552)
04-15 15:18:53.883 534 534 E ArtService: at com.android.internal.os.ZygoteInit.main(ZygoteInit.java:949)
04-15 15:18:53.883 534 534 E ArtService: Caused by: android.system.ErrnoException: open failed: ENOENT (No such file or directory)
04-15 15:18:53.883 534 534 E ArtService: at libcore.io.Linux.open(Native Method)
04-15 15:18:53.883 534 534 E ArtService: at libcore.io.ForwardingOs.open(ForwardingOs.java:563)
04-15 15:18:53.883 534 534 E ArtService: at libcore.io.BlockGuardOs.open(BlockGuardOs.java:274)
04-15 15:18:53.883 534 534 E ArtService: at libcore.io.IoBridge.open(IoBridge.java:560)
04-15 15:18:53.883 534 534 E ArtService: ... 12 more
04-15 15:18:53.916 534 534 V SystemServerTiming: DexUseManagerLocal took to complete: 39ms
04-15 15:18:53.917 534 534 D SystemServerTiming: StartOtaDexOptService
04-15 15:18:53.918 534 534 I Watchdog: Pausing HandlerChecker: main thread for reason: moveab. Pause count: 1
04-15 15:18:53.922 534 534 D OTADexopt: No upgrade, skipping A/B artifacts check.
04-15 15:18:53.923 534 534 I Watchdog: Resuming HandlerChecker: main thread for reason: moveab. Pause count: 0
04-15 15:18:53.923 534 534 V SystemServerTiming: StartOtaDexOptService took to complete: 6ms
04-15 15:18:53.923 534 534 D SystemServerTiming: StartUserManagerService
04-15 15:18:53.928 534 534 I SystemServiceManager: Starting com.android.server.pm.UserManagerService$LifeCycle
04-15 15:18:53.939 534 534 V SystemServerTiming: StartUserManagerService took to complete: 11ms
04-15 15:18:53.940 534 534 D SystemServerTiming: InitAttributerCache
04-15 15:18:53.940 534 534 V SystemServerTiming: InitAttributerCache took to complete: 0ms
04-15 15:18:53.941 534 534 D SystemServerTiming: SetSystemProcess
04-15 15:18:53.999 534 551 V HistoricalRegistry: Interaction before persistence initialized
04-15 15:18:54.007 534 550 V HistoricalRegistry: Interaction before persistence initialized
04-15 15:18:54.015 534 608 V HistoricalRegistry: Interaction before persistence initialized
04-15 15:18:54.034 386 386 I audioserver: Waiting for sensor privacy service
04-15 15:18:54.074 534 534 D OomAdjuster: Not killing cached processes
04-15 15:18:54.084 130 130 I lowmemorykiller: lmkd data connection established
04-15 15:18:54.092 534 570 I ActivityManager: Connection with lmkd established
04-15 15:18:54.167 534 534 V SystemServerTiming: SetSystemProcess took to complete: 225ms
04-15 15:18:54.178 534 534 D CompatibilityChangeReporter: Compat change id reported: 161145287; UID 1000; state: ENABLED
04-15 15:18:54.192 534 534 D SystemServerTiming: InitWatchdog
04-15 15:18:54.194 534 534 V SystemServerTiming: InitWatchdog took to complete: 1ms
04-15 15:18:54.231 534 546 I system_server: Background concurrent copying GC freed 13166(776KB) AllocSpace objects, 1(20KB) LOS objects, 49% free, 6523KB/12MB, paused 1.565ms,111us total 452.335ms
04-15 15:18:54.235 534 534 D SystemServerTiming: StartOverlayManagerService
04-15 15:18:54.288 0 0 I init : service 'idmap2d' requested start, but it is already running (flags: 4)
04-15 15:18:54.288 0 0 I init : Control message: Processed ctl.start for 'idmap2d' from pid: 534 (system_server)
04-15 15:18:54.300 427 444 W idmap2d : failed to parse idmap header of '/data/resource-cache/product@overlay@DisplayCutoutEmulationCorner@DisplayCutoutEmulationCornerOverlay.apk@idmap'
04-15 15:18:54.359 427 444 W idmap2d : failed to find resource 'string/display_cutout_emulation_overlay'
04-15 15:18:54.366 427 444 W idmap2d : failed to parse idmap header of '/data/resource-cache/product@overlay@DisplayCutoutEmulationDouble@DisplayCutoutEmulationDoubleOverlay.apk@idmap'
04-15 15:18:54.386 427 427 W idmap2d : failed to find resource 'string/display_cutout_emulation_overlay'
04-15 15:18:54.392 427 613 W idmap2d : failed to parse idmap header of '/data/resource-cache/product@overlay@NavigationBarModeGesturalWideBack@NavigationBarModeGesturalOverlayWideBack.apk@idmap'
04-15 15:18:54.407 427 444 W idmap2d : failed to find resource 'string/navigation_bar_mode_title'
04-15 15:18:54.411 427 614 W idmap2d : failed to parse idmap header of '/data/resource-cache/vendor@overlay@CarrierConfig__auto_generated_rro_vendor.apk@idmap'
04-15 15:18:54.427 427 444 W idmap2d : failed to parse idmap header of '/data/resource-cache/product@overlay@SystemUIEmulationPixel3XL@SystemUIEmulationPixel3XLOverlay.apk@idmap'
04-15 15:18:54.461 427 427 W idmap2d : failed to find resource 'dimen/multi_user_switch_keyguard_margin'
04-15 15:18:54.468 427 427 W idmap2d : failed to find resource 'dimen/physical_volume_down_button_center_screen_location_y'
04-15 15:18:54.474 427 427 W idmap2d : failed to find resource 'dimen/physical_volume_up_button_center_screen_location_y'
04-15 15:18:54.482 427 427 W idmap2d : failed to find resource 'dimen/system_icons_super_container_avatarless_margin_end'
04-15 15:18:54.491 427 427 W idmap2d : failed to parse idmap header of '/data/resource-cache/product@overlay@SystemUIEmulationPixel4XL@SystemUIEmulationPixel4XLOverlay.apk@idmap'
04-15 15:18:54.519 427 427 W idmap2d : failed to find resource 'dimen/physical_volume_down_button_center_screen_location_y'
04-15 15:18:54.523 427 427 W idmap2d : failed to find resource 'dimen/physical_volume_up_button_center_screen_location_y'
04-15 15:18:54.533 427 427 W idmap2d : failed to find resource 'string/config_rounded_mask'
04-15 15:18:54.547 427 427 W idmap2d : failed to parse idmap header of '/data/resource-cache/product@overlay@SystemUIEmulationPixelFold@SystemUIEmulationPixelFoldOverlay.apk@idmap'
04-15 15:18:54.579 427 427 W idmap2d : failed to find resource 'dimen/physical_volume_down_button_center_screen_location_y'
04-15 15:18:54.582 427 427 W idmap2d : failed to find resource 'dimen/physical_volume_up_button_center_screen_location_y'
04-15 15:18:54.587 427 427 W idmap2d : failed to find resource 'dimen/system_icons_keyguard_padding_end'
04-15 15:18:54.595 427 427 W idmap2d : failed to find resource 'dimen/system_icons_super_container_avatarless_margin_end'
04-15 15:18:54.615 427 427 W idmap2d : failed to parse idmap header of '/data/resource-cache/product@overlay@EmulatorTetheringConfigOverlay.apk@idmap'
04-15 15:18:54.633 427 427 W idmap2d : failed to parse idmap header of '/data/resource-cache/product@overlay@EmulationPixel3aXL@EmulationPixel3aXLOverlay.apk@idmap'
04-15 15:18:54.644 427 427 W idmap2d : failed to parse idmap header of '/data/resource-cache/product@overlay@EmulationPixel6Pro@EmulationPixel6ProOverlay.apk@idmap'
04-15 15:18:54.659 427 427 W idmap2d : failed to parse idmap header of '/data/resource-cache/product@overlay@EmulationPixel7Pro@EmulationPixel7ProOverlay.apk@idmap'
04-15 15:18:54.681 427 444 W idmap2d : failed to parse idmap header of '/data/resource-cache/product@overlay@EmulationPixel8Pro@EmulationPixel8ProOverlay.apk@idmap'
04-15 15:18:54.720 427 444 W idmap2d : failed to parse idmap header of '/data/resource-cache/product@overlay@EmulationPixel3a@EmulationPixel3aOverlay.apk@idmap'
04-15 15:18:54.751 427 444 W idmap2d : failed to parse idmap header of '/data/resource-cache/product@overlay@EmulationPixel4a@EmulationPixel4aOverlay.apk@idmap'
04-15 15:18:54.761 427 444 W idmap2d : failed to find resource 'dimen/quick_qs_total_height'
04-15 15:18:54.771 427 444 W idmap2d : failed to parse idmap header of '/data/resource-cache/product@overlay@EmulationPixel6a@EmulationPixel6aOverlay.apk@idmap'
04-15 15:18:54.812 427 444 W idmap2d : failed to parse idmap header of '/data/resource-cache/product@overlay@EmulationPixel7a@EmulationPixel7aOverlay.apk@idmap'
04-15 15:18:54.848 427 444 W idmap2d : failed to parse idmap header of '/data/resource-cache/product@overlay@DisplayCutoutEmulationHole@DisplayCutoutEmulationHoleOverlay.apk@idmap'
04-15 15:18:54.862 427 444 W idmap2d : failed to find resource 'string/display_cutout_emulation_overlay'
04-15 15:18:54.865 427 444 W idmap2d : failed to parse idmap header of '/data/resource-cache/product@overlay@DisplayCutoutEmulationTall@DisplayCutoutEmulationTallOverlay.apk@idmap'
04-15 15:18:54.871 427 427 W idmap2d : failed to find resource 'string/display_cutout_emulation_overlay'
04-15 15:18:54.891 427 427 W idmap2d : failed to parse idmap header of '/data/resource-cache/product@overlay@NavigationBarMode3Button@NavigationBarMode3ButtonOverlay.apk@idmap'
04-15 15:18:54.898 427 427 W idmap2d : failed to find resource 'string/navigation_bar_mode_title'
04-15 15:18:54.904 427 444 W idmap2d : failed to parse idmap header of '/data/resource-cache/vendor@overlay@SystemUI__auto_generated_rro_vendor.apk@idmap'
04-15 15:18:54.917 427 427 W idmap2d : failed to find resource 'bool/config_show4GForLTE'
04-15 15:18:54.918 427 427 E idmap2d : no resources were overlaid
04-15 15:18:54.925 427 427 W idmap2d : failed to parse idmap header of '/data/resource-cache/product@overlay@NavigationBarMode2Button@NavigationBarMode2ButtonOverlay.apk@idmap'
04-15 15:18:54.937 427 427 W idmap2d : failed to find resource 'string/navigation_bar_mode_title'
04-15 15:18:54.944 427 427 W idmap2d : failed to parse idmap header of '/data/resource-cache/product@overlay@NavigationBarModeGesturalExtraWideBack@NavigationBarModeGesturalOverlayExtraWideBack.apk@idmap'
04-15 15:18:54.965 427 427 W idmap2d : failed to find resource 'string/navigation_bar_mode_title'
04-15 15:18:54.976 427 427 W idmap2d : failed to parse idmap header of '/data/resource-cache/product@overlay@SystemUIEmulationPixel3@SystemUIEmulationPixel3Overlay.apk@idmap'
04-15 15:18:54.991 427 427 W idmap2d : failed to find resource 'dimen/physical_volume_down_button_center_screen_location_y'
04-15 15:18:55.005 427 427 W idmap2d : failed to find resource 'dimen/physical_volume_up_button_center_screen_location_y'
04-15 15:18:55.013 427 427 W idmap2d : failed to parse idmap header of '/data/resource-cache/product@overlay@SystemUIEmulationPixel4@SystemUIEmulationPixel4Overlay.apk@idmap'
04-15 15:18:55.035 427 427 W idmap2d : failed to find resource 'dimen/physical_volume_down_button_center_screen_location_y'
04-15 15:18:55.042 427 427 W idmap2d : failed to find resource 'dimen/physical_volume_up_button_center_screen_location_y'
04-15 15:18:55.054 427 427 W idmap2d : failed to find resource 'string/config_rounded_mask'
04-15 15:18:55.069 427 427 W idmap2d : failed to parse idmap header of '/data/resource-cache/product@overlay@SystemUIEmulationPixel5@SystemUIEmulationPixel5Overlay.apk@idmap'
04-15 15:18:55.108 427 427 W idmap2d : failed to find resource 'dimen/multi_user_switch_keyguard_margin'
04-15 15:18:55.111 427 427 W idmap2d : failed to find resource 'dimen/physical_volume_down_button_center_screen_location_y'
04-15 15:18:55.128 0 0 W healthd : battery l=100 v=5000 t=25.0 h=2 st=2 c=900000 fc=3000000 cc=10 chg=a
04-15 15:18:55.122 427 427 W idmap2d : failed to find resource 'dimen/physical_volume_up_button_center_screen_location_y'
04-15 15:18:55.129 427 427 W idmap2d : failed to find resource 'dimen/system_icons_super_container_avatarless_margin_end'
04-15 15:18:55.137 427 427 W idmap2d : failed to find resource 'string/config_rounded_mask'
04-15 15:18:55.148 427 427 W idmap2d : failed to parse idmap header of '/data/resource-cache/product@overlay@SystemUIEmulationPixel6@SystemUIEmulationPixel6Overlay.apk@idmap'
04-15 15:18:55.219 427 444 W idmap2d : failed to find resource 'dimen/physical_volume_down_button_center_screen_location_y'
04-15 15:18:55.225 427 444 W idmap2d : failed to find resource 'dimen/physical_volume_up_button_center_screen_location_y'
04-15 15:18:55.246 427 444 W idmap2d : failed to find resource 'dimen/system_icons_keyguard_padding_end'
04-15 15:18:55.260 427 444 W idmap2d : failed to find resource 'dimen/system_icons_super_container_avatarless_margin_end'
04-15 15:18:55.289 427 444 W idmap2d : failed to find resource 'string/config_rounded_mask'
04-15 15:18:55.296 427 427 W idmap2d : failed to parse idmap header of '/data/resource-cache/product@overlay@SystemUIEmulationPixel7@SystemUIEmulationPixel7Overlay.apk@idmap'
04-15 15:18:55.335 427 427 W idmap2d : failed to find resource 'dimen/multi_user_switch_keyguard_margin'
04-15 15:18:55.353 427 427 W idmap2d : failed to find resource 'dimen/physical_volume_down_button_center_screen_location_y'
04-15 15:18:55.355 427 427 W idmap2d : failed to find resource 'dimen/physical_volume_up_button_center_screen_location_y'
04-15 15:18:55.366 427 427 W idmap2d : failed to find resource 'dimen/system_icons_super_container_avatarless_margin_end'
04-15 15:18:55.392 427 427 W idmap2d : failed to find resource 'string/config_rounded_mask'
04-15 15:18:55.406 427 444 W idmap2d : failed to parse idmap header of '/data/resource-cache/product@overlay@SystemUIEmulationPixel8@SystemUIEmulationPixel8Overlay.apk@idmap'
04-15 15:18:55.454 427 444 W idmap2d : failed to find resource 'dimen/multi_user_switch_keyguard_margin'
04-15 15:18:55.458 427 444 W idmap2d : failed to find resource 'dimen/physical_volume_down_button_center_screen_location_y'
04-15 15:18:55.465 427 444 W idmap2d : failed to find resource 'dimen/physical_volume_up_button_center_screen_location_y'
04-15 15:18:55.471 427 444 W idmap2d : failed to find resource 'dimen/system_icons_super_container_avatarless_margin_end'
04-15 15:18:55.509 427 444 W idmap2d : failed to parse idmap header of '/data/resource-cache/product@overlay@EmulationPixel3@EmulationPixel3Overlay.apk@idmap'
04-15 15:18:55.520 427 444 W idmap2d : failed to parse idmap header of '/data/resource-cache/product@overlay@EmulationPixel4@EmulationPixel4Overlay.apk@idmap'
04-15 15:18:55.536 427 444 W idmap2d : failed to parse idmap header of '/data/resource-cache/product@overlay@EmulationPixel5@EmulationPixel5Overlay.apk@idmap'
04-15 15:18:55.564 427 444 W idmap2d : failed to parse idmap header of '/data/resource-cache/product@overlay@EmulationPixel6@EmulationPixel6Overlay.apk@idmap'
04-15 15:18:55.581 427 444 W idmap2d : failed to find resource 'dimen/status_bar_height_height_default'
04-15 15:18:55.600 427 444 W idmap2d : failed to parse idmap header of '/data/resource-cache/product@overlay@EmulationPixel7@EmulationPixel7Overlay.apk@idmap'
04-15 15:18:55.649 427 444 W idmap2d : failed to parse idmap header of '/data/resource-cache/product@overlay@EmulationPixel8@EmulationPixel8Overlay.apk@idmap'
04-15 15:18:55.679 427 427 W idmap2d : failed to parse idmap header of '/data/resource-cache/product@overlay@DisplayCutoutEmulationEmu01@DisplayCutoutEmulationEmu01Overlay.apk@idmap'
04-15 15:18:55.693 427 427 W idmap2d : failed to find resource 'dimen/quick_qs_total_height'
04-15 15:18:55.698 427 427 W idmap2d : failed to find resource 'string/display_cutout_emulation_overlay'
04-15 15:18:55.709 427 427 W idmap2d : failed to parse idmap header of '/data/resource-cache/vendor@overlay@SettingsProvider__auto_generated_rro_vendor.apk@idmap'
04-15 15:18:55.726 427 427 W idmap2d : failed to parse idmap header of '/data/resource-cache/product@overlay@FontNotoSerifSource@FontNotoSerifSourceOverlay.apk@idmap'
04-15 15:18:55.746 427 427 W idmap2d : failed to find resource 'string/font_notoserif_source_overlay'
04-15 15:18:55.756 427 427 W idmap2d : failed to parse idmap header of '/data/resource-cache/product@overlay@DisplayCutoutEmulationWaterfall@DisplayCutoutEmulationWaterfallOverlay.apk@idmap'
04-15 15:18:55.778 427 427 W idmap2d : failed to find resource 'string/display_cutout_emulation_overlay'
04-15 15:18:55.781 427 427 W idmap2d : failed to parse idmap header of '/data/resource-cache/product@overlay@TransparentNavigationBar@TransparentNavigationBarOverlay.apk@idmap'
04-15 15:18:55.786 427 444 W idmap2d : failed to find resource 'string/transparent_navigation_bar_title'
04-15 15:18:55.789 427 427 W idmap2d : failed to parse idmap header of '/data/resource-cache/product@overlay@SystemUIEmulationPixel3aXL@SystemUIEmulationPixel3aXLOverlay.apk@idmap'
04-15 15:18:55.809 427 614 W idmap2d : failed to find resource 'dimen/physical_volume_down_button_center_screen_location_y'
04-15 15:18:55.810 427 614 W idmap2d : failed to find resource 'dimen/physical_volume_up_button_center_screen_location_y'
04-15 15:18:55.814 427 614 W idmap2d : failed to find resource 'dimen/status_bar_height_portrait'
04-15 15:18:55.834 427 614 W idmap2d : failed to parse idmap header of '/data/resource-cache/product@overlay@SystemUIEmulationPixel6Pro@SystemUIEmulationPixel6ProOverlay.apk@idmap'
04-15 15:18:55.865 427 614 W idmap2d : failed to find resource 'dimen/physical_volume_down_button_center_screen_location_y'
04-15 15:18:55.867 427 614 W idmap2d : failed to find resource 'dimen/physical_volume_up_button_center_screen_location_y'
04-15 15:18:55.874 427 614 W idmap2d : failed to find resource 'dimen/system_icons_keyguard_padding_end'
04-15 15:18:55.875 427 614 W idmap2d : failed to find resource 'dimen/system_icons_super_container_avatarless_margin_end'
04-15 15:18:55.904 427 444 W idmap2d : failed to parse idmap header of '/data/resource-cache/product@overlay@SystemUIEmulationPixel7Pro@SystemUIEmulationPixel7ProOverlay.apk@idmap'
04-15 15:18:55.923 427 614 W idmap2d : failed to find resource 'dimen/physical_volume_down_button_center_screen_location_y'
04-15 15:18:55.926 427 614 W idmap2d : failed to find resource 'dimen/physical_volume_up_button_center_screen_location_y'
04-15 15:18:55.933 427 614 W idmap2d : failed to find resource 'dimen/system_icons_keyguard_padding_end'
04-15 15:18:55.935 427 614 W idmap2d : failed to find resource 'dimen/system_icons_super_container_avatarless_margin_end'
04-15 15:18:55.947 427 614 W idmap2d : failed to parse idmap header of '/data/resource-cache/product@overlay@SystemUIEmulationPixel8Pro@SystemUIEmulationPixel8ProOverlay.apk@idmap'
04-15 15:18:55.970 427 614 W idmap2d : failed to find resource 'dimen/physical_volume_down_button_center_screen_location_y'
04-15 15:18:55.971 427 614 W idmap2d : failed to find resource 'dimen/physical_volume_up_button_center_screen_location_y'
04-15 15:18:55.989 427 444 W idmap2d : failed to parse idmap header of '/data/resource-cache/product@overlay@NotesRoleEnabled@NotesRoleEnabledOverlay.apk@idmap'
04-15 15:18:55.994 427 444 W idmap2d : failed to find resource 'string/notes_role_enabled_overlay_title'
04-15 15:18:55.999 427 444 W idmap2d : failed to parse idmap header of '/data/resource-cache/vendor@overlay@TeleService__auto_generated_rro_vendor.apk@idmap'
04-15 15:18:56.007 427 444 W idmap2d : failed to find resource 'string/config_satellite_service_package'
04-15 15:18:56.013 427 444 W idmap2d : failed to parse idmap header of '/data/resource-cache/product@overlay@EmulationPixel2XL@EmulationPixel2XLOverlay.apk@idmap'
04-15 15:18:56.025 427 444 W idmap2d : failed to parse idmap header of '/data/resource-cache/product@overlay@EmulationPixel3XL@EmulationPixel3XLOverlay.apk@idmap'
04-15 15:18:56.034 427 614 W idmap2d : failed to find resource 'dimen/quick_qs_total_height'
04-15 15:18:56.048 427 444 W idmap2d : failed to parse idmap header of '/data/resource-cache/product@overlay@EmulationPixel4XL@EmulationPixel4XLOverlay.apk@idmap'
04-15 15:18:56.055 427 427 W idmap2d : failed to parse idmap header of '/data/resource-cache/product@overlay@EmulationPixelFold@EmulationPixelFoldOverlay.apk@idmap'
04-15 15:18:56.092 427 614 W idmap2d : failed to parse idmap header of '/data/resource-cache/product@overlay@SystemUIEmulationPixel3a@SystemUIEmulationPixel3aOverlay.apk@idmap'
04-15 15:18:56.118 427 614 W idmap2d : failed to find resource 'dimen/physical_volume_down_button_center_screen_location_y'
04-15 15:18:56.123 427 614 W idmap2d : failed to find resource 'dimen/physical_volume_up_button_center_screen_location_y'
04-15 15:18:56.126 427 614 W idmap2d : failed to find resource 'dimen/status_bar_height_portrait'
04-15 15:18:56.138 427 427 W idmap2d : failed to parse idmap header of '/data/resource-cache/product@overlay@SystemUIEmulationPixel4a@SystemUIEmulationPixel4aOverlay.apk@idmap'
04-15 15:18:56.160 427 614 W idmap2d : failed to find resource 'dimen/physical_volume_down_button_center_screen_location_y'
04-15 15:18:56.166 427 614 W idmap2d : failed to find resource 'dimen/physical_volume_up_button_center_screen_location_y'
04-15 15:18:56.177 427 614 W idmap2d : failed to find resource 'string/config_rounded_mask'
04-15 15:18:56.182 427 427 W idmap2d : failed to parse idmap header of '/data/resource-cache/product@overlay@SystemUIEmulationPixel6a@SystemUIEmulationPixel6aOverlay.apk@idmap'
04-15 15:18:56.210 427 427 W idmap2d : failed to find resource 'dimen/multi_user_switch_keyguard_margin'
04-15 15:18:56.219 427 427 W idmap2d : failed to find resource 'dimen/physical_volume_down_button_center_screen_location_y'
04-15 15:18:56.222 427 427 W idmap2d : failed to find resource 'dimen/physical_volume_up_button_center_screen_location_y'
04-15 15:18:56.227 427 427 W idmap2d : failed to find resource 'dimen/system_icons_super_container_avatarless_margin_end'
04-15 15:18:56.238 427 427 W idmap2d : failed to find resource 'string/config_rounded_mask'
04-15 15:18:56.246 427 614 W idmap2d : failed to parse idmap header of '/data/resource-cache/product@overlay@SystemUIEmulationPixel7a@SystemUIEmulationPixel7aOverlay.apk@idmap'
04-15 15:18:56.271 427 614 W idmap2d : failed to find resource 'dimen/multi_user_switch_keyguard_margin'
04-15 15:18:56.279 427 614 W idmap2d : failed to find resource 'dimen/physical_volume_down_button_center_screen_location_y'
04-15 15:18:56.281 427 614 W idmap2d : failed to find resource 'dimen/physical_volume_up_button_center_screen_location_y'
04-15 15:18:56.289 427 614 W idmap2d : failed to find resource 'dimen/system_icons_super_container_avatarless_margin_end'
04-15 15:18:56.299 427 614 W idmap2d : failed to find resource 'string/config_rounded_mask'
04-15 15:18:56.322 427 614 W idmap2d : failed to parse idmap header of '/data/resource-cache/vendor@overlay@goldfish_overlay_connectivity_gsi.apk@idmap'
04-15 15:18:56.342 427 614 W idmap2d : failed to parse idmap header of '/data/resource-cache/product@overlay@NavigationBarModeGestural@NavigationBarModeGesturalOverlay.apk@idmap'
04-15 15:18:56.358 427 614 W idmap2d : failed to find resource 'string/navigation_bar_mode_title'
04-15 15:18:56.367 427 427 W idmap2d : failed to parse idmap header of '/data/resource-cache/product@overlay@NavigationBarModeGesturalNarrowBack@NavigationBarModeGesturalOverlayNarrowBack.apk@idmap'
04-15 15:18:56.377 427 427 W idmap2d : failed to find resource 'string/navigation_bar_mode_title'
04-15 15:18:56.502 534 556 W BroadcastLoopers: Found previously unknown looper Thread[android.fg,5,main]
04-15 15:18:56.511 534 534 V SystemServerTiming: StartOverlayManagerService took to complete: 2275ms
04-15 15:18:56.513 534 534 D SystemServerTiming: StartResourcesManagerService
04-15 15:18:56.517 534 534 V SystemServerTiming: StartResourcesManagerService took to complete: 4ms
04-15 15:18:56.518 534 534 D SystemServerTiming: StartSensorPrivacyService
04-15 15:18:56.567 534 534 V SystemServerTiming: StartSensorPrivacyService took to complete: 48ms
04-15 15:18:56.572 534 534 D SystemServerTiming: StartSensorService
04-15 15:18:56.573 534 534 I SystemServiceManager: Starting com.android.server.sensors.SensorService
04-15 15:18:56.574 534 565 D SystemServerTimingAsync: InitThreadPoolExec:StartNativeSensorService
04-15 15:18:56.575 534 565 D SystemServerInitThreadPool: Started executing StartNativeSensorService
04-15 15:18:56.575 534 565 D SystemServerTimingAsync: StartNativeSensorService
04-15 15:18:56.578 534 565 D SensorService: nuSensorService starting...
04-15 15:18:56.607 0 0 I servicemanager: Found android.hardware.sensors.ISensors/default in device VINTF manifest.
04-15 15:18:56.638 534 534 V SystemServerTiming: StartSensorService took to complete: 65ms
04-15 15:18:56.638 534 534 V SystemServerTiming: startBootstrapServices took to complete: 15795ms
04-15 15:18:56.639 534 534 D SystemServerTiming: startCoreServices
04-15 15:18:56.639 534 534 D SystemServerTiming: StartSystemConfigService
04-15 15:18:56.639 534 534 I SystemServiceManager: Starting com.android.server.SystemConfigService
04-15 15:18:56.644 386 386 D audioserver: main: AudioPolicy created
04-15 15:18:56.656 386 386 D audioserver: main: Do not init aaudio service, status 0, policy info size 1
04-15 15:18:56.657 386 386 I audioserver: main: initialization done in 50769.145 ms, joining thread pool
04-15 15:18:56.663 534 534 V SystemServerTiming: StartSystemConfigService took to complete: 24ms
04-15 15:18:56.663 534 534 D SystemServerTiming: StartBatteryService
04-15 15:18:56.669 534 534 I SystemServiceManager: Starting com.android.server.BatteryService
04-15 15:18:56.713 534 565 W SensorService: Goldfish 3-axis Accelerometer's max range 39.299999237061 is not a multiple of the resolution 0.000248015887 - updated to 39.300102233887
04-15 15:18:56.714 534 565 I SensorService: Goldfish Ambient Temperature sensor's reported power 0.000000 invalid, clamped to 0.001000
04-15 15:18:56.714 534 565 W SensorService: Goldfish 3-axis Accelerometer Uncalibrated's max range 39.299999237061 is not a multiple of the resolution 0.000248015887 - updated to 39.300102233887
04-15 15:18:56.745 0 0 I servicemanager: Found android.hardware.health.IHealth/default in device VINTF manifest.
04-15 15:18:56.772 0 0 W healthd : battery l=100 v=5000 t=25.0 h=2 st=2 c=900000 fc=3000000 cc=10 chg=a
04-15 15:18:56.774 534 534 I HealthServiceWrapperAidl: health: HealthServiceWrapper listening to AIDL HAL
04-15 15:18:56.775 534 534 I BatteryService: health: Waited 0ms for callbacks. Waiting another 1000 ms...
04-15 15:18:56.787 441 476 W AudioAnalytics: onAudioServerStart: (key=audio.policy) AudioPolicy ctor, loadTimeMs:39505.136719
04-15 15:18:56.810 534 565 I SensorService: Generated new HMAC key.
04-15 15:18:56.834 534 622 D SensorService: nuSensorService thread starting...
04-15 15:18:56.845 534 621 D SensorService: new thread SensorEventAckReceiver
04-15 15:18:56.859 534 565 V HistoricalRegistry: Interaction before persistence initialized
04-15 15:18:56.860 376 376 I android.hardware.lights-service.example: Lights setting state for id=3 to color ff00ff00
04-15 15:18:56.874 534 534 I BatteryService: health: Waited 99ms and received the update.
04-15 15:18:56.898 534 534 W SystemServiceManager: Service com.android.server.BatteryService took 203 ms in onStart
04-15 15:18:56.899 534 534 V SystemServerTiming: StartBatteryService took to complete: 236ms
04-15 15:18:56.899 534 534 D SystemServerTiming: StartUsageService
04-15 15:18:56.918 534 534 I SystemServiceManager: Starting com.android.server.usage.UsageStatsService
04-15 15:18:56.922 534 565 V SystemServerTimingAsync: StartNativeSensorService took to complete: 344ms
04-15 15:18:56.923 534 565 D SystemServerInitThreadPool: Finished executing StartNativeSensorService
04-15 15:18:56.923 534 565 V SystemServerTimingAsync: InitThreadPoolExec:StartNativeSensorService took to complete: 349ms
04-15 15:18:56.980 534 534 W SystemServiceManager: Service com.android.server.usage.UsageStatsService took 53 ms in onStart
04-15 15:18:56.981 534 534 V SystemServerTiming: StartUsageService took to complete: 69ms
04-15 15:18:56.981 534 534 D SystemServerTiming: StartWebViewUpdateService
04-15 15:18:56.982 534 534 I SystemServiceManager: Starting com.android.server.webkit.WebViewUpdateService
04-15 15:18:57.011 534 534 V SystemServerTiming: StartWebViewUpdateService took to complete: 29ms
04-15 15:18:57.011 534 534 D SystemServerTiming: StartCachedDeviceStateService
04-15 15:18:57.015 534 534 I SystemServiceManager: Starting com.android.server.CachedDeviceStateService
04-15 15:18:57.016 534 534 V SystemServerTiming: StartCachedDeviceStateService took to complete: 5ms
04-15 15:18:57.017 534 534 D SystemServerTiming: StartBinderCallsStatsService
04-15 15:18:57.017 534 534 I SystemServiceManager: Starting com.android.server.BinderCallsStatsService$LifeCycle
04-15 15:18:57.024 534 534 V SystemServerTiming: StartBinderCallsStatsService took to complete: 8ms
04-15 15:18:57.024 534 534 D SystemServerTiming: StartLooperStatsService
04-15 15:18:57.025 534 534 I SystemServiceManager: Starting com.android.server.LooperStatsService$Lifecycle
04-15 15:18:57.036 534 534 V SystemServerTiming: StartLooperStatsService took to complete: 11ms
04-15 15:18:57.036 534 534 D SystemServerTiming: StartRollbackManagerService
04-15 15:18:57.037 534 534 I SystemServiceManager: Starting com.android.server.rollback.RollbackManagerService
04-15 15:18:57.067 435 435 D installd: Found quota mount /dev/block/dm-38 at /data
04-15 15:18:57.090 435 435 D installd: Found quota mount /dev/block/dm-38 at /data/user/0
04-15 15:18:57.107 534 534 I PackageWatchdog: Syncing state, reason: added new observer
04-15 15:18:57.107 534 534 I PackageWatchdog: Not pruning observers, elapsed time: 0ms
04-15 15:18:57.113 534 534 I PackageWatchdog: Cancelling state sync, nothing to sync
04-15 15:18:57.117 534 567 I PackageWatchdog: Saving observer state to file
04-15 15:18:57.200 534 534 W SystemServiceManager: Service com.android.server.rollback.RollbackManagerService took 163 ms in onStart
04-15 15:18:57.201 534 534 V SystemServerTiming: StartRollbackManagerService took to complete: 165ms
04-15 15:18:57.201 534 534 D SystemServerTiming: StartNativeTombstoneManagerService
04-15 15:18:57.202 534 534 I SystemServiceManager: Starting com.android.server.os.NativeTombstoneManagerService
04-15 15:18:57.232 534 534 V SystemServerTiming: StartNativeTombstoneManagerService took to complete: 31ms
04-15 15:18:57.233 534 534 D SystemServerTiming: StartBugreportManagerService
04-15 15:18:57.233 534 534 I SystemServiceManager: Starting com.android.server.os.BugreportManagerService
04-15 15:18:57.239 534 534 V SystemServerTiming: StartBugreportManagerService took to complete: 7ms
04-15 15:18:57.239 534 534 D SystemServerTiming: GpuService
04-15 15:18:57.245 534 534 I SystemServiceManager: Starting com.android.server.gpu.GpuService
04-15 15:18:57.245 534 534 V SystemServerTiming: GpuService took to complete: 6ms
04-15 15:18:57.245 534 534 D SystemServerTiming: StartRemoteProvisioningService
04-15 15:18:57.246 534 534 I SystemServiceManager: Starting com.android.server.security.rkp.RemoteProvisioningService
04-15 15:18:57.256 534 534 V SystemServerTiming: StartRemoteProvisioningService took to complete: 11ms
04-15 15:18:57.256 534 534 D SystemServerTiming: CpuMonitorService
04-15 15:18:57.257 534 534 I SystemServiceManager: Starting com.android.server.cpu.CpuMonitorService
04-15 15:18:57.369 534 534 V SLog : static_init took to complete: 25ms
04-15 15:18:57.370 534 534 I CpuMonitorService: Starting debug monitoring
04-15 15:18:57.370 534 534 W SystemServiceManager: Service com.android.server.cpu.CpuMonitorService took 104 ms in onStart
04-15 15:18:57.370 534 534 V SystemServerTiming: CpuMonitorService took to complete: 113ms
04-15 15:18:57.370 534 534 V SystemServerTiming: startCoreServices took to complete: 732ms
04-15 15:18:57.370 534 534 D SystemServerTiming: startOtherServices
04-15 15:18:57.372 534 565 D SystemServerTimingAsync: InitThreadPoolExec:SecondaryZygotePreload
04-15 15:18:57.373 534 565 D SystemServerInitThreadPool: Started executing SecondaryZygotePreload
04-15 15:18:57.373 534 565 I SystemServer: SecondaryZygotePreload
04-15 15:18:57.373 534 565 D SystemServerTimingAsync: SecondaryZygotePreload
04-15 15:18:57.373 534 565 V SystemServerTimingAsync: SecondaryZygotePreload took to complete: 0ms
04-15 15:18:57.373 534 565 D SystemServerInitThreadPool: Finished executing SecondaryZygotePreload
04-15 15:18:57.373 534 565 V SystemServerTimingAsync: InitThreadPoolExec:SecondaryZygotePreload took to complete: 1ms
04-15 15:18:57.374 534 629 W CpuMonitorService: Skipping reading from device and returning the last read CpuInfos. Last read was 78 ms ago, min read interval is 500 ms
04-15 15:18:57.376 534 534 D SystemServerTiming: StartKeyAttestationApplicationIdProviderService
04-15 15:18:57.386 534 534 V SystemServerTiming: StartKeyAttestationApplicationIdProviderService took to complete: 10ms
04-15 15:18:57.386 534 534 D SystemServerTiming: StartKeyChainSystemService
04-15 15:18:57.387 534 534 I SystemServiceManager: Starting com.android.server.security.KeyChainSystemService
04-15 15:18:57.392 534 534 V SystemServerTiming: StartKeyChainSystemService took to complete: 6ms
04-15 15:18:57.393 534 534 D SystemServerTiming: StartBinaryTransparencyService
04-15 15:18:57.393 534 534 I SystemServiceManager: Starting com.android.server.BinaryTransparencyService
04-15 15:18:57.402 534 534 I TransparencyService: Started BinaryTransparencyService
04-15 15:18:57.402 534 534 V SystemServerTiming: StartBinaryTransparencyService took to complete: 10ms
04-15 15:18:57.402 534 534 D SystemServerTiming: StartSchedulingPolicyService
04-15 15:18:57.403 534 565 D SystemServerTimingAsync: InitThreadPoolExec:SchedulingPolicyService.
04-15 15:18:57.403 534 565 D SystemServerInitThreadPool: Started executing SchedulingPolicyService.
04-15 15:18:57.426 534 534 V SystemServerTiming: StartSchedulingPolicyService took to complete: 21ms
04-15 15:18:57.426 534 534 D SystemServerTiming: StartTelecomLoaderService
04-15 15:18:57.427 534 534 I SystemServiceManager: Starting com.android.server.telecom.TelecomLoaderService
04-15 15:18:57.439 534 534 V SystemServerTiming: StartTelecomLoaderService took to complete: 12ms
04-15 15:18:57.439 534 534 D SystemServerTiming: StartTelephonyRegistry
04-15 15:18:57.479 534 534 V SystemServerTiming: StartTelephonyRegistry took to complete: 37ms
04-15 15:18:57.479 534 534 D SystemServerTiming: StartEntropyMixer
04-15 15:18:57.523 534 565 I SchedulingPolicyService: Moving 455 back to group default
04-15 15:18:57.535 534 534 I EntropyMixer: Created seed file
04-15 15:18:57.541 534 565 D SystemServerInitThreadPool: Finished executing SchedulingPolicyService.
04-15 15:18:57.544 534 565 V SystemServerTimingAsync: InitThreadPoolExec:SchedulingPolicyService. took to complete: 140ms
04-15 15:18:57.550 534 534 V SystemServerTiming: StartEntropyMixer took to complete: 70ms
04-15 15:18:57.550 534 534 D SystemServerTiming: StartAccountManagerService
04-15 15:18:57.551 534 534 I SystemServiceManager: Starting com.android.server.accounts.AccountManagerService$Lifecycle
04-15 15:18:57.585 534 534 D CompatibilityChangeReporter: Compat change id reported: 148180766; UID 1000; state: ENABLED
04-15 15:18:57.595 534 534 V SystemServerTiming: StartAccountManagerService took to complete: 45ms
04-15 15:18:57.595 534 534 D SystemServerTiming: StartContentService
04-15 15:18:57.595 534 534 I SystemServiceManager: Starting com.android.server.content.ContentService$Lifecycle
04-15 15:18:57.612 534 534 V SystemServerTiming: StartContentService took to complete: 17ms
04-15 15:18:57.612 534 534 D SystemServerTiming: InstallSystemProviders
04-15 15:18:57.789 534 534 D nativeloader: Configuring clns-shared-14 for other apk /system/priv-app/SettingsProvider/SettingsProvider.apk. target_sdk_version=34, uses_libraries=, library_path=/system/priv-app/SettingsProvider/lib/x86_64:/system/priv-app/SettingsProvider/SettingsProvider.apk!/lib/x86_64:/system/lib64:/system_ext/lib64, permitted_path=/data:/mnt/expand:/data/user_de/0/com.android.providers.settings:/system/priv-app/SettingsProvider:/system/lib64:/system_ext/lib64
04-15 15:18:58.210 534 606 V SystemServerTimingAsync: AppDataPrepare took to complete: 4734ms
04-15 15:18:58.211 534 606 I PackageManager: Deferred reconcileAppsData finished 179 packages
04-15 15:18:58.211 534 606 D SystemServerInitThreadPool: Finished executing prepareAppData
04-15 15:18:58.212 534 606 V SystemServerTimingAsync: InitThreadPoolExec:prepareAppData took to complete: 4758ms
04-15 15:18:58.328 534 534 W SettingsState: No settings state /data/system/users/0/settings_system.xml
04-15 15:18:58.349 534 534 W SettingsState: No settings state /data/system/users/0/settings_secure.xml
04-15 15:18:58.360 534 534 D SettingsProvider: Generated and saved new ANDROID_ID [3718c53804df9e8b] for user 0
04-15 15:18:58.366 534 534 W SettingsState: No settings state /data/system/users/0/settings_global.xml
04-15 15:18:58.395 534 534 D SettingsProvider: Setting [] as Autofill Service for user 0
04-15 15:18:58.451 534 534 W SettingsState: No settings state /data/system/users/0/settings_config.xml
04-15 15:18:58.453 534 534 W SettingsState: No settings state /data/system/users/0/settings_ssaid.xml
04-15 15:18:58.540 534 534 D ActivityManager: Checking cgroup freezer: /sys/fs/cgroup/uid_0/pid_328/cgroup.freeze
04-15 15:18:58.542 534 534 D ActivityManager: Checking binder freezer ioctl
04-15 15:18:58.543 534 534 D ActivityManager: Checking freezer profiles
04-15 15:18:58.544 534 534 D ActivityManager: Freezer supported: true
04-15 15:18:58.545 534 534 D ActivityManager: Freezer timeout set to 10000
04-15 15:18:58.545 534 534 D ActivityManager: Freezer exemption set to true
04-15 15:18:58.549 534 568 D ActivityManager: Freezer enabled
04-15 15:18:58.549 534 568 D ActivityManager: freezer override set to false
04-15 15:18:58.552 534 534 I SystemServiceManager: Starting com.android.server.deviceconfig.DeviceConfigInit$Lifecycle
04-15 15:18:58.553 534 534 V SystemServerTiming: InstallSystemProviders took to complete: 940ms
04-15 15:18:58.553 534 534 D SystemServerTiming: StartDropBoxManager
04-15 15:18:58.553 534 534 I SystemServiceManager: Starting com.android.server.DropBoxManagerService
04-15 15:18:58.558 534 534 V SystemServerTiming: StartDropBoxManager took to complete: 4ms
04-15 15:18:58.558 534 534 D SystemServerTiming: StartRoleManagerService
04-15 15:18:58.559 534 534 I SystemServiceManager: Starting com.android.role.RoleService
04-15 15:18:58.570 534 534 V SystemServerTiming: StartRoleManagerService took to complete: 13ms
04-15 15:18:58.571 534 534 D SystemServerTiming: StartVibratorManagerService
04-15 15:18:58.571 534 534 I SystemServiceManager: Starting com.android.server.vibrator.VibratorManagerService$Lifecycle
04-15 15:18:58.592 0 0 I servicemanager: Found android.hardware.vibrator.IVibratorManager/default in device VINTF manifest.
04-15 15:18:58.590 384 384 I android.hardware.vibrator-service.example: Vibrator manager reporting capabilities
04-15 15:18:58.596 384 384 I android.hardware.vibrator-service.example: Vibrator manager getting vibrator ids
04-15 15:18:58.601 384 384 I android.hardware.vibrator-service.example: Vibrator manager getting vibrator 1
04-15 15:18:58.623 384 384 I android.hardware.vibrator-service.example: Vibrator Manager cancel synced
04-15 15:18:58.624 384 384 I android.hardware.vibrator-service.example: Vibrator manager getting vibrator 1
04-15 15:18:58.641 534 534 W SystemServiceManager: Service com.android.server.vibrator.VibratorManagerService$Lifecycle took 70 ms in onStart
04-15 15:18:58.642 534 534 V SystemServerTiming: StartVibratorManagerService took to complete: 71ms
04-15 15:18:58.642 534 534 D SystemServerTiming: StartDynamicSystemService
04-15 15:18:58.645 534 534 V SystemServerTiming: StartDynamicSystemService took to complete: 4ms
04-15 15:18:58.646 534 534 D SystemServerTiming: StartResourceEconomy
04-15 15:18:58.647 534 534 I SystemServiceManager: Starting com.android.server.tare.InternalResourceService
04-15 15:18:58.673 534 534 V SystemServerTiming: StartResourceEconomy took to complete: 28ms
04-15 15:18:58.675 534 534 D SystemServerTiming: StartAlarmManagerService
04-15 15:18:58.677 534 534 I SystemServiceManager: Starting com.android.server.alarm.AlarmManagerService
04-15 15:18:58.710 534 534 D CompatibilityChangeReporter: Compat change id reported: 160794467; UID 1000; state: ENABLED
04-15 15:18:58.733 534 534 V SystemServerTiming: StartAlarmManagerService took to complete: 58ms
04-15 15:18:58.733 534 534 D SystemServerTiming: StartInputManagerService
04-15 15:18:58.765 326 330 I ServiceManagerCppClient: Waiting for service 'statscompanion' on '/dev/binder'...
04-15 15:18:58.793 534 534 I InputManager: Initializing input manager, mUseDevInputEventForAudioJack=true
04-15 15:18:58.798 534 534 V SystemServerTiming: StartInputManagerService took to complete: 65ms
04-15 15:18:58.799 534 534 D SystemServerTiming: DeviceStateManagerService
04-15 15:18:58.800 534 534 I SystemServiceManager: Starting com.android.server.devicestate.DeviceStateManagerService
04-15 15:18:58.815 534 534 E DeviceStateManagerService: Cannot notify device state info change before the initial state has been committed.
04-15 15:18:58.816 534 534 I DeviceStateManagerService: Cannot notify device state info change when pending state is present.
04-15 15:18:58.825 534 534 V SystemServerTiming: DeviceStateManagerService took to complete: 26ms
04-15 15:18:58.826 534 534 D SystemServerTiming: StartCameraServiceProxy
04-15 15:18:58.827 534 534 I SystemServiceManager: Starting com.android.server.camera.CameraServiceProxy
04-15 15:18:58.836 534 534 V SystemServerTiming: StartCameraServiceProxy took to complete: 9ms
04-15 15:18:58.836 534 534 D SystemServerTiming: StartWindowManagerService
04-15 15:18:58.837 534 534 I SystemServiceManager: Starting phase 200
04-15 15:18:58.837 534 534 D SystemServerTiming: OnBootPhase_200
04-15 15:18:58.838 534 534 D SystemServerTiming: OnBootPhase_200_com.android.server.security.FileIntegrityService
04-15 15:18:58.838 534 534 V SystemServerTiming: OnBootPhase_200_com.android.server.security.FileIntegrityService took to complete: 0ms
04-15 15:18:58.839 534 534 D SystemServerTiming: OnBootPhase_200_com.android.server.pm.Installer
04-15 15:18:58.839 534 534 V SystemServerTiming: OnBootPhase_200_com.android.server.pm.Installer took to complete: 0ms
04-15 15:18:58.840 534 534 D SystemServerTiming: OnBootPhase_200_com.android.server.os.DeviceIdentifiersPolicyService
04-15 15:18:58.840 534 534 V SystemServerTiming: OnBootPhase_200_com.android.server.os.DeviceIdentifiersPolicyService took to complete: 0ms
04-15 15:18:58.841 534 534 D SystemServerTiming: OnBootPhase_200_com.android.server.uri.UriGrantsManagerService$Lifecycle
04-15 15:18:58.841 534 534 V SystemServerTiming: OnBootPhase_200_com.android.server.uri.UriGrantsManagerService$Lifecycle took to complete: 0ms
04-15 15:18:58.842 534 534 D SystemServerTiming: OnBootPhase_200_com.android.server.powerstats.PowerStatsService
04-15 15:18:58.842 534 534 V SystemServerTiming: OnBootPhase_200_com.android.server.powerstats.PowerStatsService took to complete: 0ms
04-15 15:18:58.842 534 534 D SystemServerTiming: OnBootPhase_200_com.android.server.permission.access.AccessCheckingService
04-15 15:18:58.843 534 534 V SystemServerTiming: OnBootPhase_200_com.android.server.permission.access.AccessCheckingService took to complete: 0ms
04-15 15:18:58.843 534 534 D SystemServerTiming: OnBootPhase_200_com.android.server.wm.ActivityTaskManagerService$Lifecycle
04-15 15:18:58.843 534 534 V SystemServerTiming: OnBootPhase_200_com.android.server.wm.ActivityTaskManagerService$Lifecycle took to complete: 0ms
04-15 15:18:58.843 534 534 D SystemServerTiming: OnBootPhase_200_com.android.server.am.ActivityManagerService$Lifecycle
04-15 15:18:58.844 534 534 V SystemServerTiming: OnBootPhase_200_com.android.server.am.ActivityManagerService$Lifecycle took to complete: 0ms
04-15 15:18:58.844 534 534 D SystemServerTiming: OnBootPhase_200_com.android.server.pm.DataLoaderManagerService
04-15 15:18:58.845 534 534 V SystemServerTiming: OnBootPhase_200_com.android.server.pm.DataLoaderManagerService took to complete: 0ms
04-15 15:18:58.845 534 534 D SystemServerTiming: OnBootPhase_200_com.android.server.power.PowerManagerService
04-15 15:18:58.845 534 534 V SystemServerTiming: OnBootPhase_200_com.android.server.power.PowerManagerService took to complete: 0ms
04-15 15:18:58.846 534 534 D SystemServerTiming: OnBootPhase_200_com.android.server.power.ThermalManagerService
04-15 15:18:58.846 534 534 V SystemServerTiming: OnBootPhase_200_com.android.server.power.ThermalManagerService took to complete: 0ms
04-15 15:18:58.846 534 534 D SystemServerTiming: OnBootPhase_200_com.android.server.power.hint.HintManagerService
04-15 15:18:58.846 534 534 V SystemServerTiming: OnBootPhase_200_com.android.server.power.hint.HintManagerService took to complete: 0ms
04-15 15:18:58.847 534 534 D SystemServerTiming: OnBootPhase_200_com.android.server.recoverysystem.RecoverySystemService$Lifecycle
04-15 15:18:58.847 534 534 V SystemServerTiming: OnBootPhase_200_com.android.server.recoverysystem.RecoverySystemService$Lifecycle took to complete: 0ms
04-15 15:18:58.848 534 534 D SystemServerTiming: OnBootPhase_200_com.android.server.lights.LightsService
04-15 15:18:58.848 534 534 V SystemServerTiming: OnBootPhase_200_com.android.server.lights.LightsService took to complete: 0ms
04-15 15:18:58.848 534 534 D SystemServerTiming: OnBootPhase_200_com.android.server.display.DisplayManagerService
04-15 15:18:58.848 534 534 V SystemServerTiming: OnBootPhase_200_com.android.server.display.DisplayManagerService took to complete: 0ms
04-15 15:18:58.849 534 534 D SystemServerTiming: OnBootPhase_200_com.android.server.pm.verify.domain.DomainVerificationService
04-15 15:18:58.849 534 534 V SystemServerTiming: OnBootPhase_200_com.android.server.pm.verify.domain.DomainVerificationService took to complete: 0ms
04-15 15:18:58.849 534 534 D SystemServerTiming: OnBootPhase_200_com.android.server.pm.PackageInstallerService$Lifecycle
04-15 15:18:58.849 534 534 V SystemServerTiming: OnBootPhase_200_com.android.server.pm.PackageInstallerService$Lifecycle took to complete: 0ms
04-15 15:18:58.849 534 534 D SystemServerTiming: OnBootPhase_200_com.android.server.pm.UserManagerService$LifeCycle
04-15 15:18:58.849 534 534 V SystemServerTiming: OnBootPhase_200_com.android.server.pm.UserManagerService$LifeCycle took to complete: 0ms
04-15 15:18:58.849 534 534 D SystemServerTiming: OnBootPhase_200_com.android.server.om.OverlayManagerService
04-15 15:18:58.849 534 534 V SystemServerTiming: OnBootPhase_200_com.android.server.om.OverlayManagerService took to complete: 0ms
04-15 15:18:58.849 534 534 D SystemServerTiming: OnBootPhase_200_com.android.server.resources.ResourcesManagerService
04-15 15:18:58.849 534 534 V SystemServerTiming: OnBootPhase_200_com.android.server.resources.ResourcesManagerService took to complete: 0ms
04-15 15:18:58.849 534 534 D SystemServerTiming: OnBootPhase_200_com.android.server.sensorprivacy.SensorPrivacyService
04-15 15:18:58.849 534 534 V SystemServerTiming: OnBootPhase_200_com.android.server.sensorprivacy.SensorPrivacyService took to complete: 0ms
04-15 15:18:58.850 534 534 D SystemServerTiming: OnBootPhase_200_com.android.server.sensors.SensorService
04-15 15:18:58.850 534 534 V SystemServerTiming: OnBootPhase_200_com.android.server.sensors.SensorService took to complete: 0ms
04-15 15:18:58.850 534 534 D SystemServerTiming: OnBootPhase_200_com.android.server.SystemConfigService
04-15 15:18:58.850 534 534 V SystemServerTiming: OnBootPhase_200_com.android.server.SystemConfigService took to complete: 0ms
04-15 15:18:58.850 534 534 D SystemServerTiming: OnBootPhase_200_com.android.server.BatteryService
04-15 15:18:58.850 534 534 V SystemServerTiming: OnBootPhase_200_com.android.server.BatteryService took to complete: 0ms
04-15 15:18:58.850 534 534 D SystemServerTiming: OnBootPhase_200_com.android.server.usage.UsageStatsService
04-15 15:18:58.850 534 534 V SystemServerTiming: OnBootPhase_200_com.android.server.usage.UsageStatsService took to complete: 0ms
04-15 15:18:58.850 534 534 D SystemServerTiming: OnBootPhase_200_com.android.server.webkit.WebViewUpdateService
04-15 15:18:58.850 534 534 V SystemServerTiming: OnBootPhase_200_com.android.server.webkit.WebViewUpdateService took to complete: 0ms
04-15 15:18:58.850 534 534 D SystemServerTiming: OnBootPhase_200_com.android.server.CachedDeviceStateService
04-15 15:18:58.851 534 534 V SystemServerTiming: OnBootPhase_200_com.android.server.CachedDeviceStateService took to complete: 0ms
04-15 15:18:58.851 534 534 D SystemServerTiming: OnBootPhase_200_com.android.server.BinderCallsStatsService$LifeCycle
04-15 15:18:58.851 534 534 V SystemServerTiming: OnBootPhase_200_com.android.server.BinderCallsStatsService$LifeCycle took to complete: 0ms
04-15 15:18:58.851 534 534 D SystemServerTiming: OnBootPhase_200_com.android.server.LooperStatsService$Lifecycle
