04-15 15:18:58.851 534 534 V SystemServerTiming: OnBootPhase_200_com.android.server.LooperStatsService$Lifecycle took to complete: 0ms
04-15 15:18:58.851 534 534 D SystemServerTiming: OnBootPhase_200_com.android.server.rollback.RollbackManagerService
04-15 15:18:58.851 534 534 V SystemServerTiming: OnBootPhase_200_com.android.server.rollback.RollbackManagerService took to complete: 0ms
04-15 15:18:58.851 534 534 D SystemServerTiming: OnBootPhase_200_com.android.server.os.NativeTombstoneManagerService
04-15 15:18:58.851 534 534 V SystemServerTiming: OnBootPhase_200_com.android.server.os.NativeTombstoneManagerService took to complete: 0ms
04-15 15:18:58.851 534 534 D SystemServerTiming: OnBootPhase_200_com.android.server.os.BugreportManagerService
04-15 15:18:58.851 534 534 V SystemServerTiming: OnBootPhase_200_com.android.server.os.BugreportManagerService took to complete: 0ms
04-15 15:18:58.851 534 534 D SystemServerTiming: OnBootPhase_200_com.android.server.gpu.GpuService
04-15 15:18:58.851 534 534 V SystemServerTiming: OnBootPhase_200_com.android.server.gpu.GpuService took to complete: 0ms
04-15 15:18:58.851 534 534 D SystemServerTiming: OnBootPhase_200_com.android.server.security.rkp.RemoteProvisioningService
04-15 15:18:58.856 534 534 V SystemServerTiming: OnBootPhase_200_com.android.server.security.rkp.RemoteProvisioningService took to complete: 0ms
04-15 15:18:58.856 534 534 D SystemServerTiming: OnBootPhase_200_com.android.server.cpu.CpuMonitorService
04-15 15:18:58.856 534 534 V SystemServerTiming: OnBootPhase_200_com.android.server.cpu.CpuMonitorService took to complete: 0ms
04-15 15:18:58.856 534 534 D SystemServerTiming: OnBootPhase_200_com.android.server.security.KeyChainSystemService
04-15 15:18:58.856 534 534 V SystemServerTiming: OnBootPhase_200_com.android.server.security.KeyChainSystemService took to complete: 0ms
04-15 15:18:58.856 534 534 D SystemServerTiming: OnBootPhase_200_com.android.server.BinaryTransparencyService
04-15 15:18:58.856 534 534 V SystemServerTiming: OnBootPhase_200_com.android.server.BinaryTransparencyService took to complete: 0ms
04-15 15:18:58.856 534 534 D SystemServerTiming: OnBootPhase_200_com.android.server.telecom.TelecomLoaderService
04-15 15:18:58.856 534 534 V SystemServerTiming: OnBootPhase_200_com.android.server.telecom.TelecomLoaderService took to complete: 0ms
04-15 15:18:58.856 534 534 D SystemServerTiming: OnBootPhase_200_com.android.server.accounts.AccountManagerService$Lifecycle
04-15 15:18:58.857 534 534 V SystemServerTiming: OnBootPhase_200_com.android.server.accounts.AccountManagerService$Lifecycle took to complete: 0ms
04-15 15:18:58.857 534 534 D SystemServerTiming: OnBootPhase_200_com.android.server.content.ContentService$Lifecycle
04-15 15:18:58.857 534 534 V SystemServerTiming: OnBootPhase_200_com.android.server.content.ContentService$Lifecycle took to complete: 0ms
04-15 15:18:58.857 534 534 D SystemServerTiming: OnBootPhase_200_com.android.server.deviceconfig.DeviceConfigInit$Lifecycle
04-15 15:18:58.857 534 534 V SystemServerTiming: OnBootPhase_200_com.android.server.deviceconfig.DeviceConfigInit$Lifecycle took to complete: 0ms
04-15 15:18:58.857 534 534 D SystemServerTiming: OnBootPhase_200_com.android.server.DropBoxManagerService
04-15 15:18:58.857 534 534 V SystemServerTiming: OnBootPhase_200_com.android.server.DropBoxManagerService took to complete: 0ms
04-15 15:18:58.857 534 534 D SystemServerTiming: OnBootPhase_200_com.android.role.RoleService
04-15 15:18:58.857 534 534 V SystemServerTiming: OnBootPhase_200_com.android.role.RoleService took to complete: 0ms
04-15 15:18:58.857 534 534 D SystemServerTiming: OnBootPhase_200_com.android.server.vibrator.VibratorManagerService$Lifecycle
04-15 15:18:58.857 534 534 V SystemServerTiming: OnBootPhase_200_com.android.server.vibrator.VibratorManagerService$Lifecycle took to complete: 0ms
04-15 15:18:58.857 534 534 D SystemServerTiming: OnBootPhase_200_com.android.server.tare.InternalResourceService
04-15 15:18:58.857 534 534 V SystemServerTiming: OnBootPhase_200_com.android.server.tare.InternalResourceService took to complete: 0ms
04-15 15:18:58.858 534 534 D SystemServerTiming: OnBootPhase_200_com.android.server.alarm.AlarmManagerService
04-15 15:18:58.858 534 534 V SystemServerTiming: OnBootPhase_200_com.android.server.alarm.AlarmManagerService took to complete: 0ms
04-15 15:18:58.858 534 534 D SystemServerTiming: OnBootPhase_200_com.android.server.devicestate.DeviceStateManagerService
04-15 15:18:58.858 534 534 V SystemServerTiming: OnBootPhase_200_com.android.server.devicestate.DeviceStateManagerService took to complete: 0ms
04-15 15:18:58.858 534 534 D SystemServerTiming: OnBootPhase_200_com.android.server.camera.CameraServiceProxy
04-15 15:18:58.858 534 534 V SystemServerTiming: OnBootPhase_200_com.android.server.camera.CameraServiceProxy took to complete: 0ms
04-15 15:18:58.858 534 534 V SystemServerTiming: OnBootPhase_200 took to complete: 21ms
04-15 15:18:58.886 534 534 I WindowManager: No existing display settings, starting empty
04-15 15:18:58.923 534 560 I WindowTracing: Setting window tracing log level to 1
04-15 15:18:58.925 534 560 I WindowTracing: Setting window tracing buffer capacity to 10485760bytes
04-15 15:18:58.970 534 534 V SystemServerTiming: StartWindowManagerService took to complete: 134ms
04-15 15:18:58.971 534 534 D SystemServerTiming: SetWindowManagerService
04-15 15:18:59.162 534 534 I ActivityTaskManager: Loaded persisted task ids for user 0
04-15 15:18:59.178 534 534 V SystemServerTiming: SetWindowManagerService took to complete: 206ms
04-15 15:18:59.179 534 534 D SystemServerTiming: WindowManagerServiceOnInitReady
04-15 15:18:59.220 534 557 W BroadcastLoopers: Found previously unknown looper Thread[android.ui,5,main]
04-15 15:18:59.227 534 534 V SystemServerTiming: WindowManagerServiceOnInitReady took to complete: 47ms
04-15 15:18:59.227 534 565 D SystemServerTimingAsync: InitThreadPoolExec:StartISensorManagerService
04-15 15:18:59.227 534 565 D SystemServerInitThreadPool: Started executing StartISensorManagerService
04-15 15:18:59.228 534 565 D SystemServerTimingAsync: StartISensorManagerService
04-15 15:18:59.231 534 606 D SystemServerTimingAsync: InitThreadPoolExec:StartHidlServices
04-15 15:18:59.231 534 606 D SystemServerInitThreadPool: Started executing StartHidlServices
04-15 15:18:59.231 534 606 D SystemServerTimingAsync: StartHidlServices
04-15 15:18:59.237 534 534 D SystemServerTiming: StartInputManager
04-15 15:18:59.237 534 534 I InputManager: Starting input manager
04-15 15:18:59.242 534 534 V SystemServerTiming: StartInputManager took to complete: 5ms
04-15 15:18:59.243 534 534 D SystemServerTiming: DisplayManagerWindowManagerAndInputReady
04-15 15:18:59.246 132 132 I hwservicemanager: getTransport: Cannot find entry android.frameworks.schedulerservice@1.0::ISchedulingPolicyService/default in either framework or device VINTF manifest.
04-15 15:18:59.253 534 606 W system_server: android.frameworks.schedulerservice@1.0::ISchedulingPolicyService is deprecated. Skipping registration.
04-15 15:18:59.253 534 606 V SystemServerTimingAsync: StartHidlServices took to complete: 17ms
04-15 15:18:59.254 534 606 D SystemServerInitThreadPool: Finished executing StartHidlServices
04-15 15:18:59.254 534 606 V SystemServerTimingAsync: InitThreadPoolExec:StartHidlServices took to complete: 23ms
04-15 15:18:59.255 534 534 V HistoricalRegistry: Interaction before persistence initialized
04-15 15:18:59.258 534 534 V SystemServerTiming: DisplayManagerWindowManagerAndInputReady took to complete: 14ms
04-15 15:18:59.260 534 534 D SystemServerTiming: StartBluetoothService
04-15 15:18:59.263 534 534 I SystemServiceManager: Starting com.android.server.bluetooth.BluetoothService
04-15 15:18:59.270 534 565 I HidlServiceManagement: Registered android.frameworks.sensorservice@1.0::ISensorManager/default
04-15 15:18:59.280 534 565 V SystemServerTimingAsync: StartISensorManagerService took to complete: 52ms
04-15 15:18:59.280 534 565 D SystemServerInitThreadPool: Finished executing StartISensorManagerService
04-15 15:18:59.280 534 565 V SystemServerTimingAsync: InitThreadPoolExec:StartISensorManagerService took to complete: 53ms
04-15 15:18:59.286 0 0 I servicemanager: Found android.frameworks.sensorservice.ISensorManager/default in framework VINTF manifest.
04-15 15:18:59.306 534 534 D BluetoothManagerService: Loading stored name and address
04-15 15:18:59.306 534 534 D BluetoothManagerService: Stored bluetooth Name=null,Address=null
04-15 15:18:59.307 534 534 D BluetoothManagerService: Bluetooth persisted state: 1
04-15 15:18:59.307 534 534 D BluetoothManagerService: Startup: Bluetooth persisted state is ON.
04-15 15:18:59.311 534 534 D BluetoothManagerService: Detected SystemUiUid: 10117
04-15 15:18:59.313 534 534 D BluetoothSatelliteModeListener: BluetoothSatelliteModeListener
04-15 15:18:59.319 534 534 V SystemServerTiming: StartBluetoothService took to complete: 58ms
04-15 15:18:59.320 534 534 D SystemServerTiming: IpConnectivityMetrics
04-15 15:18:59.320 534 534 I SystemServiceManager: Starting com.android.server.connectivity.IpConnectivityMetrics
04-15 15:18:59.336 534 534 V SystemServerTiming: IpConnectivityMetrics took to complete: 16ms
04-15 15:18:59.336 534 534 D SystemServerTiming: NetworkWatchlistService
04-15 15:18:59.336 534 534 I SystemServiceManager: Starting com.android.server.net.watchlist.NetworkWatchlistService$Lifecycle
04-15 15:18:59.361 534 645 W EventHub: Unable to disable kernel key repeat for /dev/input/event12: Function not implemented
04-15 15:18:59.362 534 645 I EventHub: usingClockIoctl=true
04-15 15:18:59.362 534 645 I EventHub: New device: id=1, fd=199, path='/dev/input/event12', name='virtio_input_multi_touch_11', classes=KEYBOARD | TOUCH | TOUCH_MT | SWITCH, configuration='/vendor/usr/idc/virtio_input_multi_touch_11.idc', keyLayout='/system/usr/keylayout/Generic.kl', keyCharacterMap='/system/usr/keychars/Generic.kcm', builtinKeyboard=false,
04-15 15:18:59.371 534 534 V SystemServerTiming: NetworkWatchlistService took to complete: 34ms
04-15 15:18:59.376 534 649 I WatchlistLoggingHandler: Start aggregating watchlist records.
04-15 15:18:59.380 534 534 D SystemServerTiming: PinnerService
04-15 15:18:59.381 534 534 I SystemServiceManager: Starting com.android.server.PinnerService
04-15 15:18:59.382 534 534 V HistoricalRegistry: Interaction before persistence initialized
04-15 15:18:59.387 534 534 V SystemServerTiming: PinnerService took to complete: 7ms
04-15 15:18:59.395 534 645 W EventHub: Unable to disable kernel key repeat for /dev/input/event11: Function not implemented
04-15 15:18:59.395 534 645 I EventHub: usingClockIoctl=true
04-15 15:18:59.396 534 645 I EventHub: New device: id=2, fd=204, path='/dev/input/event11', name='virtio_input_multi_touch_10', classes=KEYBOARD | TOUCH | TOUCH_MT | SWITCH, configuration='/vendor/usr/idc/virtio_input_multi_touch_10.idc', keyLayout='/system/usr/keylayout/Generic.kl', keyCharacterMap='/system/usr/keychars/Generic.kcm', builtinKeyboard=false,
04-15 15:18:59.407 534 645 W EventHub: Unable to disable kernel key repeat for /dev/input/event10: Function not implemented
04-15 15:18:59.407 534 645 I EventHub: usingClockIoctl=true
04-15 15:18:59.407 534 645 I EventHub: New device: id=3, fd=205, path='/dev/input/event10', name='virtio_input_multi_touch_9', classes=KEYBOARD | TOUCH | TOUCH_MT | SWITCH, configuration='/vendor/usr/idc/virtio_input_multi_touch_9.idc', keyLayout='/system/usr/keylayout/Generic.kl', keyCharacterMap='/system/usr/keychars/Generic.kcm', builtinKeyboard=false,
04-15 15:18:59.417 534 645 W EventHub: Unable to disable kernel key repeat for /dev/input/event9: Function not implemented
04-15 15:18:59.418 534 645 I EventHub: usingClockIoctl=true
04-15 15:18:59.418 534 645 I EventHub: New device: id=4, fd=206, path='/dev/input/event9', name='virtio_input_multi_touch_8', classes=KEYBOARD | TOUCH | TOUCH_MT | SWITCH, configuration='/vendor/usr/idc/virtio_input_multi_touch_8.idc', keyLayout='/system/usr/keylayout/Generic.kl', keyCharacterMap='/system/usr/keychars/Generic.kcm', builtinKeyboard=false,
04-15 15:18:59.433 534 534 D SystemServerTiming: SignedConfigService
04-15 15:18:59.434 534 645 W EventHub: Unable to disable kernel key repeat for /dev/input/event8: Function not implemented
04-15 15:18:59.435 534 645 I EventHub: usingClockIoctl=true
04-15 15:18:59.435 534 645 I EventHub: New device: id=5, fd=207, path='/dev/input/event8', name='virtio_input_multi_touch_7', classes=KEYBOARD | TOUCH | TOUCH_MT | SWITCH, configuration='/vendor/usr/idc/virtio_input_multi_touch_7.idc', keyLayout='/system/usr/keylayout/Generic.kl', keyCharacterMap='/system/usr/keychars/Generic.kcm', builtinKeyboard=false,
04-15 15:18:59.439 534 534 V SystemServerTiming: SignedConfigService took to complete: 6ms
04-15 15:18:59.443 534 534 D SystemServerTiming: AppIntegrityService
04-15 15:18:59.443 534 534 I SystemServiceManager: Starting com.android.server.integrity.AppIntegrityManagerService
04-15 15:18:59.459 534 645 W EventHub: Unable to disable kernel key repeat for /dev/input/event7: Function not implemented
04-15 15:18:59.459 534 645 I EventHub: usingClockIoctl=true
04-15 15:18:59.459 534 645 I EventHub: New device: id=6, fd=208, path='/dev/input/event7', name='virtio_input_multi_touch_6', classes=KEYBOARD | TOUCH | TOUCH_MT | SWITCH, configuration='/vendor/usr/idc/virtio_input_multi_touch_6.idc', keyLayout='/system/usr/keylayout/Generic.kl', keyCharacterMap='/system/usr/keychars/Generic.kcm', builtinKeyboard=false,
04-15 15:18:59.483 534 645 W EventHub: Unable to disable kernel key repeat for /dev/input/event6: Function not implemented
04-15 15:18:59.493 534 645 I EventHub: usingClockIoctl=true
04-15 15:18:59.493 534 645 I EventHub: New device: id=7, fd=209, path='/dev/input/event6', name='virtio_input_multi_touch_5', classes=KEYBOARD | TOUCH | TOUCH_MT | SWITCH, configuration='/vendor/usr/idc/virtio_input_multi_touch_5.idc', keyLayout='/system/usr/keylayout/Generic.kl', keyCharacterMap='/system/usr/keychars/Generic.kcm', builtinKeyboard=false,
04-15 15:18:59.496 534 534 V SystemServerTiming: AppIntegrityService took to complete: 49ms
04-15 15:18:59.497 534 534 D SystemServerTiming: StartLogcatManager
04-15 15:18:59.497 534 534 I SystemServiceManager: Starting com.android.server.logcat.LogcatManagerService
04-15 15:18:59.501 534 534 V SystemServerTiming: StartLogcatManager took to complete: 5ms
04-15 15:18:59.515 534 645 W EventHub: Unable to disable kernel key repeat for /dev/input/event5: Function not implemented
04-15 15:18:59.515 534 645 I EventHub: usingClockIoctl=true
04-15 15:18:59.516 534 645 I EventHub: New device: id=8, fd=214, path='/dev/input/event5', name='virtio_input_multi_touch_4', classes=KEYBOARD | TOUCH | TOUCH_MT | SWITCH, configuration='/vendor/usr/idc/virtio_input_multi_touch_4.idc', keyLayout='/system/usr/keylayout/Generic.kl', keyCharacterMap='/system/usr/keychars/Generic.kcm', builtinKeyboard=false,
04-15 15:18:59.533 534 645 W EventHub: Unable to disable kernel key repeat for /dev/input/event4: Function not implemented
04-15 15:18:59.533 534 645 I EventHub: usingClockIoctl=true
04-15 15:18:59.533 534 645 I EventHub: New device: id=9, fd=215, path='/dev/input/event4', name='virtio_input_multi_touch_3', classes=KEYBOARD | TOUCH | TOUCH_MT | SWITCH, configuration='/vendor/usr/idc/virtio_input_multi_touch_3.idc', keyLayout='/system/usr/keylayout/Generic.kl', keyCharacterMap='/system/usr/keychars/Generic.kcm', builtinKeyboard=false,
04-15 15:18:59.550 534 645 W EventHub: Unable to disable kernel key repeat for /dev/input/event3: Function not implemented
04-15 15:18:59.550 534 645 I EventHub: usingClockIoctl=true
04-15 15:18:59.550 534 645 I EventHub: New device: id=10, fd=216, path='/dev/input/event3', name='virtio_input_multi_touch_2', classes=KEYBOARD | TOUCH | TOUCH_MT | SWITCH, configuration='/vendor/usr/idc/virtio_input_multi_touch_2.idc', keyLayout='/system/usr/keylayout/Generic.kl', keyCharacterMap='/system/usr/keychars/Generic.kcm', builtinKeyboard=false,
04-15 15:18:59.562 534 645 W EventHub: Unable to disable kernel key repeat for /dev/input/event2: Function not implemented
04-15 15:18:59.562 534 645 I EventHub: usingClockIoctl=true
04-15 15:18:59.562 534 645 I EventHub: New device: id=11, fd=217, path='/dev/input/event2', name='virtio_input_multi_touch_1', classes=KEYBOARD | TOUCH | TOUCH_MT | SWITCH, configuration='/vendor/usr/idc/virtio_input_multi_touch_1.idc', keyLayout='/system/usr/keylayout/Generic.kl', keyCharacterMap='/system/usr/keychars/Generic.kcm', builtinKeyboard=false,
04-15 15:18:59.569 534 645 D EventHub: No input device configuration file found for device 'Power Button'.
04-15 15:18:59.574 534 645 W EventHub: Unable to disable kernel key repeat for /dev/input/event0: Function not implemented
04-15 15:18:59.574 534 645 I EventHub: usingClockIoctl=true
04-15 15:18:59.574 534 645 I EventHub: New device: id=12, fd=218, path='/dev/input/event0', name='Power Button', classes=KEYBOARD, configuration='', keyLayout='/system/usr/keylayout/Generic.kl', keyCharacterMap='/system/usr/keychars/Generic.kcm', builtinKeyboard=false,
04-15 15:18:59.583 534 645 D EventHub: No input device configuration file found for device 'AT Translated Set 2 keyboard'.
04-15 15:18:59.600 534 645 I EventHub: usingClockIoctl=true
04-15 15:18:59.601 534 645 I EventHub: New device: id=13, fd=219, path='/dev/input/event1', name='AT Translated Set 2 keyboard', classes=KEYBOARD | ALPHAKEY, configuration='', keyLayout='/system/usr/keylayout/Generic.kl', keyCharacterMap='/system/usr/keychars/Generic.kcm', builtinKeyboard=false,
04-15 15:18:59.624 534 645 I InputReader: Device added: id=-1, eventHubId=-1, name='Virtual', descriptor='a718a782d34bc767f4689c232d64d527998ea7fd',sources=KEYBOARD | DPAD
04-15 15:18:59.626 534 645 I InputReader: Device added: id=2, eventHubId=13, name='AT Translated Set 2 keyboard', descriptor='485d69228e24f5e46da1598745890b214130dbc4',sources=KEYBOARD
04-15 15:18:59.627 534 645 I InputReader: Device added: id=3, eventHubId=12, name='Power Button', descriptor='26d13db3fa0f6bd5d05831266fb01ea6c500b88c',sources=KEYBOARD
04-15 15:18:59.651 534 645 I InputReader: Touch device 'virtio_input_multi_touch_1' could not query the properties of its associated display. The device will be inoperable until the display size becomes available.
04-15 15:18:59.654 534 645 I InputReader: Device added: id=4, eventHubId=11, name='virtio_input_multi_touch_1', descriptor='43db9dd6fa61939c1b516cd9522f0fe93926a00b',sources=KEYBOARD | TOUCHSCREEN | STYLUS
04-15 15:18:59.655 534 645 I InputReader: Touch device 'virtio_input_multi_touch_2' could not query the properties of its associated display. The device will be inoperable until the display size becomes available.
04-15 15:18:59.657 534 645 I InputReader: Device added: id=5, eventHubId=10, name='virtio_input_multi_touch_2', descriptor='929d4636b8e04f50240a26561429a6e91c9eff9e',sources=KEYBOARD | TOUCHSCREEN | STYLUS
04-15 15:18:59.657 534 645 I InputReader: Touch device 'virtio_input_multi_touch_3' could not query the properties of its associated display. The device will be inoperable until the display size becomes available.
04-15 15:18:59.658 534 645 I InputReader: Device added: id=6, eventHubId=9, name='virtio_input_multi_touch_3', descriptor='d02b0eff93435c71d7fcb0c5db2c4e01c700002e',sources=KEYBOARD | TOUCHSCREEN | STYLUS
04-15 15:18:59.659 534 645 I InputReader: Touch device 'virtio_input_multi_touch_4' could not query the properties of its associated display. The device will be inoperable until the display size becomes available.
04-15 15:18:59.660 534 645 I InputReader: Device added: id=7, eventHubId=8, name='virtio_input_multi_touch_4', descriptor='3e50b6575df319e017bd447766007caeb20ef93b',sources=KEYBOARD | TOUCHSCREEN | STYLUS
04-15 15:18:59.661 534 645 I InputReader: Touch device 'virtio_input_multi_touch_5' could not query the properties of its associated display. The device will be inoperable until the display size becomes available.
04-15 15:18:59.662 534 645 I InputReader: Device added: id=8, eventHubId=7, name='virtio_input_multi_touch_5', descriptor='a009ac16f7539a9e4072c1f537120c35a8163d3b',sources=KEYBOARD | TOUCHSCREEN | STYLUS
04-15 15:18:59.663 534 645 I InputReader: Touch device 'virtio_input_multi_touch_6' could not query the properties of its associated display. The device will be inoperable until the display size becomes available.
04-15 15:18:59.663 534 645 I InputReader: Device added: id=9, eventHubId=6, name='virtio_input_multi_touch_6', descriptor='0b49b597447c4c7be1d009f9a86bbed08b2e6b6d',sources=KEYBOARD | TOUCHSCREEN | STYLUS
04-15 15:18:59.664 534 645 I InputReader: Touch device 'virtio_input_multi_touch_7' could not query the properties of its associated display. The device will be inoperable until the display size becomes available.
04-15 15:18:59.665 534 645 I InputReader: Device added: id=10, eventHubId=5, name='virtio_input_multi_touch_7', descriptor='e1c836c7be888adb29ca6646292e486f96461e97',sources=KEYBOARD | TOUCHSCREEN | STYLUS
04-15 15:18:59.666 534 645 I InputReader: Touch device 'virtio_input_multi_touch_8' could not query the properties of its associated display. The device will be inoperable until the display size becomes available.
04-15 15:18:59.666 534 645 I InputReader: Device added: id=11, eventHubId=4, name='virtio_input_multi_touch_8', descriptor='df0ec362af5f2fec5a1bbb512f6e9556bd6b3fcf',sources=KEYBOARD | TOUCHSCREEN | STYLUS
04-15 15:18:59.667 534 645 I InputReader: Touch device 'virtio_input_multi_touch_9' could not query the properties of its associated display. The device will be inoperable until the display size becomes available.
04-15 15:18:59.672 534 645 I InputReader: Device added: id=12, eventHubId=3, name='virtio_input_multi_touch_9', descriptor='ac8abc2b3d95a68148a903fffc0a312b4dd19302',sources=KEYBOARD | TOUCHSCREEN | STYLUS
04-15 15:18:59.673 534 645 I InputReader: Touch device 'virtio_input_multi_touch_10' could not query the properties of its associated display. The device will be inoperable until the display size becomes available.
04-15 15:18:59.674 534 645 I InputReader: Device added: id=13, eventHubId=2, name='virtio_input_multi_touch_10', descriptor='03d5168c37d991df1726df002537cd6ccc5b68cb',sources=KEYBOARD | TOUCHSCREEN | STYLUS
04-15 15:18:59.675 534 645 I InputReader: Touch device 'virtio_input_multi_touch_11' could not query the properties of its associated display. The device will be inoperable until the display size becomes available.
04-15 15:18:59.675 534 645 I InputReader: Device added: id=14, eventHubId=1, name='virtio_input_multi_touch_11', descriptor='e760666b71e579617395a5018f318365e9f44147',sources=KEYBOARD | TOUCHSCREEN | STYLUS
04-15 15:18:59.693 534 534 I WindowManager: SAFE MODE not enabled
04-15 15:18:59.693 534 534 D SystemServerTiming: StartInputMethodManagerLifecycle
04-15 15:18:59.694 534 534 I SystemServiceManager: Starting com.android.server.inputmethod.InputMethodManagerService$Lifecycle
04-15 15:18:59.757 534 534 V SystemServerTiming: StartInputMethodManagerLifecycle took to complete: 64ms
04-15 15:18:59.757 534 534 D SystemServerTiming: StartAccessibilityManagerService
04-15 15:18:59.758 534 534 I SystemServiceManager: Starting com.android.server.accessibility.AccessibilityManagerService$Lifecycle
04-15 15:18:59.812 534 534 V SystemServerTiming: StartAccessibilityManagerService took to complete: 55ms
04-15 15:18:59.813 534 534 D SystemServerTiming: MakeDisplayReady
04-15 15:18:59.867 534 534 I ActivityTaskManager: Config changes=20005df8 {1.0 ?mcc0mnc [en_US] ldltr sw411dp w411dp h914dp 420dpi nrml long port ?uimode ?night -touch qwerty/v/v -nav/h winConfig={ mBounds=Rect(0, 0 - 1080, 2400) mAppBounds=Rect(0, 0 - 1080, 2400) mMaxBounds=Rect(0, 0 - 1080, 2400) mDisplayRotation=ROTATION_0 mWindowingMode=fullscreen mDisplayWindowingMode=fullscreen mActivityType=undefined mAlwaysOnTop=undefined mRotation=ROTATION_0} s.2 ?fontWeightAdjustment}
04-15 15:18:59.910 534 534 I WindowManager: Override config changes=60007dfc {1.0 ?mcc0mnc [en_US] ldltr sw411dp w411dp h914dp 420dpi nrml long port ?uimode ?night -touch qwerty/v/v -nav/h winConfig={ mBounds=Rect(0, 0 - 1080, 2400) mAppBounds=Rect(0, 0 - 1080, 2400) mMaxBounds=Rect(0, 0 - 1080, 2400) mDisplayRotation=ROTATION_0 mWindowingMode=fullscreen mDisplayWindowingMode=fullscreen mActivityType=undefined mAlwaysOnTop=undefined mRotation=ROTATION_0} s.2 ?fontWeightAdjustment} for displayId=0
04-15 15:18:59.946 534 534 I DisplayDevice: [0] Layerstack set to 0 for local:4619827259835644672
04-15 15:18:59.967 534 560 W system_server: Long monitor contention with owner main (534) at void com.android.server.wm.WindowManagerService.displayReady()(WindowManagerService.java:5221) waiters=0 in void com.android.server.wm.WindowManagerService.notifyHardKeyboardStatusChange() for 138ms
04-15 15:18:59.971 534 557 W Looper : Slow dispatch took 142ms android.ui h=android.os.Handler c=android.hardware.display.DisplayManagerGlobal$DisplayListenerDelegate$$ExternalSyntheticLambda0@97b36ce m=0
04-15 15:18:59.997 534 560 W BroadcastLoopers: Found previously unknown looper Thread[android.display,5,main]
04-15 15:18:59.998 534 560 I InputManager-JNI: Viewport [0] to add: local:4619827259835644672, isActive: false
04-15 15:19:00.003 534 645 I InputReader: Reconfiguring input devices, changes=DISPLAY_INFO
04-15 15:19:00.002 0 0 I init : processing action (sys.sysctl.extra_free_kbytes=*) from (/system/etc/init/hw/init.rc:1233)
04-15 15:19:00.008 534 645 I InputReader: Touch device 'virtio_input_multi_touch_11' could not query the properties of its associated display. The device will be inoperable until the display size becomes available.
04-15 15:19:00.008 534 645 I InputReader: Touch device 'virtio_input_multi_touch_10' could not query the properties of its associated display. The device will be inoperable until the display size becomes available.
04-15 15:19:00.009 534 645 I InputReader: Touch device 'virtio_input_multi_touch_9' could not query the properties of its associated display. The device will be inoperable until the display size becomes available.
04-15 15:19:00.009 534 645 I InputReader: Touch device 'virtio_input_multi_touch_7' could not query the properties of its associated display. The device will be inoperable until the display size becomes available.
04-15 15:19:00.009 534 645 I InputReader: Touch device 'virtio_input_multi_touch_6' could not query the properties of its associated display. The device will be inoperable until the display size becomes available.
04-15 15:19:00.009 534 645 I InputReader: Touch device 'virtio_input_multi_touch_5' could not query the properties of its associated display. The device will be inoperable until the display size becomes available.
04-15 15:19:00.009 534 645 I InputReader: Touch device 'virtio_input_multi_touch_4' could not query the properties of its associated display. The device will be inoperable until the display size becomes available.
04-15 15:19:00.010 534 645 I InputReader: Touch device 'virtio_input_multi_touch_3' could not query the properties of its associated display. The device will be inoperable until the display size becomes available.
04-15 15:19:00.010 534 645 I InputReader: Disabling virtio_input_multi_touch_1 (device 4) because the associated viewport is not active
04-15 15:19:00.010 534 645 I InputReader: Device reconfigured: id=4, name='virtio_input_multi_touch_1', size 32768x32768, orientation 0, mode 0, display id 0
04-15 15:19:00.011 534 645 I InputReader: Touch device 'virtio_input_multi_touch_2' could not query the properties of its associated display. The device will be inoperable until the display size becomes available.
04-15 15:19:00.019 534 645 I InputReader: Touch device 'virtio_input_multi_touch_8' could not query the properties of its associated display. The device will be inoperable until the display size becomes available.
04-15 15:19:00.049 0 0 I init : starting service 'exec 19 (/system/bin/extra_free_kbytes.sh 30375)'...
04-15 15:19:00.070 534 534 I ActivityTaskManager: Config changes=8 {1.0 ?mcc0mnc [en_US] ldltr sw411dp w411dp h914dp 420dpi nrml long port ?uimode ?night finger qwerty/v/v -nav/h winConfig={ mBounds=Rect(0, 0 - 1080, 2400) mAppBounds=Rect(0, 0 - 1080, 2400) mMaxBounds=Rect(0, 0 - 1080, 2400) mDisplayRotation=ROTATION_0 mWindowingMode=fullscreen mDisplayWindowingMode=fullscreen mActivityType=undefined mAlwaysOnTop=undefined mRotation=ROTATION_0} s.4 ?fontWeightAdjustment}
04-15 15:19:00.078 534 534 I WindowManager: Override config changes=8 {1.0 ?mcc0mnc [en_US] ldltr sw411dp w411dp h914dp 420dpi nrml long port ?uimode ?night finger qwerty/v/v -nav/h winConfig={ mBounds=Rect(0, 0 - 1080, 2400) mAppBounds=Rect(0, 0 - 1080, 2400) mMaxBounds=Rect(0, 0 - 1080, 2400) mDisplayRotation=ROTATION_0 mWindowingMode=fullscreen mDisplayWindowingMode=fullscreen mActivityType=undefined mAlwaysOnTop=undefined mRotation=ROTATION_0} s.4 ?fontWeightAdjustment} for displayId=0
04-15 15:19:00.104 534 534 V SystemServerTiming: MakeDisplayReady took to complete: 292ms
04-15 15:19:00.105 534 534 D SystemServerTiming: StartStorageManagerService
04-15 15:19:00.106 534 534 I SystemServiceManager: Starting com.android.server.StorageManagerService$Lifecycle
04-15 15:19:00.112 0 0 I init : ... started service 'exec 19 (/system/bin/extra_free_kbytes.sh 30375)' has pid 655
04-15 15:19:00.113 0 0 I init : SVC_EXEC service 'exec 19 (/system/bin/extra_free_kbytes.sh 30375)' pid 655 (uid 0 gid 0+0 context default) started; waiting...
04-15 15:19:00.130 435 452 D installd: Found quota mount /dev/block/dm-38 at /data
04-15 15:19:00.142 0 0 I init : Command 'exec -- /system/bin/extra_free_kbytes.sh ${sys.sysctl.extra_free_kbytes}' action=sys.sysctl.extra_free_kbytes=* (/system/etc/init/hw/init.rc:1234) took 138ms and succeeded
04-15 15:19:00.142 435 452 D installd: Found quota mount /dev/block/dm-38 at /data/user/0
04-15 15:19:00.174 534 656 D StorageManagerService: Thinking about reset, mBootCompleted=false, mDaemonConnected=true
04-15 15:19:00.195 534 534 D StorageManagerService: CE storage for users [0] is already unlocked
04-15 15:19:00.225 534 534 W SystemServiceManager: Service com.android.server.StorageManagerService$Lifecycle took 118 ms in onStart
04-15 15:19:00.227 534 656 D StorageManagerService: Thinking about reset, mBootCompleted=false, mDaemonConnected=true
04-15 15:19:00.233 534 534 V SystemServerTiming: StartStorageManagerService took to complete: 127ms
04-15 15:19:00.233 534 534 D SystemServerTiming: StartStorageStatsService
04-15 15:19:00.235 534 534 I SystemServiceManager: Starting com.android.server.usage.StorageStatsService$Lifecycle
04-15 15:19:00.266 435 452 D installd: Found quota mount /dev/block/dm-38 at /data
04-15 15:19:00.274 435 452 D installd: Found quota mount /dev/block/dm-38 at /data/user/0
04-15 15:19:00.289 435 452 D installd: Found quota mount /dev/block/dm-38 at /data
04-15 15:19:00.304 435 452 D installd: Found quota mount /dev/block/dm-38 at /data/user/0
04-15 15:19:00.320 534 534 W SystemServiceManager: Service com.android.server.usage.StorageStatsService$Lifecycle took 85 ms in onStart
04-15 15:19:00.321 534 534 V SystemServerTiming: StartStorageStatsService took to complete: 87ms
04-15 15:19:00.321 534 534 D SystemServerTiming: StartUiModeManager
04-15 15:19:00.323 534 534 I SystemServiceManager: Starting com.android.server.UiModeManagerService
04-15 15:19:00.335 534 606 D SystemServerTimingAsync: InitThreadPoolExec:UiModeManager.onStart
04-15 15:19:00.335 534 606 D SystemServerInitThreadPool: Started executing UiModeManager.onStart
04-15 15:19:00.376 534 606 D SystemServerInitThreadPool: Finished executing UiModeManager.onStart
04-15 15:19:00.389 534 606 V SystemServerTimingAsync: InitThreadPoolExec:UiModeManager.onStart took to complete: 53ms
04-15 15:19:00.396 534 534 W SystemServiceManager: Service com.android.server.UiModeManagerService took 52 ms in onStart
04-15 15:19:00.396 534 534 V SystemServerTiming: StartUiModeManager took to complete: 75ms
04-15 15:19:00.397 534 534 D SystemServerTiming: StartLocaleManagerService
04-15 15:19:00.397 534 534 I SystemServiceManager: Starting com.android.server.locales.LocaleManagerService
04-15 15:19:00.491 534 534 V SystemServerTiming: StartLocaleManagerService took to complete: 94ms
04-15 15:19:00.491 534 534 D SystemServerTiming: StartGrammarInflectionService
04-15 15:19:00.496 534 534 I SystemServiceManager: Starting com.android.server.grammaticalinflection.GrammaticalInflectionService
04-15 15:19:00.513 534 534 V SystemServerTiming: StartGrammarInflectionService took to complete: 22ms
04-15 15:19:00.514 534 534 D SystemServerTiming: StartAppHibernationService
04-15 15:19:00.514 534 534 I SystemServiceManager: Starting com.android.server.apphibernation.AppHibernationService
04-15 15:19:00.552 534 534 V SystemServerTiming: StartAppHibernationService took to complete: 39ms
04-15 15:19:00.553 534 534 D SystemServerTiming: ArtManagerLocal
04-15 15:19:00.566 534 534 V SystemServerTiming: ArtManagerLocal took to complete: 13ms
04-15 15:19:00.566 534 534 D SystemServerTiming: UpdatePackagesIfNeeded
04-15 15:19:00.566 534 534 I Watchdog: Pausing HandlerChecker: main thread for reason: dexopt. Pause count: 1
04-15 15:19:00.567 534 534 I PackageManager: Starting boot dexopt for reason first-boot
04-15 15:19:00.685 534 534 I ArtService: Dexopting packages
04-15 15:19:00.761 0 0 I servicemanager: Since 'artd' could not be found, trying to start it as a lazy AIDL service. (if it's not configured to be a lazy service, it may be stuck starting or still starting).
04-15 15:19:00.779 0 0 I init : starting service 'artd'...
04-15 15:19:00.932 0 0 I init : ... started service 'artd' has pid 664
04-15 15:19:00.932 0 0 I init : Control message: Processed ctl.interface_start for 'aidl/artd' from pid: 131 (/system/bin/servicemanager)
04-15 15:19:01.418 664 664 I artd : Starting artd
04-15 15:19:01.454 664 664 I AidlLazyServiceRegistrar: Registering service artd
04-15 15:19:01.490 0 0 I BpBinder: onLastStrongRef automatically unlinking death recipients:
04-15 15:19:01.573 534 662 I RolesPersistenceImpl: roles.xml not found
04-15 15:19:01.578 534 662 I RoleServicePlatformHelperImpl: Legacy roles.xml not found
04-15 15:19:01.617 664 666 I AidlLazyServiceRegistrar: Process has 1 (of 1 available) client(s) in use after notification artd has clients: 1
04-15 15:19:01.625 0 0 I servicemanager: Notifying artd they do (previously: don't) have clients when service is guaranteed to be in use
04-15 15:19:02.298 534 662 I ArtService: Dexopt result: [packageName = com.android.systemui] DexContainerFileDexoptResult{dexContainerFile=/system_ext/priv-app/SystemUI/SystemUI.apk, primaryAbi=true, abi=x86_64, actualCompilerFilter=verify, status=SKIPPED, dex2oatWallTimeMillis=0, dex2oatCpuTimeMillis=0, sizeBytes=0, sizeBeforeBytes=0}
04-15 15:19:02.404 534 662 I ArtService: Dexopt result: [packageName = com.android.settings] DexContainerFileDexoptResult{dexContainerFile=/system_ext/priv-app/Settings/Settings.apk, primaryAbi=true, abi=x86_64, actualCompilerFilter=verify, status=SKIPPED, dex2oatWallTimeMillis=0, dex2oatCpuTimeMillis=0, sizeBytes=0, sizeBeforeBytes=0}
04-15 15:19:02.494 534 662 I ArtService: Dexopt result: [packageName = com.android.server.telecom] DexContainerFileDexoptResult{dexContainerFile=/system/priv-app/Telecom/Telecom.apk, primaryAbi=true, abi=x86_64, actualCompilerFilter=verify, status=SKIPPED, dex2oatWallTimeMillis=0, dex2oatCpuTimeMillis=0, sizeBytes=0, sizeBeforeBytes=0}
04-15 15:19:02.585 534 662 I ArtService: Dexopt result: [packageName = com.android.dialer] DexContainerFileDexoptResult{dexContainerFile=/product/priv-app/Dialer/Dialer.apk, primaryAbi=true, abi=x86_64, actualCompilerFilter=verify, status=SKIPPED, dex2oatWallTimeMillis=0, dex2oatCpuTimeMillis=0, sizeBytes=0, sizeBeforeBytes=0}
04-15 15:19:02.659 534 662 I ArtService: Dexopt result: [packageName = com.android.emulator.radio.config] DexContainerFileDexoptResult{dexContainerFile=/system_ext/priv-app/EmulatorRadioConfig/EmulatorRadioConfig.apk, primaryAbi=true, abi=x86_64, actualCompilerFilter=verify, status=SKIPPED, dex2oatWallTimeMillis=0, dex2oatCpuTimeMillis=0, sizeBytes=0, sizeBeforeBytes=0}
04-15 15:19:02.729 534 662 I ArtService: Dexopt result: [packageName = com.android.emergency] DexContainerFileDexoptResult{dexContainerFile=/system_ext/priv-app/EmergencyInfo/EmergencyInfo.apk, primaryAbi=true, abi=x86_64, actualCompilerFilter=verify, status=SKIPPED, dex2oatWallTimeMillis=0, dex2oatCpuTimeMillis=0, sizeBytes=0, sizeBeforeBytes=0}
04-15 15:19:02.800 534 662 I ArtService: Dexopt result: [packageName = com.android.traceur] DexContainerFileDexoptResult{dexContainerFile=/system/app/Traceur/Traceur.apk, primaryAbi=true, abi=x86_64, actualCompilerFilter=verify, status=SKIPPED, dex2oatWallTimeMillis=0, dex2oatCpuTimeMillis=0, sizeBytes=0, sizeBeforeBytes=0}
04-15 15:19:02.860 534 662 I ArtService: Dexopt result: [packageName = com.android.storagemanager] DexContainerFileDexoptResult{dexContainerFile=/system_ext/priv-app/StorageManager/StorageManager.apk, primaryAbi=true, abi=x86_64, actualCompilerFilter=verify, status=SKIPPED, dex2oatWallTimeMillis=0, dex2oatCpuTimeMillis=0, sizeBytes=0, sizeBeforeBytes=0}
04-15 15:19:02.956 534 662 I ArtService: Dexopt result: [packageName = com.android.launcher3] DexContainerFileDexoptResult{dexContainerFile=/system_ext/priv-app/Launcher3QuickStep/Launcher3QuickStep.apk, primaryAbi=true, abi=x86_64, actualCompilerFilter=verify, status=SKIPPED, dex2oatWallTimeMillis=0, dex2oatCpuTimeMillis=0, sizeBytes=0, sizeBeforeBytes=0}
04-15 15:19:03.020 534 662 I ArtService: Dexopt result: [packageName = com.android.managedprovisioning] DexContainerFileDexoptResult{dexContainerFile=/system/priv-app/ManagedProvisioning/ManagedProvisioning.apk, primaryAbi=true, abi=x86_64, actualCompilerFilter=verify, status=SKIPPED, dex2oatWallTimeMillis=0, dex2oatCpuTimeMillis=0, sizeBytes=0, sizeBeforeBytes=0}
04-15 15:19:03.120 534 662 I ArtService: Dexopt result: [packageName = com.android.credentialmanager] DexContainerFileDexoptResult{dexContainerFile=/system/priv-app/CredentialManager/CredentialManager.apk, primaryAbi=true, abi=x86_64, actualCompilerFilter=verify, status=SKIPPED, dex2oatWallTimeMillis=0, dex2oatCpuTimeMillis=0, sizeBytes=0, sizeBeforeBytes=0}
04-15 15:19:03.216 534 662 I ArtService: Dexopt result: [packageName = com.android.deskclock] DexContainerFileDexoptResult{dexContainerFile=/product/app/DeskClock/DeskClock.apk, primaryAbi=true, abi=x86_64, actualCompilerFilter=verify, status=SKIPPED, dex2oatWallTimeMillis=0, dex2oatCpuTimeMillis=0, sizeBytes=0, sizeBeforeBytes=0}
04-15 15:19:03.272 534 662 I ArtService: Dexopt result: [packageName = com.android.webview] DexContainerFileDexoptResult{dexContainerFile=/product/app/webview/webview.apk, primaryAbi=true, abi=x86_64, actualCompilerFilter=verify, status=SKIPPED, dex2oatWallTimeMillis=0, dex2oatCpuTimeMillis=0, sizeBytes=0, sizeBeforeBytes=0}
04-15 15:19:03.344 534 662 I ArtService: Dexopt result: [packageName = com.android.messaging] DexContainerFileDexoptResult{dexContainerFile=/product/app/messaging/messaging.apk, primaryAbi=true, abi=x86_64, actualCompilerFilter=verify, status=SKIPPED, dex2oatWallTimeMillis=0, dex2oatCpuTimeMillis=0, sizeBytes=0, sizeBeforeBytes=0}
04-15 15:19:03.400 534 662 I ArtService: Dexopt result: [packageName = com.android.settings.intelligence] DexContainerFileDexoptResult{dexContainerFile=/product/priv-app/SettingsIntelligence/SettingsIntelligence.apk, primaryAbi=true, abi=x86_64, actualCompilerFilter=verify, status=SKIPPED, dex2oatWallTimeMillis=0, dex2oatCpuTimeMillis=0, sizeBytes=0, sizeBeforeBytes=0}
04-15 15:19:03.449 534 662 I ArtService: Dexopt result: [packageName = com.android.quicksearchbox] DexContainerFileDexoptResult{dexContainerFile=/product/app/QuickSearchBox/QuickSearchBox.apk, primaryAbi=true, abi=x86_64, actualCompilerFilter=verify, status=SKIPPED, dex2oatWallTimeMillis=0, dex2oatCpuTimeMillis=0, sizeBytes=0, sizeBeforeBytes=0}
04-15 15:19:03.488 534 662 I ArtService: Dexopt result: [packageName = com.android.dreams.phototable] DexContainerFileDexoptResult{dexContainerFile=/product/app/PhotoTable/PhotoTable.apk, primaryAbi=true, abi=x86_64, actualCompilerFilter=verify, status=SKIPPED, dex2oatWallTimeMillis=0, dex2oatCpuTimeMillis=0, sizeBytes=0, sizeBeforeBytes=0}
04-15 15:19:03.529 534 662 I ArtService: Dexopt result: [packageName = com.android.music] DexContainerFileDexoptResult{dexContainerFile=/product/app/Music/Music.apk, primaryAbi=true, abi=x86_64, actualCompilerFilter=verify, status=SKIPPED, dex2oatWallTimeMillis=0, dex2oatCpuTimeMillis=0, sizeBytes=0, sizeBeforeBytes=0}
04-15 15:19:03.589 534 662 I ArtService: Dexopt result: [packageName = com.android.wallpaperpicker] DexContainerFileDexoptResult{dexContainerFile=/product/app/WallpaperPicker/WallpaperPicker.apk, primaryAbi=true, abi=x86_64, actualCompilerFilter=verify, status=SKIPPED, dex2oatWallTimeMillis=0, dex2oatCpuTimeMillis=0, sizeBytes=0, sizeBeforeBytes=0}
04-15 15:19:03.620 534 662 I ArtService: Dexopt result: [packageName = com.android.wallpapercropper] DexContainerFileDexoptResult{dexContainerFile=/system_ext/priv-app/WallpaperCropper/WallpaperCropper.apk, primaryAbi=true, abi=x86_64, actualCompilerFilter=verify, status=SKIPPED, dex2oatWallTimeMillis=0, dex2oatCpuTimeMillis=0, sizeBytes=0, sizeBeforeBytes=0}
04-15 15:19:03.660 534 662 I ArtService: Dexopt result: [packageName = com.android.contacts] DexContainerFileDexoptResult{dexContainerFile=/product/priv-app/Contacts/Contacts.apk, primaryAbi=true, abi=x86_64, actualCompilerFilter=verify, status=SKIPPED, dex2oatWallTimeMillis=0, dex2oatCpuTimeMillis=0, sizeBytes=0, sizeBeforeBytes=0}
04-15 15:19:03.712 534 662 I ArtService: Dexopt result: [packageName = com.android.inputmethod.latin] DexContainerFileDexoptResult{dexContainerFile=/product/app/LatinIME/LatinIME.apk, primaryAbi=true, abi=x86_64, actualCompilerFilter=verify, status=SKIPPED, dex2oatWallTimeMillis=0, dex2oatCpuTimeMillis=0, sizeBytes=0, sizeBeforeBytes=0}
04-15 15:19:03.752 534 662 I ArtService: Dexopt result: [packageName = com.android.imsserviceentitlement] DexContainerFileDexoptResult{dexContainerFile=/product/priv-app/ImsServiceEntitlement/ImsServiceEntitlement.apk, primaryAbi=true, abi=x86_64, actualCompilerFilter=verify, status=SKIPPED, dex2oatWallTimeMillis=0, dex2oatCpuTimeMillis=0, sizeBytes=0, sizeBeforeBytes=0}
04-15 15:19:03.807 326 330 W ServiceManagerCppClient: Service statscompanion didn't start. Returning NULL
04-15 15:19:03.813 326 330 E statsd : Uid 1000 does not have the android.permission.REGISTER_STATS_PULL_ATOM permission when registering atom 10110 (-1)
04-15 15:19:03.814 534 662 I ArtService: Dexopt result: [packageName = com.android.carrierconfig] DexContainerFileDexoptResult{dexContainerFile=/system_ext/priv-app/CarrierConfig/CarrierConfig.apk, primaryAbi=true, abi=x86_64, actualCompilerFilter=verify, status=SKIPPED, dex2oatWallTimeMillis=0, dex2oatCpuTimeMillis=0, sizeBytes=0, sizeBeforeBytes=0}
04-15 15:19:03.882 534 662 I ArtService: Dexopt result: [packageName = com.android.gallery3d] DexContainerFileDexoptResult{dexContainerFile=/product/app/Gallery2/Gallery2.apk, primaryAbi=true, abi=x86_64, actualCompilerFilter=verify, status=SKIPPED, dex2oatWallTimeMillis=0, dex2oatCpuTimeMillis=0, sizeBytes=0, sizeBeforeBytes=0}
04-15 15:19:04.308 0 0 I init : Service 'exec 19 (/system/bin/extra_free_kbytes.sh 30375)' (pid 655) exited with status 0 waiting took 4.244000 seconds
04-15 15:19:04.309 0 0 I init : Sending signal 9 to service 'exec 19 (/system/bin/extra_free_kbytes.sh 30375)' (pid 655) process group...
04-15 15:19:04.316 0 0 I libprocessgroup: Successfully killed process cgroup uid 0 pid 655 in 1ms
04-15 15:19:04.381 534 662 W system_server: Long monitor contention with owner PackageManager (591) at void com.android.server.pm.permission.LegacyPermissionSettings.writePermissions(com.android.modules.utils.TypedXmlSerializer)(LegacyPermissionSettings.java:142) waiters=0 in com.android.server.pm.Computer com.android.server.pm.PackageManagerService.snapshotComputer(boolean) for 491ms
04-15 15:19:04.468 534 662 I ArtService: Dexopt result: [packageName = com.android.camera2] DexContainerFileDexoptResult{dexContainerFile=/product/app/Camera2/Camera2.apk, primaryAbi=true, abi=x86_64, actualCompilerFilter=verify, status=SKIPPED, dex2oatWallTimeMillis=0, dex2oatCpuTimeMillis=0, sizeBytes=0, sizeBeforeBytes=0}
04-15 15:19:04.507 534 662 I ArtService: Dexopt result: [packageName = com.android.calendar] DexContainerFileDexoptResult{dexContainerFile=/product/app/Calendar/Calendar.apk, primaryAbi=true, abi=x86_64, actualCompilerFilter=verify, status=SKIPPED, dex2oatWallTimeMillis=0, dex2oatCpuTimeMillis=0, sizeBytes=0, sizeBeforeBytes=0}
04-15 15:19:04.550 534 546 I system_server: Background young concurrent copying GC freed 76250(4274KB) AllocSpace objects, 22(440KB) LOS objects, 38% free, 8060KB/12MB, paused 789us,152us total 359.187ms
04-15 15:19:04.562 534 662 I ArtService: Dexopt result: [packageName = com.android.systemui.accessibility.accessibilitymenu] DexContainerFileDexoptResult{dexContainerFile=/system_ext/priv-app/AccessibilityMenu/AccessibilityMenu.apk, primaryAbi=true, abi=x86_64, actualCompilerFilter=verify, status=SKIPPED, dex2oatWallTimeMillis=0, dex2oatCpuTimeMillis=0, sizeBytes=0, sizeBeforeBytes=0}
04-15 15:19:04.586 534 662 I ArtService: Dexopt result: [packageName = com.android.sdksetup] DexContainerFileDexoptResult{dexContainerFile=/system_ext/priv-app/SdkSetup/SdkSetup.apk, primaryAbi=true, abi=x86_64, actualCompilerFilter=verify, status=SKIPPED, dex2oatWallTimeMillis=0, dex2oatCpuTimeMillis=0, sizeBytes=0, sizeBeforeBytes=0}
04-15 15:19:04.680 534 662 I ArtService: Dexopt result: [packageName = org.chromium.webview_shell] DexContainerFileDexoptResult{dexContainerFile=/product/app/Browser2/Browser2.apk, primaryAbi=true, abi=x86_64, actualCompilerFilter=verify, status=SKIPPED, dex2oatWallTimeMillis=0, dex2oatCpuTimeMillis=0, sizeBytes=0, sizeBeforeBytes=0}
04-15 15:19:04.716 534 662 I ArtService: Dexopt result: [packageName = com.android.emulator.multidisplay] DexContainerFileDexoptResult{dexContainerFile=/system_ext/priv-app/MultiDisplayProvider/MultiDisplayProvider.apk, primaryAbi=true, abi=x86_64, actualCompilerFilter=verify, status=SKIPPED, dex2oatWallTimeMillis=0, dex2oatCpuTimeMillis=0, sizeBytes=0, sizeBeforeBytes=0}
04-15 15:19:04.757 534 662 I ArtService: Dexopt result: [packageName = com.android.egg] DexContainerFileDexoptResult{dexContainerFile=/system/app/EasterEgg/EasterEgg.apk, primaryAbi=true, abi=x86_64, actualCompilerFilter=verify, status=SKIPPED, dex2oatWallTimeMillis=0, dex2oatCpuTimeMillis=0, sizeBytes=0, sizeBeforeBytes=0}
04-15 15:19:04.822 534 662 I ArtService: Dexopt result: [packageName = com.android.documentsui] DexContainerFileDexoptResult{dexContainerFile=/system/priv-app/DocumentsUI/DocumentsUI.apk, primaryAbi=true, abi=x86_64, actualCompilerFilter=verify, status=SKIPPED, dex2oatWallTimeMillis=0, dex2oatCpuTimeMillis=0, sizeBytes=0, sizeBeforeBytes=0}
04-15 15:19:04.905 534 662 I ArtService: Dexopt result: [packageName = com.android.phone] DexContainerFileDexoptResult{dexContainerFile=/system/priv-app/TeleService/TeleService.apk, primaryAbi=true, abi=x86_64, actualCompilerFilter=verify, status=SKIPPED, dex2oatWallTimeMillis=0, dex2oatCpuTimeMillis=0, sizeBytes=0, sizeBeforeBytes=0}
04-15 15:19:04.949 534 662 I ArtService: Dexopt result: [packageName = com.android.intentresolver] DexContainerFileDexoptResult{dexContainerFile=/system/priv-app/IntentResolver/IntentResolver.apk, primaryAbi=true, abi=x86_64, actualCompilerFilter=verify, status=SKIPPED, dex2oatWallTimeMillis=0, dex2oatCpuTimeMillis=0, sizeBytes=0, sizeBeforeBytes=0}
04-15 15:19:05.002 534 662 I ArtService: Dexopt result: [packageName = com.android.nfc] DexContainerFileDexoptResult{dexContainerFile=/system/app/NfcNci/NfcNci.apk, primaryAbi=true, abi=x86_64, actualCompilerFilter=verify, status=SKIPPED, dex2oatWallTimeMillis=0, dex2oatCpuTimeMillis=0, sizeBytes=0, sizeBeforeBytes=0}
04-15 15:19:05.050 534 662 I ArtService: Dexopt result: [packageName = com.android.stk] DexContainerFileDexoptResult{dexContainerFile=/system/app/Stk/Stk.apk, primaryAbi=true, abi=x86_64, actualCompilerFilter=verify, status=SKIPPED, dex2oatWallTimeMillis=0, dex2oatCpuTimeMillis=0, sizeBytes=0, sizeBeforeBytes=0}
04-15 15:19:05.087 534 662 I ArtService: Dexopt result: [packageName = com.android.wallpaper.livepicker] DexContainerFileDexoptResult{dexContainerFile=/system/priv-app/LiveWallpapersPicker/LiveWallpapersPicker.apk, primaryAbi=true, abi=x86_64, actualCompilerFilter=verify, status=SKIPPED, dex2oatWallTimeMillis=0, dex2oatCpuTimeMillis=0, sizeBytes=0, sizeBeforeBytes=0}
04-15 15:19:05.171 534 662 I ArtService: Dexopt result: [packageName = com.android.keychain] DexContainerFileDexoptResult{dexContainerFile=/system/app/KeyChain/KeyChain.apk, primaryAbi=true, abi=x86_64, actualCompilerFilter=verify, status=SKIPPED, dex2oatWallTimeMillis=0, dex2oatCpuTimeMillis=0, sizeBytes=0, sizeBeforeBytes=0}
04-15 15:19:05.219 534 662 I ArtService: Dexopt result: [packageName = com.android.statementservice] DexContainerFileDexoptResult{dexContainerFile=/system/priv-app/StatementService/StatementService.apk, primaryAbi=true, abi=x86_64, actualCompilerFilter=verify, status=SKIPPED, dex2oatWallTimeMillis=0, dex2oatCpuTimeMillis=0, sizeBytes=0, sizeBeforeBytes=0}
