04-15 15:20:57.149 894 1291 D BufferPoolAccessor2.0: evictor expired: 1, evicted: 0
04-15 15:20:57.149 455 893 D BufferPoolAccessor2.0: evictor expired: 1, evicted: 0
04-15 15:20:57.227 0 0 I binder : release 1452:1452 transaction 31242 out, still active
04-15 15:20:57.227 0 0 I binder : undelivered TRANSACTION_COMPLETE
04-15 15:20:57.336 193 193 I tombstoned: received crash request for pid 894
04-15 15:20:57.337 193 193 I tombstoned: found intercept fd 513 for pid 894 and type kDebuggerdJavaBacktrace
04-15 15:20:57.347 894 897 I ndroid.systemui: Wrote stack traces to tombstoned
04-15 15:20:57.348 193 193 W tombstoned: skipping tombstone file creation due to intercept
04-15 15:20:57.359 534 1461 I system_server: libdebuggerd_client: done dumping process 894
04-15 15:20:58.046 534 634 D ActivityManager: freezing 1287 com.android.cellbroadcastreceiver.module
04-15 15:20:58.060 534 1269 D WifiNl80211Manager: Scan result ready event
04-15 15:20:58.062 534 1269 D WifiNative: Scan result ready event
04-15 15:20:58.089 534 1020 W system_server: Long monitor contention with owner binder:534_A (1068) at void com.android.server.appop.AppOpsService.collectAsyncNotedOp(int, java.lang.String, int, java.lang.String, int, java.lang.String, boolean)(AppOpsService.java:2920) waiters=0 in com.android.server.appop.AppOpsService$PackageVerificationResult com.android.server.appop.AppOpsService.verifyAndGetBypass(int, java.lang.String, java.lang.String, java.lang.String, boolean) for 1.530s
04-15 15:20:58.106 534 1279 D CompatibilityChangeReporter: Compat change id reported: 170503758; UID 10121; state: ENABLED
04-15 15:20:58.116 534 1464 W system_server: Long monitor contention with owner binder:534_A (1068) at void com.android.server.appop.AppOpsService.collectAsyncNotedOp(int, java.lang.String, int, java.lang.String, int, java.lang.String, boolean)(AppOpsService.java:2920) waiters=1 in com.android.server.appop.AppOpsService$PackageVerificationResult com.android.server.appop.AppOpsService.verifyAndGetBypass(int, java.lang.String, java.lang.String, java.lang.String, boolean) for 2.897s
04-15 15:20:58.127 534 950 D OomAdjuster: Not killing cached processes
04-15 15:20:58.149 534 585 W system_server: Long monitor contention with owner binder:534_1 (550) at void com.android.server.power.PowerManagerService.acquireWakeLockInternal(android.os.IBinder, int, int, java.lang.String, java.lang.String, android.os.WorkSource, java.lang.String, int, int, android.os.IWakeLockCallback)(PowerManagerService.java:1633) waiters=0 in void com.android.server.power.PowerManagerService.handleSandman(int) for 1.818s
04-15 15:20:58.198 534 1435 I Telecom : Logging.Events: Non-call EVENT: AUDIO_ROUTE, Entering state QuiescentSpeakerRoute❗
04-15 15:20:58.228 0 0 I init : Untracked pid 1452 received signal 1
04-15 15:20:58.228 0 0 I init : Untracked pid 1452 did not have an associated service entry and will not be reaped
04-15 15:20:58.245 534 1435 I Telecom : BluetoothRouteManager: getBluetoothAudioConnectedDevice: no service available.❗
04-15 15:20:58.246 534 1435 D BluetoothAdapter: getActiveDevices(profile= HEARING_AID)
04-15 15:20:58.256 0 0 E binder : invalid inc weak node for 31247
04-15 15:20:58.257 0 0 I binder : 534:609 IncRefs 0 refcount change on invalid ref 596 ret -22
04-15 15:20:58.257 0 0 E binder : invalid inc weak node for 31249
04-15 15:20:58.280 0 0 I binder : 534:609 IncRefs 0 refcount change on invalid ref 597 ret -22
04-15 15:20:58.280 0 0 I binder : 609:534 cannot find target node
04-15 15:20:58.280 0 0 I binder : 534:609 transaction async to 0:0 failed 31369/29189/-22, size 104-0 line 3210
04-15 15:20:58.340 534 556 V PackageManager: reconcileAppsData finished 203 packages
04-15 15:20:58.341 534 556 V SystemServerTiming: reconcileAppsData-0 took to complete: 8497ms
04-15 15:20:58.341 534 556 V SystemServerTiming: UM.onBeforeUnlockUser-0 took to complete: 10411ms
04-15 15:20:58.341 534 556 I ActivityManager: User 0 state changed from RUNNING_LOCKED to RUNNING_UNLOCKING
04-15 15:20:58.346 1391 1391 D CompatibilityChangeReporter: Compat change id reported: 3400644; UID 10121; state: ENABLED
04-15 15:20:58.359 534 556 D ActivityManager: Unlocking user 0 progress 20
04-15 15:20:58.504 534 634 W system_server: Long monitor contention with owner binder:534_7 (950) at void com.android.server.am.OomAdjuster.performUpdateOomAdjPendingTargetsLocked(int)(OomAdjuster.java:920) waiters=0 in void com.android.server.am.CachedAppOptimizer.onProcessFrozen(com.android.server.am.ProcessRecord) for 258ms
04-15 15:20:58.844 534 556 W Looper : Drained
04-15 15:20:58.900 534 556 W Looper : Slow dispatch took 10914ms android.fg h=android.os.Handler c=com.android.server.am.UserController$$ExternalSyntheticLambda2@172ab94 m=0
04-15 15:20:58.901 534 556 W Looper : Slow delivery took 10974ms android.fg h=android.os.Handler c=com.android.server.am.UserController$$ExternalSyntheticLambda9@692563d m=0
04-15 15:20:58.918 534 609 E IPCThreadState: Binder transaction failure: 31369/29189/-22
04-15 15:20:58.937 534 546 W system_server: Suspending all threads took: 12.062ms
04-15 15:20:58.949 0 0 I binder : 609:534 reply target not found
04-15 15:20:58.949 0 0 I binder : 534:609 transaction reply to 0:0 failed 31393/29189/0, size 4-0 line 3140
04-15 15:20:58.949 0 0 I binder : send failed reply for transaction 31242, target dead
04-15 15:20:58.985 534 806 W system_server: Long monitor contention with owner binder:534_7 (950) at android.content.ComponentName com.android.server.am.ActivityManagerService.startService(android.app.IApplicationThread, android.content.Intent, java.lang.String, boolean, java.lang.String, java.lang.String, int, boolean, int, java.lang.String, java.lang.String)(ActivityManagerService.java:13195) waiters=0 in int com.android.server.am.ActivityManagerService.broadcastIntentWithFeature(android.app.IApplicationThread, java.lang.String, android.content.Intent, java.lang.String, android.content.IIntentReceiver, int, java.lang.String, android.os.Bundle, java.lang.String[], java.lang.String[], java.lang.String[], int, android.os.Bundle, boolean, boolean, int) for 864ms
04-15 15:20:58.995 534 806 D CompatibilityChangeReporter: Compat change id reported: 229362273; UID 10108; state: DISABLED
04-15 15:20:59.006 534 550 W system_server: Weak pointer dereference blocked for 59 milliseconds.
04-15 15:20:59.006 534 557 W system_server: Weak pointer dereference blocked for 14 milliseconds.
04-15 15:20:59.111 1391 1391 D nativeloader: Configuring clns-shared-6 for other apk /apex/com.android.extservices/priv-app/ExtServices@UE1A.230829.036.A1/ExtServices.apk. target_sdk_version=34, uses_libraries=, library_path=/apex/com.android.extservices/priv-app/ExtServices@UE1A.230829.036.A1/lib/x86_64:/apex/com.android.extservices/priv-app/ExtServices@UE1A.230829.036.A1/ExtServices.apk!/lib/x86_64:/system/lib64:/system_ext/lib64, permitted_path=/data:/mnt/expand:/data/user/0/android.ext.services:/apex/com.android.extservices/priv-app/ExtServices@UE1A.230829.036.A1:/system/lib64:/system_ext/lib64
04-15 15:20:59.132 1391 1391 D nativeloader: InitApexLibraries:
04-15 15:20:59.132 1391 1391 D nativeloader: com_android_adservices: libhpke_jni.so:libtflite_support_classifiers_native.so
04-15 15:20:59.132 1391 1391 D nativeloader: com_android_appsearch: libicing.so
04-15 15:20:59.132 1391 1391 D nativeloader: com_android_art: libartservice.so
04-15 15:20:59.132 1391 1391 D nativeloader: com_android_btservices: libbluetooth_jni.so
04-15 15:20:59.132 1391 1391 D nativeloader: com_android_conscrypt: libjavacrypto.so
04-15 15:20:59.132 1391 1391 D nativeloader: com_android_extservices: libtflite_support_classifiers_native.so
04-15 15:20:59.132 1391 1391 D nativeloader: com_android_os_statsd: libstats_jni.so
04-15 15:20:59.132 1391 1391 D nativeloader: com_android_tethering: libandroid_net_connectivity_com_android_net_module_util_jni.so:libcronet.114.0.5735.84.so:libframework-connectivity-jni.so:libframework-connectivity-tiramisu-jni.so:libservice-connectivity.so
04-15 15:20:59.132 1391 1391 D nativeloader: com_android_uwb: libuwb_uci_jni_rust.so
04-15 15:20:59.132 1391 1391 D nativeloader: com_android_virt: libvirtualizationservice_jni.so:libvirtualmachine_jni.so
04-15 15:20:59.158 455 893 D BufferPoolAccessor2.0: bufferpool2 0x7e043d174a08 : 0(0 size) total buffers - 0(0 size) used buffers - 5/7 (recycle/alloc) - 2/6 (fetch/transfer)
04-15 15:20:59.159 455 893 D BufferPoolAccessor2.0: evictor expired: 1, evicted: 1
04-15 15:20:59.225 1099 1219 I AdapterState: OFF : entered
04-15 15:20:59.233 1099 1219 D AdapterProperties: Setting state to OFF
04-15 15:20:59.234 1099 1110 E BluetoothAdapterService: getActiveDevices: HearingAidService is null
04-15 15:20:59.237 894 894 V SystemUIBootTiming: StartServices com.android.systemui.qs.pipeline.prototyping.PrototypeCoreStartable took to complete: 4327ms
04-15 15:20:59.238 894 894 W SystemUIService: Initialization of com.android.systemui.qs.pipeline.prototyping.PrototypeCoreStartable took 4328 ms
04-15 15:20:59.238 894 894 V SystemUIBootTiming: StartServices com.android.systemui.reardisplay.RearDisplayDialogController took to complete: 1ms
04-15 15:20:59.238 894 894 V SystemUIBootTiming: StartServices com.android.systemui.recents.Recents took to complete: 0ms
04-15 15:20:59.239 894 894 V SystemUIBootTiming: StartServices com.android.systemui.settings.UserFileManagerImpl took to complete: 0ms
04-15 15:20:59.241 1099 1219 D BluetoothAdapterService: updateAdapterState() - Broadcasting state OFF to 1 receivers.
04-15 15:20:59.276 1357 1421 I BinaryDictionaryFileDumper: reinitializeClientRecordInDictionaryContentProvider() : Insert DictionaryInfo : Id = 'main:en' : Locale=en : Version=54
04-15 15:20:59.291 894 894 V SystemUIBootTiming: StartServices com.android.systemui.shortcut.ShortcutKeyDispatcher took to complete: 51ms
04-15 15:20:59.297 1391 1391 V GraphicsEnvironment: Currently set values for:
04-15 15:20:59.298 1391 1391 V GraphicsEnvironment: angle_gl_driver_selection_pkgs=[]
04-15 15:20:59.298 1391 1391 V GraphicsEnvironment: angle_gl_driver_selection_values=[]
04-15 15:20:59.299 1391 1391 V GraphicsEnvironment: ANGLE GameManagerService for android.ext.services: false
04-15 15:20:59.304 1391 1391 V GraphicsEnvironment: android.ext.services is not listed in per-application setting
04-15 15:20:59.305 1391 1391 V GraphicsEnvironment: Neither updatable production driver nor prerelease driver is supported.
04-15 15:20:59.316 534 648 D BluetoothManagerService: MESSAGE_BLUETOOTH_STATE_CHANGE: BLE_TURNING_OFF > OFF
04-15 15:20:59.317 534 648 D BluetoothManagerService: Bluetooth is complete send Service Down
04-15 15:20:59.326 534 648 D BluetoothManagerService: Broadcasting onBluetoothServiceDown() to 3 receivers.
04-15 15:20:59.332 534 648 D BluetoothAdapter: onBluetoothServiceDown
04-15 15:20:59.333 534 648 D BluetoothManagerService: unbindAndFinish(): android.bluetooth.IBluetooth$Stub$Proxy@8a7ec8 mBinding = false mUnbinding = false
04-15 15:20:59.337 1099 1110 D BluetoothAdapter: onBluetoothServiceDown
04-15 15:20:59.338 894 1422 D BluetoothAdapter: onBluetoothServiceDown
04-15 15:20:59.339 534 812 W system_server: Long monitor contention with owner WifiScanningService (816) at boolean android.os.MessageQueue.enqueueMessage(android.os.Message, long)(MessageQueue.java:600) waiters=0 in android.os.Message android.os.MessageQueue.next() for 106ms
04-15 15:20:59.377 534 634 D ActivityManager: freezing 1343 com.android.cellbroadcastreceiver
04-15 15:20:59.402 534 568 D SystemServerTimingAsync: ssm.UnlockingUser-0
04-15 15:20:59.403 534 568 I SystemServiceManager: Calling onUnlockingUser 0
04-15 15:20:59.406 534 568 D SystemServerTimingAsync: ssm.onUnlockingUser-0_com.android.server.security.FileIntegrityService
04-15 15:20:59.406 534 568 V SystemServerTimingAsync: ssm.onUnlockingUser-0_com.android.server.security.FileIntegrityService took to complete: 0ms
04-15 15:20:59.407 534 568 D SystemServerTimingAsync: ssm.onUnlockingUser-0_com.android.server.pm.Installer
04-15 15:20:59.409 534 568 V SystemServerTimingAsync: ssm.onUnlockingUser-0_com.android.server.pm.Installer took to complete: 0ms
04-15 15:20:59.410 534 568 D SystemServerTimingAsync: ssm.onUnlockingUser-0_com.android.server.os.DeviceIdentifiersPolicyService
04-15 15:20:59.410 534 568 V SystemServerTimingAsync: ssm.onUnlockingUser-0_com.android.server.os.DeviceIdentifiersPolicyService took to complete: 0ms
04-15 15:20:59.412 534 568 D SystemServerTimingAsync: ssm.onUnlockingUser-0_com.android.server.uri.UriGrantsManagerService$Lifecycle
04-15 15:20:59.412 534 568 V SystemServerTimingAsync: ssm.onUnlockingUser-0_com.android.server.uri.UriGrantsManagerService$Lifecycle took to complete: 0ms
04-15 15:20:59.413 534 568 D SystemServerTimingAsync: ssm.onUnlockingUser-0_com.android.server.powerstats.PowerStatsService
04-15 15:20:59.413 534 568 V SystemServerTimingAsync: ssm.onUnlockingUser-0_com.android.server.powerstats.PowerStatsService took to complete: 0ms
04-15 15:20:59.414 534 568 D SystemServerTimingAsync: ssm.onUnlockingUser-0_com.android.server.permission.access.AccessCheckingService
04-15 15:20:59.414 534 568 V SystemServerTimingAsync: ssm.onUnlockingUser-0_com.android.server.permission.access.AccessCheckingService took to complete: 0ms
04-15 15:20:59.414 534 568 D SystemServerTimingAsync: ssm.onUnlockingUser-0_com.android.server.wm.ActivityTaskManagerService$Lifecycle
04-15 15:20:59.415 534 568 V SystemServerTimingAsync: ssm.onUnlockingUser-0_com.android.server.wm.ActivityTaskManagerService$Lifecycle took to complete: 0ms
04-15 15:20:59.415 534 568 D SystemServerTimingAsync: ssm.onUnlockingUser-0_com.android.server.am.ActivityManagerService$Lifecycle
04-15 15:20:59.452 894 894 V SystemUIBootTiming: StartServices com.android.systemui.statusbar.notification.InstantAppNotifier took to complete: 160ms
04-15 15:20:59.464 534 568 V SystemServerTimingAsync: ssm.onUnlockingUser-0_com.android.server.am.ActivityManagerService$Lifecycle took to complete: 0ms
04-15 15:20:59.464 534 568 D SystemServerTimingAsync: ssm.onUnlockingUser-0_com.android.server.pm.DataLoaderManagerService
04-15 15:20:59.464 534 568 V SystemServerTimingAsync: ssm.onUnlockingUser-0_com.android.server.pm.DataLoaderManagerService took to complete: 0ms
04-15 15:20:59.464 534 568 D SystemServerTimingAsync: ssm.onUnlockingUser-0_com.android.server.power.PowerManagerService
04-15 15:20:59.464 534 568 V SystemServerTimingAsync: ssm.onUnlockingUser-0_com.android.server.power.PowerManagerService took to complete: 0ms
04-15 15:20:59.464 534 568 D SystemServerTimingAsync: ssm.onUnlockingUser-0_com.android.server.power.ThermalManagerService
04-15 15:20:59.464 534 568 V SystemServerTimingAsync: ssm.onUnlockingUser-0_com.android.server.power.ThermalManagerService took to complete: 0ms
04-15 15:20:59.465 534 568 D SystemServerTimingAsync: ssm.onUnlockingUser-0_com.android.server.power.hint.HintManagerService
04-15 15:20:59.465 534 568 V SystemServerTimingAsync: ssm.onUnlockingUser-0_com.android.server.power.hint.HintManagerService took to complete: 0ms
04-15 15:20:59.465 534 568 D SystemServerTimingAsync: ssm.onUnlockingUser-0_com.android.server.recoverysystem.RecoverySystemService$Lifecycle
04-15 15:20:59.465 534 568 V SystemServerTimingAsync: ssm.onUnlockingUser-0_com.android.server.recoverysystem.RecoverySystemService$Lifecycle took to complete: 0ms
04-15 15:20:59.465 534 568 D SystemServerTimingAsync: ssm.onUnlockingUser-0_com.android.server.lights.LightsService
04-15 15:20:59.465 534 568 V SystemServerTimingAsync: ssm.onUnlockingUser-0_com.android.server.lights.LightsService took to complete: 0ms
04-15 15:20:59.465 534 568 D SystemServerTimingAsync: ssm.onUnlockingUser-0_com.android.server.display.DisplayManagerService
04-15 15:20:59.465 534 568 V SystemServerTimingAsync: ssm.onUnlockingUser-0_com.android.server.display.DisplayManagerService took to complete: 0ms
04-15 15:20:59.465 534 568 D SystemServerTimingAsync: ssm.onUnlockingUser-0_com.android.server.pm.verify.domain.DomainVerificationService
04-15 15:20:59.465 534 568 V SystemServerTimingAsync: ssm.onUnlockingUser-0_com.android.server.pm.verify.domain.DomainVerificationService took to complete: 0ms
04-15 15:20:59.465 534 568 D SystemServerTimingAsync: ssm.onUnlockingUser-0_com.android.server.pm.PackageInstallerService$Lifecycle
04-15 15:20:59.465 534 568 V SystemServerTimingAsync: ssm.onUnlockingUser-0_com.android.server.pm.PackageInstallerService$Lifecycle took to complete: 0ms
04-15 15:20:59.465 534 568 D SystemServerTimingAsync: ssm.onUnlockingUser-0_com.android.server.pm.UserManagerService$LifeCycle
04-15 15:20:59.466 534 568 V SystemServerTimingAsync: ssm.onUnlockingUser-0_com.android.server.pm.UserManagerService$LifeCycle took to complete: 1ms
04-15 15:20:59.466 534 568 D SystemServerTimingAsync: ssm.onUnlockingUser-0_com.android.server.om.OverlayManagerService
04-15 15:20:59.466 534 568 V SystemServerTimingAsync: ssm.onUnlockingUser-0_com.android.server.om.OverlayManagerService took to complete: 0ms
04-15 15:20:59.466 534 568 D SystemServerTimingAsync: ssm.onUnlockingUser-0_com.android.server.resources.ResourcesManagerService
04-15 15:20:59.466 534 568 V SystemServerTimingAsync: ssm.onUnlockingUser-0_com.android.server.resources.ResourcesManagerService took to complete: 0ms
04-15 15:20:59.466 534 568 D SystemServerTimingAsync: ssm.onUnlockingUser-0_com.android.server.sensorprivacy.SensorPrivacyService
04-15 15:20:59.467 534 568 V SystemServerTimingAsync: ssm.onUnlockingUser-0_com.android.server.sensorprivacy.SensorPrivacyService took to complete: 0ms
04-15 15:20:59.467 534 568 D SystemServerTimingAsync: ssm.onUnlockingUser-0_com.android.server.sensors.SensorService
04-15 15:20:59.467 534 568 V SystemServerTimingAsync: ssm.onUnlockingUser-0_com.android.server.sensors.SensorService took to complete: 0ms
04-15 15:20:59.467 534 568 D SystemServerTimingAsync: ssm.onUnlockingUser-0_com.android.server.SystemConfigService
04-15 15:20:59.467 534 568 V SystemServerTimingAsync: ssm.onUnlockingUser-0_com.android.server.SystemConfigService took to complete: 0ms
04-15 15:20:59.467 534 568 D SystemServerTimingAsync: ssm.onUnlockingUser-0_com.android.server.BatteryService
04-15 15:20:59.467 534 568 V SystemServerTimingAsync: ssm.onUnlockingUser-0_com.android.server.BatteryService took to complete: 0ms
04-15 15:20:59.467 534 568 D SystemServerTimingAsync: ssm.onUnlockingUser-0_com.android.server.usage.UsageStatsService
04-15 15:20:59.469 534 568 V SystemServerTimingAsync: ssm.onUnlockingUser-0_com.android.server.usage.UsageStatsService took to complete: 2ms
04-15 15:20:59.469 534 568 D SystemServerTimingAsync: ssm.onUnlockingUser-0_com.android.server.webkit.WebViewUpdateService
04-15 15:20:59.469 534 568 V SystemServerTimingAsync: ssm.onUnlockingUser-0_com.android.server.webkit.WebViewUpdateService took to complete: 0ms
04-15 15:20:59.469 534 568 D SystemServerTimingAsync: ssm.onUnlockingUser-0_com.android.server.CachedDeviceStateService
04-15 15:20:59.469 534 568 V SystemServerTimingAsync: ssm.onUnlockingUser-0_com.android.server.CachedDeviceStateService took to complete: 0ms
04-15 15:20:59.469 534 568 D SystemServerTimingAsync: ssm.onUnlockingUser-0_com.android.server.BinderCallsStatsService$LifeCycle
04-15 15:20:59.470 534 568 V SystemServerTimingAsync: ssm.onUnlockingUser-0_com.android.server.BinderCallsStatsService$LifeCycle took to complete: 0ms
04-15 15:20:59.470 534 568 D SystemServerTimingAsync: ssm.onUnlockingUser-0_com.android.server.LooperStatsService$Lifecycle
04-15 15:20:59.470 534 568 V SystemServerTimingAsync: ssm.onUnlockingUser-0_com.android.server.LooperStatsService$Lifecycle took to complete: 0ms
04-15 15:20:59.470 534 568 D SystemServerTimingAsync: ssm.onUnlockingUser-0_com.android.server.rollback.RollbackManagerService
04-15 15:20:59.483 534 568 V SystemServerTimingAsync: ssm.onUnlockingUser-0_com.android.server.rollback.RollbackManagerService took to complete: 14ms
04-15 15:20:59.506 0 0 I apexd : destroyCeSnapshotsNotSpecified() received by ApexService user_id : 0 retain_rollback_ids : []
04-15 15:20:59.483 534 568 D SystemServerTimingAsync: ssm.onUnlockingUser-0_com.android.server.os.NativeTombstoneManagerService
04-15 15:20:59.593 534 1269 I ActivityManager: Flag disabled. Ignoring finishAttachApplication from uid: 10121. pid: 1391
04-15 15:20:59.612 534 556 W Looper : Slow dispatch took 496ms android.fg h=com.android.server.DropBoxManagerService$DropBoxManagerBroadcastHandler c=null m=2
04-15 15:20:59.646 894 894 V SystemUIBootTiming: StartServices com.android.systemui.statusbar.notification.interruption.KeyguardNotificationVisibilityProviderImpl took to complete: 194ms
04-15 15:20:59.652 534 568 V SystemServerTimingAsync: ssm.onUnlockingUser-0_com.android.server.os.NativeTombstoneManagerService took to complete: 0ms
04-15 15:20:59.653 534 568 D SystemServerTimingAsync: ssm.onUnlockingUser-0_com.android.server.os.BugreportManagerService
04-15 15:20:59.653 534 568 V SystemServerTimingAsync: ssm.onUnlockingUser-0_com.android.server.os.BugreportManagerService took to complete: 0ms
04-15 15:20:59.654 534 568 D SystemServerTimingAsync: ssm.onUnlockingUser-0_com.android.server.gpu.GpuService
04-15 15:20:59.656 534 568 V SystemServerTimingAsync: ssm.onUnlockingUser-0_com.android.server.gpu.GpuService took to complete: 0ms
04-15 15:20:59.657 534 568 D SystemServerTimingAsync: ssm.onUnlockingUser-0_com.android.server.security.rkp.RemoteProvisioningService
04-15 15:20:59.684 534 568 V SystemServerTimingAsync: ssm.onUnlockingUser-0_com.android.server.security.rkp.RemoteProvisioningService took to complete: 0ms
04-15 15:20:59.685 534 568 D SystemServerTimingAsync: ssm.onUnlockingUser-0_com.android.server.cpu.CpuMonitorService
04-15 15:20:59.777 534 568 V SystemServerTimingAsync: ssm.onUnlockingUser-0_com.android.server.cpu.CpuMonitorService took to complete: 0ms
04-15 15:20:59.777 534 568 D SystemServerTimingAsync: ssm.onUnlockingUser-0_com.android.server.security.KeyChainSystemService
04-15 15:20:59.777 534 568 V SystemServerTimingAsync: ssm.onUnlockingUser-0_com.android.server.security.KeyChainSystemService took to complete: 0ms
04-15 15:20:59.777 534 568 D SystemServerTimingAsync: ssm.onUnlockingUser-0_com.android.server.BinaryTransparencyService
04-15 15:20:59.777 534 568 V SystemServerTimingAsync: ssm.onUnlockingUser-0_com.android.server.BinaryTransparencyService took to complete: 0ms
04-15 15:20:59.777 534 568 D SystemServerTimingAsync: ssm.onUnlockingUser-0_com.android.server.telecom.TelecomLoaderService
04-15 15:20:59.777 534 568 V SystemServerTimingAsync: ssm.onUnlockingUser-0_com.android.server.telecom.TelecomLoaderService took to complete: 0ms
04-15 15:20:59.778 534 568 D SystemServerTimingAsync: ssm.onUnlockingUser-0_com.android.server.accounts.AccountManagerService$Lifecycle
04-15 15:20:59.778 534 568 V SystemServerTimingAsync: ssm.onUnlockingUser-0_com.android.server.accounts.AccountManagerService$Lifecycle took to complete: 0ms
04-15 15:20:59.778 534 568 D SystemServerTimingAsync: ssm.onUnlockingUser-0_com.android.server.content.ContentService$Lifecycle
04-15 15:20:59.778 534 568 V SystemServerTimingAsync: ssm.onUnlockingUser-0_com.android.server.content.ContentService$Lifecycle took to complete: 1ms
04-15 15:20:59.778 534 568 D SystemServerTimingAsync: ssm.onUnlockingUser-0_com.android.server.deviceconfig.DeviceConfigInit$Lifecycle
04-15 15:20:59.780 534 1434 I ActivityManager: dumpStackTraces pids={904=true, 1099=true, 1130=true, 1186=true, 1287=true, 1343=true, 1357=true, 1391=true}
04-15 15:20:59.811 534 806 I StatusBarManagerService: registerStatusBar bar=com.android.internal.statusbar.IStatusBar$Stub$Proxy@aa99fa7
04-15 15:20:59.821 534 1279 W system_server: Long monitor contention with owner BluetoothManagerService (648) at boolean com.android.server.am.ActivityManagerService.unbindService(android.app.IServiceConnection)(ActivityManagerService.java:13426) waiters=2 in int com.android.server.am.ActivityManagerService.broadcastIntentWithFeature(android.app.IApplicationThread, java.lang.String, android.content.Intent, java.lang.String, android.content.IIntentReceiver, int, java.lang.String, android.os.Bundle, java.lang.String[], java.lang.String[], java.lang.String[], int, android.os.Bundle, boolean, boolean, int) for 276ms
04-15 15:20:59.835 534 546 I system_server: Background young concurrent copying GC freed 257558(12MB) AllocSpace objects, 19(424KB) LOS objects, 33% free, 17MB/26MB, paused 4.103ms,13.011ms total 13.567s
04-15 15:20:59.916 1099 1099 D BtGatt.SyncManager: advertise manager created
04-15 15:20:59.918 1099 1099 D BtGatt.GattService: setGattService(): set to: com.android.bluetooth.gatt.GattService@ab130ad
04-15 15:20:59.936 1357 1421 I BinaryDictionaryFileDumper: reinitializeClientRecordInDictionaryContentProvider() : Insert DictionaryInfo : Id = 'main:es' : Locale=es : Version=54
04-15 15:21:00.040 534 623 W JobServiceContext: Timed out while trying to bind for e9516fd #1000/237039804 android/com.android.server.notification.NotificationHistoryJobService
04-15 15:21:00.041 534 623 I ActivityManager: Skip duplicated ANR, pid=534 Timed out while trying to bind
04-15 15:21:00.044 534 557 W Looper : Slow dispatch took 224ms android.ui h=com.android.server.am.ActivityManagerService$UiHandler c=com.android.server.am.UidObserverController$$ExternalSyntheticLambda0@3ef3a60 m=0
04-15 15:21:00.046 534 556 W Looper : Slow dispatch took 274ms android.fg h=com.android.server.DropBoxManagerService$DropBoxManagerBroadcastHandler c=null m=2
04-15 15:21:00.048 534 568 V SystemServerTimingAsync: ssm.onUnlockingUser-0_com.android.server.deviceconfig.DeviceConfigInit$Lifecycle took to complete: 140ms
04-15 15:21:00.048 534 568 D SystemServerTimingAsync: ssm.onUnlockingUser-0_com.android.server.DropBoxManagerService
04-15 15:21:00.048 534 568 V SystemServerTimingAsync: ssm.onUnlockingUser-0_com.android.server.DropBoxManagerService took to complete: 0ms
04-15 15:21:00.048 534 568 D SystemServerTimingAsync: ssm.onUnlockingUser-0_com.android.role.RoleService
04-15 15:21:00.048 534 568 V SystemServerTimingAsync: ssm.onUnlockingUser-0_com.android.role.RoleService took to complete: 0ms
04-15 15:21:00.048 534 568 D SystemServerTimingAsync: ssm.onUnlockingUser-0_com.android.server.vibrator.VibratorManagerService$Lifecycle
04-15 15:21:00.048 534 568 V SystemServerTimingAsync: ssm.onUnlockingUser-0_com.android.server.vibrator.VibratorManagerService$Lifecycle took to complete: 0ms
04-15 15:21:00.048 534 568 D SystemServerTimingAsync: ssm.onUnlockingUser-0_com.android.server.tare.InternalResourceService
04-15 15:21:00.048 534 568 V SystemServerTimingAsync: ssm.onUnlockingUser-0_com.android.server.tare.InternalResourceService took to complete: 0ms
04-15 15:21:00.049 534 568 D SystemServerTimingAsync: ssm.onUnlockingUser-0_com.android.server.alarm.AlarmManagerService
04-15 15:21:00.049 534 568 V SystemServerTimingAsync: ssm.onUnlockingUser-0_com.android.server.alarm.AlarmManagerService took to complete: 0ms
04-15 15:21:00.049 534 568 D SystemServerTimingAsync: ssm.onUnlockingUser-0_com.android.server.devicestate.DeviceStateManagerService
04-15 15:21:00.049 534 568 V SystemServerTimingAsync: ssm.onUnlockingUser-0_com.android.server.devicestate.DeviceStateManagerService took to complete: 0ms
04-15 15:21:00.049 534 568 D SystemServerTimingAsync: ssm.onUnlockingUser-0_com.android.server.camera.CameraServiceProxy
04-15 15:21:00.049 534 568 V SystemServerTimingAsync: ssm.onUnlockingUser-0_com.android.server.camera.CameraServiceProxy took to complete: 0ms
04-15 15:21:00.049 534 568 D SystemServerTimingAsync: ssm.onUnlockingUser-0_com.android.server.bluetooth.BluetoothService
04-15 15:21:00.049 534 568 D BluetoothManagerService: User UserHandle{0} unlocked
04-15 15:21:00.049 534 568 V SystemServerTimingAsync: ssm.onUnlockingUser-0_com.android.server.bluetooth.BluetoothService took to complete: 0ms
04-15 15:21:00.049 534 568 D SystemServerTimingAsync: ssm.onUnlockingUser-0_com.android.server.connectivity.IpConnectivityMetrics
04-15 15:21:00.050 534 568 V SystemServerTimingAsync: ssm.onUnlockingUser-0_com.android.server.connectivity.IpConnectivityMetrics took to complete: 0ms
04-15 15:21:00.050 534 568 D SystemServerTimingAsync: ssm.onUnlockingUser-0_com.android.server.net.watchlist.NetworkWatchlistService$Lifecycle
04-15 15:21:00.050 534 568 V SystemServerTimingAsync: ssm.onUnlockingUser-0_com.android.server.net.watchlist.NetworkWatchlistService$Lifecycle took to complete: 0ms
04-15 15:21:00.050 534 568 D SystemServerTimingAsync: ssm.onUnlockingUser-0_com.android.server.PinnerService
04-15 15:21:00.050 534 568 V SystemServerTimingAsync: ssm.onUnlockingUser-0_com.android.server.PinnerService took to complete: 1ms
04-15 15:21:00.050 534 568 D SystemServerTimingAsync: ssm.onUnlockingUser-0_com.android.server.integrity.AppIntegrityManagerService
04-15 15:21:00.050 534 568 V SystemServerTimingAsync: ssm.onUnlockingUser-0_com.android.server.integrity.AppIntegrityManagerService took to complete: 0ms
04-15 15:21:00.050 534 568 D SystemServerTimingAsync: ssm.onUnlockingUser-0_com.android.server.logcat.LogcatManagerService
04-15 15:21:00.050 534 568 V SystemServerTimingAsync: ssm.onUnlockingUser-0_com.android.server.logcat.LogcatManagerService took to complete: 0ms
04-15 15:21:00.050 534 568 D SystemServerTimingAsync: ssm.onUnlockingUser-0_com.android.server.inputmethod.InputMethodManagerService$Lifecycle
04-15 15:21:00.051 534 568 V SystemServerTimingAsync: ssm.onUnlockingUser-0_com.android.server.inputmethod.InputMethodManagerService$Lifecycle took to complete: 0ms
04-15 15:21:00.051 534 568 D SystemServerTimingAsync: ssm.onUnlockingUser-0_com.android.server.accessibility.AccessibilityManagerService$Lifecycle
04-15 15:21:00.051 534 568 V SystemServerTimingAsync: ssm.onUnlockingUser-0_com.android.server.accessibility.AccessibilityManagerService$Lifecycle took to complete: 0ms
04-15 15:21:00.051 534 568 D SystemServerTimingAsync: ssm.onUnlockingUser-0_com.android.server.StorageManagerService$Lifecycle
04-15 15:21:00.051 534 568 D StorageManagerService: onUnlockUser 0
04-15 15:21:00.051 534 568 I StorageSessionController: On user unlock 0
04-15 15:21:00.051 534 568 I StorageSessionController: Initialialising...
04-15 15:21:00.066 143 143 I vold : onUserStarted: 0
04-15 15:21:00.083 534 568 V SystemServerTimingAsync: ssm.onUnlockingUser-0_com.android.server.StorageManagerService$Lifecycle took to complete: 32ms
04-15 15:21:00.083 534 568 D SystemServerTimingAsync: ssm.onUnlockingUser-0_com.android.server.usage.StorageStatsService$Lifecycle
04-15 15:21:00.083 534 568 V SystemServerTimingAsync: ssm.onUnlockingUser-0_com.android.server.usage.StorageStatsService$Lifecycle took to complete: 0ms
04-15 15:21:00.083 534 568 D SystemServerTimingAsync: ssm.onUnlockingUser-0_com.android.server.UiModeManagerService
04-15 15:21:00.083 534 568 V SystemServerTimingAsync: ssm.onUnlockingUser-0_com.android.server.UiModeManagerService took to complete: 0ms
04-15 15:21:00.083 534 568 D SystemServerTimingAsync: ssm.onUnlockingUser-0_com.android.server.locales.LocaleManagerService
04-15 15:21:00.083 534 568 V SystemServerTimingAsync: ssm.onUnlockingUser-0_com.android.server.locales.LocaleManagerService took to complete: 0ms
04-15 15:21:00.083 534 568 D SystemServerTimingAsync: ssm.onUnlockingUser-0_com.android.server.grammaticalinflection.GrammaticalInflectionService
04-15 15:21:00.083 534 568 V SystemServerTimingAsync: ssm.onUnlockingUser-0_com.android.server.grammaticalinflection.GrammaticalInflectionService took to complete: 0ms
04-15 15:21:00.083 534 568 D SystemServerTimingAsync: ssm.onUnlockingUser-0_com.android.server.apphibernation.AppHibernationService
04-15 15:21:00.089 534 1349 I HibernationStateDiskStore: No hibernation file on disk for file /data/system_ce/0/hibernation/states
04-15 15:21:00.096 534 568 V SystemServerTimingAsync: ssm.onUnlockingUser-0_com.android.server.apphibernation.AppHibernationService took to complete: 12ms
04-15 15:21:00.104 534 648 D BluetoothManagerService: Sending BLE State Change: BLE_TURNING_OFF > OFF
04-15 15:21:00.105 534 648 D BluetoothManagerService: Entering STATE_OFF but mEnabled is true; restarting.
04-15 15:21:00.107 534 648 E BluetoothManagerService: waitForState [10] Bluetooth is not unbind
04-15 15:21:00.107 534 648 D BluetoothManagerService: MESSAGE_USER_UNLOCKED
04-15 15:21:00.107 534 648 D BluetoothManagerService: Enabled but not bound; retrying after unlock
04-15 15:21:00.108 534 648 D BluetoothManagerService: binding Bluetooth service
04-15 15:21:00.116 534 568 D SystemServerTimingAsync: ssm.onUnlockingUser-0_com.android.server.locksettings.LockSettingsService$Lifecycle
04-15 15:21:00.116 534 568 V SystemServerTimingAsync: ssm.onUnlockingUser-0_com.android.server.locksettings.LockSettingsService$Lifecycle took to complete: 0ms
04-15 15:21:00.117 534 568 D SystemServerTimingAsync: ssm.onUnlockingUser-0_com.android.server.testharness.TestHarnessModeService
04-15 15:21:00.118 534 568 V SystemServerTimingAsync: ssm.onUnlockingUser-0_com.android.server.testharness.TestHarnessModeService took to complete: 0ms
04-15 15:21:00.118 534 568 D SystemServerTimingAsync: ssm.onUnlockingUser-0_com.android.server.DeviceIdleController
04-15 15:21:00.118 534 568 V SystemServerTimingAsync: ssm.onUnlockingUser-0_com.android.server.DeviceIdleController took to complete: 0ms
04-15 15:21:00.118 534 568 D SystemServerTimingAsync: ssm.onUnlockingUser-0_com.android.server.devicepolicy.DevicePolicyManagerService$Lifecycle
04-15 15:21:00.119 534 568 V SystemServerTimingAsync: ssm.onUnlockingUser-0_com.android.server.devicepolicy.DevicePolicyManagerService$Lifecycle took to complete: 1ms
04-15 15:21:00.123 534 568 D SystemServerTimingAsync: ssm.onUnlockingUser-0_com.android.server.texttospeech.TextToSpeechManagerService
04-15 15:21:00.135 534 551 V StorageManagerService: Found primary storage at VolumeInfo{emulated;0}:
04-15 15:21:00.135 534 551 V StorageManagerService: type=EMULATED diskId=null partGuid= mountFlags=0 mountUserId=0
04-15 15:21:00.135 534 551 V StorageManagerService: state=UNMOUNTED
04-15 15:21:00.135 534 551 V StorageManagerService: fsType=null fsUuid=null fsLabel=null
04-15 15:21:00.135 534 551 V StorageManagerService: path=null internalPath=null
04-15 15:21:00.139 534 656 I StorageManagerService: Mounting volume VolumeInfo{emulated;0}:
04-15 15:21:00.139 534 656 I StorageManagerService: type=EMULATED diskId=null partGuid= mountFlags=PRIMARY|VISIBLE_FOR_WRITE
04-15 15:21:00.139 534 656 I StorageManagerService: mountUserId=0 state=UNMOUNTED
04-15 15:21:00.139 534 656 I StorageManagerService: fsType=null fsUuid=null fsLabel=null
04-15 15:21:00.139 534 656 I StorageManagerService: path=null internalPath=null
04-15 15:21:00.150 143 143 I vold : Mounting emulated fuse volume
04-15 15:21:00.159 534 807 D LockSettingsService: Hiding encryption notification for user 0
04-15 15:21:00.161 534 1493 I Telecom : CallAudioModeStateMachine: Audio focus entering UNFOCUSED state❗
04-15 15:21:00.201 534 568 W SystemServiceManager: Service com.android.server.texttospeech.TextToSpeechManagerService took 77 ms in onUnlockingUser-0
04-15 15:21:00.202 534 568 V SystemServerTimingAsync: ssm.onUnlockingUser-0_com.android.server.texttospeech.TextToSpeechManagerService took to complete: 77ms
04-15 15:21:00.202 534 568 D SystemServerTimingAsync: ssm.onUnlockingUser-0_com.android.server.ambientcontext.AmbientContextManagerService
04-15 15:21:00.203 534 568 I AmbientContextManagerService: serviceNames sent in newServiceListLocked is null, or empty
04-15 15:21:00.210 534 568 V SystemServerTimingAsync: ssm.onUnlockingUser-0_com.android.server.ambientcontext.AmbientContextManagerService took to complete: 8ms
04-15 15:21:00.212 534 568 D SystemServerTimingAsync: ssm.onUnlockingUser-0_com.android.server.wearable.WearableSensingManagerService
04-15 15:21:00.220 1099 1099 D BtGatt.GattService: stop()
04-15 15:21:00.306 143 143 I vold : Bind mounting /data/media to /mnt/pass_through/0/emulated
04-15 15:21:00.308 894 1291 D BufferPoolAccessor2.0: bufferpool2 0x7745cfc45368 : 0(0 size) total buffers - 0(0 size) used buffers - 1/7 (recycle/alloc) - 8/18 (fetch/transfer)
04-15 15:21:00.311 534 656 I StorageSessionController: On volume mount VolumeInfo{emulated;0}:
04-15 15:21:00.311 534 656 I StorageSessionController: type=EMULATED diskId=null partGuid= mountFlags=PRIMARY|VISIBLE_FOR_WRITE
04-15 15:21:00.311 534 656 I StorageSessionController: mountUserId=0 state=CHECKING
04-15 15:21:00.311 534 656 I StorageSessionController: fsType=null fsUuid=null fsLabel=null
04-15 15:21:00.311 534 656 I StorageSessionController: path=/storage/emulated internalPath=/data/media
04-15 15:21:00.316 894 1291 D BufferPoolAccessor2.0: evictor expired: 1, evicted: 1
04-15 15:21:00.318 534 656 I StorageSessionController: Creating connection for user: 0
04-15 15:21:00.328 1099 1099 D BtGatt.GattService: setGattService(): set to: null
04-15 15:21:00.329 1099 1099 D BtGatt.GattService: cleanup()
04-15 15:21:00.329 1099 1099 W droid.bluetooth: [0415/152100.329572:WARNING:bta_gattc_api.cc(68)] GATTC Module not enabled/already disabled
04-15 15:21:00.330 1099 1099 W droid.bluetooth: [0415/152100.330088:WARNING:bta_gatts_api.cc(62)] GATTS Module not enabled/already disabled
04-15 15:21:00.330 1099 1099 D BtGatt.AdvertiseManager: cleanup()
04-15 15:21:00.350 534 1434 I ActivityManager: Dumping to /data/anr/anr_2026-04-15-15-20-59-780
04-15 15:21:00.380 534 811 W system_server: Long monitor contention with owner BluetoothManagerService (648) at boolean com.android.server.am.OomAdjuster.updateOomAdjLocked(com.android.server.am.ProcessRecord, int)(OomAdjuster.java:609) waiters=0 in void com.android.server.am.ActivityManagerService$LocalService.notifyNetworkPolicyRulesUpdated(int, long) for 128ms
04-15 15:21:00.384 534 656 I StorageSessionController: Creating and starting session with id: emulated;0
04-15 15:21:00.436 534 656 I StorageUserConnection: Binding to the ExternalStorageService for user 0
04-15 15:21:00.449 534 568 W system_server: Long monitor contention with owner android.imms (651) at void com.android.providers.settings.GenerationRegistry.incrementGenerationInternal(int, java.lang.String)(GenerationRegistry.java:116) waiters=1 in com.android.providers.settings.SettingsState$Setting com.android.providers.settings.SettingsProvider.getSecureSetting(java.lang.String, int) for 236ms
04-15 15:21:00.480 534 1493 I Telecom : CallAudioModeStateMachine: Message received: null.: TS.init->CAMSM.pM_1@AAA❗
04-15 15:21:00.489 1489 1489 I abb : StartCommandInProcess(73657474696e67730067657400676c6f settings.get.glo [truncated])
04-15 15:21:00.497 534 547 W JavaBinder: BinderProxy is being destroyed but the application did not call unlinkToDeath to unlink all of its death recipients beforehand. Releasing leaked death recipient: com.android.server.am.ActivityManagerService$14
04-15 15:21:00.498 534 547 I BpBinder: onLastStrongRef automatically unlinking death recipients:
04-15 15:21:00.502 534 821 D ConnectivityService: NetReassign [no changes] [c 0] [a 0] [i 1]
04-15 15:21:00.510 534 534 I Telecom : MissedCallNotifierImpl: reloadFromDatabase: Boot not yet complete -- call log db may not be available. Deferring loading until boot complete for user 0: TS.init@AAA❗
04-15 15:21:00.511 534 648 D BluetoothManagerService: MESSAGE_RESTART_BLUETOOTH_SERVICE: retry count=1
04-15 15:21:00.537 534 633 W system_server: Long monitor contention with owner android.imms (651) at void com.android.providers.settings.GenerationRegistry.incrementGenerationInternal(int, java.lang.String)(GenerationRegistry.java:116) waiters=2 in void com.android.providers.settings.SettingsState.doWriteState() for 153ms
04-15 15:21:00.537 534 568 D WearableSensingManagerService: onServiceRemoved
04-15 15:21:00.538 534 568 D WearableSensingManagerPerUserService: Trying to cancel the remote request. Reason: Service destroyed.
04-15 15:21:00.538 534 568 W SystemServiceManager: Service com.android.server.wearable.WearableSensingManagerService took 325 ms in onUnlockingUser-0
04-15 15:21:00.538 534 568 V SystemServerTimingAsync: ssm.onUnlockingUser-0_com.android.server.wearable.WearableSensingManagerService took to complete: 325ms
04-15 15:21:00.538 534 568 D SystemServerTimingAsync: ssm.onUnlockingUser-0_com.android.server.speech.SpeechRecognitionManagerService
04-15 15:21:00.538 534 623 W system_server: Long monitor contention with owner BluetoothManagerService (648) at int com.android.server.am.ActivityManagerService.bindServiceInstance(android.app.IApplicationThread, android.os.IBinder, android.content.Intent, java.lang.String, android.app.IServiceConnection, long, java.lang.String, boolean, int, java.lang.String, android.app.IApplicationThread, java.lang.String, int)(ActivityManagerService.java:13404) waiters=0 in boolean com.android.server.am.ActivityManagerService.unbindService(android.app.IServiceConnection) for 340ms
04-15 15:21:00.552 534 568 V SystemServerTimingAsync: ssm.onUnlockingUser-0_com.android.server.speech.SpeechRecognitionManagerService took to complete: 14ms
04-15 15:21:00.552 534 568 D SystemServerTimingAsync: ssm.onUnlockingUser-0_com.android.server.searchui.SearchUiManagerService
04-15 15:21:00.553 534 568 V SystemServerTimingAsync: ssm.onUnlockingUser-0_com.android.server.searchui.SearchUiManagerService took to complete: 0ms
04-15 15:21:00.553 534 568 D SystemServerTimingAsync: ssm.onUnlockingUser-0_com.android.server.smartspace.SmartspaceManagerService
04-15 15:21:00.553 534 568 V SystemServerTimingAsync: ssm.onUnlockingUser-0_com.android.server.smartspace.SmartspaceManagerService took to complete: 0ms
04-15 15:21:00.553 534 568 D SystemServerTimingAsync: ssm.onUnlockingUser-0_com.android.server.graphics.fonts.FontManagerService$Lifecycle
04-15 15:21:00.553 534 568 V SystemServerTimingAsync: ssm.onUnlockingUser-0_com.android.server.graphics.fonts.FontManagerService$Lifecycle took to complete: 0ms
04-15 15:21:00.553 534 568 D SystemServerTimingAsync: ssm.onUnlockingUser-0_com.android.server.textservices.TextServicesManagerService$Lifecycle
04-15 15:21:00.559 534 1269 W system_server: Long monitor contention with owner BluetoothManagerService (648) at int com.android.server.am.ActivityManagerService.bindServiceInstance(android.app.IApplicationThread, android.os.IBinder, android.content.Intent, java.lang.String, android.app.IServiceConnection, long, java.lang.String, boolean, int, java.lang.String, android.app.IApplicationThread, java.lang.String, int)(ActivityManagerService.java:13404) waiters=1 in android.app.ContentProviderHolder com.android.server.am.ContentProviderHelper.getContentProviderImpl(android.app.IApplicationThread, java.lang.String, android.os.IBinder, int, java.lang.String, java.lang.String, boolean, int) for 346ms
04-15 15:21:00.560 534 534 W binder:534_8: type=1400 audit(0.0:8): avc: denied { getopt } for scontext=u:r:system_server:s0 tcontext=u:r:shell:s0 tclass=unix_stream_socket permissive=0
04-15 15:21:00.574 534 551 W system_server: Long monitor contention with owner BluetoothManagerService (648) at int com.android.server.am.ActivityManagerService.bindServiceInstance(android.app.IApplicationThread, android.os.IBinder, android.content.Intent, java.lang.String, android.app.IServiceConnection, long, java.lang.String, boolean, int, java.lang.String, android.app.IApplicationThread, java.lang.String, int)(ActivityManagerService.java:13404) waiters=2 in void com.android.server.am.ActivityManagerService.serviceDoneExecuting(android.os.IBinder, int, int, int) for 360ms
04-15 15:21:00.574 534 557 W system_server: Long monitor contention with owner BluetoothManagerService (648) at int com.android.server.am.ActivityManagerService.bindServiceInstance(android.app.IApplicationThread, android.os.IBinder, android.content.Intent, java.lang.String, android.app.IServiceConnection, long, java.lang.String, boolean, int, java.lang.String, android.app.IApplicationThread, java.lang.String, int)(ActivityManagerService.java:13404) waiters=3 in void com.android.server.am.BroadcastQueueModernImpl$1.onUidStateChanged(int, int, long, int) for 350ms
04-15 15:21:00.585 534 556 W Looper : Drained
04-15 15:21:00.587 534 557 W Looper : Drained
04-15 15:21:00.587 534 557 W Looper : Slow dispatch took 364ms android.ui h=com.android.server.am.ActivityManagerService$UiHandler c=com.android.server.am.UidObserverController$$ExternalSyntheticLambda0@3ef3a60 m=0
04-15 15:21:00.600 534 534 W binder:534_8: type=1400 audit(0.0:9): avc: denied { getopt } for scontext=u:r:system_server:s0 tcontext=u:r:shell:s0 tclass=unix_stream_socket permissive=0
04-15 15:21:00.600 534 534 W binder:534_8: type=1400 audit(0.0:10): avc: denied { getopt } for scontext=u:r:system_server:s0 tcontext=u:r:shell:s0 tclass=unix_stream_socket permissive=0
04-15 15:21:00.615 894 894 W ConstraintSet: Unknown attribute 0x39 0
04-15 15:21:00.619 894 894 W ConstraintSet: Unknown attribute 0x39 0
04-15 15:21:00.619 894 894 W ConstraintSet: Unknown attribute 0x39 0
04-15 15:21:00.624 1489 1489 I abb : StartCommandInProcess(7061636b61676500696e7374616c6c00 package.install. [truncated])
04-15 15:21:00.626 1357 1421 I BinaryDictionaryFileDumper: reinitializeClientRecordInDictionaryContentProvider() : Insert DictionaryInfo : Id = 'main:fr' : Locale=fr : Version=54
04-15 15:21:00.629 894 894 W ConstraintSet: Unknown attribute 0x39 0
04-15 15:21:00.682 534 656 W ActivityManager: Slow operation: 59ms so far, now at startProcess: getting gids from package manager
04-15 15:21:00.731 534 1269 I DefaultPermGrantPolicy: Revoking permissions from disabled data services for user:0
04-15 15:21:00.766 534 656 W ActivityManager: Slow operation: 131ms so far, now at startProcess: building args
04-15 15:21:00.809 534 547 W JavaBinder: BinderProxy is being destroyed but the application did not call unlinkToDeath to unlink all of its death recipients beforehand. Releasing leaked death recipient: com.android.server.am.ActivityManagerService$14
04-15 15:21:00.810 534 547 I BpBinder: onLastStrongRef automatically unlinking death recipients:
04-15 15:21:00.819 534 1269 I DefaultPermGrantPolicy: Granting permissions to enabled data services for user:0
04-15 15:21:00.826 534 567 W system_server: Long monitor contention with owner appscheduling.default (623) at void com.android.server.job.JobSchedulerService.onControllerStateChanged(android.util.ArraySet)(JobSchedulerService.java:3113) waiters=0 in android.app.job.JobInfo com.android.server.job.JobSchedulerService.getPendingJob(int, java.lang.String, int) for 219ms
04-15 15:21:00.849 534 568 W SystemServiceManager: Service com.android.server.textservices.TextServicesManagerService$Lifecycle took 296 ms in onUnlockingUser-0
04-15 15:21:00.849 534 568 V SystemServerTimingAsync: ssm.onUnlockingUser-0_com.android.server.textservices.TextServicesManagerService$Lifecycle took to complete: 296ms
04-15 15:21:00.850 534 568 D SystemServerTimingAsync: ssm.onUnlockingUser-0_com.android.server.textclassifier.TextClassificationManagerService$Lifecycle
04-15 15:21:00.850 534 568 V SystemServerTimingAsync: ssm.onUnlockingUser-0_com.android.server.textclassifier.TextClassificationManagerService$Lifecycle took to complete: 1ms
04-15 15:21:00.851 534 568 D SystemServerTimingAsync: ssm.onUnlockingUser-0_com.android.server.NetworkScoreService$Lifecycle
04-15 15:21:00.851 534 568 V SystemServerTimingAsync: ssm.onUnlockingUser-0_com.android.server.NetworkScoreService$Lifecycle took to complete: 0ms
04-15 15:21:00.851 534 568 D SystemServerTimingAsync: ssm.onUnlockingUser-0_com.android.server.NetworkStatsServiceInitializer
04-15 15:21:00.851 534 568 V SystemServerTimingAsync: ssm.onUnlockingUser-0_com.android.server.NetworkStatsServiceInitializer took to complete: 0ms
04-15 15:21:00.851 534 568 D SystemServerTimingAsync: ssm.onUnlockingUser-0_com.android.server.wifi.WifiService
04-15 15:21:00.851 534 568 D WifiService: Handle user unlock 0
04-15 15:21:00.857 534 656 D CompatibilityChangeReporter: Compat change id reported: 135634846; UID 10123; state: DISABLED
04-15 15:21:00.862 534 567 I UsageStatsService: Starting migration to system CE for user 0
04-15 15:21:00.884 534 1279 I SELinux : SELinux: Loaded file context from:
04-15 15:21:00.884 534 1279 I SELinux : /system/etc/selinux/plat_file_contexts
04-15 15:21:00.885 534 1279 I SELinux : /vendor/etc/selinux/vendor_file_contexts
04-15 15:21:00.885 534 568 V SystemServerTimingAsync: ssm.onUnlockingUser-0_com.android.server.wifi.WifiService took to complete: 29ms
04-15 15:21:00.886 534 568 D SystemServerTimingAsync: ssm.onUnlockingUser-0_com.android.server.wifi.scanner.WifiScanningService
04-15 15:21:00.886 534 568 V SystemServerTimingAsync: ssm.onUnlockingUser-0_com.android.server.wifi.scanner.WifiScanningService took to complete: 0ms
04-15 15:21:00.887 534 568 D SystemServerTimingAsync: ssm.onUnlockingUser-0_com.android.server.wifi.p2p.WifiP2pService
04-15 15:21:00.887 534 568 V SystemServerTimingAsync: ssm.onUnlockingUser-0_com.android.server.wifi.p2p.WifiP2pService took to complete: 0ms
04-15 15:21:00.887 534 568 D SystemServerTimingAsync: ssm.onUnlockingUser-0_com.android.server.ConnectivityServiceInitializer
04-15 15:21:00.891 534 568 V SystemServerTimingAsync: ssm.onUnlockingUser-0_com.android.server.ConnectivityServiceInitializer took to complete: 0ms
04-15 15:21:00.895 534 568 D SystemServerTimingAsync: ssm.onUnlockingUser-0_com.android.server.notification.NotificationManagerService
04-15 15:21:00.895 534 568 V SystemServerTimingAsync: ssm.onUnlockingUser-0_com.android.server.notification.NotificationManagerService took to complete: 0ms
04-15 15:21:00.895 534 568 D SystemServerTimingAsync: ssm.onUnlockingUser-0_com.android.server.storage.DeviceStorageMonitorService
