04-15 15:20:07.958 534 534 D SystemServerTiming: OnBootPhase_500_com.android.server.voiceinteraction.VoiceInteractionManagerService
04-15 15:20:07.958 534 534 V SystemServerTiming: OnBootPhase_500_com.android.server.voiceinteraction.VoiceInteractionManagerService took to complete: 0ms
04-15 15:20:07.958 534 534 D SystemServerTiming: OnBootPhase_500_com.android.server.GestureLauncherService
04-15 15:20:07.958 534 534 V SystemServerTiming: OnBootPhase_500_com.android.server.GestureLauncherService took to complete: 0ms
04-15 15:20:07.958 534 534 D SystemServerTiming: OnBootPhase_500_com.android.server.SensorNotificationService
04-15 15:20:07.959 534 534 V SystemServerTiming: OnBootPhase_500_com.android.server.SensorNotificationService took to complete: 0ms
04-15 15:20:07.959 534 534 D SystemServerTiming: OnBootPhase_500_com.android.server.emergency.EmergencyAffordanceService
04-15 15:20:07.959 534 534 V SystemServerTiming: OnBootPhase_500_com.android.server.emergency.EmergencyAffordanceService took to complete: 0ms
04-15 15:20:07.959 534 534 D SystemServerTiming: OnBootPhase_500_com.android.server.blob.BlobStoreManagerService
04-15 15:20:07.959 534 534 V SystemServerTiming: OnBootPhase_500_com.android.server.blob.BlobStoreManagerService took to complete: 0ms
04-15 15:20:07.959 534 534 D SystemServerTiming: OnBootPhase_500_com.android.server.dreams.DreamManagerService
04-15 15:20:07.959 534 534 V SystemServerTiming: OnBootPhase_500_com.android.server.dreams.DreamManagerService took to complete: 0ms
04-15 15:20:07.959 534 534 D SystemServerTiming: OnBootPhase_500_com.android.server.print.PrintManagerService
04-15 15:20:07.959 534 534 V SystemServerTiming: OnBootPhase_500_com.android.server.print.PrintManagerService took to complete: 0ms
04-15 15:20:07.959 534 534 D SystemServerTiming: OnBootPhase_500_com.android.server.security.AttestationVerificationManagerService
04-15 15:20:07.959 534 534 V SystemServerTiming: OnBootPhase_500_com.android.server.security.AttestationVerificationManagerService took to complete: 0ms
04-15 15:20:07.959 534 534 D SystemServerTiming: OnBootPhase_500_com.android.server.companion.CompanionDeviceManagerService
04-15 15:20:07.969 534 534 D BluetoothAdapter: registerBluetoothConnectionCallback()
04-15 15:20:07.969 534 534 D BluetoothAdapter: isLeEnabled(): OFF
04-15 15:20:07.970 534 534 V SystemServerTiming: OnBootPhase_500_com.android.server.companion.CompanionDeviceManagerService took to complete: 10ms
04-15 15:20:07.970 534 534 D SystemServerTiming: OnBootPhase_500_com.android.server.companion.virtual.VirtualDeviceManagerService
04-15 15:20:07.970 534 534 V SystemServerTiming: OnBootPhase_500_com.android.server.companion.virtual.VirtualDeviceManagerService took to complete: 0ms
04-15 15:20:07.970 534 534 D SystemServerTiming: OnBootPhase_500_com.android.server.restrictions.RestrictionsManagerService
04-15 15:20:07.970 534 534 V SystemServerTiming: OnBootPhase_500_com.android.server.restrictions.RestrictionsManagerService took to complete: 0ms
04-15 15:20:07.970 534 534 D SystemServerTiming: OnBootPhase_500_com.android.server.media.MediaSessionService
04-15 15:20:07.970 534 534 V SystemServerTiming: OnBootPhase_500_com.android.server.media.MediaSessionService took to complete: 0ms
04-15 15:20:07.970 534 534 D SystemServerTiming: OnBootPhase_500_com.android.server.media.MediaResourceMonitorService
04-15 15:20:07.970 534 534 V SystemServerTiming: OnBootPhase_500_com.android.server.media.MediaResourceMonitorService took to complete: 0ms
04-15 15:20:07.970 534 534 D SystemServerTiming: OnBootPhase_500_com.android.server.biometrics.sensors.face.FaceService
04-15 15:20:07.970 534 534 V SystemServerTiming: OnBootPhase_500_com.android.server.biometrics.sensors.face.FaceService took to complete: 0ms
04-15 15:20:07.970 534 534 D SystemServerTiming: OnBootPhase_500_com.android.server.biometrics.sensors.fingerprint.FingerprintService
04-15 15:20:07.971 534 534 V SystemServerTiming: OnBootPhase_500_com.android.server.biometrics.sensors.fingerprint.FingerprintService took to complete: 0ms
04-15 15:20:07.971 534 534 D SystemServerTiming: OnBootPhase_500_com.android.server.biometrics.BiometricService
04-15 15:20:07.971 534 534 V SystemServerTiming: OnBootPhase_500_com.android.server.biometrics.BiometricService took to complete: 0ms
04-15 15:20:07.971 534 534 D SystemServerTiming: OnBootPhase_500_com.android.server.biometrics.AuthService
04-15 15:20:07.971 534 534 V SystemServerTiming: OnBootPhase_500_com.android.server.biometrics.AuthService took to complete: 0ms
04-15 15:20:07.971 534 534 D SystemServerTiming: OnBootPhase_500_com.android.server.pm.ShortcutService$Lifecycle
04-15 15:20:07.971 534 534 V SystemServerTiming: OnBootPhase_500_com.android.server.pm.ShortcutService$Lifecycle took to complete: 0ms
04-15 15:20:07.971 534 534 D SystemServerTiming: OnBootPhase_500_com.android.server.pm.LauncherAppsService
04-15 15:20:07.971 534 534 V SystemServerTiming: OnBootPhase_500_com.android.server.pm.LauncherAppsService took to complete: 0ms
04-15 15:20:07.971 534 534 D SystemServerTiming: OnBootPhase_500_com.android.server.pm.CrossProfileAppsService
04-15 15:20:07.971 534 534 V SystemServerTiming: OnBootPhase_500_com.android.server.pm.CrossProfileAppsService took to complete: 0ms
04-15 15:20:07.971 534 534 D SystemServerTiming: OnBootPhase_500_com.android.server.people.PeopleService
04-15 15:20:07.982 534 534 V SystemServerTiming: OnBootPhase_500_com.android.server.people.PeopleService took to complete: 10ms
04-15 15:20:07.982 534 534 D SystemServerTiming: OnBootPhase_500_com.android.server.media.metrics.MediaMetricsManagerService
04-15 15:20:07.982 534 534 V SystemServerTiming: OnBootPhase_500_com.android.server.media.metrics.MediaMetricsManagerService took to complete: 0ms
04-15 15:20:07.982 534 534 D SystemServerTiming: OnBootPhase_500_com.android.server.pm.BackgroundInstallControlService
04-15 15:20:07.982 534 534 V SystemServerTiming: OnBootPhase_500_com.android.server.pm.BackgroundInstallControlService took to complete: 0ms
04-15 15:20:07.982 534 534 D SystemServerTiming: OnBootPhase_500_com.android.server.media.projection.MediaProjectionManagerService
04-15 15:20:07.982 534 534 V SystemServerTiming: OnBootPhase_500_com.android.server.media.projection.MediaProjectionManagerService took to complete: 0ms
04-15 15:20:07.982 534 534 D SystemServerTiming: OnBootPhase_500_com.android.server.slice.SliceManagerService$Lifecycle
04-15 15:20:07.982 534 534 V SystemServerTiming: OnBootPhase_500_com.android.server.slice.SliceManagerService$Lifecycle took to complete: 0ms
04-15 15:20:07.982 534 534 D SystemServerTiming: OnBootPhase_500_com.android.server.stats.StatsCompanion$Lifecycle
04-15 15:20:07.983 534 534 V SystemServerTiming: OnBootPhase_500_com.android.server.stats.StatsCompanion$Lifecycle took to complete: 0ms
04-15 15:20:07.983 534 534 D SystemServerTiming: OnBootPhase_500_com.android.server.scheduling.RebootReadinessManagerService$Lifecycle
04-15 15:20:07.983 534 534 V SystemServerTiming: OnBootPhase_500_com.android.server.scheduling.RebootReadinessManagerService$Lifecycle took to complete: 0ms
04-15 15:20:07.983 534 534 D SystemServerTiming: OnBootPhase_500_com.android.server.stats.pull.StatsPullAtomService
04-15 15:20:07.983 534 534 V SystemServerTiming: OnBootPhase_500_com.android.server.stats.pull.StatsPullAtomService took to complete: 1ms
04-15 15:20:07.983 534 534 D SystemServerTiming: OnBootPhase_500_com.android.server.stats.bootstrap.StatsBootstrapAtomService$Lifecycle
04-15 15:20:07.983 534 534 V SystemServerTiming: OnBootPhase_500_com.android.server.stats.bootstrap.StatsBootstrapAtomService$Lifecycle took to complete: 0ms
04-15 15:20:07.983 534 534 D SystemServerTiming: OnBootPhase_500_com.android.server.incident.IncidentCompanionService
04-15 15:20:07.983 534 534 V SystemServerTiming: OnBootPhase_500_com.android.server.incident.IncidentCompanionService took to complete: 0ms
04-15 15:20:07.985 356 385 I android.hardware.wifi-service: Wifi HAL started
04-15 15:20:07.985 534 534 D SystemServerTiming: OnBootPhase_500_com.android.server.sdksandbox.SdkSandboxManagerService$Lifecycle
04-15 15:20:07.985 534 534 V SystemServerTiming: OnBootPhase_500_com.android.server.sdksandbox.SdkSandboxManagerService$Lifecycle took to complete: 0ms
04-15 15:20:07.985 534 534 D SystemServerTiming: OnBootPhase_500_com.android.server.adservices.AdServicesManagerService$Lifecycle
04-15 15:20:07.985 534 534 V SystemServerTiming: OnBootPhase_500_com.android.server.adservices.AdServicesManagerService$Lifecycle took to complete: 0ms
04-15 15:20:07.985 534 534 D SystemServerTiming: OnBootPhase_500_com.android.server.ondevicepersonalization.OnDevicePersonalizationSystemService$Lifecycle
04-15 15:20:07.986 534 534 V SystemServerTiming: OnBootPhase_500_com.android.server.ondevicepersonalization.OnDevicePersonalizationSystemService$Lifecycle took to complete: 0ms
04-15 15:20:07.986 534 534 D SystemServerTiming: OnBootPhase_500_com.android.server.MmsServiceBroker
04-15 15:20:07.986 534 534 V SystemServerTiming: OnBootPhase_500_com.android.server.MmsServiceBroker took to complete: 0ms
04-15 15:20:07.986 534 534 D SystemServerTiming: OnBootPhase_500_com.android.server.autofill.AutofillManagerService
04-15 15:20:07.986 534 534 V SystemServerTiming: OnBootPhase_500_com.android.server.autofill.AutofillManagerService took to complete: 0ms
04-15 15:20:07.986 534 534 D SystemServerTiming: OnBootPhase_500_com.android.server.credentials.CredentialManagerService
04-15 15:20:07.986 534 534 V SystemServerTiming: OnBootPhase_500_com.android.server.credentials.CredentialManagerService took to complete: 0ms
04-15 15:20:07.986 534 534 D SystemServerTiming: OnBootPhase_500_com.android.server.selectiontoolbar.SelectionToolbarManagerService
04-15 15:20:07.986 534 534 V SystemServerTiming: OnBootPhase_500_com.android.server.selectiontoolbar.SelectionToolbarManagerService took to complete: 0ms
04-15 15:20:07.986 534 534 D SystemServerTiming: OnBootPhase_500_com.android.server.clipboard.ClipboardService
04-15 15:20:07.986 534 534 V SystemServerTiming: OnBootPhase_500_com.android.server.clipboard.ClipboardService took to complete: 0ms
04-15 15:20:07.986 534 534 D SystemServerTiming: OnBootPhase_500_com.android.server.appbinding.AppBindingService$Lifecycle
04-15 15:20:07.986 534 534 V SystemServerTiming: OnBootPhase_500_com.android.server.appbinding.AppBindingService$Lifecycle took to complete: 0ms
04-15 15:20:07.987 534 534 D SystemServerTiming: OnBootPhase_500_com.android.server.tracing.TracingServiceProxy
04-15 15:20:07.987 534 534 V SystemServerTiming: OnBootPhase_500_com.android.server.tracing.TracingServiceProxy took to complete: 0ms
04-15 15:20:07.987 534 534 V SystemServerTiming: OnBootPhase_500 took to complete: 884ms
04-15 15:20:07.987 534 534 V SystemServerTiming: StartBootPhaseSystemServicesReady took to complete: 884ms
04-15 15:20:07.987 534 534 D SystemServerTiming: MakeWindowManagerServiceReady
04-15 15:20:08.012 534 534 V SystemServerTiming: MakeWindowManagerServiceReady took to complete: 24ms
04-15 15:20:08.012 534 534 D SystemServerTiming: RegisterLogMteState
04-15 15:20:08.012 534 534 V SystemServerTiming: RegisterLogMteState took to complete: 0ms
04-15 15:20:08.030 534 812 E WifiChipAidlImpl: getMode failed with service-specific exception: android.os.ServiceSpecificException: (code 5)
04-15 15:20:08.031 356 385 W android.hardware.wifi-service: No active wlan interfaces in use! Using default
04-15 15:20:08.032 356 385 E android.hardware.wifi-service: Unknown iface name: wlan0
04-15 15:20:08.032 356 385 E android.hardware.wifi-service: Unknown iface name: wlan0
04-15 15:20:08.037 534 812 I WifiVendorHal: Vendor Hal started successfully
04-15 15:20:08.047 0 0 I servicemanager: Found android.hardware.wifi.IWifi/default in device VINTF manifest.
04-15 15:20:08.050 534 534 D SystemServerTiming: StartPermissionPolicyService
04-15 15:20:08.051 534 534 I SystemServiceManager: Starting com.android.server.policy.PermissionPolicyService
04-15 15:20:08.056 534 812 E WifiChipAidlImpl: getMode failed with service-specific exception: android.os.ServiceSpecificException: (code 5)
04-15 15:20:08.073 356 385 W android.hardware.wifi-service: No active wlan interfaces in use! Using default
04-15 15:20:08.074 356 385 E android.hardware.wifi-service: Unknown iface name: wlan0
04-15 15:20:08.074 356 385 E android.hardware.wifi-service: Unknown iface name: wlan0
04-15 15:20:08.078 534 812 I HalDevMgr: currentModeId=0, requestModeId=0, currentModeIdValid=false
04-15 15:20:08.088 534 534 V SystemServerTiming: StartPermissionPolicyService took to complete: 35ms
04-15 15:20:08.088 534 534 D SystemServerTiming: MakePackageManagerServiceReady
04-15 15:20:08.114 356 385 I android.hardware.wifi-service: Adding interface handle for wlan0
04-15 15:20:08.114 356 385 W android.hardware.wifi-service: No active wlan interfaces in use! Using default
04-15 15:20:08.115 356 385 E android.hardware.wifi-service: Failed to register radio mode change callback
04-15 15:20:08.115 356 385 W android.hardware.wifi-service: No active wlan interfaces in use! Using default
04-15 15:20:08.119 534 534 V HistoricalRegistry: Interaction before persistence initialized
04-15 15:20:08.119 534 534 V HistoricalRegistry: Interaction before persistence initialized
04-15 15:20:08.132 356 385 E android.hardware.wifi-service: Failed to get SupportedIfaceCombinations matrix from legacy HAL: NOT_SUPPORTED
04-15 15:20:08.132 356 385 I android.hardware.wifi-service: Configured chip in mode 0
04-15 15:20:08.133 356 385 W android.hardware.wifi-service: No active wlan interfaces in use! Using default
04-15 15:20:08.145 356 385 W android.hardware.wifi-service: No active wlan interfaces in use! Using default
04-15 15:20:08.158 356 385 I android.hardware.wifi-service: Adding interface handle for wlan0
04-15 15:20:08.159 356 385 E android.hardware.wifi-service: Failed to set DFS flag; DFS channels may be unavailable.
04-15 15:20:08.166 534 812 D HalDevMgr: updateRttController: no one is interested in RTT controllers
04-15 15:20:08.183 0 0 I servicemanager: Found android.hardware.health.IHealth/default in device VINTF manifest.
04-15 15:20:08.186 356 385 E android.hardware.wifi-service: Failed to get chip capabilities from legacy HAL: NOT_SUPPORTED
04-15 15:20:08.188 534 812 E WifiChipAidlImpl: getWifiChipCapabilities failed with service-specific exception: android.os.ServiceSpecificException: (code 4)
04-15 15:20:08.189 534 812 D WifiNl80211Manager: Setting up interface for client mode: wlan0
04-15 15:20:08.194 534 567 I HealthServiceWrapperAidl: health: HealthServiceWrapper listening to AIDL HAL
04-15 15:20:08.199 447 447 I wificond: createClientInterface: wiphy_index 1 iface_name wlan0
04-15 15:20:08.210 534 567 D StatsPullAtomService: Registering pullers with statsd
04-15 15:20:08.219 534 821 D ConnectivityService: NetReassign [no changes] [c 0] [a 0] [i 0]
04-15 15:20:08.223 534 567 I StatsPullAtomService: register thermal listener successfully
04-15 15:20:08.236 534 534 V UserDataPreparer: Found /data/user_de/0 with serial number -1
04-15 15:20:08.236 534 534 D UserDataPreparer: Serial number missing on /data/user_de/0; assuming current is valid
04-15 15:20:08.238 534 534 V UserDataPreparer: Found /data/user/0 with serial number -1
04-15 15:20:08.238 534 534 D UserDataPreparer: Serial number missing on /data/user/0; assuming current is valid
04-15 15:20:08.238 534 534 V UserDataPreparer: Found /data/system_de/0 with serial number -1
04-15 15:20:08.239 534 534 D UserDataPreparer: Serial number missing on /data/system_de/0; assuming current is valid
04-15 15:20:08.241 534 534 I PermissionManager: Permission ownership changed. Updating all permissions.
04-15 15:20:08.245 447 447 I wificond: create scanner for interface with index: 16
04-15 15:20:08.246 447 447 I wificond: subscribe scan result for interface with index: 16
04-15 15:20:08.248 534 534 W PermissionManager: Package com.android.adservices.api is an APK in APEX, but has permission allowlist on the system image. Please bundle the allowlist in the com.android.adservices APEX instead.
04-15 15:20:08.258 447 447 I wificond: add channel type 0 support at wiphy index: 1
04-15 15:20:08.260 447 447 I wificond: add channel type 1 support at wiphy index: 1
04-15 15:20:08.281 327 327 I netd : interfaceGetCfg(wlan0) -> {InterfaceConfigurationParcel{ifName: wlan0, hwAddr: 02:15:b2:00:00:00, ipv4Addr: 0.0.0.0, prefixLength: 0, flags: [up, broadcast, multicast]}} <10.77ms>
04-15 15:20:08.289 534 812 I WifiNative: Interface state changed on Iface:{Name=wlan0,Id=0,Type=STA_SCAN}, isUp=true
04-15 15:20:08.291 534 812 I WifiNative: Successfully setup Iface:{Name=wlan0,Id=0,Type=STA_SCAN}
04-15 15:20:08.291 534 812 E SupplicantStaIfaceHalAidlImpl: Can't call getKeyMgmtCapabilities, ISupplicantStaIface is null for iface=wlan0
04-15 15:20:08.302 0 0 I servicemanager: Found android.hardware.wifi.IWifi/default in device VINTF manifest.
04-15 15:20:08.313 356 385 E android.hardware.wifi-service: Failed to get SupportedRadioCombinations matrix from legacy HAL: NOT_SUPPORTED
04-15 15:20:08.314 534 812 E WifiChipAidlImpl: getSupportedRadioCombinations failed with service-specific exception: android.os.ServiceSpecificException: (code 4)
04-15 15:20:08.314 534 812 E SupplicantStaIfaceHalAidlImpl: Can't call getWpaDriverCapabilities, ISupplicantStaIface is null for iface=wlan0
04-15 15:20:08.316 534 812 E WifiChipAidlImpl: getUsableChannels failed with service-specific exception: android.os.ServiceSpecificException: (code 4)
04-15 15:20:08.349 534 812 E WifiChipAidlImpl: enableStaChannelForPeerNetwork failed with service-specific exception: android.os.ServiceSpecificException: (code 4)
04-15 15:20:08.349 534 812 D WifiNative: setWifiNativeInterfaceEventCallback
04-15 15:20:08.350 534 812 D WifiClientModeManager[187941:wlan0]: entering StartedState
04-15 15:20:08.353 327 327 I netd : interfaceGetCfg(wlan0) -> {InterfaceConfigurationParcel{ifName: wlan0, hwAddr: 02:15:b2:00:00:00, ipv4Addr: 0.0.0.0, prefixLength: 0, flags: [up, broadcast, multicast]}} <1.58ms>
04-15 15:20:08.373 534 812 D WifiConfigStore: Writing to stores completed in 12 ms.
04-15 15:20:08.387 0 0 I servicemanager: Found android.hardware.wifi.IWifi/default in device VINTF manifest.
04-15 15:20:08.388 0 0 I servicemanager: Found android.hardware.wifi.supplicant.ISupplicant/default in device VINTF manifest.
04-15 15:20:08.380 534 812 I SupplicantStaIfaceHalAidlImpl: Clearing internal state
04-15 15:20:08.391 0 0 I servicemanager: Found android.hardware.wifi.supplicant.ISupplicant/default in device VINTF manifest.
04-15 15:20:08.392 0 0 I servicemanager: Since 'android.hardware.wifi.supplicant.ISupplicant/default' could not be found, trying to start it as a lazy AIDL service. (if it's not configured to be a lazy service, it may be stuck starting or still starting).
04-15 15:20:08.399 0 0 I init : starting service 'wpa_supplicant'...
04-15 15:20:08.411 0 0 I init : Created socket '/dev/socket/wpa_wlan0', mode 660, user 1010, group 1010
04-15 15:20:08.465 0 0 I init : ... started service 'wpa_supplicant' has pid 879
04-15 15:20:08.485 0 0 I init : Control message: Processed ctl.interface_start for 'aidl/android.hardware.wifi.supplicant.ISupplicant/default' from pid: 131 (/system/bin/servicemanager)
04-15 15:20:08.489 534 534 W PermissionManager: Package com.android.providers.media.module is an APK in APEX, but has permission allowlist on the system image. Please bundle the allowlist in the com.android.mediaprovider APEX instead.
04-15 15:20:08.489 534 534 W PermissionManager: Package com.android.providers.media.module is an APK in APEX, but has permission allowlist on the system image. Please bundle the allowlist in the com.android.mediaprovider APEX instead.
04-15 15:20:08.490 534 534 W PermissionManager: Package com.android.providers.media.module is an APK in APEX, but has permission allowlist on the system image. Please bundle the allowlist in the com.android.mediaprovider APEX instead.
04-15 15:20:08.490 534 534 W PermissionManager: Package com.android.providers.media.module is an APK in APEX, but has permission allowlist on the system image. Please bundle the allowlist in the com.android.mediaprovider APEX instead.
04-15 15:20:08.490 534 534 W PermissionManager: Package com.android.providers.media.module is an APK in APEX, but has permission allowlist on the system image. Please bundle the allowlist in the com.android.mediaprovider APEX instead.
04-15 15:20:08.490 534 534 W PermissionManager: Package com.android.providers.media.module is an APK in APEX, but has permission allowlist on the system image. Please bundle the allowlist in the com.android.mediaprovider APEX instead.
04-15 15:20:08.491 534 534 W PermissionManager: Package com.android.providers.media.module is an APK in APEX, but has permission allowlist on the system image. Please bundle the allowlist in the com.android.mediaprovider APEX instead.
04-15 15:20:08.491 534 534 W PermissionManager: Package com.android.providers.media.module is an APK in APEX, but has permission allowlist on the system image. Please bundle the allowlist in the com.android.mediaprovider APEX instead.
04-15 15:20:08.491 534 534 W PermissionManager: Package com.android.providers.media.module is an APK in APEX, but has permission allowlist on the system image. Please bundle the allowlist in the com.android.mediaprovider APEX instead.
04-15 15:20:08.496 534 534 W PermissionManager: Package com.android.providers.media.module is an APK in APEX, but has permission allowlist on the system image. Please bundle the allowlist in the com.android.mediaprovider APEX instead.
04-15 15:20:08.496 534 534 W PermissionManager: Package com.android.providers.media.module is an APK in APEX, but has permission allowlist on the system image. Please bundle the allowlist in the com.android.mediaprovider APEX instead.
04-15 15:20:08.497 534 534 W PermissionManager: Package com.android.providers.media.module is an APK in APEX, but has permission allowlist on the system image. Please bundle the allowlist in the com.android.mediaprovider APEX instead.
04-15 15:20:08.497 534 534 W PermissionManager: Package com.android.providers.media.module is an APK in APEX, but has permission allowlist on the system image. Please bundle the allowlist in the com.android.mediaprovider APEX instead.
04-15 15:20:08.531 534 534 I DefaultPermGrantPolicy: Granting permissions to platform components for user 0
04-15 15:20:08.594 534 534 W DefaultPermGrantPolicy: Permission not found: com.google.android.googleapps.permission.GOOGLE_AUTH
04-15 15:20:08.595 534 534 W DefaultPermGrantPolicy: Permission not found: com.android.launcher.permission.READ_SETTINGS
04-15 15:20:08.600 534 534 W DefaultPermGrantPolicy: Permission not found: com.android.launcher.permission.WRITE_SETTINGS
04-15 15:20:08.603 534 534 W DefaultPermGrantPolicy: Permission not found: com.android.smspush.WAPPUSH_MANAGER_BIND
04-15 15:20:08.613 534 534 W DefaultPermGrantPolicy: Permission not found: android.permission.MANAGE_WIFI_WHEN_WIRELESS_CONSENT_REQUIRED
04-15 15:20:08.615 534 534 W DefaultPermGrantPolicy: Permission not found: com.android.providers.tv.permission.ACCESS_WATCHED_PROGRAMS
04-15 15:20:08.615 534 534 W DefaultPermGrantPolicy: Permission not found: com.android.providers.tv.permission.WRITE_EPG_DATA
04-15 15:20:08.618 534 534 W DefaultPermGrantPolicy: Permission not found: android.permission.SUGGEST_MANUAL_TIME
04-15 15:20:08.618 534 534 W DefaultPermGrantPolicy: Permission not found: android.permission.SUGGEST_TELEPHONY_TIME
04-15 15:20:08.619 534 534 W DefaultPermGrantPolicy: Permission not found: android.permission.SUGGEST_NETWORK_TIME
04-15 15:20:08.619 534 534 W DefaultPermGrantPolicy: Permission not found: android.permission.SUGGEST_GNSS_TIME
04-15 15:20:08.639 534 534 W DefaultPermGrantPolicy: Permission not found: android.car.permission.CONTROL_CAR_CLIMATE
04-15 15:20:08.642 534 534 W DefaultPermGrantPolicy: Permission not found: android.car.permission.CAR_CONTROL_AUDIO_VOLUME
04-15 15:20:08.650 534 534 I DefaultPermGrantPolicy: Granting permissions to default platform handlers for user 0
04-15 15:20:08.651 534 534 W VoiceInteractionManager: no available voice interaction services found for user 0
04-15 15:20:08.654 534 534 W VoiceInteractionManager: no available voice recognition services found for user 0
04-15 15:20:08.671 534 534 I SyncManager: No initial accounts
04-15 15:20:08.704 534 534 W DefaultPermGrantPolicy: Permission not found: com.google.android.permission.INSTALL_WEARABLE_PACKAGES
04-15 15:20:08.705 534 534 W DefaultPermGrantPolicy: Permission not found: android.permission.WRITE_SYSTEM_SETTINGS
04-15 15:20:08.706 534 534 E DefaultPermGrantPolicy: Package not found:
04-15 15:20:08.711 534 534 W DefaultPermGrantPolicy: Permission not found: com.android.dialer.permission.DIALER_ORIGIN
04-15 15:20:08.716 534 534 W DefaultPermGrantPolicy: Permission not found: com.sec.android.provider.badge.permission.READ
04-15 15:20:08.716 534 534 W DefaultPermGrantPolicy: Permission not found: com.sec.android.provider.badge.permission.WRITE
04-15 15:20:08.717 534 534 W DefaultPermGrantPolicy: Permission not found: com.htc.launcher.permission.READ_SETTINGS
04-15 15:20:08.717 534 534 W DefaultPermGrantPolicy: Permission not found: com.htc.launcher.permission.UPDATE_SHORTCUT
04-15 15:20:08.718 534 534 W DefaultPermGrantPolicy: Permission not found: com.sonyericsson.home.permission.BROADCAST_BADGE
04-15 15:20:08.718 534 534 W DefaultPermGrantPolicy: Permission not found: com.sonymobile.home.permission.PROVIDER_INSERT_BADGE
04-15 15:20:08.719 534 534 W DefaultPermGrantPolicy: Permission not found: com.anddoes.launcher.permission.UPDATE_COUNT
04-15 15:20:08.719 534 534 W DefaultPermGrantPolicy: Permission not found: com.majeur.launcher.permission.UPDATE_BADGE
04-15 15:20:08.724 534 534 W DefaultPermGrantPolicy: Permission not found: com.huawei.android.launcher.permission.CHANGE_BADGE
04-15 15:20:08.725 534 534 W DefaultPermGrantPolicy: Permission not found: com.huawei.android.launcher.permission.READ_SETTINGS
04-15 15:20:08.725 534 534 W DefaultPermGrantPolicy: Permission not found: com.huawei.android.launcher.permission.WRITE_SETTINGS
04-15 15:20:08.725 534 534 W DefaultPermGrantPolicy: Permission not found: android.permission.READ_APP_BADGE
04-15 15:20:08.726 534 534 W DefaultPermGrantPolicy: Permission not found: com.oppo.launcher.permission.READ_SETTINGS
04-15 15:20:08.726 534 534 W DefaultPermGrantPolicy: Permission not found: com.oppo.launcher.permission.WRITE_SETTINGS
04-15 15:20:08.727 534 534 W DefaultPermGrantPolicy: Permission not found: com.cequint.ecid.CALLER_ID_LOOKUP
04-15 15:20:08.727 534 534 W DefaultPermGrantPolicy: Permission not found: com.motorola.incallui.permission.INCOMING_CALL_VISIBILITY_CHANGED
04-15 15:20:08.739 534 534 W DefaultPermGrantPolicy: Permission not found: com.google.android.googleapps.permission.GOOGLE_AUTH.mail
04-15 15:20:08.742 534 534 W DefaultPermGrantPolicy: Permission not found: com.google.android.googleapps.permission.GOOGLE_AUTH.cl
04-15 15:20:08.749 534 534 W DefaultPermGrantPolicy: Permission not found: com.google.android.setupwizard.SETUP_COMPAT_SERVICE
04-15 15:20:08.765 534 534 I DefaultPermGrantPolicy: Granting Notification permissions to platform signature apps for user 0
04-15 15:20:09.021 0 0 I capability: warning: `wpa_supplicant' uses 32-bit capabilities (legacy support in use)
04-15 15:20:09.049 879 879 I wpa_supplicant: Processing aidl events on FD 3
04-15 15:20:09.049 879 879 I wpa_supplicant: Starting AIDL supplicant
04-15 15:20:09.049 879 879 I wpa_supplicant: Interface version: 2
04-15 15:20:09.074 0 0 I servicemanager: Found android.hardware.wifi.supplicant.ISupplicant/default in device VINTF manifest.
04-15 15:20:09.077 879 879 I wpa_supplicant: Successfully initialized wpa_supplicant
04-15 15:20:09.101 534 812 I SupplicantStaIfaceHalAidlImpl: Obtained ISupplicant binder.
04-15 15:20:09.102 534 812 I SupplicantStaIfaceHalAidlImpl: Local Version: 2
04-15 15:20:09.105 0 0 I BpBinder: onLastStrongRef automatically unlinking death recipients:
04-15 15:20:09.131 879 879 I wpa_supplicant: rfkill: Cannot open RFKILL control device
04-15 15:20:09.228 879 879 I wpa_supplicant: Init sm=0x71a6ba25a350
04-15 15:20:09.272 879 879 I wpa_supplicant: rfkill: Cannot get wiphy information
04-15 15:20:09.283 879 879 I wpa_supplicant: Init sm=0x71a6ba25aa50
04-15 15:20:09.301 534 812 I SupplicantStaIfaceHalAidlImpl: Remote service version was cached
04-15 15:20:09.302 534 812 I SupplicantStaIfaceHalAidlImpl: Remote Version: 2
04-15 15:20:09.314 534 812 I SupplicantStaIfaceHalAidlImpl: Non-standard cert callback was registered
04-15 15:20:09.316 879 879 I wpa_supplicant: Iface already exists, return existing
04-15 15:20:09.340 534 812 I WifiNative: Supported features is updated in config store: 116391864461951001
04-15 15:20:09.345 0 0 I servicemanager: Found android.hardware.wifi.IWifi/default in device VINTF manifest.
04-15 15:20:09.345 534 812 E WifiChipAidlImpl: getUsableChannels failed with service-specific exception: android.os.ServiceSpecificException: (code 4)
04-15 15:20:09.386 534 812 I WifiNative: Successfully switched to connectivity mode on iface=Iface:{Name=wlan0,Id=0,Type=STA_CONNECTIVITY}
04-15 15:20:09.387 534 812 D WifiClientModeManager[187941:wlan0]: entering ConnectModeState, starting ClientModeImpl
04-15 15:20:09.447 534 812 D WifiNative: enableVerboseLogging false hal false
04-15 15:20:09.462 534 812 D WifiScoreReport: setShouldReduceNetworkScore=false mNetworkAgent is null? true
04-15 15:20:09.468 534 816 I WifiScanningService: Received a request to enable scanning, UID = 1000
04-15 15:20:09.471 534 816 E WifiStaIfaceAidlImpl: getBackgroundScanCapabilities failed with service-specific exception: android.os.ServiceSpecificException: (code 4)
04-15 15:20:09.476 534 812 D WifiScanRequestProxy: Sending scan available broadcast: true
04-15 15:20:09.477 534 812 I WifiScanRequestProxy: Scanning is enabled
04-15 15:20:09.478 534 812 I WifiScanRequestProxy: Scanning for hidden networks is enabled
04-15 15:20:09.495 534 812 E WifiChipAidlImpl: setMultiStaUseCase failed with service-specific exception: android.os.ServiceSpecificException: (code 4)
04-15 15:20:09.524 534 812 E WifiChipAidlImpl: setMultiStaPrimaryConnection failed with service-specific exception: android.os.ServiceSpecificException: (code 4)
04-15 15:20:09.555 534 816 I WifiScanningService: Created a new impl for wlan0
04-15 15:20:09.563 534 816 I WifiScanningService: wifi driver loaded with scan capabilities: max buckets=16
04-15 15:20:09.569 534 812 D WifiCountryCode: evaluateAllCmmStateAndApplyIfAllReady: {ConcreteClientModeManager{id=187941 iface=wlan0 role=ROLE_CLIENT_PRIMARY}=true}
04-15 15:20:09.571 534 812 D WifiCountryCode: Reading country code from telephony
04-15 15:20:09.589 534 812 D WifiCountryCode: Set telephony country code to:
04-15 15:20:09.591 534 812 D WifiCountryCode: updateCountryCode to null
04-15 15:20:09.592 534 812 D WakeupController: onWifiEnabled()
04-15 15:20:09.600 534 812 I WifiActiveModeWarden: Supported STA bands is updated in config store: 1
04-15 15:20:09.624 534 812 D WifiClientModeImpl[189490:wlan0]: entering ConnectableState: ifaceName = wlan0
04-15 15:20:09.657 0 0 I servicemanager: Notifying apexservice they do (previously: don't) have clients when service is guaranteed to be in use
04-15 15:20:09.664 0 0 I AidlLazyServiceRegistrar: Process has 1 (of 1 available) client(s) in use after notification apexservice has clients: 1
04-15 15:20:09.664 0 0 I AidlLazyServiceRegistrar: Shutdown prevented by forcePersist override flag.
04-15 15:20:09.665 0 0 I apexd : getSessions() received by ApexService
04-15 15:20:09.668 534 534 V StagingManagerTiming: restoreSessions took to complete: 29ms
04-15 15:20:09.670 534 534 V SystemServerTiming: MakePackageManagerServiceReady took to complete: 1582ms
04-15 15:20:09.670 534 534 D SystemServerTiming: MakeDisplayManagerServiceReady
04-15 15:20:09.753 534 560 E DisplayModeDirector: Asked about unknown display, returning empty display mode specs!(id=0)
04-15 15:20:09.753 534 560 E DisplayModeDirector: Asked about unknown display, returning empty display mode specs!(id=0)
04-15 15:20:09.781 534 534 I BrightnessSynchronizer: Initial brightness readings: 102(int), 0.39763778(float)
04-15 15:20:09.783 534 534 V SystemServerTiming: MakeDisplayManagerServiceReady took to complete: 113ms
04-15 15:20:09.783 534 534 D SystemServerTiming: StartDeviceSpecificServices
04-15 15:20:09.783 534 534 V SystemServerTiming: StartDeviceSpecificServices took to complete: 0ms
04-15 15:20:09.784 534 534 D SystemServerTiming: GameManagerService
04-15 15:20:09.784 534 534 I SystemServiceManager: Starting com.android.server.app.GameManagerService$Lifecycle
04-15 15:20:09.794 392 392 I RefreshRateSelector: Display 4619827259835644672 policy changed
04-15 15:20:09.794 392 392 I RefreshRateSelector: Previous: {defaultModeId=0, allowGroupSwitching=false, primaryRanges={physical=[0.00 Hz, 340282346638528859811704183484516925440.00 Hz], render=[0.00 Hz, 340282346638528859811704183484516925440.00 Hz]}, appRequestRanges={physical=[0.00 Hz, 340282346638528859811704183484516925440.00 Hz], render=[0.00 Hz, 340282346638528859811704183484516925440.00 Hz]}}
04-15 15:20:09.794 392 392 I RefreshRateSelector: Current: DisplayManagerPolicy{defaultModeId=0, allowGroupSwitching=false, primaryRanges={physical=[0.00 Hz, inf Hz], render=[0.00 Hz, 60.00 Hz]}, appRequestRanges={physical=[0.00 Hz, inf Hz], render=[0.00 Hz, inf Hz]}}
04-15 15:20:09.794 392 392 I RefreshRateSelector: 0 mode changes were performed under the previous policy
04-15 15:20:09.806 534 534 W FileUtils: Failed to chmod(/data/system/game_mode_intervention.list): android.system.ErrnoException: chmod failed: ENOENT (No such file or directory)
04-15 15:20:09.807 534 534 V HistoricalRegistry: Interaction before persistence initialized
04-15 15:20:09.817 534 534 V SystemServerTiming: GameManagerService took to complete: 33ms
04-15 15:20:09.817 534 534 D SystemServerTiming: StartBootPhaseDeviceSpecificServicesReady
04-15 15:20:09.817 534 534 I SystemServiceManager: Starting phase 520
04-15 15:20:09.818 534 534 D SystemServerTiming: OnBootPhase_520
04-15 15:20:09.818 534 534 D SystemServerTiming: OnBootPhase_520_com.android.server.security.FileIntegrityService
04-15 15:20:09.818 534 534 V SystemServerTiming: OnBootPhase_520_com.android.server.security.FileIntegrityService took to complete: 0ms
04-15 15:20:09.818 534 534 D SystemServerTiming: OnBootPhase_520_com.android.server.pm.Installer
04-15 15:20:09.818 534 534 V SystemServerTiming: OnBootPhase_520_com.android.server.pm.Installer took to complete: 0ms
04-15 15:20:09.818 534 534 D SystemServerTiming: OnBootPhase_520_com.android.server.os.DeviceIdentifiersPolicyService
04-15 15:20:09.818 534 534 V SystemServerTiming: OnBootPhase_520_com.android.server.os.DeviceIdentifiersPolicyService took to complete: 0ms
04-15 15:20:09.818 534 534 D SystemServerTiming: OnBootPhase_520_com.android.server.uri.UriGrantsManagerService$Lifecycle
04-15 15:20:09.818 534 534 V SystemServerTiming: OnBootPhase_520_com.android.server.uri.UriGrantsManagerService$Lifecycle took to complete: 0ms
04-15 15:20:09.818 534 534 D SystemServerTiming: OnBootPhase_520_com.android.server.powerstats.PowerStatsService
04-15 15:20:09.818 534 534 V SystemServerTiming: OnBootPhase_520_com.android.server.powerstats.PowerStatsService took to complete: 0ms
04-15 15:20:09.818 534 534 D SystemServerTiming: OnBootPhase_520_com.android.server.permission.access.AccessCheckingService
04-15 15:20:09.819 534 534 V SystemServerTiming: OnBootPhase_520_com.android.server.permission.access.AccessCheckingService took to complete: 0ms
04-15 15:20:09.819 534 534 D SystemServerTiming: OnBootPhase_520_com.android.server.wm.ActivityTaskManagerService$Lifecycle
04-15 15:20:09.819 534 534 V SystemServerTiming: OnBootPhase_520_com.android.server.wm.ActivityTaskManagerService$Lifecycle took to complete: 0ms
04-15 15:20:09.819 534 534 D SystemServerTiming: OnBootPhase_520_com.android.server.am.ActivityManagerService$Lifecycle
04-15 15:20:09.819 534 534 V SystemServerTiming: OnBootPhase_520_com.android.server.am.ActivityManagerService$Lifecycle took to complete: 0ms
04-15 15:20:09.819 534 534 D SystemServerTiming: OnBootPhase_520_com.android.server.pm.DataLoaderManagerService
04-15 15:20:09.819 534 534 V SystemServerTiming: OnBootPhase_520_com.android.server.pm.DataLoaderManagerService took to complete: 0ms
04-15 15:20:09.819 534 534 D SystemServerTiming: OnBootPhase_520_com.android.server.power.PowerManagerService
04-15 15:20:09.819 534 534 V SystemServerTiming: OnBootPhase_520_com.android.server.power.PowerManagerService took to complete: 0ms
04-15 15:20:09.819 534 534 D SystemServerTiming: OnBootPhase_520_com.android.server.power.ThermalManagerService
04-15 15:20:09.819 534 534 V SystemServerTiming: OnBootPhase_520_com.android.server.power.ThermalManagerService took to complete: 0ms
04-15 15:20:09.819 534 534 D SystemServerTiming: OnBootPhase_520_com.android.server.power.hint.HintManagerService
04-15 15:20:09.824 534 534 V SystemServerTiming: OnBootPhase_520_com.android.server.power.hint.HintManagerService took to complete: 0ms
04-15 15:20:09.824 534 534 D SystemServerTiming: OnBootPhase_520_com.android.server.recoverysystem.RecoverySystemService$Lifecycle
04-15 15:20:09.824 534 534 V SystemServerTiming: OnBootPhase_520_com.android.server.recoverysystem.RecoverySystemService$Lifecycle took to complete: 0ms
04-15 15:20:09.824 534 534 D SystemServerTiming: OnBootPhase_520_com.android.server.lights.LightsService
04-15 15:20:09.824 534 534 V SystemServerTiming: OnBootPhase_520_com.android.server.lights.LightsService took to complete: 0ms
04-15 15:20:09.824 534 534 D SystemServerTiming: OnBootPhase_520_com.android.server.display.DisplayManagerService
04-15 15:20:09.825 534 534 V SystemServerTiming: OnBootPhase_520_com.android.server.display.DisplayManagerService took to complete: 0ms
04-15 15:20:09.825 534 534 D SystemServerTiming: OnBootPhase_520_com.android.server.pm.verify.domain.DomainVerificationService
04-15 15:20:09.825 534 534 V SystemServerTiming: OnBootPhase_520_com.android.server.pm.verify.domain.DomainVerificationService took to complete: 0ms
04-15 15:20:09.825 534 534 D SystemServerTiming: OnBootPhase_520_com.android.server.pm.PackageInstallerService$Lifecycle
04-15 15:20:09.825 534 534 V SystemServerTiming: OnBootPhase_520_com.android.server.pm.PackageInstallerService$Lifecycle took to complete: 0ms
04-15 15:20:09.825 534 534 D SystemServerTiming: OnBootPhase_520_com.android.server.pm.UserManagerService$LifeCycle
04-15 15:20:09.825 534 534 V SystemServerTiming: OnBootPhase_520_com.android.server.pm.UserManagerService$LifeCycle took to complete: 0ms
04-15 15:20:09.825 534 534 D SystemServerTiming: OnBootPhase_520_com.android.server.om.OverlayManagerService
04-15 15:20:09.825 534 534 V SystemServerTiming: OnBootPhase_520_com.android.server.om.OverlayManagerService took to complete: 0ms
04-15 15:20:09.825 534 534 D SystemServerTiming: OnBootPhase_520_com.android.server.resources.ResourcesManagerService
04-15 15:20:09.825 534 534 V SystemServerTiming: OnBootPhase_520_com.android.server.resources.ResourcesManagerService took to complete: 0ms
04-15 15:20:09.825 534 534 D SystemServerTiming: OnBootPhase_520_com.android.server.sensorprivacy.SensorPrivacyService
04-15 15:20:09.832 534 534 V SystemServerTiming: OnBootPhase_520_com.android.server.sensorprivacy.SensorPrivacyService took to complete: 0ms
04-15 15:20:09.832 534 534 D SystemServerTiming: OnBootPhase_520_com.android.server.sensors.SensorService
04-15 15:20:09.832 534 534 V SystemServerTiming: OnBootPhase_520_com.android.server.sensors.SensorService took to complete: 0ms
04-15 15:20:09.832 534 534 D SystemServerTiming: OnBootPhase_520_com.android.server.SystemConfigService
04-15 15:20:09.832 534 534 V SystemServerTiming: OnBootPhase_520_com.android.server.SystemConfigService took to complete: 0ms
04-15 15:20:09.832 534 534 D SystemServerTiming: OnBootPhase_520_com.android.server.BatteryService
04-15 15:20:09.832 534 534 V SystemServerTiming: OnBootPhase_520_com.android.server.BatteryService took to complete: 0ms
04-15 15:20:09.832 534 534 D SystemServerTiming: OnBootPhase_520_com.android.server.usage.UsageStatsService
04-15 15:20:09.833 534 534 V SystemServerTiming: OnBootPhase_520_com.android.server.usage.UsageStatsService took to complete: 0ms
04-15 15:20:09.833 534 534 D SystemServerTiming: OnBootPhase_520_com.android.server.webkit.WebViewUpdateService
04-15 15:20:09.833 534 534 V SystemServerTiming: OnBootPhase_520_com.android.server.webkit.WebViewUpdateService took to complete: 0ms
04-15 15:20:09.833 534 534 D SystemServerTiming: OnBootPhase_520_com.android.server.CachedDeviceStateService
04-15 15:20:09.833 534 534 V SystemServerTiming: OnBootPhase_520_com.android.server.CachedDeviceStateService took to complete: 0ms
04-15 15:20:09.833 534 534 D SystemServerTiming: OnBootPhase_520_com.android.server.BinderCallsStatsService$LifeCycle
04-15 15:20:09.833 534 534 V SystemServerTiming: OnBootPhase_520_com.android.server.BinderCallsStatsService$LifeCycle took to complete: 0ms
04-15 15:20:09.833 534 534 D SystemServerTiming: OnBootPhase_520_com.android.server.LooperStatsService$Lifecycle
04-15 15:20:09.833 534 534 V SystemServerTiming: OnBootPhase_520_com.android.server.LooperStatsService$Lifecycle took to complete: 0ms
04-15 15:20:09.833 534 534 D SystemServerTiming: OnBootPhase_520_com.android.server.rollback.RollbackManagerService
04-15 15:20:09.833 534 534 V SystemServerTiming: OnBootPhase_520_com.android.server.rollback.RollbackManagerService took to complete: 0ms
04-15 15:20:09.833 534 534 D SystemServerTiming: OnBootPhase_520_com.android.server.os.NativeTombstoneManagerService
04-15 15:20:09.834 534 534 V SystemServerTiming: OnBootPhase_520_com.android.server.os.NativeTombstoneManagerService took to complete: 0ms
04-15 15:20:09.834 534 534 D SystemServerTiming: OnBootPhase_520_com.android.server.os.BugreportManagerService
04-15 15:20:09.834 534 534 V SystemServerTiming: OnBootPhase_520_com.android.server.os.BugreportManagerService took to complete: 0ms
04-15 15:20:09.834 534 534 D SystemServerTiming: OnBootPhase_520_com.android.server.gpu.GpuService
04-15 15:20:09.834 534 534 V SystemServerTiming: OnBootPhase_520_com.android.server.gpu.GpuService took to complete: 0ms
04-15 15:20:09.834 534 534 D SystemServerTiming: OnBootPhase_520_com.android.server.security.rkp.RemoteProvisioningService
04-15 15:20:09.834 534 534 V SystemServerTiming: OnBootPhase_520_com.android.server.security.rkp.RemoteProvisioningService took to complete: 0ms
04-15 15:20:09.834 534 534 D SystemServerTiming: OnBootPhase_520_com.android.server.cpu.CpuMonitorService
04-15 15:20:09.834 534 534 V SystemServerTiming: OnBootPhase_520_com.android.server.cpu.CpuMonitorService took to complete: 0ms
04-15 15:20:09.834 534 534 D SystemServerTiming: OnBootPhase_520_com.android.server.security.KeyChainSystemService
04-15 15:20:09.834 534 534 V SystemServerTiming: OnBootPhase_520_com.android.server.security.KeyChainSystemService took to complete: 0ms
04-15 15:20:09.834 534 534 D SystemServerTiming: OnBootPhase_520_com.android.server.BinaryTransparencyService
04-15 15:20:09.835 534 534 V SystemServerTiming: OnBootPhase_520_com.android.server.BinaryTransparencyService took to complete: 0ms
04-15 15:20:09.835 534 534 D SystemServerTiming: OnBootPhase_520_com.android.server.telecom.TelecomLoaderService
04-15 15:20:09.835 534 534 V SystemServerTiming: OnBootPhase_520_com.android.server.telecom.TelecomLoaderService took to complete: 0ms
04-15 15:20:09.835 534 534 D SystemServerTiming: OnBootPhase_520_com.android.server.accounts.AccountManagerService$Lifecycle
04-15 15:20:09.835 534 534 V SystemServerTiming: OnBootPhase_520_com.android.server.accounts.AccountManagerService$Lifecycle took to complete: 0ms
04-15 15:20:09.835 534 534 D SystemServerTiming: OnBootPhase_520_com.android.server.content.ContentService$Lifecycle
04-15 15:20:09.835 534 534 V SystemServerTiming: OnBootPhase_520_com.android.server.content.ContentService$Lifecycle took to complete: 0ms
04-15 15:20:09.835 534 534 D SystemServerTiming: OnBootPhase_520_com.android.server.deviceconfig.DeviceConfigInit$Lifecycle
04-15 15:20:09.835 534 534 V SystemServerTiming: OnBootPhase_520_com.android.server.deviceconfig.DeviceConfigInit$Lifecycle took to complete: 0ms
04-15 15:20:09.835 534 534 D SystemServerTiming: OnBootPhase_520_com.android.server.DropBoxManagerService
04-15 15:20:09.835 534 534 V SystemServerTiming: OnBootPhase_520_com.android.server.DropBoxManagerService took to complete: 0ms
04-15 15:20:09.835 534 534 D SystemServerTiming: OnBootPhase_520_com.android.role.RoleService
04-15 15:20:09.840 534 534 V SystemServerTiming: OnBootPhase_520_com.android.role.RoleService took to complete: 0ms
04-15 15:20:09.840 534 534 D SystemServerTiming: OnBootPhase_520_com.android.server.vibrator.VibratorManagerService$Lifecycle
04-15 15:20:09.840 534 534 V SystemServerTiming: OnBootPhase_520_com.android.server.vibrator.VibratorManagerService$Lifecycle took to complete: 0ms
04-15 15:20:09.840 534 534 D SystemServerTiming: OnBootPhase_520_com.android.server.tare.InternalResourceService
04-15 15:20:09.840 534 534 V SystemServerTiming: OnBootPhase_520_com.android.server.tare.InternalResourceService took to complete: 0ms
04-15 15:20:09.840 534 534 D SystemServerTiming: OnBootPhase_520_com.android.server.alarm.AlarmManagerService
04-15 15:20:09.840 534 534 V SystemServerTiming: OnBootPhase_520_com.android.server.alarm.AlarmManagerService took to complete: 0ms
04-15 15:20:09.840 534 534 D SystemServerTiming: OnBootPhase_520_com.android.server.devicestate.DeviceStateManagerService
04-15 15:20:09.840 534 534 V SystemServerTiming: OnBootPhase_520_com.android.server.devicestate.DeviceStateManagerService took to complete: 0ms
04-15 15:20:09.840 534 534 D SystemServerTiming: OnBootPhase_520_com.android.server.camera.CameraServiceProxy
04-15 15:20:09.840 534 534 V SystemServerTiming: OnBootPhase_520_com.android.server.camera.CameraServiceProxy took to complete: 0ms
04-15 15:20:09.841 534 534 D SystemServerTiming: OnBootPhase_520_com.android.server.bluetooth.BluetoothService
04-15 15:20:09.841 534 534 V SystemServerTiming: OnBootPhase_520_com.android.server.bluetooth.BluetoothService took to complete: 0ms
04-15 15:20:09.841 534 534 D SystemServerTiming: OnBootPhase_520_com.android.server.connectivity.IpConnectivityMetrics
04-15 15:20:09.841 534 534 V SystemServerTiming: OnBootPhase_520_com.android.server.connectivity.IpConnectivityMetrics took to complete: 0ms
04-15 15:20:09.841 534 534 D SystemServerTiming: OnBootPhase_520_com.android.server.net.watchlist.NetworkWatchlistService$Lifecycle
04-15 15:20:09.841 534 534 V SystemServerTiming: OnBootPhase_520_com.android.server.net.watchlist.NetworkWatchlistService$Lifecycle took to complete: 0ms
04-15 15:20:09.841 534 534 D SystemServerTiming: OnBootPhase_520_com.android.server.PinnerService
04-15 15:20:09.841 534 534 V SystemServerTiming: OnBootPhase_520_com.android.server.PinnerService took to complete: 0ms
04-15 15:20:09.841 534 534 D SystemServerTiming: OnBootPhase_520_com.android.server.integrity.AppIntegrityManagerService
04-15 15:20:09.841 534 534 V SystemServerTiming: OnBootPhase_520_com.android.server.integrity.AppIntegrityManagerService took to complete: 0ms
04-15 15:20:09.841 534 534 D SystemServerTiming: OnBootPhase_520_com.android.server.logcat.LogcatManagerService
04-15 15:20:09.841 534 534 V SystemServerTiming: OnBootPhase_520_com.android.server.logcat.LogcatManagerService took to complete: 0ms
04-15 15:20:09.842 534 534 D SystemServerTiming: OnBootPhase_520_com.android.server.inputmethod.InputMethodManagerService$Lifecycle
04-15 15:20:09.842 534 534 V SystemServerTiming: OnBootPhase_520_com.android.server.inputmethod.InputMethodManagerService$Lifecycle took to complete: 0ms
04-15 15:20:09.842 534 534 D SystemServerTiming: OnBootPhase_520_com.android.server.accessibility.AccessibilityManagerService$Lifecycle
04-15 15:20:09.842 534 534 V SystemServerTiming: OnBootPhase_520_com.android.server.accessibility.AccessibilityManagerService$Lifecycle took to complete: 0ms
04-15 15:20:09.842 534 534 D SystemServerTiming: OnBootPhase_520_com.android.server.StorageManagerService$Lifecycle
04-15 15:20:09.842 534 534 V SystemServerTiming: OnBootPhase_520_com.android.server.StorageManagerService$Lifecycle took to complete: 0ms
04-15 15:20:09.842 534 534 D SystemServerTiming: OnBootPhase_520_com.android.server.usage.StorageStatsService$Lifecycle
04-15 15:20:09.842 534 534 V SystemServerTiming: OnBootPhase_520_com.android.server.usage.StorageStatsService$Lifecycle took to complete: 0ms
04-15 15:20:09.842 534 534 D SystemServerTiming: OnBootPhase_520_com.android.server.UiModeManagerService
04-15 15:20:09.842 534 534 V SystemServerTiming: OnBootPhase_520_com.android.server.UiModeManagerService took to complete: 0ms
04-15 15:20:09.842 534 534 D SystemServerTiming: OnBootPhase_520_com.android.server.locales.LocaleManagerService
04-15 15:20:09.842 534 534 V SystemServerTiming: OnBootPhase_520_com.android.server.locales.LocaleManagerService took to complete: 0ms
04-15 15:20:09.843 534 534 D SystemServerTiming: OnBootPhase_520_com.android.server.grammaticalinflection.GrammaticalInflectionService
04-15 15:20:09.843 534 534 V SystemServerTiming: OnBootPhase_520_com.android.server.grammaticalinflection.GrammaticalInflectionService took to complete: 0ms
04-15 15:20:09.843 534 534 D SystemServerTiming: OnBootPhase_520_com.android.server.apphibernation.AppHibernationService
