04-15 15:17:34.270 0 0 I EXT4-fs (dm-20): mounted filesystem without journal. Quota mode: none.
04-15 15:17:34.271 0 0 I apexd : Successfully mounted package /data/apex/decompressed/com.android.neuralnetworks@342090000.decompressed.apex on /apex/com.android.neuralnetworks@342090000 duration=1921
04-15 15:17:34.281 0 0 I loop24 : detected capacity change from 0 to 12792
04-15 15:17:34.315 0 0 I device-mapper: verity: sha256 using implementation "sha256-ssse3"
04-15 15:17:34.439 0 0 I EXT4-fs (dm-17): mounted filesystem without journal. Quota mode: none.
04-15 15:17:34.440 0 0 I apexd : Successfully mounted package /data/apex/decompressed/com.android.adbd@342090000.decompressed.apex on /apex/com.android.adbd@342090000 duration=2075
04-15 15:17:34.621 153 168 I keystore2: system/security/keystore2/src/watchdog.rs:319 - Watchdog thread idle -> terminating. Have a great day.
04-15 15:17:34.645 0 0 I loop25 : detected capacity change from 0 to 55672
04-15 15:17:34.678 0 0 I device-mapper: verity: sha256 using implementation "sha256-ssse3"
04-15 15:17:34.744 0 0 I EXT4-fs (dm-18): mounted filesystem without journal. Quota mode: none.
04-15 15:17:34.746 0 0 I apexd : Successfully mounted package /data/apex/decompressed/com.android.media.swcodec@342090000.decompressed.apex on /apex/com.android.media.swcodec@342090000 duration=2353
04-15 15:17:34.911 0 0 I loop26 : detected capacity change from 0 to 36000
04-15 15:17:34.947 0 0 I device-mapper: verity: sha256 using implementation "sha256-ssse3"
04-15 15:17:35.015 0 0 I loop27 : detected capacity change from 0 to 7696
04-15 15:17:35.029 0 0 I EXT4-fs (dm-28): mounted filesystem without journal. Quota mode: none.
04-15 15:17:35.030 0 0 I apexd : Successfully mounted package /data/apex/decompressed/com.android.tethering@342090000.decompressed.apex on /apex/com.android.tethering@342090000 duration=2544
04-15 15:17:35.048 0 0 I device-mapper: verity: sha256 using implementation "sha256-ssse3"
04-15 15:17:35.127 0 0 I EXT4-fs (dm-9): mounted filesystem without journal. Quota mode: none.
04-15 15:17:35.128 0 0 I apexd : Successfully mounted package /data/apex/decompressed/com.android.uwb@342090000.decompressed.apex on /apex/com.android.uwb@342090000 duration=2636
04-15 15:17:35.230 0 0 I loop28 : detected capacity change from 0 to 19224
04-15 15:17:35.258 0 0 I device-mapper: verity: sha256 using implementation "sha256-ssse3"
04-15 15:17:35.262 0 0 I loop29 : detected capacity change from 0 to 536
04-15 15:17:35.334 0 0 I EXT4-fs (dm-10): mounted filesystem without journal. Quota mode: none.
04-15 15:17:35.335 0 0 I apexd : Successfully mounted package /data/apex/decompressed/com.android.extservices@342090000.decompressed.apex on /apex/com.android.extservices@342090000 duration=2842
04-15 15:17:35.358 0 0 I device-mapper: verity: sha256 using implementation "sha256-ssse3"
04-15 15:17:35.419 0 0 I EXT4-fs (dm-13): mounted filesystem without journal. Quota mode: none.
04-15 15:17:35.421 0 0 I apexd : Successfully mounted package /data/apex/decompressed/com.android.scheduling@342090000.decompressed.apex on /apex/com.android.scheduling@342090000 duration=2906
04-15 15:17:35.495 0 0 I loop30 : detected capacity change from 0 to 19784
04-15 15:17:35.550 0 0 I device-mapper: verity: sha256 using implementation "sha256-ssse3"
04-15 15:17:35.633 0 0 I EXT4-fs (dm-24): mounted filesystem without journal. Quota mode: none.
04-15 15:17:35.634 0 0 I apexd : Successfully mounted package /data/apex/decompressed/com.android.mediaprovider@342090000.decompressed.apex on /apex/com.android.mediaprovider@342090000 duration=3118
04-15 15:17:35.641 0 0 I loop31 : detected capacity change from 0 to 8872
04-15 15:17:35.668 0 0 I device-mapper: verity: sha256 using implementation "sha256-ssse3"
04-15 15:17:35.723 0 0 I loop32 : detected capacity change from 0 to 4600
04-15 15:17:35.756 0 0 I EXT4-fs (dm-15): mounted filesystem without journal. Quota mode: none.
04-15 15:17:35.760 0 0 I device-mapper: verity: sha256 using implementation "sha256-ssse3"
04-15 15:17:35.762 0 0 I apexd : Successfully mounted package /data/apex/decompressed/com.android.conscrypt@342090000.decompressed.apex on /apex/com.android.conscrypt@342090000 duration=3253
04-15 15:17:35.777 0 0 I loop33 : detected capacity change from 0 to 1624
04-15 15:17:35.810 0 0 I device-mapper: verity: sha256 using implementation "sha256-ssse3"
04-15 15:17:35.855 0 0 I EXT4-fs (dm-6): mounted filesystem without journal. Quota mode: none.
04-15 15:17:35.855 0 0 I apexd : Successfully mounted package /data/apex/decompressed/com.android.ondevicepersonalization@342090000.decompressed.apex on /apex/com.android.ondevicepersonalization@342090000 duration=3321
04-15 15:17:35.895 0 0 I EXT4-fs (dm-7): mounted filesystem without journal. Quota mode: none.
04-15 15:17:35.898 0 0 I apexd : Successfully mounted package /data/apex/decompressed/com.android.ipsec@342090000.decompressed.apex on /apex/com.android.ipsec@342090000 duration=3362
04-15 15:17:35.923 0 0 I loop34 : detected capacity change from 0 to 9104
04-15 15:17:35.946 0 0 I device-mapper: verity: sha256 using implementation "sha256-ssse3"
04-15 15:17:35.949 0 0 I loop35 : detected capacity change from 0 to 536
04-15 15:17:35.990 0 0 I device-mapper: verity: sha256 using implementation "sha256-ssse3"
04-15 15:17:36.000 0 0 I EXT4-fs (dm-12): mounted filesystem without journal. Quota mode: none.
04-15 15:17:36.006 0 0 I apexd : Successfully mounted package /data/apex/decompressed/com.android.resolv@342090000.decompressed.apex on /apex/com.android.resolv@342090000 duration=3462
04-15 15:17:36.058 0 0 I EXT4-fs (dm-11): mounted filesystem without journal. Quota mode: none.
04-15 15:17:36.059 0 0 I apexd : Successfully mounted package /data/apex/decompressed/com.android.configinfrastructure@342090000.decompressed.apex on /apex/com.android.configinfrastructure@342090000 duration=3520
04-15 15:17:36.070 0 0 I apexd : Activated 32 packages.
04-15 15:17:36.071 0 0 I apexd : OnStart done, duration=10905
04-15 15:17:36.073 0 0 I AidlLazyServiceRegistrar: Registering service apexservice
04-15 15:17:36.222 0 0 I apexd : Marking APEXd as activated
04-15 15:17:36.226 0 0 I init : Wait for property 'apexd.status=activated' took 9803ms
04-15 15:17:36.372 0 0 I init : Parsing file /apex/com.android.adbd/etc/init.rc...
04-15 15:17:36.376 0 0 I init : Parsing file /apex/com.android.art/etc/init.rc...
04-15 15:17:36.380 0 0 I init : Parsing file /apex/com.android.media.swcodec/etc/mediaswcodec.32rc...
04-15 15:17:36.382 0 0 I init : Parsing file /apex/com.android.media/etc/mediatranscoding.32rc...
04-15 15:17:36.384 0 0 I init : Parsing file /apex/com.android.os.statsd/etc/init.rc...
04-15 15:17:36.388 0 0 I init : Parsing file /apex/com.android.sdkext/etc/derive_classpath.rc...
04-15 15:17:36.390 0 0 I init : Parsing file /apex/com.android.sdkext/etc/derive_sdk.rc...
04-15 15:17:36.823 0 0 I init : linkerconfig generated /linkerconfig with mounted APEX modules info
04-15 15:17:36.823 0 0 I init : Command 'perform_apex_config' action=post-fs-data (/system/etc/init/hw/init.rc:1010) took 594ms and succeeded
04-15 15:17:36.832 0 0 I init : Encryption policy of /data/bootanim set to f1ce40aa2237094c3c8af08ae597976d v2 modes 1/4 flags 0x2
04-15 15:17:36.838 0 0 I init : starting service 'derive_sdk'...
04-15 15:17:36.891 0 0 I init : ... started service 'derive_sdk' has pid 290
04-15 15:17:36.891 0 0 I init : SVC_EXEC service 'derive_sdk' pid 290 (uid 9999 gid 9999+0 context default) started; waiting...
04-15 15:17:36.892 0 0 I init : Command 'exec_start derive_sdk' action=post-fs-data (/system/etc/init/hw/init.rc:1015) took 59ms and succeeded
04-15 15:17:37.075 290 290 I derive_sdk: Read version 7 from 15
04-15 15:17:37.081 290 290 I derive_sdk: Read version 7 from 1
04-15 15:17:37.083 290 290 I derive_sdk: Read version 7 from 13
04-15 15:17:37.086 290 290 I derive_sdk: Read version 7 from 10
04-15 15:17:37.089 290 290 I derive_sdk: Read version 7 from 3
04-15 15:17:37.090 290 290 I derive_sdk: Read version 7 from 9
04-15 15:17:37.093 290 290 I derive_sdk: Read version 7 from 14
04-15 15:17:37.094 290 290 I derive_sdk: Read version 7 from 7
04-15 15:17:37.096 290 290 I derive_sdk: Read version 7 from 11
04-15 15:17:37.097 290 290 I derive_sdk: Read version 7 from 2
04-15 15:17:37.099 290 290 I derive_sdk: Read version 7 from 12
04-15 15:17:37.101 290 290 I derive_sdk: Read version 7 from 6
04-15 15:17:37.102 290 290 I derive_sdk: Read version 7 from 4
04-15 15:17:37.104 290 290 I derive_sdk: Read version 7 from 8
04-15 15:17:37.105 290 290 W derive_sdk: Found sdkinfo in unexpected apex com.android.devicelock
04-15 15:17:37.107 290 290 I derive_sdk: Read version 7 from 16
04-15 15:17:37.109 290 290 I derive_sdk: Read version 7 from 5
04-15 15:17:37.110 290 290 I derive_sdk: extension r version is 7
04-15 15:17:37.117 290 290 I derive_sdk: extension s version is 7
04-15 15:17:37.119 290 290 I derive_sdk: extension t version is 7
04-15 15:17:37.122 290 290 I derive_sdk: extension u version is 7
04-15 15:17:37.123 290 290 I derive_sdk: extension ad_services version is 7
04-15 15:17:37.141 0 0 I init : Service 'derive_sdk' (pid 290) exited with status 0 waiting took 0.296000 seconds
04-15 15:17:37.142 0 0 I init : Sending signal 9 to service 'derive_sdk' (pid 290) process group...
04-15 15:17:37.143 0 0 I libprocessgroup: Successfully killed process cgroup uid 9999 pid 290 in 0ms
04-15 15:17:37.150 0 0 I init : starting service 'exec 10 (/system/bin/vdc --wait cryptfs init_user0)'...
04-15 15:17:37.183 0 0 I init : ... started service 'exec 10 (/system/bin/vdc --wait cryptfs init_user0)' has pid 291
04-15 15:17:37.184 0 0 I init : SVC_EXEC service 'exec 10 (/system/bin/vdc --wait cryptfs init_user0)' pid 291 (uid 0 gid 0+0 context default) started; waiting...
04-15 15:17:37.327 0 0 D vdc : Waited 0ms for vold
04-15 15:17:37.319 143 143 D vold : fscrypt_init_user0
04-15 15:17:37.323 143 143 D vold : Preparing: /data/misc/vold/user_keys
04-15 15:17:37.341 143 143 D vold : Preparing: /data/misc/vold/user_keys/ce
04-15 15:17:37.345 143 143 D vold : Preparing: /data/misc/vold/user_keys/de
04-15 15:17:37.349 143 143 D vold : Generating standard storage key
04-15 15:17:37.378 143 143 D vold : Generating "key storage" key
04-15 15:17:37.382 153 153 E keystore2: system/security/keystore2/src/error.rs:180 - system/security/keystore2/src/security_level.rs:622
04-15 15:17:37.382 153 153 E keystore2:
04-15 15:17:37.382 153 153 E keystore2: Caused by:
04-15 15:17:37.382 153 153 E keystore2: 0: system/security/keystore2/src/security_level.rs:620: While generating Key without explicit attestation key.
04-15 15:17:37.382 153 153 E keystore2: 1: Error::Km(r#ROLLBACK_RESISTANCE_UNAVAILABLE)
04-15 15:17:37.384 143 143 E vold : keystore2 Keystore generateKey returned service specific error: -67
04-15 15:17:37.385 143 143 W vold : Failed to generate rollback-resistant key. This is expected if keystore doesn't support rollback resistance. Falling back to non-rollback-resistant key.
04-15 15:17:37.394 0 0 E vold : keystore2 Keystore generateKey returned service specific error: -67
04-15 15:17:37.395 0 0 W vold : Failed to generate rollback-resistant key. This is expected if keystore doesn't support rollback resistance. Falling back to non-rollback-resistant key.
04-15 15:17:37.417 143 143 D vold : Stored key /data/misc/vold/user_keys/de/0
04-15 15:17:37.418 143 143 D vold : Installed fscrypt key with ref 97db45fa4764e0aa97794c7376128d96 to /data
04-15 15:17:37.419 143 143 D vold : Added fscrypt-provisioning key for 97db45fa4764e0aa97794c7376128d96 to session keyring
04-15 15:17:37.419 143 143 I vold : Created DE key for user 0
04-15 15:17:37.420 143 143 D vold : Generating standard storage key
04-15 15:17:37.421 143 143 D vold : Preparing: /data/misc/vold/user_keys/ce/0
04-15 15:17:37.425 143 143 D vold : Installed fscrypt key with ref 66fe8695aa1c0ce5c50d112704ca5005 to /data
04-15 15:17:37.426 143 143 D vold : Added fscrypt-provisioning key for 66fe8695aa1c0ce5c50d112704ca5005 to session keyring
04-15 15:17:37.426 143 143 I vold : Created CE key for user 0
04-15 15:17:37.450 143 143 D vold : Installed fscrypt key with ref 97db45fa4764e0aa97794c7376128d96 to /data
04-15 15:17:37.451 143 143 D vold : Added fscrypt-provisioning key for 97db45fa4764e0aa97794c7376128d96 to session keyring
04-15 15:17:37.451 143 143 D vold : Installed de key for user 0
04-15 15:17:37.453 143 143 D vold : Preparing: /data/data
04-15 15:17:37.459 143 143 I vold : Encryption policy of /data/data set to 66fe8695aa1c0ce5c50d112704ca5005 v2 modes 1/4 flags 0x2
04-15 15:17:37.460 143 143 D vold : Preparing: /data/user/0
04-15 15:17:37.468 143 143 D vold : Preparing: /data/media/obb
04-15 15:17:37.471 143 143 I vold : Encryption policy of /data/media/obb set to f1ce40aa2237094c3c8af08ae597976d v2 modes 1/4 flags 0x2
04-15 15:17:37.476 143 143 D vold : fscrypt_prepare_user_storage for volume null, user 0, serial 0, flags 1
04-15 15:17:37.477 143 143 D vold : Preparing: /data/system/users/0
04-15 15:17:37.480 143 143 D vold : Preparing: /data/misc/profiles/cur/0
04-15 15:17:37.486 143 143 D vold : Preparing: /data/system_de/0
04-15 15:17:37.493 143 143 I vold : Encryption policy of /data/system_de/0 set to 97db45fa4764e0aa97794c7376128d96 v2 modes 1/4 flags 0x2
04-15 15:17:37.493 143 143 D vold : Preparing: /data/vendor_de/0
04-15 15:17:37.495 143 143 I vold : Encryption policy of /data/vendor_de/0 set to 97db45fa4764e0aa97794c7376128d96 v2 modes 1/4 flags 0x2
04-15 15:17:37.498 143 143 D vold : Preparing: /data/misc_de/0
04-15 15:17:37.501 143 143 I vold : Encryption policy of /data/misc_de/0 set to 97db45fa4764e0aa97794c7376128d96 v2 modes 1/4 flags 0x2
04-15 15:17:37.501 143 143 D vold : Preparing: /data/user_de/0
04-15 15:17:37.504 143 143 I vold : Encryption policy of /data/user_de/0 set to 97db45fa4764e0aa97794c7376128d96 v2 modes 1/4 flags 0x2
04-15 15:17:37.505 143 143 D vold : /system/bin/vold_prepare_subdirs
04-15 15:17:37.505 143 143 D vold : prepare
04-15 15:17:37.505 143 143 D vold :
04-15 15:17:37.505 143 143 D vold : 0
04-15 15:17:37.505 143 143 D vold : 1
04-15 15:17:37.642 293 293 D vold_prepare_subdirs: Setting up mode 771 uid 1000 gid 1000 context u:object_r:system_data_file:s0:c512,c768 on path: /data/user_de/0
04-15 15:17:37.646 293 293 I vold_prepare_subdirs: Relabelling from u:object_r:system_data_file:s0 to u:object_r:system_data_file:s0:c512,c768: /data/user_de/0
04-15 15:17:37.650 293 293 D vold_prepare_subdirs: Setting up mode 771 uid 1000 gid 1000 context u:object_r:sdk_sandbox_system_data_file:s0:c512,c768 on path: /data/misc_de/0/sdksandbox
04-15 15:17:37.657 293 293 D vold_prepare_subdirs: Setting up mode 700 uid 0 gid 0 context u:object_r:vold_data_file:s0 on path: /data/misc_de/0/vold
04-15 15:17:37.661 293 293 D vold_prepare_subdirs: Setting up mode 700 uid 0 gid 0 context u:object_r:storaged_data_file:s0 on path: /data/misc_de/0/storaged
04-15 15:17:37.665 293 293 D vold_prepare_subdirs: Setting up mode 700 uid 0 gid 0 context u:object_r:rollback_data_file:s0 on path: /data/misc_de/0/rollback
04-15 15:17:37.669 293 293 D vold_prepare_subdirs: Setting up mode 700 uid 0 gid 0 context u:object_r:apex_rollback_data_file:s0 on path: /data/misc_de/0/apexrollback
04-15 15:17:37.671 293 293 D vold_prepare_subdirs: Setting up mode 711 uid 0 gid 0 context u:object_r:apex_module_data_file:s0 on path: /data/misc_de/0/apexdata
04-15 15:17:37.676 293 293 D vold_prepare_subdirs: Setting up mode 771 uid 0 gid 1000 context u:object_r:apex_module_data_file:s0 on path: /data/misc_de/0/apexdata/com.android.configinfrastructure
04-15 15:17:37.678 293 293 D vold_prepare_subdirs: Setting up mode 771 uid 0 gid 1000 context u:object_r:apex_module_data_file:s0 on path: /data/misc_de/0/apexdata/com.android.resolv
04-15 15:17:37.681 293 293 D vold_prepare_subdirs: Setting up mode 771 uid 0 gid 1000 context u:object_r:apex_module_data_file:s0 on path: /data/misc_de/0/apexdata/com.android.ipsec
04-15 15:17:37.683 293 293 D vold_prepare_subdirs: Setting up mode 771 uid 0 gid 1000 context u:object_r:apex_module_data_file:s0 on path: /data/misc_de/0/apexdata/com.android.ondevicepersonalization
04-15 15:17:37.686 293 293 D vold_prepare_subdirs: Setting up mode 771 uid 0 gid 1000 context u:object_r:apex_module_data_file:s0 on path: /data/misc_de/0/apexdata/com.android.conscrypt
04-15 15:17:37.689 293 293 D vold_prepare_subdirs: Setting up mode 771 uid 0 gid 1000 context u:object_r:apex_module_data_file:s0 on path: /data/misc_de/0/apexdata/com.android.mediaprovider
04-15 15:17:37.691 293 293 D vold_prepare_subdirs: Setting up mode 771 uid 0 gid 1000 context u:object_r:apex_module_data_file:s0 on path: /data/misc_de/0/apexdata/com.android.scheduling
04-15 15:17:37.693 293 293 D vold_prepare_subdirs: Setting up mode 771 uid 0 gid 1000 context u:object_r:apex_module_data_file:s0 on path: /data/misc_de/0/apexdata/com.android.extservices
04-15 15:17:37.695 293 293 D vold_prepare_subdirs: Setting up mode 771 uid 0 gid 1000 context u:object_r:apex_system_server_data_file:s0 on path: /data/misc_de/0/apexdata/com.android.uwb
04-15 15:17:37.697 293 293 D vold_prepare_subdirs: Setting up mode 771 uid 0 gid 1000 context u:object_r:apex_module_data_file:s0 on path: /data/misc_de/0/apexdata/com.android.tethering
04-15 15:17:37.699 293 293 D vold_prepare_subdirs: Setting up mode 771 uid 0 gid 1000 context u:object_r:apex_module_data_file:s0 on path: /data/misc_de/0/apexdata/com.android.media.swcodec
04-15 15:17:37.705 293 293 D vold_prepare_subdirs: Setting up mode 771 uid 0 gid 1000 context u:object_r:apex_module_data_file:s0 on path: /data/misc_de/0/apexdata/com.android.adbd
04-15 15:17:37.706 293 293 D vold_prepare_subdirs: Setting up mode 771 uid 0 gid 1000 context u:object_r:apex_module_data_file:s0 on path: /data/misc_de/0/apexdata/com.android.neuralnetworks
04-15 15:17:37.713 293 293 D vold_prepare_subdirs: Setting up mode 771 uid 0 gid 1000 context u:object_r:apex_module_data_file:s0 on path: /data/misc_de/0/apexdata/com.android.cellbroadcast
04-15 15:17:37.715 293 293 D vold_prepare_subdirs: Setting up mode 771 uid 0 gid 1000 context u:object_r:apex_module_data_file:s0 on path: /data/misc_de/0/apexdata/com.android.adservices
04-15 15:17:37.719 293 293 D vold_prepare_subdirs: Setting up mode 771 uid 0 gid 1000 context u:object_r:apex_module_data_file:s0 on path: /data/misc_de/0/apexdata/com.android.media
04-15 15:17:37.729 293 293 D vold_prepare_subdirs: Setting up mode 771 uid 0 gid 1000 context u:object_r:apex_module_data_file:s0 on path: /data/misc_de/0/apexdata/com.android.appsearch
04-15 15:17:37.730 293 293 D vold_prepare_subdirs: Setting up mode 771 uid 0 gid 1000 context u:object_r:apex_system_server_data_file:s0 on path: /data/misc_de/0/apexdata/com.android.wifi
04-15 15:17:37.733 293 293 D vold_prepare_subdirs: Setting up mode 771 uid 0 gid 1000 context u:object_r:apex_module_data_file:s0 on path: /data/misc_de/0/apexdata/com.android.os.statsd
04-15 15:17:37.735 293 293 D vold_prepare_subdirs: Setting up mode 771 uid 0 gid 1000 context u:object_r:apex_system_server_data_file:s0 on path: /data/misc_de/0/apexdata/com.android.permission
04-15 15:17:37.738 293 293 D vold_prepare_subdirs: Setting up mode 771 uid 0 gid 1000 context u:object_r:apex_module_data_file:s0 on path: /data/misc_de/0/apexdata/com.android.virt
04-15 15:17:37.741 293 293 D vold_prepare_subdirs: Setting up mode 771 uid 0 gid 1000 context u:object_r:apex_module_data_file:s0 on path: /data/misc_de/0/apexdata/com.android.art
04-15 15:17:37.742 293 293 D vold_prepare_subdirs: Setting up mode 771 uid 0 gid 1000 context u:object_r:apex_module_data_file:s0 on path: /data/misc_de/0/apexdata/com.android.devicelock
04-15 15:17:37.743 293 293 D vold_prepare_subdirs: Setting up mode 771 uid 0 gid 1000 context u:object_r:apex_module_data_file:s0 on path: /data/misc_de/0/apexdata/com.android.rkpd
04-15 15:17:37.746 293 293 D vold_prepare_subdirs: Setting up mode 771 uid 0 gid 1000 context u:object_r:apex_module_data_file:s0 on path: /data/misc_de/0/apexdata/com.android.apex.cts.shim
04-15 15:17:37.747 293 293 D vold_prepare_subdirs: Setting up mode 771 uid 0 gid 1000 context u:object_r:apex_module_data_file:s0 on path: /data/misc_de/0/apexdata/com.android.btservices
04-15 15:17:37.749 293 293 D vold_prepare_subdirs: Setting up mode 771 uid 0 gid 1000 context u:object_r:apex_module_data_file:s0 on path: /data/misc_de/0/apexdata/com.android.healthfitness
04-15 15:17:37.751 293 293 D vold_prepare_subdirs: Setting up mode 771 uid 0 gid 1000 context u:object_r:apex_module_data_file:s0 on path: /data/misc_de/0/apexdata/com.android.sdkext
04-15 15:17:37.753 293 293 D vold_prepare_subdirs: Setting up mode 771 uid 0 gid 1000 context u:object_r:apex_module_data_file:s0 on path: /data/misc_de/0/apexdata/com.android.vndk.v34
04-15 15:17:37.754 293 293 D vold_prepare_subdirs: Setting up mode 771 uid 0 gid 1000 context u:object_r:apex_module_data_file:s0 on path: /data/misc_de/0/apexdata/com.android.tzdata
04-15 15:17:37.756 293 293 D vold_prepare_subdirs: Setting up mode 771 uid 0 gid 1000 context u:object_r:apex_module_data_file:s0 on path: /data/misc_de/0/apexdata/com.android.runtime
04-15 15:17:37.758 293 293 D vold_prepare_subdirs: Setting up mode 771 uid 0 gid 1000 context u:object_r:apex_module_data_file:s0 on path: /data/misc_de/0/apexdata/com.android.i18n
04-15 15:17:37.759 293 293 D vold_prepare_subdirs: Setting up mode 771 uid 0 gid 1000 context u:object_r:apex_module_data_file:s0 on path: /data/misc_de/0/apexdata/sharedlibs
04-15 15:17:37.761 293 293 D vold_prepare_subdirs: Setting up mode 771 uid 1000 gid 1000 context u:object_r:user_profile_root_file:s0:c512,c768 on path: /data/misc/profiles/cur/0
04-15 15:17:37.762 293 293 I vold_prepare_subdirs: Relabelling from u:object_r:user_profile_root_file:s0 to u:object_r:user_profile_root_file:s0:c512,c768: /data/misc/profiles/cur/0
04-15 15:17:37.763 293 293 D vold_prepare_subdirs: Setting up mode 700 uid 1000 gid 1000 context u:object_r:fingerprint_vendor_data_file:s0 on path: /data/vendor_de/0/fpdata
04-15 15:17:37.765 293 293 D vold_prepare_subdirs: Setting up mode 700 uid 1000 gid 1000 context u:object_r:face_vendor_data_file:s0 on path: /data/vendor_de/0/facedata
04-15 15:17:37.773 143 143 D vold : Detected support for FS_IOC_ADD_ENCRYPTION_KEY
04-15 15:17:37.778 143 143 D vold : Installing fscrypt-provisioning key for 66fe8695aa1c0ce5c50d112704ca5005 back into /data fs-keyring
04-15 15:17:37.798 0 0 I init : Service 'exec 10 (/system/bin/vdc --wait cryptfs init_user0)' (pid 291) exited with status 0 waiting took 0.641000 seconds
04-15 15:17:37.798 0 0 I init : Sending signal 9 to service 'exec 10 (/system/bin/vdc --wait cryptfs init_user0)' (pid 291) process group...
04-15 15:17:37.799 0 0 I libprocessgroup: Successfully killed process cgroup uid 0 pid 291 in 0ms
04-15 15:17:38.162 0 0 I selinux : SELinux: Skipping restorecon on directory(/data/system/shutdown-checkpoints)
04-15 15:17:38.314 0 0 I init : Command 'restorecon --recursive --skip-ce /data' action=post-fs-data (/system/etc/init/hw/init.rc:1020) took 513ms and succeeded
04-15 15:17:38.318 0 0 I init : starting service 'derive_classpath'...
04-15 15:17:38.374 0 0 I init : ... started service 'derive_classpath' has pid 295
04-15 15:17:38.374 0 0 I init : SVC_EXEC service 'derive_classpath' pid 295 (uid 1000 gid 1000+1 context default) started; waiting...
04-15 15:17:38.374 0 0 I init : Command 'exec_start derive_classpath' action=post-fs-data (/system/etc/init/hw/init.rc:1024) took 59ms and succeeded
04-15 15:17:38.478 295 295 I derive_classpath: ParseFragments for bootclasspath
04-15 15:17:38.533 295 295 I derive_classpath: ReadClasspathFragment /apex/com.android.art/etc/classpaths/bootclasspath.pb
04-15 15:17:38.538 295 295 I derive_classpath: ReadClasspathFragment /system/etc/classpaths/bootclasspath.pb
04-15 15:17:38.545 295 295 I derive_classpath: ReadClasspathFragment /apex/com.android.adservices/etc/classpaths/bootclasspath.pb
04-15 15:17:38.547 295 295 I derive_classpath: ReadClasspathFragment /apex/com.android.appsearch/etc/classpaths/bootclasspath.pb
04-15 15:17:38.549 295 295 I derive_classpath: ReadClasspathFragment /apex/com.android.btservices/etc/classpaths/bootclasspath.pb
04-15 15:17:38.552 295 295 I derive_classpath: ReadClasspathFragment /apex/com.android.configinfrastructure/etc/classpaths/bootclasspath.pb
04-15 15:17:38.554 295 295 I derive_classpath: ReadClasspathFragment /apex/com.android.conscrypt/etc/classpaths/bootclasspath.pb
04-15 15:17:38.555 295 295 I derive_classpath: ReadClasspathFragment /apex/com.android.devicelock/etc/classpaths/bootclasspath.pb
04-15 15:17:38.560 295 295 I derive_classpath: ReadClasspathFragment /apex/com.android.healthfitness/etc/classpaths/bootclasspath.pb
04-15 15:17:38.564 295 295 I derive_classpath: ReadClasspathFragment /apex/com.android.ipsec/etc/classpaths/bootclasspath.pb
04-15 15:17:38.566 295 295 I derive_classpath: ReadClasspathFragment /apex/com.android.media/etc/classpaths/bootclasspath.pb
04-15 15:17:38.567 295 295 I derive_classpath: ReadClasspathFragment /apex/com.android.mediaprovider/etc/classpaths/bootclasspath.pb
04-15 15:17:38.572 295 295 I derive_classpath: ReadClasspathFragment /apex/com.android.ondevicepersonalization/etc/classpaths/bootclasspath.pb
04-15 15:17:38.574 295 295 I derive_classpath: ReadClasspathFragment /apex/com.android.os.statsd/etc/classpaths/bootclasspath.pb
04-15 15:17:38.577 295 295 I derive_classpath: ReadClasspathFragment /apex/com.android.permission/etc/classpaths/bootclasspath.pb
04-15 15:17:38.579 295 295 I derive_classpath: ReadClasspathFragment /apex/com.android.scheduling/etc/classpaths/bootclasspath.pb
04-15 15:17:38.581 295 295 I derive_classpath: ReadClasspathFragment /apex/com.android.sdkext/etc/classpaths/bootclasspath.pb
04-15 15:17:38.583 295 295 I derive_classpath: ReadClasspathFragment /apex/com.android.tethering/etc/classpaths/bootclasspath.pb
04-15 15:17:38.585 295 295 I derive_classpath: ReadClasspathFragment /apex/com.android.uwb/etc/classpaths/bootclasspath.pb
04-15 15:17:38.586 295 295 I derive_classpath: ReadClasspathFragment /apex/com.android.virt/etc/classpaths/bootclasspath.pb
04-15 15:17:38.589 295 295 I derive_classpath: ReadClasspathFragment /apex/com.android.wifi/etc/classpaths/bootclasspath.pb
04-15 15:17:38.590 295 295 I derive_classpath: ParseFragments for systemserverclasspath
04-15 15:17:38.599 295 295 I derive_classpath: ReadClasspathFragment /system/etc/classpaths/systemserverclasspath.pb
04-15 15:17:38.602 295 295 I derive_classpath: ReadClasspathFragment /apex/com.android.adservices/etc/classpaths/systemserverclasspath.pb
04-15 15:17:38.605 295 295 I derive_classpath: ReadClasspathFragment /apex/com.android.appsearch/etc/classpaths/systemserverclasspath.pb
04-15 15:17:38.606 295 295 I derive_classpath: ReadClasspathFragment /apex/com.android.art/etc/classpaths/systemserverclasspath.pb
04-15 15:17:38.607 295 295 I derive_classpath: ReadClasspathFragment /apex/com.android.btservices/etc/classpaths/systemserverclasspath.pb
04-15 15:17:38.610 295 295 I derive_classpath: ReadClasspathFragment /apex/com.android.configinfrastructure/etc/classpaths/systemserverclasspath.pb
04-15 15:17:38.611 295 295 I derive_classpath: ReadClasspathFragment /apex/com.android.devicelock/etc/classpaths/systemserverclasspath.pb
04-15 15:17:38.613 295 295 I derive_classpath: ReadClasspathFragment /apex/com.android.healthfitness/etc/classpaths/systemserverclasspath.pb
04-15 15:17:38.614 295 295 I derive_classpath: ReadClasspathFragment /apex/com.android.media/etc/classpaths/systemserverclasspath.pb
04-15 15:17:38.615 295 295 I derive_classpath: ReadClasspathFragment /apex/com.android.ondevicepersonalization/etc/classpaths/systemserverclasspath.pb
04-15 15:17:38.617 295 295 I derive_classpath: ReadClasspathFragment /apex/com.android.os.statsd/etc/classpaths/systemserverclasspath.pb
04-15 15:17:38.618 295 295 I derive_classpath: ReadClasspathFragment /apex/com.android.permission/etc/classpaths/systemserverclasspath.pb
04-15 15:17:38.619 295 295 I derive_classpath: ReadClasspathFragment /apex/com.android.rkpd/etc/classpaths/systemserverclasspath.pb
04-15 15:17:38.621 295 295 I derive_classpath: ReadClasspathFragment /apex/com.android.scheduling/etc/classpaths/systemserverclasspath.pb
04-15 15:17:38.622 295 295 I derive_classpath: ReadClasspathFragment /apex/com.android.tethering/etc/classpaths/systemserverclasspath.pb
04-15 15:17:38.622 295 295 I derive_classpath: ReadClasspathFragment /apex/com.android.uwb/etc/classpaths/systemserverclasspath.pb
04-15 15:17:38.623 295 295 I derive_classpath: ReadClasspathFragment /apex/com.android.wifi/etc/classpaths/systemserverclasspath.pb
04-15 15:17:38.625 295 295 I derive_classpath: WriteClasspathExports /data/system/environ/classpath
04-15 15:17:38.627 295 295 I derive_classpath: WriteClasspathExports content
04-15 15:17:38.627 295 295 I derive_classpath: export BOOTCLASSPATH /apex/com.android.art/javalib/core-oj.jar:/apex/com.android.art/javalib/core-libart.jar:/apex/com.android.art/javalib/okhttp.jar:/apex/com.android.art/javalib/bouncycastle.jar:/apex/com.android.art/javalib/apache-xml.jar:/system/framework/framework.jar:/system/framework/framework-graphics.jar:/system/framework/ext.jar:/system/framework/telephony-common.jar:/system/framework/voip-common.jar:/system/framework/ims-common.jar:/apex/com.android.i18n/javalib/core-icu4j.jar:/apex/com.android.adservices/javalib/framework-adservices.jar:/apex/com.android.adservices/javalib/framework-sdksandbox.jar:/apex/com.android.appsearch/javalib/framework-appsearch.jar:/apex/com.android.btservices/javalib/framework-bluetooth.jar:/apex/com.android.configinfrastructure/javalib/framework-configinfrastructure.jar:/apex/com.android.conscrypt/javalib/conscrypt.jar:/apex/com.android.devicelock/javalib/framework-devicelock.jar:/apex/com.android.healthfitness/javalib/framework-healthfitness.jar:/apex/com.android.ipsec/javalib/android.net.ipsec.ike.jar:/apex/com.android.media/javalib/updatable-media.jar:/apex/com.android.mediaprovider/javalib/framework-mediaprovider.jar:/apex/com.android.ondevicepersonalization/javalib/framework-ondevicepersonalization.jar:/apex/com.android.os.statsd/javalib/framework-statsd.jar:/apex/com.android.permission/javalib/framework-permission.jar:/apex/com.android.permission/javalib/framework-permission-s.jar:/apex/com.android.scheduling/javalib/framework-scheduling.jar:/apex/com.android.sdkext/javalib/framework-sdkextensions.jar:/apex/com.android.tethering/javalib/framework-connectivity.jar:/apex/com.android.tethering/javalib/framework-connectivity-t.jar:/apex/com.android.tethering/javalib/framework-tethering.jar:/apex/com.android.uwb/javalib/framework-uwb.jar:/apex/com.android.virt/javalib/framework-virtualization.jar:/apex/com.android.wifi/javalib/framework-wifi.jar
04-15 15:17:38.627 295 295 I derive_classpath: export DEX2OATBOOTCLASSPATH /apex/com.android.art/javalib/core-oj.jar:/apex/com.android.art/javalib/core-libart.jar:/apex/com.android.art/javalib/okhttp.jar:/apex/com.android.art/javalib/bouncycastle.jar:/apex/com.android.art/javalib/apache-xml.jar:/system/framework/framework.jar:/system/framework/framework-graphics.jar:/system/framework/ext.jar:/system/framework/telephony-common.jar:/system/framework/voip-common.jar:/system/framework/ims-common.jar:/apex/com.android.i18n/javalib/core-icu4j.jar
04-15 15:17:38.627 295 295 I derive_classpath: export SYSTEMSERVERCLASSPATH /system/framework/com.android.location.provider.jar:/system/framework/services.jar:/apex/com.android.adservices/javalib/service-adservices.jar:/apex/com.android.adservices/javalib/service-sdksandbox.jar:/apex/com.android.appsearch/javalib/service-appsearch.jar:/apex/com.android.art/javalib/service-art.jar:/apex/com.android.configinfrastructure/javalib/service-configinfrastructure.jar:/apex/com.android.healthfitness/javalib/service-healthfitness.jar:/apex/com.android.media/javalib/service-media-s.jar:/apex/com.android.ondevicepersonalization/javalib/service-ondevicepersonalization.jar:/apex/com.android.permission/javalib/service-permission.jar:/apex/com.android.rkpd/javalib/service-rkp.jar
04-15 15:17:38.627 295 295 I derive_classpath: export STANDALONE_SYSTEMSERVER_JARS /apex/com.android.btservices/javalib/service-bluetooth.jar:/apex/com.android.devicelock/javalib/service-devicelock.jar:/apex/com.android.os.statsd/javalib/service-statsd.jar:/apex/com.android.scheduling/javalib/service-scheduling.jar:/apex/com.android.tethering/javalib/service-connectivity.jar:/apex/com.android.uwb/javalib/service-uwb.jar:/apex/com.android.wifi/javalib/service-wifi.jar
04-15 15:17:38.650 0 0 I init : Service 'derive_classpath' (pid 295) exited with status 0 waiting took 0.323000 seconds
04-15 15:17:38.651 0 0 I init : Sending signal 9 to service 'derive_classpath' (pid 295) process group...
04-15 15:17:38.652 0 0 I libprocessgroup: Successfully killed process cgroup uid 1000 pid 295 in 1ms
04-15 15:17:38.666 0 0 I init : starting service 'art_boot'...
04-15 15:17:38.721 0 0 I init : ... started service 'art_boot' has pid 296
04-15 15:17:38.722 0 0 I init : SVC_EXEC service 'art_boot' pid 296 (uid 0 gid 0+0 context default) started; waiting...
04-15 15:17:38.722 0 0 I init : Command 'exec_start art_boot' action=post-fs-data (/system/etc/init/hw/init.rc:1030) took 60ms and succeeded
04-15 15:17:38.881 296 296 I art_boot: Property persist.device_config.runtime_native_boot.useartservice not set
04-15 15:17:38.898 0 0 I init : Service 'art_boot' (pid 296) exited with status 0 waiting took 0.224000 seconds
04-15 15:17:38.898 0 0 I init : Sending signal 9 to service 'art_boot' (pid 296) process group...
04-15 15:17:38.900 0 0 I libprocessgroup: Successfully killed process cgroup uid 0 pid 296 in 0ms
04-15 15:17:38.909 0 0 I init : starting service 'odsign'...
04-15 15:17:38.956 0 0 I init : ... started service 'odsign' has pid 297
04-15 15:17:39.238 297 297 I odsign : Trying to retrieve existing HMAC key...
04-15 15:17:39.249 297 297 I odsign : Existing HMAC key not found or invalid, creating new key
04-15 15:17:39.305 297 297 I odsign : Trying to retrieve existing keystore key...
04-15 15:17:39.321 297 297 I odsign : Failed to find keystore key...
04-15 15:17:39.322 297 297 I odsign : Existing keystore key not found or invalid, creating new key
04-15 15:17:40.095 297 297 I odsign : Initialized Keystore key.
04-15 15:17:40.098 297 297 W odsign : Key certificate not found: /data/misc/odsign/key.cert: No such file or directory
04-15 15:17:40.805 298 298 I odrefresh: ART APEX version 342090000
04-15 15:17:40.812 298 298 I odrefresh: No prior cache-info file: '/data/misc/apexdata/com.android.art/dalvik-cache/cache-info.xml'
04-15 15:17:40.819 298 298 I odrefresh: Boot images on /system OK (x86_64)
04-15 15:17:40.830 298 298 I odrefresh: system_server artifacts on /system OK
04-15 15:17:40.846 297 297 I odrefresh: odrefresh terminated by exit(79)
04-15 15:17:40.849 297 297 I odsign : /data/misc/odsign/odsign.info not found.
04-15 15:17:41.077 299 299 I odrefresh: ART APEX version 342090000
04-15 15:17:41.086 299 299 I odrefresh: No prior cache-info file: '/data/misc/apexdata/com.android.art/dalvik-cache/cache-info.xml'
04-15 15:17:41.090 299 299 I odrefresh: Boot images on /system OK (x86_64)
04-15 15:17:41.094 299 299 I odrefresh: system_server artifacts on /system OK
04-15 15:17:41.642 297 297 I odrefresh: odrefresh terminated by exit(80)
04-15 15:17:41.645 297 297 I odsign : odrefresh compiled all artifacts, returned 80
04-15 15:17:41.647 297 297 I odsign : Adding "/data/misc/apexdata/com.android.art/dalvik-cache/cache-info.xml" to fs-verity...
04-15 15:17:41.658 0 0 I fs-verity: sha256 using implementation "sha256-ssse3"
04-15 15:17:41.695 297 297 I odsign : On-device signing done.
04-15 15:17:41.714 0 0 I init : Wait for property 'odsign.key.done=1' took 2756ms
04-15 15:17:41.719 0 0 I init : starting service 'exec 11 (/system/bin/fsverity_init --lock)'...
04-15 15:17:41.752 0 0 I init : ... started service 'exec 11 (/system/bin/fsverity_init --lock)' has pid 300
04-15 15:17:41.754 0 0 I init : SVC_EXEC service 'exec 11 (/system/bin/fsverity_init --lock)' pid 300 (uid 0 gid 0+0 context default) started; waiting...
04-15 15:17:41.756 0 0 I init : Sending signal 9 to service 'odsign' (pid 297) process group...
04-15 15:17:41.775 0 0 I libprocessgroup: Successfully killed process cgroup uid 0 pid 297 in 18ms
04-15 15:17:41.786 0 0 I init : Control message: Processed ctl.stop for 'odsign' from pid: 297 (/system/bin/odsign)
04-15 15:17:41.787 0 0 I init : Service 'odsign' (pid 297) received signal 9
04-15 15:17:41.926 0 0 I init : Service 'exec 11 (/system/bin/fsverity_init --lock)' (pid 300) exited with status 0 waiting took 0.198000 seconds
04-15 15:17:41.927 0 0 I init : Sending signal 9 to service 'exec 11 (/system/bin/fsverity_init --lock)' (pid 300) process group...
04-15 15:17:41.928 0 0 I libprocessgroup: Successfully killed process cgroup uid 0 pid 300 in 1ms
04-15 15:17:41.932 153 197 I keystore2: system/security/keystore2/src/super_key.rs:330 - keystore.boot_level 1000000000 hits maximum 1000000000, finishing.
04-15 15:17:41.940 0 0 I init : starting service 'apexd-snapshotde'...
04-15 15:17:42.000 0 0 I init : ... started service 'apexd-snapshotde' has pid 301
04-15 15:17:42.000 0 0 I init : SVC_EXEC service 'apexd-snapshotde' pid 301 (uid 0 gid 1000+0 context default) started; waiting...
04-15 15:17:42.000 0 0 I init : Command 'exec_start apexd-snapshotde' action=post-fs-data (/system/etc/init/hw/init.rc:1053) took 62ms and succeeded
04-15 15:17:42.163 0 0 I apexd : Snapshot DE subcommand detected
04-15 15:17:42.186 0 0 I apexd-snapshotde: Marking APEXd as ready
04-15 15:17:42.203 0 0 I init : Service 'apexd-snapshotde' (pid 301) exited with status 0 waiting took 0.251000 seconds
04-15 15:17:42.203 0 0 I init : Sending signal 9 to service 'apexd-snapshotde' (pid 301) process group...
04-15 15:17:42.204 0 0 I libprocessgroup: Successfully killed process cgroup uid 0 pid 301 in 0ms
04-15 15:17:42.238 0 0 I init : processing action (post-fs-data) from (/system/etc/init/hw/init.usb.rc:6)
04-15 15:17:42.243 0 0 I init : Encryption policy of /data/adb set to f1ce40aa2237094c3c8af08ae597976d v2 modes 1/4 flags 0x2
04-15 15:17:42.243 0 0 I init : processing action (post-fs-data) from (/vendor/etc/init/hw/init.ranchu.rc:58)
04-15 15:17:42.265 0 0 I init : starting service 'qemu-adb-keys'...
04-15 15:17:42.311 0 0 I init : ... started service 'qemu-adb-keys' has pid 302
04-15 15:17:42.314 0 0 I init : starting service 'qemu-device-state'...
04-15 15:17:42.359 0 0 I init : ... started service 'qemu-device-state' has pid 303
04-15 15:17:42.359 0 0 I init : processing action (ro.boot.qemu.virtiowifi=1 && post-fs-data) from (/vendor/etc/init/hw/init.ranchu.rc:112)
04-15 15:17:42.374 0 0 I init : starting service 'ranchu-net'...
04-15 15:17:42.459 0 0 I init : ... started service 'ranchu-net' has pid 304
04-15 15:17:42.459 0 0 I init : Command 'start ranchu-net' action=ro.boot.qemu.virtiowifi=1 && post-fs-data (/vendor/etc/init/hw/init.ranchu.rc:113) took 99ms and succeeded
04-15 15:17:42.459 0 0 I init : processing action (post-fs-data) from (/system/etc/init/bootstat.rc:9)
04-15 15:17:42.503 0 0 I init : processing action (ro.debuggable=1 && post-fs-data) from (/system/etc/init/clean_scratch_files.rc:1)
04-15 15:17:42.511 0 0 I init : starting service 'exec 12 (/system/bin/clean_scratch_files)'...
04-15 15:17:42.584 0 0 I init : ... started service 'exec 12 (/system/bin/clean_scratch_files)' has pid 305
04-15 15:17:42.585 0 0 I init : Command 'exec_background - root root -- /system/bin/clean_scratch_files' action=ro.debuggable=1 && post-fs-data (/system/etc/init/clean_scratch_files.rc:2) took 80ms and succeeded
04-15 15:17:42.645 0 0 I init : processing action (post-fs-data) from (/system/etc/init/gsid.rc:17)
04-15 15:17:42.703 0 0 I init : Command 'write /data/gsi_persistent_data 0' action=post-fs-data (/system/etc/init/gsid.rc:18) took 56ms and succeeded
04-15 15:17:42.704 0 0 I init : Not setting encryption policy on: /data/gsi
04-15 15:17:42.756 0 0 I init : Command 'mkdir /data/gsi 0700 root root encryption=None' action=post-fs-data (/system/etc/init/gsid.rc:20) took 51ms and succeeded
04-15 15:17:42.881 0 0 I init : Service 'qemu-device-state' (pid 303) exited with status 0 oneshot service took 0.530000 seconds in background
04-15 15:17:42.882 0 0 I init : Sending signal 9 to service 'qemu-device-state' (pid 303) process group...
04-15 15:17:42.883 0 0 I libprocessgroup: Successfully killed process cgroup uid 0 pid 303 in 0ms
04-15 15:17:42.901 0 0 I init : processing action (post-fs-data) from (/system/etc/init/incidentd.rc:21)
04-15 15:17:42.904 0 0 I init : processing action (post-fs-data) from (/system/etc/init/logtagd.rc:4)
04-15 15:17:42.954 0 0 I init : processing action (post-fs-data) from (/system/etc/init/otapreopt.rc:3)
04-15 15:17:42.956 0 0 I init : starting service 'exec 13 (/system/bin/otapreopt_slot)'...
04-15 15:17:43.011 0 0 I init : ... started service 'exec 13 (/system/bin/otapreopt_slot)' has pid 306
04-15 15:17:43.012 0 0 I init : SVC_EXEC service 'exec 13 (/system/bin/otapreopt_slot)' pid 306 (uid 0 gid 0+0 context default) started; waiting...
04-15 15:17:43.012 0 0 I init : Command 'exec - root -- /system/bin/otapreopt_slot' action=post-fs-data (/system/etc/init/otapreopt.rc:4) took 57ms and succeeded
04-15 15:17:43.012 0 0 I init : Service 'qemu-adb-keys' (pid 302) exited with status 0 oneshot service took 0.742000 seconds in background
04-15 15:17:43.013 0 0 I init : Sending signal 9 to service 'qemu-adb-keys' (pid 302) process group...
04-15 15:17:43.038 0 0 I libprocessgroup: Successfully killed process cgroup uid 0 pid 302 in 25ms
04-15 15:17:43.440 0 0 I init : Service 'exec 12 (/system/bin/clean_scratch_files)' (pid 305) exited with status 0 oneshot service took 0.913000 seconds in background
04-15 15:17:43.440 0 0 I init : Sending signal 9 to service 'exec 12 (/system/bin/clean_scratch_files)' (pid 305) process group...
04-15 15:17:43.447 0 0 I libprocessgroup: Successfully killed process cgroup uid 0 pid 305 in 6ms
04-15 15:17:43.795 310 310 W otapreopt_slot: Slot property empty.
04-15 15:17:43.928 0 0 I init : Service 'exec 13 (/system/bin/otapreopt_slot)' (pid 306) exited with status 1 waiting took 0.952000 seconds
04-15 15:17:43.934 0 0 I init : Sending signal 9 to service 'exec 13 (/system/bin/otapreopt_slot)' (pid 306) process group...
04-15 15:17:43.944 0 0 I libprocessgroup: Successfully killed process cgroup uid 0 pid 306 in 8ms
04-15 15:17:43.971 0 0 E selinux : SELinux: Could not stat /data/dalvik-cache/arm: No such file or directory.
04-15 15:17:43.973 0 0 E selinux : SELinux: Could not stat /data/dalvik-cache/arm64: No such file or directory.
04-15 15:17:43.983 0 0 E selinux : SELinux: Could not stat /data/dalvik-cache/riscv64: No such file or directory.
04-15 15:17:43.983 0 0 E selinux : SELinux: Could not stat /data/dalvik-cache/x86: No such file or directory.
04-15 15:17:43.984 0 0 E selinux : SELinux: Could not stat /data/dalvik-cache/x86_64: No such file or directory.
04-15 15:17:43.992 0 0 I init : processing action (post-fs-data) from (/system/etc/init/perfetto.rc:73)
04-15 15:17:43.999 0 0 I init : Command 'rm /data/misc/perfetto-traces/.guardraildata' action=post-fs-data (/system/etc/init/perfetto.rc:74) took 6ms and failed: unlink() failed: No such file or directory
04-15 15:17:44.000 0 0 I init : processing action (post-fs-data) from (/system/etc/init/profcollectd.rc:9)
04-15 15:17:44.063 0 0 I init : processing action (post-fs-data) from (/system/etc/init/recovery-persist.rc:1)
04-15 15:17:44.095 0 0 I init : starting service 'exec 14 (/system/bin/recovery-persist)'...
04-15 15:17:44.186 0 0 I init : ... started service 'exec 14 (/system/bin/recovery-persist)' has pid 312
04-15 15:17:44.187 0 0 I init : Command 'exec_background - system log -- /system/bin/recovery-persist' action=post-fs-data (/system/etc/init/recovery-persist.rc:3) took 122ms and succeeded
04-15 15:17:44.188 0 0 I init : processing action (post-fs-data) from (/system/etc/init/wifi.rc:18)
04-15 15:17:44.202 0 0 I selinux : SELinux: Skipping restorecon on directory(/data/misc/apexdata/com.android.wifi)
04-15 15:17:44.203 0 0 I init : processing action (post-fs-data) from (/vendor/etc/init/hostapd.android.rc:9)
04-15 15:17:44.271 0 0 D ieee80211 phy1: Selected rate control algorithm 'minstrel_ht'
04-15 15:17:44.283 0 0 I init : Command 'mkdir /data/vendor/wifi 0770 wifi wifi' action=post-fs-data (/vendor/etc/init/hostapd.android.rc:10) took 72ms and succeeded
04-15 15:17:44.376 0 0 I init : processing action (sys.init.perf_lsm_hooks=1 && load_bpf_programs) from (/system/etc/init/hw/init.rc:1253)
04-15 15:17:44.384 0 0 I init : processing action (load_bpf_programs) from (/system/etc/init/bpfloader.rc:17)
04-15 15:17:44.399 0 0 I init : starting service 'bpfloader'...
04-15 15:17:44.515 0 0 I init : ... started service 'bpfloader' has pid 314
04-15 15:17:44.516 0 0 I init : SVC_EXEC service 'bpfloader' pid 314 (uid 0 gid 0+7 context default) started; waiting...
04-15 15:17:44.516 0 0 I init : Command 'exec_start bpfloader' action=load_bpf_programs (/system/etc/init/bpfloader.rc:18) took 131ms and succeeded
04-15 15:17:44.608 0 0 I init : Service 'exec 14 (/system/bin/recovery-persist)' (pid 312) exited with status 0 oneshot service took 0.488000 seconds in background
04-15 15:17:44.608 0 0 I init : Sending signal 9 to service 'exec 14 (/system/bin/recovery-persist)' (pid 312) process group...
04-15 15:17:44.615 0 0 I libprocessgroup: Successfully killed process cgroup uid 1000 pid 312 in 6ms
04-15 15:17:44.756 0 0 I init : starting service 'dhcpclient_wifi'...
04-15 15:17:44.878 0 0 I init : ... started service 'dhcpclient_wifi' has pid 315
04-15 15:17:44.879 0 0 I init : Control message: Processed ctl.start for 'dhcpclient_wifi' from pid: 313 (setprop ctl.start dhcpclient_wifi)
04-15 15:17:45.104 0 0 D LibBpfLoader: Loading optional ELF object /apex/com.android.tethering/etc/bpf/test.o with license Apache 2.0
04-15 15:17:45.105 0 0 I LibBpfLoader: Section bpfloader_min_ver value is 2 [0x2]
04-15 15:17:45.118 0 0 I LibBpfLoader: Section bpfloader_max_ver value is 25 [0x19]
04-15 15:17:45.119 0 0 D LibBpfLoader: Couldn't find section bpfloader_min_required_ver (defaulting to 0 [0x0]).
04-15 15:17:45.120 0 0 I LibBpfLoader: Section size_of_bpf_map_def value is 120 [0x78]
04-15 15:17:45.120 0 0 I LibBpfLoader: Section size_of_bpf_prog_def value is 92 [0x5c]
04-15 15:17:45.120 0 0 I LibBpfLoader: BpfLoader version 0x00026 ignoring ELF object /apex/com.android.tethering/etc/bpf/test.o with max ver 0x00019
04-15 15:17:45.142 0 0 I bpfloader: Loaded object: /apex/com.android.tethering/etc/bpf/test.o
04-15 15:17:45.165 0 0 D LibBpfLoader: Loading critical for Connectivity (Tethering) ELF object /apex/com.android.tethering/etc/bpf/offload.o with license Apache 2.0
04-15 15:17:45.166 0 0 I LibBpfLoader: Section bpfloader_min_ver value is 2 [0x2]
04-15 15:17:45.166 0 0 I LibBpfLoader: Section bpfloader_max_ver value is 25 [0x19]
04-15 15:17:45.167 0 0 D LibBpfLoader: Couldn't find section bpfloader_min_required_ver (defaulting to 0 [0x0]).
04-15 15:17:45.167 0 0 I LibBpfLoader: Section size_of_bpf_map_def value is 120 [0x78]
04-15 15:17:45.168 0 0 I LibBpfLoader: Section size_of_bpf_prog_def value is 92 [0x5c]
04-15 15:17:45.168 0 0 I LibBpfLoader: BpfLoader version 0x00026 ignoring ELF object /apex/com.android.tethering/etc/bpf/offload.o with max ver 0x00019
04-15 15:17:45.168 0 0 I bpfloader: Loaded object: /apex/com.android.tethering/etc/bpf/offload.o
04-15 15:17:45.175 0 0 D LibBpfLoader: Loading optional ELF object /apex/com.android.tethering/etc/bpf/test@btf.o with license Apache 2.0
04-15 15:17:45.175 0 0 I LibBpfLoader: Section bpfloader_min_ver value is 25 [0x19]
04-15 15:17:45.175 0 0 I LibBpfLoader: Section bpfloader_max_ver value is 65536 [0x10000]
04-15 15:17:45.176 0 0 D LibBpfLoader: Couldn't find section bpfloader_min_required_ver (defaulting to 0 [0x0]).
04-15 15:17:45.176 0 0 I LibBpfLoader: Section size_of_bpf_map_def value is 120 [0x78]
04-15 15:17:45.176 0 0 I LibBpfLoader: Section size_of_bpf_prog_def value is 92 [0x5c]
04-15 15:17:45.176 0 0 I LibBpfLoader: BpfLoader version 0x00026 processing ELF object /apex/com.android.tethering/etc/bpf/test@btf.o with ver [0x00019,0x10000)
04-15 15:17:45.190 0 0 D LibBpfLoader: Loaded code section 3 (xdp_drop_ipv4_udp_ether)
04-15 15:17:45.192 0 0 D LibBpfLoader: Adding section 3 to cs list
04-15 15:17:45.202 0 0 D LibBpfLoader: Couldn't find section btf_min_bpfloader_ver (defaulting to 0 [0x0]).
04-15 15:17:45.202 0 0 D LibBpfLoader: Couldn't find section btf_min_kernel_ver (defaulting to 0 [0x0]).
04-15 15:17:45.230 0 0 I init : Service 'ranchu-net' (pid 304) exited with status 0 oneshot service took 2.838000 seconds in background
04-15 15:17:45.230 0 0 I init : Sending signal 9 to service 'ranchu-net' (pid 304) process group...
04-15 15:17:45.231 0 0 I libprocessgroup: Successfully killed process cgroup uid 0 pid 304 in 0ms
04-15 15:17:45.316 0 0 D LibBpfLoader: bpf_create_map name tether_downstream6_map, ret: 6
04-15 15:17:45.318 0 0 I LibBpfLoader: map /sys/fs/bpf/tethering/map_test_tether_downstream6_map id 1
04-15 15:17:45.318 0 0 D LibBpfLoader: bpf_create_map name bitmap, ret: 7
04-15 15:17:45.319 0 0 I LibBpfLoader: map /sys/fs/bpf/tethering/map_test_bitmap id 2
04-15 15:17:45.319 0 0 D LibBpfLoader: map_fd found at 0 is 6 in /apex/com.android.tethering/etc/bpf/test@btf.o
04-15 15:17:45.319 0 0 D LibBpfLoader: map_fd found at 1 is 7 in /apex/com.android.tethering/etc/bpf/test@btf.o
