04-15 15:20:29.447 534 534 D GameManagerService: Starting user 0
04-15 15:20:29.461 534 534 V GameManagerService_GameManagerSettings: Settings file doesn't exist, skip reading
04-15 15:20:29.461 534 534 V SystemServerTimingAsync: ssm.onStartUser-0_com.android.server.app.GameManagerService$Lifecycle took to complete: 15ms
04-15 15:20:29.461 534 534 D SystemServerTimingAsync: ssm.onStartUser-0_com.android.safetycenter.SafetyCenterService
04-15 15:20:29.461 534 534 V SystemServerTimingAsync: ssm.onStartUser-0_com.android.safetycenter.SafetyCenterService took to complete: 0ms
04-15 15:20:29.461 534 534 D SystemServerTimingAsync: ssm.onStartUser-0_com.android.server.appsearch.AppSearchModule$Lifecycle
04-15 15:20:29.461 534 534 V SystemServerTimingAsync: ssm.onStartUser-0_com.android.server.appsearch.AppSearchModule$Lifecycle took to complete: 0ms
04-15 15:20:29.461 534 534 D SystemServerTimingAsync: ssm.onStartUser-0_com.android.server.media.MediaCommunicationService
04-15 15:20:29.462 534 534 V SystemServerTimingAsync: ssm.onStartUser-0_com.android.server.media.MediaCommunicationService took to complete: 0ms
04-15 15:20:29.462 534 534 D SystemServerTimingAsync: ssm.onStartUser-0_com.android.server.compat.overrides.AppCompatOverridesService$Lifecycle
04-15 15:20:29.462 534 534 V SystemServerTimingAsync: ssm.onStartUser-0_com.android.server.compat.overrides.AppCompatOverridesService$Lifecycle took to complete: 0ms
04-15 15:20:29.462 534 534 D SystemServerTimingAsync: ssm.onStartUser-0_com.android.server.healthconnect.HealthConnectManagerService
04-15 15:20:29.462 534 534 V SystemServerTimingAsync: ssm.onStartUser-0_com.android.server.healthconnect.HealthConnectManagerService took to complete: 0ms
04-15 15:20:29.462 534 534 V SystemServerTimingAsync: ssm.StartUser-0 took to complete: 2590ms
04-15 15:20:29.463 534 534 D SystemServerTiming: startPersistentApps
04-15 15:20:29.478 1099 1099 D CompatibilityChangeReporter: Compat change id reported: 3400644; UID 1002; state: ENABLED
04-15 15:20:29.484 534 534 D CompatibilityChangeReporter: Compat change id reported: 135634846; UID 1068; state: DISABLED
04-15 15:20:29.485 534 569 W ActivityManager: com.android.se inode == 0 (b/152760674)
04-15 15:20:29.523 534 534 D CompatibilityChangeReporter: Compat change id reported: 135634846; UID 1001; state: DISABLED
04-15 15:20:29.525 534 534 D CompatibilityChangeReporter: Compat change id reported: 177438394; UID 1001; state: DISABLED
04-15 15:20:29.525 534 534 D CompatibilityChangeReporter: Compat change id reported: 135772972; UID 1001; state: DISABLED
04-15 15:20:29.526 534 534 D CompatibilityChangeReporter: Compat change id reported: 135754954; UID 1001; state: ENABLED
04-15 15:20:29.527 534 534 V SystemServerTiming: startPersistentApps took to complete: 64ms
04-15 15:20:29.532 534 534 D SystemServerTiming: startHomeOnAllDisplays
04-15 15:20:29.552 534 534 D CompatibilityChangeReporter: Compat change id reported: 265464455; UID 1000; state: DISABLED
04-15 15:20:29.553 534 534 D CompatibilityChangeReporter: Compat change id reported: 265452344; UID 1000; state: DISABLED
04-15 15:20:29.554 534 534 D CompatibilityChangeReporter: Compat change id reported: 266124927; UID 1000; state: DISABLED
04-15 15:20:29.555 534 534 D CompatibilityChangeReporter: Compat change id reported: 265451093; UID 1000; state: DISABLED
04-15 15:20:29.556 534 534 D CompatibilityChangeReporter: Compat change id reported: 265456536; UID 1000; state: DISABLED
04-15 15:20:29.558 534 534 D CompatibilityChangeReporter: Compat change id reported: 255940284; UID 1000; state: DISABLED
04-15 15:20:29.559 534 534 D CompatibilityChangeReporter: Compat change id reported: 236283604; UID 1000; state: DISABLED
04-15 15:20:29.562 1099 1099 D nativeloader: Configuring clns-shared-6 for other apk /apex/com.android.btservices/app/Bluetooth@UE1A.230829.036.A1/Bluetooth.apk. target_sdk_version=34, uses_libraries=, library_path=/apex/com.android.btservices/app/Bluetooth@UE1A.230829.036.A1/lib/x86_64:/system/lib64:/system_ext/lib64, permitted_path=/data:/mnt/expand:/data/user_de/0/com.android.bluetooth:/apex/com.android.btservices/app/Bluetooth@UE1A.230829.036.A1:/system/lib64:/system_ext/lib64
04-15 15:20:29.564 534 534 D CompatibilityChangeReporter: Compat change id reported: 263959004; UID 1000; state: DISABLED
04-15 15:20:29.565 534 534 D CompatibilityChangeReporter: Compat change id reported: 264304459; UID 1000; state: DISABLED
04-15 15:20:29.566 534 534 D CompatibilityChangeReporter: Compat change id reported: 264301586; UID 1000; state: DISABLED
04-15 15:20:29.567 534 534 D CompatibilityChangeReporter: Compat change id reported: 254631730; UID 1000; state: DISABLED
04-15 15:20:29.572 534 534 D CompatibilityChangeReporter: Compat change id reported: 273509367; UID 1000; state: DISABLED
04-15 15:20:29.573 534 534 D CompatibilityChangeReporter: Compat change id reported: 263259275; UID 1000; state: DISABLED
04-15 15:20:29.574 534 534 D CompatibilityChangeReporter: Compat change id reported: 174042980; UID 1000; state: DISABLED
04-15 15:20:29.575 534 534 D CompatibilityChangeReporter: Compat change id reported: 174042936; UID 1000; state: DISABLED
04-15 15:20:29.584 328 328 D Zygote : Forked child process 1113
04-15 15:20:29.576 534 534 D CompatibilityChangeReporter: Compat change id reported: 181136395; UID 1000; state: DISABLED
04-15 15:20:29.604 534 569 W ActivityManager: Slow operation: 105ms so far, now at startProcess: returned from zygote!
04-15 15:20:29.606 1099 1099 D nativeloader: InitApexLibraries:
04-15 15:20:29.606 1099 1099 D nativeloader: com_android_adservices: libhpke_jni.so:libtflite_support_classifiers_native.so
04-15 15:20:29.606 1099 1099 D nativeloader: com_android_appsearch: libicing.so
04-15 15:20:29.606 1099 1099 D nativeloader: com_android_art: libartservice.so
04-15 15:20:29.606 1099 1099 D nativeloader: com_android_btservices: libbluetooth_jni.so
04-15 15:20:29.606 1099 1099 D nativeloader: com_android_conscrypt: libjavacrypto.so
04-15 15:20:29.606 1099 1099 D nativeloader: com_android_extservices: libtflite_support_classifiers_native.so
04-15 15:20:29.606 1099 1099 D nativeloader: com_android_os_statsd: libstats_jni.so
04-15 15:20:29.606 1099 1099 D nativeloader: com_android_tethering: libandroid_net_connectivity_com_android_net_module_util_jni.so:libcronet.114.0.5735.84.so:libframework-connectivity-jni.so:libframework-connectivity-tiramisu-jni.so:libservice-connectivity.so
04-15 15:20:29.606 1099 1099 D nativeloader: com_android_uwb: libuwb_uci_jni_rust.so
04-15 15:20:29.606 1099 1099 D nativeloader: com_android_virt: libvirtualizationservice_jni.so:libvirtualmachine_jni.so
04-15 15:20:29.634 534 534 D CompatibilityChangeReporter: Compat change id reported: 194480991; UID 1000; state: ENABLED
04-15 15:20:29.703 534 534 D CompatibilityChangeReporter: Compat change id reported: 197654537; UID 1000; state: ENABLED
04-15 15:20:29.707 1113 1113 I com.android.se: Using CollectorTypeCC GC.
04-15 15:20:29.718 1099 1099 V GraphicsEnvironment: Currently set values for:
04-15 15:20:29.722 1113 1113 W com.android.se: Unexpected CPU variant for x86: x86_64.
04-15 15:20:29.722 1113 1113 W com.android.se: Known variants: atom, sandybridge, silvermont, goldmont, goldmont-plus, tremont, kabylake, default
04-15 15:20:29.726 1099 1099 V GraphicsEnvironment: angle_gl_driver_selection_pkgs=[]
04-15 15:20:29.738 377 377 I android.hardware.power-service.example: Power isModeSupported: 5
04-15 15:20:29.743 1099 1099 V GraphicsEnvironment: angle_gl_driver_selection_values=[]
04-15 15:20:29.749 1099 1099 V GraphicsEnvironment: ANGLE GameManagerService for com.android.bluetooth: false
04-15 15:20:29.750 1099 1099 V GraphicsEnvironment: com.android.bluetooth is not listed in per-application setting
04-15 15:20:29.751 1099 1099 V GraphicsEnvironment: Neither updatable production driver nor prerelease driver is supported.
04-15 15:20:29.753 1113 1113 E com.android.se: Not starting debugger since process cannot load the jdwp agent.
04-15 15:20:29.844 534 534 I ActivityTaskManager: START u0 {act=android.intent.action.MAIN cat=[android.intent.category.HOME] flg=0x10000100 cmp=com.android.settings/.FallbackHome (has extras)} with LAUNCH_MULTIPLE from uid 0 (BAL_ALLOW_ALLOWLISTED_UID) result code=0
04-15 15:20:29.846 534 534 V SystemServerTiming: startHomeOnAllDisplays took to complete: 313ms
04-15 15:20:29.846 534 534 D SystemServerTiming: showSystemReadyErrorDialogs
04-15 15:20:29.846 534 534 I system_server: getFrameworkHalManifest: Reading VINTF information.
04-15 15:20:29.896 534 534 I system_server: getDeviceHalManifest: Reading VINTF information.
04-15 15:20:29.959 534 534 I system_server: getDeviceHalManifest: Successfully processed VINTF information
04-15 15:20:29.963 534 534 I system_server: getFrameworkHalManifest: Successfully processed VINTF information
04-15 15:20:29.970 534 534 W system_server: uname() reports kernel level 8 but device manifest sets kernel level 7. Using kernel level 8
04-15 15:20:29.970 534 534 I system_server: getFrameworkCompatibilityMatrix: Reading VINTF information.
04-15 15:20:30.245 534 534 I system_server: getFrameworkCompatibilityMatrix: Successfully processed VINTF information
04-15 15:20:30.246 534 534 I system_server: getDeviceCompatibilityMatrix: Reading VINTF information.
04-15 15:20:30.274 534 534 I system_server: getDeviceCompatibilityMatrix: Successfully processed VINTF information
04-15 15:20:30.285 534 561 W system_server: Long monitor contention with owner main (534) at void com.android.server.wm.ActivityTaskManagerService.resumeAppSwitches()(ActivityTaskManagerService.java:3955) waiters=0 in void com.android.server.wm.WindowAnimator.lambda$new$1(long) for 636ms
04-15 15:20:30.314 534 534 V SystemServerTiming: showSystemReadyErrorDialogs took to complete: 468ms
04-15 15:20:30.316 534 534 D SystemServerTiming: sendUserStartBroadcast
04-15 15:20:30.351 534 534 V SystemServerTiming: sendUserStartBroadcast took to complete: 34ms
04-15 15:20:30.356 534 534 D SystemServerTiming: resumeTopActivities
04-15 15:20:30.370 534 534 V SystemServerTiming: resumeTopActivities took to complete: 13ms
04-15 15:20:30.370 534 534 D SystemServerTiming: sendUserSwitchBroadcasts
04-15 15:20:30.374 534 534 V SystemServerTiming: sendUserSwitchBroadcasts took to complete: 3ms
04-15 15:20:30.374 534 534 D SystemServerTiming: setBinderProxies
04-15 15:20:30.375 534 534 V SystemServerTiming: setBinderProxies took to complete: 1ms
04-15 15:20:30.385 534 534 V SystemServerTiming: ActivityManagerStartApps took to complete: 3541ms
04-15 15:20:30.387 534 534 D SystemServerTiming: componentAlias
04-15 15:20:30.411 534 534 D ComponentAliasResolver: Compat listener set.
04-15 15:20:30.411 534 534 V SystemServerTiming: componentAlias took to complete: 24ms
04-15 15:20:30.412 534 534 V SystemServerTiming: PhaseActivityManagerReady took to complete: 19935ms
04-15 15:20:30.413 534 534 D SystemServerTiming: LockSettingsThirdPartyAppsStarted
04-15 15:20:30.415 534 534 I LockSettingsService: Migrating unsecured user 0 to SP-based credential
04-15 15:20:30.427 534 534 I LockSettingsService: Initializing synthetic password for user 0
04-15 15:20:30.432 534 569 W system_server: Long monitor contention with owner main (534) at int com.android.server.am.UserController$Injector.broadcastIntent(android.content.Intent, java.lang.String, android.content.IIntentReceiver, int, java.lang.String, android.os.Bundle, java.lang.String[], int, android.os.Bundle, boolean, boolean, int, int, int, int, int)(UserController.java:3436) waiters=0 in void com.android.server.am.ProcessList.lambda$handleProcessStart$1(com.android.server.am.ProcessRecord, java.lang.String, int[], int, int, int, java.lang.String, java.lang.String, java.lang.String, long) for 824ms
04-15 15:20:30.434 534 569 W ActivityManager: Slow operation: 953ms so far, now at startProcess: done updating battery stats
04-15 15:20:30.434 534 569 W ActivityManager: Slow operation: 954ms so far, now at startProcess: building log message
04-15 15:20:30.434 534 569 I ActivityManager: Start proc 1113:com.android.se/1068 for added application com.android.se
04-15 15:20:30.434 534 569 W ActivityManager: Slow operation: 954ms so far, now at startProcess: starting to update pids map
04-15 15:20:30.440 534 569 W ActivityManager: Slow operation: 959ms so far, now at startProcess: done updating pids map
04-15 15:20:30.440 534 560 W system_server: Long monitor contention with owner main (534) at int com.android.server.am.UserController$Injector.broadcastIntent(android.content.Intent, java.lang.String, android.content.IIntentReceiver, int, java.lang.String, android.os.Bundle, java.lang.String[], int, android.os.Bundle, boolean, boolean, int, int, int, int, int)(UserController.java:3436) waiters=1 in void com.android.server.am.ActivityManagerService$LocalService.startProcess(java.lang.String, android.content.pm.ApplicationInfo, boolean, boolean, java.lang.String, android.content.ComponentName) for 644ms
04-15 15:20:30.451 534 569 W ActivityManager: Slow operation: 930ms so far, now at startProcess: asking zygote to start proc
04-15 15:20:30.451 534 569 W ActivityManager: com.android.providers.telephony inode == 0 (b/152760674)
04-15 15:20:30.452 534 609 W system_server: Long monitor contention with owner main (534) at int com.android.server.am.UserController$Injector.broadcastIntent(android.content.Intent, java.lang.String, android.content.IIntentReceiver, int, java.lang.String, android.os.Bundle, java.lang.String[], int, android.os.Bundle, boolean, boolean, int, int, int, int, int)(UserController.java:3436) waiters=2 in void com.android.server.am.ActivityManagerService.attachApplication(android.app.IApplicationThread, long) for 633ms
04-15 15:20:30.470 534 609 D CompatibilityChangeReporter: Compat change id reported: 168419799; UID 1068; state: DISABLED
04-15 15:20:30.471 534 609 D CompatibilityChangeReporter: Compat change id reported: 273564678; UID 1068; state: DISABLED
04-15 15:20:30.508 328 328 D Zygote : Forked child process 1128
04-15 15:20:30.516 534 569 W ActivityManager: Slow operation: 995ms so far, now at startProcess: returned from zygote!
04-15 15:20:30.561 534 609 W ActivityManager: Slow operation: 60ms so far, now at finishAttachApplicationInner: after updateOomAdjLocked
04-15 15:20:30.604 1113 1113 D CompatibilityChangeReporter: Compat change id reported: 171979766; UID 1068; state: ENABLED
04-15 15:20:30.607 534 568 I ActivityManager: Test idle failed due to 82d5e4f 534:system/1000 runnable at -2m0s289ms because CONTAINS_FOREGROUND
04-15 15:20:30.623 1113 1113 D CompatibilityChangeReporter: Compat change id reported: 242716250; UID 1068; state: ENABLED
04-15 15:20:30.647 534 569 W ActivityManager: Slow operation: 1125ms so far, now at startProcess: done updating battery stats
04-15 15:20:30.653 534 569 I Watchdog: Interesting Java process com.android.phone started. Pid 1128
04-15 15:20:30.653 534 569 W ActivityManager: Slow operation: 1132ms so far, now at startProcess: building log message
04-15 15:20:30.654 534 569 I ActivityManager: Start proc 1128:com.android.phone/1001 for added application com.android.phone
04-15 15:20:30.654 534 569 W ActivityManager: Slow operation: 1133ms so far, now at startProcess: starting to update pids map
04-15 15:20:30.655 534 569 W ActivityManager: Slow operation: 1134ms so far, now at startProcess: done updating pids map
04-15 15:20:30.661 534 557 W Looper : Slow dispatch took 134ms android.ui h=com.android.server.am.ActivityManagerService$UiHandler c=com.android.server.am.UidObserverController$$ExternalSyntheticLambda0@3ef3a60 m=0
04-15 15:20:30.662 534 569 W ActivityManager: Slow operation: 218ms so far, now at startProcess: asking zygote to start proc
04-15 15:20:30.662 534 569 W ActivityManager: android inode == 0 (b/152760674)
04-15 15:20:30.664 534 560 W system_server: Long monitor contention with owner binder:534_4 (609) at void com.android.server.am.ActivityManagerService.finishAttachApplicationInner(long, int, int)(ActivityManagerService.java:4940) waiters=1 in void com.android.server.am.ActivityManagerService$LocalService.startProcess(java.lang.String, android.content.pm.ApplicationInfo, boolean, boolean, java.lang.String, android.content.ComponentName) for 178ms
04-15 15:20:30.667 534 623 D CompatibilityChangeReporter: Compat change id reported: 265195908; UID 1068; state: ENABLED
04-15 15:20:30.703 1113 1113 D CompatibilityChangeReporter: Compat change id reported: 3400644; UID 1068; state: ENABLED
04-15 15:20:30.709 328 328 D Zygote : Forked child process 1130
04-15 15:20:30.712 534 569 W ActivityManager: Slow operation: 269ms so far, now at startProcess: returned from zygote!
04-15 15:20:30.756 534 569 W ActivityManager: Slow operation: 313ms so far, now at startProcess: done updating battery stats
04-15 15:20:30.757 534 569 W ActivityManager: Slow operation: 313ms so far, now at startProcess: building log message
04-15 15:20:30.757 534 569 I ActivityManager: Start proc 1130:com.android.settings/1000 for top-activity {com.android.settings/com.android.settings.FallbackHome}
04-15 15:20:30.757 534 569 W ActivityManager: Slow operation: 313ms so far, now at startProcess: starting to update pids map
04-15 15:20:30.757 534 569 W ActivityManager: Slow operation: 314ms so far, now at startProcess: done updating pids map
04-15 15:20:30.760 1128 1128 I m.android.phone: Using CollectorTypeCC GC.
04-15 15:20:30.777 1128 1128 W m.android.phone: Unexpected CPU variant for x86: x86_64.
04-15 15:20:30.777 1128 1128 W m.android.phone: Known variants: atom, sandybridge, silvermont, goldmont, goldmont-plus, tremont, kabylake, default
04-15 15:20:30.794 1113 1113 D nativeloader: Configuring clns-shared-6 for other apk /system/app/SecureElement/SecureElement.apk. target_sdk_version=34, uses_libraries=, library_path=/system/app/SecureElement/lib/x86_64:/system/lib64:/system_ext/lib64, permitted_path=/data:/mnt/expand:/data/user/0/com.android.se:/system/app/SecureElement:/system/lib64:/system_ext/lib64
04-15 15:20:30.838 534 534 I SyntheticPasswordManager: Creating LSKF-based protector 7cdc9734c3e55434 for user 0
04-15 15:20:30.850 0 0 I servicemanager: Could not find android.hardware.weaver.IWeaver/default in the VINTF manifest.
04-15 15:20:30.846 1128 1128 E m.android.phone: Not starting debugger since process cannot load the jdwp agent.
04-15 15:20:30.859 132 132 I hwservicemanager: getTransport: Cannot find entry android.hardware.weaver@1.0::IWeaver/default in either framework or device VINTF manifest.
04-15 15:20:30.864 534 534 W SyntheticPasswordManager: Device does not support weaver
04-15 15:20:30.885 534 821 D ConnectivityService: Got NetworkProvider Messenger for VpnNetworkProvider:0
04-15 15:20:30.902 1130 1130 I ndroid.settings: Using CollectorTypeCC GC.
04-15 15:20:30.955 1130 1130 W ndroid.settings: Unexpected CPU variant for x86: x86_64.
04-15 15:20:30.955 1130 1130 W ndroid.settings: Known variants: atom, sandybridge, silvermont, goldmont, goldmont-plus, tremont, kabylake, default
04-15 15:20:30.966 1113 1113 W ContextImpl: Failed to ensure /data/user/0/com.android.se/cache: mkdir failed: ENOENT (No such file or directory)
04-15 15:20:30.967 1113 1113 W ContextImpl: Failed to update user.inode_cache: stat failed: ENOENT (No such file or directory)
04-15 15:20:30.978 153 167 E keystore2: system/security/keystore2/src/error.rs:180 - system/security/keystore2/src/security_level.rs:681: Trying to call importKey
04-15 15:20:30.978 153 167 E keystore2:
04-15 15:20:30.978 153 167 E keystore2: Caused by:
04-15 15:20:30.978 153 167 E keystore2: Error::Km(r#ROLLBACK_RESISTANCE_UNAVAILABLE)
04-15 15:20:30.997 534 534 W SyntheticPasswordCrypto: Rollback-resistant keys unavailable. Falling back to non-rollback-resistant key
04-15 15:20:31.055 1113 1113 V GraphicsEnvironment: Currently set values for:
04-15 15:20:31.055 1130 1130 E ndroid.settings: Not starting debugger since process cannot load the jdwp agent.
04-15 15:20:31.094 1113 1113 V GraphicsEnvironment: angle_gl_driver_selection_pkgs=[]
04-15 15:20:31.095 1113 1113 V GraphicsEnvironment: angle_gl_driver_selection_values=[]
04-15 15:20:31.109 1113 1113 V GraphicsEnvironment: ANGLE GameManagerService for com.android.se: false
04-15 15:20:31.110 1113 1113 V GraphicsEnvironment: com.android.se is not listed in per-application setting
04-15 15:20:31.111 1113 1113 V GraphicsEnvironment: Neither updatable production driver nor prerelease driver is supported.
04-15 15:20:31.141 534 609 D CompatibilityChangeReporter: Compat change id reported: 168419799; UID 1001; state: DISABLED
04-15 15:20:31.142 534 609 D CompatibilityChangeReporter: Compat change id reported: 273564678; UID 1001; state: DISABLED
04-15 15:20:31.143 534 609 W ActivityManager: Slow operation: 76ms so far, now at attachApplicationLocked: immediately before bindApplication
04-15 15:20:31.172 534 609 W ActivityManager: Slow operation: 106ms so far, now at attachApplicationLocked: immediately after bindApplication
04-15 15:20:31.173 534 609 W ActivityManager: Slow operation: 106ms so far, now at attachApplicationLocked: after updateLruProcessLocked
04-15 15:20:31.212 534 623 D CompatibilityChangeReporter: Compat change id reported: 265195908; UID 1001; state: ENABLED
04-15 15:20:31.214 1128 1128 D CompatibilityChangeReporter: Compat change id reported: 171979766; UID 1001; state: ENABLED
04-15 15:20:31.231 1128 1128 D CompatibilityChangeReporter: Compat change id reported: 242716250; UID 1001; state: ENABLED
04-15 15:20:31.240 534 1067 I ActivityManager: Flag disabled. Ignoring finishAttachApplication from uid: 1068. pid: 1113
04-15 15:20:31.295 1113 1113 I SecureElementService: main onCreate
04-15 15:20:31.307 534 1067 D CompatibilityChangeReporter: Compat change id reported: 161145287; UID 1068; state: ENABLED
04-15 15:20:31.319 534 609 D CompatibilityChangeReporter: Compat change id reported: 168419799; UID 1000; state: DISABLED
04-15 15:20:31.344 1113 1113 I SecureElementService: Check if terminal eSE1 is available.
04-15 15:20:31.350 534 609 D CompatibilityChangeReporter: Compat change id reported: 273564678; UID 1000; state: DISABLED
04-15 15:20:31.356 0 0 I servicemanager: Could not find android.hardware.secure_element.ISecureElement/eSE1 in the VINTF manifest.
04-15 15:20:31.421 132 132 I hwservicemanager: getTransport: Cannot find entry android.hardware.secure_element@1.2::ISecureElement/eSE1 in either framework or device VINTF manifest.
04-15 15:20:31.423 1113 1113 D SecureElement-Terminal-eSE1: SE Hal V1.2 is not supported
04-15 15:20:31.430 1128 1128 D nativeloader: Configuring clns-shared-6 for other apk /system/framework/org.apache.http.legacy.jar. target_sdk_version=34, uses_libraries=ALL, library_path=/system/priv-app/TeleService/lib/x86_64:/system/lib64:/system_ext/lib64, permitted_path=/data:/mnt/expand:/data/user_de/0/com.android.phone:/system/priv-app/TeleService:/system/lib64:/system_ext/lib64
04-15 15:20:31.443 132 132 I hwservicemanager: getTransport: Cannot find entry android.hardware.secure_element@1.1::ISecureElement/eSE1 in either framework or device VINTF manifest.
04-15 15:20:31.444 1113 1113 D SecureElement-Terminal-eSE1: SE Hal V1.1 is not supported
04-15 15:20:31.457 132 132 I hwservicemanager: getTransport: Cannot find entry android.hardware.secure_element@1.0::ISecureElement/eSE1 in either framework or device VINTF manifest.
04-15 15:20:31.460 1113 1113 I SecureElementService: No HAL implementation for eSE1
04-15 15:20:31.460 1113 1113 I SecureElementService: Check if terminal SIM1 is available.
04-15 15:20:31.463 132 132 I hwservicemanager: getTransport: Cannot find entry android.hardware.secure_element@1.2::ISecureElement/SIM1 in either framework or device VINTF manifest.
04-15 15:20:31.471 0 0 I servicemanager: Could not find android.hardware.secure_element.ISecureElement/SIM1 in the VINTF manifest.
04-15 15:20:31.463 1113 1113 D SecureElement-Terminal-SIM1: SE Hal V1.2 is not supported
04-15 15:20:31.505 132 132 I hwservicemanager: getTransport: Cannot find entry android.hardware.secure_element@1.1::ISecureElement/SIM1 in either framework or device VINTF manifest.
04-15 15:20:31.515 1113 1113 D SecureElement-Terminal-SIM1: SE Hal V1.1 is not supported
04-15 15:20:31.527 132 132 I hwservicemanager: getTransport: Cannot find entry android.hardware.secure_element@1.0::ISecureElement/SIM1 in either framework or device VINTF manifest.
04-15 15:20:31.533 392 392 I BpBinder: onLastStrongRef automatically unlinking death recipients:
04-15 15:20:31.546 534 609 W ActivityManager: Slow operation: 189ms so far, now at finishAttachApplicationInner: after mServices.attachApplicationLocked
04-15 15:20:31.546 534 609 W ActivityManager: Slow operation: 190ms so far, now at finishAttachApplicationInner: after dispatching broadcasts
04-15 15:20:31.560 1113 1113 I SecureElementService: No HAL implementation for SIM1
04-15 15:20:31.570 894 926 W Looper : Slow delivery took 31ms wmshell.main h=android.os.Handler c=android.window.TaskOrganizer$1$$ExternalSyntheticLambda3@e086ad0 m=0
04-15 15:20:31.587 1130 1130 D CompatibilityChangeReporter: Compat change id reported: 171979766; UID 1000; state: ENABLED
04-15 15:20:31.601 1130 1130 D CompatibilityChangeReporter: Compat change id reported: 242716250; UID 1000; state: ENABLED
04-15 15:20:31.653 143 143 D vold : fscrypt_set_user_key_protection 0
04-15 15:20:31.654 1130 1130 D CompatibilityChangeReporter: Compat change id reported: 3400644; UID 1000; state: ENABLED
04-15 15:20:31.701 1130 1130 D nativeloader: Configuring clns-shared-6 for other apk /system/framework/org.apache.http.legacy.jar. target_sdk_version=34, uses_libraries=ALL, library_path=/system_ext/priv-app/Settings/lib/x86_64:/system_ext/priv-app/Settings/Settings.apk!/lib/x86_64:/system/lib64:/system_ext/lib64, permitted_path=/data:/mnt/expand:/data/user_de/0/com.android.settings:/system_ext/priv-app/Settings:/system/lib64:/system_ext/lib64
04-15 15:20:31.719 1130 1130 D ApplicationLoaders: Returning zygote-cached class loader: /system_ext/framework/androidx.window.extensions.jar
04-15 15:20:31.745 1130 1130 D ApplicationLoaders: Returning zygote-cached class loader: /system_ext/framework/androidx.window.sidecar.jar
04-15 15:20:31.773 143 143 D vold : Stored key /data/misc/vold/user_keys/ce/0/current
04-15 15:20:31.773 143 143 I vold : Stored CE key for new user 0
04-15 15:20:31.787 534 534 I LockSettingsService: Sending vendor auth secret to IAuthSecret HAL as user: 0
04-15 15:20:31.795 534 534 I LockSettingsService: Successfully initialized synthetic password for user 0
04-15 15:20:31.839 534 534 V SystemServerTiming: LockSettingsThirdPartyAppsStarted took to complete: 1426ms
04-15 15:20:31.841 534 534 D SystemServerTiming: StartSystemUI
04-15 15:20:31.868 534 534 V SystemServerTiming: StartSystemUI took to complete: 27ms
04-15 15:20:31.869 534 534 V SystemServerTiming: startOtherServices took to complete: 94498ms
04-15 15:20:31.869 534 534 D SystemServerTiming: startApexServices
04-15 15:20:31.869 534 534 D SystemServerTiming: starting com.android.server.devicelock.DeviceLockService
04-15 15:20:31.874 534 534 I SystemServiceManager: Starting com.android.server.devicelock.DeviceLockService
04-15 15:20:31.874 534 534 D DeviceLockService: DeviceLockService constructor
04-15 15:20:31.885 534 534 I DeviceLockService: Registering device_lock
04-15 15:20:31.903 534 534 V SystemServerTiming: starting com.android.server.devicelock.DeviceLockService took to complete: 34ms
04-15 15:20:31.903 534 534 D SystemServerTiming: starting com.android.server.scheduling.RebootReadinessManagerService$Lifecycle
04-15 15:20:31.905 534 534 I SystemServiceManager: Starting com.android.server.scheduling.RebootReadinessManagerService$Lifecycle
04-15 15:20:31.905 534 534 I SystemServiceManager: Not starting an already started service com.android.server.scheduling.RebootReadinessManagerService$Lifecycle
04-15 15:20:31.906 534 534 V SystemServerTiming: starting com.android.server.scheduling.RebootReadinessManagerService$Lifecycle took to complete: 1ms
04-15 15:20:31.906 534 534 V SystemServerTiming: startApexServices took to complete: 37ms
04-15 15:20:31.906 534 534 D SystemServerTiming: UpdateWatchdogTimeout
04-15 15:20:31.906 534 534 I Watchdog: Watchdog timeout updated to 60000 millis
04-15 15:20:31.907 534 534 V SystemServerTiming: UpdateWatchdogTimeout took to complete: 1ms
04-15 15:20:31.907 534 534 V SystemServerTiming: StartServices took to complete: 111065ms
04-15 15:20:31.957 534 534 W Looper : Slow delivery took 108975ms main h=android.app.PropertyInvalidatedCache$AutoCorker$1 c=null m=0
04-15 15:20:31.989 1128 1128 D nativeloader: Configuring clns-shared-7 for other apk /system/priv-app/TeleService/TeleService.apk. target_sdk_version=34, uses_libraries=, library_path=/system/priv-app/TeleService/lib/x86_64:/system/lib64:/system_ext/lib64, permitted_path=/data:/mnt/expand:/data/user_de/0/com.android.phone:/system/priv-app/TeleService:/system/lib64:/system_ext/lib64
04-15 15:20:32.055 534 568 D OomAdjuster: Not killing cached processes
04-15 15:20:32.064 1099 1099 I bt_stack_config: packages/modules/Bluetooth/system/main/stack_config.cc:199 get_pts_broadcast_audio_config_options: Config isn't ready, use default option
04-15 15:20:32.065 534 556 W QuotaTracker: Alarm not scheduled because boot isn't completed
04-15 15:20:32.075 534 534 D CompatibilityChangeReporter: Compat change id reported: 289878283; UID 1000; state: ENABLED
04-15 15:20:32.081 894 894 V SystemUIBootTiming: StartServices com.android.keyguard.KeyguardBiometricLockoutLogger took to complete: 162ms
04-15 15:20:32.113 534 648 E BluetoothManagerService: MESSAGE_TIMEOUT_BIND
04-15 15:20:32.166 534 534 D ConditionProviders.SCP: onConnected
04-15 15:20:32.183 534 534 D UaBiometricScheduler/FaceProvider/default/4: [Added] {[0] com.android.server.biometrics.sensors.face.aidl.FaceInternalCleanupClient, proto=7, owner=android, cookie=0, requestId=-1, userId=0}, new queue size: 1
04-15 15:20:32.186 534 534 D UaBiometricScheduler/FaceProvider/default/4: [Starting User] {[1] com.android.server.biometrics.sensors.face.aidl.FaceStartUserClient, proto=17, owner=android, cookie=0, requestId=-1, userId=0}
04-15 15:20:32.187 534 534 D FaceProvider/default: Daemon was null, reconnecting
04-15 15:20:32.198 0 0 I servicemanager: Found android.hardware.biometrics.face.IFace/default in device VINTF manifest.
04-15 15:20:32.194 894 894 V SystemUIBootTiming: StartServices com.android.systemui.LatencyTester took to complete: 104ms
04-15 15:20:32.221 534 832 D CompatibilityChangeReporter: Compat change id reported: 150939131; UID 1000; state: ENABLED
04-15 15:20:32.241 1128 1128 V GraphicsEnvironment: Currently set values for:
04-15 15:20:32.241 1128 1128 V GraphicsEnvironment: angle_gl_driver_selection_pkgs=[]
04-15 15:20:32.242 1128 1128 V GraphicsEnvironment: angle_gl_driver_selection_values=[]
04-15 15:20:32.243 1128 1128 V GraphicsEnvironment: ANGLE GameManagerService for com.android.phone: false
04-15 15:20:32.243 1128 1128 V GraphicsEnvironment: com.android.phone is not listed in per-application setting
04-15 15:20:32.244 1128 1128 V GraphicsEnvironment: Neither updatable production driver nor prerelease driver is supported.
04-15 15:20:32.250 534 534 D FaceProvider/default/4: New session created for user: 0 with hal version: 3
04-15 15:20:32.271 534 534 D UaBiometricScheduler/FingerprintProvider/default/0: [Added] {[2] com.android.server.biometrics.sensors.fingerprint.aidl.FingerprintInternalCleanupClient, proto=7, owner=android, cookie=0, requestId=-1, userId=0}, new queue size: 1
04-15 15:20:32.282 534 534 D UaBiometricScheduler/FingerprintProvider/default/0: [Starting User] {[3] com.android.server.biometrics.sensors.fingerprint.aidl.FingerprintStartUserClient, proto=17, owner=android, cookie=0, requestId=-1, userId=0}
04-15 15:20:32.282 534 534 D FingerprintProvider/default: Daemon was null, reconnecting
04-15 15:20:32.297 0 0 I servicemanager: Found android.hardware.biometrics.fingerprint.IFingerprint/default in device VINTF manifest.
04-15 15:20:32.301 1130 1130 D nativeloader: Configuring clns-shared-7 for other apk /system_ext/priv-app/Settings/Settings.apk. target_sdk_version=34, uses_libraries=, library_path=/system_ext/priv-app/Settings/lib/x86_64:/system_ext/priv-app/Settings/Settings.apk!/lib/x86_64:/system/lib64:/system_ext/lib64, permitted_path=/data:/mnt/expand:/data/user_de/0/com.android.settings:/system_ext/priv-app/Settings:/system/lib64:/system_ext/lib64
04-15 15:20:32.309 0 0 I servicemanager: Since 'android.hardware.biometrics.fingerprint.IFingerprint/default' could not be found, trying to start it as a lazy AIDL service. (if it's not configured to be a lazy service, it may be stuck starting or still starting).
04-15 15:20:32.320 0 0 I init : starting service 'vendor.biometrics.fingerprint-service.ranchu'...
04-15 15:20:32.327 1128 1128 D nativeloader: Configuring clns-shared-8 for other apk /system/app/Stk/Stk.apk. target_sdk_version=34, uses_libraries=, library_path=/system/app/Stk/lib/x86_64:/system/lib64:/system_ext/lib64, permitted_path=/data:/mnt/expand:/data/user_de/0/com.android.stk:/system/app/Stk:/system/lib64:/system_ext/lib64
04-15 15:20:32.406 0 0 I init : ... started service 'vendor.biometrics.fingerprint-service.ranchu' has pid 1166
04-15 15:20:32.406 0 0 I init : Control message: Processed ctl.interface_start for 'aidl/android.hardware.biometrics.fingerprint.IFingerprint/default' from pid: 131 (/system/bin/servicemanager)
04-15 15:20:32.466 1130 1130 V GraphicsEnvironment: Currently set values for:
04-15 15:20:32.466 1130 1130 V GraphicsEnvironment: angle_gl_driver_selection_pkgs=[]
04-15 15:20:32.466 1130 1130 V GraphicsEnvironment: angle_gl_driver_selection_values=[]
04-15 15:20:32.488 1130 1130 V GraphicsEnvironment: ANGLE GameManagerService for com.android.settings: false
04-15 15:20:32.488 1130 1130 V GraphicsEnvironment: com.android.settings is not listed in per-application setting
04-15 15:20:32.489 1130 1130 V GraphicsEnvironment: Neither updatable production driver nor prerelease driver is supported.
04-15 15:20:32.539 1099 1099 I droid.bluetooth: [0415/152032.536535:INFO:btif_config_cache.cc(67)] BtifConfigCache, capacity: 10000
04-15 15:20:32.590 1130 1130 D CompatibilityChangeReporter: Compat change id reported: 183155436; UID 1000; state: ENABLED
04-15 15:20:32.669 1130 1130 D BatteryStateDatabase: initialize battery states database
04-15 15:20:32.677 1130 1130 W BatteryUsageContentProvider: create content provider from null
04-15 15:20:32.807 1130 1130 D SettingsSliceProvider: init
04-15 15:20:32.814 1130 1130 D SettingsSliceProvider: onCreateSliceProvider
04-15 15:20:32.866 1166 1166 I AidlLazyServiceRegistrar: Registering service android.hardware.biometrics.fingerprint.IFingerprint/default
04-15 15:20:32.885 0 0 I servicemanager: Found android.hardware.biometrics.fingerprint.IFingerprint/default in device VINTF manifest.
04-15 15:20:32.921 0 0 I BpBinder: onLastStrongRef automatically unlinking death recipients:
04-15 15:20:32.960 1130 1130 D SpaEnvironment: reset
04-15 15:20:32.972 1166 1166 E fingerprint-service.ranchu: openFile:48 open('/data/vendor_de/0/fpdata/sensor0.bin', output=0) failed with errno=2
04-15 15:20:32.973 1166 1166 D fingerprint-service.ranchu: 0x78f5688c50d0:Session: New session: sensorId=0 userId=0
04-15 15:20:32.978 534 534 D FingerprintProvider/default/0: New session created for user: 0 with hal version: 3
04-15 15:20:32.979 534 534 W Looper : Slow dispatch took 727ms main h=android.os.Handler c=com.android.server.biometrics.sensors.fingerprint.aidl.FingerprintProvider$$ExternalSyntheticLambda2@74f6e62 m=0
04-15 15:20:33.061 1128 1128 D nativeloader: Configuring clns-shared-9 for other apk /system/priv-app/TelephonyProvider/TelephonyProvider.apk. target_sdk_version=34, uses_libraries=, library_path=/system/priv-app/TelephonyProvider/lib/x86_64:/system/lib64:/system_ext/lib64, permitted_path=/data:/mnt/expand:/data/user_de/0/com.android.providers.telephony:/system/priv-app/TelephonyProvider:/system/lib64:/system_ext/lib64
04-15 15:20:33.077 894 894 V SystemUIBootTiming: StartServices com.android.systemui.ScreenDecorations took to complete: 883ms
04-15 15:20:33.081 1128 1128 D CarrierProvider: onCreate
04-15 15:20:33.086 894 894 V SystemUIBootTiming: StartServices com.android.systemui.SliceBroadcastRelayHandler took to complete: 1ms
04-15 15:20:33.091 1128 1128 D CompatibilityChangeReporter: Compat change id reported: 263076149; UID 1001; state: ENABLED
04-15 15:20:33.138 1128 1128 D DeferredSmsMmsRestoreService: startIfFilesExist: no files to restore
04-15 15:20:33.158 1128 1128 D DeferredSmsMmsRestoreService: addAllSharedPrefToLocalLog
04-15 15:20:33.176 534 534 W Looper : Slow dispatch took 146ms main h=android.os.Handler c= m=1
04-15 15:20:33.240 534 1070 I ActivityManager: Flag disabled. Ignoring finishAttachApplication from uid: 1000. pid: 1130
04-15 15:20:33.263 534 609 D CompatibilityChangeReporter: Compat change id reported: 161145287; UID 1001; state: ENABLED
04-15 15:20:33.355 1128 1128 D CarrierIdProvider: onCreate
04-15 15:20:33.360 1128 1128 D CarrierIdDatabaseHelper: CarrierIdDatabaseHelper: 5
04-15 15:20:33.384 534 534 D ConditionProviders.SCP: onSubscribe condition://android/schedule?days=1.2.3.4.5.6.7&start=22.0&end=7.0&exitAtAlarm=true
04-15 15:20:33.433 534 534 D ConditionProviders.SCP: setRegistered true
04-15 15:20:33.444 392 484 E HwcComposer: getDisplayDecorationSupport failed Status(-8, EX_SERVICE_SPECIFIC): '8: '
04-15 15:20:33.446 392 484 E HWComposer: getDisplayDecorationSupport: getDisplayDecorationSupport failed for display 4619827259835644672: Unsupported (8)
04-15 15:20:33.482 534 609 W ContentProviderHelper: Slow operation: 111ms so far, now at getContentProviderImpl: after updateOomAdj
04-15 15:20:33.487 534 609 W ContentProviderHelper: Slow operation: 116ms so far, now at getContentProviderImpl: done!
04-15 15:20:33.531 894 926 W Looper : Drained
04-15 15:20:33.595 534 829 W system_server: Long monitor contention with owner binder:534_4 (609) at android.app.ContentProviderHolder com.android.server.am.ContentProviderHelper.getContentProviderImpl(android.app.IApplicationThread, java.lang.String, android.os.IBinder, int, java.lang.String, java.lang.String, boolean, int)(ContentProviderHelper.java:614) waiters=0 in android.content.Intent com.android.server.am.ActivityManagerService.registerReceiverWithFeature(android.app.IApplicationThread, java.lang.String, java.lang.String, java.lang.String, android.content.IIntentReceiver, android.content.IntentFilter, java.lang.String, int, int) for 200ms
04-15 15:20:33.597 1130 1182 D libEGL : loaded /vendor/lib64/egl/libEGL_emulation.so
04-15 15:20:33.603 534 534 W system_server: Long monitor contention with owner binder:534_4 (609) at android.app.ContentProviderHolder com.android.server.am.ContentProviderHelper.getContentProviderImpl(android.app.IApplicationThread, java.lang.String, android.os.IBinder, int, java.lang.String, java.lang.String, boolean, int)(ContentProviderHelper.java:614) waiters=1 in android.content.Intent com.android.server.am.ActivityManagerService.registerReceiverWithFeature(android.app.IApplicationThread, java.lang.String, java.lang.String, java.lang.String, android.content.IIntentReceiver, android.content.IntentFilter, java.lang.String, int, int) for 169ms
04-15 15:20:33.633 894 894 D NavigationModeController: getCurrentInteractionMode: mode=0 contextUser=0
04-15 15:20:33.686 534 534 D ConditionProviders.SCP: evaluateSubscriptionLocked cal=ScheduleCalendar[mDays={1, 2, 3, 4, 5, 6, 7}, mSchedule=ScheduleInfo{days=[1, 2, 3, 4, 5, 6, 7], startHour=22, startMinute=0, endHour=7, endMinute=0, exitAtAlarm=true, nextAlarm=Thu Jan 01 00:00:00 UTC 1970 (0)}], now=Wed Apr 15 15:20:33 UTC 2026 (1776266433433), nextUserAlarmTime=Thu Jan 01 00:00:00 UTC 1970 (0)
04-15 15:20:33.687 534 534 D ConditionProviders.SCP: notifyCondition condition://android/schedule?days=1.2.3.4.5.6.7&start=22.0&end=7.0&exitAtAlarm=true STATE_FALSE reason=!meetsSchedule
04-15 15:20:33.696 894 894 D OverviewProxyService: disconnectFromLauncherService bound?: false currentProxy: null disconnectReason: startConnectionToCurrentUser
04-15 15:20:33.696 894 894 D OverviewProxyService: java.lang.Throwable
04-15 15:20:33.696 894 894 D OverviewProxyService: at com.android.systemui.recents.OverviewProxyService.disconnectFromLauncherService(go/retraceme bb0c85583bc8cef368173602f8ea06d241ec8a7fed6aca80388046fe2c5dd77a:37)
04-15 15:20:33.696 894 894 D OverviewProxyService: at com.android.systemui.recents.OverviewProxyService.internalConnectToCurrentUser(go/retraceme bb0c85583bc8cef368173602f8ea06d241ec8a7fed6aca80388046fe2c5dd77a:1)
04-15 15:20:33.696 894 894 D OverviewProxyService: at com.android.systemui.recents.OverviewProxyService.startConnectionToCurrentUser(go/retraceme bb0c85583bc8cef368173602f8ea06d241ec8a7fed6aca80388046fe2c5dd77a:22)
04-15 15:20:33.696 894 894 D OverviewProxyService: at com.android.systemui.recents.OverviewProxyService.updateEnabledAndBinding(go/retraceme bb0c85583bc8cef368173602f8ea06d241ec8a7fed6aca80388046fe2c5dd77a:30)
04-15 15:20:33.696 894 894 D OverviewProxyService: at com.android.systemui.recents.OverviewProxyService.(go/retraceme bb0c85583bc8cef368173602f8ea06d241ec8a7fed6aca80388046fe2c5dd77a:324)
04-15 15:20:33.696 894 894 D OverviewProxyService: at com.android.systemui.dagger.DaggerReferenceGlobalRootComponent$ReferenceSysUIComponentImpl$SwitchingProvider.get0(go/retraceme bb0c85583bc8cef368173602f8ea06d241ec8a7fed6aca80388046fe2c5dd77a:11)
04-15 15:20:33.696 894 894 D OverviewProxyService: at com.android.systemui.dagger.DaggerReferenceGlobalRootComponent$ReferenceSysUIComponentImpl$SwitchingProvider.get(go/retraceme bb0c85583bc8cef368173602f8ea06d241ec8a7fed6aca80388046fe2c5dd77a:51)
04-15 15:20:33.696 894 894 D OverviewProxyService: at dagger.internal.DoubleCheck.get(go/retraceme bb0c85583bc8cef368173602f8ea06d241ec8a7fed6aca80388046fe2c5dd77a:14)
04-15 15:20:33.696 894 894 D OverviewProxyService: at com.android.systemui.dagger.DaggerReferenceGlobalRootComponent$ReferenceSysUIComponentImpl$SwitchingProvider.get4(go/retraceme bb0c85583bc8cef368173602f8ea06d241ec8a7fed6aca80388046fe2c5dd77a:30)
04-15 15:20:33.696 894 894 D OverviewProxyService: at com.android.systemui.dagger.DaggerReferenceGlobalRootComponent$ReferenceSysUIComponentImpl$SwitchingProvider.get(go/retraceme bb0c85583bc8cef368173602f8ea06d241ec8a7fed6aca80388046fe2c5dd77a:31)
04-15 15:20:33.696 894 894 D OverviewProxyService: at dagger.internal.DoubleCheck.get(go/retraceme bb0c85583bc8cef368173602f8ea06d241ec8a7fed6aca80388046fe2c5dd77a:14)
04-15 15:20:33.696 894 894 D OverviewProxyService: at com.android.systemui.dagger.ContextComponentResolver.resolve(go/retraceme bb0c85583bc8cef368173602f8ea06d241ec8a7fed6aca80388046fe2c5dd77a:14)
04-15 15:20:33.696 894 894 D OverviewProxyService: at com.android.systemui.recents.RecentsModule_ProvideRecentsImplFactory.provideRecentsImpl(go/retraceme bb0c85583bc8cef368173602f8ea06d241ec8a7fed6aca80388046fe2c5dd77a:20)
04-15 15:20:33.696 894 894 D OverviewProxyService: at com.android.systemui.dagger.DaggerReferenceGlobalRootComponent$ReferenceSysUIComponentImpl.recentsImplementation(go/retraceme bb0c85583bc8cef368173602f8ea06d241ec8a7fed6aca80388046fe2c5dd77a:13)
04-15 15:20:33.696 894 894 D OverviewProxyService: at com.android.systemui.dagger.DaggerReferenceGlobalRootComponent$ReferenceSysUIComponentImpl.-$$Nest$mrecentsImplementation(go/retraceme bb0c85583bc8cef368173602f8ea06d241ec8a7fed6aca80388046fe2c5dd77a:1)
04-15 15:20:33.696 894 894 D OverviewProxyService: at com.android.systemui.dagger.DaggerReferenceGlobalRootComponent$ReferenceSysUIComponentImpl$SwitchingProvider.get1(go/retraceme bb0c85583bc8cef368173602f8ea06d241ec8a7fed6aca80388046fe2c5dd77a:81)
04-15 15:20:33.696 894 894 D OverviewProxyService: at com.android.systemui.dagger.DaggerReferenceGlobalRootComponent$ReferenceSysUIComponentImpl$SwitchingProvider.get(go/retraceme bb0c85583bc8cef368173602f8ea06d241ec8a7fed6aca80388046fe2c5dd77a:46)
04-15 15:20:33.696 894 894 D OverviewProxyService: at dagger.internal.DoubleCheck.get(go/retraceme bb0c85583bc8cef368173602f8ea06d241ec8a7fed6aca80388046fe2c5dd77a:14)
04-15 15:20:33.696 894 894 D OverviewProxyService: at com.android.systemui.dagger.DaggerReferenceGlobalRootComponent$ReferenceSysUIComponentImpl$SwitchingProvider.get1(go/retraceme bb0c85583bc8cef368173602f8ea06d241ec8a7fed6aca80388046fe2c5dd77a:134)
04-15 15:20:33.696 894 894 D OverviewProxyService: at com.android.systemui.dagger.DaggerReferenceGlobalRootComponent$ReferenceSysUIComponentImpl$SwitchingProvider.get(go/retraceme bb0c85583bc8cef368173602f8ea06d241ec8a7fed6aca80388046fe2c5dd77a:46)
04-15 15:20:33.696 894 894 D OverviewProxyService: at dagger.internal.DoubleCheck.get(go/retraceme bb0c85583bc8cef368173602f8ea06d241ec8a7fed6aca80388046fe2c5dd77a:14)
04-15 15:20:33.696 894 894 D OverviewProxyService: at com.android.systemui.SystemUIApplication$$ExternalSyntheticLambda1.run(go/retraceme bb0c85583bc8cef368173602f8ea06d241ec8a7fed6aca80388046fe2c5dd77a:47)
04-15 15:20:33.697 894 894 D OverviewProxyService: at com.android.systemui.SystemUIApplication.timeInitialization(go/retraceme bb0c85583bc8cef368173602f8ea06d241ec8a7fed6aca80388046fe2c5dd77a:28)
04-15 15:20:33.697 894 894 D OverviewProxyService: at com.android.systemui.SystemUIApplication.startServicesIfNeeded(go/retraceme bb0c85583bc8cef368173602f8ea06d241ec8a7fed6aca80388046fe2c5dd77a:18)
04-15 15:20:33.697 894 894 D OverviewProxyService: at com.android.systemui.SystemUIApplication.startServicesIfNeeded(go/retraceme bb0c85583bc8cef368173602f8ea06d241ec8a7fed6aca80388046fe2c5dd77a:6)
04-15 15:20:33.697 894 894 D OverviewProxyService: at com.android.systemui.SystemUIService.onCreate(go/retraceme bb0c85583bc8cef368173602f8ea06d241ec8a7fed6aca80388046fe2c5dd77a:10)
04-15 15:20:33.697 894 894 D OverviewProxyService: at android.app.ActivityThread.handleCreateService(ActivityThread.java:4651)
04-15 15:20:33.697 894 894 D OverviewProxyService: at android.app.ActivityThread.-$$Nest$mhandleCreateService(Unknown Source:0)
04-15 15:20:33.697 894 894 D OverviewProxyService: at android.app.ActivityThread$H.handleMessage(ActivityThread.java:2264)
04-15 15:20:33.697 894 894 D OverviewProxyService: at android.os.Handler.dispatchMessage(Handler.java:106)
04-15 15:20:33.697 894 894 D OverviewProxyService: at android.os.Looper.loopOnce(Looper.java:205)
04-15 15:20:33.697 894 894 D OverviewProxyService: at android.os.Looper.loop(Looper.java:294)
04-15 15:20:33.697 894 894 D OverviewProxyService: at android.app.ActivityThread.main(ActivityThread.java:8177)
04-15 15:20:33.697 894 894 D OverviewProxyService: at java.lang.reflect.Method.invoke(Native Method)
04-15 15:20:33.697 894 894 D OverviewProxyService: at com.android.internal.os.RuntimeInit$MethodAndArgsCaller.run(RuntimeInit.java:552)
04-15 15:20:33.697 894 894 D OverviewProxyService: at com.android.internal.os.ZygoteInit.main(ZygoteInit.java:971)
04-15 15:20:33.729 1130 1182 D libEGL : loaded /vendor/lib64/egl/libGLESv1_CM_emulation.so
04-15 15:20:33.734 534 829 W ActivityThread: Failed to find provider info for com.android.calendar (user not unlocked)
04-15 15:20:33.751 534 1070 D CompatibilityChangeReporter: Compat change id reported: 135634846; UID 10113; state: DISABLED
04-15 15:20:33.810 534 534 D ConditionProviders.SCP: Scheduling evaluate for Wed Apr 15 22:00:00 UTC 2026 (1776290400000), in +6h39m26s567ms, now=Wed Apr 15 15:20:33 UTC 2026 (1776266433433)
04-15 15:20:33.843 534 534 D CompatibilityChangeReporter: Compat change id reported: 171306433; UID 1000; state: ENABLED
04-15 15:20:33.847 534 1070 D CompatibilityChangeReporter: Compat change id reported: 177438394; UID 10113; state: DISABLED
04-15 15:20:33.849 534 609 D CompatibilityChangeReporter: Compat change id reported: 168419799; UID 10117; state: DISABLED
04-15 15:20:33.850 534 609 D CompatibilityChangeReporter: Compat change id reported: 273564678; UID 10117; state: DISABLED
04-15 15:20:33.870 534 534 D CompatibilityChangeReporter: Compat change id reported: 218533173; UID 1000; state: ENABLED
04-15 15:20:33.883 1130 1182 D libEGL : loaded /vendor/lib64/egl/libGLESv2_emulation.so
04-15 15:20:33.909 534 1070 D CompatibilityChangeReporter: Compat change id reported: 135772972; UID 10113; state: DISABLED
04-15 15:20:33.924 534 1070 D CompatibilityChangeReporter: Compat change id reported: 135754954; UID 10113; state: ENABLED
04-15 15:20:33.928 534 569 W ActivityManager: Slow operation: 183ms so far, now at startProcess: asking zygote to start proc
04-15 15:20:33.943 534 569 D CompatibilityChangeReporter: Compat change id reported: 143937733; UID 10113; state: ENABLED
04-15 15:20:33.946 534 569 W ActivityManager: com.android.launcher3 inode == 0 (b/152760674)
04-15 15:20:33.955 1128 1128 D CarrierIdDatabaseHelper: onCreate
04-15 15:20:34.057 1128 1128 D CarrierIdProvider: update database from pb file
04-15 15:20:34.105 534 1070 W ActivityManager: Slow operation: 239ms so far, now at startProcess: done starting proc!
04-15 15:20:34.177 534 829 W system_server: Long monitor contention with owner binder:534_B (1070) at int com.android.server.am.ActivityManagerService.bindServiceInstance(android.app.IApplicationThread, android.os.IBinder, android.content.Intent, java.lang.String, android.app.IServiceConnection, long, java.lang.String, boolean, int, java.lang.String, android.app.IApplicationThread, java.lang.String, int)(ActivityManagerService.java:13404) waiters=0 in android.app.ContentProviderHolder com.android.server.am.ContentProviderHelper.getContentProviderImpl(android.app.IApplicationThread, java.lang.String, android.os.IBinder, int, java.lang.String, java.lang.String, boolean, int) for 439ms
