04-15 15:20:20.368 534 1007 W Codec2Client: query -- param skipped: index = 1342179345.
04-15 15:20:20.368 534 1007 W Codec2Client: query -- param skipped: index = 2415921170.
04-15 15:20:20.381 534 1007 D CCodecBufferChannel: [c2.android.vorbis.decoder#231] Created input block pool with allocatorID 16 => poolID 19 - OK (0)
04-15 15:20:20.397 534 1007 I CCodecBufferChannel: [c2.android.vorbis.decoder#231] Created output block pool with allocatorID 16 => poolID 19 - OK
04-15 15:20:20.400 534 1007 D CCodecBufferChannel: [c2.android.vorbis.decoder#231] Configured output block pool ids 19 => OK
04-15 15:20:20.421 455 1008 D SimpleC2Component: Using output block pool with poolID 19 => got 19 - 0
04-15 15:20:20.628 534 1007 D CCodecBufferChannel: [c2.android.vorbis.decoder#231] MediaCodec discarded an unknown buffer
04-15 15:20:20.628 534 1007 D CCodecBufferChannel: [c2.android.vorbis.decoder#231] MediaCodec discarded an unknown buffer
04-15 15:20:20.629 534 1007 D CCodecBufferChannel: [c2.android.vorbis.decoder#231] MediaCodec discarded an unknown buffer
04-15 15:20:20.689 534 1007 I hw-BpHwBinder: onLastStrongRef automatically unlinking death recipients
04-15 15:20:20.690 455 490 I hw-BpHwBinder: onLastStrongRef automatically unlinking death recipients
04-15 15:20:20.692 455 490 I hw-BpHwBinder: onLastStrongRef automatically unlinking death recipients
04-15 15:20:20.713 534 905 D MediaCodec: flushMediametrics
04-15 15:20:20.795 534 905 D MediaCodecList: codecHandlesFormat: no format, so no extra checks
04-15 15:20:20.808 534 1013 D CCodec : allocate(c2.android.vorbis.decoder)
04-15 15:20:20.886 534 806 D WallpaperManagerService: WPMS.saveSettingsLocked-0
04-15 15:20:20.896 534 1013 I CCodec : setting up 'default' as default (vendor) store
04-15 15:20:20.912 534 806 V WallpaperManagerService: WPMS.saveSettingsLocked-0 took to complete: 26ms
04-15 15:20:20.929 894 894 D Tonal : Tonal Palette - index: 4. Main color: ff343e65
04-15 15:20:20.929 894 894 D Tonal : Colors: ff0b0c16, ff141627, ff1d2138, ff272d4c, ff343e65, ff41477e, ff4e5597, ff8184a4, ff898cc3, ff9e9ecd, ffb7b6d9, ffd9d7eb, ffefeef7
04-15 15:20:20.930 894 894 D Tonal : Gradients:
04-15 15:20:20.930 894 894 D Tonal : Normal GradientColors(ff343e65, ff343e65)
04-15 15:20:20.930 894 894 D Tonal : Dark GradientColors(ff272d4c, ff272d4c)
04-15 15:20:20.930 894 894 D Tonal : Extra dark: GradientColors(ff1d2138, ff1d2138)
04-15 15:20:20.930 894 894 D Tonal : Tonal Palette - index: 4. Main color: ff343e65
04-15 15:20:20.930 894 894 D Tonal : Colors: ff0b0c16, ff141627, ff1d2138, ff272d4c, ff343e65, ff41477e, ff4e5597, ff8184a4, ff898cc3, ff9e9ecd, ffb7b6d9, ffd9d7eb, ffefeef7
04-15 15:20:20.930 894 894 D Tonal : Gradients:
04-15 15:20:20.930 894 894 D Tonal : Normal GradientColors(ff343e65, ff343e65)
04-15 15:20:20.930 894 894 D Tonal : Dark GradientColors(ff272d4c, ff272d4c)
04-15 15:20:20.930 894 894 D Tonal : Extra dark: GradientColors(ff1d2138, ff1d2138)
04-15 15:20:20.943 534 1013 I CCodec : Created component [c2.android.vorbis.decoder]
04-15 15:20:20.964 534 1013 D CCodecConfig: read media type: audio/vorbis
04-15 15:20:20.974 534 1013 D ReflectedParamUpdater: extent() != 1 for single value type: algo.buffers.max-count.values
04-15 15:20:20.975 534 1013 D ReflectedParamUpdater: extent() != 1 for single value type: output.subscribed-indices.values
04-15 15:20:20.976 534 1013 D ReflectedParamUpdater: extent() != 1 for single value type: input.buffers.allocator-ids.values
04-15 15:20:20.977 534 1013 D ReflectedParamUpdater: extent() != 1 for single value type: output.buffers.allocator-ids.values
04-15 15:20:20.978 534 1013 D ReflectedParamUpdater: extent() != 1 for single value type: algo.buffers.allocator-ids.values
04-15 15:20:20.979 534 1013 D ReflectedParamUpdater: extent() != 1 for single value type: output.buffers.pool-ids.values
04-15 15:20:20.979 534 1013 D ReflectedParamUpdater: extent() != 1 for single value type: algo.buffers.pool-ids.values
04-15 15:20:20.985 534 1013 I CCodecConfig: query failed after returning 7 values (BAD_INDEX)
04-15 15:20:20.986 534 1013 D CCodecConfig: c2 config diff is Dict {
04-15 15:20:20.986 534 1013 D CCodecConfig: c2::u32 coded.bitrate.value = 64000
04-15 15:20:20.986 534 1013 D CCodecConfig: c2::u32 input.buffers.max-size.value = 32768
04-15 15:20:20.986 534 1013 D CCodecConfig: c2::u32 input.delay.value = 0
04-15 15:20:20.986 534 1013 D CCodecConfig: string input.media-type.value = "audio/vorbis"
04-15 15:20:20.986 534 1013 D CCodecConfig: string output.media-type.value = "audio/raw"
04-15 15:20:20.986 534 1013 D CCodecConfig: c2::u32 raw.channel-count.value = 1
04-15 15:20:20.986 534 1013 D CCodecConfig: c2::u32 raw.sample-rate.value = 48000
04-15 15:20:20.986 534 1013 D CCodecConfig: }
04-15 15:20:21.001 534 1013 D MediaCodec: flushMediametrics
04-15 15:20:21.004 534 1013 D CCodec : [c2.android.vorbis.decoder] buffers are bound to CCodec for this session
04-15 15:20:21.004 534 1013 D CCodecConfig: no c2 equivalents for durationUs
04-15 15:20:21.004 534 1013 D CCodecConfig: no c2 equivalents for track-id
04-15 15:20:21.004 534 1013 D CCodecConfig: no c2 equivalents for csd-1
04-15 15:20:21.005 534 1013 D CCodecConfig: no c2 equivalents for flags
04-15 15:20:21.010 534 1013 D CCodecConfig: c2 config diff is c2::u32 coded.bitrate.value = 140000
04-15 15:20:21.013 534 1013 W Codec2Client: query -- param skipped: index = 1107298332.
04-15 15:20:21.013 534 1013 D CCodec : encoding statistics level = 0
04-15 15:20:21.014 534 1013 D CCodec : setup formats input: AMessage(what = 0x00000000) = {
04-15 15:20:21.014 534 1013 D CCodec : int32_t bitrate = 140000
04-15 15:20:21.014 534 1013 D CCodec : int32_t channel-count = 1
04-15 15:20:21.014 534 1013 D CCodec : int32_t max-input-size = 32768
04-15 15:20:21.014 534 1013 D CCodec : string mime = "audio/vorbis"
04-15 15:20:21.014 534 1013 D CCodec : int32_t sample-rate = 48000
04-15 15:20:21.014 534 1013 D CCodec : }
04-15 15:20:21.015 534 1013 D CCodec : setup formats output: AMessage(what = 0x00000000) = {
04-15 15:20:21.015 534 1013 D CCodec : int32_t channel-count = 1
04-15 15:20:21.015 534 1013 D CCodec : string mime = "audio/raw"
04-15 15:20:21.015 534 1013 D CCodec : int32_t sample-rate = 48000
04-15 15:20:21.015 534 1013 D CCodec : int32_t channel-mask = 1
04-15 15:20:21.015 534 1013 D CCodec : int32_t android._config-pcm-encoding = 2
04-15 15:20:21.015 534 1013 D CCodec : }
04-15 15:20:21.015 534 1013 I CCodecConfig: query failed after returning 7 values (BAD_INDEX)
04-15 15:20:21.024 534 1013 W Codec2Client: query -- param skipped: index = 1342179345.
04-15 15:20:21.024 534 1013 W Codec2Client: query -- param skipped: index = 2415921170.
04-15 15:20:21.032 534 1013 D CCodecBufferChannel: [c2.android.vorbis.decoder#89] Created input block pool with allocatorID 16 => poolID 20 - OK (0)
04-15 15:20:21.045 534 1013 I CCodecBufferChannel: [c2.android.vorbis.decoder#89] Created output block pool with allocatorID 16 => poolID 20 - OK
04-15 15:20:21.047 534 1013 D CCodecBufferChannel: [c2.android.vorbis.decoder#89] Configured output block pool ids 20 => OK
04-15 15:20:21.059 455 1014 D SimpleC2Component: Using output block pool with poolID 20 => got 20 - 0
04-15 15:20:21.172 534 1013 D CCodecBufferChannel: [c2.android.vorbis.decoder#89] MediaCodec discarded an unknown buffer
04-15 15:20:21.175 534 1013 D CCodecBufferChannel: [c2.android.vorbis.decoder#89] MediaCodec discarded an unknown buffer
04-15 15:20:21.192 534 1013 I hw-BpHwBinder: onLastStrongRef automatically unlinking death recipients
04-15 15:20:21.193 455 491 I hw-BpHwBinder: onLastStrongRef automatically unlinking death recipients
04-15 15:20:21.194 455 491 I hw-BpHwBinder: onLastStrongRef automatically unlinking death recipients
04-15 15:20:21.199 534 905 D MediaCodec: flushMediametrics
04-15 15:20:21.242 534 905 D MediaCodecList: codecHandlesFormat: no format, so no extra checks
04-15 15:20:21.289 534 1016 D CCodec : allocate(c2.android.vorbis.decoder)
04-15 15:20:21.316 534 1016 I CCodec : setting up 'default' as default (vendor) store
04-15 15:20:21.332 534 1016 I CCodec : Created component [c2.android.vorbis.decoder]
04-15 15:20:21.336 534 1016 D CCodecConfig: read media type: audio/vorbis
04-15 15:20:21.372 534 1016 D ReflectedParamUpdater: extent() != 1 for single value type: algo.buffers.max-count.values
04-15 15:20:21.380 534 1016 D ReflectedParamUpdater: extent() != 1 for single value type: output.subscribed-indices.values
04-15 15:20:21.384 534 1016 D ReflectedParamUpdater: extent() != 1 for single value type: input.buffers.allocator-ids.values
04-15 15:20:21.388 534 1016 D ReflectedParamUpdater: extent() != 1 for single value type: output.buffers.allocator-ids.values
04-15 15:20:21.391 534 1016 D ReflectedParamUpdater: extent() != 1 for single value type: algo.buffers.allocator-ids.values
04-15 15:20:21.396 534 1016 D ReflectedParamUpdater: extent() != 1 for single value type: output.buffers.pool-ids.values
04-15 15:20:21.400 534 1016 D ReflectedParamUpdater: extent() != 1 for single value type: algo.buffers.pool-ids.values
04-15 15:20:21.404 534 1016 I CCodecConfig: query failed after returning 7 values (BAD_INDEX)
04-15 15:20:21.408 534 1016 D CCodecConfig: c2 config diff is Dict {
04-15 15:20:21.408 534 1016 D CCodecConfig: c2::u32 coded.bitrate.value = 64000
04-15 15:20:21.408 534 1016 D CCodecConfig: c2::u32 input.buffers.max-size.value = 32768
04-15 15:20:21.408 534 1016 D CCodecConfig: c2::u32 input.delay.value = 0
04-15 15:20:21.408 534 1016 D CCodecConfig: string input.media-type.value = "audio/vorbis"
04-15 15:20:21.408 534 1016 D CCodecConfig: string output.media-type.value = "audio/raw"
04-15 15:20:21.408 534 1016 D CCodecConfig: c2::u32 raw.channel-count.value = 1
04-15 15:20:21.408 534 1016 D CCodecConfig: c2::u32 raw.sample-rate.value = 48000
04-15 15:20:21.408 534 1016 D CCodecConfig: }
04-15 15:20:21.418 534 1016 D MediaCodec: flushMediametrics
04-15 15:20:21.419 534 1016 D CCodec : [c2.android.vorbis.decoder] buffers are bound to CCodec for this session
04-15 15:20:21.419 534 1016 D CCodecConfig: no c2 equivalents for durationUs
04-15 15:20:21.424 534 1016 D CCodecConfig: no c2 equivalents for track-id
04-15 15:20:21.424 534 1016 D CCodecConfig: no c2 equivalents for csd-1
04-15 15:20:21.424 534 1016 D CCodecConfig: no c2 equivalents for flags
04-15 15:20:21.426 534 1016 D CCodecConfig: c2 config diff is c2::u32 coded.bitrate.value = 140000
04-15 15:20:21.432 534 1016 W Codec2Client: query -- param skipped: index = 1107298332.
04-15 15:20:21.440 534 1016 D CCodec : encoding statistics level = 0
04-15 15:20:21.440 534 1016 D CCodec : setup formats input: AMessage(what = 0x00000000) = {
04-15 15:20:21.440 534 1016 D CCodec : int32_t bitrate = 140000
04-15 15:20:21.440 534 1016 D CCodec : int32_t channel-count = 1
04-15 15:20:21.440 534 1016 D CCodec : int32_t max-input-size = 32768
04-15 15:20:21.440 534 1016 D CCodec : string mime = "audio/vorbis"
04-15 15:20:21.440 534 1016 D CCodec : int32_t sample-rate = 48000
04-15 15:20:21.440 534 1016 D CCodec : }
04-15 15:20:21.441 534 1016 D CCodec : setup formats output: AMessage(what = 0x00000000) = {
04-15 15:20:21.441 534 1016 D CCodec : int32_t channel-count = 1
04-15 15:20:21.441 534 1016 D CCodec : string mime = "audio/raw"
04-15 15:20:21.441 534 1016 D CCodec : int32_t sample-rate = 48000
04-15 15:20:21.441 534 1016 D CCodec : int32_t channel-mask = 1
04-15 15:20:21.441 534 1016 D CCodec : int32_t android._config-pcm-encoding = 2
04-15 15:20:21.441 534 1016 D CCodec : }
04-15 15:20:21.442 534 1016 I CCodecConfig: query failed after returning 7 values (BAD_INDEX)
04-15 15:20:21.458 534 1016 W Codec2Client: query -- param skipped: index = 1342179345.
04-15 15:20:21.468 534 1016 W Codec2Client: query -- param skipped: index = 2415921170.
04-15 15:20:21.482 534 1016 D CCodecBufferChannel: [c2.android.vorbis.decoder#89] Created input block pool with allocatorID 16 => poolID 21 - OK (0)
04-15 15:20:21.490 534 1016 I CCodecBufferChannel: [c2.android.vorbis.decoder#89] Created output block pool with allocatorID 16 => poolID 21 - OK
04-15 15:20:21.491 534 1016 D CCodecBufferChannel: [c2.android.vorbis.decoder#89] Configured output block pool ids 21 => OK
04-15 15:20:21.516 455 1017 D SimpleC2Component: Using output block pool with poolID 21 => got 21 - 0
04-15 15:20:21.648 904 949 I RuntimePermissionsUpgradeController: Grandfathering SMS and CallLog permissions
04-15 15:20:21.653 904 949 I RuntimePermissionsUpgradeController: Grandfathering location background permissions
04-15 15:20:21.662 904 949 I RuntimePermissionsUpgradeController: Grandfathering Storage permissions
04-15 15:20:21.677 904 949 I RuntimePermissionsUpgradeController: Not expanding location permissions as this is not an upgrade from Android P
04-15 15:20:21.677 904 949 I RuntimePermissionsUpgradeController: Not expanding read storage to access media location as this is a new user
04-15 15:20:21.678 904 949 I RuntimePermissionsUpgradeController: Not migrating STORAGE permissions to READ_MEDIA permissions as this is a new user
04-15 15:20:21.738 534 1016 D CCodecBufferChannel: [c2.android.vorbis.decoder#89] MediaCodec discarded an unknown buffer
04-15 15:20:21.739 534 1016 D CCodecBufferChannel: [c2.android.vorbis.decoder#89] MediaCodec discarded an unknown buffer
04-15 15:20:21.740 534 1016 D CCodecBufferChannel: [c2.android.vorbis.decoder#89] MediaCodec discarded an unknown buffer
04-15 15:20:21.774 534 1019 I hw-BpHwBinder: onLastStrongRef automatically unlinking death recipients
04-15 15:20:21.778 455 1018 I hw-BpHwBinder: onLastStrongRef automatically unlinking death recipients
04-15 15:20:21.778 455 1018 I hw-BpHwBinder: onLastStrongRef automatically unlinking death recipients
04-15 15:20:21.788 534 905 D MediaCodec: flushMediametrics
04-15 15:20:21.902 534 905 D MediaCodecList: codecHandlesFormat: no format, so no extra checks
04-15 15:20:21.914 534 1021 D CCodec : allocate(c2.android.vorbis.decoder)
04-15 15:20:21.923 534 1021 I CCodec : setting up 'default' as default (vendor) store
04-15 15:20:21.952 534 1021 I CCodec : Created component [c2.android.vorbis.decoder]
04-15 15:20:21.956 534 1021 D CCodecConfig: read media type: audio/vorbis
04-15 15:20:21.969 534 1021 D ReflectedParamUpdater: extent() != 1 for single value type: algo.buffers.max-count.values
04-15 15:20:21.971 534 1021 D ReflectedParamUpdater: extent() != 1 for single value type: output.subscribed-indices.values
04-15 15:20:21.976 534 1021 D ReflectedParamUpdater: extent() != 1 for single value type: input.buffers.allocator-ids.values
04-15 15:20:21.977 534 1021 D ReflectedParamUpdater: extent() != 1 for single value type: output.buffers.allocator-ids.values
04-15 15:20:21.978 534 1021 D ReflectedParamUpdater: extent() != 1 for single value type: algo.buffers.allocator-ids.values
04-15 15:20:21.980 534 1021 D ReflectedParamUpdater: extent() != 1 for single value type: output.buffers.pool-ids.values
04-15 15:20:21.984 534 1021 D ReflectedParamUpdater: extent() != 1 for single value type: algo.buffers.pool-ids.values
04-15 15:20:21.989 534 1021 I CCodecConfig: query failed after returning 7 values (BAD_INDEX)
04-15 15:20:21.990 534 1021 D CCodecConfig: c2 config diff is Dict {
04-15 15:20:21.990 534 1021 D CCodecConfig: c2::u32 coded.bitrate.value = 64000
04-15 15:20:21.990 534 1021 D CCodecConfig: c2::u32 input.buffers.max-size.value = 32768
04-15 15:20:21.990 534 1021 D CCodecConfig: c2::u32 input.delay.value = 0
04-15 15:20:21.990 534 1021 D CCodecConfig: string input.media-type.value = "audio/vorbis"
04-15 15:20:21.990 534 1021 D CCodecConfig: string output.media-type.value = "audio/raw"
04-15 15:20:21.990 534 1021 D CCodecConfig: c2::u32 raw.channel-count.value = 1
04-15 15:20:21.990 534 1021 D CCodecConfig: c2::u32 raw.sample-rate.value = 48000
04-15 15:20:21.990 534 1021 D CCodecConfig: }
04-15 15:20:22.004 534 1021 D MediaCodec: flushMediametrics
04-15 15:20:22.005 534 1021 D CCodec : [c2.android.vorbis.decoder] buffers are bound to CCodec for this session
04-15 15:20:22.005 534 1021 D CCodecConfig: no c2 equivalents for durationUs
04-15 15:20:22.005 534 1021 D CCodecConfig: no c2 equivalents for track-id
04-15 15:20:22.006 534 1021 D CCodecConfig: no c2 equivalents for csd-1
04-15 15:20:22.006 534 1021 D CCodecConfig: no c2 equivalents for flags
04-15 15:20:22.013 534 1021 D CCodecConfig: c2 config diff is c2::u32 coded.bitrate.value = 239920
04-15 15:20:22.013 534 1021 D CCodecConfig: c2::u32 raw.sample-rate.value = 44100
04-15 15:20:22.014 534 1021 W Codec2Client: query -- param skipped: index = 1107298332.
04-15 15:20:22.015 534 1021 D CCodec : encoding statistics level = 0
04-15 15:20:22.015 534 1021 D CCodec : setup formats input: AMessage(what = 0x00000000) = {
04-15 15:20:22.015 534 1021 D CCodec : int32_t bitrate = 239920
04-15 15:20:22.015 534 1021 D CCodec : int32_t channel-count = 1
04-15 15:20:22.015 534 1021 D CCodec : int32_t max-input-size = 32768
04-15 15:20:22.015 534 1021 D CCodec : string mime = "audio/vorbis"
04-15 15:20:22.015 534 1021 D CCodec : int32_t sample-rate = 44100
04-15 15:20:22.015 534 1021 D CCodec : }
04-15 15:20:22.015 534 1021 D CCodec : setup formats output: AMessage(what = 0x00000000) = {
04-15 15:20:22.015 534 1021 D CCodec : int32_t channel-count = 1
04-15 15:20:22.015 534 1021 D CCodec : string mime = "audio/raw"
04-15 15:20:22.015 534 1021 D CCodec : int32_t sample-rate = 44100
04-15 15:20:22.015 534 1021 D CCodec : int32_t channel-mask = 1
04-15 15:20:22.015 534 1021 D CCodec : int32_t android._config-pcm-encoding = 2
04-15 15:20:22.015 534 1021 D CCodec : }
04-15 15:20:22.017 534 1021 I CCodecConfig: query failed after returning 7 values (BAD_INDEX)
04-15 15:20:22.028 534 1021 W Codec2Client: query -- param skipped: index = 1342179345.
04-15 15:20:22.029 534 1021 W Codec2Client: query -- param skipped: index = 2415921170.
04-15 15:20:22.035 534 1021 D CCodecBufferChannel: [c2.android.vorbis.decoder#149] Created input block pool with allocatorID 16 => poolID 22 - OK (0)
04-15 15:20:22.052 534 1021 I CCodecBufferChannel: [c2.android.vorbis.decoder#149] Created output block pool with allocatorID 16 => poolID 22 - OK
04-15 15:20:22.054 534 1021 D CCodecBufferChannel: [c2.android.vorbis.decoder#149] Configured output block pool ids 22 => OK
04-15 15:20:22.072 455 1022 D SimpleC2Component: Using output block pool with poolID 22 => got 22 - 0
04-15 15:20:22.204 894 926 W Looper : Drained
04-15 15:20:22.332 534 1021 D CCodecBufferChannel: [c2.android.vorbis.decoder#149] MediaCodec discarded an unknown buffer
04-15 15:20:22.336 534 1021 D CCodecBufferChannel: [c2.android.vorbis.decoder#149] MediaCodec discarded an unknown buffer
04-15 15:20:22.340 534 1021 D CCodecBufferChannel: [c2.android.vorbis.decoder#149] MediaCodec discarded an unknown buffer
04-15 15:20:22.359 534 1021 I hw-BpHwBinder: onLastStrongRef automatically unlinking death recipients
04-15 15:20:22.359 455 951 I hw-BpHwBinder: onLastStrongRef automatically unlinking death recipients
04-15 15:20:22.367 455 951 I hw-BpHwBinder: onLastStrongRef automatically unlinking death recipients
04-15 15:20:22.371 534 905 D MediaCodec: flushMediametrics
04-15 15:20:22.601 534 608 W PermissionManager: Package com.android.providers.media.module is an APK in APEX, but has permission allowlist on the system image. Please bundle the allowlist in the com.android.mediaprovider APEX instead.
04-15 15:20:22.602 534 608 W PermissionManager: Package com.android.providers.media.module is an APK in APEX, but has permission allowlist on the system image. Please bundle the allowlist in the com.android.mediaprovider APEX instead.
04-15 15:20:22.602 534 608 W PermissionManager: Package com.android.providers.media.module is an APK in APEX, but has permission allowlist on the system image. Please bundle the allowlist in the com.android.mediaprovider APEX instead.
04-15 15:20:22.603 534 608 W PermissionManager: Package com.android.providers.media.module is an APK in APEX, but has permission allowlist on the system image. Please bundle the allowlist in the com.android.mediaprovider APEX instead.
04-15 15:20:22.603 534 608 W PermissionManager: Package com.android.providers.media.module is an APK in APEX, but has permission allowlist on the system image. Please bundle the allowlist in the com.android.mediaprovider APEX instead.
04-15 15:20:22.604 534 608 W PermissionManager: Package com.android.providers.media.module is an APK in APEX, but has permission allowlist on the system image. Please bundle the allowlist in the com.android.mediaprovider APEX instead.
04-15 15:20:22.606 534 608 W PermissionManager: Package com.android.providers.media.module is an APK in APEX, but has permission allowlist on the system image. Please bundle the allowlist in the com.android.mediaprovider APEX instead.
04-15 15:20:22.606 534 608 W PermissionManager: Package com.android.providers.media.module is an APK in APEX, but has permission allowlist on the system image. Please bundle the allowlist in the com.android.mediaprovider APEX instead.
04-15 15:20:22.606 534 608 W PermissionManager: Package com.android.providers.media.module is an APK in APEX, but has permission allowlist on the system image. Please bundle the allowlist in the com.android.mediaprovider APEX instead.
04-15 15:20:22.606 534 608 W PermissionManager: Package com.android.providers.media.module is an APK in APEX, but has permission allowlist on the system image. Please bundle the allowlist in the com.android.mediaprovider APEX instead.
04-15 15:20:22.606 534 608 W PermissionManager: Package com.android.providers.media.module is an APK in APEX, but has permission allowlist on the system image. Please bundle the allowlist in the com.android.mediaprovider APEX instead.
04-15 15:20:22.607 534 608 W PermissionManager: Package com.android.providers.media.module is an APK in APEX, but has permission allowlist on the system image. Please bundle the allowlist in the com.android.mediaprovider APEX instead.
04-15 15:20:22.607 534 608 W PermissionManager: Package com.android.providers.media.module is an APK in APEX, but has permission allowlist on the system image. Please bundle the allowlist in the com.android.mediaprovider APEX instead.
04-15 15:20:22.611 534 608 W PermissionManager: Package com.android.providers.media.module is an APK in APEX, but has permission allowlist on the system image. Please bundle the allowlist in the com.android.mediaprovider APEX instead.
04-15 15:20:22.612 534 608 W PermissionManager: Package com.android.providers.media.module is an APK in APEX, but has permission allowlist on the system image. Please bundle the allowlist in the com.android.mediaprovider APEX instead.
04-15 15:20:22.612 534 608 W PermissionManager: Package com.android.providers.media.module is an APK in APEX, but has permission allowlist on the system image. Please bundle the allowlist in the com.android.mediaprovider APEX instead.
04-15 15:20:22.612 534 608 W PermissionManager: Package com.android.providers.media.module is an APK in APEX, but has permission allowlist on the system image. Please bundle the allowlist in the com.android.mediaprovider APEX instead.
04-15 15:20:22.616 534 608 W PermissionManager: Package com.android.providers.media.module is an APK in APEX, but has permission allowlist on the system image. Please bundle the allowlist in the com.android.mediaprovider APEX instead.
04-15 15:20:22.616 534 608 W PermissionManager: Package com.android.providers.media.module is an APK in APEX, but has permission allowlist on the system image. Please bundle the allowlist in the com.android.mediaprovider APEX instead.
04-15 15:20:22.616 534 608 W PermissionManager: Package com.android.providers.media.module is an APK in APEX, but has permission allowlist on the system image. Please bundle the allowlist in the com.android.mediaprovider APEX instead.
04-15 15:20:22.622 0 0 I servicemanager: Notifying apexservice they don't (previously: do) have clients when we now have no record of a client
04-15 15:20:22.616 534 608 W PermissionManager: Package com.android.providers.media.module is an APK in APEX, but has permission allowlist on the system image. Please bundle the allowlist in the com.android.mediaprovider APEX instead.
04-15 15:20:22.617 534 608 W PermissionManager: Package com.android.providers.media.module is an APK in APEX, but has permission allowlist on the system image. Please bundle the allowlist in the com.android.mediaprovider APEX instead.
04-15 15:20:22.617 534 608 W PermissionManager: Package com.android.providers.media.module is an APK in APEX, but has permission allowlist on the system image. Please bundle the allowlist in the com.android.mediaprovider APEX instead.
04-15 15:20:22.617 534 608 W PermissionManager: Package com.android.providers.media.module is an APK in APEX, but has permission allowlist on the system image. Please bundle the allowlist in the com.android.mediaprovider APEX instead.
04-15 15:20:22.617 534 608 W PermissionManager: Package com.android.providers.media.module is an APK in APEX, but has permission allowlist on the system image. Please bundle the allowlist in the com.android.mediaprovider APEX instead.
04-15 15:20:22.617 534 608 W PermissionManager: Package com.android.providers.media.module is an APK in APEX, but has permission allowlist on the system image. Please bundle the allowlist in the com.android.mediaprovider APEX instead.
04-15 15:20:22.636 0 0 I AidlLazyServiceRegistrar: Process has 0 (of 1 available) client(s) in use after notification apexservice has clients: 0
04-15 15:20:22.636 0 0 I AidlLazyServiceRegistrar: Shutdown prevented by forcePersist override flag.
04-15 15:20:22.681 534 534 V SystemServerTiming: Permission_callback_waiting-0 took to complete: 10513ms
04-15 15:20:22.682 534 534 V SystemServerTiming: Permission_grant_default_permissions-0 took to complete: 10578ms
04-15 15:20:22.682 534 534 D SystemServerTiming: Permission_synchronize_permissions-0
04-15 15:20:22.683 534 534 D SystemServerTiming: Permission_synchronize_addPackages-0
04-15 15:20:22.689 904 1003 I PermissionControllerServiceImpl: Updating user sensitive for user 0
04-15 15:20:22.869 534 534 V SystemServerTiming: Permission_synchronize_addPackages-0 took to complete: 186ms
04-15 15:20:22.870 534 534 D SystemServerTiming: Permission_syncPackages-0
04-15 15:20:22.883 534 534 V StorageManagerService: Package null has legacy storage
04-15 15:20:22.957 534 534 V StorageManagerService: Package null has legacy storage
04-15 15:20:23.049 534 534 V StorageManagerService: Package null does not have legacy storage
04-15 15:20:23.051 534 534 V StorageManagerService: Package null does not have legacy storage
04-15 15:20:23.051 534 534 V StorageManagerService: Package null does not have legacy storage
04-15 15:20:23.066 534 534 V StorageManagerService: Package null does not have legacy storage
04-15 15:20:23.066 534 534 V StorageManagerService: Package null does not have legacy storage
04-15 15:20:23.067 534 534 V StorageManagerService: Package null does not have legacy storage
04-15 15:20:23.082 534 534 V StorageManagerService: Package null does not have legacy storage
04-15 15:20:23.083 534 534 V StorageManagerService: Package null does not have legacy storage
04-15 15:20:23.091 534 534 V StorageManagerService: Package null does not have legacy storage
04-15 15:20:23.101 534 534 V StorageManagerService: Package null does not have legacy storage
04-15 15:20:23.103 534 534 V StorageManagerService: Package null does not have legacy storage
04-15 15:20:23.138 534 534 V StorageManagerService: Package null does not have legacy storage
04-15 15:20:23.143 534 534 V StorageManagerService: Package null does not have legacy storage
04-15 15:20:23.151 534 534 V StorageManagerService: Package null does not have legacy storage
04-15 15:20:23.154 534 534 V StorageManagerService: Package null does not have legacy storage
04-15 15:20:23.155 534 534 V StorageManagerService: Package null does not have legacy storage
04-15 15:20:23.159 534 534 V StorageManagerService: Package null does not have legacy storage
04-15 15:20:23.159 534 534 V StorageManagerService: Package null does not have legacy storage
04-15 15:20:23.166 534 534 V StorageManagerService: Package null does not have legacy storage
04-15 15:20:23.166 534 534 V StorageManagerService: Package null does not have legacy storage
04-15 15:20:23.172 534 534 V StorageManagerService: Package null does not have legacy storage
04-15 15:20:23.174 534 534 V StorageManagerService: Package null does not have legacy storage
04-15 15:20:23.175 534 534 V SystemServerTiming: Permission_syncPackages-0 took to complete: 305ms
04-15 15:20:23.175 534 534 V SystemServerTiming: Permission_synchronize_permissions-0 took to complete: 493ms
04-15 15:20:23.175 534 534 D SystemServerTiming: Permission_onInitialized-0
04-15 15:20:23.188 534 534 I PermissionManager: Permission ownership changed. Updating all permissions.
04-15 15:20:23.189 534 534 W PermissionManager: Package com.android.adservices.api is an APK in APEX, but has permission allowlist on the system image. Please bundle the allowlist in the com.android.adservices APEX instead.
04-15 15:20:23.312 534 556 W Looper : Slow dispatch took 105ms android.fg h=android.os.Handler c= m=0
04-15 15:20:23.457 534 534 W PermissionManager: Package com.android.providers.media.module is an APK in APEX, but has permission allowlist on the system image. Please bundle the allowlist in the com.android.mediaprovider APEX instead.
04-15 15:20:23.457 534 534 W PermissionManager: Package com.android.providers.media.module is an APK in APEX, but has permission allowlist on the system image. Please bundle the allowlist in the com.android.mediaprovider APEX instead.
04-15 15:20:23.458 534 534 W PermissionManager: Package com.android.providers.media.module is an APK in APEX, but has permission allowlist on the system image. Please bundle the allowlist in the com.android.mediaprovider APEX instead.
04-15 15:20:23.458 534 534 W PermissionManager: Package com.android.providers.media.module is an APK in APEX, but has permission allowlist on the system image. Please bundle the allowlist in the com.android.mediaprovider APEX instead.
04-15 15:20:23.458 534 534 W PermissionManager: Package com.android.providers.media.module is an APK in APEX, but has permission allowlist on the system image. Please bundle the allowlist in the com.android.mediaprovider APEX instead.
04-15 15:20:23.458 534 534 W PermissionManager: Package com.android.providers.media.module is an APK in APEX, but has permission allowlist on the system image. Please bundle the allowlist in the com.android.mediaprovider APEX instead.
04-15 15:20:23.458 534 534 W PermissionManager: Package com.android.providers.media.module is an APK in APEX, but has permission allowlist on the system image. Please bundle the allowlist in the com.android.mediaprovider APEX instead.
04-15 15:20:23.458 534 534 W PermissionManager: Package com.android.providers.media.module is an APK in APEX, but has permission allowlist on the system image. Please bundle the allowlist in the com.android.mediaprovider APEX instead.
04-15 15:20:23.459 534 534 W PermissionManager: Package com.android.providers.media.module is an APK in APEX, but has permission allowlist on the system image. Please bundle the allowlist in the com.android.mediaprovider APEX instead.
04-15 15:20:23.459 534 534 W PermissionManager: Package com.android.providers.media.module is an APK in APEX, but has permission allowlist on the system image. Please bundle the allowlist in the com.android.mediaprovider APEX instead.
04-15 15:20:23.459 534 534 W PermissionManager: Package com.android.providers.media.module is an APK in APEX, but has permission allowlist on the system image. Please bundle the allowlist in the com.android.mediaprovider APEX instead.
04-15 15:20:23.459 534 534 W PermissionManager: Package com.android.providers.media.module is an APK in APEX, but has permission allowlist on the system image. Please bundle the allowlist in the com.android.mediaprovider APEX instead.
04-15 15:20:23.459 534 534 W PermissionManager: Package com.android.providers.media.module is an APK in APEX, but has permission allowlist on the system image. Please bundle the allowlist in the com.android.mediaprovider APEX instead.
04-15 15:20:23.497 534 972 D BufferPoolAccessor2.0: bufferpool2 0x7745cfc6a368 : 0(0 size) total buffers - 0(0 size) used buffers - 2/7 (recycle/alloc) - 5/18 (fetch/transfer)
04-15 15:20:23.500 534 972 D BufferPoolAccessor2.0: evictor expired: 1, evicted: 1
04-15 15:20:23.518 534 534 V SystemServerTiming: Permission_onInitialized-0 took to complete: 342ms
04-15 15:20:23.518 534 534 W SystemServiceManager: Service com.android.server.policy.PermissionPolicyService took 11416 ms in onBootPhase
04-15 15:20:23.519 534 534 V SystemServerTiming: OnBootPhase_550_com.android.server.policy.PermissionPolicyService took to complete: 11416ms
04-15 15:20:23.519 534 534 D SystemServerTiming: OnBootPhase_550_com.android.server.pm.StagingManager$Lifecycle
04-15 15:20:23.519 534 534 V SystemServerTiming: OnBootPhase_550_com.android.server.pm.StagingManager$Lifecycle took to complete: 0ms
04-15 15:20:23.519 534 534 D SystemServerTiming: OnBootPhase_550_com.android.server.app.GameManagerService$Lifecycle
04-15 15:20:23.519 534 534 V SystemServerTiming: OnBootPhase_550_com.android.server.app.GameManagerService$Lifecycle took to complete: 0ms
04-15 15:20:23.519 534 534 D SystemServerTiming: OnBootPhase_550_com.android.safetycenter.SafetyCenterService
04-15 15:20:23.519 534 534 V SystemServerTiming: OnBootPhase_550_com.android.safetycenter.SafetyCenterService took to complete: 0ms
04-15 15:20:23.519 534 534 D SystemServerTiming: OnBootPhase_550_com.android.server.appsearch.AppSearchModule$Lifecycle
04-15 15:20:23.519 534 534 V SystemServerTiming: OnBootPhase_550_com.android.server.appsearch.AppSearchModule$Lifecycle took to complete: 0ms
04-15 15:20:23.519 534 534 D SystemServerTiming: OnBootPhase_550_com.android.server.media.MediaCommunicationService
04-15 15:20:23.519 534 534 V SystemServerTiming: OnBootPhase_550_com.android.server.media.MediaCommunicationService took to complete: 0ms
04-15 15:20:23.524 534 534 D SystemServerTiming: OnBootPhase_550_com.android.server.compat.overrides.AppCompatOverridesService$Lifecycle
04-15 15:20:23.524 534 534 V SystemServerTiming: OnBootPhase_550_com.android.server.compat.overrides.AppCompatOverridesService$Lifecycle took to complete: 0ms
04-15 15:20:23.524 534 534 D SystemServerTiming: OnBootPhase_550_com.android.server.healthconnect.HealthConnectManagerService
04-15 15:20:23.524 534 534 V SystemServerTiming: OnBootPhase_550_com.android.server.healthconnect.HealthConnectManagerService took to complete: 0ms
04-15 15:20:23.524 534 534 V SystemServerTiming: OnBootPhase_550 took to complete: 12698ms
04-15 15:20:23.524 534 534 V SystemServerTiming: StartActivityManagerReadyPhase took to complete: 12698ms
04-15 15:20:23.524 534 534 D SystemServerTiming: StartObservingNativeCrashes
04-15 15:20:23.525 534 534 V SystemServerTiming: StartObservingNativeCrashes took to complete: 1ms
04-15 15:20:23.525 534 534 D SystemServerTiming: RegisterAppOpsPolicy
04-15 15:20:23.530 455 893 D BufferPoolAccessor2.0: bufferpool2 0x7e043d172bf8 : 0(0 size) total buffers - 0(0 size) used buffers - 3/7 (recycle/alloc) - 4/6 (fetch/transfer)
04-15 15:20:23.531 455 893 D BufferPoolAccessor2.0: evictor expired: 1, evicted: 1
04-15 15:20:23.542 534 534 V SystemServerTiming: RegisterAppOpsPolicy took to complete: 16ms
04-15 15:20:23.542 534 606 D SystemServerTimingAsync: InitThreadPoolExec:WebViewFactoryPreparation
04-15 15:20:23.543 534 606 D SystemServerInitThreadPool: Started executing WebViewFactoryPreparation
04-15 15:20:23.543 534 606 I SystemServer: WebViewFactoryPreparation
04-15 15:20:23.543 534 606 D SystemServerTimingAsync: WebViewFactoryPreparation
04-15 15:20:23.553 534 534 D SystemServerTiming: MakeNetworkManagementServiceReady
04-15 15:20:23.553 534 534 W NetworkManagement: setDataSaverMode(): already false
04-15 15:20:23.554 327 327 I netd : firewallSetFirewallType(1) <0.07ms>
04-15 15:20:23.564 534 556 W Looper : Slow delivery took 222ms android.fg h=android.os.Handler c= m=0
04-15 15:20:23.579 534 534 V SystemServerTiming: MakeNetworkManagementServiceReady took to complete: 26ms
04-15 15:20:23.579 534 534 D SystemServerTiming: MakeConnectivityServiceReady
04-15 15:20:23.582 534 821 D PermissionMonitor: Monitoring
04-15 15:20:23.589 534 575 W BatteryExternalStatsWorker: error reading modem stats:ERROR_PHONE_NOT_AVAILABLE
04-15 15:20:23.618 327 327 I netd : registerUnsolicitedEventListener() <30.54ms>
04-15 15:20:23.622 534 606 E AppOps : Bad call made by uid 1000. Package "android" does not belong to uid 1037.
04-15 15:20:23.641 534 606 E AppOps : Cannot checkOperation
04-15 15:20:23.641 534 606 E AppOps : java.lang.SecurityException: Specified package "android" under uid 1037 but it is not
04-15 15:20:23.641 534 606 E AppOps : at com.android.server.appop.AppOpsService.verifyAndGetBypass(AppOpsService.java:3886)
04-15 15:20:23.641 534 606 E AppOps : at com.android.server.appop.AppOpsService.verifyAndGetBypass(AppOpsService.java:3746)
04-15 15:20:23.641 534 606 E AppOps : at com.android.server.appop.AppOpsService.verifyAndGetBypass(AppOpsService.java:3738)
04-15 15:20:23.641 534 606 E AppOps : at com.android.server.appop.AppOpsService.checkOperationUnchecked(AppOpsService.java:2417)
04-15 15:20:23.641 534 606 E AppOps : at com.android.server.appop.AppOpsService.checkOperationImpl(AppOpsService.java:2400)
04-15 15:20:23.641 534 606 E AppOps : at com.android.server.appop.AppOpsService.-$$Nest$mcheckOperationImpl(AppOpsService.java:0)
04-15 15:20:23.641 534 606 E AppOps : at com.android.server.appop.AppOpsService$CheckOpsDelegateDispatcher.$r8$lambda$fx57Sum-uA3sXo7NCFwrI3iq4WM(AppOpsService.java:0)
04-15 15:20:23.641 534 606 E AppOps : at com.android.server.appop.AppOpsService$CheckOpsDelegateDispatcher$$ExternalSyntheticLambda9.apply(R8$$SyntheticClass:0)
04-15 15:20:23.641 534 606 E AppOps : at com.android.server.policy.AppOpsPolicy.checkOperation(AppOpsPolicy.java:221)
04-15 15:20:23.641 534 606 E AppOps : at com.android.server.appop.AppOpsService$CheckOpsDelegateDispatcher.checkOperation(AppOpsService.java:6389)
04-15 15:20:23.641 534 606 E AppOps : at com.android.server.appop.AppOpsService.checkOperation(AppOpsService.java:2385)
04-15 15:20:23.641 534 606 E AppOps : at com.android.server.StorageManagerService$StorageManagerInternalImpl.hasExternalStorageAccess(StorageManagerService.java:4717)
04-15 15:20:23.641 534 606 E AppOps : at com.android.server.am.ProcessList.startProcessLocked(ProcessList.java:1778)
04-15 15:20:23.641 534 606 E AppOps : at com.android.server.am.ProcessList.startProcessLocked(ProcessList.java:2483)
04-15 15:20:23.641 534 606 E AppOps : at com.android.server.am.ProcessList.startProcessLocked(ProcessList.java:2628)
04-15 15:20:23.641 534 606 E AppOps : at com.android.server.am.ActivityManagerService.startIsolatedProcess(ActivityManagerService.java:2894)
04-15 15:20:23.641 534 606 E AppOps : at com.android.server.am.ActivityManagerService$LocalService.startIsolatedProcess(ActivityManagerService.java:17372)
04-15 15:20:23.641 534 606 E AppOps : at android.webkit.WebViewLibraryLoader.createRelroFile(WebViewLibraryLoader.java:126)
04-15 15:20:23.641 534 606 E AppOps : at android.webkit.WebViewLibraryLoader.createRelros(WebViewLibraryLoader.java:170)
04-15 15:20:23.641 534 606 E AppOps : at android.webkit.WebViewLibraryLoader.prepareNativeLibraries(WebViewLibraryLoader.java:152)
04-15 15:20:23.641 534 606 E AppOps : at android.webkit.WebViewFactory.onWebViewProviderChanged(WebViewFactory.java:555)
04-15 15:20:23.641 534 606 E AppOps : at com.android.server.webkit.SystemImpl.onWebViewProviderChanged(SystemImpl.java:174)
04-15 15:20:23.641 534 606 E AppOps : at com.android.server.webkit.WebViewUpdateServiceImpl.onWebViewProviderChanged(WebViewUpdateServiceImpl.java:351)
04-15 15:20:23.641 534 606 E AppOps : at com.android.server.webkit.WebViewUpdateServiceImpl.prepareWebViewInSystemServer(WebViewUpdateServiceImpl.java:182)
04-15 15:20:23.641 534 606 E AppOps : at com.android.server.webkit.WebViewUpdateService.prepareWebViewInSystemServer(WebViewUpdateService.java:129)
04-15 15:20:23.641 534 606 E AppOps : at com.android.server.SystemServer.lambda$startOtherServices$4(SystemServer.java:2919)
04-15 15:20:23.641 534 606 E AppOps : at com.android.server.SystemServer.$r8$lambda$t1R-mpe1gQ3l_T3UqaEuPqwZT88(SystemServer.java:0)
04-15 15:20:23.641 534 606 E AppOps : at com.android.server.SystemServer$$ExternalSyntheticLambda7.run(R8$$SyntheticClass:0)
04-15 15:20:23.641 534 606 E AppOps : at com.android.server.SystemServerInitThreadPool.lambda$submitTask$0(SystemServerInitThreadPool.java:107)
04-15 15:20:23.641 534 606 E AppOps : at com.android.server.SystemServerInitThreadPool.$r8$lambda$iar571g8isa6ZrPZMHj1USmyX48(SystemServerInitThreadPool.java:0)
04-15 15:20:23.641 534 606 E AppOps : at com.android.server.SystemServerInitThreadPool$$ExternalSyntheticLambda1.run(R8$$SyntheticClass:0)
04-15 15:20:23.641 534 606 E AppOps : at java.util.concurrent.Executors$RunnableAdapter.call(Executors.java:487)
04-15 15:20:23.641 534 606 E AppOps : at java.util.concurrent.FutureTask.run(FutureTask.java:264)
04-15 15:20:23.641 534 606 E AppOps : at java.util.concurrent.ThreadPoolExecutor.runWorker(ThreadPoolExecutor.java:1145)
04-15 15:20:23.641 534 606 E AppOps : at java.util.concurrent.ThreadPoolExecutor$Worker.run(ThreadPoolExecutor.java:644)
04-15 15:20:23.641 534 606 E AppOps : at com.android.internal.util.ConcurrentUtils$1$1.run(ConcurrentUtils.java:65)
04-15 15:20:23.658 534 606 D CompatibilityChangeReporter: Compat change id reported: 135634846; UID 1000; state: DISABLED
04-15 15:20:23.661 534 606 D CompatibilityChangeReporter: Compat change id reported: 177438394; UID 1000; state: DISABLED
04-15 15:20:23.673 534 606 D CompatibilityChangeReporter: Compat change id reported: 135772972; UID 1000; state: DISABLED
04-15 15:20:23.674 534 606 D CompatibilityChangeReporter: Compat change id reported: 178038272; UID 1000; state: DISABLED
04-15 15:20:23.685 534 606 W ActivityManager: Slow operation: 133ms so far, now at startProcess: done starting proc!
04-15 15:20:23.687 534 569 W ActivityManager: Slow operation: 93ms so far, now at startProcess: asking zygote to start proc
04-15 15:20:23.698 534 569 W ActivityManager: android inode == 0 (b/152760674)
04-15 15:20:23.700 534 606 V SystemServerTimingAsync: WebViewFactoryPreparation took to complete: 153ms
04-15 15:20:23.700 534 606 D SystemServerInitThreadPool: Finished executing WebViewFactoryPreparation
04-15 15:20:23.700 534 606 V SystemServerTimingAsync: InitThreadPoolExec:WebViewFactoryPreparation took to complete: 158ms
04-15 15:20:23.728 534 810 W NetworkPolicy: setRestrictBackgroundUL: already false
04-15 15:20:23.751 328 328 D Zygote : Forked child process 1027
04-15 15:20:23.756 534 569 W ActivityManager: Slow operation: 162ms so far, now at startProcess: returned from zygote!
04-15 15:20:23.757 534 569 W ActivityManager: Slow operation: 163ms so far, now at startProcess: done updating battery stats
04-15 15:20:23.758 534 569 W ActivityManager: Slow operation: 163ms so far, now at startProcess: building log message
04-15 15:20:23.758 534 569 I ActivityManager: Start proc 1027:WebViewLoader-x86_64/1037 [android.webkit.WebViewLibraryLoader$RelroFileCreator] for
04-15 15:20:23.758 534 569 W ActivityManager: Slow operation: 163ms so far, now at startProcess: starting to update pids map
04-15 15:20:23.759 534 569 W ActivityManager: Slow operation: 165ms so far, now at startProcess: done updating pids map
04-15 15:20:23.839 534 556 W Looper : Slow dispatch took 175ms android.fg h=android.os.Handler c= m=0
04-15 15:20:23.842 1027 1027 I WebViewLoader-x: Using CollectorTypeCC GC.
04-15 15:20:23.864 1027 1027 W WebViewLoader-x: Unexpected CPU variant for x86: x86_64.
04-15 15:20:23.864 1027 1027 W WebViewLoader-x: Known variants: atom, sandybridge, silvermont, goldmont, goldmont-plus, tremont, kabylake, default
04-15 15:20:23.878 1027 1027 E WebViewLoader-x: Not starting debugger since process cannot load the jdwp agent.
04-15 15:20:23.957 534 608 D GameManagerService: User ID '0' does not have a Game Mode selected for package: 'android'
04-15 15:20:23.958 534 608 D CompatibilityChangeReporter: Compat change id reported: 168419799; UID 1000; state: DISABLED
04-15 15:20:23.959 534 608 D CompatibilityChangeReporter: Compat change id reported: 273564678; UID 1000; state: DISABLED
04-15 15:20:23.979 904 913 I ssioncontroller: Background concurrent copying GC freed 173301(8189KB) AllocSpace objects, 21(3408KB) LOS objects, 49% free, 5760KB/11MB, paused 7.051ms,77us total 1.286s
04-15 15:20:24.007 534 608 W ActivityManager: Slow operation: 51ms so far, now at attachApplicationLocked: immediately after bindApplication
04-15 15:20:24.007 534 608 W ActivityManager: Slow operation: 52ms so far, now at attachApplicationLocked: after updateLruProcessLocked
04-15 15:20:24.009 327 327 I netd : networkSetPermissionForUser(1, [1002, 10094, 10117, 20094, 20117]) <0.13ms>
04-15 15:20:24.029 327 327 I netd : networkSetPermissionForUser(2, [1000, 1001, 1073, 2000, 10065, 10079, 10084, 10096, 10097, 10099, 10105, 10109, 20065, 20079, 20084, 20096, 20097, 20099, 20105, 20109]) <0.10ms>
04-15 15:20:24.043 534 810 W BestClock: java.time.DateTimeException: Missing network time fix
04-15 15:20:24.066 1027 1027 V WebViewLibraryLoader: RelroFileCreator (64bit = true), package: com.android.webview library: libwebviewchromium.so
04-15 15:20:24.126 534 810 D NetworkStatsObservers: Registering observer for RequestInfo from pid/uid:534/1000(android) for DataUsageRequest [ requestId=1, networkTemplate=NetworkTemplate: matchRule=MOBILE, matchSubscriberIds=[], matchWifiNetworkKeys=[], thresholdInBytes=0 ] accessLevel:3
04-15 15:20:24.132 534 810 D NetworkStatsObservers: Registering observer for RequestInfo from pid/uid:534/1000(android) for DataUsageRequest [ requestId=2, networkTemplate=NetworkTemplate: matchRule=WIFI, matchSubscriberIds=[], matchWifiNetworkKeys=[], thresholdInBytes=0 ] accessLevel:3
04-15 15:20:24.213 534 808 W BestClock: java.time.DateTimeException: Missing network time fix
04-15 15:20:24.222 534 1020 W PackageManager: Invalid dex load report. loadingPackageName=null, uid=1037
04-15 15:20:24.236 1027 1027 D nativeloader: InitLlndkLibrariesProduct: libEGL.so:libGLESv1_CM.so:libGLESv2.so:libGLESv3.so:libRS.so:libandroid_net.so:libbinder_ndk.so:libc.so:libcgrouprc.so:libclang_rt.asan-x86_64-android.so:libcom.android.tethering.connectivity_native.so:libdl.so:libft2.so:liblog.so:libm.so:libmediandk.so:libnativewindow.so:libneuralnetworks.so:libselinux.so:libsync.so:libvndksupport.so:libvulkan.so
04-15 15:20:24.237 1027 1027 D nativeloader: Configuring product-clns-6 for unbundled product apk /product/app/webview/webview.apk. target_sdk_version=34, uses_libraries=, library_path=/product/app/webview/lib/x86_64:/product/app/webview/webview.apk!/lib/x86_64:/product/lib64:/system/product/lib64, permitted_path=/data:/mnt/expand:/product/lib64:/system/product/lib64
04-15 15:20:24.255 534 821 D PermissionMonitor: Users: 1, UidToNetworkPerm: 25
04-15 15:20:24.261 1027 1027 D nativeloader: InitVndkspLibrariesProduct: android.hardware.common-V2-ndk.so:android.hardware.common.fmq-V1-ndk.so:android.hardware.graphics.allocator-V2-ndk.so:android.hardware.graphics.common-V4-ndk.so:android.hardware.graphics.common@1.0.so:android.hardware.graphics.common@1.1.so:android.hardware.graphics.common@1.2.so:android.hardware.graphics.composer3-V1-ndk.so:android.hardware.graphics.mapper@2.0.so:android.hardware.graphics.mapper@2.1.so:android.hardware.graphics.mapper@3.0.so:android.hardware.graphics.mapper@4.0.so:android.hardware.renderscript@1.0.so:android.hidl.memory.token@1.0.so:android.hidl.memory@1.0-impl.so:android.hidl.memory@1.0.so:android.hidl.safe_union@1.0.so:libRSCpuRef.so:libRSDriver.so:libRS_internal.so:libbase.so:libbcinfo.so:libblas.so:libc++.so:libcompiler_rt.so:libcutils.so:libdmabufheap.so:libgralloctypes.so:libhardware.so:libhidlbase.so:libhidlmemory.so:libion.so:libjsoncpp.so:liblzma.so:libprocessgroup.so:libunwindstack.so:libutils.so:libutilscallstack.so:libz.so
04-15 15:20:24.269 327 327 I netd : tetherGetStats() -> {[]} <8.66ms>
04-15 15:20:24.273 534 534 V SystemServerTiming: MakeConnectivityServiceReady took to complete: 693ms
04-15 15:20:24.273 534 534 D SystemServerTiming: MakeVpnManagerServiceReady
04-15 15:20:24.292 534 821 D ConnectivityService: NetReassign [no changes] [c 1] [a 0] [i 0]
04-15 15:20:24.294 534 821 D ConnectivityService: NetReassign [no changes] [c 0] [a 0] [i 0]
04-15 15:20:24.299 534 808 W BestClock: java.time.DateTimeException: Missing network time fix
04-15 15:20:24.332 534 808 W BestClock: java.time.DateTimeException: Missing network time fix
04-15 15:20:24.361 327 327 I netd : tetherGetStats() -> {[]} <7.11ms>
04-15 15:20:24.386 534 808 W BestClock: java.time.DateTimeException: Missing network time fix
04-15 15:20:24.433 534 808 W BroadcastLoopers: Found previously unknown looper Thread[NetworkStats,5,main]
04-15 15:20:24.449 534 534 V SystemServerTiming: MakeVpnManagerServiceReady took to complete: 175ms
04-15 15:20:24.450 534 534 D SystemServerTiming: MakeVcnManagementServiceReady
04-15 15:20:24.468 534 821 D ConnectivityService: Got NetworkProvider Messenger for VcnNetworkProvider
