04-15 15:20:07.098 534 534 V SystemServerTiming: OnBootPhase_480_com.android.server.scheduling.RebootReadinessManagerService$Lifecycle took to complete: 0ms
04-15 15:20:07.098 534 534 D SystemServerTiming: OnBootPhase_480_com.android.server.stats.pull.StatsPullAtomService
04-15 15:20:07.098 534 534 V SystemServerTiming: OnBootPhase_480_com.android.server.stats.pull.StatsPullAtomService took to complete: 0ms
04-15 15:20:07.099 534 534 D SystemServerTiming: OnBootPhase_480_com.android.server.stats.bootstrap.StatsBootstrapAtomService$Lifecycle
04-15 15:20:07.099 534 534 V SystemServerTiming: OnBootPhase_480_com.android.server.stats.bootstrap.StatsBootstrapAtomService$Lifecycle took to complete: 0ms
04-15 15:20:07.099 534 534 D SystemServerTiming: OnBootPhase_480_com.android.server.incident.IncidentCompanionService
04-15 15:20:07.099 534 534 V SystemServerTiming: OnBootPhase_480_com.android.server.incident.IncidentCompanionService took to complete: 0ms
04-15 15:20:07.099 534 534 D SystemServerTiming: OnBootPhase_480_com.android.server.sdksandbox.SdkSandboxManagerService$Lifecycle
04-15 15:20:07.100 534 534 V SystemServerTiming: OnBootPhase_480_com.android.server.sdksandbox.SdkSandboxManagerService$Lifecycle took to complete: 0ms
04-15 15:20:07.100 534 534 D SystemServerTiming: OnBootPhase_480_com.android.server.adservices.AdServicesManagerService$Lifecycle
04-15 15:20:07.100 534 534 V SystemServerTiming: OnBootPhase_480_com.android.server.adservices.AdServicesManagerService$Lifecycle took to complete: 0ms
04-15 15:20:07.100 534 534 D SystemServerTiming: OnBootPhase_480_com.android.server.ondevicepersonalization.OnDevicePersonalizationSystemService$Lifecycle
04-15 15:20:07.100 534 534 V SystemServerTiming: OnBootPhase_480_com.android.server.ondevicepersonalization.OnDevicePersonalizationSystemService$Lifecycle took to complete: 0ms
04-15 15:20:07.100 534 534 D SystemServerTiming: OnBootPhase_480_com.android.server.MmsServiceBroker
04-15 15:20:07.101 534 534 V SystemServerTiming: OnBootPhase_480_com.android.server.MmsServiceBroker took to complete: 0ms
04-15 15:20:07.101 534 534 D SystemServerTiming: OnBootPhase_480_com.android.server.autofill.AutofillManagerService
04-15 15:20:07.101 534 534 V SystemServerTiming: OnBootPhase_480_com.android.server.autofill.AutofillManagerService took to complete: 0ms
04-15 15:20:07.101 534 534 D SystemServerTiming: OnBootPhase_480_com.android.server.credentials.CredentialManagerService
04-15 15:20:07.101 534 534 V SystemServerTiming: OnBootPhase_480_com.android.server.credentials.CredentialManagerService took to complete: 0ms
04-15 15:20:07.101 534 534 D SystemServerTiming: OnBootPhase_480_com.android.server.selectiontoolbar.SelectionToolbarManagerService
04-15 15:20:07.101 534 534 V SystemServerTiming: OnBootPhase_480_com.android.server.selectiontoolbar.SelectionToolbarManagerService took to complete: 0ms
04-15 15:20:07.101 534 534 D SystemServerTiming: OnBootPhase_480_com.android.server.clipboard.ClipboardService
04-15 15:20:07.101 534 534 V SystemServerTiming: OnBootPhase_480_com.android.server.clipboard.ClipboardService took to complete: 0ms
04-15 15:20:07.101 534 534 D SystemServerTiming: OnBootPhase_480_com.android.server.appbinding.AppBindingService$Lifecycle
04-15 15:20:07.101 534 534 V SystemServerTiming: OnBootPhase_480_com.android.server.appbinding.AppBindingService$Lifecycle took to complete: 0ms
04-15 15:20:07.101 534 534 D SystemServerTiming: OnBootPhase_480_com.android.server.tracing.TracingServiceProxy
04-15 15:20:07.101 534 534 V SystemServerTiming: OnBootPhase_480_com.android.server.tracing.TracingServiceProxy took to complete: 0ms
04-15 15:20:07.102 534 534 V SystemServerTiming: OnBootPhase_480 took to complete: 124ms
04-15 15:20:07.102 534 534 V SystemServerTiming: StartBootPhaseLockSettingsReady took to complete: 125ms
04-15 15:20:07.102 534 534 D SystemServerTiming: StartBootPhaseSystemServicesReady
04-15 15:20:07.103 534 534 I SystemServiceManager: Starting phase 500
04-15 15:20:07.103 534 534 D SystemServerTiming: OnBootPhase_500
04-15 15:20:07.103 534 534 D SystemServerTiming: OnBootPhase_500_com.android.server.security.FileIntegrityService
04-15 15:20:07.103 534 534 V SystemServerTiming: OnBootPhase_500_com.android.server.security.FileIntegrityService took to complete: 0ms
04-15 15:20:07.103 534 534 D SystemServerTiming: OnBootPhase_500_com.android.server.pm.Installer
04-15 15:20:07.103 534 534 V SystemServerTiming: OnBootPhase_500_com.android.server.pm.Installer took to complete: 0ms
04-15 15:20:07.103 534 534 D SystemServerTiming: OnBootPhase_500_com.android.server.os.DeviceIdentifiersPolicyService
04-15 15:20:07.103 534 534 V SystemServerTiming: OnBootPhase_500_com.android.server.os.DeviceIdentifiersPolicyService took to complete: 0ms
04-15 15:20:07.103 534 534 D SystemServerTiming: OnBootPhase_500_com.android.server.uri.UriGrantsManagerService$Lifecycle
04-15 15:20:07.105 534 534 V SystemServerTiming: OnBootPhase_500_com.android.server.uri.UriGrantsManagerService$Lifecycle took to complete: 2ms
04-15 15:20:07.105 534 534 D SystemServerTiming: OnBootPhase_500_com.android.server.powerstats.PowerStatsService
04-15 15:20:07.129 534 534 V SystemServerTiming: OnBootPhase_500_com.android.server.powerstats.PowerStatsService took to complete: 23ms
04-15 15:20:07.129 534 534 D SystemServerTiming: OnBootPhase_500_com.android.server.permission.access.AccessCheckingService
04-15 15:20:07.129 534 534 V SystemServerTiming: OnBootPhase_500_com.android.server.permission.access.AccessCheckingService took to complete: 0ms
04-15 15:20:07.129 534 534 D SystemServerTiming: OnBootPhase_500_com.android.server.wm.ActivityTaskManagerService$Lifecycle
04-15 15:20:07.129 534 534 V SystemServerTiming: OnBootPhase_500_com.android.server.wm.ActivityTaskManagerService$Lifecycle took to complete: 0ms
04-15 15:20:07.129 534 534 D SystemServerTiming: OnBootPhase_500_com.android.server.am.ActivityManagerService$Lifecycle
04-15 15:20:07.131 534 534 W BatteryStatsImpl: Unexpected per uid modem model name ()
04-15 15:20:07.152 534 534 D ConnectivityService: requestNetwork for uid/pid:1000/534 activeRequest: null callbackRequest: 6 [NetworkRequest [ REQUEST id=7, [ Capabilities: INTERNET&NOT_RESTRICTED&TRUSTED&NOT_VCN_MANAGED Uid: 1000 RequestorUid: 1000 RequestorPkg: android UnderlyingNetworks: Null] ]] callback flags: 0 order: 2147483647
04-15 15:20:07.154 534 821 D ConnectivityService: NetReassign [no changes] [c 0] [a 0] [i 0]
04-15 15:20:07.165 534 534 V SystemServerTiming: OnBootPhase_500_com.android.server.am.ActivityManagerService$Lifecycle took to complete: 36ms
04-15 15:20:07.166 534 534 D SystemServerTiming: OnBootPhase_500_com.android.server.pm.DataLoaderManagerService
04-15 15:20:07.166 534 534 V SystemServerTiming: OnBootPhase_500_com.android.server.pm.DataLoaderManagerService took to complete: 0ms
04-15 15:20:07.166 534 534 D SystemServerTiming: OnBootPhase_500_com.android.server.power.PowerManagerService
04-15 15:20:07.174 534 534 I AttentionDetector: readValuesFromDeviceConfig():
04-15 15:20:07.174 534 534 I AttentionDetector: mMaximumExtensionMillis=900000
04-15 15:20:07.174 534 534 I AttentionDetector: mPreDimCheckDurationMillis=2000
04-15 15:20:07.174 534 534 I AttentionDetector: mRequestedPostDimTimeoutMillis=0
04-15 15:20:07.196 534 534 W BrightnessThrottler: DeviceConfig ThermalBrightnessThrottlingData is null
04-15 15:20:07.201 534 534 E DisplayPowerController2[0]: failed to set up display white-balance: java.lang.IllegalStateException: cannot find sensor com.google.sensor.color
04-15 15:20:07.201 534 534 W DisplayPowerController2[0]: Screen brightness nits configuration is unavailable; falling back
04-15 15:20:07.213 377 377 I android.hardware.power-service.example: Power isBoostSupported: 0
04-15 15:20:07.288 534 585 W KeyguardServiceDelegate: onScreenTurningOn(): no keyguard service!
04-15 15:20:07.289 534 585 I DisplayBrightnessStrategySelector: Changing the DisplayBrightnessStrategy from InvalidBrightnessStrategy toOverrideBrightnessStrategy for display 0
04-15 15:20:07.307 534 585 V DisplayPowerController2[0]: Brightness [0.39763778] reason changing to: 'override', previous reason: '0'.
04-15 15:20:07.309 534 585 I DisplayPowerController2[0]: BrightnessEvent: disp=0, physDisp=local:4619827259835644672, brt=0.39763778, initBrt=NaN, rcmdBrt=NaN, preBrt=NaN, lux=0.0, preLux=0.0, hbmMax=1.0, hbmMode=off, rbcStrength=0, thrmMax=1.0, powerFactor=1.0, wasShortTermModelActive=false, flags=, reason=override, autoBrightness=false, strategy=OverrideBrightnessStrategy
04-15 15:20:07.333 377 377 I android.hardware.power-service.example: Power isModeSupported: 9
04-15 15:20:07.347 534 560 I DisplayDeviceRepository: Display device changed state: "Built-in Screen", ON
04-15 15:20:07.359 392 392 D SurfaceFlinger: Setting power mode 2 on display 4619827259835644672
04-15 15:20:07.371 534 534 I FaceDownDetector: readValuesFromDeviceConfig():
04-15 15:20:07.371 534 534 I FaceDownDetector: mAccelerationThreshold=0.2
04-15 15:20:07.371 534 534 I FaceDownDetector: mZAccelerationThreshold=-9.5
04-15 15:20:07.371 534 534 I FaceDownDetector: mTimeThreshold=PT1S
04-15 15:20:07.371 534 534 I FaceDownDetector: mIsEnabled=true
04-15 15:20:07.379 534 560 I InputManager-JNI: Viewport [0] to add: local:4619827259835644672, isActive: true
04-15 15:20:07.394 534 645 I InputReader: Reconfiguring input devices, changes=DISPLAY_INFO
04-15 15:20:07.397 534 645 I InputReader: Touch device 'virtio_input_multi_touch_11' could not query the properties of its associated display. The device will be inoperable until the display size becomes available.
04-15 15:20:07.397 534 645 I InputReader: Touch device 'virtio_input_multi_touch_10' could not query the properties of its associated display. The device will be inoperable until the display size becomes available.
04-15 15:20:07.397 534 645 I InputReader: Touch device 'virtio_input_multi_touch_9' could not query the properties of its associated display. The device will be inoperable until the display size becomes available.
04-15 15:20:07.397 534 645 I InputReader: Touch device 'virtio_input_multi_touch_7' could not query the properties of its associated display. The device will be inoperable until the display size becomes available.
04-15 15:20:07.398 534 645 I InputReader: Touch device 'virtio_input_multi_touch_6' could not query the properties of its associated display. The device will be inoperable until the display size becomes available.
04-15 15:20:07.398 534 645 I InputReader: Touch device 'virtio_input_multi_touch_5' could not query the properties of its associated display. The device will be inoperable until the display size becomes available.
04-15 15:20:07.398 534 645 I InputReader: Touch device 'virtio_input_multi_touch_4' could not query the properties of its associated display. The device will be inoperable until the display size becomes available.
04-15 15:20:07.398 534 645 I InputReader: Touch device 'virtio_input_multi_touch_3' could not query the properties of its associated display. The device will be inoperable until the display size becomes available.
04-15 15:20:07.398 534 645 I InputReader: Device reconfigured: id=4, name='virtio_input_multi_touch_1', size 1080x2400, orientation 0, mode 1, display id 0
04-15 15:20:07.405 534 645 I InputReader: Touch device 'virtio_input_multi_touch_2' could not query the properties of its associated display. The device will be inoperable until the display size becomes available.
04-15 15:20:07.405 534 645 I InputReader: Touch device 'virtio_input_multi_touch_8' could not query the properties of its associated display. The device will be inoperable until the display size becomes available.
04-15 15:20:07.415 534 560 I DisplayDeviceRepository: Display device changed state: "Built-in Screen", ON
04-15 15:20:07.471 534 534 I ScreenUndimDetector: readValuesFromDeviceConfig():
04-15 15:20:07.471 534 534 I ScreenUndimDetector: mKeepScreenOnForMillis=600000
04-15 15:20:07.471 534 534 I ScreenUndimDetector: mKeepScreenOnNotificationEnabled=true
04-15 15:20:07.471 534 534 I ScreenUndimDetector: mUndimsRequired=2
04-15 15:20:07.493 534 534 W SystemServiceManager: Service com.android.server.power.PowerManagerService took 327 ms in onBootPhase
04-15 15:20:07.493 534 534 V SystemServerTiming: OnBootPhase_500_com.android.server.power.PowerManagerService took to complete: 327ms
04-15 15:20:07.493 534 534 D SystemServerTiming: OnBootPhase_500_com.android.server.power.ThermalManagerService
04-15 15:20:07.493 534 534 V SystemServerTiming: OnBootPhase_500_com.android.server.power.ThermalManagerService took to complete: 0ms
04-15 15:20:07.493 534 534 D SystemServerTiming: OnBootPhase_500_com.android.server.power.hint.HintManagerService
04-15 15:20:07.494 534 534 V HintManagerService: Initializing HintManager service...
04-15 15:20:07.494 534 534 V HistoricalRegistry: Interaction before persistence initialized
04-15 15:20:07.494 534 534 V SystemServerTiming: OnBootPhase_500_com.android.server.power.hint.HintManagerService took to complete: 1ms
04-15 15:20:07.494 534 534 D SystemServerTiming: OnBootPhase_500_com.android.server.recoverysystem.RecoverySystemService$Lifecycle
04-15 15:20:07.495 534 534 V SystemServerTiming: OnBootPhase_500_com.android.server.recoverysystem.RecoverySystemService$Lifecycle took to complete: 0ms
04-15 15:20:07.495 534 534 D SystemServerTiming: OnBootPhase_500_com.android.server.lights.LightsService
04-15 15:20:07.495 534 534 V SystemServerTiming: OnBootPhase_500_com.android.server.lights.LightsService took to complete: 0ms
04-15 15:20:07.495 534 534 D SystemServerTiming: OnBootPhase_500_com.android.server.display.DisplayManagerService
04-15 15:20:07.495 534 534 V SystemServerTiming: OnBootPhase_500_com.android.server.display.DisplayManagerService took to complete: 0ms
04-15 15:20:07.495 534 534 D SystemServerTiming: OnBootPhase_500_com.android.server.pm.verify.domain.DomainVerificationService
04-15 15:20:07.495 534 534 V SystemServerTiming: OnBootPhase_500_com.android.server.pm.verify.domain.DomainVerificationService took to complete: 0ms
04-15 15:20:07.495 534 534 D SystemServerTiming: OnBootPhase_500_com.android.server.pm.PackageInstallerService$Lifecycle
04-15 15:20:07.495 534 534 V SystemServerTiming: OnBootPhase_500_com.android.server.pm.PackageInstallerService$Lifecycle took to complete: 0ms
04-15 15:20:07.495 534 534 D SystemServerTiming: OnBootPhase_500_com.android.server.pm.UserManagerService$LifeCycle
04-15 15:20:07.495 534 534 V SystemServerTiming: OnBootPhase_500_com.android.server.pm.UserManagerService$LifeCycle took to complete: 0ms
04-15 15:20:07.496 534 534 D SystemServerTiming: OnBootPhase_500_com.android.server.om.OverlayManagerService
04-15 15:20:07.500 534 534 V SystemServerTiming: OnBootPhase_500_com.android.server.om.OverlayManagerService took to complete: 0ms
04-15 15:20:07.500 534 534 D SystemServerTiming: OnBootPhase_500_com.android.server.resources.ResourcesManagerService
04-15 15:20:07.500 534 534 V SystemServerTiming: OnBootPhase_500_com.android.server.resources.ResourcesManagerService took to complete: 0ms
04-15 15:20:07.500 534 534 D SystemServerTiming: OnBootPhase_500_com.android.server.sensorprivacy.SensorPrivacyService
04-15 15:20:07.507 534 534 V SystemServerTiming: OnBootPhase_500_com.android.server.sensorprivacy.SensorPrivacyService took to complete: 7ms
04-15 15:20:07.508 534 534 D SystemServerTiming: OnBootPhase_500_com.android.server.sensors.SensorService
04-15 15:20:07.508 534 534 V SystemServerTiming: OnBootPhase_500_com.android.server.sensors.SensorService took to complete: 0ms
04-15 15:20:07.508 534 534 D SystemServerTiming: OnBootPhase_500_com.android.server.SystemConfigService
04-15 15:20:07.508 534 534 V SystemServerTiming: OnBootPhase_500_com.android.server.SystemConfigService took to complete: 0ms
04-15 15:20:07.508 534 534 D SystemServerTiming: OnBootPhase_500_com.android.server.BatteryService
04-15 15:20:07.508 534 534 V SystemServerTiming: OnBootPhase_500_com.android.server.BatteryService took to complete: 0ms
04-15 15:20:07.509 534 534 D SystemServerTiming: OnBootPhase_500_com.android.server.usage.UsageStatsService
04-15 15:20:07.511 534 534 D AppStandbyController: Setting app idle enabled state
04-15 15:20:07.529 534 567 E AppWidgetManager: Nofity service of inheritance info
04-15 15:20:07.529 534 567 E AppWidgetManager: java.lang.IllegalStateException: User 0 must be unlocked for widgets to be available
04-15 15:20:07.529 534 567 E AppWidgetManager: at com.android.server.appwidget.AppWidgetServiceImpl.ensureGroupStateLoadedLocked(AppWidgetServiceImpl.java:650)
04-15 15:20:07.529 534 567 E AppWidgetManager: at com.android.server.appwidget.AppWidgetServiceImpl.ensureGroupStateLoadedLocked(AppWidgetServiceImpl.java:644)
04-15 15:20:07.529 534 567 E AppWidgetManager: at com.android.server.appwidget.AppWidgetServiceImpl.getInstalledProvidersForProfile(AppWidgetServiceImpl.java:1708)
04-15 15:20:07.529 534 567 E AppWidgetManager: at android.appwidget.AppWidgetManager.getInstalledProvidersForProfile(AppWidgetManager.java:923)
04-15 15:20:07.529 534 567 E AppWidgetManager: at android.appwidget.AppWidgetManager.getInstalledProvidersForPackage(AppWidgetManager.java:857)
04-15 15:20:07.529 534 567 E AppWidgetManager: at android.appwidget.AppWidgetManager.lambda$new$3(AppWidgetManager.java:536)
04-15 15:20:07.529 534 567 E AppWidgetManager: at android.appwidget.AppWidgetManager.$r8$lambda$MnZCUjy90wcD58stsygv3SVPbu4(Unknown Source:0)
04-15 15:20:07.529 534 567 E AppWidgetManager: at android.appwidget.AppWidgetManager$$ExternalSyntheticLambda4.run(Unknown Source:2)
04-15 15:20:07.529 534 567 E AppWidgetManager: at android.os.Handler.handleCallback(Handler.java:958)
04-15 15:20:07.529 534 567 E AppWidgetManager: at android.os.Handler.dispatchMessage(Handler.java:99)
04-15 15:20:07.529 534 567 E AppWidgetManager: at android.os.Looper.loopOnce(Looper.java:205)
04-15 15:20:07.529 534 567 E AppWidgetManager: at android.os.Looper.loop(Looper.java:294)
04-15 15:20:07.529 534 567 E AppWidgetManager: at android.os.HandlerThread.run(HandlerThread.java:67)
04-15 15:20:07.531 534 534 D AppStandbyController: Initializing defaults for system apps on user 0, appIdleEnabled=false
04-15 15:20:07.547 534 534 E AppIdleHistory: Unable to read app idle file for user 0
04-15 15:20:07.547 534 534 E AppIdleHistory: java.io.FileNotFoundException: /data/system/users/0/app_idle_stats.xml: open failed: ENOENT (No such file or directory)
04-15 15:20:07.547 534 534 E AppIdleHistory: at libcore.io.IoBridge.open(IoBridge.java:574)
04-15 15:20:07.547 534 534 E AppIdleHistory: at java.io.FileInputStream.(FileInputStream.java:160)
04-15 15:20:07.547 534 534 E AppIdleHistory: at android.util.AtomicFile.openRead(AtomicFile.java:260)
04-15 15:20:07.547 534 534 E AppIdleHistory: at com.android.server.usage.AppIdleHistory.readAppIdleTimes(AppIdleHistory.java:715)
04-15 15:20:07.547 534 534 E AppIdleHistory: at com.android.server.usage.AppIdleHistory.getUserHistory(AppIdleHistory.java:384)
04-15 15:20:07.547 534 534 E AppIdleHistory: at com.android.server.usage.AppIdleHistory.reportUsage(AppIdleHistory.java:372)
04-15 15:20:07.547 534 534 E AppIdleHistory: at com.android.server.usage.AppStandbyController.initializeDefaultsForSystemApps(AppStandbyController.java:2335)
04-15 15:20:07.547 534 534 E AppIdleHistory: at com.android.server.usage.AppStandbyController.onBootPhase(AppStandbyController.java:701)
04-15 15:20:07.547 534 534 E AppIdleHistory: at com.android.server.usage.UsageStatsService.onBootPhase(UsageStatsService.java:368)
04-15 15:20:07.547 534 534 E AppIdleHistory: at com.android.server.SystemServiceManager.startBootPhase(SystemServiceManager.java:291)
04-15 15:20:07.547 534 534 E AppIdleHistory: at com.android.server.SystemServer.startOtherServices(SystemServer.java:2747)
04-15 15:20:07.547 534 534 E AppIdleHistory: at com.android.server.SystemServer.run(SystemServer.java:942)
04-15 15:20:07.547 534 534 E AppIdleHistory: at com.android.server.SystemServer.main(SystemServer.java:664)
04-15 15:20:07.547 534 534 E AppIdleHistory: at java.lang.reflect.Method.invoke(Native Method)
04-15 15:20:07.547 534 534 E AppIdleHistory: at com.android.internal.os.RuntimeInit$MethodAndArgsCaller.run(RuntimeInit.java:552)
04-15 15:20:07.547 534 534 E AppIdleHistory: at com.android.internal.os.ZygoteInit.main(ZygoteInit.java:949)
04-15 15:20:07.547 534 534 E AppIdleHistory: Caused by: android.system.ErrnoException: open failed: ENOENT (No such file or directory)
04-15 15:20:07.547 534 534 E AppIdleHistory: at libcore.io.Linux.open(Native Method)
04-15 15:20:07.547 534 534 E AppIdleHistory: at libcore.io.ForwardingOs.open(ForwardingOs.java:563)
04-15 15:20:07.547 534 534 E AppIdleHistory: at libcore.io.BlockGuardOs.open(BlockGuardOs.java:274)
04-15 15:20:07.547 534 534 E AppIdleHistory: at libcore.io.IoBridge.open(IoBridge.java:560)
04-15 15:20:07.547 534 534 E AppIdleHistory: ... 15 more
04-15 15:20:07.611 534 534 V HistoricalRegistry: Interaction before persistence initialized
04-15 15:20:07.612 534 534 W SystemServiceManager: Service com.android.server.usage.UsageStatsService took 104 ms in onBootPhase
04-15 15:20:07.614 857 857 I AidlLazyServiceRegistrar: Process has 1 (of 1 available) client(s) in use after notification android.hardware.biometrics.fingerprint.IFingerprint/default has clients: 1
04-15 15:20:07.615 534 534 V SystemServerTiming: OnBootPhase_500_com.android.server.usage.UsageStatsService took to complete: 106ms
04-15 15:20:07.615 534 534 D SystemServerTiming: OnBootPhase_500_com.android.server.webkit.WebViewUpdateService
04-15 15:20:07.615 534 534 V SystemServerTiming: OnBootPhase_500_com.android.server.webkit.WebViewUpdateService took to complete: 0ms
04-15 15:20:07.615 534 534 D SystemServerTiming: OnBootPhase_500_com.android.server.CachedDeviceStateService
04-15 15:20:07.622 0 0 I servicemanager: Notifying android.hardware.biometrics.fingerprint.IFingerprint/default they do (previously: don't) have clients when we now have a record of a client
04-15 15:20:07.618 534 534 V SystemServerTiming: OnBootPhase_500_com.android.server.CachedDeviceStateService took to complete: 2ms
04-15 15:20:07.618 534 534 D SystemServerTiming: OnBootPhase_500_com.android.server.BinderCallsStatsService$LifeCycle
04-15 15:20:07.625 534 534 V SystemServerTiming: OnBootPhase_500_com.android.server.BinderCallsStatsService$LifeCycle took to complete: 8ms
04-15 15:20:07.625 534 534 D SystemServerTiming: OnBootPhase_500_com.android.server.LooperStatsService$Lifecycle
04-15 15:20:07.626 534 534 V SystemServerTiming: OnBootPhase_500_com.android.server.LooperStatsService$Lifecycle took to complete: 0ms
04-15 15:20:07.626 534 534 D SystemServerTiming: OnBootPhase_500_com.android.server.rollback.RollbackManagerService
04-15 15:20:07.626 534 534 V SystemServerTiming: OnBootPhase_500_com.android.server.rollback.RollbackManagerService took to complete: 0ms
04-15 15:20:07.626 534 534 D SystemServerTiming: OnBootPhase_500_com.android.server.os.NativeTombstoneManagerService
04-15 15:20:07.626 534 534 V SystemServerTiming: OnBootPhase_500_com.android.server.os.NativeTombstoneManagerService took to complete: 0ms
04-15 15:20:07.626 534 534 D SystemServerTiming: OnBootPhase_500_com.android.server.os.BugreportManagerService
04-15 15:20:07.626 534 534 V SystemServerTiming: OnBootPhase_500_com.android.server.os.BugreportManagerService took to complete: 0ms
04-15 15:20:07.626 534 534 D SystemServerTiming: OnBootPhase_500_com.android.server.gpu.GpuService
04-15 15:20:07.626 534 534 V SystemServerTiming: OnBootPhase_500_com.android.server.gpu.GpuService took to complete: 0ms
04-15 15:20:07.627 534 534 D SystemServerTiming: OnBootPhase_500_com.android.server.security.rkp.RemoteProvisioningService
04-15 15:20:07.627 534 534 V SystemServerTiming: OnBootPhase_500_com.android.server.security.rkp.RemoteProvisioningService took to complete: 0ms
04-15 15:20:07.627 534 534 D SystemServerTiming: OnBootPhase_500_com.android.server.cpu.CpuMonitorService
04-15 15:20:07.627 534 534 V SystemServerTiming: OnBootPhase_500_com.android.server.cpu.CpuMonitorService took to complete: 0ms
04-15 15:20:07.627 534 534 D SystemServerTiming: OnBootPhase_500_com.android.server.security.KeyChainSystemService
04-15 15:20:07.627 534 534 V SystemServerTiming: OnBootPhase_500_com.android.server.security.KeyChainSystemService took to complete: 0ms
04-15 15:20:07.627 534 534 D SystemServerTiming: OnBootPhase_500_com.android.server.BinaryTransparencyService
04-15 15:20:07.627 534 534 V SystemServerTiming: OnBootPhase_500_com.android.server.BinaryTransparencyService took to complete: 0ms
04-15 15:20:07.627 534 534 D SystemServerTiming: OnBootPhase_500_com.android.server.telecom.TelecomLoaderService
04-15 15:20:07.627 534 534 V SystemServerTiming: OnBootPhase_500_com.android.server.telecom.TelecomLoaderService took to complete: 0ms
04-15 15:20:07.627 534 534 D SystemServerTiming: OnBootPhase_500_com.android.server.accounts.AccountManagerService$Lifecycle
04-15 15:20:07.627 534 534 V SystemServerTiming: OnBootPhase_500_com.android.server.accounts.AccountManagerService$Lifecycle took to complete: 0ms
04-15 15:20:07.627 534 534 D SystemServerTiming: OnBootPhase_500_com.android.server.content.ContentService$Lifecycle
04-15 15:20:07.629 534 534 V SystemServerTiming: OnBootPhase_500_com.android.server.content.ContentService$Lifecycle took to complete: 0ms
04-15 15:20:07.629 534 534 D SystemServerTiming: OnBootPhase_500_com.android.server.deviceconfig.DeviceConfigInit$Lifecycle
04-15 15:20:07.629 534 534 V SystemServerTiming: OnBootPhase_500_com.android.server.deviceconfig.DeviceConfigInit$Lifecycle took to complete: 0ms
04-15 15:20:07.629 534 534 D SystemServerTiming: OnBootPhase_500_com.android.server.DropBoxManagerService
04-15 15:20:07.631 534 534 V SystemServerTiming: OnBootPhase_500_com.android.server.DropBoxManagerService took to complete: 1ms
04-15 15:20:07.631 534 534 D SystemServerTiming: OnBootPhase_500_com.android.role.RoleService
04-15 15:20:07.631 534 534 V SystemServerTiming: OnBootPhase_500_com.android.role.RoleService took to complete: 0ms
04-15 15:20:07.631 534 534 D SystemServerTiming: OnBootPhase_500_com.android.server.vibrator.VibratorManagerService$Lifecycle
04-15 15:20:07.631 534 534 V VibratorManagerService: Initializing VibratorManager service...
04-15 15:20:07.631 534 534 V HistoricalRegistry: Interaction before persistence initialized
04-15 15:20:07.642 534 534 V VibratorManagerService: VibratorManager service initialized
04-15 15:20:07.642 534 534 V SystemServerTiming: OnBootPhase_500_com.android.server.vibrator.VibratorManagerService$Lifecycle took to complete: 11ms
04-15 15:20:07.642 534 534 D SystemServerTiming: OnBootPhase_500_com.android.server.tare.InternalResourceService
04-15 15:20:07.648 534 534 V SystemServerTiming: OnBootPhase_500_com.android.server.tare.InternalResourceService took to complete: 6ms
04-15 15:20:07.648 534 534 D SystemServerTiming: OnBootPhase_500_com.android.server.alarm.AlarmManagerService
04-15 15:20:07.662 534 534 V SystemServerTiming: OnBootPhase_500_com.android.server.alarm.AlarmManagerService took to complete: 14ms
04-15 15:20:07.663 534 534 D SystemServerTiming: OnBootPhase_500_com.android.server.devicestate.DeviceStateManagerService
04-15 15:20:07.663 534 534 V SystemServerTiming: OnBootPhase_500_com.android.server.devicestate.DeviceStateManagerService took to complete: 0ms
04-15 15:20:07.663 534 534 D SystemServerTiming: OnBootPhase_500_com.android.server.camera.CameraServiceProxy
04-15 15:20:07.663 534 534 V SystemServerTiming: OnBootPhase_500_com.android.server.camera.CameraServiceProxy took to complete: 0ms
04-15 15:20:07.664 534 534 D SystemServerTiming: OnBootPhase_500_com.android.server.bluetooth.BluetoothService
04-15 15:20:07.666 534 534 V SystemServerTiming: OnBootPhase_500_com.android.server.bluetooth.BluetoothService took to complete: 1ms
04-15 15:20:07.666 534 534 D SystemServerTiming: OnBootPhase_500_com.android.server.connectivity.IpConnectivityMetrics
04-15 15:20:07.671 534 534 V SystemServerTiming: OnBootPhase_500_com.android.server.connectivity.IpConnectivityMetrics took to complete: 4ms
04-15 15:20:07.671 534 534 D SystemServerTiming: OnBootPhase_500_com.android.server.net.watchlist.NetworkWatchlistService$Lifecycle
04-15 15:20:07.671 534 534 V SystemServerTiming: OnBootPhase_500_com.android.server.net.watchlist.NetworkWatchlistService$Lifecycle took to complete: 0ms
04-15 15:20:07.671 534 534 D SystemServerTiming: OnBootPhase_500_com.android.server.PinnerService
04-15 15:20:07.673 534 821 D ConnectivityService: NetReassign [no changes] [c 0] [a 0] [i 0]
04-15 15:20:07.674 534 534 V SystemServerTiming: OnBootPhase_500_com.android.server.PinnerService took to complete: 3ms
04-15 15:20:07.674 534 534 D SystemServerTiming: OnBootPhase_500_com.android.server.integrity.AppIntegrityManagerService
04-15 15:20:07.675 534 534 V SystemServerTiming: OnBootPhase_500_com.android.server.integrity.AppIntegrityManagerService took to complete: 0ms
04-15 15:20:07.676 534 534 D SystemServerTiming: OnBootPhase_500_com.android.server.logcat.LogcatManagerService
04-15 15:20:07.676 534 534 V SystemServerTiming: OnBootPhase_500_com.android.server.logcat.LogcatManagerService took to complete: 0ms
04-15 15:20:07.676 534 534 D SystemServerTiming: OnBootPhase_500_com.android.server.inputmethod.InputMethodManagerService$Lifecycle
04-15 15:20:07.676 534 534 V SystemServerTiming: OnBootPhase_500_com.android.server.inputmethod.InputMethodManagerService$Lifecycle took to complete: 0ms
04-15 15:20:07.676 534 534 D SystemServerTiming: OnBootPhase_500_com.android.server.accessibility.AccessibilityManagerService$Lifecycle
04-15 15:20:07.676 534 534 V SystemServerTiming: OnBootPhase_500_com.android.server.accessibility.AccessibilityManagerService$Lifecycle took to complete: 0ms
04-15 15:20:07.677 534 534 D SystemServerTiming: OnBootPhase_500_com.android.server.StorageManagerService$Lifecycle
04-15 15:20:07.678 534 534 V SystemServerTiming: OnBootPhase_500_com.android.server.StorageManagerService$Lifecycle took to complete: 2ms
04-15 15:20:07.678 534 534 D SystemServerTiming: OnBootPhase_500_com.android.server.usage.StorageStatsService$Lifecycle
04-15 15:20:07.678 534 534 V SystemServerTiming: OnBootPhase_500_com.android.server.usage.StorageStatsService$Lifecycle took to complete: 0ms
04-15 15:20:07.679 534 534 D SystemServerTiming: OnBootPhase_500_com.android.server.UiModeManagerService
04-15 15:20:07.686 534 534 I ActivityTaskManager: Config changes=200 {1.0 ?mcc0mnc [en_US] ldltr sw411dp w411dp h914dp 420dpi nrml long port finger qwerty/v/v -nav/h winConfig={ mBounds=Rect(0, 0 - 1080, 2400) mAppBounds=Rect(0, 0 - 1080, 2400) mMaxBounds=Rect(0, 0 - 1080, 2400) mDisplayRotation=ROTATION_0 mWindowingMode=fullscreen mDisplayWindowingMode=fullscreen mActivityType=undefined mAlwaysOnTop=undefined mRotation=ROTATION_0} s.6 ?fontWeightAdjustment}
04-15 15:20:07.694 534 534 I WindowManager: Override config changes=200 {1.0 ?mcc0mnc [en_US] ldltr sw411dp w411dp h914dp 420dpi nrml long port finger qwerty/v/v -nav/h winConfig={ mBounds=Rect(0, 0 - 1080, 2400) mAppBounds=Rect(0, 0 - 1080, 2400) mMaxBounds=Rect(0, 0 - 1080, 2400) mDisplayRotation=ROTATION_0 mWindowingMode=fullscreen mDisplayWindowingMode=fullscreen mActivityType=undefined mAlwaysOnTop=undefined mRotation=ROTATION_0} s.6 ?fontWeightAdjustment} for displayId=0
04-15 15:20:07.703 534 534 V SystemServerTiming: OnBootPhase_500_com.android.server.UiModeManagerService took to complete: 24ms
04-15 15:20:07.703 534 534 D SystemServerTiming: OnBootPhase_500_com.android.server.locales.LocaleManagerService
04-15 15:20:07.703 534 534 V SystemServerTiming: OnBootPhase_500_com.android.server.locales.LocaleManagerService took to complete: 0ms
04-15 15:20:07.703 534 534 D SystemServerTiming: OnBootPhase_500_com.android.server.grammaticalinflection.GrammaticalInflectionService
04-15 15:20:07.703 534 534 V SystemServerTiming: OnBootPhase_500_com.android.server.grammaticalinflection.GrammaticalInflectionService took to complete: 0ms
04-15 15:20:07.703 534 534 D SystemServerTiming: OnBootPhase_500_com.android.server.apphibernation.AppHibernationService
04-15 15:20:07.708 534 534 V SystemServerTiming: OnBootPhase_500_com.android.server.apphibernation.AppHibernationService took to complete: 5ms
04-15 15:20:07.708 534 534 D SystemServerTiming: OnBootPhase_500_com.android.server.locksettings.LockSettingsService$Lifecycle
04-15 15:20:07.709 534 534 V SystemServerTiming: OnBootPhase_500_com.android.server.locksettings.LockSettingsService$Lifecycle took to complete: 0ms
04-15 15:20:07.709 534 534 D SystemServerTiming: OnBootPhase_500_com.android.server.testharness.TestHarnessModeService
04-15 15:20:07.709 534 534 D TestHarnessModeService: Setting up test harness mode
04-15 15:20:07.710 534 534 D TestHarnessModeService: Getting PersistentDataBlockManagerInternal from LocalServices
04-15 15:20:07.711 534 534 E TestHarnessModeService: Failed to start Test Harness Mode; no implementation of PersistentDataBlockManagerInternal was bound!
04-15 15:20:07.711 534 534 V SystemServerTiming: OnBootPhase_500_com.android.server.testharness.TestHarnessModeService took to complete: 2ms
04-15 15:20:07.711 534 534 D SystemServerTiming: OnBootPhase_500_com.android.server.DeviceIdleController
04-15 15:20:07.724 534 534 V HistoricalRegistry: Interaction before persistence initialized
04-15 15:20:07.734 534 534 V SystemServerTiming: OnBootPhase_500_com.android.server.DeviceIdleController took to complete: 23ms
04-15 15:20:07.734 534 534 D SystemServerTiming: OnBootPhase_500_com.android.server.devicepolicy.DevicePolicyManagerService$Lifecycle
04-15 15:20:07.734 534 534 V SystemServerTiming: OnBootPhase_500_com.android.server.devicepolicy.DevicePolicyManagerService$Lifecycle took to complete: 0ms
04-15 15:20:07.734 534 534 D SystemServerTiming: OnBootPhase_500_com.android.server.texttospeech.TextToSpeechManagerService
04-15 15:20:07.734 534 534 V SystemServerTiming: OnBootPhase_500_com.android.server.texttospeech.TextToSpeechManagerService took to complete: 0ms
04-15 15:20:07.734 534 534 D SystemServerTiming: OnBootPhase_500_com.android.server.ambientcontext.AmbientContextManagerService
04-15 15:20:07.742 534 534 V SystemServerTiming: OnBootPhase_500_com.android.server.ambientcontext.AmbientContextManagerService took to complete: 7ms
04-15 15:20:07.742 534 534 D SystemServerTiming: OnBootPhase_500_com.android.server.wearable.WearableSensingManagerService
04-15 15:20:07.744 534 534 V SystemServerTiming: OnBootPhase_500_com.android.server.wearable.WearableSensingManagerService took to complete: 3ms
04-15 15:20:07.744 534 534 D SystemServerTiming: OnBootPhase_500_com.android.server.speech.SpeechRecognitionManagerService
04-15 15:20:07.744 534 534 V SystemServerTiming: OnBootPhase_500_com.android.server.speech.SpeechRecognitionManagerService took to complete: 0ms
04-15 15:20:07.744 534 534 D SystemServerTiming: OnBootPhase_500_com.android.server.searchui.SearchUiManagerService
04-15 15:20:07.744 534 534 V SystemServerTiming: OnBootPhase_500_com.android.server.searchui.SearchUiManagerService took to complete: 0ms
04-15 15:20:07.745 534 534 D SystemServerTiming: OnBootPhase_500_com.android.server.smartspace.SmartspaceManagerService
04-15 15:20:07.745 534 534 V SystemServerTiming: OnBootPhase_500_com.android.server.smartspace.SmartspaceManagerService took to complete: 0ms
04-15 15:20:07.745 534 534 D SystemServerTiming: OnBootPhase_500_com.android.server.graphics.fonts.FontManagerService$Lifecycle
04-15 15:20:07.745 534 534 V SystemServerTiming: OnBootPhase_500_com.android.server.graphics.fonts.FontManagerService$Lifecycle took to complete: 0ms
04-15 15:20:07.745 534 534 D SystemServerTiming: OnBootPhase_500_com.android.server.textservices.TextServicesManagerService$Lifecycle
04-15 15:20:07.745 534 534 V SystemServerTiming: OnBootPhase_500_com.android.server.textservices.TextServicesManagerService$Lifecycle took to complete: 0ms
04-15 15:20:07.745 534 534 D SystemServerTiming: OnBootPhase_500_com.android.server.textclassifier.TextClassificationManagerService$Lifecycle
04-15 15:20:07.745 534 534 V SystemServerTiming: OnBootPhase_500_com.android.server.textclassifier.TextClassificationManagerService$Lifecycle took to complete: 0ms
04-15 15:20:07.745 534 534 D SystemServerTiming: OnBootPhase_500_com.android.server.NetworkScoreService$Lifecycle
04-15 15:20:07.746 534 534 V SystemServerTiming: OnBootPhase_500_com.android.server.NetworkScoreService$Lifecycle took to complete: 0ms
04-15 15:20:07.746 534 534 D SystemServerTiming: OnBootPhase_500_com.android.server.NetworkStatsServiceInitializer
04-15 15:20:07.746 534 534 V SystemServerTiming: OnBootPhase_500_com.android.server.NetworkStatsServiceInitializer took to complete: 0ms
04-15 15:20:07.746 534 534 D SystemServerTiming: OnBootPhase_500_com.android.server.wifi.WifiService
04-15 15:20:07.747 534 534 V SystemServerTiming: OnBootPhase_500_com.android.server.wifi.WifiService took to complete: 0ms
04-15 15:20:07.747 534 534 D SystemServerTiming: OnBootPhase_500_com.android.server.wifi.scanner.WifiScanningService
04-15 15:20:07.747 534 534 I WifiScanningService: Starting wifiscanner
04-15 15:20:07.747 534 534 V SystemServerTiming: OnBootPhase_500_com.android.server.wifi.scanner.WifiScanningService took to complete: 0ms
04-15 15:20:07.755 534 534 D SystemServerTiming: OnBootPhase_500_com.android.server.wifi.p2p.WifiP2pService
04-15 15:20:07.765 327 327 I netd : registerUnsolicitedEventListener(interface:0x7bb41ac641f0) <0.23ms>
04-15 15:20:07.766 534 534 V SystemServerTiming: OnBootPhase_500_com.android.server.wifi.p2p.WifiP2pService took to complete: 10ms
04-15 15:20:07.766 534 534 D SystemServerTiming: OnBootPhase_500_com.android.server.ConnectivityServiceInitializer
04-15 15:20:07.766 534 534 V SystemServerTiming: OnBootPhase_500_com.android.server.ConnectivityServiceInitializer took to complete: 0ms
04-15 15:20:07.766 534 534 D SystemServerTiming: OnBootPhase_500_com.android.server.notification.NotificationManagerService
04-15 15:20:07.771 534 816 I WifiContext: Got resolveInfos for com.android.server.wifi.intent.action.SERVICE_WIFI_RESOURCES_APK: [ResolveInfo{7b0a0ac com.android.wifi.resources/android.app.Activity m=0x108000 userHandle=UserHandle{0}}]
04-15 15:20:07.777 534 816 I WifiContext: Found Wifi Resources APK at: com.android.wifi.resources
04-15 15:20:07.783 534 812 I WifiSettingsConfigStore: Migrating data out of settings to shared preferences
04-15 15:20:07.789 534 534 D ConditionProviders: Subscribing to condition://android/event?userId=-10000&calendar=&reply=1 with ComponentInfo{android/com.android.server.notification.EventConditionProvider}
04-15 15:20:07.790 534 534 D ConditionProviders: Subscribing to condition://android/schedule?days=1.2.3.4.5.6.7&start=22.0&end=7.0&exitAtAlarm=true with ComponentInfo{android/com.android.server.notification.ScheduleConditionProvider}
04-15 15:20:07.794 534 812 D WifiConfigStore: Reading from all stores completed in 44 ms.
04-15 15:20:07.795 534 812 W WifiConfigManager: No stored networks found.
04-15 15:20:07.798 534 812 W BroadcastLoopers: Found previously unknown looper Thread[WifiHandlerThread,5,main]
04-15 15:20:07.800 534 534 V SystemServerTiming: OnBootPhase_500_com.android.server.notification.NotificationManagerService took to complete: 34ms
04-15 15:20:07.800 534 534 D SystemServerTiming: OnBootPhase_500_com.android.server.storage.DeviceStorageMonitorService
04-15 15:20:07.800 534 534 V SystemServerTiming: OnBootPhase_500_com.android.server.storage.DeviceStorageMonitorService took to complete: 0ms
04-15 15:20:07.800 534 534 D SystemServerTiming: OnBootPhase_500_com.android.server.timedetector.TimeDetectorService$Lifecycle
04-15 15:20:07.801 534 534 V SystemServerTiming: OnBootPhase_500_com.android.server.timedetector.TimeDetectorService$Lifecycle took to complete: 0ms
04-15 15:20:07.801 534 534 D SystemServerTiming: OnBootPhase_500_com.android.server.location.LocationManagerService$Lifecycle
04-15 15:20:07.805 534 534 V HistoricalRegistry: Interaction before persistence initialized
04-15 15:20:07.809 534 534 V SystemServerTiming: OnBootPhase_500_com.android.server.location.LocationManagerService$Lifecycle took to complete: 8ms
04-15 15:20:07.809 534 534 D SystemServerTiming: OnBootPhase_500_com.android.server.timezonedetector.TimeZoneDetectorService$Lifecycle
04-15 15:20:07.809 534 534 V SystemServerTiming: OnBootPhase_500_com.android.server.timezonedetector.TimeZoneDetectorService$Lifecycle took to complete: 0ms
04-15 15:20:07.809 534 534 D SystemServerTiming: OnBootPhase_500_com.android.server.location.altitude.AltitudeService$Lifecycle
04-15 15:20:07.809 534 534 V SystemServerTiming: OnBootPhase_500_com.android.server.location.altitude.AltitudeService$Lifecycle took to complete: 0ms
04-15 15:20:07.809 534 534 D SystemServerTiming: OnBootPhase_500_com.android.server.timezonedetector.location.LocationTimeZoneManagerService$Lifecycle
04-15 15:20:07.810 534 534 V SystemServerTiming: OnBootPhase_500_com.android.server.timezonedetector.location.LocationTimeZoneManagerService$Lifecycle took to complete: 0ms
04-15 15:20:07.810 534 534 D SystemServerTiming: OnBootPhase_500_com.android.server.search.SearchManagerService$Lifecycle
04-15 15:20:07.810 534 534 V SystemServerTiming: OnBootPhase_500_com.android.server.search.SearchManagerService$Lifecycle took to complete: 0ms
04-15 15:20:07.810 534 534 D SystemServerTiming: OnBootPhase_500_com.android.server.wallpaper.WallpaperManagerService$Lifecycle
04-15 15:20:07.811 534 534 V SystemServerTiming: OnBootPhase_500_com.android.server.wallpaper.WallpaperManagerService$Lifecycle took to complete: 1ms
04-15 15:20:07.811 534 534 D SystemServerTiming: OnBootPhase_500_com.android.server.wallpapereffectsgeneration.WallpaperEffectsGenerationManagerService
04-15 15:20:07.811 534 534 V SystemServerTiming: OnBootPhase_500_com.android.server.wallpapereffectsgeneration.WallpaperEffectsGenerationManagerService took to complete: 0ms
04-15 15:20:07.811 534 534 D SystemServerTiming: OnBootPhase_500_com.android.server.audio.AudioService$Lifecycle
04-15 15:20:07.811 534 534 V SystemServerTiming: OnBootPhase_500_com.android.server.audio.AudioService$Lifecycle took to complete: 0ms
04-15 15:20:07.811 534 534 D SystemServerTiming: OnBootPhase_500_com.android.server.soundtrigger_middleware.SoundTriggerMiddlewareService$Lifecycle
04-15 15:20:07.811 534 534 V SystemServerTiming: OnBootPhase_500_com.android.server.soundtrigger_middleware.SoundTriggerMiddlewareService$Lifecycle took to complete: 0ms
04-15 15:20:07.811 534 534 D SystemServerTiming: OnBootPhase_500_com.android.server.DockObserver
04-15 15:20:07.811 534 534 V SystemServerTiming: OnBootPhase_500_com.android.server.DockObserver took to complete: 0ms
04-15 15:20:07.811 534 534 D SystemServerTiming: OnBootPhase_500_com.android.server.midi.MidiService$Lifecycle
04-15 15:20:07.811 534 534 V SystemServerTiming: OnBootPhase_500_com.android.server.midi.MidiService$Lifecycle took to complete: 0ms
04-15 15:20:07.811 534 534 D SystemServerTiming: OnBootPhase_500_com.android.server.adb.AdbService$Lifecycle
04-15 15:20:07.812 534 534 V SystemServerTiming: OnBootPhase_500_com.android.server.adb.AdbService$Lifecycle took to complete: 0ms
04-15 15:20:07.816 534 534 D SystemServerTiming: OnBootPhase_500_com.android.server.usb.UsbService$Lifecycle
04-15 15:20:07.816 534 534 V SystemServerTiming: OnBootPhase_500_com.android.server.usb.UsbService$Lifecycle took to complete: 0ms
04-15 15:20:07.816 534 534 D SystemServerTiming: OnBootPhase_500_com.android.server.twilight.TwilightService
04-15 15:20:07.816 534 534 V SystemServerTiming: OnBootPhase_500_com.android.server.twilight.TwilightService took to complete: 0ms
04-15 15:20:07.816 534 534 D SystemServerTiming: OnBootPhase_500_com.android.server.display.color.ColorDisplayService
04-15 15:20:07.816 534 534 V SystemServerTiming: OnBootPhase_500_com.android.server.display.color.ColorDisplayService took to complete: 0ms
04-15 15:20:07.816 534 534 D SystemServerTiming: OnBootPhase_500_com.android.server.job.JobSchedulerService
04-15 15:20:07.831 534 812 I WifiInjector: enableVerboseLogging false hal false
04-15 15:20:07.832 534 812 D WifiNative: enableVerboseLogging false hal false
04-15 15:20:07.836 534 812 E SupplicantStaIfaceHalAidlImpl: Can't call setDebugParams, ISupplicant is null
04-15 15:20:07.840 534 812 I WifiService: WifiService starting up with Wi-Fi enabled
04-15 15:20:07.868 534 812 D WifiController: isAirplaneModeOn = false, isWifiEnabled = true, isScanningAvailable = true, isLocationModeActive = true, isSatelliteModeOn = false
04-15 15:20:07.870 534 812 D WifiActiveModeWarden: Starting primary ClientModeManager in connect mode
04-15 15:20:07.887 0 0 I servicemanager: Found android.hardware.wifi.IWifi/default in device VINTF manifest.
04-15 15:20:07.880 534 812 I WifiHalAidlImpl: Obtained the IWifi binder. Local Version: 1
04-15 15:20:07.883 534 812 I WifiHalAidlImpl: Remote Version: 1
04-15 15:20:07.890 534 534 V HistoricalRegistry: Interaction before persistence initialized
04-15 15:20:07.894 534 812 I WifiHalAidlImpl: Initialization is complete
04-15 15:20:07.896 356 385 W android.hardware.wifi-service: Duplicate death notification registration
04-15 15:20:07.898 534 812 D WifiNl80211Manager: tearing down interfaces in wificond
04-15 15:20:07.901 534 534 W SystemServiceManager: Service com.android.server.job.JobSchedulerService took 85 ms in onBootPhase
04-15 15:20:07.902 534 534 V SystemServerTiming: OnBootPhase_500_com.android.server.job.JobSchedulerService took to complete: 85ms
04-15 15:20:07.902 534 534 D SystemServerTiming: OnBootPhase_500_com.android.server.soundtrigger.SoundTriggerService
04-15 15:20:07.903 534 534 D SoundTriggerService: onBootPhase: 500 : false
04-15 15:20:07.907 534 534 V SystemServerTiming: OnBootPhase_500_com.android.server.soundtrigger.SoundTriggerService took to complete: 4ms
04-15 15:20:07.907 534 534 D SystemServerTiming: OnBootPhase_500_com.android.server.trust.TrustManagerService
04-15 15:20:07.915 534 812 D WifiAdaptConnObserver: Adaptive connectivity status initialized to: true
04-15 15:20:07.917 534 812 D WifiController: EnabledState.enter()
04-15 15:20:07.918 534 812 D WifiClientModeManager[187941:unknown]: entering IdleState
04-15 15:20:07.926 534 812 W FileUtils: Failed to chmod(/data/misc/apexdata/com.android.wifi/WifiConfigStore.xml, 384):
04-15 15:20:07.926 534 812 W FileUtils: android.system.ErrnoException: chmod failed: ENOENT (No such file or directory)
04-15 15:20:07.926 534 812 W FileUtils: at libcore.io.Linux.chmod(Native Method)
04-15 15:20:07.926 534 812 W FileUtils: at libcore.io.ForwardingOs.chmod(ForwardingOs.java:165)
04-15 15:20:07.926 534 812 W FileUtils: at libcore.io.BlockGuardOs.chmod(BlockGuardOs.java:83)
04-15 15:20:07.926 534 812 W FileUtils: at android.system.Os.chmod(Os.java:119)
04-15 15:20:07.926 534 812 W FileUtils: at com.android.server.wifi.util.FileUtils.chmod(FileUtils.java:44)
04-15 15:20:07.926 534 812 W FileUtils: at com.android.server.wifi.WifiConfigStore$StoreFile.writeBufferedRawData(WifiConfigStore.java:941)
04-15 15:20:07.926 534 812 W FileUtils: at com.android.server.wifi.WifiConfigStore.writeBufferedData(WifiConfigStore.java:506)
04-15 15:20:07.926 534 812 W FileUtils: at com.android.server.wifi.WifiConfigStore.write(WifiConfigStore.java:430)
04-15 15:20:07.926 534 812 W FileUtils: at com.android.server.wifi.WifiConfigManager.saveToStore(WifiConfigManager.java:3688)
04-15 15:20:07.926 534 812 W FileUtils: at com.android.server.wifi.WifiSettingsConfigStore.lambda$triggerSaveToStoreAndInvokeAllListeners$1(WifiSettingsConfigStore.java:253)
04-15 15:20:07.926 534 812 W FileUtils: at com.android.server.wifi.WifiSettingsConfigStore.$r8$lambda$RgVMOoSeRTFMZVvRnH2K_mlfH0M(WifiSettingsConfigStore.java:0)
04-15 15:20:07.926 534 812 W FileUtils: at com.android.server.wifi.WifiSettingsConfigStore$$ExternalSyntheticLambda3.run(R8$$SyntheticClass:0)
04-15 15:20:07.926 534 812 W FileUtils: at android.os.Handler.handleCallback(Handler.java:958)
04-15 15:20:07.926 534 812 W FileUtils: at android.os.Handler.dispatchMessage(Handler.java:99)
04-15 15:20:07.926 534 812 W FileUtils: at com.android.server.wifi.RunnerHandler.dispatchMessage(RunnerHandler.java:122)
04-15 15:20:07.926 534 812 W FileUtils: at android.os.Looper.loopOnce(Looper.java:205)
04-15 15:20:07.926 534 812 W FileUtils: at android.os.Looper.loop(Looper.java:294)
04-15 15:20:07.926 534 812 W FileUtils: at android.os.HandlerThread.run(HandlerThread.java:67)
04-15 15:20:07.931 534 812 D WifiConfigStore: Writing to stores completed in 9 ms.
04-15 15:20:07.937 534 814 I WifiContext: Got resolveInfos for com.android.server.wifi.intent.action.SERVICE_WIFI_RESOURCES_APK: [ResolveInfo{5e7ce39 com.android.wifi.resources/android.app.Activity m=0x108000 userHandle=UserHandle{0}}]
04-15 15:20:07.938 534 814 I WifiContext: Found Wifi Resources APK at: com.android.wifi.resources
04-15 15:20:07.951 534 534 V SystemServerTiming: OnBootPhase_500_com.android.server.trust.TrustManagerService took to complete: 41ms
04-15 15:20:07.951 534 534 D SystemServerTiming: OnBootPhase_500_com.android.server.backup.BackupManagerService$Lifecycle
04-15 15:20:07.951 534 534 V SystemServerTiming: OnBootPhase_500_com.android.server.backup.BackupManagerService$Lifecycle took to complete: 0ms
04-15 15:20:07.951 534 534 D SystemServerTiming: OnBootPhase_500_com.android.server.appwidget.AppWidgetService
04-15 15:20:07.951 534 534 V SystemServerTiming: OnBootPhase_500_com.android.server.appwidget.AppWidgetService took to complete: 0ms
04-15 15:20:07.955 534 812 I WifiHalAidlImpl: Service is already initialized
04-15 15:20:07.964 0 0 I servicemanager: Found android.hardware.wifi.IWifi/default in device VINTF manifest.
