04-15 15:20:26.443 534 534 V SystemServerTiming: OnBootPhase_600_com.android.server.incident.IncidentCompanionService took to complete: 0ms
04-15 15:20:26.455 534 534 D SystemServerTiming: OnBootPhase_600_com.android.server.sdksandbox.SdkSandboxManagerService$Lifecycle
04-15 15:20:26.458 534 534 V SystemServerTiming: OnBootPhase_600_com.android.server.sdksandbox.SdkSandboxManagerService$Lifecycle took to complete: 0ms
04-15 15:20:26.458 534 534 D SystemServerTiming: OnBootPhase_600_com.android.server.adservices.AdServicesManagerService$Lifecycle
04-15 15:20:26.459 534 534 V SystemServerTiming: OnBootPhase_600_com.android.server.adservices.AdServicesManagerService$Lifecycle took to complete: 0ms
04-15 15:20:26.459 534 534 D SystemServerTiming: OnBootPhase_600_com.android.server.ondevicepersonalization.OnDevicePersonalizationSystemService$Lifecycle
04-15 15:20:26.459 534 534 V SystemServerTiming: OnBootPhase_600_com.android.server.ondevicepersonalization.OnDevicePersonalizationSystemService$Lifecycle took to complete: 0ms
04-15 15:20:26.459 534 534 D SystemServerTiming: OnBootPhase_600_com.android.server.MmsServiceBroker
04-15 15:20:26.464 534 534 V SystemServerTiming: OnBootPhase_600_com.android.server.MmsServiceBroker took to complete: 0ms
04-15 15:20:26.464 534 534 D SystemServerTiming: OnBootPhase_600_com.android.server.autofill.AutofillManagerService
04-15 15:20:26.467 534 534 V SystemServerTiming: OnBootPhase_600_com.android.server.autofill.AutofillManagerService took to complete: 2ms
04-15 15:20:26.472 534 534 D SystemServerTiming: OnBootPhase_600_com.android.server.credentials.CredentialManagerService
04-15 15:20:26.473 534 534 V SystemServerTiming: OnBootPhase_600_com.android.server.credentials.CredentialManagerService took to complete: 1ms
04-15 15:20:26.473 534 534 D SystemServerTiming: OnBootPhase_600_com.android.server.selectiontoolbar.SelectionToolbarManagerService
04-15 15:20:26.474 534 534 V SystemServerTiming: OnBootPhase_600_com.android.server.selectiontoolbar.SelectionToolbarManagerService took to complete: 1ms
04-15 15:20:26.474 534 534 D SystemServerTiming: OnBootPhase_600_com.android.server.clipboard.ClipboardService
04-15 15:20:26.475 534 534 V SystemServerTiming: OnBootPhase_600_com.android.server.clipboard.ClipboardService took to complete: 0ms
04-15 15:20:26.475 534 534 D SystemServerTiming: OnBootPhase_600_com.android.server.appbinding.AppBindingService$Lifecycle
04-15 15:20:26.477 534 567 D StatsPullAtomService: Registering NetworkStats pullers with statsd
04-15 15:20:26.484 534 534 V SystemServerTiming: OnBootPhase_600_com.android.server.appbinding.AppBindingService$Lifecycle took to complete: 9ms
04-15 15:20:26.485 534 534 D SystemServerTiming: OnBootPhase_600_com.android.server.tracing.TracingServiceProxy
04-15 15:20:26.485 534 534 V SystemServerTiming: OnBootPhase_600_com.android.server.tracing.TracingServiceProxy took to complete: 0ms
04-15 15:20:26.486 534 534 D SystemServerTiming: OnBootPhase_600_com.android.server.policy.PermissionPolicyService
04-15 15:20:26.486 534 534 V SystemServerTiming: OnBootPhase_600_com.android.server.policy.PermissionPolicyService took to complete: 0ms
04-15 15:20:26.486 534 534 D SystemServerTiming: OnBootPhase_600_com.android.server.pm.StagingManager$Lifecycle
04-15 15:20:26.486 534 534 V SystemServerTiming: OnBootPhase_600_com.android.server.pm.StagingManager$Lifecycle took to complete: 0ms
04-15 15:20:26.487 534 534 D SystemServerTiming: OnBootPhase_600_com.android.server.app.GameManagerService$Lifecycle
04-15 15:20:26.487 534 534 V SystemServerTiming: OnBootPhase_600_com.android.server.app.GameManagerService$Lifecycle took to complete: 0ms
04-15 15:20:26.487 534 534 D SystemServerTiming: OnBootPhase_600_com.android.safetycenter.SafetyCenterService
04-15 15:20:26.487 534 534 V SystemServerTiming: OnBootPhase_600_com.android.safetycenter.SafetyCenterService took to complete: 0ms
04-15 15:20:26.491 534 534 D SystemServerTiming: OnBootPhase_600_com.android.server.appsearch.AppSearchModule$Lifecycle
04-15 15:20:26.499 534 534 V SystemServerTiming: OnBootPhase_600_com.android.server.appsearch.AppSearchModule$Lifecycle took to complete: 0ms
04-15 15:20:26.499 534 534 D SystemServerTiming: OnBootPhase_600_com.android.server.media.MediaCommunicationService
04-15 15:20:26.504 534 534 V SystemServerTiming: OnBootPhase_600_com.android.server.media.MediaCommunicationService took to complete: 0ms
04-15 15:20:26.505 534 534 D SystemServerTiming: OnBootPhase_600_com.android.server.compat.overrides.AppCompatOverridesService$Lifecycle
04-15 15:20:26.506 534 534 V SystemServerTiming: OnBootPhase_600_com.android.server.compat.overrides.AppCompatOverridesService$Lifecycle took to complete: 0ms
04-15 15:20:26.506 534 534 D SystemServerTiming: OnBootPhase_600_com.android.server.healthconnect.HealthConnectManagerService
04-15 15:20:26.506 534 534 V SystemServerTiming: OnBootPhase_600_com.android.server.healthconnect.HealthConnectManagerService took to complete: 0ms
04-15 15:20:26.507 534 534 V SystemServerTiming: OnBootPhase_600 took to complete: 1957ms
04-15 15:20:26.507 534 534 V SystemServerTiming: PhaseThirdPartyAppsCanStart took to complete: 1958ms
04-15 15:20:26.507 534 534 D SystemServerTiming: StartNetworkStack
04-15 15:20:26.509 534 534 D ConnectivityModuleConnector: Starting networking module android.net.INetworkStackConnector
04-15 15:20:26.510 534 534 D ConnectivityModuleConnector: Starting networking module in network_stack process
04-15 15:20:26.513 534 567 W BestClock: java.time.DateTimeException: Missing network time fix
04-15 15:20:26.513 534 972 D BufferPoolAccessor2.0: bufferpool2 0x7745cfc6aa58 : 0(0 size) total buffers - 0(0 size) used buffers - 2/7 (recycle/alloc) - 5/24 (fetch/transfer)
04-15 15:20:26.513 534 972 D BufferPoolAccessor2.0: bufferpool2 0x7745cfc6e428 : 0(0 size) total buffers - 0(0 size) used buffers - 2/7 (recycle/alloc) - 5/34 (fetch/transfer)
04-15 15:20:26.513 534 972 D BufferPoolAccessor2.0: evictor expired: 2, evicted: 2
04-15 15:20:26.543 534 534 D CompatibilityChangeReporter: Compat change id reported: 135634846; UID 1073; state: DISABLED
04-15 15:20:26.548 327 327 I netd : tetherGetStats() -> {[]} <6.93ms>
04-15 15:20:26.556 455 893 D BufferPoolAccessor2.0: bufferpool2 0x7e043d176cb8 : 0(0 size) total buffers - 0(0 size) used buffers - 6/10 (recycle/alloc) - 4/9 (fetch/transfer)
04-15 15:20:26.557 455 893 D BufferPoolAccessor2.0: bufferpool2 0x7e043d171038 : 0(0 size) total buffers - 0(0 size) used buffers - 11/15 (recycle/alloc) - 4/14 (fetch/transfer)
04-15 15:20:26.557 455 893 D BufferPoolAccessor2.0: evictor expired: 2, evicted: 2
04-15 15:20:26.559 534 569 W ActivityManager: com.android.networkstack inode == 0 (b/152760674)
04-15 15:20:26.571 534 534 D ConnectivityModuleConnector: Networking module service start requested
04-15 15:20:26.581 534 534 D NetworkStackClient: Network stack service start requested
04-15 15:20:26.581 534 534 V SystemServerTiming: StartNetworkStack took to complete: 74ms
04-15 15:20:26.582 328 328 I Zygote : Entering forkRepeatedly native zygote loop
04-15 15:20:26.588 534 534 D SystemServerTiming: StartTethering
04-15 15:20:26.589 534 534 D ConnectivityModuleConnector: Starting networking module android.net.ITetheringConnector
04-15 15:20:26.590 534 534 D ConnectivityModuleConnector: Starting networking module in network_stack process
04-15 15:20:26.610 534 534 D ConnectivityModuleConnector: Networking module service start requested
04-15 15:20:26.610 534 534 V SystemServerTiming: StartTethering took to complete: 22ms
04-15 15:20:26.610 534 534 D SystemServerTiming: MakeCountryDetectionServiceReady
04-15 15:20:26.611 534 534 V SystemServerTiming: MakeCountryDetectionServiceReady took to complete: 1ms
04-15 15:20:26.634 534 534 D SystemServerTiming: MakeNetworkTimeUpdateReady
04-15 15:20:26.636 534 567 W BestClock: java.time.DateTimeException: Missing network time fix
04-15 15:20:26.643 534 534 D ConnectivityService: requestNetwork for uid/pid:1000/534 activeRequest: null callbackRequest: 14 [NetworkRequest [ REQUEST id=15, [ Capabilities: INTERNET&NOT_RESTRICTED&TRUSTED&NOT_VCN_MANAGED Uid: 1000 RequestorUid: 1000 RequestorPkg: android UnderlyingNetworks: Null] ]] callback flags: 0 order: 2147483647
04-15 15:20:26.646 328 328 D Zygote : Forked child process 1072
04-15 15:20:26.651 534 821 D ConnectivityService: NetReassign [no changes] [c 0] [a 0] [i 0]
04-15 15:20:26.658 534 569 W ActivityManager: Slow operation: 120ms so far, now at startProcess: returned from zygote!
04-15 15:20:26.659 534 569 W ActivityManager: Slow operation: 121ms so far, now at startProcess: done updating battery stats
04-15 15:20:26.664 534 569 W ActivityManager: Slow operation: 125ms so far, now at startProcess: building log message
04-15 15:20:26.664 534 569 I ActivityManager: Start proc 1072:com.android.networkstack.process/1073 for service {com.android.networkstack/com.android.server.NetworkStackService}
04-15 15:20:26.665 534 569 W ActivityManager: Slow operation: 126ms so far, now at startProcess: starting to update pids map
04-15 15:20:26.665 534 569 W ActivityManager: Slow operation: 127ms so far, now at startProcess: done updating pids map
04-15 15:20:26.666 534 534 V SystemServerTiming: MakeNetworkTimeUpdateReady took to complete: 31ms
04-15 15:20:26.666 534 534 D SystemServerTiming: MakeInputManagerServiceReady
04-15 15:20:26.682 534 534 I InputManager: Enabling motion classifier because just booted: feature enabled, long press timeout = 400
04-15 15:20:26.688 534 534 I InputProcessor: Enabling motion classifier
04-15 15:20:26.698 534 1073 I InputProcessor: HAL android.hardware.input.processor.IInputProcessor/default is not declared
04-15 15:20:26.706 0 0 I servicemanager: Could not find android.hardware.input.processor.IInputProcessor/default in the VINTF manifest.
04-15 15:20:26.700 534 645 I InputReader: Reconfiguring input devices, changes=DEVICE_ALIAS
04-15 15:20:26.707 534 567 W BestClock: java.time.DateTimeException: Missing network time fix
04-15 15:20:26.710 534 534 V SystemServerTiming: MakeInputManagerServiceReady took to complete: 44ms
04-15 15:20:26.711 534 534 D SystemServerTiming: MakeTelephonyRegistryReady
04-15 15:20:26.716 534 534 V SystemServerTiming: MakeTelephonyRegistryReady took to complete: 5ms
04-15 15:20:26.717 534 534 D SystemServerTiming: MakeMediaRouterServiceReady
04-15 15:20:26.718 534 534 I MR2ServiceImpl: switchUser | user: 0
04-15 15:20:26.718 534 534 V SystemServerTiming: MakeMediaRouterServiceReady took to complete: 1ms
04-15 15:20:26.719 534 534 D SystemServerTiming: MakeMmsServiceReady
04-15 15:20:26.719 534 534 I MmsServiceBroker: Delay connecting to MmsService until an API is called
04-15 15:20:26.724 534 534 V SystemServerTiming: MakeMmsServiceReady took to complete: 5ms
04-15 15:20:26.724 534 534 D SystemServerTiming: IncidentDaemonReady
04-15 15:20:26.730 534 534 V SystemServerTiming: IncidentDaemonReady took to complete: 5ms
04-15 15:20:26.730 534 534 D SystemServerTiming: MakeIncrementalServiceReady
04-15 15:20:26.731 534 534 V SystemServerTiming: MakeIncrementalServiceReady took to complete: 0ms
04-15 15:20:26.731 534 534 D SystemServerTiming: OdsignStatsLogger
04-15 15:20:26.736 534 534 V SystemServerTiming: OdsignStatsLogger took to complete: 1ms
04-15 15:20:26.761 327 327 I netd : tetherGetStats() -> {[]} <5.07ms>
04-15 15:20:26.772 1072 1072 I rkstack.process: Using CollectorTypeCC GC.
04-15 15:20:26.777 534 645 I InputReader: Reconfiguring input devices, changes=KEYBOARD_LAYOUTS
04-15 15:20:26.783 1072 1072 W rkstack.process: Unexpected CPU variant for x86: x86_64.
04-15 15:20:26.783 1072 1072 W rkstack.process: Known variants: atom, sandybridge, silvermont, goldmont, goldmont-plus, tremont, kabylake, default
04-15 15:20:26.833 1072 1072 E rkstack.process: Not starting debugger since process cannot load the jdwp agent.
04-15 15:20:26.838 534 534 D SystemServerTiming: getCurrentUser
04-15 15:20:26.840 534 534 I ActivityManager: Current user:0
04-15 15:20:26.841 534 534 V SystemServerTiming: getCurrentUser took to complete: 0ms
04-15 15:20:26.841 534 534 D SystemServerTiming: ActivityManagerStartApps
04-15 15:20:26.858 534 559 I DropBoxManagerService: add tag=system_server_strictmode isTagEnabled=true flags=0x2
04-15 15:20:26.871 534 534 D SystemServerTimingAsync: ssm.StartUser-0
04-15 15:20:26.872 534 534 I SystemServiceManager: Calling onStartUser 0
04-15 15:20:26.877 534 534 D SystemServerTimingAsync: ssm.onStartUser-0_com.android.server.security.FileIntegrityService
04-15 15:20:26.877 534 534 V SystemServerTimingAsync: ssm.onStartUser-0_com.android.server.security.FileIntegrityService took to complete: 0ms
04-15 15:20:26.878 534 534 D SystemServerTimingAsync: ssm.onStartUser-0_com.android.server.pm.Installer
04-15 15:20:26.878 534 534 V SystemServerTimingAsync: ssm.onStartUser-0_com.android.server.pm.Installer took to complete: 0ms
04-15 15:20:26.878 534 534 D SystemServerTimingAsync: ssm.onStartUser-0_com.android.server.os.DeviceIdentifiersPolicyService
04-15 15:20:26.879 534 534 V SystemServerTimingAsync: ssm.onStartUser-0_com.android.server.os.DeviceIdentifiersPolicyService took to complete: 0ms
04-15 15:20:26.879 534 534 D SystemServerTimingAsync: ssm.onStartUser-0_com.android.server.uri.UriGrantsManagerService$Lifecycle
04-15 15:20:26.879 534 534 V SystemServerTimingAsync: ssm.onStartUser-0_com.android.server.uri.UriGrantsManagerService$Lifecycle took to complete: 0ms
04-15 15:20:26.888 534 534 D SystemServerTimingAsync: ssm.onStartUser-0_com.android.server.powerstats.PowerStatsService
04-15 15:20:26.889 534 534 V SystemServerTimingAsync: ssm.onStartUser-0_com.android.server.powerstats.PowerStatsService took to complete: 0ms
04-15 15:20:26.889 534 534 D SystemServerTimingAsync: ssm.onStartUser-0_com.android.server.permission.access.AccessCheckingService
04-15 15:20:26.889 534 534 V SystemServerTimingAsync: ssm.onStartUser-0_com.android.server.permission.access.AccessCheckingService took to complete: 0ms
04-15 15:20:26.890 534 534 D SystemServerTimingAsync: ssm.onStartUser-0_com.android.server.wm.ActivityTaskManagerService$Lifecycle
04-15 15:20:26.890 534 534 V SystemServerTimingAsync: ssm.onStartUser-0_com.android.server.wm.ActivityTaskManagerService$Lifecycle took to complete: 0ms
04-15 15:20:26.891 534 534 D SystemServerTimingAsync: ssm.onStartUser-0_com.android.server.am.ActivityManagerService$Lifecycle
04-15 15:20:26.891 534 534 V SystemServerTimingAsync: ssm.onStartUser-0_com.android.server.am.ActivityManagerService$Lifecycle took to complete: 0ms
04-15 15:20:26.891 534 534 D SystemServerTimingAsync: ssm.onStartUser-0_com.android.server.pm.DataLoaderManagerService
04-15 15:20:26.893 534 534 V SystemServerTimingAsync: ssm.onStartUser-0_com.android.server.pm.DataLoaderManagerService took to complete: 0ms
04-15 15:20:26.893 534 534 D SystemServerTimingAsync: ssm.onStartUser-0_com.android.server.power.PowerManagerService
04-15 15:20:26.893 534 534 V SystemServerTimingAsync: ssm.onStartUser-0_com.android.server.power.PowerManagerService took to complete: 0ms
04-15 15:20:26.893 534 534 D SystemServerTimingAsync: ssm.onStartUser-0_com.android.server.power.ThermalManagerService
04-15 15:20:26.893 534 534 V SystemServerTimingAsync: ssm.onStartUser-0_com.android.server.power.ThermalManagerService took to complete: 0ms
04-15 15:20:26.894 534 534 D SystemServerTimingAsync: ssm.onStartUser-0_com.android.server.power.hint.HintManagerService
04-15 15:20:26.894 534 534 V SystemServerTimingAsync: ssm.onStartUser-0_com.android.server.power.hint.HintManagerService took to complete: 0ms
04-15 15:20:26.894 534 534 D SystemServerTimingAsync: ssm.onStartUser-0_com.android.server.recoverysystem.RecoverySystemService$Lifecycle
04-15 15:20:26.894 534 534 V SystemServerTimingAsync: ssm.onStartUser-0_com.android.server.recoverysystem.RecoverySystemService$Lifecycle took to complete: 0ms
04-15 15:20:26.894 534 534 D SystemServerTimingAsync: ssm.onStartUser-0_com.android.server.lights.LightsService
04-15 15:20:26.894 534 534 V SystemServerTimingAsync: ssm.onStartUser-0_com.android.server.lights.LightsService took to complete: 0ms
04-15 15:20:26.894 534 534 D SystemServerTimingAsync: ssm.onStartUser-0_com.android.server.display.DisplayManagerService
04-15 15:20:26.894 534 534 V SystemServerTimingAsync: ssm.onStartUser-0_com.android.server.display.DisplayManagerService took to complete: 0ms
04-15 15:20:26.894 534 534 D SystemServerTimingAsync: ssm.onStartUser-0_com.android.server.pm.verify.domain.DomainVerificationService
04-15 15:20:26.894 534 534 V SystemServerTimingAsync: ssm.onStartUser-0_com.android.server.pm.verify.domain.DomainVerificationService took to complete: 0ms
04-15 15:20:26.894 534 534 D SystemServerTimingAsync: ssm.onStartUser-0_com.android.server.pm.PackageInstallerService$Lifecycle
04-15 15:20:26.894 534 534 V SystemServerTimingAsync: ssm.onStartUser-0_com.android.server.pm.PackageInstallerService$Lifecycle took to complete: 0ms
04-15 15:20:26.894 534 534 D SystemServerTimingAsync: ssm.onStartUser-0_com.android.server.pm.UserManagerService$LifeCycle
04-15 15:20:26.895 534 534 V SystemServerTimingAsync: ssm.onStartUser-0_com.android.server.pm.UserManagerService$LifeCycle took to complete: 0ms
04-15 15:20:26.895 534 534 D SystemServerTimingAsync: ssm.onStartUser-0_com.android.server.om.OverlayManagerService
04-15 15:20:26.900 534 567 W BestClock: java.time.DateTimeException: Missing network time fix
04-15 15:20:26.909 534 559 I DropBoxManagerService: add tag=system_server_strictmode isTagEnabled=true flags=0x2
04-15 15:20:26.911 534 559 I DropBoxManagerService: add tag=system_server_strictmode isTagEnabled=true flags=0x2
04-15 15:20:26.935 534 559 I DropBoxManagerService: add tag=system_server_strictmode isTagEnabled=true flags=0x2
04-15 15:20:26.946 534 559 I DropBoxManagerService: add tag=system_server_strictmode isTagEnabled=true flags=0x2
04-15 15:20:26.955 534 559 I DropBoxManagerService: add tag=system_server_strictmode isTagEnabled=true flags=0x2
04-15 15:20:26.960 534 559 I DropBoxManagerService: add tag=system_server_strictmode isTagEnabled=true flags=0x2
04-15 15:20:26.967 534 609 D GameManagerService: User ID '0' does not have a Game Mode selected for package: 'com.android.networkstack'
04-15 15:20:26.973 534 609 D CompatibilityChangeReporter: Compat change id reported: 168419799; UID 1073; state: DISABLED
04-15 15:20:26.974 534 609 D CompatibilityChangeReporter: Compat change id reported: 273564678; UID 1073; state: DISABLED
04-15 15:20:27.004 965 968 W idmap2d : failed to parse idmap header of '/data/resource-cache/vendor@overlay@SystemUI__auto_generated_rro_vendor.apk@idmap'
04-15 15:20:27.023 965 968 W idmap2d : failed to find resource 'bool/config_show4GForLTE'
04-15 15:20:27.028 965 968 E idmap2d : no resources were overlaid
04-15 15:20:27.034 534 623 D CompatibilityChangeReporter: Compat change id reported: 265195908; UID 1073; state: ENABLED
04-15 15:20:27.043 1072 1072 D CompatibilityChangeReporter: Compat change id reported: 171979766; UID 1073; state: ENABLED
04-15 15:20:27.049 1072 1072 D CompatibilityChangeReporter: Compat change id reported: 242716250; UID 1073; state: ENABLED
04-15 15:20:27.060 534 567 W BestClock: java.time.DateTimeException: Missing network time fix
04-15 15:20:27.077 1072 1072 D CompatibilityChangeReporter: Compat change id reported: 3400644; UID 1073; state: ENABLED
04-15 15:20:27.092 327 327 I netd : tetherGetStats() -> {[]} <2.76ms>
04-15 15:20:27.099 534 567 W BestClock: java.time.DateTimeException: Missing network time fix
04-15 15:20:27.115 1072 1072 W rkstack.process: ClassLoaderContext shared library size mismatch. Expected=1, found=0 (PCL[]{PCL[/system/framework/android.net.ipsec.ike.jar*3039086002]} | PCL[])
04-15 15:20:27.138 1072 1072 D nativeloader: Configuring clns-shared-6 for other apk /system/priv-app/NetworkStack/NetworkStack.apk. target_sdk_version=34, uses_libraries=, library_path=/system/priv-app/NetworkStack/lib/x86_64:/system/priv-app/NetworkStack/NetworkStack.apk!/lib/x86_64:/system/lib64:/system_ext/lib64, permitted_path=/data:/mnt/expand:/data/user_de/0/com.android.networkstack:/system/priv-app/NetworkStack:/system/lib64:/system_ext/lib64
04-15 15:20:27.185 1072 1072 V GraphicsEnvironment: Currently set values for:
04-15 15:20:27.186 1072 1072 V GraphicsEnvironment: angle_gl_driver_selection_pkgs=[]
04-15 15:20:27.186 1072 1072 V GraphicsEnvironment: angle_gl_driver_selection_values=[]
04-15 15:20:27.187 1072 1072 V GraphicsEnvironment: ANGLE GameManagerService for com.android.networkstack: false
04-15 15:20:27.192 1072 1072 V GraphicsEnvironment: com.android.networkstack is not listed in per-application setting
04-15 15:20:27.193 1072 1072 V GraphicsEnvironment: Neither updatable production driver nor prerelease driver is supported.
04-15 15:20:27.247 1072 1072 D nativeloader: Configuring clns-shared-7 for other apk /apex/com.android.cellbroadcast/priv-app/CellBroadcastServiceModule@UE1A.230829.036.A1/CellBroadcastServiceModule.apk. target_sdk_version=34, uses_libraries=, library_path=/apex/com.android.cellbroadcast/priv-app/CellBroadcastServiceModule@UE1A.230829.036.A1/lib/x86_64:/apex/com.android.cellbroadcast/priv-app/CellBroadcastServiceModule@UE1A.230829.036.A1/CellBroadcastServiceModule.apk!/lib/x86_64:/system/lib64:/system_ext/lib64, permitted_path=/data:/mnt/expand:/data/user_de/0/com.android.cellbroadcastservice:/apex/com.android.cellbroadcast/priv-app/CellBroadcastServiceModule@UE1A.230829.036.A1:/system/lib64:/system_ext/lib64
04-15 15:20:27.268 1072 1072 D nativeloader: InitApexLibraries:
04-15 15:20:27.268 1072 1072 D nativeloader: com_android_adservices: libhpke_jni.so:libtflite_support_classifiers_native.so
04-15 15:20:27.268 1072 1072 D nativeloader: com_android_appsearch: libicing.so
04-15 15:20:27.268 1072 1072 D nativeloader: com_android_art: libartservice.so
04-15 15:20:27.268 1072 1072 D nativeloader: com_android_btservices: libbluetooth_jni.so
04-15 15:20:27.268 1072 1072 D nativeloader: com_android_conscrypt: libjavacrypto.so
04-15 15:20:27.268 1072 1072 D nativeloader: com_android_extservices: libtflite_support_classifiers_native.so
04-15 15:20:27.268 1072 1072 D nativeloader: com_android_os_statsd: libstats_jni.so
04-15 15:20:27.268 1072 1072 D nativeloader: com_android_tethering: libandroid_net_connectivity_com_android_net_module_util_jni.so:libcronet.114.0.5735.84.so:libframework-connectivity-jni.so:libframework-connectivity-tiramisu-jni.so:libservice-connectivity.so
04-15 15:20:27.268 1072 1072 D nativeloader: com_android_uwb: libuwb_uci_jni_rust.so
04-15 15:20:27.268 1072 1072 D nativeloader: com_android_virt: libvirtualizationservice_jni.so:libvirtualmachine_jni.so
04-15 15:20:27.286 534 609 I ActivityManager: Flag disabled. Ignoring finishAttachApplication from uid: 1073. pid: 1072
04-15 15:20:27.311 534 534 W SystemServiceManager: Service com.android.server.om.OverlayManagerService took 416 ms in onStartUser-0
04-15 15:20:27.311 534 534 V SystemServerTimingAsync: ssm.onStartUser-0_com.android.server.om.OverlayManagerService took to complete: 416ms
04-15 15:20:27.316 534 534 D SystemServerTimingAsync: ssm.onStartUser-0_com.android.server.resources.ResourcesManagerService
04-15 15:20:27.316 534 534 V SystemServerTimingAsync: ssm.onStartUser-0_com.android.server.resources.ResourcesManagerService took to complete: 0ms
04-15 15:20:27.316 534 534 D SystemServerTimingAsync: ssm.onStartUser-0_com.android.server.sensorprivacy.SensorPrivacyService
04-15 15:20:27.325 534 534 V SystemServerTimingAsync: ssm.onStartUser-0_com.android.server.sensorprivacy.SensorPrivacyService took to complete: 8ms
04-15 15:20:27.325 534 534 D SystemServerTimingAsync: ssm.onStartUser-0_com.android.server.sensors.SensorService
04-15 15:20:27.325 534 534 V SystemServerTimingAsync: ssm.onStartUser-0_com.android.server.sensors.SensorService took to complete: 0ms
04-15 15:20:27.325 534 534 D SystemServerTimingAsync: ssm.onStartUser-0_com.android.server.SystemConfigService
04-15 15:20:27.325 534 534 V SystemServerTimingAsync: ssm.onStartUser-0_com.android.server.SystemConfigService took to complete: 0ms
04-15 15:20:27.325 534 534 D SystemServerTimingAsync: ssm.onStartUser-0_com.android.server.BatteryService
04-15 15:20:27.325 534 534 V SystemServerTimingAsync: ssm.onStartUser-0_com.android.server.BatteryService took to complete: 0ms
04-15 15:20:27.325 534 534 D SystemServerTimingAsync: ssm.onStartUser-0_com.android.server.usage.UsageStatsService
04-15 15:20:27.325 534 534 V SystemServerTimingAsync: ssm.onStartUser-0_com.android.server.usage.UsageStatsService took to complete: 0ms
04-15 15:20:27.325 534 534 D SystemServerTimingAsync: ssm.onStartUser-0_com.android.server.webkit.WebViewUpdateService
04-15 15:20:27.325 534 534 V SystemServerTimingAsync: ssm.onStartUser-0_com.android.server.webkit.WebViewUpdateService took to complete: 0ms
04-15 15:20:27.326 534 534 D SystemServerTimingAsync: ssm.onStartUser-0_com.android.server.CachedDeviceStateService
04-15 15:20:27.326 534 534 V SystemServerTimingAsync: ssm.onStartUser-0_com.android.server.CachedDeviceStateService took to complete: 0ms
04-15 15:20:27.326 534 534 D SystemServerTimingAsync: ssm.onStartUser-0_com.android.server.BinderCallsStatsService$LifeCycle
04-15 15:20:27.326 534 534 V SystemServerTimingAsync: ssm.onStartUser-0_com.android.server.BinderCallsStatsService$LifeCycle took to complete: 0ms
04-15 15:20:27.326 534 534 D SystemServerTimingAsync: ssm.onStartUser-0_com.android.server.LooperStatsService$Lifecycle
04-15 15:20:27.326 534 534 V SystemServerTimingAsync: ssm.onStartUser-0_com.android.server.LooperStatsService$Lifecycle took to complete: 0ms
04-15 15:20:27.326 534 534 D SystemServerTimingAsync: ssm.onStartUser-0_com.android.server.rollback.RollbackManagerService
04-15 15:20:27.326 534 534 V SystemServerTimingAsync: ssm.onStartUser-0_com.android.server.rollback.RollbackManagerService took to complete: 0ms
04-15 15:20:27.326 534 534 D SystemServerTimingAsync: ssm.onStartUser-0_com.android.server.os.NativeTombstoneManagerService
04-15 15:20:27.326 534 534 V SystemServerTimingAsync: ssm.onStartUser-0_com.android.server.os.NativeTombstoneManagerService took to complete: 0ms
04-15 15:20:27.326 534 534 D SystemServerTimingAsync: ssm.onStartUser-0_com.android.server.os.BugreportManagerService
04-15 15:20:27.326 534 534 V SystemServerTimingAsync: ssm.onStartUser-0_com.android.server.os.BugreportManagerService took to complete: 0ms
04-15 15:20:27.326 534 534 D SystemServerTimingAsync: ssm.onStartUser-0_com.android.server.gpu.GpuService
04-15 15:20:27.327 534 534 V SystemServerTimingAsync: ssm.onStartUser-0_com.android.server.gpu.GpuService took to complete: 0ms
04-15 15:20:27.327 534 534 D SystemServerTimingAsync: ssm.onStartUser-0_com.android.server.security.rkp.RemoteProvisioningService
04-15 15:20:27.327 534 534 V SystemServerTimingAsync: ssm.onStartUser-0_com.android.server.security.rkp.RemoteProvisioningService took to complete: 0ms
04-15 15:20:27.327 534 534 D SystemServerTimingAsync: ssm.onStartUser-0_com.android.server.cpu.CpuMonitorService
04-15 15:20:27.327 534 534 V SystemServerTimingAsync: ssm.onStartUser-0_com.android.server.cpu.CpuMonitorService took to complete: 0ms
04-15 15:20:27.327 534 534 D SystemServerTimingAsync: ssm.onStartUser-0_com.android.server.security.KeyChainSystemService
04-15 15:20:27.327 534 534 V SystemServerTimingAsync: ssm.onStartUser-0_com.android.server.security.KeyChainSystemService took to complete: 0ms
04-15 15:20:27.327 534 534 D SystemServerTimingAsync: ssm.onStartUser-0_com.android.server.BinaryTransparencyService
04-15 15:20:27.327 534 534 V SystemServerTimingAsync: ssm.onStartUser-0_com.android.server.BinaryTransparencyService took to complete: 0ms
04-15 15:20:27.327 534 534 D SystemServerTimingAsync: ssm.onStartUser-0_com.android.server.telecom.TelecomLoaderService
04-15 15:20:27.327 534 534 V SystemServerTimingAsync: ssm.onStartUser-0_com.android.server.telecom.TelecomLoaderService took to complete: 0ms
04-15 15:20:27.327 534 534 D SystemServerTimingAsync: ssm.onStartUser-0_com.android.server.accounts.AccountManagerService$Lifecycle
04-15 15:20:27.327 534 534 V SystemServerTimingAsync: ssm.onStartUser-0_com.android.server.accounts.AccountManagerService$Lifecycle took to complete: 0ms
04-15 15:20:27.332 534 534 D SystemServerTimingAsync: ssm.onStartUser-0_com.android.server.content.ContentService$Lifecycle
04-15 15:20:27.332 534 534 V SystemServerTimingAsync: ssm.onStartUser-0_com.android.server.content.ContentService$Lifecycle took to complete: 1ms
04-15 15:20:27.332 534 534 D SystemServerTimingAsync: ssm.onStartUser-0_com.android.server.deviceconfig.DeviceConfigInit$Lifecycle
04-15 15:20:27.332 534 534 V SystemServerTimingAsync: ssm.onStartUser-0_com.android.server.deviceconfig.DeviceConfigInit$Lifecycle took to complete: 0ms
04-15 15:20:27.332 534 534 D SystemServerTimingAsync: ssm.onStartUser-0_com.android.server.DropBoxManagerService
04-15 15:20:27.332 534 534 V SystemServerTimingAsync: ssm.onStartUser-0_com.android.server.DropBoxManagerService took to complete: 0ms
04-15 15:20:27.332 534 534 D SystemServerTimingAsync: ssm.onStartUser-0_com.android.role.RoleService
04-15 15:20:27.356 534 567 W BestClock: java.time.DateTimeException: Missing network time fix
04-15 15:20:27.373 534 534 I RoleService: Granting default roles...
04-15 15:20:27.379 327 327 I netd : tetherGetStats() -> {[]} <2.27ms>
04-15 15:20:27.420 534 567 W BestClock: java.time.DateTimeException: Missing network time fix
04-15 15:20:27.435 534 567 W BestClock: java.time.DateTimeException: Missing network time fix
04-15 15:20:27.470 327 327 I netd : tetherGetStats() -> {[]} <6.59ms>
04-15 15:20:27.489 534 609 I RoleUserState: Added new role: android.app.role.SYSTEM_CONTACTS
04-15 15:20:27.490 534 609 I RoleUserState: Added new role: android.app.role.FINANCED_DEVICE_KIOSK
04-15 15:20:27.491 534 609 I RoleUserState: Added new role: android.app.role.SYSTEM_SETTINGS_INTELLIGENCE
04-15 15:20:27.492 534 609 I RoleUserState: Added new role: android.app.role.SYSTEM_SUPERVISION
04-15 15:20:27.492 534 609 I RoleUserState: Added new role: android.app.role.SYSTEM_CALL_STREAMING
04-15 15:20:27.492 534 609 I RoleUserState: Added new role: android.app.role.DEVICE_POLICY_MANAGEMENT
04-15 15:20:27.493 534 609 I RoleUserState: Added new role: android.app.role.COMPANION_DEVICE_WATCH
04-15 15:20:27.493 534 609 I RoleUserState: Added new role: android.app.role.COMPANION_DEVICE_GLASSES
04-15 15:20:27.493 534 609 I RoleUserState: Added new role: android.app.role.CALL_SCREENING
04-15 15:20:27.493 534 609 I RoleUserState: Added new role: android.app.role.SYSTEM_NOTIFICATION_INTELLIGENCE
04-15 15:20:27.494 534 609 I RoleUserState: Added new role: android.app.role.SYSTEM_BLUETOOTH_STACK
04-15 15:20:27.495 534 609 I RoleUserState: Added new role: android.app.role.COMPANION_DEVICE_APP_STREAMING
04-15 15:20:27.495 534 609 I RoleUserState: Added new role: android.app.role.SYSTEM_DOCUMENT_MANAGER
04-15 15:20:27.495 534 609 I RoleUserState: Added new role: android.app.role.SYSTEM_GALLERY
04-15 15:20:27.496 534 567 W BestClock: java.time.DateTimeException: Missing network time fix
04-15 15:20:27.497 534 609 I RoleUserState: Added new role: android.app.role.SYSTEM_APP_PROTECTION_SERVICE
04-15 15:20:27.497 534 609 I RoleUserState: Added new role: android.app.role.SYSTEM_SHELL
04-15 15:20:27.498 534 609 I RoleUserState: Added new role: android.app.role.SYSTEM_WELLBEING
04-15 15:20:27.499 534 609 I RoleUserState: Added new role: android.app.role.SYSTEM_VISUAL_INTELLIGENCE
04-15 15:20:27.499 534 609 I RoleUserState: Added new role: android.app.role.SYSTEM_TEXT_INTELLIGENCE
04-15 15:20:27.499 534 609 I RoleUserState: Added new role: android.app.role.SYSTEM_AUTOMOTIVE_PROJECTION
04-15 15:20:27.500 534 609 I RoleUserState: Added new role: android.app.role.SYSTEM_ACTIVITY_RECOGNIZER
04-15 15:20:27.501 534 609 I RoleUserState: Added new role: android.app.role.SYSTEM_COMPANION_DEVICE_PROVIDER
04-15 15:20:27.501 534 609 I RoleUserState: Added new role: android.app.role.SMS
04-15 15:20:27.501 534 609 I RoleUserState: Added new role: android.app.role.SYSTEM_UI_INTELLIGENCE
04-15 15:20:27.501 534 609 I RoleUserState: Added new role: android.app.role.DIALER
04-15 15:20:27.502 534 609 I RoleUserState: Added new role: android.app.role.HOME
04-15 15:20:27.502 534 609 I RoleUserState: Added new role: android.app.role.SYSTEM_SPEECH_RECOGNIZER
04-15 15:20:27.502 534 609 I RoleUserState: Added new role: android.app.role.COMPANION_DEVICE_NEARBY_DEVICE_STREAMING
04-15 15:20:27.502 534 609 I RoleUserState: Added new role: android.app.role.COMPANION_DEVICE_COMPUTER
04-15 15:20:27.503 534 609 I RoleUserState: Added new role: android.app.role.SYSTEM_UI
04-15 15:20:27.503 534 609 I RoleUserState: Added new role: android.app.role.SYSTEM_WIFI_COEX_MANAGER
04-15 15:20:27.503 534 609 I RoleUserState: Added new role: android.app.role.ASSISTANT
04-15 15:20:27.504 534 609 I RoleUserState: Added new role: android.app.role.SYSTEM_FINANCED_DEVICE_CONTROLLER
04-15 15:20:27.505 534 609 I RoleUserState: Added new role: android.app.role.SYSTEM_AMBIENT_AUDIO_INTELLIGENCE
04-15 15:20:27.505 534 609 I RoleUserState: Added new role: android.app.role.EMERGENCY
04-15 15:20:27.505 534 609 I RoleUserState: Added new role: android.app.role.CALL_REDIRECTION
04-15 15:20:27.506 534 609 I RoleUserState: Added new role: android.app.role.SYSTEM_AUDIO_INTELLIGENCE
04-15 15:20:27.506 534 609 I RoleUserState: Added new role: android.app.role.BROWSER
04-15 15:20:27.516 534 972 D BufferPoolAccessor2.0: bufferpool2 0x7745cfc68e98 : 0(0 size) total buffers - 0(0 size) used buffers - 2/7 (recycle/alloc) - 5/34 (fetch/transfer)
04-15 15:20:27.516 534 972 D BufferPoolAccessor2.0: evictor expired: 1, evicted: 1
04-15 15:20:27.532 904 1091 I RoleControllerServiceImpl: Adding package as default/fallback role holder, package: com.android.contacts, role: android.app.role.SYSTEM_CONTACTS
04-15 15:20:27.566 534 567 W BestClock: java.time.DateTimeException: Missing network time fix
04-15 15:20:27.575 455 893 D BufferPoolAccessor2.0: bufferpool2 0x7e043d171288 : 0(0 size) total buffers - 0(0 size) used buffers - 12/15 (recycle/alloc) - 3/14 (fetch/transfer)
04-15 15:20:27.575 455 893 D BufferPoolAccessor2.0: evictor expired: 1, evicted: 1
04-15 15:20:27.614 1060 1060 I AidlLazyServiceRegistrar: Process has 1 (of 1 available) client(s) in use after notification android.hardware.gnss.IGnss/default has clients: 1
04-15 15:20:27.622 0 0 I servicemanager: Notifying android.hardware.gnss.IGnss/default they do (previously: don't) have clients when we now have a record of a client
04-15 15:20:27.617 904 1091 I RoleControllerServiceImpl: Adding package as default/fallback role holder, package: com.android.settings.intelligence, role: android.app.role.SYSTEM_SETTINGS_INTELLIGENCE
04-15 15:20:27.623 327 327 I netd : tetherGetStats() -> {[]} <2.53ms>
04-15 15:20:27.625 1072 1072 D CompatibilityChangeReporter: Compat change id reported: 194532703; UID 1073; state: ENABLED
04-15 15:20:27.626 1072 1072 D CompatibilityChangeReporter: Compat change id reported: 253665015; UID 1073; state: ENABLED
04-15 15:20:27.633 534 608 D CompatibilityChangeReporter: Compat change id reported: 253665015; UID 1073; state: ENABLED
04-15 15:20:27.635 534 608 D CompatibilityChangeReporter: Compat change id reported: 194532703; UID 1073; state: ENABLED
04-15 15:20:27.642 534 567 W BestClock: java.time.DateTimeException: Missing network time fix
04-15 15:20:27.671 534 1070 D ConnectivityService: requestNetwork for uid/pid:1073/1072 activeRequest: null callbackRequest: 16 [NetworkRequest [ REQUEST id=17, [ Capabilities: INTERNET&NOT_RESTRICTED&TRUSTED&NOT_VCN_MANAGED Uid: 1073 RequestorUid: 1073 RequestorPkg: com.android.networkstack UnderlyingNetworks: Null] ]] callback flags: 0 order: 2147483647
04-15 15:20:27.673 534 821 D ConnectivityService: NetReassign [no changes] [c 0] [a 0] [i 0]
04-15 15:20:27.679 534 821 D ConnectivityService: NetReassign [no changes] [c 0] [a 0] [i 0]
04-15 15:20:27.683 534 567 D CountryDetector: Using custom country detector class: com.android.server.location.ComprehensiveCountryDetector
04-15 15:20:27.683 534 567 E CountryDetector: Could not instantiate the custom country detector class
04-15 15:20:27.683 534 567 D CountryDetector: Using default country detector
04-15 15:20:27.728 327 327 I netd : registerUnsolicitedEventListener(interface:0x7bb41ac65320) <0.79ms>
04-15 15:20:27.731 428 428 D incidentd: WorkDirectory::getReports
04-15 15:20:27.778 1072 1072 D nativeloader: Configuring clns-shared-8 for other apk /apex/com.android.tethering/priv-app/TetheringNext@UE1A.230829.036.A1/TetheringNext.apk. target_sdk_version=34, uses_libraries=, library_path=/apex/com.android.tethering/priv-app/TetheringNext@UE1A.230829.036.A1/lib/x86_64:/apex/com.android.tethering/priv-app/TetheringNext@UE1A.230829.036.A1/TetheringNext.apk!/lib/x86_64:/system/lib64:/system_ext/lib64, permitted_path=/data:/mnt/expand:/data/user_de/0/com.android.networkstack.tethering:/apex/com.android.tethering/priv-app/TetheringNext@UE1A.230829.036.A1:/system/lib64:/system_ext/lib64
04-15 15:20:27.799 904 1091 I RoleControllerServiceImpl: Adding package as default/fallback role holder, package: com.android.bluetooth, role: android.app.role.SYSTEM_BLUETOOTH_STACK
04-15 15:20:27.901 534 1067 D NetworkStats: registerNetworkStatsProvider from OffloadController uid/pid=1073/1072
04-15 15:20:27.932 534 1067 D CompatibilityChangeReporter: Compat change id reported: 161145287; UID 1073; state: ENABLED
04-15 15:20:28.017 904 1091 I RoleControllerServiceImpl: Adding package as default/fallback role holder, package: com.android.documentsui, role: android.app.role.SYSTEM_DOCUMENT_MANAGER
04-15 15:20:28.093 1072 1072 D CompatibilityChangeReporter: Compat change id reported: 183155436; UID 1073; state: ENABLED
04-15 15:20:28.129 1072 1072 E SystemServiceRegistry: No service published for: ethernet
04-15 15:20:28.129 1072 1072 E SystemServiceRegistry: android.os.ServiceManager$ServiceNotFoundException: No service published for: ethernet
04-15 15:20:28.129 1072 1072 E SystemServiceRegistry: at android.os.ServiceManager.getServiceOrThrow(ServiceManager.java:166)
04-15 15:20:28.129 1072 1072 E SystemServiceRegistry: at android.app.SystemServiceRegistry$139.createService(SystemServiceRegistry.java:1872)
04-15 15:20:28.129 1072 1072 E SystemServiceRegistry: at android.app.SystemServiceRegistry$CachedServiceFetcher.getService(SystemServiceRegistry.java:1971)
04-15 15:20:28.129 1072 1072 E SystemServiceRegistry: at android.app.SystemServiceRegistry.getSystemService(SystemServiceRegistry.java:1645)
04-15 15:20:28.129 1072 1072 E SystemServiceRegistry: at android.app.ContextImpl.getSystemService(ContextImpl.java:2212)
04-15 15:20:28.129 1072 1072 E SystemServiceRegistry: at android.content.ContextWrapper.getSystemService(ContextWrapper.java:934)
04-15 15:20:28.129 1072 1072 E SystemServiceRegistry: at com.android.networkstack.tethering.Tethering.isEthernetSupported(Tethering.java:1582)
04-15 15:20:28.129 1072 1072 E SystemServiceRegistry: at com.android.networkstack.tethering.Tethering.makeSupportedDownstreams(Tethering.java:2550)
04-15 15:20:28.129 1072 1072 E SystemServiceRegistry: at com.android.networkstack.tethering.Tethering.updateSupportedDownstreams(Tethering.java:2524)
04-15 15:20:28.129 1072 1072 E SystemServiceRegistry: at com.android.networkstack.tethering.Tethering.updateConfiguration(Tethering.java:546)
04-15 15:20:28.129 1072 1072 E SystemServiceRegistry: at com.android.networkstack.tethering.Tethering.(Tethering.java:362)
04-15 15:20:28.129 1072 1072 E SystemServiceRegistry: at com.android.networkstack.tethering.TetheringService.makeTethering(TetheringService.java:88)
04-15 15:20:28.129 1072 1072 E SystemServiceRegistry: at com.android.networkstack.tethering.TetheringService.onCreate(TetheringService.java:78)
04-15 15:20:28.129 1072 1072 E SystemServiceRegistry: at android.app.ActivityThread.handleCreateService(ActivityThread.java:4651)
04-15 15:20:28.129 1072 1072 E SystemServiceRegistry: at android.app.ActivityThread.-$$Nest$mhandleCreateService(Unknown Source:0)
04-15 15:20:28.129 1072 1072 E SystemServiceRegistry: at android.app.ActivityThread$H.handleMessage(ActivityThread.java:2264)
04-15 15:20:28.129 1072 1072 E SystemServiceRegistry: at android.os.Handler.dispatchMessage(Handler.java:106)
04-15 15:20:28.129 1072 1072 E SystemServiceRegistry: at android.os.Looper.loopOnce(Looper.java:205)
04-15 15:20:28.129 1072 1072 E SystemServiceRegistry: at android.os.Looper.loop(Looper.java:294)
04-15 15:20:28.129 1072 1072 E SystemServiceRegistry: at android.app.ActivityThread.main(ActivityThread.java:8177)
04-15 15:20:28.129 1072 1072 E SystemServiceRegistry: at java.lang.reflect.Method.invoke(Native Method)
04-15 15:20:28.129 1072 1072 E SystemServiceRegistry: at com.android.internal.os.RuntimeInit$MethodAndArgsCaller.run(RuntimeInit.java:552)
04-15 15:20:28.129 1072 1072 E SystemServiceRegistry: at com.android.internal.os.ZygoteInit.main(ZygoteInit.java:971)
04-15 15:20:28.170 904 1091 I RoleControllerServiceImpl: Adding package as default/fallback role holder, package: com.android.gallery3d, role: android.app.role.SYSTEM_GALLERY
04-15 15:20:28.183 1072 1072 D CompatibilityChangeReporter: Compat change id reported: 247079863; UID 1073; state: ENABLED
04-15 15:20:28.220 1072 1072 W rkstack.process: type=1400 audit(0.0:5): avc: granted { read } for name="psched" dev="proc" ino=4026532021 scontext=u:r:network_stack:s0 tcontext=u:object_r:proc_net:s0 tclass=file
04-15 15:20:28.228 1072 1072 W rkstack.process: type=1400 audit(0.0:6): avc: granted { read open } for path="/proc/1072/net/psched" dev="proc" ino=4026532021 scontext=u:r:network_stack:s0 tcontext=u:object_r:proc_net:s0 tclass=file
04-15 15:20:28.228 1072 1072 W rkstack.process: type=1400 audit(0.0:7): avc: granted { getattr } for path="/proc/1072/net/psched" dev="proc" ino=4026532021 scontext=u:r:network_stack:s0 tcontext=u:object_r:proc_net:s0 tclass=file
04-15 15:20:28.249 534 1067 D NetworkStats: registerNetworkStatsProvider from BpfCoordinator uid/pid=1073/1072
04-15 15:20:28.372 327 327 I netd : registerUnsolicitedEventListener(interface:0x7bb41ac64400) <0.27ms>
04-15 15:20:28.391 904 1091 I RoleControllerServiceImpl: Adding package as default/fallback role holder, package: com.android.shell, role: android.app.role.SYSTEM_SHELL
04-15 15:20:28.417 1072 1072 D CompatibilityChangeReporter: Compat change id reported: 147600208; UID 1073; state: ENABLED
04-15 15:20:28.423 534 608 D CompatibilityChangeReporter: Compat change id reported: 182478738; UID 1073; state: ENABLED
04-15 15:20:28.451 1072 1072 V WifiManager: registerSoftApCallback: callback=com.android.networkstack.tethering.Tethering$TetheringSoftApCallback@437028c, executor=com.android.networkstack.tethering.Tethering$TetheringThreadExecutor@27aedd5
04-15 15:20:28.468 534 812 D ApConfigUtil: Update Softap capability, add client control feature support
04-15 15:20:28.470 1072 1085 V WifiManager: SoftApCallbackProxy on mode 1, send InfoChanged, newInfo: SoftApInfo{bandwidth= 0, frequency= 0, wifiStandard= 0, mApInstanceIdentifier= null, mIdleShutdownTimeoutMillis= 0}
04-15 15:20:28.472 1072 1085 V WifiManager: SoftApCallbackProxy on mode 1, send InfoChanged, changedInfoList: []
04-15 15:20:28.473 1072 1085 V WifiManager: SoftApCallbackProxy on mode 1, send onConnectedClientsChanged(clients): []
04-15 15:20:28.473 534 812 D ApConfigUtil: Update Softap capability, add MAC customization support
04-15 15:20:28.474 534 812 D ApConfigUtil: Update Softap capability, add 2.4G support
04-15 15:20:28.476 534 812 D ApConfigUtil: Update Softap capability, max client = 16
04-15 15:20:28.476 534 812 D WifiCountryCode: Reading country code from telephony
04-15 15:20:28.478 1072 1072 V WifiManager: registerLocalOnlyHotspotSoftApCallback: callback=com.android.networkstack.tethering.Tethering$LocalOnlyHotspotCallback@a8c59ea, executor=com.android.networkstack.tethering.Tethering$TetheringThreadExecutor@27aedd5
04-15 15:20:28.481 534 812 D WifiCountryCode: Set telephony country code to:
04-15 15:20:28.496 534 812 D ApConfigUtil: Update Softap capability, add client control feature support
04-15 15:20:28.496 534 812 D ApConfigUtil: Update Softap capability, add MAC customization support
04-15 15:20:28.496 534 812 D ApConfigUtil: Update Softap capability, add 2.4G support
04-15 15:20:28.497 534 812 D ApConfigUtil: Update Softap capability, max client = 16
04-15 15:20:28.497 534 812 D WifiCountryCode: Reading country code from telephony
04-15 15:20:28.499 1072 1085 V WifiManager: SoftApCallbackProxy on mode 2, send InfoChanged, newInfo: SoftApInfo{bandwidth= 0, frequency= 0, wifiStandard= 0, mApInstanceIdentifier= null, mIdleShutdownTimeoutMillis= 0}
04-15 15:20:28.500 534 812 D WifiCountryCode: Set telephony country code to:
04-15 15:20:28.501 1072 1085 V WifiManager: SoftApCallbackProxy on mode 2, send InfoChanged, changedInfoList: []
04-15 15:20:28.501 1072 1085 V WifiManager: SoftApCallbackProxy on mode 2, send onConnectedClientsChanged(clients): []
04-15 15:20:28.506 534 1067 D ConnectivityService: requestNetwork for uid/pid:1073/1072 activeRequest: null callbackRequest: 19 [NetworkRequest [ TRACK_SYSTEM_DEFAULT id=19, [ Capabilities: INTERNET&NOT_RESTRICTED&TRUSTED&NOT_VPN&NOT_VCN_MANAGED RequestorUid: 1073 RequestorPkg: com.android.networkstack.tethering UnderlyingNetworks: Null] ]] callback flags: 0 order: 2147483647
04-15 15:20:28.509 534 821 D ConnectivityService: NetReassign [no changes] [c 0] [a 0] [i 0]
04-15 15:20:28.624 904 1091 I RoleControllerServiceImpl: Adding package as default/fallback role holder, package: com.android.messaging, role: android.app.role.SMS
04-15 15:20:28.785 904 1091 I RoleControllerServiceImpl: Adding package as default/fallback role holder, package: com.android.dialer, role: android.app.role.DIALER
04-15 15:20:28.918 904 1091 I RoleControllerServiceImpl: Adding package as default/fallback role holder, package: com.android.sdksetup, role: android.app.role.HOME
04-15 15:20:28.945 904 1091 I RoleControllerServiceImpl: Adding package as default/fallback role holder, package: com.android.systemui, role: android.app.role.SYSTEM_UI
04-15 15:20:28.981 904 1091 I RoleControllerServiceImpl: Adding package as default/fallback role holder, package: com.android.devicelockcontroller, role: android.app.role.SYSTEM_FINANCED_DEVICE_CONTROLLER
04-15 15:20:29.042 904 1091 I RoleControllerServiceImpl: Adding package as default/fallback role holder, package: com.android.emergency, role: android.app.role.EMERGENCY
04-15 15:20:29.059 904 1091 I RoleControllerServiceImpl: Adding package as default/fallback role holder, package: org.chromium.webview_shell, role: android.app.role.BROWSER
04-15 15:20:29.087 534 534 W SystemServiceManager: Service com.android.role.RoleService took 1754 ms in onStartUser-0
04-15 15:20:29.087 534 534 V SystemServerTimingAsync: ssm.onStartUser-0_com.android.role.RoleService took to complete: 1755ms
04-15 15:20:29.087 534 534 D SystemServerTimingAsync: ssm.onStartUser-0_com.android.server.vibrator.VibratorManagerService$Lifecycle
04-15 15:20:29.087 534 534 V SystemServerTimingAsync: ssm.onStartUser-0_com.android.server.vibrator.VibratorManagerService$Lifecycle took to complete: 0ms
04-15 15:20:29.087 534 534 D SystemServerTimingAsync: ssm.onStartUser-0_com.android.server.tare.InternalResourceService
04-15 15:20:29.089 534 534 V SystemServerTimingAsync: ssm.onStartUser-0_com.android.server.tare.InternalResourceService took to complete: 2ms
04-15 15:20:29.089 534 534 D SystemServerTimingAsync: ssm.onStartUser-0_com.android.server.alarm.AlarmManagerService
04-15 15:20:29.090 534 534 V SystemServerTimingAsync: ssm.onStartUser-0_com.android.server.alarm.AlarmManagerService took to complete: 0ms
04-15 15:20:29.090 534 534 D SystemServerTimingAsync: ssm.onStartUser-0_com.android.server.devicestate.DeviceStateManagerService
04-15 15:20:29.090 534 534 V SystemServerTimingAsync: ssm.onStartUser-0_com.android.server.devicestate.DeviceStateManagerService took to complete: 0ms
04-15 15:20:29.090 534 534 D SystemServerTimingAsync: ssm.onStartUser-0_com.android.server.camera.CameraServiceProxy
04-15 15:20:29.097 534 534 V SystemServerTimingAsync: ssm.onStartUser-0_com.android.server.camera.CameraServiceProxy took to complete: 7ms
04-15 15:20:29.097 534 534 D SystemServerTimingAsync: ssm.onStartUser-0_com.android.server.bluetooth.BluetoothService
04-15 15:20:29.098 534 534 D BluetoothManagerService: Bluetooth boot completed
04-15 15:20:29.102 534 534 D BluetoothManagerService: Auto-enabling Bluetooth.
04-15 15:20:29.103 534 648 D BluetoothManagerService: MESSAGE_ENABLE(0): mBluetooth =null
04-15 15:20:29.103 534 648 D BluetoothManagerService: Persisting Bluetooth Setting: 1
04-15 15:20:29.103 534 648 D BluetoothManagerService: binding Bluetooth service
04-15 15:20:29.133 534 648 D CompatibilityChangeReporter: Compat change id reported: 135634846; UID 1002; state: DISABLED
04-15 15:20:29.134 534 569 W ActivityManager: com.android.bluetooth inode == 0 (b/152760674)
04-15 15:20:29.157 534 534 D BluetoothA2dp: Binding service...
04-15 15:20:29.157 534 534 D BluetoothManagerService: Trying to bind to profile: 2, while Bluetooth was disabled
04-15 15:20:29.158 534 534 D BluetoothHearingAid: Binding service...
04-15 15:20:29.159 534 534 D BluetoothManagerService: Trying to bind to profile: 21, while Bluetooth was disabled
04-15 15:20:29.159 534 534 D BluetoothLeAudio: Binding service...
04-15 15:20:29.159 534 534 D BluetoothManagerService: Trying to bind to profile: 22, while Bluetooth was disabled
04-15 15:20:29.164 534 534 I BluetoothAirplaneModeListener: start
04-15 15:20:29.178 328 328 D Zygote : Forked child process 1099
