04-15 15:21:12.562 1072 1072 W System : ClassLoader referenced unknown path:
04-15 15:21:12.563 1072 1072 D nativeloader: Configuring clns-shared-9 for other apk . target_sdk_version=34, uses_libraries=, library_path=/system/priv-app/NetworkStack/lib/x86_64:/system/priv-app/NetworkStack/NetworkStack.apk!/lib/x86_64:/system/lib64:/system_ext/lib64, permitted_path=/data:/mnt/expand:/data/user_de/0/com.android.networkstack:/system/priv-app/NetworkStack:/system/lib64:/system_ext/lib64
04-15 15:21:12.625 534 1537 I AppSearchIcing: document-store.cc:348: Starting Document Store Recovery with cause=0, and create result { new_file=1, preeisting_file_version=1, data_loss=0} and kCurrentVersion=1
04-15 15:21:12.687 534 1070 E IPCThreadState: Binder transaction failure: 33501/29189/-22
04-15 15:21:12.695 0 0 W binder_debug: 59 callbacks suppressed
04-15 15:21:12.695 0 0 I binder : 1070:534 cannot find target node
04-15 15:21:12.696 0 0 I binder : 534:1070 transaction async to 0:0 failed 33501/29189/-22, size 104-0 line 3210
04-15 15:21:12.699 0 0 I binder : 1070:534 reply target not found
04-15 15:21:12.699 0 0 I binder : 534:1070 transaction reply to 0:0 failed 33502/29189/0, size 4-0 line 3140
04-15 15:21:12.699 0 0 I binder : send failed reply for transaction 32113, target dead
04-15 15:21:12.708 534 1463 E IPCThreadState: Binder transaction failure: 33503/29189/-22
04-15 15:21:12.717 0 0 I binder : 1463:534 cannot find target node
04-15 15:21:12.717 0 0 I binder : 534:1463 transaction async to 0:0 failed 33503/29189/-22, size 104-0 line 3210
04-15 15:21:12.718 0 0 I binder : 1463:534 reply target not found
04-15 15:21:12.718 0 0 I binder : 534:1463 transaction reply to 0:0 failed 33504/29189/0, size 4-0 line 3140
04-15 15:21:12.719 0 0 I binder : send failed reply for transaction 32037, target dead
04-15 15:21:12.733 534 1434 I system_server: libdebuggerd_client: started dumping process 894
04-15 15:21:12.737 193 193 I tombstoned: registered intercept for pid 894 and type kDebuggerdJavaBacktrace
04-15 15:21:12.747 894 897 I ndroid.systemui: Thread[3,tid=897,WaitingInMainSignalCatcherLoop,Thread*=0x77465fc3bf50,peer=0x13c00000,"Signal Catcher"]: reacting to signal 3
04-15 15:21:12.747 894 897 I ndroid.systemui:
04-15 15:21:12.887 1541 1541 V GraphicsEnvironment: Currently set values for:
04-15 15:21:12.901 1541 1541 V GraphicsEnvironment: angle_gl_driver_selection_pkgs=[]
04-15 15:21:12.915 1541 1541 V GraphicsEnvironment: angle_gl_driver_selection_values=[]
04-15 15:21:12.921 1541 1541 V GraphicsEnvironment: ANGLE GameManagerService for com.android.emulator.multidisplay: false
04-15 15:21:12.955 1541 1541 V GraphicsEnvironment: com.android.emulator.multidisplay is not listed in per-application setting
04-15 15:21:12.976 1541 1541 V GraphicsEnvironment: Neither updatable production driver nor prerelease driver is supported.
04-15 15:21:13.075 534 858 W system_server: Long monitor contention with owner android.bg (567) at boolean android.os.MessageQueue.enqueueMessage(android.os.Message, long)(MessageQueue.java:600) waiters=0 in android.os.Message android.os.MessageQueue.next() for 533ms
04-15 15:21:13.086 534 1070 I ActivityManager: Flag disabled. Ignoring finishAttachApplication from uid: 1000. pid: 1541
04-15 15:21:13.166 1506 1506 D PickerSyncController: Cloud-Media-in-Photo-Picker feature is disabled during PickerSyncController construction.
04-15 15:21:13.205 1506 1506 D PickerSyncController: Updated cloud provider to: null
04-15 15:21:13.237 1506 1506 D PickerSyncController: Ignoring cache media info for null authority with bundle: null
04-15 15:21:13.265 534 556 W Transition: Failed to capture screenshot for Display{#0 state=ON size=1080x2400 ROTATION_0}
04-15 15:21:13.272 534 858 W system_server: Long monitor contention with owner android.bg (567) at boolean android.os.MessageQueue.enqueueMessage(android.os.Message, long)(MessageQueue.java:600) waiters=0 in android.os.Message android.os.MessageQueue.next() for 127ms
04-15 15:21:13.421 534 567 I UsageStatsService: User[0] Flushing usage stats to disk
04-15 15:21:13.459 534 556 W ActivityTaskManager: Current config: {1.0 ?mcc0mnc [en_US] ldltr sw411dp w411dp h914dp 420dpi nrml long port finger qwerty/v/v -nav/h winConfig={ mBounds=Rect(0, 0 - 1080, 2400) mAppBounds=Rect(0, 0 - 1080, 2400) mMaxBounds=Rect(0, 0 - 1080, 2400) mDisplayRotation=ROTATION_0 mWindowingMode=fullscreen mDisplayWindowingMode=fullscreen mActivityType=undefined mAlwaysOnTop=undefined mRotation=ROTATION_0} as.3 s.11 fontWeightAdjustment=0} unchanged for IME proc com.android.inputmethod.latin
04-15 15:21:13.467 534 806 W system_server: Long monitor contention with owner android.fg (556) at boolean com.android.server.wm.ActivityTaskManagerService.updateConfiguration(android.content.res.Configuration)(ActivityTaskManagerService.java:3753) waiters=0 in android.content.res.Configuration com.android.server.wm.WindowManagerService.attachToDisplayContent(android.os.IBinder, int) for 1.573s
04-15 15:21:13.525 534 1455 W ProcessCpuTracker: Failed to stat(/proc/1099): android.system.ErrnoException: stat failed: ENOENT (No such file or directory)
04-15 15:21:13.526 534 1455 W ProcessCpuTracker: Skipping unknown process pid 1099
04-15 15:21:13.590 894 926 V WindowManagerShell: loadAnimation: anim=android.view.animation.AnimationSet@cdd5fff animAttr=0xa type=CLOSE isEntrance=true
04-15 15:21:13.622 534 568 W system_server: Long monitor contention with owner android.fg (556) at void com.android.server.am.ActivityManagerService.scheduleApplicationInfoChanged(java.util.List, int)(ActivityManagerService.java:19335) waiters=0 in boolean com.android.server.am.ProcessList.startProcessLocked(com.android.server.am.HostingRecord, java.lang.String, com.android.server.am.ProcessRecord, int, int[], int, int, int, java.lang.String, java.lang.String, java.lang.String, java.lang.String, long, long) for 2.286s
04-15 15:21:13.626 534 568 W ActivityManager: Slow operation: 2356ms so far, now at startProcess: done starting proc!
04-15 15:21:13.640 534 816 W system_server: Long monitor contention with owner android.fg (556) at void com.android.server.am.ActivityManagerService.scheduleApplicationInfoChanged(java.util.List, int)(ActivityManagerService.java:19335) waiters=1 in boolean com.android.server.am.ActivityManagerService.isAppStartModeDisabled(int, java.lang.String) for 2.116s
04-15 15:21:13.654 534 1639 I ActivityManager: Enqueued broadcast Intent { act=com.android.emulator.multidisplay.START flg=0x400000 cmp=com.android.emulator.multidisplay/.MultiDisplayServiceReceiver }: 0
04-15 15:21:13.657 904 904 W System : ClassLoader referenced unknown path:
04-15 15:21:13.659 904 904 D nativeloader: Configuring clns-shared-8 for other apk . target_sdk_version=34, uses_libraries=, library_path=/apex/com.android.permission/priv-app/PermissionController@UE1A.230829.036.A1/lib/x86_64:/system/lib64:/system_ext/lib64, permitted_path=/data:/mnt/expand:/data/user_de/0/com.android.permissioncontroller:/apex/com.android.permission/priv-app/PermissionController@UE1A.230829.036.A1:/system/lib64:/system_ext/lib64
04-15 15:21:13.698 534 557 W Looper : Slow dispatch took 2504ms android.ui h=com.android.server.am.ActivityManagerService$UiHandler c=com.android.server.am.UidObserverController$$ExternalSyntheticLambda0@3ef3a60 m=0
04-15 15:21:13.715 534 534 W system_server: Long monitor contention with owner ActivityManager (568) at void com.android.server.am.ActiveServices$ServiceRestarter.run()(ActiveServices.java:4086) waiters=10 in int com.android.server.am.ActivityManagerService.broadcastIntentWithFeature(android.app.IApplicationThread, java.lang.String, android.content.Intent, java.lang.String, android.content.IIntentReceiver, int, java.lang.String, android.os.Bundle, java.lang.String[], java.lang.String[], java.lang.String[], int, android.os.Bundle, boolean, boolean, int) for 2.448s
04-15 15:21:13.734 534 623 D OomAdjuster: Not killing cached processes
04-15 15:21:13.742 534 845 W system_server: Long monitor contention with owner ActivityManager (568) at void com.android.server.am.ActiveServices$ServiceRestarter.run()(ActiveServices.java:4086) waiters=11 in android.content.Intent com.android.server.am.ActivityManagerService.registerReceiverWithFeature(android.app.IApplicationThread, java.lang.String, java.lang.String, java.lang.String, android.content.IIntentReceiver, android.content.IntentFilter, java.lang.String, int, int) for 2.474s
04-15 15:21:13.748 534 569 W system_server: Long monitor contention with owner ActivityManager (568) at void com.android.server.am.ActiveServices$ServiceRestarter.run()(ActiveServices.java:4086) waiters=12 in void com.android.server.am.ProcessList.lambda$handleProcessStart$1(com.android.server.am.ProcessRecord, java.lang.String, int[], int, int, int, java.lang.String, java.lang.String, java.lang.String, long) for 2.268s
04-15 15:21:13.750 534 569 W ActivityManager: Slow operation: 3915ms so far, now at startProcess: done updating battery stats
04-15 15:21:13.751 534 569 W ActivityManager: Slow operation: 3916ms so far, now at startProcess: building log message
04-15 15:21:13.751 534 569 I ActivityManager: Start proc 1659:com.android.sdksetup/u0a111 for top-activity {com.android.sdksetup/com.android.sdksetup.DefaultActivity}
04-15 15:21:13.753 534 569 W ActivityManager: Slow operation: 3919ms so far, now at startProcess: starting to update pids map
04-15 15:21:13.754 534 569 W ActivityManager: Slow operation: 3919ms so far, now at startProcess: done updating pids map
04-15 15:21:13.754 534 551 W system_server: Long monitor contention with owner ActivityManager (568) at void com.android.server.am.ActiveServices$ServiceRestarter.run()(ActiveServices.java:4086) waiters=13 in void com.android.server.am.ContentProviderHelper.publishContentProviders(android.app.IApplicationThread, java.util.List) for 2.182s
04-15 15:21:13.755 534 569 W ActivityManager: Slow operation: 2481ms so far, now at startProcess: asking zygote to start proc
04-15 15:21:13.771 894 926 V WindowManagerShell: animated by com.android.wm.shell.transition.DefaultTransitionHandler@5427472
04-15 15:21:13.773 894 926 W Looper : Slow dispatch took 2120ms wmshell.main h=android.os.Handler c=com.android.wm.shell.transition.Transitions$TransitionPlayerImpl$$ExternalSyntheticLambda0@18b4b2a m=0
04-15 15:21:13.776 894 926 V WindowManagerShell: Transition requested: android.os.BinderProxy@5b1fd1b TransitionRequestInfo { type = CHANGE, triggerTask = null, remoteTransition = null, displayChange = null }
04-15 15:21:13.805 534 873 W Looper : Slow dispatch took 109ms android.perm h=android.os.Handler c= m=0
04-15 15:21:13.809 904 1003 I PermissionControllerServiceImpl: Updating user sensitive for user 0
04-15 15:21:13.814 1631 1631 D CompatibilityChangeReporter: Compat change id reported: 205919743; UID 10071; state: ENABLED
04-15 15:21:13.859 328 328 D Zygote : Forked child process 1680
04-15 15:21:13.865 534 569 W ActivityManager: Slow operation: 2591ms so far, now at startProcess: returned from zygote!
04-15 15:21:13.949 377 377 I android.hardware.power-service.example: Power isModeSupported: 6
04-15 15:21:14.031 1680 1680 I droid.bluetooth: Using CollectorTypeCC GC.
04-15 15:21:14.046 1680 1680 W droid.bluetooth: Unexpected CPU variant for x86: x86_64.
04-15 15:21:14.046 1680 1680 W droid.bluetooth: Known variants: atom, sandybridge, silvermont, goldmont, goldmont-plus, tremont, kabylake, default
04-15 15:21:14.061 894 934 W Looper : Slow delivery took 134ms wmshell.anim h=android.os.Handler c=com.android.wm.shell.transition.DefaultTransitionHandler$$ExternalSyntheticLambda0@5c92eb8 m=0
04-15 15:21:14.062 894 934 W Looper : Slow dispatch took 157ms wmshell.anim h=android.os.Handler c=com.android.wm.shell.transition.DefaultTransitionHandler$$ExternalSyntheticLambda0@5c92eb8 m=0
04-15 15:21:14.098 894 926 W Looper : Slow delivery took 1728ms wmshell.main h=android.os.Handler c=com.android.wm.shell.transition.Transitions$TransitionPlayerImpl$$ExternalSyntheticLambda1@9eaeff6 m=0
04-15 15:21:14.098 894 926 W Looper : Slow dispatch took 321ms wmshell.main h=android.os.Handler c=com.android.wm.shell.transition.Transitions$TransitionPlayerImpl$$ExternalSyntheticLambda1@9eaeff6 m=0
04-15 15:21:14.100 534 1618 W system_server: Long monitor contention with owner binder:534_15 (1621) at android.os.IBinder com.android.server.wm.WindowOrganizerController.startTransition(int, android.os.IBinder, android.window.WindowContainerTransaction)(WindowOrganizerController.java:329) waiters=0 in android.content.res.CompatibilityInfo com.android.server.wm.ActivityTaskManagerService$LocalService.compatibilityInfoForPackage(android.content.pm.ApplicationInfo) for 315ms
04-15 15:21:14.103 534 1618 D CompatibilityChangeReporter: Compat change id reported: 168419799; UID 10111; state: DISABLED
04-15 15:21:14.107 894 926 V WindowManagerShell: Display changed: 0
04-15 15:21:14.134 894 934 W Looper : Slow dispatch took 71ms wmshell.anim h=android.view.Choreographer$FrameHandler c=android.view.Choreographer$FrameDisplayEventReceiver@9d8f493 m=0
04-15 15:21:14.157 894 934 W Looper : Drained
04-15 15:21:14.159 534 1618 D CompatibilityChangeReporter: Compat change id reported: 273564678; UID 10111; state: DISABLED
04-15 15:21:14.167 534 1618 W ActivityManager: Slow operation: 387ms so far, now at attachApplicationLocked: immediately before bindApplication
04-15 15:21:14.230 534 610 W system_server: Long monitor contention with owner android.perm (873) at int com.android.server.appop.AppOpsCheckingServiceImpl.getUidMode(int, int)(AppOpsCheckingServiceImpl.java:214) waiters=0 in com.android.server.appop.AppOpsService$PackageVerificationResult com.android.server.appop.AppOpsService.verifyAndGetBypass(int, java.lang.String, java.lang.String, java.lang.String, boolean) for 239ms
04-15 15:21:14.238 534 1068 W system_server: Long monitor contention with owner binder:534_15 (1621) at android.os.IBinder com.android.server.wm.WindowOrganizerController.startTransition(int, android.os.IBinder, android.window.WindowContainerTransaction)(WindowOrganizerController.java:329) waiters=1 in void com.android.server.wm.BLASTSyncEngine$SyncGroup$1CommitCallback.onCommitted(android.view.SurfaceControl$Transaction) for 342ms
04-15 15:21:14.246 894 934 W Looper : Slow dispatch took 45ms wmshell.anim h=android.view.Choreographer$FrameHandler c=android.view.Choreographer$FrameDisplayEventReceiver@9d8f493 m=0
04-15 15:21:14.260 894 926 W Looper : Slow dispatch took 162ms wmshell.main h=android.os.Handler c=com.android.wm.shell.common.DisplayController$DisplayWindowListenerImpl$$ExternalSyntheticLambda3@8971cd0 m=0
04-15 15:21:14.276 193 193 I tombstoned: received crash request for pid 894
04-15 15:21:14.277 193 193 I tombstoned: found intercept fd 512 for pid 894 and type kDebuggerdJavaBacktrace
04-15 15:21:14.286 894 897 I ndroid.systemui: Wrote stack traces to tombstoned
04-15 15:21:14.287 193 193 W tombstoned: skipping tombstone file creation due to intercept
04-15 15:21:14.317 1680 1680 E droid.bluetooth: Not starting debugger since process cannot load the jdwp agent.
04-15 15:21:14.328 894 934 W Looper : Slow delivery took 48ms wmshell.anim h=android.view.Choreographer$FrameHandler c=android.view.Choreographer$FrameDisplayEventReceiver@9d8f493 m=0
04-15 15:21:14.336 1506 1506 D MediaCodecList: codecHandlesFormat: no format, so no extra checks
04-15 15:21:14.337 1506 1506 D MediaCodecList: codecHandlesFormat: no format, so no extra checks
04-15 15:21:14.346 894 934 W Looper : Drained
04-15 15:21:14.439 894 934 W Looper : Slow delivery took 52ms wmshell.anim h=android.view.Choreographer$FrameHandler c=android.view.Choreographer$FrameDisplayEventReceiver@9d8f493 m=0
04-15 15:21:14.453 894 934 W Looper : Drained
04-15 15:21:14.478 534 1434 I system_server: libdebuggerd_client: done dumping process 894
04-15 15:21:14.486 534 1618 W ActivityManager: Slow operation: 705ms so far, now at attachApplicationLocked: immediately after bindApplication
04-15 15:21:14.487 534 1618 W ActivityManager: Slow operation: 706ms so far, now at attachApplicationLocked: after updateLruProcessLocked
04-15 15:21:14.513 534 1434 I ActivityManager: dumpStackTraces nativepids=[143, 153, 326, 327, 386, 392, 418, 437, 441, 443, 455, 1099]
04-15 15:21:14.513 534 1434 I ActivityManager: Collecting stacks for native pid 143
04-15 15:21:14.539 894 934 W Looper : Slow delivery took 36ms wmshell.anim h=android.view.Choreographer$FrameHandler c=android.view.Choreographer$FrameDisplayEventReceiver@9d8f493 m=0
04-15 15:21:14.585 534 1009 W system_server: Long monitor contention with owner android.perm (873) at int com.android.server.appop.AppOpsCheckingServiceImpl.getUidMode(int, int)(AppOpsCheckingServiceImpl.java:214) waiters=2 in java.util.List com.android.server.appop.AppOpsService.getPackagesForOps(int[]) for 265ms
04-15 15:21:14.592 894 934 W Looper : Slow dispatch took 45ms wmshell.anim h=android.view.Choreographer$FrameHandler c=android.view.Choreographer$FrameDisplayEventReceiver@9d8f493 m=0
04-15 15:21:14.603 894 926 W Looper : Drained
04-15 15:21:14.605 534 1434 I system_server: libdebuggerd_client: started dumping process 143
04-15 15:21:14.627 193 193 I tombstoned: registered intercept for pid 143 and type kDebuggerdNativeBacktrace
04-15 15:21:14.633 143 143 I libc : Requested dump for pid 143 (binder:143_2)
04-15 15:21:14.675 534 873 W Looper : Slow delivery took 209ms android.perm h=android.os.Handler c= m=0
04-15 15:21:14.682 1506 1692 D CCodec : allocate(c2.goldfish.hevc.decoder)
04-15 15:21:14.698 894 934 W Looper : Slow dispatch took 106ms wmshell.anim h=android.view.Choreographer$FrameHandler c=android.view.Choreographer$FrameDisplayEventReceiver@9d8f493 m=0
04-15 15:21:14.738 894 926 V WindowManagerShell: Transition animation finished (aborted=false), notifying core (#2)android.os.BinderProxy@c54a1d8@0
04-15 15:21:14.811 534 873 W Looper : Slow dispatch took 794ms android.perm h=android.os.Handler c= m=0
04-15 15:21:14.892 1506 1692 I Codec2Client: Available Codec2 services: "default" "software"
04-15 15:21:14.897 0 0 I init : Untracked pid 1652 received signal 1
04-15 15:21:14.897 0 0 I init : Untracked pid 1652 did not have an associated service entry and will not be reaped
04-15 15:21:15.030 534 1618 W ActivityManager: Slow operation: 542ms so far, now at finishAttachApplicationInner: after mServices.attachApplicationLocked
04-15 15:21:15.030 534 1618 W ActivityManager: Slow operation: 543ms so far, now at finishAttachApplicationInner: after dispatching broadcasts
04-15 15:21:15.101 1701 1701 I crash_dump64: obtaining output fd from tombstoned, type: kDebuggerdNativeBacktrace
04-15 15:21:15.116 193 193 I tombstoned: received crash request for pid 143
04-15 15:21:15.117 193 193 I tombstoned: enqueueing crash request for pid 143
04-15 15:21:15.125 1506 1692 I CCodec : setting up 'default' as default (vendor) store
04-15 15:21:15.145 1659 1659 D CompatibilityChangeReporter: Compat change id reported: 171979766; UID 10111; state: ENABLED
04-15 15:21:15.146 1659 1659 D CompatibilityChangeReporter: Compat change id reported: 242716250; UID 10111; state: ENABLED
04-15 15:21:15.197 534 557 W Looper : Slow delivery took 2481ms android.ui h=com.android.server.am.ActivityManagerService$UiHandler c=com.android.server.am.UidObserverController$$ExternalSyntheticLambda0@3ef3a60 m=0
04-15 15:21:15.197 534 557 W Looper : Slow dispatch took 1498ms android.ui h=com.android.server.am.ActivityManagerService$UiHandler c=com.android.server.am.UidObserverController$$ExternalSyntheticLambda0@3ef3a60 m=0
04-15 15:21:15.215 534 610 D WifiNl80211Manager: Scan result ready event
04-15 15:21:15.215 534 556 W Looper : Slow delivery took 2592ms android.fg h=android.os.Handler c=com.android.server.om.OverlayManagerService$$ExternalSyntheticLambda0@c1e56e6 m=0
04-15 15:21:15.221 534 1269 D CompatibilityChangeReporter: Compat change id reported: 170503758; UID 10111; state: ENABLED
04-15 15:21:15.222 534 623 W system_server: Long monitor contention with owner binder:534_14 (1618) at void com.android.server.am.ActivityManagerService.finishAttachApplicationInner(long, int, int)(ActivityManagerService.java:4940) waiters=6 in int com.android.server.am.ActivityManagerService.broadcastIntentWithFeature(android.app.IApplicationThread, java.lang.String, android.content.Intent, java.lang.String, android.content.IIntentReceiver, int, java.lang.String, android.os.Bundle, java.lang.String[], java.lang.String[], java.lang.String[], int, android.os.Bundle, boolean, boolean, int) for 1.400s
04-15 15:21:15.227 1659 1659 D CompatibilityChangeReporter: Compat change id reported: 3400644; UID 10111; state: ENABLED
04-15 15:21:15.229 534 623 W BroadcastLoopers: Found previously unknown looper Thread[appscheduling.default,5,main]
04-15 15:21:15.230 534 1654 W system_server: Long monitor contention with owner binder:534_14 (1618) at void com.android.server.am.ActivityManagerService.finishAttachApplicationInner(long, int, int)(ActivityManagerService.java:4940) waiters=7 in android.content.Intent com.android.server.am.ActivityManagerService.registerReceiverWithFeature(android.app.IApplicationThread, java.lang.String, java.lang.String, java.lang.String, android.content.IIntentReceiver, android.content.IntentFilter, java.lang.String, int, int) for 1.383s
04-15 15:21:15.237 534 1654 D CompatibilityChangeReporter: Compat change id reported: 161145287; UID 10071; state: ENABLED
04-15 15:21:15.238 534 569 W system_server: Long monitor contention with owner binder:534_14 (1618) at void com.android.server.am.ActivityManagerService.finishAttachApplicationInner(long, int, int)(ActivityManagerService.java:4940) waiters=8 in void com.android.server.am.ProcessList.lambda$handleProcessStart$1(com.android.server.am.ProcessRecord, java.lang.String, int[], int, int, int, java.lang.String, java.lang.String, java.lang.String, long) for 1.373s
04-15 15:21:15.239 534 569 W ActivityManager: Slow operation: 3966ms so far, now at startProcess: done updating battery stats
04-15 15:21:15.242 534 569 W ActivityManager: Slow operation: 3969ms so far, now at startProcess: building log message
04-15 15:21:15.243 534 569 I ActivityManager: Start proc 1680:com.android.bluetooth/1002 for service {com.android.bluetooth/com.android.bluetooth.btservice.AdapterService}
04-15 15:21:15.243 534 569 W ActivityManager: Slow operation: 3970ms so far, now at startProcess: starting to update pids map
04-15 15:21:15.248 534 610 D WifiNative: Scan result ready event
04-15 15:21:15.248 534 569 W ActivityManager: Slow operation: 3975ms so far, now at startProcess: done updating pids map
04-15 15:21:15.279 1659 1659 D nativeloader: Configuring clns-shared-6 for other apk /system_ext/priv-app/SdkSetup/SdkSetup.apk. target_sdk_version=34, uses_libraries=, library_path=/system_ext/priv-app/SdkSetup/lib/x86_64:/system/lib64:/system_ext/lib64, permitted_path=/data:/mnt/expand:/data/user/0/com.android.sdksetup:/system_ext/priv-app/SdkSetup:/system/lib64:/system_ext/lib64
04-15 15:21:15.285 345 941 I GoldfishComponentStore: in init
04-15 15:21:15.286 345 941 I GoldfishComponentStore: loading dll of path libcodec2_goldfish_hevcdec.so
04-15 15:21:15.289 345 941 I GoldfishComponentStore: Create()
04-15 15:21:15.310 345 941 I GoldfishComponentStore: created interface
04-15 15:21:15.319 345 941 I GoldfishComponentStore: created component
04-15 15:21:15.321 534 556 W Looper : Slow dispatch took 3940ms android.fg h=android.os.Handler c=com.android.server.om.OverlayManagerService$$ExternalSyntheticLambda0@c1e56e6 m=0
04-15 15:21:15.341 534 1070 W system_server: Long monitor contention with owner binder:534_6 (806) at java.util.Set com.android.server.pm.permission.PermissionManagerServiceImpl.getInstalledPermissions(java.lang.String)(PermissionManagerServiceImpl.java:5203) waiters=1 in int com.android.server.pm.permission.PermissionManagerServiceImpl.checkPermissionInternal(com.android.server.pm.pkg.AndroidPackage, boolean, java.lang.String, int) for 284ms
04-15 15:21:15.346 1506 1692 I CCodec : Created component [c2.goldfish.hevc.decoder]
04-15 15:21:15.413 1506 1692 D CCodecConfig: read media type: video/hevc
04-15 15:21:15.452 534 567 W Looper : Slow dispatch took 15672ms android.bg h=com.android.server.usage.UsageStatsService$H c=null m=5
04-15 15:21:15.547 534 551 W system_server: Long monitor contention with owner binder:534_6 (806) at java.util.Set com.android.server.pm.permission.PermissionManagerServiceImpl.getInstalledPermissions(java.lang.String)(PermissionManagerServiceImpl.java:5203) waiters=2 in int com.android.server.pm.permission.PermissionManagerServiceImpl.checkPermissionInternal(com.android.server.pm.pkg.AndroidPackage, boolean, java.lang.String, int) for 426ms
04-15 15:21:15.599 534 608 W system_server: Long monitor contention with owner binder:534_6 (806) at java.util.Set com.android.server.pm.permission.PermissionManagerServiceImpl.getInstalledPermissions(java.lang.String)(PermissionManagerServiceImpl.java:5203) waiters=3 in int com.android.server.pm.permission.PermissionManagerServiceImpl.checkPermissionInternal(com.android.server.pm.pkg.AndroidPackage, boolean, java.lang.String, int) for 349ms
04-15 15:21:15.621 1506 1692 D ReflectedParamUpdater: extent() != 1 for single value type: algo.buffers.max-count.values
04-15 15:21:15.662 534 556 V WindowManager: Sent Transition #2 createdAt=04-15 15:21:05.591 via request=TransitionRequestInfo { type = CLOSE, triggerTask = TaskInfo{userId=0 taskId=5 displayId=0 isRunning=false baseIntent=Intent { act=android.intent.action.MAIN cat=[android.intent.category.HOME] flg=0x10800100 cmp=com.android.settings/.FallbackHome } baseActivity=null topActivity=null origActivity=null realActivity=ComponentInfo{com.android.settings/com.android.settings.FallbackHome} numActivities=0 lastActiveTime=211437 supportsMultiWindow=false resizeMode=0 isResizeable=false minWidth=-1 minHeight=-1 defaultMinSize=220 token=WCT{RemoteToken{ad1cc40 Task{f369519 #5 type=home A=1000:com.android.settings.FallbackHome}}} topActivityType=2 pictureInPictureParams=null shouldDockBigOverlays=false launchIntoPipHostTaskId=-1 lastParentTaskIdBeforePip=-1 displayCutoutSafeInsets=null topActivityInfo=null launchCookies=[] positionInParent=Point(0, 0) parentTaskId=-1 isFocused=true isVisible=true isVisibleRequested=true isSleeping=false topActivityInSizeCompat=false topActivityEligibleForLetterboxEducation= false topActivityLetterboxed= false isFromDoubleTap= false topActivityLetterboxVerticalPosition= -1 topActivityLetterboxHorizontalPosition= -1 topActivityLetterboxWidth=-1 topActivityLetterboxHeight=-1 locusId=null displayAreaFeatureId=1 cameraCompatControlState=hidden}, remoteTransition = null, displayChange = null }
04-15 15:21:15.665 1506 1692 D ReflectedParamUpdater: extent() != 1 for single value type: output.subscribed-indices.values
04-15 15:21:15.667 534 556 V WindowManager: startWCT=WindowContainerTransaction { changes = {} hops = [] errorCallbackToken=null taskFragmentOrganizer=null }
04-15 15:21:15.670 1506 1692 D ReflectedParamUpdater: extent() != 1 for single value type: input.buffers.allocator-ids.values
04-15 15:21:15.680 1506 1692 D ReflectedParamUpdater: extent() != 1 for single value type: output.buffers.allocator-ids.values
04-15 15:21:15.691 153 1602 I keystore2: system/security/keystore2/src/watchdog.rs:319 - Watchdog thread idle -> terminating. Have a great day.
04-15 15:21:15.692 1506 1692 D ReflectedParamUpdater: extent() != 1 for single value type: algo.buffers.allocator-ids.values
04-15 15:21:15.710 1506 1692 D ReflectedParamUpdater: extent() != 1 for single value type: output.buffers.pool-ids.values
04-15 15:21:15.713 1506 1692 D ReflectedParamUpdater: extent() != 1 for single value type: algo.buffers.pool-ids.values
04-15 15:21:15.793 1506 1692 D ReflectedParamUpdater: ignored struct field coded.color-format.locations
04-15 15:21:15.828 1506 1692 D CCodecConfig: ignoring local param raw.size (0xd2001800) as it is already supported
04-15 15:21:15.830 1506 1692 D CCodecConfig: ignoring local param default.color (0x5200180b) as it is already supported
04-15 15:21:15.831 1506 1692 D ReflectedParamUpdater: ignored struct field raw.hdr-static-info.mastering
04-15 15:21:15.898 894 926 V WindowManagerShell: Track 0 became idle
04-15 15:21:15.898 894 926 W Looper : Slow delivery took 41ms wmshell.main h=android.os.Handler c=com.android.wm.shell.transition.DefaultTransitionHandler$$ExternalSyntheticLambda7@896f485 m=0
04-15 15:21:15.898 894 926 W Looper : Slow dispatch took 1159ms wmshell.main h=android.os.Handler c=com.android.wm.shell.transition.DefaultTransitionHandler$$ExternalSyntheticLambda7@896f485 m=0
04-15 15:21:15.904 1506 1692 I CCodecConfig: query failed after returning 12 values (BAD_INDEX)
04-15 15:21:15.906 1506 1692 D CCodecConfig: c2 config diff is Dict {
04-15 15:21:15.906 1506 1692 D CCodecConfig: c2::u32 coded.pl.level = 24584
04-15 15:21:15.906 1506 1692 D CCodecConfig: c2::u32 coded.pl.profile = 24576
04-15 15:21:15.906 1506 1692 D CCodecConfig: c2::u32 coded.vui.color.matrix = 0
04-15 15:21:15.906 1506 1692 D CCodecConfig: c2::u32 coded.vui.color.primaries = 0
04-15 15:21:15.906 1506 1692 D CCodecConfig: c2::u32 coded.vui.color.range = 2
04-15 15:21:15.906 1506 1692 D CCodecConfig: c2::u32 coded.vui.color.transfer = 0
04-15 15:21:15.906 1506 1692 D CCodecConfig: c2::u32 default.color.matrix = 0
04-15 15:21:15.906 1506 1692 D CCodecConfig: c2::u32 default.color.primaries = 0
04-15 15:21:15.906 1506 1692 D CCodecConfig: c2::u32 default.color.range = 0
04-15 15:21:15.906 1506 1692 D CCodecConfig: c2::u32 default.color.transfer = 0
04-15 15:21:15.906 1506 1692 D CCodecConfig: c2::u32 input.buffers.max-size.value = 6291456
04-15 15:21:15.906 1506 1692 D CCodecConfig: c2::u32 input.delay.value = 0
04-15 15:21:15.906 1506 1692 D CCodecConfig: string input.media-type.value = "video/hevc"
04-15 15:21:15.906 1506 1692 D CCodecConfig: c2::u32 output.delay.value = 8
04-15 15:21:15.906 1506 1692 D CCodecConfig: string output.media-type.value = "video/raw"
04-15 15:21:15.906 1506 1692 D CCodecConfig: c2::u32 raw.color.matrix = 0
04-15 15:21:15.906 1506 1692 D CCodecConfig: c2::u32 raw.color.primaries = 0
04-15 15:21:15.906 1506 1692 D CCodecConfig: c2::u32 raw.color.range = 2
04-15 15:21:15.906 1506 1692 D CCodecConfig: c2::u32 raw.color.transfer = 0
04-15 15:21:15.906 1506 1692 D CCodecConfig: c2::u32 raw.max-size.height = 240
04-15 15:21:15.906 1506 1692 D CCodecConfig: c2::u32 raw.max-size.width = 320
04-15 15:21:15.906 1506 1692 D CCodecConfig: c2::u32 raw.pixel-format.value = 35
04-15 15:21:15.906 1506 1692 D CCodecConfig: c2::i32 raw.rotation.flip = 0
04-15 15:21:15.906 1506 1692 D CCodecConfig: c2::i32 raw.rotation.value = 0
04-15 15:21:15.906 1506 1692 D CCodecConfig: c2::u32 raw.sar.height = 1
04-15 15:21:15.906 1506 1692 D CCodecConfig: c2::u32 raw.sar.width = 1
04-15 15:21:15.906 1506 1692 D CCodecConfig: c2::u32 raw.size.height = 240
04-15 15:21:15.906 1506 1692 D CCodecConfig: c2::u32 raw.size.width = 320
04-15 15:21:15.906 1506 1692 D CCodecConfig: c2
04-15 15:21:15.938 1506 1692 W ColorUtils: expected specified color aspects (2:0:0:0)
04-15 15:21:15.952 534 556 V WindowManager: info={id=2 t=CLOSE f=0x0 trk=0 r=[0@Point(0, 0)] c=[{WCT{RemoteToken{10fa779 Task{599102b #6 type=home A=10111:com.android.sdksetup}}} m=OPEN f=MOVE_TO_TOP leash=Surface(name=Task=6)/@0xea3988f sb=Rect(0, 0 - 1080, 2400) eb=Rect(0, 0 - 1080, 2400) d=0},{WCT{RemoteToken{ad1cc40 Task{f369519 #5 type=home A=1000:com.android.settings.FallbackHome}}} m=CLOSE f=NONE leash=Surface(name=Task=5)/@0x1651bee sb=Rect(0, 0 - 1080, 2400) eb=Rect(0, 0 - 1080, 2400) d=0}]}
04-15 15:21:15.953 534 556 W Looper : Slow dispatch took 631ms android.fg h=android.os.Handler c=com.android.server.wm.Transition$$ExternalSyntheticLambda10@33f203b m=0
04-15 15:21:16.003 534 608 W system_server: Long monitor contention with owner backup (845) at android.content.pm.UserInfo com.android.server.pm.UserManagerService.getUserInfoNoChecks(int)(UserManagerService.java:2360) waiters=1 in android.content.pm.UserInfo com.android.server.pm.UserManagerService.getUserInfoNoChecks(int) for 375ms
04-15 15:21:16.025 1506 1684 D MediaCodec: flushMediametrics
04-15 15:21:16.031 1506 1692 D CCodec : [c2.goldfish.hevc.decoder] buffers are bound to CCodec for this session
04-15 15:21:16.039 1506 1692 D CCodec : Client requested ByteBuffer mode decoder w/o color format set: using default planar color format
04-15 15:21:16.039 1506 1692 D CCodecConfig: no c2 equivalents for flags
04-15 15:21:16.055 534 806 W system_server: Long monitor contention with owner backup (845) at android.content.pm.UserInfo com.android.server.pm.UserManagerService.getUserInfoNoChecks(int)(UserManagerService.java:2360) waiters=2 in android.content.pm.UserInfo com.android.server.pm.UserManagerService.getUserInfoNoChecks(int) for 440ms
04-15 15:21:16.069 534 1617 I ActivityManager: Broadcasting: Intent { act=com.android.emulator.multidisplay.START flg=0x400000 cmp=com.android.emulator.multidisplay/.MultiDisplayServiceReceiver }
04-15 15:21:16.077 1506 1692 D CCodecConfig: c2 config diff is c2::u32 raw.size.height = 1080
04-15 15:21:16.077 1506 1692 D CCodecConfig: c2::u32 raw.size.width = 1920
04-15 15:21:16.078 534 1269 W system_server: Long monitor contention with owner backup (845) at android.content.pm.UserInfo com.android.server.pm.UserManagerService.getUserInfoNoChecks(int)(UserManagerService.java:2360) waiters=4 in android.content.pm.UserInfo com.android.server.pm.UserManagerService.getUserInfoNoChecks(int) for 364ms
04-15 15:21:16.088 534 623 W system_server: Long monitor contention with owner backup (845) at android.content.pm.UserInfo com.android.server.pm.UserManagerService.getUserInfoNoChecks(int)(UserManagerService.java:2360) waiters=6 in android.content.pm.UserInfo com.android.server.pm.UserManagerService.getUserInfoNoChecks(int) for 113ms
04-15 15:21:16.080 1506 1692 W ColorUtils: expected specified color aspects (2:0:0:0)
04-15 15:21:16.093 534 623 D CompatibilityChangeReporter: Compat change id reported: 265195908; UID 10071; state: ENABLED
04-15 15:21:16.095 534 623 D CompatibilityChangeReporter: Compat change id reported: 265195908; UID 10111; state: ENABLED
04-15 15:21:16.097 534 1070 W system_server: Long monitor contention with owner backup (845) at android.content.pm.UserInfo com.android.server.pm.UserManagerService.getUserInfoNoChecks(int)(UserManagerService.java:2360) waiters=3 in android.content.pm.UserInfo com.android.server.pm.UserManagerService.getUserInfoNoChecks(int) for 430ms
04-15 15:21:16.109 1659 1659 V GraphicsEnvironment: Currently set values for:
04-15 15:21:16.110 1659 1659 V GraphicsEnvironment: angle_gl_driver_selection_pkgs=[]
04-15 15:21:16.110 1659 1659 V GraphicsEnvironment: angle_gl_driver_selection_values=[]
04-15 15:21:16.113 1659 1659 V GraphicsEnvironment: ANGLE GameManagerService for com.android.sdksetup: false
04-15 15:21:16.113 1659 1659 V GraphicsEnvironment: com.android.sdksetup is not listed in per-application setting
04-15 15:21:16.113 1659 1659 V GraphicsEnvironment: Neither updatable production driver nor prerelease driver is supported.
04-15 15:21:16.119 1506 1692 W Codec2Client: query -- param skipped: index = 1107298332.
04-15 15:21:16.119 1506 1692 D CCodec : encoding statistics level = 0
04-15 15:21:16.120 1506 1692 D CCodec : setup formats input: AMessage(what = 0x00000000) = {
04-15 15:21:16.120 1506 1692 D CCodec : int32_t height = 1080
04-15 15:21:16.120 1506 1692 D CCodec : int32_t level = 65536
04-15 15:21:16.120 1506 1692 D CCodec : int32_t max-input-size = 6291456
04-15 15:21:16.120 1506 1692 D CCodec : string mime = "video/hevc"
04-15 15:21:16.120 1506 1692 D CCodec : int32_t profile = 1
04-15 15:21:16.120 1506 1692 D CCodec : int32_t width = 1920
04-15 15:21:16.120 1506 1692 D CCodec : Rect crop(0, 0, 1919, 1079)
04-15 15:21:16.120 1506 1692 D CCodec : int32_t color-transfer-request = 0
04-15 15:21:16.120 1506 1692 D CCodec : }
04-15 15:21:16.121 1506 1692 D CCodec : setup formats output: AMessage(what = 0x00000000) = {
04-15 15:21:16.121 1506 1692 D CCodec : int32_t android._color-format = 2135033992
04-15 15:21:16.121 1506 1692 D CCodec : int32_t android._video-scaling = 1
04-15 15:21:16.121 1506 1692 D CCodec : int32_t rotation-degrees = 0
04-15 15:21:16.121 1506 1692 D CCodec : int32_t color-standard = 0
04-15 15:21:16.121 1506 1692 D CCodec : int32_t color-range = 2
04-15 15:21:16.121 1506 1692 D CCodec : int32_t color-transfer = 0
04-15 15:21:16.121 1506 1692 D CCodec : int32_t sar-height = 1
04-15 15:21:16.121 1506 1692 D CCodec : int32_t sar-width = 1
04-15 15:21:16.121 1506 1692 D CCodec : Rect crop(0, 0, 1919, 1079)
04-15 15:21:16.121 1506 1692 D CCodec : int32_t width = 1920
04-15 15:21:16.121 1506 1692 D CCodec : int32_t height = 1080
04-15 15:21:16.121 1506 1692 D CCodec : int32_t max-height = 240
04-15 15:21:16.121 1506 1692 D CCodec : int32_t max-width = 320
04-15 15:21:16.121 1506 1692 D CCodec : string mime = "video/raw"
04-15 15:21:16.121 1506 1692 D CCodec : int32_t android._dataspace = 268435456
04-15 15:21:16.121 1506 1692 D CCodec : int32_t color-format = 19
04-15 15:21:16.121 1506 1692 D CCodec : }
04-15 15:21:16.124 1506 1692 I CCodecConfig: query failed after returning 12 values (BAD_INDEX)
04-15 15:21:16.125 1506 1692 D CCodecConfig: c2 config diff is c2::u32 raw.max-size.height = 1080
04-15 15:21:16.125 1506 1692 D CCodecConfig: c2::u32 raw.max-size.width = 1920
04-15 15:21:16.127 1506 1692 W ColorUtils: expected specified color aspects (2:0:0:0)
04-15 15:21:16.130 1128 1128 D ImsExternalCallTracker: Registering: Handler (com.android.internal.telephony.imsphone.ImsPhone) {673a9c5}
04-15 15:21:16.142 443 969 W ResourceManagerMetrics: notifyClientStopped: Start Config is missing!
04-15 15:21:16.153 534 559 I DropBoxManagerService: add tag=system_server_strictmode isTagEnabled=true flags=0x2
04-15 15:21:16.182 534 1068 D CompatibilityChangeReporter: Compat change id reported: 168419799; UID 1002; state: DISABLED
04-15 15:21:16.183 534 1068 D CompatibilityChangeReporter: Compat change id reported: 273564678; UID 1002; state: DISABLED
04-15 15:21:16.229 534 1618 I ActivityManager: Flag disabled. Ignoring finishAttachApplication from uid: 10111. pid: 1659
04-15 15:21:16.248 534 1068 W ActivityManager: Slow operation: 68ms so far, now at attachApplicationLocked: immediately after bindApplication
04-15 15:21:16.265 534 1068 W ActivityManager: Slow operation: 86ms so far, now at attachApplicationLocked: after updateLruProcessLocked
04-15 15:21:16.315 534 1535 V BackupManagerConstants: getKeyValueBackupIntervalMilliseconds(...) returns 14400000
04-15 15:21:16.315 534 1535 V BackupManagerConstants: getKeyValueBackupFuzzMilliseconds(...) returns 600000
04-15 15:21:16.315 534 1535 V BackupManagerConstants: getKeyValueBackupRequiredNetworkType(...) returns 1
04-15 15:21:16.315 534 1535 V BackupManagerConstants: getKeyValueBackupRequireCharging(...) returns true
04-15 15:21:16.315 534 1535 V KeyValueBackupJob: Scheduling k/v pass in 240 minutes
04-15 15:21:16.334 1186 1186 I OverviewComponentObserver: updateOverviewTargets: mIsHomeDisabled=false, isDefaultHomeNull=false, mIsDefaultHome=false
04-15 15:21:16.351 1506 1506 I TranscodeHelper: Device HDR Plugin is available: false
04-15 15:21:16.358 1506 1506 I TranscodeHelper: Empty transcode compat stale
04-15 15:21:16.365 534 1068 W ActivityManager: Slow operation: 98ms so far, now at finishAttachApplicationInner: after mServices.attachApplicationLocked
04-15 15:21:16.399 345 941 I hw-BpHwBinder: onLastStrongRef automatically unlinking death recipients
04-15 15:21:16.404 345 941 I GoldfishComponentStore: in ~ComponentModule
04-15 15:21:16.404 345 941 I GoldfishComponentStore: unloading dll
04-15 15:21:16.426 1659 1717 D libEGL : loaded /vendor/lib64/egl/libEGL_emulation.so
04-15 15:21:16.436 534 1068 W ActivityManager: Slow operation: 168ms so far, now at finishAttachApplicationInner: after dispatching broadcasts
04-15 15:21:16.442 1659 1717 D libEGL : loaded /vendor/lib64/egl/libGLESv1_CM_emulation.so
04-15 15:21:16.444 1506 1684 D MediaCodec: flushMediametrics
04-15 15:21:16.445 1506 1715 I hw-BpHwBinder: onLastStrongRef automatically unlinking death recipients
04-15 15:21:16.458 1506 1684 D MediaCodec: flushMediametrics
04-15 15:21:16.466 1506 1684 W MediaCodec: no metrics handle found
04-15 15:21:16.477 1659 1717 D libEGL : loaded /vendor/lib64/egl/libGLESv2_emulation.so
04-15 15:21:16.538 534 560 I ActivityManager: PendingStartActivityUids startActivity to updateOomAdj delay:1732ms, uid:10111
04-15 15:21:16.589 534 557 W Looper : Slow dispatch took 1390ms android.ui h=com.android.server.am.ActivityManagerService$UiHandler c=null m=68
04-15 15:21:16.607 1631 1631 D CompatibilityChangeReporter: Compat change id reported: 183155436; UID 10071; state: ENABLED
04-15 15:21:16.626 534 623 W system_server: Long monitor contention with owner binder:534_A (1068) at void com.android.server.am.ActivityManagerService.finishAttachApplicationInner(long, int, int)(ActivityManagerService.java:4940) waiters=8 in void com.android.server.am.ActivityManagerService$LocalService.updateDeviceIdleTempAllowlist(int[], int, boolean, long, int, int, java.lang.String, int) for 290ms
04-15 15:21:16.642 534 1434 E system_server: libdebuggerd_client: failed to read status response from tombstoned: Try again
04-15 15:21:16.643 193 193 I tombstoned: intercept for pid 143 and type kDebuggerdNativeBacktrace terminated: due to input
04-15 15:21:16.654 1680 1680 D CompatibilityChangeReporter: Compat change id reported: 171979766; UID 1002; state: ENABLED
04-15 15:21:16.656 1680 1680 D CompatibilityChangeReporter: Compat change id reported: 242716250; UID 1002; state: ENABLED
04-15 15:21:16.684 534 1434 I ActivityManager: Collecting stacks for native pid 153
04-15 15:21:16.686 534 1434 I system_server: libdebuggerd_client: started dumping process 153
04-15 15:21:16.703 193 193 I tombstoned: registered intercept for pid 153 and type kDebuggerdNativeBacktrace
04-15 15:21:16.719 153 153 I libc : Requested dump for pid 153 (binder:153_2)
04-15 15:21:16.727 534 1617 I ActivityManager: Enqueued broadcast Intent { act=com.android.emulator.multidisplay.START flg=0x400000 cmp=com.android.emulator.multidisplay/.MultiDisplayServiceReceiver }: 0
04-15 15:21:16.736 1506 1506 I TranscodeHelper: Parsed 0 packages from resource
04-15 15:21:16.758 534 557 W Looper : Slow dispatch took 168ms android.ui h=com.android.server.wm.DisplayPolicy$PolicyHandler c=com.android.server.wm.DisplayPolicy$2$$ExternalSyntheticLambda0@b4f50ca m=0
04-15 15:21:16.782 894 955 W Looper : Slow dispatch took 4133ms BroadcastRunning h=com.android.systemui.broadcast.BroadcastDispatcher$handler$1 c=null m=0
04-15 15:21:16.786 1631 1631 E StrictMode: Tried to access the API:LayoutInflater which needs to have proper configuration from a non-UI Context:com.android.documentsui.DocumentsApplication@675fc93 The API:LayoutInflater needs a proper configuration. Use UI contexts such as an activity or a context created via createWindowContext(Display, int, Bundle) or createConfigurationContext(Configuration) with a proper configuration.
04-15 15:21:16.786 1631 1631 E StrictMode: java.lang.IllegalAccessException: Tried to access the API:LayoutInflater which needs to have proper configuration from a non-UI Context:com.android.documentsui.DocumentsApplication@675fc93
04-15 15:21:16.786 1631 1631 E StrictMode: at android.os.StrictMode.assertConfigurationContext(StrictMode.java:2332)
04-15 15:21:16.786 1631 1631 E StrictMode: at android.view.LayoutInflater.(LayoutInflater.java:260)
04-15 15:21:16.786 1631 1631 E StrictMode: at com.android.internal.policy.PhoneLayoutInflater.(PhoneLayoutInflater.java:44)
04-15 15:21:16.786 1631 1631 E StrictMode: at android.app.SystemServiceRegistry$33.createService(SystemServiceRegistry.java:560)
04-15 15:21:16.786 1631 1631 E StrictMode: at android.app.SystemServiceRegistry$33.createService(SystemServiceRegistry.java:557)
04-15 15:21:16.786 1631 1631 E StrictMode: at android.app.SystemServiceRegistry$CachedServiceFetcher.getService(SystemServiceRegistry.java:1971)
04-15 15:21:16.786 1631 1631 E StrictMode: at android.app.SystemServiceRegistry.getSystemService(SystemServiceRegistry.java:1645)
04-15 15:21:16.786 1631 1631 E StrictMode: at android.app.ContextImpl.getSystemService(ContextImpl.java:2212)
04-15 15:21:16.786 1631 1631 E StrictMode: at android.content.ContextWrapper.getSystemService(ContextWrapper.java:934)
04-15 15:21:16.786 1631 1631 E StrictMode: at android.view.LayoutInflater.from(LayoutInflater.java:288)
04-15 15:21:16.786 1631 1631 E StrictMode: at com.android.documentsui.DragShadowBuilder.(DragShadowBuilder.java:49)
04-15 15:21:16.786 1631 1631 E StrictMode: at com.android.documentsui.DragAndDropManager$RuntimeDragAndDropManager.(DragAndDropManager.java:195)
04-15 15:21:16.786 1631 1631 E StrictMode: at com.android.documentsui.DragAndDropManager$RuntimeDragAndDropManager.(DragAndDropManager.java:0)
04-15 15:21:16.786 1631 1631 E StrictMode: at com.android.documentsui.DragAndDropManager.create(DragAndDropManager.java:163)
04-15 15:21:16.786 1631 1631 E StrictMode: at com.android.documentsui.DocumentsApplication.onCreate(DocumentsApplication.java:147)
04-15 15:21:16.786 1631 1631 E StrictMode: at android.app.Instrumentation.callApplicationOnCreate(Instrumentation.java:1316)
04-15 15:21:16.786 1631 1631 E StrictMode: at android.app.ActivityThread.handleBindApplication(ActivityThread.java:6998)
04-15 15:21:16.786 1631 1631 E StrictMode: at android.app.ActivityThread.-$$Nest$mhandleBindApplication(Unknown Source:0)
04-15 15:21:16.786 1631 1631 E StrictMode: at android.app.ActivityThread$H.handleMessage(ActivityThread.java:2236)
04-15 15:21:16.786 1631 1631 E StrictMode: at android.os.Handler.dispatchMessage(Handler.java:106)
04-15 15:21:16.786 1631 1631 E StrictMode: at android.os.Looper.loopOnce(Looper.java:205)
04-15 15:21:16.786 1631 1631 E StrictMode: at android.os.Looper.loop(Looper.java:294)
04-15 15:21:16.786 1631 1631 E StrictMode: at android.app.ActivityThread.main(ActivityThread.java:8177)
04-15 15:21:16.786 1631 1631 E StrictMode: at java.lang.reflect.Method.invoke(Native Method)
04-15 15:21:16.786 1631 1631 E StrictMode: at com.android.internal.os.RuntimeInit$MethodAndArgsCaller.run(RuntimeInit.java:552)
04-15 15:21:16.786 1631 1631 E StrictMode: at com.android.internal.os.ZygoteInit.main(ZygoteInit.java:971)
04-15 15:21:16.851 1506 1506 I TranscodeHelper: Empty device config transcode compat manifest
04-15 15:21:16.863 534 560 W BLASTSyncEngine: Sync group 3 timeout
04-15 15:21:16.863 534 560 I BLASTSyncEngine: Unfinished container: Task{599102b #6 type=home A=10111:com.android.sdksetup}
04-15 15:21:16.953 1631 1631 E StrictMode: Tried to access the API:ViewConfiguration which needs to have proper configuration from a non-UI Context:com.android.documentsui.DocumentsApplication@675fc93 The API:ViewConfiguration needs a proper configuration. Use UI contexts such as an activity or a context created via createWindowContext(Display, int, Bundle) or createConfigurationContext(Configuration) with a proper configuration.
04-15 15:21:16.953 1631 1631 E StrictMode: java.lang.IllegalAccessException: Tried to access the API:ViewConfiguration which needs to have proper configuration from a non-UI Context:com.android.documentsui.DocumentsApplication@675fc93
04-15 15:21:16.953 1631 1631 E StrictMode: at android.os.StrictMode.assertConfigurationContext(StrictMode.java:2332)
04-15 15:21:16.953 1631 1631 E StrictMode: at android.view.ViewConfiguration.get(ViewConfiguration.java:568)
04-15 15:21:16.953 1631 1631 E StrictMode: at android.view.View.(View.java:5493)
04-15 15:21:16.953 1631 1631 E StrictMode: at android.view.View.(View.java:5638)
04-15 15:21:16.953 1631 1631 E StrictMode: at android.view.ViewGroup.(ViewGroup.java:704)
04-15 15:21:16.953 1631 1631 E StrictMode: at android.widget.LinearLayout.(LinearLayout.java:254)
04-15 15:21:16.953 1631 1631 E StrictMode: at android.widget.LinearLayout.(LinearLayout.java:250)
04-15 15:21:16.953 1631 1631 E StrictMode: at android.widget.LinearLayout.(LinearLayout.java:246)
04-15 15:21:16.953 1631 1631 E StrictMode: at java.lang.reflect.Constructor.newInstance0(Native Method)
04-15 15:21:16.953 1631 1631 E StrictMode: at java.lang.reflect.Constructor.newInstance(Constructor.java:343)
04-15 15:21:16.953 1631 1631 E StrictMode: at android.view.LayoutInflater.createView(LayoutInflater.java:866)
04-15 15:21:16.953 1631 1631 E StrictMode: at android.view.LayoutInflater.createView(LayoutInflater.java:788)
04-15 15:21:16.953 1631 1631 E StrictMode: at com.android.internal.policy.PhoneLayoutInflater.onCreateView(PhoneLayoutInflater.java:58)
04-15 15:21:16.953 1631 1631 E StrictMode: at android.view.LayoutInflater.onCreateView(LayoutInflater.java:942)
04-15 15:21:16.953 1631 1631 E StrictMode: at android.view.LayoutInflater.onCreateView(LayoutInflater.java:962)
04-15 15:21:16.953 1631 1631 E StrictMode: at android.view.LayoutInflater.createViewFromTag(LayoutInflater.java:1016)
04-15 15:21:16.953 1631 1631 E StrictMode: at android.view.LayoutInflater.createViewFromTag(LayoutInflater.java:973)
04-15 15:21:16.953 1631 1631 E StrictMode: at android.view.LayoutInflater.inflate(LayoutInflater.java:667)
04-15 15:21:16.953 1631 1631 E StrictMode: at android.view.LayoutInflater.inflate(LayoutInflater.java:538)
04-15 15:21:16.953 1631 1631 E StrictMode: at android.view.LayoutInflater.inflate(LayoutInflater.java:485)
04-15 15:21:16.953 1631 1631 E StrictMode: at com.android.documentsui.DragShadowBuilder.(DragShadowBuilder.java:49)
04-15 15:21:16.953 1631 1631 E StrictMode: at com.android.documentsui.DragAndDropManager$RuntimeDragAndDropManager.(DragAndDropManager.java:195)
