04-15 15:17:17.701 0 0 I dlkm_loader: Loaded kernel module /vendor/lib/modules/mt76-usb.ko
04-15 15:17:17.702 0 0 I dlkm_loader: Loading module /vendor/lib/modules/mt76x02-lib.ko with args ''
04-15 15:17:17.711 0 0 I init : [libfs_mgr] umount_retry(): unmount(/data) succeeded
04-15 15:17:17.711 0 0 I init : Calling: /system/bin/vdc cryptfs encryptFstab /dev/block/vdc /data false ext4
04-15 15:17:17.745 0 0 I dlkm_loader: Loaded kernel module /vendor/lib/modules/mt76x02-lib.ko
04-15 15:17:17.745 0 0 I dlkm_loader: Loading module /vendor/lib/modules/mt76x0-common.ko with args ''
04-15 15:17:17.765 0 0 I dlkm_loader: Loaded kernel module /vendor/lib/modules/mt76x0-common.ko
04-15 15:17:17.766 0 0 I dlkm_loader: Loading module /vendor/lib/modules/mt76x02-usb.ko with args ''
04-15 15:17:17.789 0 0 I dlkm_loader: Loaded kernel module /vendor/lib/modules/mt76x02-usb.ko
04-15 15:17:17.790 0 0 I dlkm_loader: Loading module /vendor/lib/modules/mt76x0u.ko with args ''
04-15 15:17:17.828 0 0 D vdc : Waited 0ms for vold
04-15 15:17:17.825 143 143 D vold : fscrypt_mount_metadata_encrypted: /data encrypt: 1 format: 0 with ext4 block device: /dev/block/vdc and zoned device:
04-15 15:17:17.826 143 143 D vold : metadata_key_dir/key: /metadata/vold/metadata_encryption/key
04-15 15:17:17.838 0 0 I usbcore : registered new interface driver mt76x0u
04-15 15:17:17.841 0 0 I dlkm_loader: Loaded kernel module /vendor/lib/modules/mt76x0u.ko
04-15 15:17:17.842 0 0 I dlkm_loader: Loading module /vendor/lib/modules/mt76x2-common.ko with args ''
04-15 15:17:17.843 143 143 D vold : Created directory /metadata/vold/metadata_encryption
04-15 15:17:17.846 143 143 D vold : Metadata key does not exist but ro.crypto.metadata_init_delete_all_keys.enabled is false
04-15 15:17:17.846 143 143 I vold : Creating new key in /metadata/vold/metadata_encryption/key
04-15 15:17:17.847 143 143 D vold : Generating standard storage key
04-15 15:17:17.853 0 0 I dlkm_loader: Loaded kernel module /vendor/lib/modules/mt76x2-common.ko
04-15 15:17:17.854 0 0 I dlkm_loader: Loading module /vendor/lib/modules/mt76x2u.ko with args ''
04-15 15:17:17.867 0 0 I usbcore : registered new interface driver mt76x2u
04-15 15:17:17.869 0 0 I dlkm_loader: Loaded kernel module /vendor/lib/modules/mt76x2u.ko
04-15 15:17:17.870 0 0 I dlkm_loader: Loading module /vendor/lib/modules/nd_virtio.ko with args ''
04-15 15:17:17.883 0 0 I dlkm_loader: Loaded kernel module /vendor/lib/modules/nd_virtio.ko
04-15 15:17:17.883 0 0 I dlkm_loader: Loading module /vendor/lib/modules/net_failover.ko with args ''
04-15 15:17:17.877 143 143 D vold : Generating "key storage" key
04-15 15:17:17.885 153 153 I SELinux : SELinux: Loaded keystore2 context from:
04-15 15:17:17.886 153 153 I SELinux : /system/etc/selinux/plat_keystore2_key_contexts
04-15 15:17:17.899 153 153 E keystore2: system/security/keystore2/src/error.rs:180 - system/security/keystore2/src/security_level.rs:622
04-15 15:17:17.899 153 153 E keystore2:
04-15 15:17:17.899 153 153 E keystore2: Caused by:
04-15 15:17:17.899 153 153 E keystore2: 0: system/security/keystore2/src/security_level.rs:620: While generating Key without explicit attestation key.
04-15 15:17:17.899 153 153 E keystore2: 1: Error::Km(r#ROLLBACK_RESISTANCE_UNAVAILABLE)
04-15 15:17:17.902 143 143 E vold : keystore2 Keystore generateKey returned service specific error: -67
04-15 15:17:17.913 0 0 I dlkm_loader: Loaded kernel module /vendor/lib/modules/net_failover.ko
04-15 15:17:17.914 0 0 I dlkm_loader: Loading module /vendor/lib/modules/pulse8-cec.ko with args ''
04-15 15:17:17.916 0 0 E vold : keystore2 Keystore generateKey returned service specific error: -67
04-15 15:17:17.907 143 143 W vold : Failed to generate rollback-resistant key. This is expected if keystore doesn't support rollback resistance. Falling back to non-rollback-resistant key.
04-15 15:17:17.918 0 0 W vold : Failed to generate rollback-resistant key. This is expected if keystore doesn't support rollback resistance. Falling back to non-rollback-resistant key.
04-15 15:17:17.933 0 0 I dlkm_loader: Loaded kernel module /vendor/lib/modules/pulse8-cec.ko
04-15 15:17:17.934 0 0 I dlkm_loader: Loading module /vendor/lib/modules/rtc-test.ko with args ''
04-15 15:17:17.961 0 0 I rtc-test.0: registered as rtc1
04-15 15:17:17.963 0 0 I rtc-test.1: registered as rtc2
04-15 15:17:17.970 0 0 I rtc-test.2: registered as rtc3
04-15 15:17:17.982 0 0 I dlkm_loader: Loaded kernel module /vendor/lib/modules/rtc-test.ko
04-15 15:17:17.983 0 0 I dlkm_loader: Loading module /vendor/lib/modules/system_heap.ko with args ''
04-15 15:17:17.997 0 0 I dlkm_loader: Loaded kernel module /vendor/lib/modules/system_heap.ko
04-15 15:17:17.999 0 0 I dlkm_loader: Loading module /vendor/lib/modules/test_meminit.ko with args ''
04-15 15:17:17.995 143 143 D vold : Stored key /metadata/vold/metadata_encryption/key
04-15 15:17:18.007 143 143 D vold : encrypt_inplace(/dev/block/dm-38, /dev/block/vdc, 12582912)
04-15 15:17:18.015 143 143 D vold : ext4 filesystem has 48 block groups
04-15 15:17:18.017 143 143 I vold : Encrypting ext4 filesystem on /dev/block/vdc in-place via /dev/block/dm-38
04-15 15:17:18.017 143 143 I vold : 52372 blocks (214 MB) of 1572864 blocks are in-use
04-15 15:17:18.052 0 0 I test_meminit: all 10 tests in test_pages passed
04-15 15:17:18.084 0 0 I test_meminit: all 40 tests in test_kvmalloc passed
04-15 15:17:18.363 0 0 I test_meminit: all 70 tests in test_kmemcache passed
04-15 15:17:18.366 0 0 I test_meminit: all 10 tests in test_rcu_persistent passed
04-15 15:17:18.366 0 0 I test_meminit: all 130 tests passed!
04-15 15:17:18.373 0 0 I dlkm_loader: Loaded kernel module /vendor/lib/modules/test_meminit.ko
04-15 15:17:18.375 0 0 I dlkm_loader: Loading module /vendor/lib/modules/usbip-core.ko with args ''
04-15 15:17:18.391 0 0 I dlkm_loader: Loaded kernel module /vendor/lib/modules/usbip-core.ko
04-15 15:17:18.392 0 0 I dlkm_loader: Loading module /vendor/lib/modules/vhci-hcd.ko with args ''
04-15 15:17:18.408 0 0 I vhci_hcd.0: USB/IP Virtual Host Controller
04-15 15:17:18.408 0 0 I vhci_hcd.0: new USB bus registered, assigned bus number 2
04-15 15:17:18.408 0 0 I vhci_hcd: created sysfs vhci_hcd.0
04-15 15:17:18.408 0 0 I usb2 : New USB device found, idVendor=1d6b, idProduct=0002, bcdDevice= 6.01
04-15 15:17:18.408 0 0 I usb2 : New USB device strings: Mfr=3, Product=2, SerialNumber=1
04-15 15:17:18.408 0 0 I usb2 : Product: USB/IP Virtual Host Controller
04-15 15:17:18.408 0 0 I usb2 : Manufacturer: Linux 6.1.23-android14-4-00257-g7e35917775b8-ab9964412 vhci_hcd
04-15 15:17:18.408 0 0 I usb2 : SerialNumber: vhci_hcd.0
04-15 15:17:18.418 0 0 I hub 2-0 : 1.0: USB hub found
04-15 15:17:18.420 0 0 I hub 2-0 : 1.0: 8 ports detected
04-15 15:17:18.428 0 0 I vhci_hcd.0: USB/IP Virtual Host Controller
04-15 15:17:18.428 0 0 I vhci_hcd.0: new USB bus registered, assigned bus number 3
04-15 15:17:18.428 0 0 I usb3 : We don't know the algorithms for LPM for this host, disabling LPM.
04-15 15:17:18.430 0 0 I usb3 : New USB device found, idVendor=1d6b, idProduct=0003, bcdDevice= 6.01
04-15 15:17:18.430 0 0 I usb3 : New USB device strings: Mfr=3, Product=2, SerialNumber=1
04-15 15:17:18.430 0 0 I usb3 : Product: USB/IP Virtual Host Controller
04-15 15:17:18.430 0 0 I usb3 : Manufacturer: Linux 6.1.23-android14-4-00257-g7e35917775b8-ab9964412 vhci_hcd
04-15 15:17:18.430 0 0 I usb3 : SerialNumber: vhci_hcd.0
04-15 15:17:18.431 0 0 I hub 3-0 : 1.0: USB hub found
04-15 15:17:18.431 0 0 I hub 3-0 : 1.0: 8 ports detected
04-15 15:17:18.440 0 0 I dlkm_loader: Loaded kernel module /vendor/lib/modules/vhci-hcd.ko
04-15 15:17:18.442 0 0 I dlkm_loader: Loading module /vendor/lib/modules/virt_wifi.ko with args ''
04-15 15:17:18.473 0 0 I dlkm_loader: Loaded kernel module /vendor/lib/modules/virt_wifi.ko
04-15 15:17:18.474 0 0 I dlkm_loader: Loading module /vendor/lib/modules/virtio-gpu.ko with args ''
04-15 15:17:18.483 0 0 I dlkm_loader: Loaded kernel module /vendor/lib/modules/virtio-gpu.ko
04-15 15:17:18.484 0 0 I dlkm_loader: Loading module /vendor/lib/modules/virtio_balloon.ko with args ''
04-15 15:17:18.501 0 0 I dlkm_loader: Loaded kernel module /vendor/lib/modules/virtio_balloon.ko
04-15 15:17:18.502 0 0 I dlkm_loader: Loading module /vendor/lib/modules/virtio_input.ko with args ''
04-15 15:17:18.511 0 0 I input : virtio_input_multi_touch_1 as /devices/pci0000:00/0000:00:0d.0/virtio10/input/input3
04-15 15:17:18.512 0 0 I input : virtio_input_multi_touch_2 as /devices/pci0000:00/0000:00:0e.0/virtio11/input/input4
04-15 15:17:18.517 0 0 I input : virtio_input_multi_touch_3 as /devices/pci0000:00/0000:00:0f.0/virtio12/input/input5
04-15 15:17:18.518 0 0 I input : virtio_input_multi_touch_4 as /devices/pci0000:00/0000:00:10.0/virtio13/input/input6
04-15 15:17:18.519 0 0 I input : virtio_input_multi_touch_5 as /devices/pci0000:00/0000:00:11.0/virtio14/input/input7
04-15 15:17:18.520 0 0 I input : virtio_input_multi_touch_6 as /devices/pci0000:00/0000:00:12.0/virtio15/input/input8
04-15 15:17:18.520 0 0 I input : virtio_input_multi_touch_7 as /devices/pci0000:00/0000:00:13.0/virtio16/input/input9
04-15 15:17:18.537 0 0 I input : virtio_input_multi_touch_8 as /devices/pci0000:00/0000:00:14.0/virtio17/input/input10
04-15 15:17:18.538 0 0 I input : virtio_input_multi_touch_9 as /devices/pci0000:00/0000:00:15.0/virtio18/input/input11
04-15 15:17:18.538 0 0 I input : virtio_input_multi_touch_10 as /devices/pci0000:00/0000:00:16.0/virtio19/input/input12
04-15 15:17:18.539 0 0 I input : virtio_input_multi_touch_11 as /devices/pci0000:00/0000:00:17.0/virtio20/input/input13
04-15 15:17:18.549 0 0 I dlkm_loader: Loaded kernel module /vendor/lib/modules/virtio_input.ko
04-15 15:17:18.550 0 0 I dlkm_loader: Loading module /vendor/lib/modules/virtio_net.ko with args ''
04-15 15:17:18.616 0 0 I dlkm_loader: Loaded kernel module /vendor/lib/modules/virtio_net.ko
04-15 15:17:18.619 0 0 I dlkm_loader: Loading module /vendor/lib/modules/virtio_pmem.ko with args ''
04-15 15:17:18.631 0 0 I dlkm_loader: Loaded kernel module /vendor/lib/modules/virtio_pmem.ko
04-15 15:17:18.632 0 0 I dlkm_loader: Loading module /vendor/lib/modules/virtio_snd.ko with args ''
04-15 15:17:18.666 0 0 I dlkm_loader: Loaded kernel module /vendor/lib/modules/virtio_snd.ko
04-15 15:17:18.667 0 0 I dlkm_loader: module vkms is blocklisted
04-15 15:17:18.667 0 0 E dlkm_loader: LoadWithAliases was unable to load vkms
04-15 15:17:18.667 0 0 I dlkm_loader: module load count is 43
04-15 15:17:18.690 0 0 I : dlkm_loader (120) used greatest stack depth: 10616 bytes left
04-15 15:17:18.797 143 143 D vold : Encrypted 10000 of 52372 blocks
04-15 15:17:19.130 143 143 D vold : Encrypted 20000 of 52372 blocks
04-15 15:17:19.411 143 143 D vold : Encrypted 30000 of 52372 blocks
04-15 15:17:19.701 143 143 D vold : Encrypted 40000 of 52372 blocks
04-15 15:17:20.452 143 143 D vold : Encrypted 50000 of 52372 blocks
04-15 15:17:22.587 143 143 D vold : Encrypted 52372 of 52372 blocks
04-15 15:17:22.588 143 143 I vold : Successfully encrypted ext4 filesystem on /dev/block/vdc
04-15 15:17:22.717 143 143 D vold : Mounting metadata-encrypted filesystem:/data
04-15 15:17:22.723 143 143 I vold : [libfs_mgr] superblock s_max_mnt_count:65535,/dev/block/dm-38
04-15 15:17:22.734 0 0 W EXT4-fs : Ignoring removed nomblk_io_submit option
04-15 15:17:22.736 0 0 I EXT4-fs (dm-38): Using encoding defined by superblock: utf8-12.1.0 with flags 0x0
04-15 15:17:22.737 143 143 I vold : [libfs_mgr] check_fs(): mount(/dev/block/dm-38,/data,ext4)=0: Success
04-15 15:17:22.745 0 0 I EXT4-fs (dm-38): mounted filesystem with ordered data mode. Quota mode: journalled.
04-15 15:17:22.748 0 0 I EXT4-fs (dm-38): unmounting filesystem.
04-15 15:17:22.763 143 143 I vold : [libfs_mgr] umount_retry(): unmount(/data) succeeded
04-15 15:17:22.765 143 143 I vold : [libfs_mgr] Running /system/bin/e2fsck on /dev/block/dm-38
04-15 15:17:22.864 0 0 I e2fsck : e2fsck 1.46.6 (1-Feb-2023)
04-15 15:17:22.885 0 0 I e2fsck : /dev/block/dm-38: clean, 39/393216 files, 52372/1572864 blocks
04-15 15:17:22.896 0 0 E init : Unable to set property 'ro.boottime.init.fsck.data' from uid:0 gid:0 pid:143: Read-only property was already set
04-15 15:17:22.889 143 143 W libc : Unable to set property "ro.boottime.init.fsck.data" to "160": error code: 0xb
04-15 15:17:22.891 143 143 I vold : [libfs_mgr] superblock s_max_mnt_count:65535,/dev/block/dm-38
04-15 15:17:22.893 143 143 W vold : [libfs_mgr] Reserved blocks 32768 is too large; capping to 31457
04-15 15:17:22.902 0 0 W vold : [libfs_mgr] Reserved blocks 32768 is too large; capping to 31457
04-15 15:17:22.904 0 0 W EXT4-fs : Ignoring removed nomblk_io_submit option
04-15 15:17:22.905 0 0 I EXT4-fs (dm-38): Using encoding defined by superblock: utf8-12.1.0 with flags 0x0
04-15 15:17:22.912 0 0 I EXT4-fs (dm-38): mounted filesystem with ordered data mode. Quota mode: journalled.
04-15 15:17:22.903 143 143 I vold : [libfs_mgr] __mount(source=/dev/block/dm-38,target=/data,type=ext4)=0: Success
04-15 15:17:22.907 143 143 W libc : Unable to set property "ro.boottime.init.mount.data" to "9": error code: 0xb
04-15 15:17:22.915 0 0 E init : Unable to set property 'ro.boottime.init.mount.data' from uid:0 gid:0 pid:143: Read-only property was already set
04-15 15:17:22.909 143 143 D vold : Mounted /data
04-15 15:17:22.954 0 0 I init : Userdata mounted using /vendor/etc/fstab.ranchu result : 6
04-15 15:17:22.955 0 0 I init : Keyring created with id 897864177 in process 1
04-15 15:17:22.956 0 0 I init : Command 'mount_all /vendor/etc/fstab.ranchu --late' action=late-fs (/vendor/etc/init/hw/init.ranchu.rc:9) took 7103ms and succeeded
04-15 15:17:22.957 0 0 I init : Service 'vendor.dlkm_loader' (pid 120) exited with status 0 oneshot service took 12.472000 seconds in background
04-15 15:17:22.957 0 0 I init : Sending signal 9 to service 'vendor.dlkm_loader' (pid 120) process group...
04-15 15:17:22.958 0 0 I libprocessgroup: Successfully killed process cgroup uid 0 pid 120 in 0ms
04-15 15:17:23.254 0 0 I init : processing action (post-fs-data) from (/system/etc/init/hw/init.rc:678)
04-15 15:17:23.258 0 0 I init : starting service 'exec 5 (/system/bin/vdc checkpoint prepareCheckpoint)'...
04-15 15:17:23.296 0 0 I init : ... started service 'exec 5 (/system/bin/vdc checkpoint prepareCheckpoint)' has pid 189
04-15 15:17:23.296 0 0 I init : SVC_EXEC service 'exec 5 (/system/bin/vdc checkpoint prepareCheckpoint)' pid 189 (uid 1000 gid 1000+0 context default) started; waiting...
04-15 15:17:23.398 143 143 I Checkpoint: cp_prepareCheckpoint called
04-15 15:17:23.416 0 0 I init : Service 'exec 5 (/system/bin/vdc checkpoint prepareCheckpoint)' (pid 189) exited with status 0 waiting took 0.151000 seconds
04-15 15:17:23.416 0 0 I init : Sending signal 9 to service 'exec 5 (/system/bin/vdc checkpoint prepareCheckpoint)' (pid 189) process group...
04-15 15:17:23.418 0 0 I libprocessgroup: Successfully killed process cgroup uid 1000 pid 189 in 1ms
04-15 15:17:23.442 0 0 I init : starting service 'exec 6 (/system/bin/vdc --wait cryptfs enablefilecrypto)'...
04-15 15:17:23.480 0 0 I init : ... started service 'exec 6 (/system/bin/vdc --wait cryptfs enablefilecrypto)' has pid 190
04-15 15:17:23.481 0 0 I init : SVC_EXEC service 'exec 6 (/system/bin/vdc --wait cryptfs enablefilecrypto)' pid 190 (uid 0 gid 0+0 context default) started; waiting...
04-15 15:17:23.593 143 143 I vold : fscrypt_initialize_systemwide_keys
04-15 15:17:23.594 143 143 I vold : Creating new key in /data/unencrypted/key
04-15 15:17:23.594 143 143 D vold : Generating standard storage key
04-15 15:17:23.600 0 0 D vdc : Waited 0ms for vold
04-15 15:17:23.621 143 143 D vold : Generating "key storage" key
04-15 15:17:23.626 153 153 E keystore2: system/security/keystore2/src/error.rs:180 - system/security/keystore2/src/security_level.rs:622
04-15 15:17:23.626 153 153 E keystore2:
04-15 15:17:23.626 153 153 E keystore2: Caused by:
04-15 15:17:23.626 153 153 E keystore2: 0: system/security/keystore2/src/security_level.rs:620: While generating Key without explicit attestation key.
04-15 15:17:23.626 153 153 E keystore2: 1: Error::Km(r#ROLLBACK_RESISTANCE_UNAVAILABLE)
04-15 15:17:23.627 143 143 E vold : keystore2 Keystore generateKey returned service specific error: -67
04-15 15:17:23.630 143 143 W vold : Failed to generate rollback-resistant key. This is expected if keystore doesn't support rollback resistance. Falling back to non-rollback-resistant key.
04-15 15:17:23.639 0 0 E vold : keystore2 Keystore generateKey returned service specific error: -67
04-15 15:17:23.640 0 0 W vold : Failed to generate rollback-resistant key. This is expected if keystore doesn't support rollback resistance. Falling back to non-rollback-resistant key.
04-15 15:17:23.669 143 143 D vold : Stored key /data/unencrypted/key
04-15 15:17:23.674 143 143 D vold : Installed fscrypt key with ref f1ce40aa2237094c3c8af08ae597976d to /data
04-15 15:17:23.675 143 143 D vold : Added fscrypt-provisioning key for f1ce40aa2237094c3c8af08ae597976d to session keyring
04-15 15:17:23.687 143 143 I vold : Wrote system DE key reference to:/data/unencrypted/ref
04-15 15:17:23.688 143 143 D vold : Generating standard storage key
04-15 15:17:23.690 143 143 D vold : Installed fscrypt key with ref eaa76a4d3ac0cda785455c7c63176b90 to /data
04-15 15:17:23.691 143 143 D vold : Added fscrypt-provisioning key for eaa76a4d3ac0cda785455c7c63176b90 to session keyring
04-15 15:17:23.698 143 143 I vold : Wrote per boot key reference to:/data/unencrypted/per_boot_ref
04-15 15:17:23.719 0 0 I init : Service 'exec 6 (/system/bin/vdc --wait cryptfs enablefilecrypto)' (pid 190) exited with status 0 waiting took 0.270000 seconds
04-15 15:17:23.719 0 0 I init : Sending signal 9 to service 'exec 6 (/system/bin/vdc --wait cryptfs enablefilecrypto)' (pid 190) process group...
04-15 15:17:23.720 0 0 I libprocessgroup: Successfully killed process cgroup uid 0 pid 190 in 1ms
04-15 15:17:23.734 0 0 I init : Encryption policy of /data/bootchart set to f1ce40aa2237094c3c8af08ae597976d v2 modes 1/4 flags 0x2
04-15 15:17:23.738 0 0 I fscrypt : AES-256-CTS-CBC using implementation "cts-cbc-aes-aesni"
04-15 15:17:23.739 0 0 I init : Command 'copy /data/system/entropy.dat /dev/urandom' action=post-fs-data (/system/etc/init/hw/init.rc:700) took 0ms and failed: Could not read input file '/data/system/entropy.dat': open() failed: No such file or directory
04-15 15:17:23.747 0 0 I init : Encryption policy of /data/vendor set to f1ce40aa2237094c3c8af08ae597976d v2 modes 1/4 flags 0x2
04-15 15:17:23.755 0 0 I init : Encryption policy of /data/anr set to f1ce40aa2237094c3c8af08ae597976d v2 modes 1/4 flags 0x2
04-15 15:17:23.759 0 0 I init : Encryption policy of /data/tombstones set to f1ce40aa2237094c3c8af08ae597976d v2 modes 1/4 flags 0x2
04-15 15:17:23.766 0 0 I init : starting service 'tombstoned'...
04-15 15:17:23.768 0 0 I init : Created socket '/dev/socket/tombstoned_crash', mode 666, user 1000, group 1000
04-15 15:17:23.770 0 0 I init : Created socket '/dev/socket/tombstoned_intercept', mode 666, user 1000, group 1000
04-15 15:17:23.771 0 0 I init : Created socket '/dev/socket/tombstoned_java_trace', mode 666, user 1000, group 1000
04-15 15:17:23.815 0 0 I init : ... started service 'tombstoned' has pid 193
04-15 15:17:23.817 0 0 I init : Switched to default mount namespace
04-15 15:17:23.820 0 0 E init : Failed to set encryption policy of /data/misc to f1ce40aa2237094c3c8af08ae597976d v2 modes 1/4 flags 0x2: Directory not empty
04-15 15:17:23.860 0 0 E logwrapper: executing ls failed: Permission denied
04-15 15:17:23.860 0 0 E logwrapper:
04-15 15:17:23.865 0 0 I ls : executing ls failed: Permission denied
04-15 15:17:23.868 0 0 I ls : ls terminated by exit(255)
04-15 15:17:23.869 0 0 I ls :
04-15 15:17:23.871 0 0 E init : ls -laZ /data/misc returned failure: 255
04-15 15:17:23.872 0 0 E init : Setting f1ce40aa2237094c3c8af08ae597976d policy on /data/misc failed!
04-15 15:17:23.872 0 0 E init : Rebooting into recovery
04-15 15:17:23.844 194 194 W init : type=1400 audit(0.0:4): avc: denied { execute_no_trans } for path="/vendor/bin/toybox_vendor" dev="dm-4" ino=222 scontext=u:r:init:s0 tcontext=u:object_r:vendor_toolbox_exec:s0 tclass=file permissive=0 bug=b/183668221
04-15 15:17:23.886 0 0 I init : Command 'mkdir /data/misc 01771 system misc encryption=Require' action=post-fs-data (/system/etc/init/hw/init.rc:717) took 67ms and failed: Failed to set bootloader message: failed to find /misc partition
04-15 15:17:23.915 0 0 I init : starting service 'exec 7 (/system/bin/vdc keymaster earlyBootEnded)'...
04-15 15:17:23.948 0 0 I init : ... started service 'exec 7 (/system/bin/vdc keymaster earlyBootEnded)' has pid 195
04-15 15:17:23.948 0 0 I init : SVC_EXEC service 'exec 7 (/system/bin/vdc keymaster earlyBootEnded)' pid 195 (uid 1000 gid 1000+0 context default) started; waiting...
04-15 15:17:24.019 193 193 I tombstoned: tombstoned successfully initialized
04-15 15:17:24.106 143 143 I incfs : Initial API level of the device: 34
04-15 15:17:24.107 143 143 I incfs : ro.incremental.enable: yes
04-15 15:17:24.110 143 143 I incfs : isFsAvailable: true
04-15 15:17:24.110 143 143 I incfs : isFsAvailable: true
04-15 15:17:24.111 143 143 I incfs : IncFs_Features: v2
04-15 15:17:24.123 153 153 I keystore2: system/security/keystore2/src/maintenance.rs:206 - In early_boot_ended.
04-15 15:17:24.259 153 153 E keystore2: system/security/keystore2/src/keystore2_main.rs:69 - [SQLITE3] 17: statement aborts at 28: [CREATE TABLE IF NOT EXISTS persistent.version (
04-15 15:17:24.259 153 153 E keystore2: id INTEGER PRIMARY KEY,
04-15 15:17:24.259 153 153 E keystore2: version INTEGER);] database schema has changed
04-15 15:17:24.266 153 153 I keystore2: system/security/keystore2/src/globals.rs:66 - Touching Keystore 2.0 database for this first time since boot.
04-15 15:17:24.266 153 153 I keystore2: system/security/keystore2/src/globals.rs:68 - Calling cleanup leftovers.
04-15 15:17:24.270 153 153 I keystore2: system/security/keystore2/src/boot_level_keys.rs:57 - ro.keystore.boot_level_key.strategy not set, inferring from installed KM instances
04-15 15:17:24.271 153 153 I keystore2: system/security/keystore2/src/boot_level_keys.rs:115 - In get_level_zero_key: security_level=r#SOFTWARE, deny_later_strategy=EarlyBootOnly
04-15 15:17:24.348 153 153 I keystore2: system/security/keystore2/src/super_key.rs:293 - Starting boot level watcher.
04-15 15:17:24.352 153 153 I keystore2: system/security/keystore2/src/maintenance.rs:187 - Call to earlyBootEnded succeeded for security level TRUSTED_ENVIRONMENT.
04-15 15:17:24.361 153 197 I keystore2: system/security/keystore2/src/super_key.rs:325 - Read keystore.boot_level value 30
04-15 15:17:24.371 153 197 I keystore2: system/security/keystore2/src/super_key.rs:325 - Read keystore.boot_level value 30
04-15 15:17:24.375 132 132 I hwservicemanager: getTransport: Cannot find entry android.hardware.keymaster@4.0::IKeymasterDevice/default in either framework or device VINTF manifest.
04-15 15:17:24.378 132 132 I hwservicemanager: getTransport: Cannot find entry android.hardware.keymaster@3.0::IKeymasterDevice/default in either framework or device VINTF manifest.
04-15 15:17:24.379 153 153 E keystore2: system/security/keystore2/src/maintenance.rs:192 - Call to earlyBootEnded failed for security level STRONGBOX: system/security/keystore2/src/maintenance.rs:167: getting keymint device.
04-15 15:17:24.392 0 0 E vold : keystore2 Keystore earlyBootEnded returned service specific error: -68
04-15 15:17:24.381 153 153 E keystore2: system/security/keystore2/src/error.rs:180 - system/security/keystore2/src/maintenance.rs:167: getting keymint device
04-15 15:17:24.381 153 153 E keystore2:
04-15 15:17:24.381 153 153 E keystore2: Caused by:
04-15 15:17:24.381 153 153 E keystore2: 0: system/security/keystore2/src/globals.rs:335: Cannot connect to Keymint
04-15 15:17:24.381 153 153 E keystore2: 1: system/security/keystore2/src/globals.rs:246: Trying to get Legacy wrapper.
04-15 15:17:24.381 153 153 E keystore2: 2: Error::Km(r#HARDWARE_TYPE_UNAVAILABLE)
04-15 15:17:24.382 143 143 E vold : keystore2 Keystore earlyBootEnded returned service specific error: -68
04-15 15:17:24.401 0 0 I init : Service 'exec 7 (/system/bin/vdc keymaster earlyBootEnded)' (pid 195) exited with status 0 waiting took 0.476000 seconds
04-15 15:17:24.401 0 0 I init : Sending signal 9 to service 'exec 7 (/system/bin/vdc keymaster earlyBootEnded)' (pid 195) process group...
04-15 15:17:24.403 0 0 I libprocessgroup: Successfully killed process cgroup uid 1000 pid 195 in 1ms
04-15 15:17:24.411 0 0 I init : Encryption policy of /data/property set to f1ce40aa2237094c3c8af08ae597976d v2 modes 1/4 flags 0x2
04-15 15:17:24.418 0 0 E init : Could not set 'ro.logd.size' to '2M' in /data/local.prop: Read-only property was already set
04-15 15:17:24.420 0 0 E init : Could not load single persistent property file, trying legacy directory: Unable to read persistent property file: open() failed: No such file or directory
04-15 15:17:24.422 0 0 I fscrypt : AES-256-XTS using implementation "xts-aes-aesni"
04-15 15:17:24.434 0 0 I init : Wait for property 'ro.persistent_properties.ready=true' took 20ms
04-15 15:17:24.434 0 0 I init : service 'logd' requested start, but it is already running (flags: 4)
04-15 15:17:24.436 0 0 I init : starting service 'logd-reinit'...
04-15 15:17:24.468 0 0 I init : ... started service 'logd-reinit' has pid 198
04-15 15:17:24.469 0 0 I init : Not setting encryption policy on: /data/apex
04-15 15:17:24.483 0 0 I init : Encryption policy of /data/apex/decompressed set to f1ce40aa2237094c3c8af08ae597976d v2 modes 1/4 flags 0x2
04-15 15:17:24.499 0 0 I init : Encryption policy of /data/app-staging set to f1ce40aa2237094c3c8af08ae597976d v2 modes 1/4 flags 0x2
04-15 15:17:24.507 0 0 I init : Encryption policy of /data/apex/ota_reserved set to f1ce40aa2237094c3c8af08ae597976d v2 modes 1/4 flags 0x2
04-15 15:17:24.522 0 0 I init : starting service 'apexd'...
04-15 15:17:24.585 0 0 I init : ... started service 'apexd' has pid 199
04-15 15:17:24.586 0 0 I init : Command 'restart apexd' action=post-fs-data (/system/etc/init/hw/init.rc:770) took 69ms and succeeded
04-15 15:17:24.595 0 0 I init : Command 'copy /data/misc/recovery/ro.build.fingerprint /data/misc/recovery/ro.build.fingerprint.1' action=post-fs-data (/system/etc/init/hw/init.rc:774) took 0ms and failed: Could not read input file '/data/misc/recovery/ro.build.fingerprint': open() failed: No such file or directory
04-15 15:17:24.638 0 0 I init : Command 'copy /data/misc/recovery/proc/version /data/misc/recovery/proc/version.1' action=post-fs-data (/system/etc/init/hw/init.rc:781) took 9ms and failed: Could not read input file '/data/misc/recovery/proc/version': open() failed: No such file or directory
04-15 15:17:24.707 0 0 I logd : logd reinit
04-15 15:17:24.708 0 0 E logd : Cannot read /data/misc/logd/event-log-tags
04-15 15:17:24.722 0 0 E logd : FrameworkListener: read() failed (Connection reset by peer)
04-15 15:17:24.731 0 0 I init : Service 'logd-reinit' (pid 198) exited with status 0 oneshot service took 0.288000 seconds in background
04-15 15:17:24.732 0 0 I init : Sending signal 9 to service 'logd-reinit' (pid 198) process group...
04-15 15:17:24.733 0 0 I libprocessgroup: Successfully killed process cgroup uid 1036 pid 198 in 0ms
04-15 15:17:24.907 0 0 I init : Encryption policy of /data/local set to f1ce40aa2237094c3c8af08ae597976d v2 modes 1/4 flags 0x2
04-15 15:17:24.948 0 0 I apexd : Scanning /system/apex for pre-installed ApexFiles
04-15 15:17:24.962 0 0 I apexd : Found pre-installed APEX /system/apex/com.android.permission.capex
04-15 15:17:24.978 0 0 I apexd : Found pre-installed APEX /system/apex/com.android.appsearch.capex
04-15 15:17:24.987 0 0 I apexd : Found pre-installed APEX /system/apex/com.android.sdkext.apex
04-15 15:17:24.990 0 0 I init : starting service 'exec 8 (/bin/rm -rf /data/misc/virtualizationservice)'...
04-15 15:17:25.003 0 0 I apexd : Found pre-installed APEX /system/apex/com.android.vndk.current.apex
04-15 15:17:25.012 0 0 I apexd : Found pre-installed APEX /system/apex/com.android.neuralnetworks.capex
04-15 15:17:25.019 0 0 I apexd : Found pre-installed APEX /system/apex/com.android.healthfitness.apex
04-15 15:17:25.028 0 0 I apexd : Found pre-installed APEX /system/apex/com.android.wifi.capex
04-15 15:17:25.030 0 0 I apexd : Found pre-installed APEX /system/apex/com.android.os.statsd.apex
04-15 15:17:25.034 0 0 I apexd : Found pre-installed APEX /system/apex/com.android.tethering.capex
04-15 15:17:25.036 0 0 I apexd : Found pre-installed APEX /system/apex/com.android.i18n.apex
04-15 15:17:25.043 0 0 I apexd : Found pre-installed APEX /system/apex/com.android.media.capex
04-15 15:17:25.046 0 0 I init : ... started service 'exec 8 (/bin/rm -rf /data/misc/virtualizationservice)' has pid 200
04-15 15:17:25.047 0 0 I init : SVC_EXEC service 'exec 8 (/bin/rm -rf /data/misc/virtualizationservice)' pid 200 (uid 1081 gid 1000+0 context default) started; waiting...
04-15 15:17:25.047 0 0 I init : Command 'exec - virtualizationservice system -- /bin/rm -rf /data/misc/virtualizationservice' action=post-fs-data (/system/etc/init/hw/init.rc:854) took 63ms and succeeded
04-15 15:17:25.050 0 0 I apexd : Found pre-installed APEX /system/apex/com.android.rkpd.apex
04-15 15:17:25.052 0 0 I apexd : Found pre-installed APEX /system/apex/com.android.adservices.capex
04-15 15:17:25.062 0 0 I apexd : Found pre-installed APEX /system/apex/com.android.mediaprovider.capex
04-15 15:17:25.064 0 0 I apexd : Found pre-installed APEX /system/apex/com.android.apex.cts.shim.apex
04-15 15:17:25.070 0 0 I apexd : Found pre-installed APEX /system/apex/com.android.media.swcodec.capex
04-15 15:17:25.072 0 0 I apexd : Found pre-installed APEX /system/apex/com.android.virt.apex
04-15 15:17:25.078 0 0 I apexd : Found pre-installed APEX /system/apex/com.android.cellbroadcast.capex
04-15 15:17:25.080 0 0 I apexd : Found pre-installed APEX /system/apex/com.android.conscrypt.capex
04-15 15:17:25.086 0 0 I apexd : Found pre-installed APEX /system/apex/com.android.adbd.capex
04-15 15:17:25.087 0 0 I apexd : Found pre-installed APEX /system/apex/com.android.scheduling.capex
04-15 15:17:25.088 0 0 I apexd : Found pre-installed APEX /system/apex/com.android.resolv.capex
04-15 15:17:25.094 0 0 I apexd : Found pre-installed APEX /system/apex/com.android.art.capex
04-15 15:17:25.096 0 0 I apexd : Found pre-installed APEX /system/apex/com.android.configinfrastructure.capex
04-15 15:17:25.103 0 0 I apexd : Found pre-installed APEX /system/apex/com.android.tzdata.apex
04-15 15:17:25.104 0 0 I apexd : Found pre-installed APEX /system/apex/com.android.extservices.capex
04-15 15:17:25.111 0 0 I apexd : Found pre-installed APEX /system/apex/com.android.btservices.apex
04-15 15:17:25.118 0 0 I apexd : Found pre-installed APEX /system/apex/com.android.runtime.apex
04-15 15:17:25.120 0 0 I apexd : Found pre-installed APEX /system/apex/com.android.devicelock.apex
04-15 15:17:25.126 0 0 I apexd : Found pre-installed APEX /system/apex/com.android.uwb.capex
04-15 15:17:25.128 0 0 I apexd : Found pre-installed APEX /system/apex/com.android.ipsec.capex
04-15 15:17:25.135 0 0 I apexd : Found pre-installed APEX /system/apex/com.android.ondevicepersonalization.capex
04-15 15:17:25.136 0 0 I apexd : Scanning /system_ext/apex for pre-installed ApexFiles
04-15 15:17:25.136 0 0 W apexd : /system_ext/apex does not exist. Skipping
04-15 15:17:25.136 0 0 I apexd : Scanning /product/apex for pre-installed ApexFiles
04-15 15:17:25.136 0 0 W apexd : /product/apex does not exist. Skipping
04-15 15:17:25.136 0 0 I apexd : Scanning /vendor/apex for pre-installed ApexFiles
04-15 15:17:25.137 0 0 W apexd : /vendor/apex does not exist. Skipping
04-15 15:17:25.142 0 0 I apexd : No block apex metadata partition found, not adding block apexes
04-15 15:17:25.143 0 0 I apexd : Populating APEX database from mounts...
04-15 15:17:25.150 0 0 I apexd : 0 packages restored.
04-15 15:17:25.165 0 0 I apexd : Marking APEXd as starting
04-15 15:17:25.179 0 0 I apexd : Scanning /metadata/apex/sessions looking for sessions to be activated.
04-15 15:17:25.180 0 0 I apexd : Scanning /data/apex/active for data ApexFiles
04-15 15:17:25.187 0 0 I apexd : Selecting APEX for activation
04-15 15:17:25.187 0 0 I apexd : Processing compressed APEX
04-15 15:17:25.187 0 0 I apexd : Processing compressed APEX /system/apex/com.android.permission.capex
04-15 15:17:25.201 0 0 I apexd : Decompressing/system/apex/com.android.permission.capex to /data/apex/decompressed/com.android.permission@342090000.decompressed.apex
04-15 15:17:25.391 0 0 I init : Service 'exec 8 (/bin/rm -rf /data/misc/virtualizationservice)' (pid 200) exited with status 0 waiting took 0.390000 seconds
04-15 15:17:25.392 0 0 I init : Sending signal 9 to service 'exec 8 (/bin/rm -rf /data/misc/virtualizationservice)' (pid 200) process group...
04-15 15:17:25.402 0 0 I libprocessgroup: Successfully killed process cgroup uid 1081 pid 200 in 9ms
04-15 15:17:25.417 0 0 I init : Not setting encryption policy on: /data/preloads
04-15 15:17:25.456 0 0 I init : Encryption policy of /data/app-private set to f1ce40aa2237094c3c8af08ae597976d v2 modes 1/4 flags 0x2
04-15 15:17:25.466 0 0 I init : Encryption policy of /data/app-ephemeral set to f1ce40aa2237094c3c8af08ae597976d v2 modes 1/4 flags 0x2
04-15 15:17:25.471 0 0 I init : Encryption policy of /data/app-asec set to f1ce40aa2237094c3c8af08ae597976d v2 modes 1/4 flags 0x2
04-15 15:17:25.480 0 0 I init : Encryption policy of /data/app-lib set to f1ce40aa2237094c3c8af08ae597976d v2 modes 1/4 flags 0x2
04-15 15:17:25.490 0 0 I init : Encryption policy of /data/app set to f1ce40aa2237094c3c8af08ae597976d v2 modes 1/4 flags 0x2
04-15 15:17:25.498 0 0 I init : Encryption policy of /data/fonts set to f1ce40aa2237094c3c8af08ae597976d v2 modes 1/4 flags 0x2
04-15 15:17:25.540 0 0 I init : Encryption policy of /data/dalvik-cache set to f1ce40aa2237094c3c8af08ae597976d v2 modes 1/4 flags 0x2
04-15 15:17:25.553 0 0 I init : Encryption policy of /data/ota set to f1ce40aa2237094c3c8af08ae597976d v2 modes 1/4 flags 0x2
04-15 15:17:25.558 0 0 I init : Encryption policy of /data/ota_package set to f1ce40aa2237094c3c8af08ae597976d v2 modes 1/4 flags 0x2
04-15 15:17:25.567 0 0 I init : Encryption policy of /data/resource-cache set to f1ce40aa2237094c3c8af08ae597976d v2 modes 1/4 flags 0x2
04-15 15:17:25.568 0 0 I init : Not setting encryption policy on: /data/lost+found
04-15 15:17:25.582 0 0 I init : Encryption policy of /data/drm set to f1ce40aa2237094c3c8af08ae597976d v2 modes 1/4 flags 0x2
04-15 15:17:25.594 0 0 I init : Encryption policy of /data/mediadrm set to f1ce40aa2237094c3c8af08ae597976d v2 modes 1/4 flags 0x2
04-15 15:17:25.603 0 0 I init : Encryption policy of /data/nfc set to f1ce40aa2237094c3c8af08ae597976d v2 modes 1/4 flags 0x2
04-15 15:17:25.617 0 0 I init : Encryption policy of /data/backup set to f1ce40aa2237094c3c8af08ae597976d v2 modes 1/4 flags 0x2
04-15 15:17:25.625 0 0 I init : Encryption policy of /data/ss set to f1ce40aa2237094c3c8af08ae597976d v2 modes 1/4 flags 0x2
04-15 15:17:25.636 0 0 I init : Encryption policy of /data/system set to f1ce40aa2237094c3c8af08ae597976d v2 modes 1/4 flags 0x2
04-15 15:17:25.682 0 0 I init : Not setting encryption policy on: /data/media
04-15 15:17:25.690 0 0 I init : Not setting encryption policy on: /data/misc_ce
04-15 15:17:25.694 0 0 I init : Not setting encryption policy on: /data/misc_de
04-15 15:17:25.696 0 0 I init : Not setting encryption policy on: /data/system_ce
04-15 15:17:25.703 0 0 I init : Not setting encryption policy on: /data/system_de
04-15 15:17:25.709 0 0 I init : Not setting encryption policy on: /data/user
04-15 15:17:25.711 0 0 I init : Not setting encryption policy on: /data/user_de
04-15 15:17:25.725 0 0 I init : Not setting encryption policy on: /data/vendor_ce
04-15 15:17:25.728 0 0 I init : Not setting encryption policy on: /data/vendor_de
04-15 15:17:25.742 0 0 I init : starting service 'exec 9 (/system/bin/chattr +F /data/media)'...
04-15 15:17:25.806 0 0 I init : ... started service 'exec 9 (/system/bin/chattr +F /data/media)' has pid 201
04-15 15:17:25.808 0 0 I init : SVC_EXEC service 'exec 9 (/system/bin/chattr +F /data/media)' pid 201 (uid 1023 gid 1023+0 context default) started; waiting...
04-15 15:17:25.814 0 0 I init : Command 'exec - media_rw media_rw -- /system/bin/chattr +F /data/media' action=post-fs-data (/system/etc/init/hw/init.rc:955) took 72ms and succeeded
04-15 15:17:26.139 0 0 I init : Service 'exec 9 (/system/bin/chattr +F /data/media)' (pid 201) exited with status 0 waiting took 0.381000 seconds
04-15 15:17:26.140 0 0 I init : Sending signal 9 to service 'exec 9 (/system/bin/chattr +F /data/media)' (pid 201) process group...
04-15 15:17:26.145 0 0 I libprocessgroup: Successfully killed process cgroup uid 1023 pid 201 in 5ms
04-15 15:17:26.162 0 0 I apexd : Processing compressed APEX /system/apex/com.android.art.capex
04-15 15:17:26.163 0 0 I apexd : Decompressing/system/apex/com.android.art.capex to /data/apex/decompressed/com.android.art@342090000.decompressed.apex
04-15 15:17:26.323 0 0 I init : Encryption policy of /data/cache set to f1ce40aa2237094c3c8af08ae597976d v2 modes 1/4 flags 0x2
04-15 15:17:26.371 0 0 I init : Encryption policy of /data/rollback set to f1ce40aa2237094c3c8af08ae597976d v2 modes 1/4 flags 0x2
04-15 15:17:26.380 0 0 I init : Encryption policy of /data/rollback-observer set to f1ce40aa2237094c3c8af08ae597976d v2 modes 1/4 flags 0x2
04-15 15:17:26.390 0 0 I init : Encryption policy of /data/rollback-history set to f1ce40aa2237094c3c8af08ae597976d v2 modes 1/4 flags 0x2
04-15 15:17:26.399 0 0 I init : Encryption policy of /data/incremental set to f1ce40aa2237094c3c8af08ae597976d v2 modes 1/4 flags 0x2
04-15 15:17:27.148 0 0 I apexd : Processing compressed APEX /system/apex/com.android.wifi.capex
04-15 15:17:27.151 0 0 I apexd : Decompressing/system/apex/com.android.wifi.capex to /data/apex/decompressed/com.android.wifi@342090000.decompressed.apex
04-15 15:17:27.369 0 0 I apexd : Processing compressed APEX /system/apex/com.android.appsearch.capex
04-15 15:17:27.370 0 0 I apexd : Decompressing/system/apex/com.android.appsearch.capex to /data/apex/decompressed/com.android.appsearch@342090000.decompressed.apex
04-15 15:17:27.496 0 0 I apexd : Processing compressed APEX /system/apex/com.android.media.capex
04-15 15:17:27.499 0 0 I apexd : Decompressing/system/apex/com.android.media.capex to /data/apex/decompressed/com.android.media@342090000.decompressed.apex
04-15 15:17:27.711 0 0 I apexd : Processing compressed APEX /system/apex/com.android.adservices.capex
04-15 15:17:27.714 0 0 I apexd : Decompressing/system/apex/com.android.adservices.capex to /data/apex/decompressed/com.android.adservices@342090000.decompressed.apex
04-15 15:17:28.466 0 0 I apexd : Processing compressed APEX /system/apex/com.android.cellbroadcast.capex
04-15 15:17:28.467 0 0 I apexd : Decompressing/system/apex/com.android.cellbroadcast.capex to /data/apex/decompressed/com.android.cellbroadcast@342090000.decompressed.apex
04-15 15:17:28.840 0 0 I apexd : Processing compressed APEX /system/apex/com.android.neuralnetworks.capex
04-15 15:17:28.843 0 0 I apexd : Decompressing/system/apex/com.android.neuralnetworks.capex to /data/apex/decompressed/com.android.neuralnetworks@342090000.decompressed.apex
04-15 15:17:29.020 0 0 I apexd : Processing compressed APEX /system/apex/com.android.adbd.capex
04-15 15:17:29.023 0 0 I apexd : Decompressing/system/apex/com.android.adbd.capex to /data/apex/decompressed/com.android.adbd@342090000.decompressed.apex
04-15 15:17:29.258 0 0 I apexd : Processing compressed APEX /system/apex/com.android.media.swcodec.capex
04-15 15:17:29.260 0 0 I apexd : Decompressing/system/apex/com.android.media.swcodec.capex to /data/apex/decompressed/com.android.media.swcodec@342090000.decompressed.apex
04-15 15:17:30.078 0 0 I apexd : Processing compressed APEX /system/apex/com.android.tethering.capex
04-15 15:17:30.080 0 0 I apexd : Decompressing/system/apex/com.android.tethering.capex to /data/apex/decompressed/com.android.tethering@342090000.decompressed.apex
04-15 15:17:30.579 0 0 I apexd : Processing compressed APEX /system/apex/com.android.uwb.capex
04-15 15:17:30.581 0 0 I apexd : Decompressing/system/apex/com.android.uwb.capex to /data/apex/decompressed/com.android.uwb@342090000.decompressed.apex
04-15 15:17:30.708 0 0 I apexd : Processing compressed APEX /system/apex/com.android.extservices.capex
04-15 15:17:30.715 0 0 I apexd : Decompressing/system/apex/com.android.extservices.capex to /data/apex/decompressed/com.android.extservices@342090000.decompressed.apex
04-15 15:17:30.995 0 0 I apexd : Processing compressed APEX /system/apex/com.android.conscrypt.capex
04-15 15:17:30.998 0 0 I apexd : Decompressing/system/apex/com.android.conscrypt.capex to /data/apex/decompressed/com.android.conscrypt@342090000.decompressed.apex
04-15 15:17:31.263 0 0 I apexd : Processing compressed APEX /system/apex/com.android.scheduling.capex
04-15 15:17:31.269 0 0 I apexd : Decompressing/system/apex/com.android.scheduling.capex to /data/apex/decompressed/com.android.scheduling@342090000.decompressed.apex
04-15 15:17:31.306 0 0 I apexd : Processing compressed APEX /system/apex/com.android.mediaprovider.capex
04-15 15:17:31.307 0 0 I apexd : Decompressing/system/apex/com.android.mediaprovider.capex to /data/apex/decompressed/com.android.mediaprovider@342090000.decompressed.apex
04-15 15:17:31.703 0 0 I apexd : Processing compressed APEX /system/apex/com.android.ondevicepersonalization.capex
04-15 15:17:31.704 0 0 I apexd : Decompressing/system/apex/com.android.ondevicepersonalization.capex to /data/apex/decompressed/com.android.ondevicepersonalization@342090000.decompressed.apex
04-15 15:17:31.789 0 0 I apexd : Processing compressed APEX /system/apex/com.android.ipsec.capex
04-15 15:17:31.791 0 0 I apexd : Decompressing/system/apex/com.android.ipsec.capex to /data/apex/decompressed/com.android.ipsec@342090000.decompressed.apex
04-15 15:17:31.832 0 0 I apexd : Processing compressed APEX /system/apex/com.android.resolv.capex
04-15 15:17:31.835 0 0 I apexd : Decompressing/system/apex/com.android.resolv.capex to /data/apex/decompressed/com.android.resolv@342090000.decompressed.apex
04-15 15:17:32.189 0 0 I apexd : Processing compressed APEX /system/apex/com.android.configinfrastructure.capex
04-15 15:17:32.191 0 0 I apexd : Decompressing/system/apex/com.android.configinfrastructure.capex to /data/apex/decompressed/com.android.configinfrastructure@342090000.decompressed.apex
04-15 15:17:32.259 0 0 I loop4 : detected capacity change from 0 to 1544
04-15 15:17:32.278 0 0 I loop5 : detected capacity change from 0 to 50960
04-15 15:17:32.292 0 0 I loop6 : detected capacity change from 0 to 536
04-15 15:17:32.307 0 0 I loop7 : detected capacity change from 0 to 52360
04-15 15:17:32.319 0 0 I loop8 : detected capacity change from 0 to 21688
04-15 15:17:32.399 0 0 I EXT4-fs (loop6): mounted filesystem without journal. Quota mode: none.
04-15 15:17:32.400 0 0 I apexd : Successfully mounted package /system/apex/com.android.apex.cts.shim.apex on /apex/com.android.apex.cts.shim@1 duration=129
04-15 15:17:32.435 0 0 I EXT4-fs (loop4): mounted filesystem without journal. Quota mode: none.
04-15 15:17:32.436 0 0 I apexd : Successfully mounted package /system/apex/com.android.sdkext.apex on /apex/com.android.sdkext@342090000 duration=192
04-15 15:17:32.438 0 0 I EXT4-fs (loop5): mounted filesystem without journal. Quota mode: none.
04-15 15:17:32.439 0 0 I apexd : Successfully mounted package /system/apex/com.android.btservices.apex on /apex/com.android.btservices@342090000 duration=193
04-15 15:17:32.474 0 0 I EXT4-fs (loop7): mounted filesystem without journal. Quota mode: none.
04-15 15:17:32.475 0 0 I apexd : Successfully mounted package /system/apex/com.android.vndk.current.apex on /apex/com.android.vndk.v34@1 duration=219
04-15 15:17:32.498 0 0 I EXT4-fs (loop8): mounted filesystem without journal. Quota mode: none.
04-15 15:17:32.499 0 0 I apexd : Successfully mounted package /system/apex/com.android.healthfitness.apex on /apex/com.android.healthfitness@342090000 duration=243
04-15 15:17:32.687 0 0 I loop9 : detected capacity change from 0 to 64992
04-15 15:17:32.695 0 0 I loop10 : detected capacity change from 0 to 2192
04-15 15:17:32.702 0 0 I loop11 : detected capacity change from 0 to 71872
04-15 15:17:32.727 0 0 I loop12 : detected capacity change from 0 to 1616
04-15 15:17:32.742 0 0 I device-mapper: verity: sha256 using implementation "sha256-ssse3"
04-15 15:17:32.746 0 0 I loop13 : detected capacity change from 0 to 11672
04-15 15:17:32.755 0 0 I loop14 : detected capacity change from 0 to 648
04-15 15:17:32.785 0 0 I loop15 : detected capacity change from 0 to 8944
04-15 15:17:32.802 0 0 I EXT4-fs (loop10): mounted filesystem without journal. Quota mode: none.
04-15 15:17:32.803 0 0 I apexd : Successfully mounted package /system/apex/com.android.rkpd.apex on /apex/com.android.rkpd@1 duration=542
04-15 15:17:32.804 0 0 I loop16 : detected capacity change from 0 to 36680
04-15 15:17:32.815 0 0 I EXT4-fs (loop12): mounted filesystem without journal. Quota mode: none.
04-15 15:17:32.816 0 0 I apexd : Successfully mounted package /system/apex/com.android.tzdata.apex on /apex/com.android.tzdata@342090000 duration=524
04-15 15:17:32.877 0 0 I EXT4-fs (loop13): mounted filesystem without journal. Quota mode: none.
04-15 15:17:32.878 0 0 I apexd : Successfully mounted package /system/apex/com.android.devicelock.apex on /apex/com.android.devicelock@1 duration=608
04-15 15:17:32.949 0 0 I device-mapper: verity: sha256 using implementation "sha256-ssse3"
04-15 15:17:32.986 0 0 I EXT4-fs (loop15): mounted filesystem without journal. Quota mode: none.
04-15 15:17:32.990 0 0 I EXT4-fs (loop11): mounted filesystem without journal. Quota mode: none.
04-15 15:17:32.991 0 0 I apexd : Successfully mounted package /system/apex/com.android.i18n.apex on /apex/com.android.i18n@1 duration=737
04-15 15:17:33.015 0 0 I apexd : Successfully mounted package /system/apex/com.android.runtime.apex on /apex/com.android.runtime@1 duration=705
04-15 15:17:33.091 0 0 I EXT4-fs (dm-36): mounted filesystem without journal. Quota mode: none.
04-15 15:17:33.092 0 0 I apexd : Successfully mounted package /data/apex/decompressed/com.android.art@342090000.decompressed.apex on /apex/com.android.art@342090000 duration=766
04-15 15:17:33.097 0 0 I EXT4-fs (loop14): mounted filesystem without journal. Quota mode: none.
04-15 15:17:33.126 0 0 I apexd : Successfully mounted package /system/apex/com.android.virt.apex on /apex/com.android.virt@2 duration=820
04-15 15:17:33.139 0 0 I EXT4-fs (dm-37): mounted filesystem without journal. Quota mode: none.
04-15 15:17:33.140 0 0 I apexd : Successfully mounted package /data/apex/decompressed/com.android.permission@342090000.decompressed.apex on /apex/com.android.permission@342090000 duration=826
04-15 15:17:33.152 0 0 I loop17 : detected capacity change from 0 to 17152
04-15 15:17:33.159 0 0 I loop18 : detected capacity change from 0 to 6288
04-15 15:17:33.185 0 0 I device-mapper: verity: sha256 using implementation "sha256-ssse3"
04-15 15:17:33.259 0 0 I loop19 : detected capacity change from 0 to 7424
04-15 15:17:33.260 0 0 I EXT4-fs (loop18): mounted filesystem without journal. Quota mode: none.
04-15 15:17:33.263 0 0 I apexd : Successfully mounted package /system/apex/com.android.os.statsd.apex on /apex/com.android.os.statsd@342090000 duration=1006
04-15 15:17:33.309 0 0 I EXT4-fs (dm-34): mounted filesystem without journal. Quota mode: none.
04-15 15:17:33.310 0 0 I apexd : Successfully mounted package /data/apex/decompressed/com.android.wifi@342090000.decompressed.apex on /apex/com.android.wifi@342090000 duration=983
04-15 15:17:33.323 0 0 I device-mapper: verity: sha256 using implementation "sha256-ssse3"
04-15 15:17:33.379 0 0 I EXT4-fs (dm-30): mounted filesystem without journal. Quota mode: none.
04-15 15:17:33.380 0 0 I apexd : Successfully mounted package /data/apex/decompressed/com.android.appsearch@342090000.decompressed.apex on /apex/com.android.appsearch@342090000 duration=1038
04-15 15:17:33.430 0 0 I loop20 : detected capacity change from 0 to 11344
04-15 15:17:33.460 0 0 I device-mapper: verity: sha256 using implementation "sha256-ssse3"
04-15 15:17:33.574 0 0 I EXT4-fs (dm-27): mounted filesystem without journal. Quota mode: none.
04-15 15:17:33.575 0 0 I apexd : Successfully mounted package /data/apex/decompressed/com.android.media@342090000.decompressed.apex on /apex/com.android.media@342090000 duration=1232
04-15 15:17:33.761 0 0 I loop21 : detected capacity change from 0 to 45144
04-15 15:17:33.789 0 0 I device-mapper: verity: sha256 using implementation "sha256-ssse3"
04-15 15:17:33.886 0 0 I EXT4-fs (dm-23): mounted filesystem without journal. Quota mode: none.
04-15 15:17:33.887 0 0 I apexd : Successfully mounted package /data/apex/decompressed/com.android.adservices@342090000.decompressed.apex on /apex/com.android.adservices@342090000 duration=1543
04-15 15:17:34.018 0 0 I loop22 : detected capacity change from 0 to 31552
04-15 15:17:34.060 0 0 I device-mapper: verity: sha256 using implementation "sha256-ssse3"
04-15 15:17:34.136 0 0 I loop23 : detected capacity change from 0 to 10520
04-15 15:17:34.138 0 0 I EXT4-fs (dm-21): mounted filesystem without journal. Quota mode: none.
04-15 15:17:34.139 0 0 I apexd : Successfully mounted package /data/apex/decompressed/com.android.cellbroadcast@342090000.decompressed.apex on /apex/com.android.cellbroadcast@342090000 duration=1794
04-15 15:17:34.178 0 0 I device-mapper: verity: sha256 using implementation "sha256-ssse3"
