04-15 15:19:05.263 534 662 I ArtService: Dexopt result: [packageName = com.android.packageinstaller] DexContainerFileDexoptResult{dexContainerFile=/system/priv-app/PackageInstaller/PackageInstaller.apk, primaryAbi=true, abi=x86_64, actualCompilerFilter=verify, status=SKIPPED, dex2oatWallTimeMillis=0, dex2oatCpuTimeMillis=0, sizeBytes=0, sizeBeforeBytes=0}
04-15 15:19:05.301 534 662 I ArtService: Dexopt result: [packageName = com.android.companiondevicemanager] DexContainerFileDexoptResult{dexContainerFile=/system/app/CompanionDeviceManager/CompanionDeviceManager.apk, primaryAbi=true, abi=x86_64, actualCompilerFilter=verify, status=SKIPPED, dex2oatWallTimeMillis=0, dex2oatCpuTimeMillis=0, sizeBytes=0, sizeBeforeBytes=0}
04-15 15:19:05.354 534 662 I ArtService: Dexopt result: [packageName = com.android.mtp] DexContainerFileDexoptResult{dexContainerFile=/system/priv-app/MtpService/MtpService.apk, primaryAbi=true, abi=x86_64, actualCompilerFilter=verify, status=SKIPPED, dex2oatWallTimeMillis=0, dex2oatCpuTimeMillis=0, sizeBytes=0, sizeBeforeBytes=0}
04-15 15:19:05.390 534 662 I ArtService: Dexopt result: [packageName = com.android.soundpicker] DexContainerFileDexoptResult{dexContainerFile=/system/priv-app/SoundPicker/SoundPicker.apk, primaryAbi=true, abi=x86_64, actualCompilerFilter=verify, status=SKIPPED, dex2oatWallTimeMillis=0, dex2oatCpuTimeMillis=0, sizeBytes=0, sizeBeforeBytes=0}
04-15 15:19:05.413 534 662 I ArtService: Dexopt result: [packageName = com.android.shell] DexContainerFileDexoptResult{dexContainerFile=/system/priv-app/Shell/Shell.apk, primaryAbi=true, abi=x86_64, actualCompilerFilter=verify, status=SKIPPED, dex2oatWallTimeMillis=0, dex2oatCpuTimeMillis=0, sizeBytes=0, sizeBeforeBytes=0}
04-15 15:19:05.450 534 662 I ArtService: Dexopt result: [packageName = com.android.providers.media] DexContainerFileDexoptResult{dexContainerFile=/system/priv-app/MediaProviderLegacy/MediaProviderLegacy.apk, primaryAbi=true, abi=x86_64, actualCompilerFilter=verify, status=SKIPPED, dex2oatWallTimeMillis=0, dex2oatCpuTimeMillis=0, sizeBytes=0, sizeBeforeBytes=0}
04-15 15:19:05.473 534 662 I ArtService: Dexopt result: [packageName = com.android.providers.settings] DexContainerFileDexoptResult{dexContainerFile=/system/priv-app/SettingsProvider/SettingsProvider.apk, primaryAbi=true, abi=x86_64, actualCompilerFilter=verify, status=SKIPPED, dex2oatWallTimeMillis=0, dex2oatCpuTimeMillis=0, sizeBytes=0, sizeBeforeBytes=0}
04-15 15:19:05.517 534 662 I ArtService: Dexopt result: [packageName = com.android.cellbroadcastreceiver] DexContainerFileDexoptResult{dexContainerFile=/system/priv-app/CellBroadcastLegacyApp/CellBroadcastLegacyApp.apk, primaryAbi=true, abi=x86_64, actualCompilerFilter=verify, status=SKIPPED, dex2oatWallTimeMillis=0, dex2oatCpuTimeMillis=0, sizeBytes=0, sizeBeforeBytes=0}
04-15 15:19:05.566 534 662 I ArtService: Dexopt result: [packageName = com.android.simappdialog] DexContainerFileDexoptResult{dexContainerFile=/system/app/SimAppDialog/SimAppDialog.apk, primaryAbi=true, abi=x86_64, actualCompilerFilter=verify, status=SKIPPED, dex2oatWallTimeMillis=0, dex2oatCpuTimeMillis=0, sizeBytes=0, sizeBeforeBytes=0}
04-15 15:19:05.631 534 662 I ArtService: Dexopt result: [packageName = com.android.apps.tag] DexContainerFileDexoptResult{dexContainerFile=/system/priv-app/Tag/Tag.apk, primaryAbi=true, abi=x86_64, actualCompilerFilter=verify, status=SKIPPED, dex2oatWallTimeMillis=0, dex2oatCpuTimeMillis=0, sizeBytes=0, sizeBeforeBytes=0}
04-15 15:19:05.681 534 662 I ArtService: Dexopt result: [packageName = com.android.providers.telephony] DexContainerFileDexoptResult{dexContainerFile=/system/priv-app/TelephonyProvider/TelephonyProvider.apk, primaryAbi=true, abi=x86_64, actualCompilerFilter=verify, status=SKIPPED, dex2oatWallTimeMillis=0, dex2oatCpuTimeMillis=0, sizeBytes=0, sizeBeforeBytes=0}
04-15 15:19:05.732 534 662 I ArtService: Dexopt result: [packageName = com.android.carrierdefaultapp] DexContainerFileDexoptResult{dexContainerFile=/system/app/CarrierDefaultApp/CarrierDefaultApp.apk, primaryAbi=true, abi=x86_64, actualCompilerFilter=verify, status=SKIPPED, dex2oatWallTimeMillis=0, dex2oatCpuTimeMillis=0, sizeBytes=0, sizeBeforeBytes=0}
04-15 15:19:05.772 534 662 I ArtService: Dexopt result: [packageName = com.android.ons] DexContainerFileDexoptResult{dexContainerFile=/system/priv-app/ONS/ONS.apk, primaryAbi=true, abi=x86_64, actualCompilerFilter=verify, status=SKIPPED, dex2oatWallTimeMillis=0, dex2oatCpuTimeMillis=0, sizeBytes=0, sizeBeforeBytes=0}
04-15 15:19:05.832 534 662 I ArtService: Dexopt result: [packageName = com.android.printspooler] DexContainerFileDexoptResult{dexContainerFile=/system/app/PrintSpooler/PrintSpooler.apk, primaryAbi=true, abi=x86_64, actualCompilerFilter=verify, status=SKIPPED, dex2oatWallTimeMillis=0, dex2oatCpuTimeMillis=0, sizeBytes=0, sizeBeforeBytes=0}
04-15 15:19:05.878 664 683 W artd : ClassLoaderContext shared library size mismatch. Expected=1, found=0 (PCL[]{PCL[/system/framework/android.net.ipsec.ike.jar*3039086002]} | PCL[])
04-15 15:19:05.904 534 662 I ArtService: Dexopt result: [packageName = com.android.networkstack] DexContainerFileDexoptResult{dexContainerFile=/system/priv-app/NetworkStack/NetworkStack.apk, primaryAbi=true, abi=x86_64, actualCompilerFilter=verify, status=SKIPPED, dex2oatWallTimeMillis=0, dex2oatCpuTimeMillis=0, sizeBytes=0, sizeBeforeBytes=0}
04-15 15:19:05.964 534 662 I ArtService: Dexopt result: [packageName = com.android.captiveportallogin] DexContainerFileDexoptResult{dexContainerFile=/system/app/CaptivePortalLogin/CaptivePortalLogin.apk, primaryAbi=true, abi=x86_64, actualCompilerFilter=verify, status=SKIPPED, dex2oatWallTimeMillis=0, dex2oatCpuTimeMillis=0, sizeBytes=0, sizeBeforeBytes=0}
04-15 15:19:06.024 534 662 I ArtService: Dexopt result: [packageName = com.android.mms.service] DexContainerFileDexoptResult{dexContainerFile=/system/priv-app/MmsService/MmsService.apk, primaryAbi=true, abi=x86_64, actualCompilerFilter=verify, status=SKIPPED, dex2oatWallTimeMillis=0, dex2oatCpuTimeMillis=0, sizeBytes=0, sizeBeforeBytes=0}
04-15 15:19:06.094 534 662 I ArtService: Dexopt result: [packageName = com.android.bips] DexContainerFileDexoptResult{dexContainerFile=/system/priv-app/BuiltInPrintService/BuiltInPrintService.apk, primaryAbi=true, abi=x86_64, actualCompilerFilter=verify, status=SKIPPED, dex2oatWallTimeMillis=0, dex2oatCpuTimeMillis=0, sizeBytes=0, sizeBeforeBytes=0}
04-15 15:19:06.161 534 662 I ArtService: Dexopt result: [packageName = com.android.musicfx] DexContainerFileDexoptResult{dexContainerFile=/system/priv-app/MusicFX/MusicFX.apk, primaryAbi=true, abi=x86_64, actualCompilerFilter=verify, status=SKIPPED, dex2oatWallTimeMillis=0, dex2oatCpuTimeMillis=0, sizeBytes=0, sizeBeforeBytes=0}
04-15 15:19:06.215 534 662 I ArtService: Dexopt result: [packageName = com.android.providers.contacts] DexContainerFileDexoptResult{dexContainerFile=/system/priv-app/ContactsProvider/ContactsProvider.apk, primaryAbi=true, abi=x86_64, actualCompilerFilter=verify, status=SKIPPED, dex2oatWallTimeMillis=0, dex2oatCpuTimeMillis=0, sizeBytes=0, sizeBeforeBytes=0}
04-15 15:19:06.265 534 662 I ArtService: Dexopt result: [packageName = com.android.certinstaller] DexContainerFileDexoptResult{dexContainerFile=/system/app/CertInstaller/CertInstaller.apk, primaryAbi=true, abi=x86_64, actualCompilerFilter=verify, status=SKIPPED, dex2oatWallTimeMillis=0, dex2oatCpuTimeMillis=0, sizeBytes=0, sizeBeforeBytes=0}
04-15 15:19:06.320 534 662 I ArtService: Dexopt result: [packageName = com.android.printservice.recommendation] DexContainerFileDexoptResult{dexContainerFile=/system/app/PrintRecommendationService/PrintRecommendationService.apk, primaryAbi=true, abi=x86_64, actualCompilerFilter=verify, status=SKIPPED, dex2oatWallTimeMillis=0, dex2oatCpuTimeMillis=0, sizeBytes=0, sizeBeforeBytes=0}
04-15 15:19:06.362 534 662 I ArtService: Dexopt result: [packageName = com.android.providers.calendar] DexContainerFileDexoptResult{dexContainerFile=/system/priv-app/CalendarProvider/CalendarProvider.apk, primaryAbi=true, abi=x86_64, actualCompilerFilter=verify, status=SKIPPED, dex2oatWallTimeMillis=0, dex2oatCpuTimeMillis=0, sizeBytes=0, sizeBeforeBytes=0}
04-15 15:19:06.392 534 662 I ArtService: Dexopt result: [packageName = com.android.providers.downloads] DexContainerFileDexoptResult{dexContainerFile=/system/priv-app/DownloadProvider/DownloadProvider.apk, primaryAbi=true, abi=x86_64, actualCompilerFilter=verify, status=SKIPPED, dex2oatWallTimeMillis=0, dex2oatCpuTimeMillis=0, sizeBytes=0, sizeBeforeBytes=0}
04-15 15:19:06.440 0 0 I init : Sending signal 9 to service 'idmap2d' (pid 427) process group...
04-15 15:19:06.450 534 608 W OverlayManager: service 'idmap' died
04-15 15:19:06.465 0 0 I libprocessgroup: Successfully killed process cgroup uid 1000 pid 427 in 25ms
04-15 15:19:06.470 0 0 I init : Control message: Processed ctl.stop for 'idmap2d' from pid: 534 (system_server)
04-15 15:19:06.471 0 0 I init : Service 'idmap2d' (pid 427) received signal 9
04-15 15:19:06.474 534 662 I ArtService: Dexopt result: [packageName = com.android.wallpaperbackup] DexContainerFileDexoptResult{dexContainerFile=/system/app/WallpaperBackup/WallpaperBackup.apk, primaryAbi=true, abi=x86_64, actualCompilerFilter=verify, status=SKIPPED, dex2oatWallTimeMillis=0, dex2oatCpuTimeMillis=0, sizeBytes=0, sizeBeforeBytes=0}
04-15 15:19:06.513 664 664 W artd : ClassLoaderContext shared library size mismatch. Expected=1, found=0 (PCL[]{PCL[/vendor/framework/androidx.camera.extensions.impl.jar*2663675288]} | PCL[])
04-15 15:19:06.518 534 662 I ArtService: Dexopt result: [packageName = com.android.cameraextensions] DexContainerFileDexoptResult{dexContainerFile=/system/app/CameraExtensionsProxy/CameraExtensionsProxy.apk, primaryAbi=true, abi=x86_64, actualCompilerFilter=verify, status=SKIPPED, dex2oatWallTimeMillis=0, dex2oatCpuTimeMillis=0, sizeBytes=0, sizeBeforeBytes=0}
04-15 15:19:06.579 534 662 I ArtService: Dexopt result: [packageName = com.android.vpndialogs] DexContainerFileDexoptResult{dexContainerFile=/system/priv-app/VpnDialogs/VpnDialogs.apk, primaryAbi=true, abi=x86_64, actualCompilerFilter=verify, status=SKIPPED, dex2oatWallTimeMillis=0, dex2oatCpuTimeMillis=0, sizeBytes=0, sizeBeforeBytes=0}
04-15 15:19:06.623 534 662 I ArtService: Dexopt result: [packageName = com.android.proxyhandler] DexContainerFileDexoptResult{dexContainerFile=/system/priv-app/ProxyHandler/ProxyHandler.apk, primaryAbi=true, abi=x86_64, actualCompilerFilter=verify, status=SKIPPED, dex2oatWallTimeMillis=0, dex2oatCpuTimeMillis=0, sizeBytes=0, sizeBeforeBytes=0}
04-15 15:19:06.663 534 662 I ArtService: Dexopt result: [packageName = com.android.pacprocessor] DexContainerFileDexoptResult{dexContainerFile=/system/app/PacProcessor/PacProcessor.apk, primaryAbi=true, abi=x86_64, actualCompilerFilter=verify, status=SKIPPED, dex2oatWallTimeMillis=0, dex2oatCpuTimeMillis=0, sizeBytes=0, sizeBeforeBytes=0}
04-15 15:19:06.699 534 662 I ArtService: Dexopt result: [packageName = com.android.localtransport] DexContainerFileDexoptResult{dexContainerFile=/system/priv-app/LocalTransport/LocalTransport.apk, primaryAbi=true, abi=x86_64, actualCompilerFilter=verify, status=SKIPPED, dex2oatWallTimeMillis=0, dex2oatCpuTimeMillis=0, sizeBytes=0, sizeBeforeBytes=0}
04-15 15:19:06.739 534 662 I ArtService: Dexopt result: [packageName = com.android.location.fused] DexContainerFileDexoptResult{dexContainerFile=/system/priv-app/FusedLocation/FusedLocation.apk, primaryAbi=true, abi=x86_64, actualCompilerFilter=verify, status=SKIPPED, dex2oatWallTimeMillis=0, dex2oatCpuTimeMillis=0, sizeBytes=0, sizeBeforeBytes=0}
04-15 15:19:06.776 534 662 I ArtService: Dexopt result: [packageName = com.android.bluetoothmidiservice] DexContainerFileDexoptResult{dexContainerFile=/system/app/BluetoothMidiService/BluetoothMidiService.apk, primaryAbi=true, abi=x86_64, actualCompilerFilter=verify, status=SKIPPED, dex2oatWallTimeMillis=0, dex2oatCpuTimeMillis=0, sizeBytes=0, sizeBeforeBytes=0}
04-15 15:19:06.803 534 662 I ArtService: Dexopt result: [packageName = com.android.externalstorage] DexContainerFileDexoptResult{dexContainerFile=/system/priv-app/ExternalStorageProvider/ExternalStorageProvider.apk, primaryAbi=true, abi=x86_64, actualCompilerFilter=verify, status=SKIPPED, dex2oatWallTimeMillis=0, dex2oatCpuTimeMillis=0, sizeBytes=0, sizeBeforeBytes=0}
04-15 15:19:06.839 534 662 I ArtService: Dexopt result: [packageName = com.android.sharedstoragebackup] DexContainerFileDexoptResult{dexContainerFile=/system/priv-app/SharedStorageBackup/SharedStorageBackup.apk, primaryAbi=true, abi=x86_64, actualCompilerFilter=verify, status=SKIPPED, dex2oatWallTimeMillis=0, dex2oatCpuTimeMillis=0, sizeBytes=0, sizeBeforeBytes=0}
04-15 15:19:06.876 534 662 I ArtService: Dexopt result: [packageName = com.android.htmlviewer] DexContainerFileDexoptResult{dexContainerFile=/system/app/HTMLViewer/HTMLViewer.apk, primaryAbi=true, abi=x86_64, actualCompilerFilter=verify, status=SKIPPED, dex2oatWallTimeMillis=0, dex2oatCpuTimeMillis=0, sizeBytes=0, sizeBeforeBytes=0}
04-15 15:19:06.906 534 662 I ArtService: Dexopt result: [packageName = com.android.providers.blockednumber] DexContainerFileDexoptResult{dexContainerFile=/system/priv-app/BlockedNumberProvider/BlockedNumberProvider.apk, primaryAbi=true, abi=x86_64, actualCompilerFilter=verify, status=SKIPPED, dex2oatWallTimeMillis=0, dex2oatCpuTimeMillis=0, sizeBytes=0, sizeBeforeBytes=0}
04-15 15:19:06.938 534 662 I ArtService: Dexopt result: [packageName = com.android.providers.userdictionary] DexContainerFileDexoptResult{dexContainerFile=/system/priv-app/UserDictionaryProvider/UserDictionaryProvider.apk, primaryAbi=true, abi=x86_64, actualCompilerFilter=verify, status=SKIPPED, dex2oatWallTimeMillis=0, dex2oatCpuTimeMillis=0, sizeBytes=0, sizeBeforeBytes=0}
04-15 15:19:06.971 534 662 I ArtService: Dexopt result: [packageName = com.android.calllogbackup] DexContainerFileDexoptResult{dexContainerFile=/system/priv-app/CallLogBackup/CallLogBackup.apk, primaryAbi=true, abi=x86_64, actualCompilerFilter=verify, status=SKIPPED, dex2oatWallTimeMillis=0, dex2oatCpuTimeMillis=0, sizeBytes=0, sizeBeforeBytes=0}
04-15 15:19:07.007 534 662 I ArtService: Dexopt result: [packageName = com.android.dreams.basic] DexContainerFileDexoptResult{dexContainerFile=/system/app/BasicDreams/BasicDreams.apk, primaryAbi=true, abi=x86_64, actualCompilerFilter=verify, status=SKIPPED, dex2oatWallTimeMillis=0, dex2oatCpuTimeMillis=0, sizeBytes=0, sizeBeforeBytes=0}
04-15 15:19:07.053 534 662 I ArtService: Dexopt result: [packageName = com.android.providers.partnerbookmarks] DexContainerFileDexoptResult{dexContainerFile=/system/app/PartnerBookmarksProvider/PartnerBookmarksProvider.apk, primaryAbi=true, abi=x86_64, actualCompilerFilter=verify, status=SKIPPED, dex2oatWallTimeMillis=0, dex2oatCpuTimeMillis=0, sizeBytes=0, sizeBeforeBytes=0}
04-15 15:19:07.103 534 662 I ArtService: Dexopt result: [packageName = com.android.providers.downloads.ui] DexContainerFileDexoptResult{dexContainerFile=/system/priv-app/DownloadProviderUi/DownloadProviderUi.apk, primaryAbi=true, abi=x86_64, actualCompilerFilter=verify, status=SKIPPED, dex2oatWallTimeMillis=0, dex2oatCpuTimeMillis=0, sizeBytes=0, sizeBeforeBytes=0}
04-15 15:19:07.148 534 662 I ArtService: Dexopt result: [packageName = com.android.backupconfirm] DexContainerFileDexoptResult{dexContainerFile=/system/priv-app/BackupRestoreConfirmation/BackupRestoreConfirmation.apk, primaryAbi=true, abi=x86_64, actualCompilerFilter=verify, status=SKIPPED, dex2oatWallTimeMillis=0, dex2oatCpuTimeMillis=0, sizeBytes=0, sizeBeforeBytes=0}
04-15 15:19:07.204 534 662 I ArtService: Dexopt result: [packageName = com.android.bookmarkprovider] DexContainerFileDexoptResult{dexContainerFile=/system/app/BookmarkProvider/BookmarkProvider.apk, primaryAbi=true, abi=x86_64, actualCompilerFilter=verify, status=SKIPPED, dex2oatWallTimeMillis=0, dex2oatCpuTimeMillis=0, sizeBytes=0, sizeBeforeBytes=0}
04-15 15:19:07.228 534 662 I ArtService: Dexopt result: [packageName = com.android.inputdevices] DexContainerFileDexoptResult{dexContainerFile=/system/priv-app/InputDevices/InputDevices.apk, primaryAbi=true, abi=x86_64, actualCompilerFilter=verify, status=SKIPPED, dex2oatWallTimeMillis=0, dex2oatCpuTimeMillis=0, sizeBytes=0, sizeBeforeBytes=0}
04-15 15:19:07.274 534 662 I ArtService: Dexopt result: [packageName = android.ext.shared] DexContainerFileDexoptResult{dexContainerFile=/system/app/ExtShared/ExtShared.apk, primaryAbi=true, abi=x86_64, actualCompilerFilter=verify, status=SKIPPED, dex2oatWallTimeMillis=0, dex2oatCpuTimeMillis=0, sizeBytes=0, sizeBeforeBytes=0}
04-15 15:19:07.325 534 662 I ArtService: Dexopt result: [packageName = com.android.dynsystem] DexContainerFileDexoptResult{dexContainerFile=/system/priv-app/DynamicSystemInstallationService/DynamicSystemInstallationService.apk, primaryAbi=true, abi=x86_64, actualCompilerFilter=verify, status=SKIPPED, dex2oatWallTimeMillis=0, dex2oatCpuTimeMillis=0, sizeBytes=0, sizeBeforeBytes=0}
04-15 15:19:07.397 534 662 I ArtService: Dexopt result: [packageName = com.android.se] DexContainerFileDexoptResult{dexContainerFile=/system/app/SecureElement/SecureElement.apk, primaryAbi=true, abi=x86_64, actualCompilerFilter=verify, status=SKIPPED, dex2oatWallTimeMillis=0, dex2oatCpuTimeMillis=0, sizeBytes=0, sizeBeforeBytes=0}
04-15 15:19:07.417 664 683 W ziparchive: Unable to open '/vendor/overlay/SystemUI__auto_generated_rro_vendor.dm': No such file or directory
04-15 15:19:07.418 664 683 W ziparchive: Unable to open '/vendor/overlay/SystemUI__auto_generated_rro_vendor.dm': No such file or directory
04-15 15:19:07.426 534 662 I ArtService: Dexopt result: [packageName = com.android.systemui.auto_generated_rro_vendor__] DexContainerFileDexoptResult{dexContainerFile=/vendor/overlay/SystemUI__auto_generated_rro_vendor.apk, primaryAbi=true, abi=x86_64, actualCompilerFilter=verify, status=SKIPPED, dex2oatWallTimeMillis=0, dex2oatCpuTimeMillis=0, sizeBytes=0, sizeBeforeBytes=0}
04-15 15:19:07.435 664 683 W ziparchive: Unable to open '/vendor/overlay/TeleService__auto_generated_rro_vendor.dm': No such file or directory
04-15 15:19:07.442 664 683 W ziparchive: Unable to open '/vendor/overlay/TeleService__auto_generated_rro_vendor.dm': No such file or directory
04-15 15:19:07.449 534 662 I ArtService: Dexopt result: [packageName = com.android.phone.auto_generated_rro_vendor__] DexContainerFileDexoptResult{dexContainerFile=/vendor/overlay/TeleService__auto_generated_rro_vendor.apk, primaryAbi=true, abi=x86_64, actualCompilerFilter=verify, status=SKIPPED, dex2oatWallTimeMillis=0, dex2oatCpuTimeMillis=0, sizeBytes=0, sizeBeforeBytes=0}
04-15 15:19:07.454 664 664 W ziparchive: Unable to open '/vendor/overlay/framework-res__auto_generated_rro_vendor.dm': No such file or directory
04-15 15:19:07.454 664 664 W ziparchive: Unable to open '/vendor/overlay/framework-res__auto_generated_rro_vendor.dm': No such file or directory
04-15 15:19:07.460 534 662 I ArtService: Dexopt result: [packageName = android.auto_generated_rro_vendor__] DexContainerFileDexoptResult{dexContainerFile=/vendor/overlay/framework-res__auto_generated_rro_vendor.apk, primaryAbi=true, abi=x86_64, actualCompilerFilter=verify, status=SKIPPED, dex2oatWallTimeMillis=0, dex2oatCpuTimeMillis=0, sizeBytes=0, sizeBeforeBytes=0}
04-15 15:19:07.479 664 683 W ziparchive: Unable to open '/vendor/overlay/CarrierConfig__auto_generated_rro_vendor.dm': No such file or directory
04-15 15:19:07.484 664 683 W ziparchive: Unable to open '/vendor/overlay/CarrierConfig__auto_generated_rro_vendor.dm': No such file or directory
04-15 15:19:07.487 534 662 I ArtService: Dexopt result: [packageName = com.android.carrierconfig.auto_generated_rro_vendor__] DexContainerFileDexoptResult{dexContainerFile=/vendor/overlay/CarrierConfig__auto_generated_rro_vendor.apk, primaryAbi=true, abi=x86_64, actualCompilerFilter=verify, status=SKIPPED, dex2oatWallTimeMillis=0, dex2oatCpuTimeMillis=0, sizeBytes=0, sizeBeforeBytes=0}
04-15 15:19:07.496 664 683 W ziparchive: Unable to open '/vendor/overlay/SettingsProvider__auto_generated_rro_vendor.dm': No such file or directory
04-15 15:19:07.497 664 683 W ziparchive: Unable to open '/vendor/overlay/SettingsProvider__auto_generated_rro_vendor.dm': No such file or directory
04-15 15:19:07.502 534 662 I ArtService: Dexopt result: [packageName = com.android.providers.settings.auto_generated_rro_vendor__] DexContainerFileDexoptResult{dexContainerFile=/vendor/overlay/SettingsProvider__auto_generated_rro_vendor.apk, primaryAbi=true, abi=x86_64, actualCompilerFilter=verify, status=SKIPPED, dex2oatWallTimeMillis=0, dex2oatCpuTimeMillis=0, sizeBytes=0, sizeBeforeBytes=0}
04-15 15:19:07.521 664 683 W ziparchive: Unable to open '/apex/com.android.adservices/priv-app/AdServicesApk@UE1A.230829.036.A1/AdServicesApk.dm': No such file or directory
04-15 15:19:07.521 664 683 W ziparchive: Unable to open '/apex/com.android.adservices/priv-app/AdServicesApk@UE1A.230829.036.A1/AdServicesApk.dm': No such file or directory
04-15 15:19:07.566 664 683 I artd : Running dex2oat: /apex/com.android.art/bin/art_exec --drop-capabilities --keep-fds=7:8:9:10 -- /apex/com.android.art/bin/dex2oat64 --zip-fd=7 --zip-location=/apex/com.android.adservices/priv-app/AdServicesApk@UE1A.230829.036.A1/AdServicesApk.apk --oat-fd=8 --oat-location=/data/dalvik-cache/x86_64/apex@com.android.adservices@priv-app@AdServicesApk@UE1A.230829.036.A1@AdServicesApk.apk@classes.dex --output-vdex-fd=9 --swap-fd=10 --class-loader-context=PCL[] --classpath-dir=/apex/com.android.adservices/priv-app/AdServicesApk@UE1A.230829.036.A1 --instruction-set=x86_64 --instruction-set-features=default --instruction-set-variant=x86_64 --compiler-filter=verify --compilation-reason=first-boot --compact-dex-level=none --max-image-block-size=524288 --resolve-startup-const-strings=true --generate-mini-debug-info --runtime-arg -Xtarget-sdk-version:34 --runtime-arg -Xms64m --runtime-arg -Xmx512m --comments=app-version-name:14,app-version-code:34,art-version:342090000
04-15 15:19:07.566 664 683 I artd : Opened FDs: 7:/apex/com.android.adservices/priv-app/AdServicesApk@UE1A.230829.036.A1/AdServicesApk.apk 8:/data/dalvik-cache/x86_64/apex@com.android.adservices@priv-app@AdServicesApk@UE1A.230829.036.A1@AdServicesApk.apk@classes.dex.l3PAFN.tmp 9:/data/dalvik-cache/x86_64/apex@com.android.adservices@priv-app@AdServicesApk@UE1A.230829.036.A1@AdServicesApk.apk@classes.vdex.kHUKMe.tmp 10:/data/dalvik-cache/x86_64/apex@com.android.adservices@priv-app@AdServicesApk@UE1A.230829.036.A1@AdServicesApk.apk@classes.dex.swap.uHmaqM.tmp
04-15 15:19:08.183 686 686 W dex2oat64: Unexpected CPU variant for x86: x86_64.
04-15 15:19:08.183 686 686 W dex2oat64: Known variants: atom, sandybridge, silvermont, goldmont, goldmont-plus, tremont, kabylake, default
04-15 15:19:08.252 686 686 W dex2oat64: Mismatch between dex2oat instruction set features to use (ISA: X86_64 Feature string: -ssse3,-sse4.1,-sse4.2,-avx,-avx2,-popcnt) and those from CPP defines (ISA: X86_64 Feature string: ssse3,sse4.1,sse4.2,-avx,-avx2,popcnt) for the command line:
04-15 15:19:08.252 686 686 W dex2oat64: /apex/com.android.art/bin/dex2oat64 --zip-fd=7 --zip-location=/apex/com.android.adservices/priv-app/AdServicesApk@UE1A.230829.036.A1/AdServicesApk.apk --oat-fd=8 --oat-location=/data/dalvik-cache/x86_64/apex@com.android.adservices@priv-app@AdServicesApk@UE1A.230829.036.A1@AdServicesApk.apk@classes.dex --output-vdex-fd=9 --swap-fd=10 --class-loader-context=PCL[] --classpath-dir=/apex/com.android.adservices/priv-app/AdServicesApk@UE1A.230829.036.A1 --instruction-set=x86_64 --instruction-set-features=default --instruction-set-variant=x86_64 --compiler-filter=verify --compilation-reason=first-boot --compact-dex-level=none --max-image-block-size=524288 --resolve-startup-const-strings=true --generate-mini-debug-info --runtime-arg -Xtarget-sdk-version:34 --runtime-arg -Xms64m --runtime-arg -Xmx512m --comments=app-version-name:14,app-version-code:34,art-version:342090000
04-15 15:19:08.261 686 686 I dex2oat64: /apex/com.android.art/bin/dex2oat64 --output-vdex-fd=9 --class-loader-context=PCL[] --classpath-dir=/apex/com.android.adservices/priv-app/AdServicesApk@UE1A.230829.036.A1 --compiler-filter=verify --compilation-reason=first-boot --compact-dex-level=none --max-image-block-size=524288 --resolve-startup-const-strings=true --generate-mini-debug-info --comments=app-version-name:14,app-version-code:34,art-version:342090000
04-15 15:19:08.683 686 686 I dex2oat64: Using CollectorTypeCC GC.
04-15 15:19:14.389 686 686 I dex2oat64: dex2oat took 6.259s (6.309s cpu) (threads: 2) arena alloc=0B (0B) java alloc=4652KB (4764112B) native alloc=1688KB (1729232B) free=973KB (997280B)
04-15 15:19:14.430 664 683 I artd : dex2oat returned code 0
04-15 15:19:14.443 534 662 I ArtService: Dexopt result: [packageName = com.android.adservices.api] DexContainerFileDexoptResult{dexContainerFile=/apex/com.android.adservices/priv-app/AdServicesApk@UE1A.230829.036.A1/AdServicesApk.apk, primaryAbi=true, abi=x86_64, actualCompilerFilter=verify, status=PERFORMED, dex2oatWallTimeMillis=6856, dex2oatCpuTimeMillis=6790, sizeBytes=179644, sizeBeforeBytes=0}
04-15 15:19:14.455 664 683 W ziparchive: Unable to open '/apex/com.android.healthfitness/priv-app/HealthConnectController@UE1A.230829.036.A1/HealthConnectController.dm': No such file or directory
04-15 15:19:14.457 664 683 W ziparchive: Unable to open '/apex/com.android.healthfitness/priv-app/HealthConnectController@UE1A.230829.036.A1/HealthConnectController.dm': No such file or directory
04-15 15:19:14.483 664 683 I artd : Running dex2oat: /apex/com.android.art/bin/art_exec --drop-capabilities --keep-fds=7:8:9:10:11:12:13 -- /apex/com.android.art/bin/dex2oat64 --zip-fd=7 --zip-location=/apex/com.android.healthfitness/priv-app/HealthConnectController@UE1A.230829.036.A1/HealthConnectController.apk --oat-fd=8 --oat-location=/data/dalvik-cache/x86_64/apex@com.android.healthfitness@priv-app@HealthConnectController@UE1A.230829.036.A1@HealthConnectController.apk@classes.dex --output-vdex-fd=9 --swap-fd=10 --class-loader-context-fds=11:12:13 --class-loader-context=PCL[]{PCL[/system_ext/framework/androidx.window.extensions.jar]#PCL[/system_ext/framework/androidx.window.sidecar.jar]#PCL[/system/framework/org.apache.http.legacy.jar]} --classpath-dir=/apex/com.android.healthfitness/priv-app/HealthConnectController@UE1A.230829.036.A1 --instruction-set=x86_64 --instruction-set-features=default --instruction-set-variant=x86_64 --compiler-filter=verify --compilation-reason=first-boot --compact-dex-level=none --max-image-block-size=524288 --resolve-startup-const-strings=true --generate-mini-debug-info --runtime-arg -Xtarget-sdk-version:34 --runtime-arg -Xms64m --runtime-arg -Xmx512m --comments=app-version-name:14,app-version-code:34,art-version:342090000
04-15 15:19:14.483 664 683 I artd : Opened FDs: 7:/apex/com.android.healthfitness/priv-app/HealthConnectController@UE1A.230829.036.A1/HealthConnectController.apk 8:/data/dalvik-cache/x86_64/apex@com.android.healthfitness@priv-app@HealthConnectController@UE1A.230829.036.A1@HealthConnectController.apk@classes.dex.5g1mRH.tmp 9:/data/dalvik-cache/x86_64/apex@com.android.healthfitness@priv-app@HealthConnectController@UE1A.230829.036.A1@HealthConnectController.apk@classes.vdex.gBpULs.tmp 10:/data/dalvik-cache/x86_64/apex@com.android.healthfitness@priv-app@HealthConnectController@UE1A.230829.036.A1@HealthConnectController.apk@classes.dex.swap.uQw6EP.tmp 11:/system/framework/org.apache.http.legacy.jar 12:/system_ext/framework/androidx.window.sidecar.jar 13:/system_ext/framework/androidx.window.extensions.jar
04-15 15:19:15.111 696 696 W dex2oat64: Unexpected CPU variant for x86: x86_64.
04-15 15:19:15.111 696 696 W dex2oat64: Known variants: atom, sandybridge, silvermont, goldmont, goldmont-plus, tremont, kabylake, default
04-15 15:19:15.207 696 696 W dex2oat64: Mismatch between dex2oat instruction set features to use (ISA: X86_64 Feature string: -ssse3,-sse4.1,-sse4.2,-avx,-avx2,-popcnt) and those from CPP defines (ISA: X86_64 Feature string: ssse3,sse4.1,sse4.2,-avx,-avx2,popcnt) for the command line:
04-15 15:19:15.207 696 696 W dex2oat64: /apex/com.android.art/bin/dex2oat64 --zip-fd=7 --zip-location=/apex/com.android.healthfitness/priv-app/HealthConnectController@UE1A.230829.036.A1/HealthConnectController.apk --oat-fd=8 --oat-location=/data/dalvik-cache/x86_64/apex@com.android.healthfitness@priv-app@HealthConnectController@UE1A.230829.036.A1@HealthConnectController.apk@classes.dex --output-vdex-fd=9 --swap-fd=10 --class-loader-context-fds=11:12:13 --class-loader-context=PCL[]{PCL[/system_ext/framework/androidx.window.extensions.jar]#PCL[/system_ext/framework/androidx.window.sidecar.jar]#PCL[/system/framework/org.apache.http.legacy.jar]} --classpath-dir=/apex/com.android.healthfitness/priv-app/HealthConnectController@UE1A.230829.036.A1 --instruction-set=x86_64 --instruction-set-features=default --instruction-set-variant=x86_64 --compiler-filter=verify --compilation-reason=first-boot --compact-dex-level=none --max-image-block-size=524288 --resolve-startup-const-strings=true --generate-mini-debug-info --runtime-arg -Xtarget-sdk-version:34 --runtime-arg -Xms64m --runtime-arg -Xmx512m --comments=app-version-name:14,app-version-code:34,art-version:342090000
04-15 15:19:15.245 696 696 I dex2oat64: /apex/com.android.art/bin/dex2oat64 --output-vdex-fd=9 --class-loader-context-fds=11:12:13 --class-loader-context=PCL[]{PCL[/system_ext/framework/androidx.window.extensions.jar]#PCL[/system_ext/framework/androidx.window.sidecar.jar]#PCL[/system/framework/org.apache.http.legacy.jar]} --classpath-dir=/apex/com.android.healthfitness/priv-app/HealthConnectController@UE1A.230829.036.A1 --compiler-filter=verify --compilation-reason=first-boot --compact-dex-level=none --max-image-block-size=524288 --resolve-startup-const-strings=true --generate-mini-debug-info --comments=app-version-name:14,app-version-code:34,art-version:342090000
04-15 15:19:15.485 696 696 I dex2oat64: Using CollectorTypeCC GC.
04-15 15:19:21.604 696 696 I dex2oat64: dex2oat took 6.524s (6.494s cpu) (threads: 2) arena alloc=0B (0B) java alloc=4259KB (4361728B) native alloc=1739KB (1781232B) free=977KB (1000512B)
04-15 15:19:21.634 664 683 I artd : dex2oat returned code 0
04-15 15:19:21.641 534 662 I ArtService: Dexopt result: [packageName = com.android.healthconnect.controller] DexContainerFileDexoptResult{dexContainerFile=/apex/com.android.healthfitness/priv-app/HealthConnectController@UE1A.230829.036.A1/HealthConnectController.apk, primaryAbi=true, abi=x86_64, actualCompilerFilter=verify, status=PERFORMED, dex2oatWallTimeMillis=7143, dex2oatCpuTimeMillis=7070, sizeBytes=120788, sizeBeforeBytes=0}
04-15 15:19:21.657 664 683 W ziparchive: Unable to open '/apex/com.android.healthfitness/app/HealthConnectBackupRestore@UE1A.230829.036.A1/HealthConnectBackupRestore.dm': No such file or directory
04-15 15:19:21.657 664 683 W ziparchive: Unable to open '/apex/com.android.healthfitness/app/HealthConnectBackupRestore@UE1A.230829.036.A1/HealthConnectBackupRestore.dm': No such file or directory
04-15 15:19:21.695 664 666 I artd : Running dex2oat: /apex/com.android.art/bin/art_exec --drop-capabilities --keep-fds=7:8:9:10 -- /apex/com.android.art/bin/dex2oat64 --zip-fd=7 --zip-location=/apex/com.android.healthfitness/app/HealthConnectBackupRestore@UE1A.230829.036.A1/HealthConnectBackupRestore.apk --oat-fd=8 --oat-location=/data/dalvik-cache/x86_64/apex@com.android.healthfitness@app@HealthConnectBackupRestore@UE1A.230829.036.A1@HealthConnectBackupRestore.apk@classes.dex --output-vdex-fd=9 --swap-fd=10 --class-loader-context=PCL[] --classpath-dir=/apex/com.android.healthfitness/app/HealthConnectBackupRestore@UE1A.230829.036.A1 --instruction-set=x86_64 --instruction-set-features=default --instruction-set-variant=x86_64 --compiler-filter=verify --compilation-reason=first-boot --compact-dex-level=none --max-image-block-size=524288 --resolve-startup-const-strings=true --generate-mini-debug-info --runtime-arg -Xtarget-sdk-version:34 --runtime-arg -Xms64m --runtime-arg -Xmx512m --comments=app-version-name:14,app-version-code:34,art-version:342090000
04-15 15:19:21.695 664 666 I artd : Opened FDs: 7:/apex/com.android.healthfitness/app/HealthConnectBackupRestore@UE1A.230829.036.A1/HealthConnectBackupRestore.apk 8:/data/dalvik-cache/x86_64/apex@com.android.healthfitness@app@HealthConnectBackupRestore@UE1A.230829.036.A1@HealthConnectBackupRestore.apk@classes.dex.1ErRgd.tmp 9:/data/dalvik-cache/x86_64/apex@com.android.healthfitness@app@HealthConnectBackupRestore@UE1A.230829.036.A1@HealthConnectBackupRestore.apk@classes.vdex.BPtDuT.tmp 10:/data/dalvik-cache/x86_64/apex@com.android.healthfitness@app@HealthConnectBackupRestore@UE1A.230829.036.A1@HealthConnectBackupRestore.apk@classes.dex.swap.PKuFmU.tmp
04-15 15:19:22.692 706 706 W dex2oat64: Unexpected CPU variant for x86: x86_64.
04-15 15:19:22.692 706 706 W dex2oat64: Known variants: atom, sandybridge, silvermont, goldmont, goldmont-plus, tremont, kabylake, default
04-15 15:19:22.792 706 706 W dex2oat64: Mismatch between dex2oat instruction set features to use (ISA: X86_64 Feature string: -ssse3,-sse4.1,-sse4.2,-avx,-avx2,-popcnt) and those from CPP defines (ISA: X86_64 Feature string: ssse3,sse4.1,sse4.2,-avx,-avx2,popcnt) for the command line:
04-15 15:19:22.792 706 706 W dex2oat64: /apex/com.android.art/bin/dex2oat64 --zip-fd=7 --zip-location=/apex/com.android.healthfitness/app/HealthConnectBackupRestore@UE1A.230829.036.A1/HealthConnectBackupRestore.apk --oat-fd=8 --oat-location=/data/dalvik-cache/x86_64/apex@com.android.healthfitness@app@HealthConnectBackupRestore@UE1A.230829.036.A1@HealthConnectBackupRestore.apk@classes.dex --output-vdex-fd=9 --swap-fd=10 --class-loader-context=PCL[] --classpath-dir=/apex/com.android.healthfitness/app/HealthConnectBackupRestore@UE1A.230829.036.A1 --instruction-set=x86_64 --instruction-set-features=default --instruction-set-variant=x86_64 --compiler-filter=verify --compilation-reason=first-boot --compact-dex-level=none --max-image-block-size=524288 --resolve-startup-const-strings=true --generate-mini-debug-info --runtime-arg -Xtarget-sdk-version:34 --runtime-arg -Xms64m --runtime-arg -Xmx512m --comments=app-version-name:14,app-version-code:34,art-version:342090000
04-15 15:19:22.797 706 706 I dex2oat64: /apex/com.android.art/bin/dex2oat64 --output-vdex-fd=9 --class-loader-context=PCL[] --classpath-dir=/apex/com.android.healthfitness/app/HealthConnectBackupRestore@UE1A.230829.036.A1 --compiler-filter=verify --compilation-reason=first-boot --compact-dex-level=none --max-image-block-size=524288 --resolve-startup-const-strings=true --generate-mini-debug-info --comments=app-version-name:14,app-version-code:34,art-version:342090000
04-15 15:19:23.087 706 706 I dex2oat64: Using CollectorTypeCC GC.
04-15 15:19:24.920 706 706 I dex2oat64: dex2oat took 2.308s (1.859s cpu) (threads: 2) arena alloc=0B (0B) java alloc=32KB (32768B) native alloc=1100KB (1126656B) free=915KB (937264B)
04-15 15:19:24.967 664 666 I artd : dex2oat returned code 0
04-15 15:19:24.992 534 662 I ArtService: Dexopt result: [packageName = com.android.health.connect.backuprestore] DexContainerFileDexoptResult{dexContainerFile=/apex/com.android.healthfitness/app/HealthConnectBackupRestore@UE1A.230829.036.A1/HealthConnectBackupRestore.apk, primaryAbi=true, abi=x86_64, actualCompilerFilter=verify, status=PERFORMED, dex2oatWallTimeMillis=3254, dex2oatCpuTimeMillis=2630, sizeBytes=17456, sizeBeforeBytes=0}
04-15 15:19:25.085 664 666 W ziparchive: Unable to open '/apex/com.android.ondevicepersonalization/app/FederatedCompute@UE1A.230829.036.A1/FederatedCompute.dm': No such file or directory
04-15 15:19:25.086 664 666 W ziparchive: Unable to open '/apex/com.android.ondevicepersonalization/app/FederatedCompute@UE1A.230829.036.A1/FederatedCompute.dm': No such file or directory
04-15 15:19:25.183 664 664 I artd : Running dex2oat: /apex/com.android.art/bin/art_exec --drop-capabilities --keep-fds=7:8:9:10 -- /apex/com.android.art/bin/dex2oat64 --zip-fd=7 --zip-location=/apex/com.android.ondevicepersonalization/app/FederatedCompute@UE1A.230829.036.A1/FederatedCompute.apk --oat-fd=8 --oat-location=/data/dalvik-cache/x86_64/apex@com.android.ondevicepersonalization@app@FederatedCompute@UE1A.230829.036.A1@FederatedCompute.apk@classes.dex --output-vdex-fd=9 --swap-fd=10 --class-loader-context=PCL[] --classpath-dir=/apex/com.android.ondevicepersonalization/app/FederatedCompute@UE1A.230829.036.A1 --instruction-set=x86_64 --instruction-set-features=default --instruction-set-variant=x86_64 --compiler-filter=verify --compilation-reason=first-boot --compact-dex-level=none --max-image-block-size=524288 --resolve-startup-const-strings=true --generate-mini-debug-info --runtime-arg -Xtarget-sdk-version:34 --runtime-arg -Xms64m --runtime-arg -Xmx512m --comments=app-version-name:T-initial,app-version-code:1,art-version:342090000
04-15 15:19:25.183 664 664 I artd : Opened FDs: 7:/apex/com.android.ondevicepersonalization/app/FederatedCompute@UE1A.230829.036.A1/FederatedCompute.apk 8:/data/dalvik-cache/x86_64/apex@com.android.ondevicepersonalization@app@FederatedCompute@UE1A.230829.036.A1@FederatedCompute.apk@classes.dex.bqj0P8.tmp 9:/data/dalvik-cache/x86_64/apex@com.android.ondevicepersonalization@app@FederatedCompute@UE1A.230829.036.A1@FederatedCompute.apk@classes.vdex.1freXP.tmp 10:/data/dalvik-cache/x86_64/apex@com.android.ondevicepersonalization@app@FederatedCompute@UE1A.230829.036.A1@FederatedCompute.apk@classes.dex.swap.LTkKEO.tmp
04-15 15:19:25.867 712 712 W dex2oat64: Unexpected CPU variant for x86: x86_64.
04-15 15:19:25.867 712 712 W dex2oat64: Known variants: atom, sandybridge, silvermont, goldmont, goldmont-plus, tremont, kabylake, default
04-15 15:19:25.898 712 712 W dex2oat64: Mismatch between dex2oat instruction set features to use (ISA: X86_64 Feature string: -ssse3,-sse4.1,-sse4.2,-avx,-avx2,-popcnt) and those from CPP defines (ISA: X86_64 Feature string: ssse3,sse4.1,sse4.2,-avx,-avx2,popcnt) for the command line:
04-15 15:19:25.898 712 712 W dex2oat64: /apex/com.android.art/bin/dex2oat64 --zip-fd=7 --zip-location=/apex/com.android.ondevicepersonalization/app/FederatedCompute@UE1A.230829.036.A1/FederatedCompute.apk --oat-fd=8 --oat-location=/data/dalvik-cache/x86_64/apex@com.android.ondevicepersonalization@app@FederatedCompute@UE1A.230829.036.A1@FederatedCompute.apk@classes.dex --output-vdex-fd=9 --swap-fd=10 --class-loader-context=PCL[] --classpath-dir=/apex/com.android.ondevicepersonalization/app/FederatedCompute@UE1A.230829.036.A1 --instruction-set=x86_64 --instruction-set-features=default --instruction-set-variant=x86_64 --compiler-filter=verify --compilation-reason=first-boot --compact-dex-level=none --max-image-block-size=524288 --resolve-startup-const-strings=true --generate-mini-debug-info --runtime-arg -Xtarget-sdk-version:34 --runtime-arg -Xms64m --runtime-arg -Xmx512m --comments=app-version-name:T-initial,app-version-code:1,art-version:342090000
04-15 15:19:25.906 712 712 I dex2oat64: /apex/com.android.art/bin/dex2oat64 --output-vdex-fd=9 --class-loader-context=PCL[] --classpath-dir=/apex/com.android.ondevicepersonalization/app/FederatedCompute@UE1A.230829.036.A1 --compiler-filter=verify --compilation-reason=first-boot --compact-dex-level=none --max-image-block-size=524288 --resolve-startup-const-strings=true --generate-mini-debug-info --comments=app-version-name:T-initial,app-version-code:1,art-version:342090000
04-15 15:19:25.987 712 712 I dex2oat64: Using CollectorTypeCC GC.
04-15 15:19:27.392 712 712 I dex2oat64: dex2oat took 1.554s (1.242s cpu) (threads: 2) arena alloc=0B (0B) java alloc=64KB (65824B) native alloc=975KB (999216B) free=835KB (855616B)
04-15 15:19:27.413 664 664 I artd : dex2oat returned code 0
04-15 15:19:27.416 534 662 I ArtService: Dexopt result: [packageName = com.android.federatedcompute.services] DexContainerFileDexoptResult{dexContainerFile=/apex/com.android.ondevicepersonalization/app/FederatedCompute@UE1A.230829.036.A1/FederatedCompute.apk, primaryAbi=true, abi=x86_64, actualCompilerFilter=verify, status=PERFORMED, dex2oatWallTimeMillis=2221, dex2oatCpuTimeMillis=1880, sizeBytes=23236, sizeBeforeBytes=0}
04-15 15:19:27.453 664 664 W ziparchive: Unable to open '/apex/com.android.permission/priv-app/SafetyCenterResources@UE1A.230829.036.A1/SafetyCenterResources.dm': No such file or directory
04-15 15:19:27.453 664 664 W ziparchive: Unable to open '/apex/com.android.permission/priv-app/SafetyCenterResources@UE1A.230829.036.A1/SafetyCenterResources.dm': No such file or directory
04-15 15:19:27.465 534 662 I ArtService: Dexopt result: [packageName = com.android.safetycenter.resources] DexContainerFileDexoptResult{dexContainerFile=/apex/com.android.permission/priv-app/SafetyCenterResources@UE1A.230829.036.A1/SafetyCenterResources.apk, primaryAbi=true, abi=x86_64, actualCompilerFilter=verify, status=SKIPPED, dex2oatWallTimeMillis=0, dex2oatCpuTimeMillis=0, sizeBytes=0, sizeBeforeBytes=0}
04-15 15:19:27.473 664 664 W ziparchive: Unable to open '/apex/com.android.wifi/app/WifiDialog@UE1A.230829.036.A1/WifiDialog.dm': No such file or directory
04-15 15:19:27.473 664 664 W ziparchive: Unable to open '/apex/com.android.wifi/app/WifiDialog@UE1A.230829.036.A1/WifiDialog.dm': No such file or directory
04-15 15:19:27.508 664 664 I artd : Running dex2oat: /apex/com.android.art/bin/art_exec --drop-capabilities --keep-fds=7:8:9:10 -- /apex/com.android.art/bin/dex2oat64 --zip-fd=7 --zip-location=/apex/com.android.wifi/app/WifiDialog@UE1A.230829.036.A1/WifiDialog.apk --oat-fd=8 --oat-location=/data/dalvik-cache/x86_64/apex@com.android.wifi@app@WifiDialog@UE1A.230829.036.A1@WifiDialog.apk@classes.dex --output-vdex-fd=9 --swap-fd=10 --class-loader-context=PCL[] --classpath-dir=/apex/com.android.wifi/app/WifiDialog@UE1A.230829.036.A1 --instruction-set=x86_64 --instruction-set-features=default --instruction-set-variant=x86_64 --compiler-filter=verify --compilation-reason=first-boot --compact-dex-level=none --max-image-block-size=524288 --resolve-startup-const-strings=true --generate-mini-debug-info --runtime-arg -Xtarget-sdk-version:34 --runtime-arg -Xms64m --runtime-arg -Xmx512m --comments=app-version-name:14,app-version-code:34,art-version:342090000
04-15 15:19:27.508 664 664 I artd : Opened FDs: 7:/apex/com.android.wifi/app/WifiDialog@UE1A.230829.036.A1/WifiDialog.apk 8:/data/dalvik-cache/x86_64/apex@com.android.wifi@app@WifiDialog@UE1A.230829.036.A1@WifiDialog.apk@classes.dex.3lPePd.tmp 9:/data/dalvik-cache/x86_64/apex@com.android.wifi@app@WifiDialog@UE1A.230829.036.A1@WifiDialog.apk@classes.vdex.uknQei.tmp 10:/data/dalvik-cache/x86_64/apex@com.android.wifi@app@WifiDialog@UE1A.230829.036.A1@WifiDialog.apk@classes.dex.swap.XgQezn.tmp
04-15 15:19:27.935 718 718 W dex2oat64: Unexpected CPU variant for x86: x86_64.
04-15 15:19:27.935 718 718 W dex2oat64: Known variants: atom, sandybridge, silvermont, goldmont, goldmont-plus, tremont, kabylake, default
04-15 15:19:27.980 718 718 W dex2oat64: Mismatch between dex2oat instruction set features to use (ISA: X86_64 Feature string: -ssse3,-sse4.1,-sse4.2,-avx,-avx2,-popcnt) and those from CPP defines (ISA: X86_64 Feature string: ssse3,sse4.1,sse4.2,-avx,-avx2,popcnt) for the command line:
04-15 15:19:27.980 718 718 W dex2oat64: /apex/com.android.art/bin/dex2oat64 --zip-fd=7 --zip-location=/apex/com.android.wifi/app/WifiDialog@UE1A.230829.036.A1/WifiDialog.apk --oat-fd=8 --oat-location=/data/dalvik-cache/x86_64/apex@com.android.wifi@app@WifiDialog@UE1A.230829.036.A1@WifiDialog.apk@classes.dex --output-vdex-fd=9 --swap-fd=10 --class-loader-context=PCL[] --classpath-dir=/apex/com.android.wifi/app/WifiDialog@UE1A.230829.036.A1 --instruction-set=x86_64 --instruction-set-features=default --instruction-set-variant=x86_64 --compiler-filter=verify --compilation-reason=first-boot --compact-dex-level=none --max-image-block-size=524288 --resolve-startup-const-strings=true --generate-mini-debug-info --runtime-arg -Xtarget-sdk-version:34 --runtime-arg -Xms64m --runtime-arg -Xmx512m --comments=app-version-name:14,app-version-code:34,art-version:342090000
04-15 15:19:27.983 718 718 I dex2oat64: /apex/com.android.art/bin/dex2oat64 --output-vdex-fd=9 --class-loader-context=PCL[] --classpath-dir=/apex/com.android.wifi/app/WifiDialog@UE1A.230829.036.A1 --compiler-filter=verify --compilation-reason=first-boot --compact-dex-level=none --max-image-block-size=524288 --resolve-startup-const-strings=true --generate-mini-debug-info --comments=app-version-name:14,app-version-code:34,art-version:342090000
04-15 15:19:28.088 718 718 I dex2oat64: Using CollectorTypeCC GC.
04-15 15:19:29.677 718 718 I dex2oat64: dex2oat took 1.782s (1.567s cpu) (threads: 2) arena alloc=0B (0B) java alloc=882KB (904128B) native alloc=1166KB (1194064B) free=834KB (854368B)
04-15 15:19:29.764 664 664 I artd : dex2oat returned code 0
04-15 15:19:29.773 534 662 I ArtService: Dexopt result: [packageName = com.android.wifi.dialog] DexContainerFileDexoptResult{dexContainerFile=/apex/com.android.wifi/app/WifiDialog@UE1A.230829.036.A1/WifiDialog.apk, primaryAbi=true, abi=x86_64, actualCompilerFilter=verify, status=PERFORMED, dex2oatWallTimeMillis=2249, dex2oatCpuTimeMillis=1970, sizeBytes=39140, sizeBeforeBytes=0}
04-15 15:19:29.782 664 664 W ziparchive: Unable to open '/apex/com.android.rkpd/priv-app/rkpdapp@UE1A.230829.036.A1/rkpdapp.dm': No such file or directory
04-15 15:19:29.782 664 664 W ziparchive: Unable to open '/apex/com.android.rkpd/priv-app/rkpdapp@UE1A.230829.036.A1/rkpdapp.dm': No such file or directory
04-15 15:19:29.809 664 664 I artd : Running dex2oat: /apex/com.android.art/bin/art_exec --drop-capabilities --keep-fds=7:8:9:10 -- /apex/com.android.art/bin/dex2oat64 --zip-fd=7 --zip-location=/apex/com.android.rkpd/priv-app/rkpdapp@UE1A.230829.036.A1/rkpdapp.apk --oat-fd=8 --oat-location=/data/dalvik-cache/x86_64/apex@com.android.rkpd@priv-app@rkpdapp@UE1A.230829.036.A1@rkpdapp.apk@classes.dex --output-vdex-fd=9 --swap-fd=10 --class-loader-context=PCL[] --classpath-dir=/apex/com.android.rkpd/priv-app/rkpdapp@UE1A.230829.036.A1 --instruction-set=x86_64 --instruction-set-features=default --instruction-set-variant=x86_64 --compiler-filter=verify --compilation-reason=first-boot --compact-dex-level=none --max-image-block-size=524288 --resolve-startup-const-strings=true --generate-mini-debug-info --runtime-arg -Xtarget-sdk-version:34 --runtime-arg -Xms64m --runtime-arg -Xmx512m --comments=app-version-name:14,app-version-code:34,art-version:342090000
04-15 15:19:29.809 664 664 I artd : Opened FDs: 7:/apex/com.android.rkpd/priv-app/rkpdapp@UE1A.230829.036.A1/rkpdapp.apk 8:/data/dalvik-cache/x86_64/apex@com.android.rkpd@priv-app@rkpdapp@UE1A.230829.036.A1@rkpdapp.apk@classes.dex.PIcvKz.tmp 9:/data/dalvik-cache/x86_64/apex@com.android.rkpd@priv-app@rkpdapp@UE1A.230829.036.A1@rkpdapp.apk@classes.vdex.Mn0Gmz.tmp 10:/data/dalvik-cache/x86_64/apex@com.android.rkpd@priv-app@rkpdapp@UE1A.230829.036.A1@rkpdapp.apk@classes.dex.swap.A33RqU.tmp
04-15 15:19:30.367 725 725 W dex2oat64: Unexpected CPU variant for x86: x86_64.
04-15 15:19:30.367 725 725 W dex2oat64: Known variants: atom, sandybridge, silvermont, goldmont, goldmont-plus, tremont, kabylake, default
04-15 15:19:30.409 725 725 W dex2oat64: Mismatch between dex2oat instruction set features to use (ISA: X86_64 Feature string: -ssse3,-sse4.1,-sse4.2,-avx,-avx2,-popcnt) and those from CPP defines (ISA: X86_64 Feature string: ssse3,sse4.1,sse4.2,-avx,-avx2,popcnt) for the command line:
04-15 15:19:30.409 725 725 W dex2oat64: /apex/com.android.art/bin/dex2oat64 --zip-fd=7 --zip-location=/apex/com.android.rkpd/priv-app/rkpdapp@UE1A.230829.036.A1/rkpdapp.apk --oat-fd=8 --oat-location=/data/dalvik-cache/x86_64/apex@com.android.rkpd@priv-app@rkpdapp@UE1A.230829.036.A1@rkpdapp.apk@classes.dex --output-vdex-fd=9 --swap-fd=10 --class-loader-context=PCL[] --classpath-dir=/apex/com.android.rkpd/priv-app/rkpdapp@UE1A.230829.036.A1 --instruction-set=x86_64 --instruction-set-features=default --instruction-set-variant=x86_64 --compiler-filter=verify --compilation-reason=first-boot --compact-dex-level=none --max-image-block-size=524288 --resolve-startup-const-strings=true --generate-mini-debug-info --runtime-arg -Xtarget-sdk-version:34 --runtime-arg -Xms64m --runtime-arg -Xmx512m --comments=app-version-name:14,app-version-code:34,art-version:342090000
04-15 15:19:30.423 725 725 I dex2oat64: /apex/com.android.art/bin/dex2oat64 --output-vdex-fd=9 --class-loader-context=PCL[] --classpath-dir=/apex/com.android.rkpd/priv-app/rkpdapp@UE1A.230829.036.A1 --compiler-filter=verify --compilation-reason=first-boot --compact-dex-level=none --max-image-block-size=524288 --resolve-startup-const-strings=true --generate-mini-debug-info --comments=app-version-name:14,app-version-code:34,art-version:342090000
04-15 15:19:30.541 725 725 I dex2oat64: Using CollectorTypeCC GC.
04-15 15:19:32.460 725 725 I dex2oat64: dex2oat took 2.132s (1.659s cpu) (threads: 2) arena alloc=0B (0B) java alloc=512KB (524624B) native alloc=1205KB (1234864B) free=786KB (805056B)
04-15 15:19:32.555 664 664 I artd : dex2oat returned code 0
04-15 15:19:32.559 534 662 I ArtService: Dexopt result: [packageName = com.android.rkpdapp] DexContainerFileDexoptResult{dexContainerFile=/apex/com.android.rkpd/priv-app/rkpdapp@UE1A.230829.036.A1/rkpdapp.apk, primaryAbi=true, abi=x86_64, actualCompilerFilter=verify, status=PERFORMED, dex2oatWallTimeMillis=2743, dex2oatCpuTimeMillis=2160, sizeBytes=42040, sizeBeforeBytes=0}
04-15 15:19:32.590 664 664 W ziparchive: Unable to open '/apex/com.android.cellbroadcast/priv-app/CellBroadcastServiceModule@UE1A.230829.036.A1/CellBroadcastServiceModule.dm': No such file or directory
