04-15 15:18:17.596 0 0 I servicemanager: Found android.hardware.radio.modem.IRadioModem/slot1 in device VINTF manifest.
04-15 15:18:17.608 0 0 I servicemanager: Service 'android.hardware.radio.modem.IRadioModem/slot1' originally registered from PID 451 but it is being registered again from PID 451. Bad state? Late death notification? Multiple instances installed?
04-15 15:18:17.630 0 0 I BpBinder: onLastStrongRef automatically unlinking death recipients:
04-15 15:18:17.640 0 0 I servicemanager: Found android.hardware.radio.sim.IRadioSim/slot1 in device VINTF manifest.
04-15 15:18:17.641 0 0 I servicemanager: Service 'android.hardware.radio.sim.IRadioSim/slot1' originally registered from PID 451 but it is being registered again from PID 451. Bad state? Late death notification? Multiple instances installed?
04-15 15:18:17.647 0 0 I BpBinder: onLastStrongRef automatically unlinking death recipients:
04-15 15:18:17.694 0 0 I servicemanager: Found android.hardware.radio.config.IRadioConfig/default in device VINTF manifest.
04-15 15:18:17.720 0 0 I servicemanager: Could not find android.hardware.radio.sap.ISap/slot1 in the VINTF manifest.
04-15 15:18:19.043 437 437 I MediaExtractorFactory: plugin directory not present (/system/lib64/extractors)
04-15 15:18:19.043 437 437 I MediaExtractorFactory: plugin directory not present (/system_ext/lib64/extractors)
04-15 15:18:19.144 455 455 I mediaswcodec: media swcodec service starting
04-15 15:18:19.167 455 455 W mediaswcodec: Could not read additional policy file '/vendor/etc/seccomp_policy/mediaswcodec.policy'
04-15 15:18:19.178 455 455 W mediaswcodec: libminijail[455]: failed to get path of fd 5: No such file or directory
04-15 15:18:19.179 455 455 W mediaswcodec: libminijail[455]: allowing syscall: socket
04-15 15:18:19.188 455 455 W mediaswcodec: libminijail[455]: allowing syscall: connect
04-15 15:18:19.192 455 455 W mediaswcodec: libminijail[455]: allowing syscall: fcntl
04-15 15:18:19.192 455 455 W mediaswcodec: libminijail[455]: allowing syscall: writev
04-15 15:18:19.193 455 455 W mediaswcodec: libminijail[455]: compile_file: (20): nonexistent syscall 'getuid32'
04-15 15:18:19.194 455 455 W mediaswcodec: libminijail[455]: compile_file: (26): nonexistent syscall 'mmap2'
04-15 15:18:19.194 455 455 W mediaswcodec: libminijail[455]: compile_file: (28): nonexistent syscall 'fstat64'
04-15 15:18:19.194 455 455 W mediaswcodec: libminijail[455]: compile_file: (31): nonexistent syscall 'stat64'
04-15 15:18:19.195 455 455 W mediaswcodec: libminijail[455]: compile_file: (32): nonexistent syscall 'statfs64'
04-15 15:18:19.200 455 455 W mediaswcodec: libminijail[455]: compile_file: (34): nonexistent syscall 'fstatat64'
04-15 15:18:19.201 455 455 W mediaswcodec: libminijail[455]: compile_file: (39): nonexistent syscall '_llseek'
04-15 15:18:19.214 455 455 W mediaswcodec: libminijail[455]: compile_file: (48): nonexistent syscall 'ugetrlimit'
04-15 15:18:19.214 455 455 W mediaswcodec: libminijail[455]: compile_file: (51): nonexistent syscall '_llseek'
04-15 15:18:19.215 455 455 W mediaswcodec: libminijail[455]: compile_file: (52): nonexistent syscall 'fstatfs64'
04-15 15:18:19.215 455 455 W mediaswcodec: libminijail[455]: compile_file: (64): nonexistent syscall 'ftruncate64'
04-15 15:18:19.216 455 455 W mediaswcodec: libminijail[455]: compile_file: (70): syscall gettid redefined here
04-15 15:18:19.228 455 455 W mediaswcodec: libminijail[455]: compile_file: (67): previous definition here
04-15 15:18:19.230 455 455 W mediaswcodec: libminijail[455]: compile_file: /apex/com.android.media.swcodec/etc/seccomp_policy/crash_dump.x86_64.policy(1): syscall read redefined here
04-15 15:18:19.230 455 455 W mediaswcodec: libminijail[455]: compile_file: (15): previous definition here
04-15 15:18:19.230 455 455 W mediaswcodec: libminijail[455]: compile_file: /apex/com.android.media.swcodec/etc/seccomp_policy/crash_dump.x86_64.policy(2): syscall write redefined here
04-15 15:18:19.231 455 455 W mediaswcodec: libminijail[455]: compile_file: (58): previous definition here
04-15 15:18:19.232 455 455 W mediaswcodec: libminijail[455]: compile_file: /apex/com.android.media.swcodec/etc/seccomp_policy/crash_dump.x86_64.policy(3): syscall exit redefined here
04-15 15:18:19.233 455 455 W mediaswcodec: libminijail[455]: compile_file: (45): previous definition here
04-15 15:18:19.233 455 455 W mediaswcodec: libminijail[455]: compile_file: /apex/com.android.media.swcodec/etc/seccomp_policy/crash_dump.x86_64.policy(4): syscall rt_sigreturn redefined here
04-15 15:18:19.233 455 455 W mediaswcodec: libminijail[455]: compile_file: (47): previous definition here
04-15 15:18:19.234 455 455 W mediaswcodec: libminijail[455]: compile_file: /apex/com.android.media.swcodec/etc/seccomp_policy/crash_dump.x86_64.policy(5): syscall exit_group redefined here
04-15 15:18:19.234 455 455 W mediaswcodec: libminijail[455]: compile_file: (46): previous definition here
04-15 15:18:19.234 455 455 W mediaswcodec: libminijail[455]: compile_file: /apex/com.android.media.swcodec/etc/seccomp_policy/crash_dump.x86_64.policy(8): syscall futex redefined here
04-15 15:18:19.235 455 455 W mediaswcodec: libminijail[455]: compile_file: (36): previous definition here
04-15 15:18:19.235 455 455 W mediaswcodec: libminijail[455]: compile_file: /apex/com.android.media.swcodec/etc/seccomp_policy/crash_dump.x86_64.policy(10): syscall getpid redefined here
04-15 15:18:19.235 455 455 W mediaswcodec: libminijail[455]: compile_file: (69): previous definition here
04-15 15:18:19.235 455 455 W mediaswcodec: libminijail[455]: compile_file: /apex/com.android.media.swcodec/etc/seccomp_policy/crash_dump.x86_64.policy(11): syscall gettid redefined here
04-15 15:18:19.240 455 455 W mediaswcodec: libminijail[455]: compile_file: (67): previous definition here
04-15 15:18:19.240 455 455 W mediaswcodec: libminijail[455]: compile_file: /apex/com.android.media.swcodec/etc/seccomp_policy/crash_dump.x86_64.policy(14): syscall openat redefined here
04-15 15:18:19.240 455 455 W mediaswcodec: libminijail[455]: compile_file: (18): previous definition here
04-15 15:18:19.241 455 455 W mediaswcodec: libminijail[455]: compile_file: /apex/com.android.media.swcodec/etc/seccomp_policy/crash_dump.x86_64.policy(15): syscall dup redefined here
04-15 15:18:19.241 455 455 W mediaswcodec: libminijail[455]: compile_file: (56): previous definition here
04-15 15:18:19.241 455 455 W mediaswcodec: libminijail[455]: compile_file: /apex/com.android.media.swcodec/etc/seccomp_policy/crash_dump.x86_64.policy(16): syscall close redefined here
04-15 15:18:19.241 455 455 W mediaswcodec: libminijail[455]: compile_file: (25): previous definition here
04-15 15:18:19.241 455 455 W mediaswcodec: libminijail[455]: compile_file: /apex/com.android.media.swcodec/etc/seccomp_policy/crash_dump.x86_64.policy(17): syscall lseek redefined here
04-15 15:18:19.241 455 455 W mediaswcodec: libminijail[455]: compile_file: (40): previous definition here
04-15 15:18:19.252 455 455 W mediaswcodec: libminijail[455]: compile_file: /apex/com.android.media.swcodec/etc/seccomp_policy/crash_dump.x86_64.policy(19): syscall faccessat redefined here
04-15 15:18:19.253 455 455 W mediaswcodec: libminijail[455]: compile_file: (38): previous definition here
04-15 15:18:19.253 455 455 W mediaswcodec: libminijail[455]: compile_file: /apex/com.android.media.swcodec/etc/seccomp_policy/crash_dump.x86_64.policy(28): syscall prctl redefined here
04-15 15:18:19.253 455 455 W mediaswcodec: libminijail[455]: compile_file: (17): previous definition here
04-15 15:18:19.254 455 455 W mediaswcodec: libminijail[455]: compile_file: /apex/com.android.media.swcodec/etc/seccomp_policy/crash_dump.x86_64.policy(29): syscall madvise redefined here
04-15 15:18:19.255 455 455 W mediaswcodec: libminijail[455]: compile_file: (33): previous definition here
04-15 15:18:19.255 455 455 W mediaswcodec: libminijail[455]: compile_file: /apex/com.android.media.swcodec/etc/seccomp_policy/crash_dump.x86_64.policy(30): syscall mprotect redefined here
04-15 15:18:19.255 455 455 W mediaswcodec: libminijail[455]: compile_file: (16): previous definition here
04-15 15:18:19.292 455 455 W mediaswcodec: libminijail[455]: compile_file: /apex/com.android.media.swcodec/etc/seccomp_policy/crash_dump.x86_64.policy(31): syscall munmap redefined here
04-15 15:18:19.293 455 455 W mediaswcodec: libminijail[455]: compile_file: (37): previous definition here
04-15 15:18:19.293 455 455 W mediaswcodec: libminijail[455]: compile_file: /apex/com.android.media.swcodec/etc/seccomp_policy/crash_dump.x86_64.policy(32): syscall getuid redefined here
04-15 15:18:19.294 455 455 W mediaswcodec: libminijail[455]: compile_file: (21): previous definition here
04-15 15:18:19.294 455 455 W mediaswcodec: libminijail[455]: compile_file: /apex/com.android.media.swcodec/etc/seccomp_policy/crash_dump.x86_64.policy(33): syscall fstat redefined here
04-15 15:18:19.294 455 455 W mediaswcodec: libminijail[455]: compile_file: (29): previous definition here
04-15 15:18:19.295 455 455 W mediaswcodec: libminijail[455]: compile_file: /apex/com.android.media.swcodec/etc/seccomp_policy/crash_dump.x86_64.policy(34): syscall mmap redefined here
04-15 15:18:19.295 455 455 W mediaswcodec: libminijail[455]: compile_file: (27): previous definition here
04-15 15:18:19.305 455 455 W mediaswcodec: libminijail[455]: logging seccomp filter failures
04-15 15:18:19.319 455 455 I CodecServiceRegistrant: Creating software Codec2 service...
04-15 15:18:19.366 455 455 D C2Store : Default ION heapmask = -1
04-15 15:18:19.366 455 455 D C2Store : Default ION flags = 0
04-15 15:18:19.366 455 455 D C2Store : Default ION align = 0
04-15 15:18:19.404 455 455 I HidlServiceManagement: Registered android.hardware.media.c2@1.2::IComponentStore/software
04-15 15:18:19.442 455 455 I CodecServiceRegistrant: Preferred Codec2 store is set to "default".
04-15 15:18:19.442 455 455 I CodecServiceRegistrant: Software Codec2 service created and registered.
04-15 15:18:19.449 386 386 D APM_EngineLoader: Loaded engine from libaudiopolicyenginedefault.so
04-15 15:18:19.449 386 386 D APM::AudioPolicyEngine/Base: loadAudioPolicyEngineConfig: No configuration found, using default matching phone experience.
04-15 15:18:19.587 386 386 W APM::AudioPolicyEngine/Base: loadAudioPolicyEngineConfig: No configuration of AUDIO_STREAM_CALL_ASSISTANT found, using default volume configuration
04-15 15:18:19.730 386 386 D AudioFlinger::MelReporter: activateHalSoundDoseComputation: Forcing use of internal MEL computation.
04-15 15:18:19.745 386 386 W AudioFlinger: loadHwModule() sound dose reporting is not available
04-15 15:18:19.994 386 386 I AudioFlinger: loadHwModule() Loaded primary audio interface, handle 10
04-15 15:18:20.484 386 386 I AudioFlinger: openOutput() this 0x71182fbad190, module 10 Device AUDIO_DEVICE_OUT_SPEAKER, @:, SamplingRate 48000, Format 0x000001, Channels 0x3, flags 0x2
04-15 15:18:20.569 441 476 I ServiceManagerCppClient: Waiting for service 'package_native' on '/dev/binder'...
04-15 15:18:20.632 386 386 I AudioFlinger: HAL output buffer size 1088 frames, normal sink buffer size 1088 frames
04-15 15:18:20.714 458 458 W ServiceManagerCppClient: Service android.hardware.gatekeeper.IGatekeeper/default didn't start. Returning NULL
04-15 15:18:20.733 132 132 I hwservicemanager: getTransport: Cannot find entry android.hardware.audio.effect@7.1::IEffectsFactory/default in either framework or device VINTF manifest.
04-15 15:18:20.899 328 328 D nativeloader: InitDefaultPublicLibraries for_preload=1: libandroid.so:libaaudio.so:libamidi.so:libbinder_ndk.so:libc.so:libcamera2ndk.so:libdl.so:libEGL.so:libGLESv1_CM.so:libGLESv2.so:libGLESv3.so:libicu.so:libicui18n.so:libicuuc.so:libjnigraphics.so:liblog.so:libmediandk.so:libm.so:libnativehelper.so:libnativewindow.so:libOpenMAXAL.so:libOpenSLES.so:libRS.so:libstdc++.so:libsync.so:libvulkan.so:libwebviewchromium_plat_support.so:libz.so
04-15 15:18:20.943 446 446 W ServiceManagerCppClient: Service package_native didn't start. Returning NULL
04-15 15:18:20.950 446 446 E storaged: getService package_native failed
04-15 15:18:21.190 446 446 W BpBinder: Linking to death on android.hardware.health.IHealth but there are no threads (yet?) listening to incoming transactions. See ProcessState::startThreadPool and ProcessState::setThreadPoolMaxThreadCount. Generally you should setup the binder threadpool before other initialization steps.
04-15 15:18:21.305 446 493 I storaged: storaged: Start
04-15 15:18:21.409 446 493 I ServiceManagerCppClient: Waiting for service 'package_native' on '/dev/binder'...
04-15 15:18:21.900 386 386 I BufferProvider: found effect "Multichannel Downmix To Stereo" from The Android Open Source Project
04-15 15:18:21.976 386 386 D AudioFlinger: Failed to add event callback
04-15 15:18:22.084 386 386 E APM_AudioPolicyManager: invalid volume index range
04-15 15:18:22.084 386 386 E APM_AudioPolicyManager: invalid volume index range
04-15 15:18:22.084 386 386 E APM_AudioPolicyManager: invalid volume index range
04-15 15:18:22.085 386 386 V APM_AudioPolicyManager: checkAndSetVolume cannot set volume group 4 volume when is not requested for comm
04-15 15:18:22.085 386 386 E APM_AudioPolicyManager: invalid volume index range
04-15 15:18:22.085 386 386 E APM_AudioPolicyManager: invalid volume index range
04-15 15:18:22.085 386 386 E APM_AudioPolicyManager: invalid volume index range
04-15 15:18:22.085 386 386 E APM_AudioPolicyManager: invalid volume index range
04-15 15:18:22.217 386 498 I AudioFlinger: AudioFlinger's thread 0x7118f4238930 tid=498 ready to run
04-15 15:18:22.221 386 498 W AudioFlinger: no wake lock to update, system not ready yet
04-15 15:18:22.221 386 498 D AudioFlinger: ro.audio.silent is ignored since no output device is set
04-15 15:18:22.227 333 333 E android.hardware.audio@7.1-impl.ranchu: getPresentationPosition:510 failure: Result::INVALID_STATE
04-15 15:18:22.252 386 498 W AudioFlinger: no wake lock to update, system not ready yet
04-15 15:18:22.252 386 498 D AudioFlinger: ro.audio.silent is ignored since no output device is set
04-15 15:18:22.253 386 386 E APM_AudioPolicyManager: invalid volume index range
04-15 15:18:22.253 386 386 E APM_AudioPolicyManager: invalid volume index range
04-15 15:18:22.253 386 386 E APM_AudioPolicyManager: invalid volume index range
04-15 15:18:22.253 386 386 E APM_AudioPolicyManager: invalid volume index range
04-15 15:18:22.282 443 443 I mediaserver: ServiceManager: 0x7cd2b05ae860
04-15 15:18:22.290 443 443 W BatteryNotifier: batterystats service unavailable!
04-15 15:18:22.309 443 443 W BatteryNotifier: batterystats service unavailable!
04-15 15:18:22.355 386 386 W AudioFlinger: moveEffects() bad srcOutput 0
04-15 15:18:22.362 386 386 V APM_AudioPolicyManager: selectOutputForMusicEffects selected output 13
04-15 15:18:22.363 386 386 V APM_AudioPolicyManager: setOutputDevices device {AUDIO_DEVICE_OUT_SPEAKER, @:} delayMs 0
04-15 15:18:22.363 386 386 V APM_AudioPolicyManager: setOutputDevices() prevDevice {AUDIO_DEVICE_OUT_SPEAKER, @:}
04-15 15:18:22.378 386 386 I APM::AudioPolicyEngine: getDevicesForStrategyInt no device found for strategy 9
04-15 15:18:22.379 386 386 V APM_AudioPolicyManager: setOutputDevices changing device to {AUDIO_DEVICE_OUT_SPEAKER, @:}
04-15 15:18:22.405 328 328 D zygote64: Time zone APEX ICU file found: /apex/com.android.tzdata/etc/icu/icu_tzdata.dat
04-15 15:18:22.421 328 328 D zygote64: I18n APEX ICU file found: /apex/com.android.i18n/etc/icu/icudt72l.dat
04-15 15:18:22.458 386 498 D AudioFlinger: updateHalSupportedLatencyModes_l: thread(13) status -38 supported latency modes: { }
04-15 15:18:22.502 386 386 V APM_AudioPolicyManager: setOutputDevices() AF::createAudioPatch returned 0 patchHandle 12 num_sources 1 num_sinks 1
04-15 15:18:22.599 386 386 E APM_AudioPolicyManager: invalid volume index range
04-15 15:18:22.599 386 386 E APM_AudioPolicyManager: invalid volume index range
04-15 15:18:22.599 386 386 E APM_AudioPolicyManager: invalid volume index range
04-15 15:18:22.599 386 386 V APM_AudioPolicyManager: checkAndSetVolume cannot set volume group 4 volume when is not requested for comm
04-15 15:18:22.667 386 386 E APM_AudioPolicyManager: invalid volume index range
04-15 15:18:22.667 386 386 E APM_AudioPolicyManager: invalid volume index range
04-15 15:18:22.667 386 386 E APM_AudioPolicyManager: invalid volume index range
04-15 15:18:22.696 386 386 E APM_AudioPolicyManager: invalid volume index range
04-15 15:18:22.698 386 386 E APM_AudioPolicyManager: invalid volume index range
04-15 15:18:22.705 386 386 E APM_AudioPolicyManager: invalid volume index range
04-15 15:18:22.708 386 386 E APM_AudioPolicyManager: invalid volume index range
04-15 15:18:22.716 386 386 E APM_AudioPolicyManager: invalid volume index range
04-15 15:18:22.719 386 386 I AudioFlinger: openOutput() this 0x71182fbad190, module 10 Device AUDIO_DEVICE_OUT_TELEPHONY_TX, @:, SamplingRate 48000, Format 0x000001, Channels 0x3, flags 0
04-15 15:18:22.812 386 386 I AudioFlinger: HAL output buffer size 1088 frames, normal sink buffer size 1088 frames
04-15 15:18:22.878 386 386 D AudioFlinger: Failed to add event callback
04-15 15:18:22.881 386 500 I AudioFlinger: AudioFlinger's thread 0x7118f41bc930 tid=500 ready to run
04-15 15:18:22.957 386 386 E APM_AudioPolicyManager: invalid volume index range
04-15 15:18:22.958 386 386 E APM_AudioPolicyManager: invalid volume index range
04-15 15:18:22.958 386 386 E APM_AudioPolicyManager: invalid volume index range
04-15 15:18:22.958 386 386 V APM_AudioPolicyManager: checkAndSetVolume cannot set volume group 4 volume when is not requested for comm
04-15 15:18:22.960 386 386 E APM_AudioPolicyManager: invalid volume index range
04-15 15:18:22.960 386 386 E APM_AudioPolicyManager: invalid volume index range
04-15 15:18:22.960 386 386 E APM_AudioPolicyManager: invalid volume index range
04-15 15:18:22.960 386 386 E APM_AudioPolicyManager: invalid volume index range
04-15 15:18:22.961 386 500 W AudioFlinger: no wake lock to update, system not ready yet
04-15 15:18:22.961 386 500 D AudioFlinger: ro.audio.silent is ignored since no output device is set
04-15 15:18:22.961 333 333 E android.hardware.audio@7.1-impl.ranchu: getPresentationPosition:510 failure: Result::INVALID_STATE
04-15 15:18:22.993 386 500 W AudioFlinger: no wake lock to update, system not ready yet
04-15 15:18:22.993 386 500 D AudioFlinger: ro.audio.silent is ignored since no output device is set
04-15 15:18:23.030 386 386 E APM_AudioPolicyManager: invalid volume index range
04-15 15:18:23.031 386 386 E APM_AudioPolicyManager: invalid volume index range
04-15 15:18:23.031 386 386 E APM_AudioPolicyManager: invalid volume index range
04-15 15:18:23.031 386 386 E APM_AudioPolicyManager: invalid volume index range
04-15 15:18:23.112 386 386 V APM_AudioPolicyManager: selectOutputForMusicEffects selected output 13
04-15 15:18:23.114 386 386 V APM_AudioPolicyManager: setOutputDevices device {AUDIO_DEVICE_OUT_TELEPHONY_TX, @:} delayMs 0
04-15 15:18:23.122 386 386 V APM_AudioPolicyManager: setOutputDevices() prevDevice {AUDIO_DEVICE_OUT_TELEPHONY_TX, @:}
04-15 15:18:23.126 386 386 V APM_AudioPolicyManager: setOutputDevices changing device to {AUDIO_DEVICE_OUT_TELEPHONY_TX, @:}
04-15 15:18:23.209 386 500 D AudioFlinger: updateHalSupportedLatencyModes_l: thread(21) status -38 supported latency modes: { }
04-15 15:18:23.273 328 328 I zygote64: Using memfd for future sealing
04-15 15:18:23.282 386 386 V APM_AudioPolicyManager: setOutputDevices() AF::createAudioPatch returned 0 patchHandle 20 num_sources 1 num_sinks 1
04-15 15:18:23.333 386 386 E APM_AudioPolicyManager: invalid volume index range
04-15 15:18:23.334 386 386 E APM_AudioPolicyManager: invalid volume index range
04-15 15:18:23.334 386 386 E APM_AudioPolicyManager: invalid volume index range
04-15 15:18:23.334 386 386 E APM_AudioPolicyManager: invalid volume index range
04-15 15:18:23.334 386 386 E APM_AudioPolicyManager: invalid volume index range
04-15 15:18:23.334 386 386 E APM_AudioPolicyManager: invalid volume index range
04-15 15:18:23.334 386 386 E APM_AudioPolicyManager: invalid volume index range
04-15 15:18:23.334 386 386 E APM_AudioPolicyManager: invalid volume index range
04-15 15:18:23.335 386 386 E APM_AudioPolicyManager: invalid volume index range
04-15 15:18:23.335 386 386 E APM_AudioPolicyManager: invalid volume index range
04-15 15:18:23.335 386 386 E APM_AudioPolicyManager: invalid volume index range
04-15 15:18:23.348 386 386 E APM_AudioPolicyManager: invalid volume index range
04-15 15:18:23.419 328 328 W zygote64: Unexpected CPU variant for x86: x86_64.
04-15 15:18:23.419 328 328 W zygote64: Known variants: atom, sandybridge, silvermont, goldmont, goldmont-plus, tremont, kabylake, default
04-15 15:18:23.597 386 503 I AudioFlinger: AudioFlinger's thread 0x7118f414dbb0 tid=503 ready to run
04-15 15:18:23.659 386 503 W AudioFlinger: no wake lock to update, system not ready yet
04-15 15:18:23.696 386 503 W AudioFlinger: no wake lock to update, system not ready yet
04-15 15:18:23.963 418 418 I cameraserver: ServiceManager: 0x7e1c8617fa20
04-15 15:18:23.996 386 511 I AudioFlinger: AudioFlinger's thread 0x7118f414dbb0 tid=511 ready to run
04-15 15:18:23.998 386 511 W AudioFlinger: no wake lock to update, system not ready yet
04-15 15:18:24.044 386 511 W AudioFlinger: no wake lock to update, system not ready yet
04-15 15:18:24.104 418 418 I CameraService: CameraService started (pid=418)
04-15 15:18:24.105 418 418 I CameraService: CameraService process starting
04-15 15:18:24.120 418 418 W BatteryNotifier: batterystats service unavailable!
04-15 15:18:24.122 418 418 W BatteryNotifier: batterystats service unavailable!
04-15 15:18:24.140 386 513 I AudioFlinger: AudioFlinger's thread 0x7118f414dbb0 tid=513 ready to run
04-15 15:18:24.316 418 418 I cameraserver: Connecting to new camera provider: internal/0, isRemote? 1
04-15 15:18:24.360 333 352 I r_submix: adev_open(name=audio_hw_if)
04-15 15:18:24.363 386 386 D AudioFlinger::MelReporter: activateHalSoundDoseComputation: Forcing use of internal MEL computation.
04-15 15:18:24.370 418 418 W BpBinder: Linking to death on android.hardware.camera.provider.ICameraProvider but there are no threads (yet?) listening to incoming transactions. See ProcessState::startThreadPool and ProcessState::setThreadPoolMaxThreadCount. Generally you should setup the binder threadpool before other initialization steps.
04-15 15:18:24.376 386 386 W AudioFlinger: loadHwModule() sound dose reporting is not available
04-15 15:18:24.384 333 333 I r_submix: adev_init_check()
04-15 15:18:24.386 386 386 I AudioFlinger: loadHwModule() Loaded r_submix audio interface, handle 18
04-15 15:18:24.389 333 333 D r_submix: adev_open_input_stream(addr=0)
04-15 15:18:24.389 333 333 I r_submix: adev_open_input_stream(): about to create pipe at index 9, rate 48000, pipe size 4096
04-15 15:18:24.392 333 333 D r_submix: submix_audio_device_create_pipe_l(addr=0, idx=9)
04-15 15:18:24.392 333 333 D r_submix: now using address 0 for route 9
04-15 15:18:24.437 418 418 I CameraProviderManager: Enumerating new camera device: device@1.1/internal/1
04-15 15:18:24.449 336 336 W StreamConfigurationMap: StreamConfigurationMap: ANDROID_SCALER_AVAILABLE_STREAM_CONFIGURATIONS missing, maxResolution ? true!
04-15 15:18:24.450 336 336 W StreamConfigurationMap: StreamConfigurationMap: ANDROID_SCALER_AVAILABLE_MIN_FRAME_DURATIONS missing!, max resolution ? true
04-15 15:18:24.450 336 336 W StreamConfigurationMap: StreamConfigurationMap: ANDROID_SCALER_AVAILABLE_STALL_DURATIONS missing! maxResolution ? true
04-15 15:18:24.451 336 336 I EmulatedCameraDeviceHwlImpl: Create: Created EmulatedCameraDeviceHwlImpl for camera 1
04-15 15:18:24.462 336 336 D GCH_Utils: FindLibraryPaths: Unable to open directory /vendor/lib64/camera/capture_sessions/ (No such file or directory)
04-15 15:18:24.468 336 336 I GCH_CameraDevice: Create: Created a camera device for public(1)
04-15 15:18:24.519 418 418 W CameraProviderManager: Camera provider internal/0 says an unknown camera device@1.1/internal/1 now has torch status 1. Curious.
04-15 15:18:24.554 418 418 I CameraProviderManager: Camera provider internal/0 ready with 1 camera devices
04-15 15:18:24.565 418 418 I cameraserver: Connecting to new camera provider: internal/1, isRemote? 1
04-15 15:18:24.595 418 418 W BpBinder: Linking to death on android.hardware.camera.provider.ICameraProvider but there are no threads (yet?) listening to incoming transactions. See ProcessState::startThreadPool and ProcessState::setThreadPoolMaxThreadCount. Generally you should setup the binder threadpool before other initialization steps.
04-15 15:18:24.602 418 418 I CameraProviderManager: Camera provider internal/1 ready with 0 camera devices
04-15 15:18:24.612 386 518 I AudioFlinger: AudioFlinger's thread 0x7118f414dbb0 tid=518 ready to run
04-15 15:18:24.621 333 333 I r_submix: in_standby()
04-15 15:18:24.620 418 418 I CameraService: onDeviceStatusChanged: Status changed for cameraId=1, newStatus=1
04-15 15:18:24.629 418 418 I CameraService: onDeviceStatusChanged: Unknown camera ID 1, a new camera is added
04-15 15:18:24.823 386 518 W AudioFlinger: no wake lock to update, system not ready yet
04-15 15:18:24.849 333 333 I r_submix: in_standby()
04-15 15:18:24.933 386 518 W AudioFlinger: no wake lock to update, system not ready yet
04-15 15:18:24.946 333 333 D r_submix: adev_close_input_stream()
04-15 15:18:24.959 333 333 D r_submix: submix_audio_device_release_pipe_l(idx=9) addr=0
04-15 15:18:24.966 333 333 D r_submix: submix_audio_device_destroy_pipe_l(): pipe destroyed
04-15 15:18:24.981 418 418 I HidlServiceManagement: Registered android.frameworks.cameraservice.service@2.2::ICameraService/default
04-15 15:18:25.059 0 0 I servicemanager: Found android.frameworks.cameraservice.service.ICameraService/default in framework VINTF manifest.
04-15 15:18:25.093 0 0 I servicemanager: Found android.frameworks.cameraservice.service.ICameraService/default in framework VINTF manifest.
04-15 15:18:25.100 418 418 I CameraService: CameraService pinged cameraservice proxy
04-15 15:18:25.152 418 418 I cameraserver: ServiceManager: 0x7e1c8617fa20 done instantiate
04-15 15:18:25.186 418 418 W CameraProviderManager: addAidlProviderLocked: Camera provider HAL with name 'android.hardware.camera.provider.ICameraProvider/internal/0' already registered
04-15 15:18:25.196 418 418 W CameraProviderManager: addAidlProviderLocked: Camera provider HAL with name 'android.hardware.camera.provider.ICameraProvider/internal/1' already registered
04-15 15:18:25.470 386 386 D AudioFlinger::MelReporter: activateHalSoundDoseComputation: Forcing use of internal MEL computation.
04-15 15:18:25.514 386 386 W AudioFlinger: loadHwModule() sound dose reporting is not available
04-15 15:18:25.547 386 386 I AudioFlinger: loadHwModule() Loaded bluetooth audio interface, handle 26
04-15 15:18:25.599 441 476 W ServiceManagerCppClient: Service package_native didn't start. Returning NULL
04-15 15:18:25.613 441 476 E ServiceUtilities: getInfo: Cannot find package_native
04-15 15:18:25.646 132 132 I hwservicemanager: getTransport: Cannot find entry android.hardware.audio.effect@7.1::IEffectsFactory/default in either framework or device VINTF manifest.
04-15 15:18:25.671 478 478 I BootAnimation: boot animation disabled
04-15 15:18:25.879 386 386 I audioserver: Waiting for activity service
04-15 15:18:26.433 446 493 W ServiceManagerCppClient: Service package_native didn't start. Returning NULL
04-15 15:18:26.480 446 493 E storaged: getService package_native failed
04-15 15:18:26.611 0 0 I init : Service 'bootanim' (pid 478) exited with status 0 oneshot service took 9.829000 seconds in background
04-15 15:18:26.611 0 0 I init : Sending signal 9 to service 'bootanim' (pid 478) process group...
04-15 15:18:26.612 0 0 I libprocessgroup: Successfully killed process cgroup uid 1003 pid 478 in 0ms
04-15 15:18:27.283 328 328 D Zygote : begin preload
04-15 15:18:27.287 328 328 I Zygote : Calling ZygoteHooks.beginPreload()
04-15 15:18:28.270 328 328 V Zygote64Timing: BeginPreload took to complete: 986ms
04-15 15:18:28.271 328 328 I Zygote : Preloading classes...
04-15 15:18:29.198 328 502 W zygote64: Verification of void android.widget.AbsListView.(android.content.Context) took 270.582ms (521.10 bytecodes/s) (3584B approximate peak alloc)
04-15 15:18:29.353 328 328 W Zygote : Class not found for preloading: android.content.res.AssetFileDescriptor$AutoCloseInputStream$OffsetCorrectFileChannel
04-15 15:18:29.409 328 328 I Typeface: Preloading /system/fonts/Roboto-Regular.ttf
04-15 15:18:29.413 328 328 I Typeface: Preloading /system/fonts/RobotoStatic-Regular.ttf
04-15 15:18:29.443 328 328 W System : No Compatibility callbacks set! Querying change 247079863
04-15 15:18:29.455 328 328 W System : No Compatibility callbacks set! Querying change 247079863
04-15 15:18:29.464 328 328 W System : No Compatibility callbacks set! Querying change 247079863
04-15 15:18:29.466 328 328 W System : No Compatibility callbacks set! Querying change 247079863
04-15 15:18:29.467 328 328 W System : No Compatibility callbacks set! Querying change 247079863
04-15 15:18:29.472 328 328 W System : No Compatibility callbacks set! Querying change 247079863
04-15 15:18:29.473 328 328 W System : No Compatibility callbacks set! Querying change 247079863
04-15 15:18:29.474 328 328 W System : No Compatibility callbacks set! Querying change 247079863
04-15 15:18:29.474 328 328 W System : No Compatibility callbacks set! Querying change 247079863
04-15 15:18:29.475 328 328 W System : No Compatibility callbacks set! Querying change 247079863
04-15 15:18:29.475 328 328 W System : No Compatibility callbacks set! Querying change 247079863
04-15 15:18:29.478 328 328 W System : No Compatibility callbacks set! Querying change 247079863
04-15 15:18:29.479 328 328 W System : No Compatibility callbacks set! Querying change 247079863
04-15 15:18:29.482 328 328 W System : No Compatibility callbacks set! Querying change 247079863
04-15 15:18:29.484 328 328 W System : No Compatibility callbacks set! Querying change 247079863
04-15 15:18:29.485 328 328 W System : No Compatibility callbacks set! Querying change 247079863
04-15 15:18:29.485 328 328 W System : No Compatibility callbacks set! Querying change 247079863
04-15 15:18:29.485 328 328 W System : No Compatibility callbacks set! Querying change 247079863
04-15 15:18:29.486 328 328 W System : No Compatibility callbacks set! Querying change 247079863
04-15 15:18:29.487 328 328 W System : No Compatibility callbacks set! Querying change 247079863
04-15 15:18:29.487 328 328 W System : No Compatibility callbacks set! Querying change 247079863
04-15 15:18:29.499 328 328 W System : No Compatibility callbacks set! Querying change 247079863
04-15 15:18:29.504 328 328 W System : No Compatibility callbacks set! Querying change 247079863
04-15 15:18:29.505 328 328 W System : No Compatibility callbacks set! Querying change 247079863
04-15 15:18:29.506 328 328 W System : No Compatibility callbacks set! Querying change 247079863
04-15 15:18:29.506 328 328 W System : No Compatibility callbacks set! Querying change 247079863
04-15 15:18:29.507 328 328 W System : No Compatibility callbacks set! Querying change 247079863
04-15 15:18:29.508 328 328 W System : No Compatibility callbacks set! Querying change 247079863
04-15 15:18:29.509 328 328 W System : No Compatibility callbacks set! Querying change 247079863
04-15 15:18:29.510 328 328 W System : No Compatibility callbacks set! Querying change 247079863
04-15 15:18:29.513 328 328 W System : No Compatibility callbacks set! Querying change 247079863
04-15 15:18:29.513 328 328 W System : No Compatibility callbacks set! Querying change 247079863
04-15 15:18:29.514 328 328 W System : No Compatibility callbacks set! Querying change 247079863
04-15 15:18:29.515 328 328 W System : No Compatibility callbacks set! Querying change 247079863
04-15 15:18:29.520 328 328 W System : No Compatibility callbacks set! Querying change 247079863
04-15 15:18:29.521 328 328 W System : No Compatibility callbacks set! Querying change 247079863
04-15 15:18:29.525 328 328 W System : No Compatibility callbacks set! Querying change 247079863
04-15 15:18:29.526 328 328 W System : No Compatibility callbacks set! Querying change 247079863
04-15 15:18:29.532 328 328 W System : No Compatibility callbacks set! Querying change 247079863
04-15 15:18:29.533 328 328 W System : No Compatibility callbacks set! Querying change 247079863
04-15 15:18:29.537 328 328 W System : No Compatibility callbacks set! Querying change 247079863
04-15 15:18:29.537 328 328 W System : No Compatibility callbacks set! Querying change 247079863
04-15 15:18:29.538 328 328 W System : No Compatibility callbacks set! Querying change 247079863
04-15 15:18:29.539 328 328 W System : No Compatibility callbacks set! Querying change 247079863
04-15 15:18:29.542 328 328 W System : No Compatibility callbacks set! Querying change 247079863
04-15 15:18:29.542 328 328 W System : No Compatibility callbacks set! Querying change 247079863
04-15 15:18:29.543 328 328 W System : No Compatibility callbacks set! Querying change 247079863
04-15 15:18:29.543 328 328 W System : No Compatibility callbacks set! Querying change 247079863
04-15 15:18:29.548 328 328 W System : No Compatibility callbacks set! Querying change 247079863
04-15 15:18:29.548 328 328 W System : No Compatibility callbacks set! Querying change 247079863
04-15 15:18:29.549 328 328 W System : No Compatibility callbacks set! Querying change 247079863
04-15 15:18:29.550 328 328 W System : No Compatibility callbacks set! Querying change 247079863
04-15 15:18:29.550 328 328 W System : No Compatibility callbacks set! Querying change 247079863
04-15 15:18:29.551 328 328 W System : No Compatibility callbacks set! Querying change 247079863
04-15 15:18:29.556 328 328 W System : No Compatibility callbacks set! Querying change 247079863
04-15 15:18:29.556 328 328 W System : No Compatibility callbacks set! Querying change 247079863
04-15 15:18:29.558 328 328 W System : No Compatibility callbacks set! Querying change 247079863
04-15 15:18:29.562 328 328 W System : No Compatibility callbacks set! Querying change 247079863
04-15 15:18:29.563 328 328 W System : No Compatibility callbacks set! Querying change 247079863
04-15 15:18:29.567 328 328 W System : No Compatibility callbacks set! Querying change 247079863
04-15 15:18:29.567 328 328 W System : No Compatibility callbacks set! Querying change 247079863
04-15 15:18:29.571 328 328 W System : No Compatibility callbacks set! Querying change 247079863
04-15 15:18:29.571 328 328 W System : No Compatibility callbacks set! Querying change 247079863
04-15 15:18:29.573 328 328 W System : No Compatibility callbacks set! Querying change 247079863
04-15 15:18:29.574 328 328 W System : No Compatibility callbacks set! Querying change 247079863
04-15 15:18:29.574 328 328 W System : No Compatibility callbacks set! Querying change 247079863
04-15 15:18:29.575 328 328 W System : No Compatibility callbacks set! Querying change 247079863
04-15 15:18:29.575 328 328 W System : No Compatibility callbacks set! Querying change 247079863
04-15 15:18:29.579 328 328 W System : No Compatibility callbacks set! Querying change 247079863
04-15 15:18:29.581 328 328 W System : No Compatibility callbacks set! Querying change 247079863
04-15 15:18:29.583 328 328 W System : No Compatibility callbacks set! Querying change 247079863
04-15 15:18:29.583 328 328 W System : No Compatibility callbacks set! Querying change 247079863
04-15 15:18:29.586 328 328 W System : No Compatibility callbacks set! Querying change 247079863
04-15 15:18:29.587 328 328 W System : No Compatibility callbacks set! Querying change 247079863
04-15 15:18:29.589 328 328 W System : No Compatibility callbacks set! Querying change 247079863
04-15 15:18:29.590 328 328 W System : No Compatibility callbacks set! Querying change 247079863
04-15 15:18:29.591 328 328 W System : No Compatibility callbacks set! Querying change 247079863
04-15 15:18:29.592 328 328 W System : No Compatibility callbacks set! Querying change 247079863
04-15 15:18:29.592 328 328 W System : No Compatibility callbacks set! Querying change 247079863
04-15 15:18:29.593 328 328 W System : No Compatibility callbacks set! Querying change 247079863
04-15 15:18:29.593 328 328 W System : No Compatibility callbacks set! Querying change 247079863
04-15 15:18:29.594 328 328 W System : No Compatibility callbacks set! Querying change 247079863
04-15 15:18:29.595 328 328 W System : No Compatibility callbacks set! Querying change 247079863
04-15 15:18:29.595 328 328 W System : No Compatibility callbacks set! Querying change 247079863
04-15 15:18:29.598 328 328 W System : No Compatibility callbacks set! Querying change 247079863
04-15 15:18:29.599 328 328 W System : No Compatibility callbacks set! Querying change 247079863
04-15 15:18:29.603 328 328 W System : No Compatibility callbacks set! Querying change 247079863
04-15 15:18:29.608 328 328 W System : No Compatibility callbacks set! Querying change 247079863
04-15 15:18:29.608 328 328 W System : No Compatibility callbacks set! Querying change 247079863
04-15 15:18:29.609 328 328 W System : No Compatibility callbacks set! Querying change 247079863
04-15 15:18:29.609 328 328 W System : No Compatibility callbacks set! Querying change 247079863
04-15 15:18:29.609 328 328 W System : No Compatibility callbacks set! Querying change 247079863
04-15 15:18:29.609 328 328 W System : No Compatibility callbacks set! Querying change 247079863
04-15 15:18:29.609 328 328 W System : No Compatibility callbacks set! Querying change 247079863
04-15 15:18:29.610 328 328 W System : No Compatibility callbacks set! Querying change 247079863
04-15 15:18:29.610 328 328 W System : No Compatibility callbacks set! Querying change 247079863
04-15 15:18:29.611 328 328 W System : No Compatibility callbacks set! Querying change 247079863
04-15 15:18:29.611 328 328 W System : No Compatibility callbacks set! Querying change 247079863
04-15 15:18:29.611 328 328 W System : No Compatibility callbacks set! Querying change 247079863
04-15 15:18:29.622 328 328 W System : No Compatibility callbacks set! Querying change 247079863
04-15 15:18:29.622 328 328 W System : No Compatibility callbacks set! Querying change 247079863
04-15 15:18:29.623 328 328 W System : No Compatibility callbacks set! Querying change 247079863
04-15 15:18:29.623 328 328 W System : No Compatibility callbacks set! Querying change 247079863
04-15 15:18:29.625 328 328 W System : No Compatibility callbacks set! Querying change 247079863
04-15 15:18:29.626 328 328 W System : No Compatibility callbacks set! Querying change 247079863
04-15 15:18:29.627 328 328 W System : No Compatibility callbacks set! Querying change 247079863
04-15 15:18:29.627 328 328 W System : No Compatibility callbacks set! Querying change 247079863
04-15 15:18:29.631 328 328 W System : No Compatibility callbacks set! Querying change 247079863
04-15 15:18:29.633 328 502 W zygote64: Verification of void android.widget.AbsListView.(android.content.Context, android.util.AttributeSet, int, int) took 341.500ms (758.42 bytecodes/s) (5184B approximate peak alloc)
04-15 15:18:29.637 328 328 W System : No Compatibility callbacks set! Querying change 247079863
04-15 15:18:29.638 328 328 W System : No Compatibility callbacks set! Querying change 247079863
04-15 15:18:29.639 328 328 W System : No Compatibility callbacks set! Querying change 247079863
04-15 15:18:29.645 328 328 W System : No Compatibility callbacks set! Querying change 247079863
04-15 15:18:29.645 328 328 W System : No Compatibility callbacks set! Querying change 247079863
04-15 15:18:29.646 328 328 W System : No Compatibility callbacks set! Querying change 247079863
04-15 15:18:29.646 328 328 W System : No Compatibility callbacks set! Querying change 247079863
04-15 15:18:29.647 328 328 W System : No Compatibility callbacks set! Querying change 247079863
04-15 15:18:29.647 328 328 W System : No Compatibility callbacks set! Querying change 247079863
04-15 15:18:29.647 328 328 W System : No Compatibility callbacks set! Querying change 247079863
04-15 15:18:29.647 328 328 W System : No Compatibility callbacks set! Querying change 247079863
04-15 15:18:29.655 328 328 W System : No Compatibility callbacks set! Querying change 247079863
04-15 15:18:29.655 328 328 W System : No Compatibility callbacks set! Querying change 247079863
04-15 15:18:29.661 328 328 W System : No Compatibility callbacks set! Querying change 247079863
04-15 15:18:29.661 328 328 W System : No Compatibility callbacks set! Querying change 247079863
04-15 15:18:29.662 328 328 W System : No Compatibility callbacks set! Querying change 247079863
04-15 15:18:29.666 328 328 W System : No Compatibility callbacks set! Querying change 247079863
04-15 15:18:29.667 328 328 W System : No Compatibility callbacks set! Querying change 247079863
04-15 15:18:29.672 328 328 W System : No Compatibility callbacks set! Querying change 247079863
04-15 15:18:29.673 328 328 W System : No Compatibility callbacks set! Querying change 247079863
04-15 15:18:29.674 328 328 W System : No Compatibility callbacks set! Querying change 247079863
04-15 15:18:29.674 328 328 W System : No Compatibility callbacks set! Querying change 247079863
04-15 15:18:29.674 328 328 W System : No Compatibility callbacks set! Querying change 247079863
04-15 15:18:29.674 328 328 W System : No Compatibility callbacks set! Querying change 247079863
04-15 15:18:29.674 328 328 W System : No Compatibility callbacks set! Querying change 247079863
04-15 15:18:29.680 328 328 W System : No Compatibility callbacks set! Querying change 247079863
04-15 15:18:29.681 328 328 W System : No Compatibility callbacks set! Querying change 247079863
04-15 15:18:29.681 328 328 W System : No Compatibility callbacks set! Querying change 247079863
04-15 15:18:29.681 328 328 W System : No Compatibility callbacks set! Querying change 247079863
04-15 15:18:29.682 328 328 W System : No Compatibility callbacks set! Querying change 247079863
04-15 15:18:29.682 328 328 W System : No Compatibility callbacks set! Querying change 247079863
04-15 15:18:29.682 328 328 W System : No Compatibility callbacks set! Querying change 247079863
04-15 15:18:29.682 328 328 W System : No Compatibility callbacks set! Querying change 247079863
04-15 15:18:29.683 328 328 W System : No Compatibility callbacks set! Querying change 247079863
04-15 15:18:29.683 328 328 W System : No Compatibility callbacks set! Querying change 247079863
04-15 15:18:29.683 328 328 W System : No Compatibility callbacks set! Querying change 247079863
04-15 15:18:29.701 328 328 W System : No Compatibility callbacks set! Querying change 247079863
04-15 15:18:29.702 328 328 W System : No Compatibility callbacks set! Querying change 247079863
04-15 15:18:29.703 328 328 W System : No Compatibility callbacks set! Querying change 247079863
04-15 15:18:29.713 328 328 W System : No Compatibility callbacks set! Querying change 247079863
04-15 15:18:29.714 328 328 W System : No Compatibility callbacks set! Querying change 247079863
04-15 15:18:29.715 328 328 W System : No Compatibility callbacks set! Querying change 247079863
04-15 15:18:29.721 328 328 W System : No Compatibility callbacks set! Querying change 247079863
04-15 15:18:29.722 328 328 W System : No Compatibility callbacks set! Querying change 247079863
04-15 15:18:29.722 328 328 W System : No Compatibility callbacks set! Querying change 247079863
04-15 15:18:29.723 328 328 W System : No Compatibility callbacks set! Querying change 247079863
04-15 15:18:29.723 328 328 W System : No Compatibility callbacks set! Querying change 247079863
04-15 15:18:29.723 328 328 W System : No Compatibility callbacks set! Querying change 247079863
04-15 15:18:29.730 328 328 W System : No Compatibility callbacks set! Querying change 247079863
04-15 15:18:29.731 328 328 W System : No Compatibility callbacks set! Querying change 247079863
04-15 15:18:29.732 328 328 W System : No Compatibility callbacks set! Querying change 247079863
04-15 15:18:29.735 328 328 W System : No Compatibility callbacks set! Querying change 247079863
04-15 15:18:29.735 328 328 W System : No Compatibility callbacks set! Querying change 247079863
04-15 15:18:29.745 328 328 W System : No Compatibility callbacks set! Querying change 247079863
04-15 15:18:29.746 328 328 W System : No Compatibility callbacks set! Querying change 247079863
04-15 15:18:29.750 328 328 W System : No Compatibility callbacks set! Querying change 247079863
04-15 15:18:29.751 328 328 W System : No Compatibility callbacks set! Querying change 247079863
04-15 15:18:29.756 328 328 W System : No Compatibility callbacks set! Querying change 247079863
04-15 15:18:29.757 328 328 W System : No Compatibility callbacks set! Querying change 247079863
04-15 15:18:29.758 328 328 W System : No Compatibility callbacks set! Querying change 247079863
04-15 15:18:29.760 328 328 W System : No Compatibility callbacks set! Querying change 247079863
04-15 15:18:29.761 328 328 W System : No Compatibility callbacks set! Querying change 247079863
04-15 15:18:29.761 328 328 W System : No Compatibility callbacks set! Querying change 247079863
04-15 15:18:29.762 328 328 W System : No Compatibility callbacks set! Querying change 247079863
04-15 15:18:29.762 328 328 W System : No Compatibility callbacks set! Querying change 247079863
04-15 15:18:29.763 328 328 W System : No Compatibility callbacks set! Querying change 247079863
04-15 15:18:29.768 328 328 W System : No Compatibility callbacks set! Querying change 247079863
04-15 15:18:29.769 328 328 W System : No Compatibility callbacks set! Querying change 247079863
04-15 15:18:29.769 328 328 W System : No Compatibility callbacks set! Querying change 247079863
04-15 15:18:29.769 328 328 W System : No Compatibility callbacks set! Querying change 247079863
04-15 15:18:29.769 328 328 W System : No Compatibility callbacks set! Querying change 247079863
04-15 15:18:29.770 328 328 W System : No Compatibility callbacks set! Querying change 247079863
04-15 15:18:29.770 328 328 W System : No Compatibility callbacks set! Querying change 247079863
04-15 15:18:29.770 328 328 W System : No Compatibility callbacks set! Querying change 247079863
04-15 15:18:29.771 328 328 W System : No Compatibility callbacks set! Querying change 247079863
04-15 15:18:29.771 328 328 W System : No Compatibility callbacks set! Querying change 247079863
04-15 15:18:29.771 328 328 W System : No Compatibility callbacks set! Querying change 247079863
04-15 15:18:29.783 328 328 W System : No Compatibility callbacks set! Querying change 247079863
04-15 15:18:29.788 328 328 W System : No Compatibility callbacks set! Querying change 247079863
04-15 15:18:29.789 328 328 W System : No Compatibility callbacks set! Querying change 247079863
04-15 15:18:29.790 328 328 W System : No Compatibility callbacks set! Querying change 247079863
04-15 15:18:29.790 328 328 W System : No Compatibility callbacks set! Querying change 247079863
04-15 15:18:29.791 328 328 W System : No Compatibility callbacks set! Querying change 247079863
04-15 15:18:29.804 328 328 W System : No Compatibility callbacks set! Querying change 247079863
04-15 15:18:29.805 328 328 W System : No Compatibility callbacks set! Querying change 247079863
04-15 15:18:29.814 328 328 W System : No Compatibility callbacks set! Querying change 247079863
04-15 15:18:29.815 328 328 W System : No Compatibility callbacks set! Querying change 247079863
04-15 15:18:29.822 328 328 W System : No Compatibility callbacks set! Querying change 247079863
04-15 15:18:29.824 328 328 W System : No Compatibility callbacks set! Querying change 247079863
04-15 15:18:29.829 328 328 W System : No Compatibility callbacks set! Querying change 247079863
04-15 15:18:29.830 328 328 W System : No Compatibility callbacks set! Querying change 247079863
04-15 15:18:29.831 328 328 W System : No Compatibility callbacks set! Querying change 247079863
04-15 15:18:29.832 328 328 W System : No Compatibility callbacks set! Querying change 247079863
04-15 15:18:29.833 328 328 W System : No Compatibility callbacks set! Querying change 247079863
04-15 15:18:29.835 328 328 W System : No Compatibility callbacks set! Querying change 247079863
04-15 15:18:29.836 328 328 W System : No Compatibility callbacks set! Querying change 247079863
04-15 15:18:29.837 328 328 W System : No Compatibility callbacks set! Querying change 247079863
04-15 15:18:29.844 328 328 W System : No Compatibility callbacks set! Querying change 247079863
04-15 15:18:29.844 328 328 W System : No Compatibility callbacks set! Querying change 247079863
04-15 15:18:29.846 328 328 W System : No Compatibility callbacks set! Querying change 247079863
04-15 15:18:29.846 328 328 W System : No Compatibility callbacks set! Querying change 247079863
04-15 15:18:29.847 328 328 W System : No Compatibility callbacks set! Querying change 247079863
04-15 15:18:29.847 328 328 W System : No Compatibility callbacks set! Querying change 247079863
04-15 15:18:29.852 328 328 W System : No Compatibility callbacks set! Querying change 247079863
04-15 15:18:29.853 328 328 W System : No Compatibility callbacks set! Querying change 247079863
04-15 15:18:29.854 328 328 W System : No Compatibility callbacks set! Querying change 247079863
04-15 15:18:29.854 328 328 W System : No Compatibility callbacks set! Querying change 247079863
04-15 15:18:29.855 328 328 W System : No Compatibility callbacks set! Querying change 247079863
04-15 15:18:29.860 328 328 W System : No Compatibility callbacks set! Querying change 247079863
04-15 15:18:29.861 328 328 W System : No Compatibility callbacks set! Querying change 247079863
