04-15 15:18:47.102 534 595 I PackageParsing: Parse times for '/system/priv-app/PackageInstaller': parse=203ms, update_cache=12 ms
04-15 15:18:47.125 534 594 I PackageParsing: Parse times for '/system/priv-app/TeleService': parse=408ms, update_cache=15 ms
04-15 15:18:47.131 534 534 W PackageManager: Adding duplicate shared id: 2000 name=com.android.shell
04-15 15:18:47.210 534 534 I PackageManager: /system/priv-app/VpnDialogs changed; collecting certs
04-15 15:18:47.249 534 592 I PackageParsing: Parse times for '/system/priv-app/BuiltInPrintService': parse=119ms, update_cache=14 ms
04-15 15:18:47.330 534 595 I PackageParsing: Parse times for '/system/priv-app/LiveWallpapersPicker': parse=200ms, update_cache=2 ms
04-15 15:18:47.344 534 534 I PackageManager: /system/priv-app/IntentResolver changed; collecting certs
04-15 15:18:47.407 534 534 I PackageManager: /system/priv-app/InputDevices changed; collecting certs
04-15 15:18:47.423 534 592 I PackageParsing: Parse times for '/system/priv-app/DownloadProviderUi': parse=165ms, update_cache=2 ms
04-15 15:18:47.426 534 594 I PackageParsing: Parse times for '/system/priv-app/ManagedProvisioning': parse=224ms, update_cache=49 ms
04-15 15:18:47.443 534 593 I PackageParsing: Parse times for '/system/priv-app/SoundPicker': parse=151ms, update_cache=40 ms
04-15 15:18:47.462 534 534 W PackageManager: Adding duplicate shared id: 1000 name=com.android.inputdevices
04-15 15:18:47.487 534 534 I PackageManager: New shared user android.uid.calendar: id=10062
04-15 15:18:47.495 534 534 I PackageManager: /system/priv-app/CalendarProvider changed; collecting certs
04-15 15:18:47.529 534 595 I PackageParsing: Parse times for '/system/priv-app/DocumentsUI': parse=140ms, update_cache=36 ms
04-15 15:18:47.577 534 534 W PackageManager: Adding duplicate app id: 10062 name=com.android.providers.calendar
04-15 15:18:47.594 534 534 I PackageManager: /system/priv-app/CredentialManager changed; collecting certs
04-15 15:18:47.630 534 534 I PackageManager: /system/priv-app/CellBroadcastLegacyApp changed; collecting certs
04-15 15:18:47.644 534 534 I PackageManager: New shared user android.media: id=10065
04-15 15:18:47.644 534 534 I PackageManager: /system/priv-app/MediaProviderLegacy changed; collecting certs
04-15 15:18:47.653 534 534 W PackageManager: Adding duplicate app id: 10065 name=com.android.providers.media
04-15 15:18:47.659 534 534 I PackageManager: /system/priv-app/NetworkStackNext changed; collecting certs
04-15 15:18:47.665 534 534 W PackageManager: Failed to scan /system/priv-app/NetworkStackNext: Application package com.android.networkstack already installed. Skipping duplicate.
04-15 15:18:47.665 534 534 I PackageManager: /system/priv-app/DynamicSystemInstallationService changed; collecting certs
04-15 15:18:47.673 534 534 W PackageManager: Adding duplicate shared id: 1000 name=com.android.dynsystem
04-15 15:18:47.679 534 534 I PackageManager: /system/priv-app/PackageInstaller changed; collecting certs
04-15 15:18:47.689 534 534 I PackageManager: /system/priv-app/TeleService changed; collecting certs
04-15 15:18:47.697 534 534 W PackageManager: Adding duplicate shared id: 1001 name=com.android.phone
04-15 15:18:47.703 534 534 I PackageManager: /system/priv-app/DownloadProvider changed; collecting certs
04-15 15:18:47.710 534 534 W PackageManager: Adding duplicate app id: 10065 name=com.android.providers.downloads
04-15 15:18:47.714 534 534 I PackageManager: /system/priv-app/LocalTransport changed; collecting certs
04-15 15:18:47.721 534 534 W PackageManager: Adding duplicate shared id: 1000 name=com.android.localtransport
04-15 15:18:47.726 534 534 I PackageManager: /system/priv-app/BlockedNumberProvider changed; collecting certs
04-15 15:18:47.734 534 534 W PackageManager: Adding duplicate app id: 10057 name=com.android.providers.blockednumber
04-15 15:18:47.737 534 534 I PackageManager: /system/priv-app/BuiltInPrintService changed; collecting certs
04-15 15:18:47.748 534 534 I PackageManager: /system/priv-app/LiveWallpapersPicker changed; collecting certs
04-15 15:18:47.758 534 534 I PackageManager: /system/priv-app/DownloadProviderUi changed; collecting certs
04-15 15:18:47.765 534 534 W PackageManager: Adding duplicate app id: 10065 name=com.android.providers.downloads.ui
04-15 15:18:47.769 534 534 I PackageManager: /system/priv-app/ManagedProvisioning changed; collecting certs
04-15 15:18:47.779 534 534 I PackageManager: /system/priv-app/SoundPicker changed; collecting certs
04-15 15:18:47.786 534 534 W PackageManager: Adding duplicate app id: 10065 name=com.android.soundpicker
04-15 15:18:47.790 534 534 I PackageManager: /system/priv-app/ONS changed; collecting certs
04-15 15:18:47.798 534 534 W PackageManager: Adding duplicate shared id: 1001 name=com.android.ons
04-15 15:18:47.802 534 534 I PackageManager: /system/priv-app/ExternalStorageProvider changed; collecting certs
04-15 15:18:47.811 534 534 I PackageManager: /system/priv-app/DocumentsUI changed; collecting certs
04-15 15:18:47.822 534 534 I PackageManager: /system/priv-app/ProxyHandler changed; collecting certs
04-15 15:18:47.830 534 534 I PackageManager: /system/priv-app/UserDictionaryProvider changed; collecting certs
04-15 15:18:47.837 534 534 W PackageManager: Adding duplicate app id: 10057 name=com.android.providers.userdictionary
04-15 15:18:47.842 534 534 I PackageManager: /system/priv-app/Tag changed; collecting certs
04-15 15:18:47.850 534 534 I PackageManager: /system/priv-app/FusedLocation changed; collecting certs
04-15 15:18:47.857 534 534 W PackageManager: Adding duplicate shared id: 1000 name=com.android.location.fused
04-15 15:18:47.861 534 534 I PackageManager: /system/priv-app/BackupRestoreConfirmation changed; collecting certs
04-15 15:18:47.870 534 534 I PackageManager: /system/priv-app/MusicFX changed; collecting certs
04-15 15:18:47.880 534 534 I PackageManager: /system/priv-app/MtpService changed; collecting certs
04-15 15:18:47.888 534 534 W PackageManager: Adding duplicate app id: 10065 name=com.android.mtp
04-15 15:18:47.952 534 534 I PackageManager: /system/app/CameraExtensionsProxy changed; collecting certs
04-15 15:18:47.983 534 534 I PackageManager: /system/app/SimAppDialog changed; collecting certs
04-15 15:18:48.068 534 534 I PackageManager: /system/app/PrintRecommendationService changed; collecting certs
04-15 15:18:48.098 534 592 I PackageParsing: Parse times for '/system/app/CaptivePortalLogin': parse=121ms, update_cache=3 ms
04-15 15:18:48.102 534 593 I PackageParsing: Parse times for '/system/app/NfcNci': parse=171ms, update_cache=17 ms
04-15 15:18:48.108 534 594 I PackageParsing: Parse times for '/system/app/PrintSpooler': parse=139ms, update_cache=2 ms
04-15 15:18:48.167 534 534 I PackageManager: /system/app/CaptivePortalLogin changed; collecting certs
04-15 15:18:48.199 534 595 I PackageParsing: Parse times for '/system/app/ExtShared': parse=81ms, update_cache=51 ms
04-15 15:18:48.265 534 594 W PackageParsing: No actions in intent-filter at /system/app/CarrierDefaultApp/CarrierDefaultApp.apk Binary XML file line #45
04-15 15:18:48.296 534 592 I PackageParsing: Parse times for '/system/app/CertInstaller': parse=140ms, update_cache=42 ms
04-15 15:18:48.324 534 534 I PackageManager: /system/app/NfcNci changed; collecting certs
04-15 15:18:48.383 534 594 W PackageParsing: No actions in intent-filter at /system/app/CarrierDefaultApp/CarrierDefaultApp.apk Binary XML file line #70
04-15 15:18:48.414 534 593 I PackageParsing: Parse times for '/system/app/CompanionDeviceManager': parse=295ms, update_cache=2 ms
04-15 15:18:48.423 534 594 I PackageParsing: Parse times for '/system/app/CarrierDefaultApp': parse=295ms, update_cache=2 ms
04-15 15:18:48.429 534 534 W PackageManager: Adding duplicate shared id: 1027 name=com.android.nfc
04-15 15:18:48.474 534 534 I PackageManager: /system/app/PrintSpooler changed; collecting certs
04-15 15:18:48.492 534 595 I PackageParsing: Parse times for '/system/app/KeyChain': parse=251ms, update_cache=23 ms
04-15 15:18:48.496 534 592 I PackageParsing: Parse times for '/system/app/PartnerBookmarksProvider': parse=60ms, update_cache=45 ms
04-15 15:18:48.529 534 534 I PackageManager: /system/app/ExtShared changed; collecting certs
04-15 15:18:48.593 534 534 I PackageManager: /system/app/CertInstaller changed; collecting certs
04-15 15:18:48.629 534 534 I PackageManager: /system/app/WallpaperBackup changed; collecting certs
04-15 15:18:48.634 534 595 I PackageParsing: Parse times for '/system/app/BasicDreams': parse=113ms, update_cache=20 ms
04-15 15:18:48.668 534 593 I PackageParsing: Parse times for '/system/app/EasterEgg': parse=155ms, update_cache=12 ms
04-15 15:18:48.674 534 534 W PackageManager: Adding duplicate shared id: 1000 name=com.android.wallpaperbackup
04-15 15:18:48.686 534 594 I PackageParsing: Parse times for '/system/app/Stk': parse=221ms, update_cache=20 ms
04-15 15:18:48.703 534 534 I PackageManager: /system/app/CompanionDeviceManager changed; collecting certs
04-15 15:18:48.745 534 595 I system_server: IncrementDisableThreadFlip blocked for 9.719ms
04-15 15:18:48.753 534 595 I PackageParsing: Parse times for '/system/app/HTMLViewer': parse=81ms, update_cache=20 ms
04-15 15:18:48.797 534 534 I PackageManager: /system/app/CarrierDefaultApp changed; collecting certs
04-15 15:18:48.829 534 534 I PackageManager: /system/app/SecureElement changed; collecting certs
04-15 15:18:48.844 534 593 I PackageParsing: Parse times for '/system/app/Traceur': parse=156ms, update_cache=18 ms
04-15 15:18:48.847 534 534 W PackageManager: Adding duplicate shared id: 1068 name=com.android.se
04-15 15:18:48.861 534 534 I PackageManager: /system/app/KeyChain changed; collecting certs
04-15 15:18:48.878 534 534 W PackageManager: Adding duplicate shared id: 1000 name=com.android.keychain
04-15 15:18:48.887 534 534 I PackageManager: /system/app/PartnerBookmarksProvider changed; collecting certs
04-15 15:18:48.914 534 534 I PackageManager: /system/app/BluetoothMidiService changed; collecting certs
04-15 15:18:48.948 534 534 I PackageManager: /system/app/PacProcessor changed; collecting certs
04-15 15:18:48.971 534 534 I PackageManager: /system/app/BasicDreams changed; collecting certs
04-15 15:18:48.978 534 546 I system_server: Background concurrent copying GC freed 188726(13MB) AllocSpace objects, 119(5756KB) LOS objects, 49% free, 5561KB/10MB, paused 27.091ms,261us total 720.222ms
04-15 15:18:49.006 534 534 I PackageManager: /system/app/EasterEgg changed; collecting certs
04-15 15:18:49.022 534 534 I PackageManager: /system/app/Stk changed; collecting certs
04-15 15:18:49.034 534 534 W PackageManager: Adding duplicate shared id: 1001 name=com.android.stk
04-15 15:18:49.039 534 534 I PackageManager: /system/app/BookmarkProvider changed; collecting certs
04-15 15:18:49.055 534 534 I PackageManager: /system/app/HTMLViewer changed; collecting certs
04-15 15:18:49.070 534 534 I PackageManager: /system/app/Traceur changed; collecting certs
04-15 15:18:49.083 534 534 D PackageManager: No files in app dir /vendor/priv-app
04-15 15:18:49.084 534 534 D PackageManager: No files in app dir /vendor/app
04-15 15:18:49.085 534 534 D PackageManager: No files in app dir /odm/priv-app
04-15 15:18:49.086 534 534 D PackageManager: No files in app dir /odm/app
04-15 15:18:49.086 534 534 D PackageManager: No files in app dir /oem/app
04-15 15:18:49.161 534 534 I PackageManager: /product/priv-app/SettingsIntelligence changed; collecting certs
04-15 15:18:49.208 534 534 I PackageManager: /product/priv-app/ImsServiceEntitlement changed; collecting certs
04-15 15:18:49.226 534 593 W PackageParsing: Ignoring duplicate uses-permissions/uses-permissions-sdk-m: android.permission.POST_NOTIFICATIONS in package: com.android.dialer at: Binary XML file line #65
04-15 15:18:49.243 534 594 W PackageParsing: No actions in intent-filter at /product/priv-app/Contacts/Contacts.apk Binary XML file line #562
04-15 15:18:49.245 534 593 W PackageParsing: Unknown element under : meta-data at /product/priv-app/Dialer/Dialer.apk Binary XML file line #122
04-15 15:18:49.259 534 594 I PackageParsing: Parse times for '/product/priv-app/Contacts': parse=155ms, update_cache=7 ms
04-15 15:18:49.260 534 534 I PackageManager: /product/priv-app/Contacts changed; collecting certs
04-15 15:18:49.283 534 593 I PackageParsing: Parse times for '/product/priv-app/Dialer': parse=168ms, update_cache=6 ms
04-15 15:18:49.288 534 534 I PackageManager: /product/priv-app/Dialer changed; collecting certs
04-15 15:18:49.325 534 534 I PackageManager: /product/app/ModuleMetadata changed; collecting certs
04-15 15:18:49.382 534 534 I PackageManager: /product/app/PhotoTable changed; collecting certs
04-15 15:18:49.404 534 594 D CompatibilityChangeReporter: Compat change id reported: 150232615; UID -1; state: DISABLED
04-15 15:18:49.431 534 534 I PackageManager: /product/app/WallpaperPicker changed; collecting certs
04-15 15:18:49.447 534 593 I PackageParsing: Parse times for '/product/app/Calendar': parse=90ms, update_cache=27 ms
04-15 15:18:49.450 534 592 I PackageParsing: Parse times for '/product/app/webview': parse=130ms, update_cache=14 ms
04-15 15:18:49.499 534 534 I PackageManager: /product/app/Browser2 changed; collecting certs
04-15 15:18:49.561 534 592 I PackageParsing: Parse times for '/product/app/Gallery2': parse=73ms, update_cache=34 ms
04-15 15:18:49.574 534 534 I PackageManager: /product/app/Calendar changed; collecting certs
04-15 15:18:49.605 534 594 I PackageParsing: Parse times for '/product/app/DeskClock': parse=157ms, update_cache=7 ms
04-15 15:18:49.638 534 534 I PackageManager: /product/app/webview changed; collecting certs
04-15 15:18:49.670 534 593 I PackageParsing: Parse times for '/product/app/LatinIME': parse=141ms, update_cache=4 ms
04-15 15:18:49.679 534 592 I PackageParsing: Parse times for '/product/app/messaging': parse=97ms, update_cache=12 ms
04-15 15:18:49.685 534 534 I PackageManager: /product/app/Camera2 changed; collecting certs
04-15 15:18:49.698 534 534 I PackageManager: /product/app/Music changed; collecting certs
04-15 15:18:49.707 534 534 I PackageManager: /product/app/Gallery2 changed; collecting certs
04-15 15:18:49.717 534 534 W PackageManager: Skipping provider name com.android.gallery3d.provider (in package com.android.gallery3d): name already used by com.android.gallery3d
04-15 15:18:49.719 534 534 I PackageManager: /product/app/QuickSearchBox changed; collecting certs
04-15 15:18:49.728 534 534 I PackageManager: /product/app/DeskClock changed; collecting certs
04-15 15:18:49.737 534 534 I PackageManager: /product/app/LatinIME changed; collecting certs
04-15 15:18:49.748 534 534 I PackageManager: /product/app/messaging changed; collecting certs
04-15 15:18:49.775 534 534 I PackageManager: /system_ext/priv-app/MultiDisplayProvider changed; collecting certs
04-15 15:18:49.809 534 534 W PackageManager: Adding duplicate shared id: 1000 name=com.android.emulator.multidisplay
04-15 15:18:49.878 534 534 I PackageManager: /system_ext/priv-app/CarrierConfig changed; collecting certs
04-15 15:18:49.897 534 594 I PackageParsing: Parse times for '/system_ext/priv-app/StorageManager': parse=94ms, update_cache=27 ms
04-15 15:18:49.914 534 534 I PackageManager: /system_ext/priv-app/SdkSetup changed; collecting certs
04-15 15:18:49.953 534 593 I PackageParsing: Parse times for '/system_ext/priv-app/Launcher3QuickStep': parse=150ms, update_cache=26 ms
04-15 15:18:50.024 534 534 I PackageManager: /system_ext/priv-app/StorageManager changed; collecting certs
04-15 15:18:50.053 534 592 W PackageParsing: Ignoring duplicate uses-permissions/uses-permissions-sdk-m: android.permission.CONFIGURE_WIFI_DISPLAY in package: com.android.systemui at: Binary XML file line #169
04-15 15:18:50.054 534 592 W PackageParsing: Ignoring duplicate uses-permissions/uses-permissions-sdk-m: android.permission.GET_RUNTIME_PERMISSIONS in package: com.android.systemui at: Binary XML file line #242
04-15 15:18:50.069 534 592 W PackageParsing: Ignoring duplicate uses-permissions/uses-permissions-sdk-m: android.permission.READ_DEVICE_CONFIG in package: com.android.systemui at: Binary XML file line #346
04-15 15:18:50.102 534 534 I PackageManager: /system_ext/priv-app/Launcher3QuickStep changed; collecting certs
04-15 15:18:50.117 534 592 I PackageParsing: Parse times for '/system_ext/priv-app/SystemUI': parse=261ms, update_cache=20 ms
04-15 15:18:50.123 534 534 I PackageManager: /system_ext/priv-app/AccessibilityMenu changed; collecting certs
04-15 15:18:50.138 534 534 I PackageManager: /system_ext/priv-app/EmulatorRadioConfig changed; collecting certs
04-15 15:18:50.150 534 534 I PackageManager: /system_ext/priv-app/WallpaperCropper changed; collecting certs
04-15 15:18:50.165 534 534 I PackageManager: New shared user android.uid.systemui: id=10117
04-15 15:18:50.166 534 534 I PackageManager: /system_ext/priv-app/SystemUI changed; collecting certs
04-15 15:18:50.181 534 534 W PackageManager: Adding duplicate app id: 10117 name=com.android.systemui
04-15 15:18:50.207 534 593 I PackageParsing: Parse times for '/system_ext/priv-app/EmergencyInfo': parse=199ms, update_cache=4 ms
04-15 15:18:50.209 534 534 I PackageManager: New shared user com.android.emergency.uid: id=10118
04-15 15:18:50.210 534 534 I PackageManager: /system_ext/priv-app/EmergencyInfo changed; collecting certs
04-15 15:18:50.223 534 534 W PackageManager: Adding duplicate app id: 10118 name=com.android.emergency
04-15 15:18:50.359 534 595 I PackageParsing: Parse times for '/system_ext/priv-app/Settings': parse=502ms, update_cache=20 ms
04-15 15:18:50.361 534 534 I PackageManager: /system_ext/priv-app/Settings changed; collecting certs
04-15 15:18:50.373 534 534 W PackageManager: Adding duplicate shared id: 1000 name=com.android.settings
04-15 15:18:50.384 534 534 D PackageManager: No files in app dir /system_ext/app
04-15 15:18:50.387 534 534 W PackageManager: Dropping cache of /apex/com.android.adservices/priv-app/AdServicesApk@UE1A.230829.036.A1
04-15 15:18:51.063 534 594 W PackageParsing: Ignoring duplicate uses-permissions/uses-permissions-sdk-m: android.permission.RECEIVE_BOOT_COMPLETED in package: com.android.adservices.api at: Binary XML file line #123
04-15 15:18:51.073 534 594 I PackageParsing: Parse times for '/apex/com.android.adservices/priv-app/AdServicesApk@UE1A.230829.036.A1': parse=676ms, update_cache=5 ms
04-15 15:18:51.074 534 534 I PackageManager: /apex/com.android.adservices/priv-app/AdServicesApk@UE1A.230829.036.A1 changed; collecting certs
04-15 15:18:51.087 534 534 I ApexManager: Registering com.android.adservices.api as apk-in-apex of com.android.adservices
04-15 15:18:51.092 534 534 W PackageManager: Dropping cache of /apex/com.android.adservices/app/SdkSandbox@UE1A.230829.036.A1
04-15 15:18:51.106 534 534 I PackageManager: /apex/com.android.adservices/app/SdkSandbox@UE1A.230829.036.A1 changed; collecting certs
04-15 15:18:51.115 534 534 I ApexManager: Registering com.android.sdksandbox as apk-in-apex of com.android.adservices
04-15 15:18:51.118 534 534 W PackageManager: Dropping cache of /apex/com.android.extservices/priv-app/ExtServices@UE1A.230829.036.A1
04-15 15:18:51.141 534 534 I PackageManager: /apex/com.android.extservices/priv-app/ExtServices@UE1A.230829.036.A1 changed; collecting certs
04-15 15:18:51.153 534 534 I ApexManager: Registering android.ext.services as apk-in-apex of com.android.extservices
04-15 15:18:51.155 534 534 D PackageManager: No files in app dir /apex/com.android.extservices/app
04-15 15:18:51.156 534 534 D PackageManager: No files in app dir /apex/com.android.runtime/priv-app
04-15 15:18:51.157 534 534 D PackageManager: No files in app dir /apex/com.android.runtime/app
04-15 15:18:51.158 534 534 D PackageManager: No files in app dir /apex/com.android.virt/priv-app
04-15 15:18:51.170 534 534 I PackageManager: /apex/com.android.virt/app/android.system.virtualmachine.res@UE1A.230829.036.A1 changed; collecting certs
04-15 15:18:51.180 534 534 I ApexManager: Registering com.android.virtualmachine.res as apk-in-apex of com.android.virt
04-15 15:18:51.183 534 534 D PackageManager: No files in app dir /apex/com.android.vndk.v34/priv-app
04-15 15:18:51.184 534 534 D PackageManager: No files in app dir /apex/com.android.vndk.v34/app
04-15 15:18:51.185 534 534 W PackageManager: Dropping cache of /apex/com.android.mediaprovider/priv-app/MediaProvider@UE1A.230829.036.A1
04-15 15:18:51.232 534 594 W PackageParsing: Unknown element under : meta-data at /apex/com.android.mediaprovider/priv-app/MediaProvider@UE1A.230829.036.A1/MediaProvider.apk Binary XML file line #9
04-15 15:18:51.247 534 534 I PackageManager: /apex/com.android.mediaprovider/priv-app/MediaProvider@UE1A.230829.036.A1 changed; collecting certs
04-15 15:18:51.259 534 534 I ApexManager: Registering com.android.providers.media.module as apk-in-apex of com.android.mediaprovider
04-15 15:18:51.263 534 534 D PackageManager: No files in app dir /apex/com.android.mediaprovider/app
04-15 15:18:51.263 534 534 D PackageManager: No files in app dir /apex/com.android.art/priv-app
04-15 15:18:51.265 534 534 D PackageManager: No files in app dir /apex/com.android.art/app
04-15 15:18:51.265 534 534 D PackageManager: No files in app dir /apex/com.android.os.statsd/priv-app
04-15 15:18:51.266 534 534 D PackageManager: No files in app dir /apex/com.android.os.statsd/app
04-15 15:18:51.266 534 534 D PackageManager: No files in app dir /apex/com.android.i18n/priv-app
04-15 15:18:51.267 534 534 D PackageManager: No files in app dir /apex/com.android.i18n/app
04-15 15:18:51.267 534 534 D PackageManager: No files in app dir /apex/com.android.appsearch/priv-app
04-15 15:18:51.269 534 534 D PackageManager: No files in app dir /apex/com.android.appsearch/app
04-15 15:18:51.269 534 534 D PackageManager: No files in app dir /apex/com.android.conscrypt/priv-app
04-15 15:18:51.270 534 534 D PackageManager: No files in app dir /apex/com.android.conscrypt/app
04-15 15:18:51.271 534 534 W PackageManager: Dropping cache of /apex/com.android.tethering/priv-app/ServiceConnectivityResources@UE1A.230829.036.A1
04-15 15:18:51.273 534 534 W PackageManager: Dropping cache of /apex/com.android.tethering/priv-app/TetheringNext@UE1A.230829.036.A1
04-15 15:18:51.310 534 534 I PackageManager: /apex/com.android.tethering/priv-app/ServiceConnectivityResources@UE1A.230829.036.A1 changed; collecting certs
04-15 15:18:51.321 534 534 I ApexManager: Registering com.android.connectivity.resources as apk-in-apex of com.android.tethering
04-15 15:18:51.323 534 534 I PackageManager: /apex/com.android.tethering/priv-app/TetheringNext@UE1A.230829.036.A1 changed; collecting certs
04-15 15:18:51.338 534 534 W PackageManager: Adding duplicate shared id: 1073 name=com.android.networkstack.tethering
04-15 15:18:51.348 534 534 I ApexManager: Registering com.android.networkstack.tethering as apk-in-apex of com.android.tethering
04-15 15:18:51.359 534 534 W PackageManager: Dropping cache of /apex/com.android.tethering/app/HalfSheetUX@UE1A.230829.036.A1
04-15 15:18:51.431 534 546 I system_server: Background young concurrent copying GC freed 63753(3621KB) AllocSpace objects, 22(696KB) LOS objects, 41% free, 6484KB/10MB, paused 471us,82us total 106.615ms
04-15 15:18:51.441 534 534 I PackageManager: /apex/com.android.tethering/app/HalfSheetUX@UE1A.230829.036.A1 changed; collecting certs
04-15 15:18:51.451 534 534 I ApexManager: Registering com.android.nearby.halfsheet as apk-in-apex of com.android.tethering
04-15 15:18:51.454 534 534 D PackageManager: No files in app dir /apex/com.android.media.swcodec/priv-app
04-15 15:18:51.456 534 534 D PackageManager: No files in app dir /apex/com.android.media.swcodec/app
04-15 15:18:51.456 534 534 D PackageManager: No files in app dir /apex/com.android.resolv/priv-app
04-15 15:18:51.457 534 534 D PackageManager: No files in app dir /apex/com.android.resolv/app
04-15 15:18:51.457 534 534 D PackageManager: No files in app dir /apex/com.android.neuralnetworks/priv-app
04-15 15:18:51.458 534 534 D PackageManager: No files in app dir /apex/com.android.neuralnetworks/app
04-15 15:18:51.600 534 594 I PackageParsing: Parse times for '/apex/com.android.healthfitness/priv-app/HealthConnectController@UE1A.230829.036.A1': parse=134ms, update_cache=4 ms
04-15 15:18:51.602 534 534 I PackageManager: /apex/com.android.healthfitness/priv-app/HealthConnectController@UE1A.230829.036.A1 changed; collecting certs
04-15 15:18:51.613 534 534 I ApexManager: Registering com.android.healthconnect.controller as apk-in-apex of com.android.healthfitness
04-15 15:18:51.631 534 534 I PackageManager: /apex/com.android.healthfitness/app/HealthConnectBackupRestore@UE1A.230829.036.A1 changed; collecting certs
04-15 15:18:51.640 534 534 I ApexManager: Registering com.android.health.connect.backuprestore as apk-in-apex of com.android.healthfitness
04-15 15:18:51.644 534 534 W PackageManager: Dropping cache of /apex/com.android.permission/priv-app/PermissionController@UE1A.230829.036.A1
04-15 15:18:51.646 534 534 W PackageManager: Dropping cache of /apex/com.android.permission/priv-app/SafetyCenterResources@UE1A.230829.036.A1
04-15 15:18:51.724 534 534 I PackageManager: /apex/com.android.permission/priv-app/SafetyCenterResources@UE1A.230829.036.A1 changed; collecting certs
04-15 15:18:51.751 534 534 I ApexManager: Registering com.android.safetycenter.resources as apk-in-apex of com.android.permission
04-15 15:18:51.832 534 593 W PackageParsing: Ignoring duplicate uses-permissions/uses-permissions-sdk-m: android.permission.OBSERVE_SENSOR_PRIVACY in package: com.android.permissioncontroller at: Binary XML file line #59
04-15 15:18:51.862 534 593 I PackageParsing: Parse times for '/apex/com.android.permission/priv-app/PermissionController@UE1A.230829.036.A1': parse=209ms, update_cache=5 ms
04-15 15:18:51.863 534 534 I PackageManager: /apex/com.android.permission/priv-app/PermissionController@UE1A.230829.036.A1 changed; collecting certs
04-15 15:18:51.875 534 534 I ApexManager: Registering com.android.permissioncontroller as apk-in-apex of com.android.permission
04-15 15:18:51.882 534 534 D PackageManager: No files in app dir /apex/com.android.permission/app
04-15 15:18:51.883 534 534 W PackageManager: Dropping cache of /apex/com.android.uwb/priv-app/ServiceUwbResources@UE1A.230829.036.A1
04-15 15:18:51.895 534 534 I PackageManager: /apex/com.android.uwb/priv-app/ServiceUwbResources@UE1A.230829.036.A1 changed; collecting certs
04-15 15:18:51.905 534 534 I ApexManager: Registering com.android.uwb.resources as apk-in-apex of com.android.uwb
04-15 15:18:51.907 534 534 D PackageManager: No files in app dir /apex/com.android.uwb/app
04-15 15:18:51.909 534 534 D PackageManager: No files in app dir /apex/com.android.ondevicepersonalization/priv-app
04-15 15:18:51.910 534 534 W PackageManager: Dropping cache of /apex/com.android.ondevicepersonalization/app/OnDevicePersonalization@UE1A.230829.036.A1
04-15 15:18:51.916 534 534 W PackageManager: Dropping cache of /apex/com.android.ondevicepersonalization/app/FederatedCompute@UE1A.230829.036.A1
04-15 15:18:51.932 534 534 I PackageManager: /apex/com.android.ondevicepersonalization/app/OnDevicePersonalization@UE1A.230829.036.A1 changed; collecting certs
04-15 15:18:51.946 534 534 I ApexManager: Registering com.android.ondevicepersonalization.services as apk-in-apex of com.android.ondevicepersonalization
04-15 15:18:51.949 534 534 I PackageManager: /apex/com.android.ondevicepersonalization/app/FederatedCompute@UE1A.230829.036.A1 changed; collecting certs
04-15 15:18:51.957 534 534 I ApexManager: Registering com.android.federatedcompute.services as apk-in-apex of com.android.ondevicepersonalization
04-15 15:18:51.960 534 534 D PackageManager: No files in app dir /apex/com.android.sdkext/priv-app
04-15 15:18:51.961 534 534 D PackageManager: No files in app dir /apex/com.android.sdkext/app
04-15 15:18:52.017 534 534 I PackageManager: /apex/com.android.devicelock/priv-app/DeviceLockController@UE1A.230829.036.A1 changed; collecting certs
04-15 15:18:52.030 534 534 I ApexManager: Registering com.android.devicelockcontroller as apk-in-apex of com.android.devicelock
04-15 15:18:52.033 534 534 D PackageManager: No files in app dir /apex/com.android.devicelock/app
04-15 15:18:52.034 534 534 W PackageManager: Dropping cache of /apex/com.android.wifi/priv-app/ServiceWifiResources@UE1A.230829.036.A1
04-15 15:18:52.072 534 534 I PackageManager: /apex/com.android.wifi/priv-app/ServiceWifiResources@UE1A.230829.036.A1 changed; collecting certs
04-15 15:18:52.084 534 534 I ApexManager: Registering com.android.wifi.resources as apk-in-apex of com.android.wifi
04-15 15:18:52.089 534 534 W PackageManager: Dropping cache of /apex/com.android.wifi/app/WifiDialog@UE1A.230829.036.A1
04-15 15:18:52.100 534 534 W PackageManager: Dropping cache of /apex/com.android.wifi/app/OsuLogin@UE1A.230829.036.A1
04-15 15:18:52.127 534 534 I PackageManager: /apex/com.android.wifi/app/OsuLogin@UE1A.230829.036.A1 changed; collecting certs
04-15 15:18:52.137 534 534 I ApexManager: Registering com.android.hotspot2.osulogin as apk-in-apex of com.android.wifi
04-15 15:18:52.139 534 534 I PackageManager: /apex/com.android.wifi/app/WifiDialog@UE1A.230829.036.A1 changed; collecting certs
04-15 15:18:52.148 534 534 I ApexManager: Registering com.android.wifi.dialog as apk-in-apex of com.android.wifi
04-15 15:18:52.152 534 534 D PackageManager: No files in app dir /apex/com.android.ipsec/priv-app
04-15 15:18:52.152 534 534 D PackageManager: No files in app dir /apex/com.android.ipsec/app
04-15 15:18:52.153 534 534 D PackageManager: No files in app dir /apex/com.android.scheduling/priv-app
04-15 15:18:52.153 534 534 D PackageManager: No files in app dir /apex/com.android.scheduling/app
04-15 15:18:52.153 534 534 D PackageManager: No files in app dir /apex/com.android.media/priv-app
04-15 15:18:52.154 534 534 D PackageManager: No files in app dir /apex/com.android.media/app
04-15 15:18:52.178 534 534 I PackageManager: /apex/com.android.rkpd/priv-app/rkpdapp@UE1A.230829.036.A1 changed; collecting certs
04-15 15:18:52.187 534 534 I ApexManager: Registering com.android.rkpdapp as apk-in-apex of com.android.rkpd
04-15 15:18:52.189 534 534 D PackageManager: No files in app dir /apex/com.android.rkpd/app
04-15 15:18:52.190 534 534 D PackageManager: No files in app dir /apex/com.android.tzdata/priv-app
04-15 15:18:52.191 534 534 D PackageManager: No files in app dir /apex/com.android.tzdata/app
04-15 15:18:52.191 534 534 D PackageManager: No files in app dir /apex/com.android.configinfrastructure/priv-app
04-15 15:18:52.192 534 534 D PackageManager: No files in app dir /apex/com.android.configinfrastructure/app
04-15 15:18:52.193 534 534 D PackageManager: No files in app dir /apex/com.android.btservices/priv-app
04-15 15:18:52.245 534 534 I PackageManager: /apex/com.android.btservices/app/Bluetooth@UE1A.230829.036.A1 changed; collecting certs
04-15 15:18:52.256 534 534 W PackageManager: Adding duplicate shared id: 1002 name=com.android.bluetooth
04-15 15:18:52.261 534 534 I ApexManager: Registering com.android.bluetooth as apk-in-apex of com.android.btservices
04-15 15:18:52.266 534 534 W PackageManager: Dropping cache of /apex/com.android.cellbroadcast/priv-app/CellBroadcastServiceModule@UE1A.230829.036.A1
04-15 15:18:52.284 534 534 W PackageManager: Dropping cache of /apex/com.android.cellbroadcast/priv-app/CellBroadcastApp@UE1A.230829.036.A1
04-15 15:18:52.287 534 534 I PackageManager: /apex/com.android.cellbroadcast/priv-app/CellBroadcastServiceModule@UE1A.230829.036.A1 changed; collecting certs
04-15 15:18:52.320 534 534 W PackageManager: Adding duplicate shared id: 1073 name=com.android.cellbroadcastservice
04-15 15:18:52.323 534 534 I ApexManager: Registering com.android.cellbroadcastservice as apk-in-apex of com.android.cellbroadcast
04-15 15:18:52.573 534 592 I PackageParsing: Parse times for '/apex/com.android.cellbroadcast/priv-app/CellBroadcastApp@UE1A.230829.036.A1': parse=279ms, update_cache=4 ms
04-15 15:18:52.574 534 534 I PackageManager: /apex/com.android.cellbroadcast/priv-app/CellBroadcastApp@UE1A.230829.036.A1 changed; collecting certs
04-15 15:18:52.588 534 534 I ApexManager: Registering com.android.cellbroadcastreceiver.module as apk-in-apex of com.android.cellbroadcast
04-15 15:18:52.593 534 534 D PackageManager: No files in app dir /apex/com.android.cellbroadcast/app
04-15 15:18:52.610 534 534 I PackageManager: /apex/com.android.apex.cts.shim/priv-app/CtsShimPriv@MASTER changed; collecting certs
04-15 15:18:52.623 0 0 I servicemanager: Notifying apexservice they don't (previously: do) have clients when we now have no record of a client
04-15 15:18:52.634 0 0 I AidlLazyServiceRegistrar: Process has 0 (of 1 available) client(s) in use after notification apexservice has clients: 0
04-15 15:18:52.634 0 0 I AidlLazyServiceRegistrar: Shutdown prevented by forcePersist override flag.
04-15 15:18:52.631 534 534 I ApexManager: Registering com.android.cts.priv.ctsshim as apk-in-apex of com.android.apex.cts.shim
04-15 15:18:52.647 534 534 I PackageManager: New shared user com.android.cts.ctsshim: id=10140
04-15 15:18:52.647 534 534 I PackageManager: /apex/com.android.apex.cts.shim/app/CtsShim@MASTER changed; collecting certs
04-15 15:18:52.658 534 534 W PackageManager: Adding duplicate app id: 10140 name=com.android.cts.ctsshim
04-15 15:18:52.663 534 534 I ApexManager: Registering com.android.cts.ctsshim as apk-in-apex of com.android.apex.cts.shim
04-15 15:18:52.666 534 534 D PackageManager: No files in app dir /apex/com.android.adbd/priv-app
04-15 15:18:52.667 534 534 D PackageManager: No files in app dir /apex/com.android.adbd/app
04-15 15:18:52.742 534 534 I PackageManager: Finished scanning system apps. Time: 9746 ms, packageCount: 203 , timePerPackage: 48 , cached: 0
04-15 15:18:52.746 534 534 D PackageManager: No files in app dir /data/app
04-15 15:18:52.754 534 534 I PackageManager: Finished scanning non-system apps. Time: 13 ms, packageCount: 0 , timePerPackage: 0 , cached: 0
04-15 15:18:52.759 534 534 W PackageManager: There should probably be a verifier, but, none were found
04-15 15:18:52.771 534 534 W PackageManager: Missing required system package: .
04-15 15:18:52.772 534 534 W PackageManager: Missing required system package: .
04-15 15:18:52.795 534 534 I PackageManager: Time to scan packages: 9.799 seconds
04-15 15:18:52.797 534 534 I PermissionManager: Permission ownership changed. Updating all permissions.
04-15 15:18:52.803 534 534 W PermissionManager: Package com.android.adservices.api is an APK in APEX, but has permission allowlist on the system image. Please bundle the allowlist in the com.android.adservices APEX instead.
04-15 15:18:53.058 534 534 W PermissionManager: Package com.android.providers.media.module is an APK in APEX, but has permission allowlist on the system image. Please bundle the allowlist in the com.android.mediaprovider APEX instead.
04-15 15:18:53.059 534 534 W PermissionManager: Package com.android.providers.media.module is an APK in APEX, but has permission allowlist on the system image. Please bundle the allowlist in the com.android.mediaprovider APEX instead.
04-15 15:18:53.065 534 534 W PermissionManager: Package com.android.providers.media.module is an APK in APEX, but has permission allowlist on the system image. Please bundle the allowlist in the com.android.mediaprovider APEX instead.
04-15 15:18:53.066 534 534 W PermissionManager: Package com.android.providers.media.module is an APK in APEX, but has permission allowlist on the system image. Please bundle the allowlist in the com.android.mediaprovider APEX instead.
04-15 15:18:53.067 534 534 W PermissionManager: Package com.android.providers.media.module is an APK in APEX, but has permission allowlist on the system image. Please bundle the allowlist in the com.android.mediaprovider APEX instead.
04-15 15:18:53.067 534 534 W PermissionManager: Package com.android.providers.media.module is an APK in APEX, but has permission allowlist on the system image. Please bundle the allowlist in the com.android.mediaprovider APEX instead.
04-15 15:18:53.067 534 534 W PermissionManager: Package com.android.providers.media.module is an APK in APEX, but has permission allowlist on the system image. Please bundle the allowlist in the com.android.mediaprovider APEX instead.
04-15 15:18:53.072 534 534 W PermissionManager: Package com.android.providers.media.module is an APK in APEX, but has permission allowlist on the system image. Please bundle the allowlist in the com.android.mediaprovider APEX instead.
04-15 15:18:53.072 534 534 W PermissionManager: Package com.android.providers.media.module is an APK in APEX, but has permission allowlist on the system image. Please bundle the allowlist in the com.android.mediaprovider APEX instead.
04-15 15:18:53.073 534 534 W PermissionManager: Package com.android.providers.media.module is an APK in APEX, but has permission allowlist on the system image. Please bundle the allowlist in the com.android.mediaprovider APEX instead.
04-15 15:18:53.073 534 534 W PermissionManager: Package com.android.providers.media.module is an APK in APEX, but has permission allowlist on the system image. Please bundle the allowlist in the com.android.mediaprovider APEX instead.
04-15 15:18:53.073 534 534 W PermissionManager: Package com.android.providers.media.module is an APK in APEX, but has permission allowlist on the system image. Please bundle the allowlist in the com.android.mediaprovider APEX instead.
04-15 15:18:53.073 534 534 W PermissionManager: Package com.android.providers.media.module is an APK in APEX, but has permission allowlist on the system image. Please bundle the allowlist in the com.android.mediaprovider APEX instead.
04-15 15:18:53.135 534 534 V PackageManager: reconcileAppsData for null u0 0x1 migrateAppData=true
04-15 15:18:53.187 435 452 I SELinux : SELinux: Loaded file context from:
04-15 15:18:53.189 435 452 I SELinux : /system/etc/selinux/plat_file_contexts
04-15 15:18:53.190 435 452 I SELinux : /vendor/etc/selinux/vendor_file_contexts
04-15 15:18:53.446 534 534 V PackageManager: reconcileAppsData finished 24 packages
04-15 15:18:53.449 534 534 D PackageManagerTiming: write settings
04-15 15:18:53.454 534 606 D SystemServerTimingAsync: InitThreadPoolExec:prepareAppData
04-15 15:18:53.454 534 606 D SystemServerInitThreadPool: Started executing prepareAppData
04-15 15:18:53.475 534 606 V SystemServerTimingAsync: AppDataFixup took to complete: 21ms
04-15 15:18:53.632 534 534 I SELinux : SELinux: Loaded file context from:
04-15 15:18:53.636 534 534 I SELinux : /system/etc/selinux/plat_file_contexts
04-15 15:18:53.637 534 534 I SELinux : /vendor/etc/selinux/vendor_file_contexts
04-15 15:18:53.710 534 546 I system_server: Background concurrent copying GC freed 96951(4638KB) AllocSpace objects, 9(216KB) LOS objects, 49% free, 6456KB/12MB, paused 117us,128us total 193.598ms
04-15 15:18:53.720 534 534 V PackageManagerTiming: write settings took to complete: 264ms
04-15 15:18:53.723 534 534 W PackageManager: Domain verification agent not found
04-15 15:18:53.744 534 534 D PackageManager: Ephemeral resolver NOT found; no matching intent filters
04-15 15:18:53.746 534 534 D PackageManager: Instant App installer not found with android.intent.action.INSTALL_INSTANT_APP_PACKAGE
04-15 15:18:53.747 534 534 D PackageManager: Clear ephemeral installer activity
04-15 15:18:53.770 534 534 D PackageManagerTiming: GC
04-15 15:18:53.777 534 606 W PackageManager: Skipping preparing app data for com.android.configinfrastructure
04-15 15:18:53.784 534 534 V PackageManagerTiming: GC took to complete: 6ms
04-15 15:18:53.785 534 534 I PackageManager: Fix for b/169414761 is applied
04-15 15:18:53.788 534 534 V PackageManagerTiming: create package manager took to complete: 10988ms
04-15 15:18:53.790 534 534 V UserSystemPackageInstaller: Checking that all system packages are whitelisted.
04-15 15:18:53.794 534 534 W UserSystemPackageInstaller: checkWhitelistedSystemPackages(mode=d) has 50 warnings:
04-15 15:18:53.795 534 534 W UserSystemPackageInstaller: com.android.theme.color.amethyst is allowlisted but not present.
04-15 15:18:53.795 534 534 W UserSystemPackageInstaller: com.android.theme.icon.pebble is allowlisted but not present.
04-15 15:18:53.795 534 534 W UserSystemPackageInstaller: com.android.theme.color.sand is allowlisted but not present.
04-15 15:18:53.798 534 534 W UserSystemPackageInstaller: com.android.theme.icon.vessel is allowlisted but not present.
04-15 15:18:53.798 534 534 W UserSystemPackageInstaller: com.android.theme.color.cinnamon is allowlisted but not present.
04-15 15:18:53.798 534 534 W UserSystemPackageInstaller: com.android.theme.icon_pack.victor.settings is allowlisted but not present.
04-15 15:18:53.799 534 534 W UserSystemPackageInstaller: com.android.theme.icon_pack.rounded.systemui is allowlisted but not present.
04-15 15:18:53.799 534 534 W UserSystemPackageInstaller: com.android.theme.icon.taperedrect is allowlisted but not present.
04-15 15:18:53.799 534 534 W UserSystemPackageInstaller: com.android.theme.icon_pack.rounded.android is allowlisted but not present.
04-15 15:18:53.799 534 534 W UserSystemPackageInstaller: com.android.internal.systemui.onehanded.gestural is allowlisted but not present.
04-15 15:18:53.804 534 534 W UserSystemPackageInstaller: com.android.theme.icon_pack.victor.systemui is allowlisted but not present.
04-15 15:18:53.804 534 534 W UserSystemPackageInstaller: com.android.theme.icon_pack.circular.themepicker is allowlisted but not present.
04-15 15:18:53.804 534 534 W UserSystemPackageInstaller: com.android.theme.color.tangerine is allowlisted but not present.
04-15 15:18:53.804 534 534 W UserSystemPackageInstaller: com.android.theme.color.aquamarine is allowlisted but not present.
04-15 15:18:53.804 534 534 W UserSystemPackageInstaller: com.android.theme.color.black is allowlisted but not present.
04-15 15:18:53.804 534 534 W UserSystemPackageInstaller: com.android.theme.color.green is allowlisted but not present.
04-15 15:18:53.804 534 534 W UserSystemPackageInstaller: com.android.theme.color.ocean is allowlisted but not present.
04-15 15:18:53.804 534 534 W UserSystemPackageInstaller: com.android.theme.color.space is allowlisted but not present.
04-15 15:18:53.805 534 534 W UserSystemPackageInstaller: com.android.theme.icon_pack.rounded.launcher is allowlisted but not present.
04-15 15:18:53.805 534 534 W UserSystemPackageInstaller: com.android.theme.icon_pack.kai.settings is allowlisted but not present.
04-15 15:18:53.805 534 534 W UserSystemPackageInstaller: com.android.theme.icon_pack.sam.settings is allowlisted but not present.
04-15 15:18:53.805 534 534 W UserSystemPackageInstaller: com.android.theme.icon_pack.kai.themepicker is allowlisted but not present.
04-15 15:18:53.805 534 534 W UserSystemPackageInstaller: com.android.theme.icon_pack.victor.launcher is allowlisted but not present.
04-15 15:18:53.805 534 534 W UserSystemPackageInstaller: com.android.theme.icon_pack.filled.settings is allowlisted but not present.
04-15 15:18:53.805 534 534 W UserSystemPackageInstaller: com.android.theme.icon_pack.kai.systemui is allowlisted but not present.
04-15 15:18:53.805 534 534 W UserSystemPackageInstaller: com.android.theme.icon_pack.circular.settings is allowlisted but not present.
04-15 15:18:53.805 534 534 W UserSystemPackageInstaller: com.android.theme.icon_pack.sam.systemui is allowlisted but not present.
04-15 15:18:53.805 534 534 W UserSystemPackageInstaller: com.android.theme.icon.teardrop is allowlisted but not present.
04-15 15:18:53.805 534 534 W UserSystemPackageInstaller: com.android.theme.icon_pack.rounded.themepicker is allowlisted but not present.
04-15 15:18:53.805 534 534 W UserSystemPackageInstaller: com.android.theme.icon_pack.filled.systemui is allowlisted but not present.
04-15 15:18:53.805 534 534 W UserSystemPackageInstaller: com.android.theme.icon_pack.sam.android is allowlisted but not present.
04-15 15:18:53.805 534 534 W UserSystemPackageInstaller: com.android.theme.icon_pack.filled.android is allowlisted but not present.
04-15 15:18:53.805 534 534 W UserSystemPackageInstaller: com.android.theme.icon_pack.circular.systemui is allowlisted but not present.
04-15 15:18:53.805 534 534 W UserSystemPackageInstaller: com.android.theme.icon_pack.kai.android is allowlisted but not present.
04-15 15:18:53.806 534 534 W UserSystemPackageInstaller: com.android.theme.icon_pack.kai.launcher is allowlisted but not present.
04-15 15:18:53.806 534 534 W UserSystemPackageInstaller: com.android.theme.icon_pack.sam.launcher is allowlisted but not present.
04-15 15:18:53.806 534 534 W UserSystemPackageInstaller: com.android.theme.icon.squircle is allowlisted but not present.
04-15 15:18:53.806 534 534 W UserSystemPackageInstaller: com.android.theme.icon_pack.victor.android is allowlisted but not present.
04-15 15:18:53.806 534 534 W UserSystemPackageInstaller: com.android.theme.color.palette is allowlisted but not present.
04-15 15:18:53.806 534 534 W UserSystemPackageInstaller: com.android.theme.icon_pack.filled.launcher is allowlisted but not present.
04-15 15:18:53.806 534 534 W UserSystemPackageInstaller: com.android.theme.color.carbon is allowlisted but not present.
04-15 15:18:53.806 534 534 W UserSystemPackageInstaller: com.android.theme.icon_pack.circular.launcher is allowlisted but not present.
04-15 15:18:53.806 534 534 W UserSystemPackageInstaller: com.android.theme.icon_pack.filled.themepicker is allowlisted but not present.
04-15 15:18:53.806 534 534 W UserSystemPackageInstaller: com.android.theme.icon_pack.victor.themepicker is allowlisted but not present.
04-15 15:18:53.806 534 534 W UserSystemPackageInstaller: com.android.theme.color.orchid is allowlisted but not present.
04-15 15:18:53.806 534 534 W UserSystemPackageInstaller: com.android.theme.color.purple is allowlisted but not present.
04-15 15:18:53.806 534 534 W UserSystemPackageInstaller: com.android.theme.icon_pack.sam.themepicker is allowlisted but not present.
04-15 15:18:53.806 534 534 W UserSystemPackageInstaller: com.android.theme.icon.roundedrect is allowlisted but not present.
04-15 15:18:53.807 534 534 W UserSystemPackageInstaller: com.android.theme.icon_pack.rounded.settings is allowlisted but not present.
04-15 15:18:53.807 534 534 W UserSystemPackageInstaller: com.android.theme.icon_pack.circular.android is allowlisted but not present.
04-15 15:18:53.807 534 534 I UserSystemPackageInstaller: Reviewing whitelisted packages due to [firstBoot]
04-15 15:18:53.808 534 606 W PackageManager: Skipping preparing app data for com.android.appsearch
04-15 15:18:53.809 534 606 W PackageManager: Skipping preparing app data for com.android.adservices
04-15 15:18:53.809 534 606 W PackageManager: Skipping preparing app data for com.android.scheduling
04-15 15:18:53.810 534 606 W PackageManager: Skipping preparing app data for com.android.permission
04-15 15:18:53.810 534 606 W PackageManager: Skipping preparing app data for com.android.art
04-15 15:18:53.810 534 606 W PackageManager: Skipping preparing app data for com.android.uwb
04-15 15:18:53.811 534 606 W PackageManager: Skipping preparing app data for com.android.tethering
04-15 15:18:53.811 534 606 W PackageManager: Skipping preparing app data for com.android.btservices
04-15 15:18:53.811 534 606 W PackageManager: Skipping preparing app data for com.android.media.swcodec
04-15 15:18:53.811 534 606 W PackageManager: Skipping preparing app data for com.android.conscrypt
04-15 15:18:53.817 534 606 W PackageManager: Skipping preparing app data for com.android.adbd
04-15 15:18:53.817 534 606 W PackageManager: Skipping preparing app data for com.android.i18n
04-15 15:18:53.818 534 606 W PackageManager: Skipping preparing app data for com.android.rkpd
04-15 15:18:53.818 534 606 W PackageManager: Skipping preparing app data for com.android.virt
04-15 15:18:53.818 534 606 W PackageManager: Skipping preparing app data for com.android.wifi
04-15 15:18:53.819 534 606 W PackageManager: Skipping preparing app data for com.android.runtime
04-15 15:18:53.819 534 606 W PackageManager: Skipping preparing app data for com.android.devicelock
04-15 15:18:53.823 534 606 W PackageManager: Skipping preparing app data for com.android.apex.cts.shim
04-15 15:18:53.825 534 606 W PackageManager: Skipping preparing app data for com.android.neuralnetworks
04-15 15:18:53.826 534 606 W PackageManager: Skipping preparing app data for com.android.healthfitness
04-15 15:18:53.826 534 606 W PackageManager: Skipping preparing app data for com.android.resolv
04-15 15:18:53.827 534 606 W PackageManager: Skipping preparing app data for com.android.sdkext
04-15 15:18:53.827 534 606 W PackageManager: Skipping preparing app data for com.android.tzdata
04-15 15:18:53.832 534 606 W PackageManager: Skipping preparing app data for com.android.vndk.v34
04-15 15:18:53.832 534 606 W PackageManager: Skipping preparing app data for com.android.os.statsd
04-15 15:18:53.833 534 606 W PackageManager: Skipping preparing app data for com.android.extservices
04-15 15:18:53.833 534 606 W PackageManager: Skipping preparing app data for com.android.cellbroadcast
04-15 15:18:53.834 534 606 W PackageManager: Skipping preparing app data for com.android.ipsec
04-15 15:18:53.834 534 606 W PackageManager: Skipping preparing app data for com.android.media
04-15 15:18:53.835 534 606 W PackageManager: Skipping preparing app data for com.android.sdksandbox
04-15 15:18:53.835 534 606 W PackageManager: Skipping preparing app data for com.android.mediaprovider
04-15 15:18:53.836 534 606 W PackageManager: Skipping preparing app data for com.android.ondevicepersonalization
04-15 15:18:53.860 534 534 I Watchdog: Resuming HandlerChecker: main thread for reason: packagemanagermain. Pause count: 0
