04-15 15:20:24.469 534 821 D ConnectivityService: register offer from providerId 1 : NetworkOffer [ Provider Id (1) Score(Policies : TRANSPORT_PRIMARY&EVER_EVALUATED&IS_UNMETERED&EVER_VALIDATED&IS_VALIDATED ; KeepConnected : 0) Caps [ Transports: CELLULAR Capabilities: MMS&SUPL&DUN&FOTA&IMS&CBS&IA&RCS&XCAP&EIMS&INTERNET&NOT_RESTRICTED&TRUSTED&NOT_VPN&MCX&NOT_VCN_MANAGED UnderlyingNetworks: Null] Needed by []]
04-15 15:20:24.489 534 821 D ConnectivityService: NetReassign [no changes] [c 0] [a 0] [i 0]
04-15 15:20:24.509 534 534 D CompatibilityChangeReporter: Compat change id reported: 182478738; UID 1000; state: ENABLED
04-15 15:20:24.523 534 534 V SystemServerTiming: MakeVcnManagementServiceReady took to complete: 73ms
04-15 15:20:24.537 534 534 D SystemServerTiming: MakeNetworkPolicyServiceReady
04-15 15:20:24.539 534 821 D ConnectivityService: NetReassign [no changes] [c 0] [a 0] [i 0]
04-15 15:20:24.543 534 534 V SystemServerTiming: MakeNetworkPolicyServiceReady took to complete: 5ms
04-15 15:20:24.548 534 534 D SystemServerTiming: PhaseThirdPartyAppsCanStart
04-15 15:20:24.549 534 534 I SystemServiceManager: Starting phase 600
04-15 15:20:24.549 534 534 D SystemServerTiming: OnBootPhase_600
04-15 15:20:24.550 534 534 D SystemServerTiming: OnBootPhase_600_com.android.server.security.FileIntegrityService
04-15 15:20:24.550 534 534 V SystemServerTiming: OnBootPhase_600_com.android.server.security.FileIntegrityService took to complete: 0ms
04-15 15:20:24.550 534 534 D SystemServerTiming: OnBootPhase_600_com.android.server.pm.Installer
04-15 15:20:24.551 534 534 V SystemServerTiming: OnBootPhase_600_com.android.server.pm.Installer took to complete: 0ms
04-15 15:20:24.551 534 534 D SystemServerTiming: OnBootPhase_600_com.android.server.os.DeviceIdentifiersPolicyService
04-15 15:20:24.551 534 534 V SystemServerTiming: OnBootPhase_600_com.android.server.os.DeviceIdentifiersPolicyService took to complete: 0ms
04-15 15:20:24.556 534 534 D SystemServerTiming: OnBootPhase_600_com.android.server.uri.UriGrantsManagerService$Lifecycle
04-15 15:20:24.557 534 534 V SystemServerTiming: OnBootPhase_600_com.android.server.uri.UriGrantsManagerService$Lifecycle took to complete: 0ms
04-15 15:20:24.557 534 534 D SystemServerTiming: OnBootPhase_600_com.android.server.powerstats.PowerStatsService
04-15 15:20:24.557 534 534 V SystemServerTiming: OnBootPhase_600_com.android.server.powerstats.PowerStatsService took to complete: 0ms
04-15 15:20:24.558 534 534 D SystemServerTiming: OnBootPhase_600_com.android.server.permission.access.AccessCheckingService
04-15 15:20:24.558 534 534 V SystemServerTiming: OnBootPhase_600_com.android.server.permission.access.AccessCheckingService took to complete: 0ms
04-15 15:20:24.558 534 534 D SystemServerTiming: OnBootPhase_600_com.android.server.wm.ActivityTaskManagerService$Lifecycle
04-15 15:20:24.558 534 534 V SystemServerTiming: OnBootPhase_600_com.android.server.wm.ActivityTaskManagerService$Lifecycle took to complete: 0ms
04-15 15:20:24.559 534 534 D SystemServerTiming: OnBootPhase_600_com.android.server.am.ActivityManagerService$Lifecycle
04-15 15:20:24.581 534 534 I ExplicitHealthCheckController: Explicit health checks enabled.
04-15 15:20:24.583 534 534 I PackageWatchdog: Syncing state, reason: health check state enabled
04-15 15:20:24.588 534 827 I VcnManagementService: new snapshot: TelephonySubscriptionSnapshot{ mActiveDataSubId=-1, mSubIdToInfoMap={}, mSubIdToCarrierConfigMap={}, mPrivilegedPackages={} }
04-15 15:20:24.589 534 534 I PackageWatchdog: Not pruning observers, elapsed time: 0ms
04-15 15:20:24.590 534 534 I PackageWatchdog: Cancelling state sync, nothing to sync
04-15 15:20:24.590 534 534 V SystemServerTiming: OnBootPhase_600_com.android.server.am.ActivityManagerService$Lifecycle took to complete: 32ms
04-15 15:20:24.591 534 534 D SystemServerTiming: OnBootPhase_600_com.android.server.pm.DataLoaderManagerService
04-15 15:20:24.591 534 534 V SystemServerTiming: OnBootPhase_600_com.android.server.pm.DataLoaderManagerService took to complete: 0ms
04-15 15:20:24.596 534 534 D SystemServerTiming: OnBootPhase_600_com.android.server.power.PowerManagerService
04-15 15:20:24.602 534 534 V SystemServerTiming: OnBootPhase_600_com.android.server.power.PowerManagerService took to complete: 1ms
04-15 15:20:24.602 534 534 D SystemServerTiming: OnBootPhase_600_com.android.server.power.ThermalManagerService
04-15 15:20:24.603 534 534 V SystemServerTiming: OnBootPhase_600_com.android.server.power.ThermalManagerService took to complete: 0ms
04-15 15:20:24.603 534 534 D SystemServerTiming: OnBootPhase_600_com.android.server.power.hint.HintManagerService
04-15 15:20:24.604 534 534 V SystemServerTiming: OnBootPhase_600_com.android.server.power.hint.HintManagerService took to complete: 0ms
04-15 15:20:24.623 534 534 D SystemServerTiming: OnBootPhase_600_com.android.server.recoverysystem.RecoverySystemService$Lifecycle
04-15 15:20:24.625 534 534 V SystemServerTiming: OnBootPhase_600_com.android.server.recoverysystem.RecoverySystemService$Lifecycle took to complete: 0ms
04-15 15:20:24.625 534 534 D SystemServerTiming: OnBootPhase_600_com.android.server.lights.LightsService
04-15 15:20:24.626 534 534 V SystemServerTiming: OnBootPhase_600_com.android.server.lights.LightsService took to complete: 0ms
04-15 15:20:24.626 534 534 D SystemServerTiming: OnBootPhase_600_com.android.server.display.DisplayManagerService
04-15 15:20:24.627 534 534 V SystemServerTiming: OnBootPhase_600_com.android.server.display.DisplayManagerService took to complete: 0ms
04-15 15:20:24.627 534 534 D SystemServerTiming: OnBootPhase_600_com.android.server.pm.verify.domain.DomainVerificationService
04-15 15:20:24.627 534 534 V SystemServerTiming: OnBootPhase_600_com.android.server.pm.verify.domain.DomainVerificationService took to complete: 0ms
04-15 15:20:24.632 534 534 D SystemServerTiming: OnBootPhase_600_com.android.server.pm.PackageInstallerService$Lifecycle
04-15 15:20:24.632 534 534 V SystemServerTiming: OnBootPhase_600_com.android.server.pm.PackageInstallerService$Lifecycle took to complete: 0ms
04-15 15:20:24.632 534 534 D SystemServerTiming: OnBootPhase_600_com.android.server.pm.UserManagerService$LifeCycle
04-15 15:20:24.632 534 534 V SystemServerTiming: OnBootPhase_600_com.android.server.pm.UserManagerService$LifeCycle took to complete: 0ms
04-15 15:20:24.632 534 534 D SystemServerTiming: OnBootPhase_600_com.android.server.om.OverlayManagerService
04-15 15:20:24.632 534 534 V SystemServerTiming: OnBootPhase_600_com.android.server.om.OverlayManagerService took to complete: 0ms
04-15 15:20:24.632 534 534 D SystemServerTiming: OnBootPhase_600_com.android.server.resources.ResourcesManagerService
04-15 15:20:24.632 534 534 V SystemServerTiming: OnBootPhase_600_com.android.server.resources.ResourcesManagerService took to complete: 0ms
04-15 15:20:24.633 534 534 D SystemServerTiming: OnBootPhase_600_com.android.server.sensorprivacy.SensorPrivacyService
04-15 15:20:24.633 534 534 V SystemServerTiming: OnBootPhase_600_com.android.server.sensorprivacy.SensorPrivacyService took to complete: 0ms
04-15 15:20:24.633 534 534 D SystemServerTiming: OnBootPhase_600_com.android.server.sensors.SensorService
04-15 15:20:24.633 534 534 V SystemServerTiming: OnBootPhase_600_com.android.server.sensors.SensorService took to complete: 0ms
04-15 15:20:24.633 534 534 D SystemServerTiming: OnBootPhase_600_com.android.server.SystemConfigService
04-15 15:20:24.633 534 534 V SystemServerTiming: OnBootPhase_600_com.android.server.SystemConfigService took to complete: 0ms
04-15 15:20:24.633 534 534 D SystemServerTiming: OnBootPhase_600_com.android.server.BatteryService
04-15 15:20:24.633 534 534 V SystemServerTiming: OnBootPhase_600_com.android.server.BatteryService took to complete: 0ms
04-15 15:20:24.633 534 534 D SystemServerTiming: OnBootPhase_600_com.android.server.usage.UsageStatsService
04-15 15:20:24.633 534 534 V SystemServerTiming: OnBootPhase_600_com.android.server.usage.UsageStatsService took to complete: 0ms
04-15 15:20:24.633 534 534 D SystemServerTiming: OnBootPhase_600_com.android.server.webkit.WebViewUpdateService
04-15 15:20:24.633 534 534 V SystemServerTiming: OnBootPhase_600_com.android.server.webkit.WebViewUpdateService took to complete: 0ms
04-15 15:20:24.633 534 534 D SystemServerTiming: OnBootPhase_600_com.android.server.CachedDeviceStateService
04-15 15:20:24.634 534 534 V SystemServerTiming: OnBootPhase_600_com.android.server.CachedDeviceStateService took to complete: 0ms
04-15 15:20:24.634 534 534 D SystemServerTiming: OnBootPhase_600_com.android.server.BinderCallsStatsService$LifeCycle
04-15 15:20:24.634 534 534 V SystemServerTiming: OnBootPhase_600_com.android.server.BinderCallsStatsService$LifeCycle took to complete: 0ms
04-15 15:20:24.634 534 534 D SystemServerTiming: OnBootPhase_600_com.android.server.LooperStatsService$Lifecycle
04-15 15:20:24.634 534 534 V SystemServerTiming: OnBootPhase_600_com.android.server.LooperStatsService$Lifecycle took to complete: 0ms
04-15 15:20:24.634 534 534 D SystemServerTiming: OnBootPhase_600_com.android.server.rollback.RollbackManagerService
04-15 15:20:24.634 534 534 V SystemServerTiming: OnBootPhase_600_com.android.server.rollback.RollbackManagerService took to complete: 0ms
04-15 15:20:24.634 534 534 D SystemServerTiming: OnBootPhase_600_com.android.server.os.NativeTombstoneManagerService
04-15 15:20:24.634 534 534 V SystemServerTiming: OnBootPhase_600_com.android.server.os.NativeTombstoneManagerService took to complete: 0ms
04-15 15:20:24.634 534 534 D SystemServerTiming: OnBootPhase_600_com.android.server.os.BugreportManagerService
04-15 15:20:24.634 534 534 V SystemServerTiming: OnBootPhase_600_com.android.server.os.BugreportManagerService took to complete: 0ms
04-15 15:20:24.634 534 534 D SystemServerTiming: OnBootPhase_600_com.android.server.gpu.GpuService
04-15 15:20:24.635 534 534 V SystemServerTiming: OnBootPhase_600_com.android.server.gpu.GpuService took to complete: 0ms
04-15 15:20:24.635 534 534 D SystemServerTiming: OnBootPhase_600_com.android.server.security.rkp.RemoteProvisioningService
04-15 15:20:24.635 534 534 V SystemServerTiming: OnBootPhase_600_com.android.server.security.rkp.RemoteProvisioningService took to complete: 0ms
04-15 15:20:24.635 534 534 D SystemServerTiming: OnBootPhase_600_com.android.server.cpu.CpuMonitorService
04-15 15:20:24.635 534 534 V SystemServerTiming: OnBootPhase_600_com.android.server.cpu.CpuMonitorService took to complete: 0ms
04-15 15:20:24.635 534 534 D SystemServerTiming: OnBootPhase_600_com.android.server.security.KeyChainSystemService
04-15 15:20:24.635 534 534 V SystemServerTiming: OnBootPhase_600_com.android.server.security.KeyChainSystemService took to complete: 0ms
04-15 15:20:24.635 534 534 D SystemServerTiming: OnBootPhase_600_com.android.server.BinaryTransparencyService
04-15 15:20:24.635 534 534 V SystemServerTiming: OnBootPhase_600_com.android.server.BinaryTransparencyService took to complete: 0ms
04-15 15:20:24.635 534 534 D SystemServerTiming: OnBootPhase_600_com.android.server.telecom.TelecomLoaderService
04-15 15:20:24.635 534 534 V SystemServerTiming: OnBootPhase_600_com.android.server.telecom.TelecomLoaderService took to complete: 0ms
04-15 15:20:24.635 534 534 D SystemServerTiming: OnBootPhase_600_com.android.server.accounts.AccountManagerService$Lifecycle
04-15 15:20:24.635 534 534 V SystemServerTiming: OnBootPhase_600_com.android.server.accounts.AccountManagerService$Lifecycle took to complete: 0ms
04-15 15:20:24.635 534 534 D SystemServerTiming: OnBootPhase_600_com.android.server.content.ContentService$Lifecycle
04-15 15:20:24.676 534 534 V SystemServerTiming: OnBootPhase_600_com.android.server.content.ContentService$Lifecycle took to complete: 0ms
04-15 15:20:24.677 534 534 D SystemServerTiming: OnBootPhase_600_com.android.server.deviceconfig.DeviceConfigInit$Lifecycle
04-15 15:20:24.677 534 534 V SystemServerTiming: OnBootPhase_600_com.android.server.deviceconfig.DeviceConfigInit$Lifecycle took to complete: 0ms
04-15 15:20:24.677 534 534 D SystemServerTiming: OnBootPhase_600_com.android.server.DropBoxManagerService
04-15 15:20:24.677 534 534 V SystemServerTiming: OnBootPhase_600_com.android.server.DropBoxManagerService took to complete: 0ms
04-15 15:20:24.678 534 534 D SystemServerTiming: OnBootPhase_600_com.android.role.RoleService
04-15 15:20:24.678 534 534 V SystemServerTiming: OnBootPhase_600_com.android.role.RoleService took to complete: 0ms
04-15 15:20:24.678 534 534 D SystemServerTiming: OnBootPhase_600_com.android.server.vibrator.VibratorManagerService$Lifecycle
04-15 15:20:24.678 534 534 V SystemServerTiming: OnBootPhase_600_com.android.server.vibrator.VibratorManagerService$Lifecycle took to complete: 0ms
04-15 15:20:24.679 534 534 D SystemServerTiming: OnBootPhase_600_com.android.server.tare.InternalResourceService
04-15 15:20:24.679 534 534 V SystemServerTiming: OnBootPhase_600_com.android.server.tare.InternalResourceService took to complete: 0ms
04-15 15:20:24.679 534 534 D SystemServerTiming: OnBootPhase_600_com.android.server.alarm.AlarmManagerService
04-15 15:20:24.679 534 534 V SystemServerTiming: OnBootPhase_600_com.android.server.alarm.AlarmManagerService took to complete: 0ms
04-15 15:20:24.684 534 534 D SystemServerTiming: OnBootPhase_600_com.android.server.devicestate.DeviceStateManagerService
04-15 15:20:24.684 534 534 V SystemServerTiming: OnBootPhase_600_com.android.server.devicestate.DeviceStateManagerService took to complete: 0ms
04-15 15:20:24.684 534 534 D SystemServerTiming: OnBootPhase_600_com.android.server.camera.CameraServiceProxy
04-15 15:20:24.685 534 534 V SystemServerTiming: OnBootPhase_600_com.android.server.camera.CameraServiceProxy took to complete: 0ms
04-15 15:20:24.685 534 534 D SystemServerTiming: OnBootPhase_600_com.android.server.bluetooth.BluetoothService
04-15 15:20:24.685 534 534 V SystemServerTiming: OnBootPhase_600_com.android.server.bluetooth.BluetoothService took to complete: 0ms
04-15 15:20:24.685 534 534 D SystemServerTiming: OnBootPhase_600_com.android.server.connectivity.IpConnectivityMetrics
04-15 15:20:24.686 534 534 V SystemServerTiming: OnBootPhase_600_com.android.server.connectivity.IpConnectivityMetrics took to complete: 0ms
04-15 15:20:24.686 534 534 D SystemServerTiming: OnBootPhase_600_com.android.server.net.watchlist.NetworkWatchlistService$Lifecycle
04-15 15:20:24.686 534 534 V SystemServerTiming: OnBootPhase_600_com.android.server.net.watchlist.NetworkWatchlistService$Lifecycle took to complete: 0ms
04-15 15:20:24.686 534 534 D SystemServerTiming: OnBootPhase_600_com.android.server.PinnerService
04-15 15:20:24.687 534 534 V SystemServerTiming: OnBootPhase_600_com.android.server.PinnerService took to complete: 0ms
04-15 15:20:24.687 534 534 D SystemServerTiming: OnBootPhase_600_com.android.server.integrity.AppIntegrityManagerService
04-15 15:20:24.687 534 534 V SystemServerTiming: OnBootPhase_600_com.android.server.integrity.AppIntegrityManagerService took to complete: 0ms
04-15 15:20:24.687 534 534 D SystemServerTiming: OnBootPhase_600_com.android.server.logcat.LogcatManagerService
04-15 15:20:24.689 534 534 V SystemServerTiming: OnBootPhase_600_com.android.server.logcat.LogcatManagerService took to complete: 0ms
04-15 15:20:24.689 534 534 D SystemServerTiming: OnBootPhase_600_com.android.server.inputmethod.InputMethodManagerService$Lifecycle
04-15 15:20:24.689 534 534 V SystemServerTiming: OnBootPhase_600_com.android.server.inputmethod.InputMethodManagerService$Lifecycle took to complete: 0ms
04-15 15:20:24.689 534 534 D SystemServerTiming: OnBootPhase_600_com.android.server.accessibility.AccessibilityManagerService$Lifecycle
04-15 15:20:24.761 534 534 W SystemServiceManager: Service com.android.server.accessibility.AccessibilityManagerService$Lifecycle took 71 ms in onBootPhase
04-15 15:20:24.762 534 534 V SystemServerTiming: OnBootPhase_600_com.android.server.accessibility.AccessibilityManagerService$Lifecycle took to complete: 72ms
04-15 15:20:24.762 534 534 D SystemServerTiming: OnBootPhase_600_com.android.server.StorageManagerService$Lifecycle
04-15 15:20:24.763 534 534 V SystemServerTiming: OnBootPhase_600_com.android.server.StorageManagerService$Lifecycle took to complete: 0ms
04-15 15:20:24.763 534 534 D SystemServerTiming: OnBootPhase_600_com.android.server.usage.StorageStatsService$Lifecycle
04-15 15:20:24.763 534 534 V SystemServerTiming: OnBootPhase_600_com.android.server.usage.StorageStatsService$Lifecycle took to complete: 0ms
04-15 15:20:24.763 534 534 D SystemServerTiming: OnBootPhase_600_com.android.server.UiModeManagerService
04-15 15:20:24.764 534 534 V SystemServerTiming: OnBootPhase_600_com.android.server.UiModeManagerService took to complete: 0ms
04-15 15:20:24.765 534 534 D SystemServerTiming: OnBootPhase_600_com.android.server.locales.LocaleManagerService
04-15 15:20:24.765 534 534 V SystemServerTiming: OnBootPhase_600_com.android.server.locales.LocaleManagerService took to complete: 0ms
04-15 15:20:24.766 534 534 D SystemServerTiming: OnBootPhase_600_com.android.server.grammaticalinflection.GrammaticalInflectionService
04-15 15:20:24.766 534 534 V SystemServerTiming: OnBootPhase_600_com.android.server.grammaticalinflection.GrammaticalInflectionService took to complete: 0ms
04-15 15:20:24.766 534 534 D SystemServerTiming: OnBootPhase_600_com.android.server.apphibernation.AppHibernationService
04-15 15:20:24.766 534 534 V SystemServerTiming: OnBootPhase_600_com.android.server.apphibernation.AppHibernationService took to complete: 0ms
04-15 15:20:24.767 534 534 D SystemServerTiming: OnBootPhase_600_com.android.server.locksettings.LockSettingsService$Lifecycle
04-15 15:20:24.767 534 534 V SystemServerTiming: OnBootPhase_600_com.android.server.locksettings.LockSettingsService$Lifecycle took to complete: 0ms
04-15 15:20:24.767 534 534 D SystemServerTiming: OnBootPhase_600_com.android.server.testharness.TestHarnessModeService
04-15 15:20:24.767 534 534 V SystemServerTiming: OnBootPhase_600_com.android.server.testharness.TestHarnessModeService took to complete: 0ms
04-15 15:20:24.773 534 534 D SystemServerTiming: OnBootPhase_600_com.android.server.DeviceIdleController
04-15 15:20:24.773 534 534 V SystemServerTiming: OnBootPhase_600_com.android.server.DeviceIdleController took to complete: 0ms
04-15 15:20:24.773 534 534 D SystemServerTiming: OnBootPhase_600_com.android.server.devicepolicy.DevicePolicyManagerService$Lifecycle
04-15 15:20:24.774 534 534 V SystemServerTiming: OnBootPhase_600_com.android.server.devicepolicy.DevicePolicyManagerService$Lifecycle took to complete: 0ms
04-15 15:20:24.774 534 534 D SystemServerTiming: OnBootPhase_600_com.android.server.texttospeech.TextToSpeechManagerService
04-15 15:20:24.775 534 534 V SystemServerTiming: OnBootPhase_600_com.android.server.texttospeech.TextToSpeechManagerService took to complete: 1ms
04-15 15:20:24.778 534 534 D SystemServerTiming: OnBootPhase_600_com.android.server.ambientcontext.AmbientContextManagerService
04-15 15:20:24.779 534 534 V SystemServerTiming: OnBootPhase_600_com.android.server.ambientcontext.AmbientContextManagerService took to complete: 0ms
04-15 15:20:24.779 534 534 D SystemServerTiming: OnBootPhase_600_com.android.server.wearable.WearableSensingManagerService
04-15 15:20:24.779 534 534 V SystemServerTiming: OnBootPhase_600_com.android.server.wearable.WearableSensingManagerService took to complete: 0ms
04-15 15:20:24.784 534 534 D SystemServerTiming: OnBootPhase_600_com.android.server.speech.SpeechRecognitionManagerService
04-15 15:20:24.786 534 534 V SystemServerTiming: OnBootPhase_600_com.android.server.speech.SpeechRecognitionManagerService took to complete: 0ms
04-15 15:20:24.787 534 534 D SystemServerTiming: OnBootPhase_600_com.android.server.searchui.SearchUiManagerService
04-15 15:20:24.787 534 534 V SystemServerTiming: OnBootPhase_600_com.android.server.searchui.SearchUiManagerService took to complete: 0ms
04-15 15:20:24.794 534 534 D SystemServerTiming: OnBootPhase_600_com.android.server.smartspace.SmartspaceManagerService
04-15 15:20:24.795 534 534 V SystemServerTiming: OnBootPhase_600_com.android.server.smartspace.SmartspaceManagerService took to complete: 1ms
04-15 15:20:24.795 534 534 D SystemServerTiming: OnBootPhase_600_com.android.server.graphics.fonts.FontManagerService$Lifecycle
04-15 15:20:24.798 534 534 V SystemServerTiming: OnBootPhase_600_com.android.server.graphics.fonts.FontManagerService$Lifecycle took to complete: 0ms
04-15 15:20:24.798 534 534 D SystemServerTiming: OnBootPhase_600_com.android.server.textservices.TextServicesManagerService$Lifecycle
04-15 15:20:24.798 534 534 V SystemServerTiming: OnBootPhase_600_com.android.server.textservices.TextServicesManagerService$Lifecycle took to complete: 0ms
04-15 15:20:24.799 534 534 D SystemServerTiming: OnBootPhase_600_com.android.server.textclassifier.TextClassificationManagerService$Lifecycle
04-15 15:20:24.799 534 534 V SystemServerTiming: OnBootPhase_600_com.android.server.textclassifier.TextClassificationManagerService$Lifecycle took to complete: 0ms
04-15 15:20:24.799 534 534 D SystemServerTiming: OnBootPhase_600_com.android.server.NetworkScoreService$Lifecycle
04-15 15:20:24.799 534 534 V SystemServerTiming: OnBootPhase_600_com.android.server.NetworkScoreService$Lifecycle took to complete: 0ms
04-15 15:20:24.803 534 534 D SystemServerTiming: OnBootPhase_600_com.android.server.NetworkStatsServiceInitializer
04-15 15:20:24.803 534 534 V SystemServerTiming: OnBootPhase_600_com.android.server.NetworkStatsServiceInitializer took to complete: 0ms
04-15 15:20:24.804 534 534 D SystemServerTiming: OnBootPhase_600_com.android.server.wifi.WifiService
04-15 15:20:24.806 534 534 V SystemServerTiming: OnBootPhase_600_com.android.server.wifi.WifiService took to complete: 0ms
04-15 15:20:24.806 534 534 D SystemServerTiming: OnBootPhase_600_com.android.server.wifi.scanner.WifiScanningService
04-15 15:20:24.806 534 534 V SystemServerTiming: OnBootPhase_600_com.android.server.wifi.scanner.WifiScanningService took to complete: 0ms
04-15 15:20:24.807 534 534 D SystemServerTiming: OnBootPhase_600_com.android.server.wifi.p2p.WifiP2pService
04-15 15:20:24.807 534 534 V SystemServerTiming: OnBootPhase_600_com.android.server.wifi.p2p.WifiP2pService took to complete: 0ms
04-15 15:20:24.807 534 534 D SystemServerTiming: OnBootPhase_600_com.android.server.ConnectivityServiceInitializer
04-15 15:20:24.816 534 1009 E WebViewUpdateServiceImpl: Timed out waiting for relro creation, relros started 1 relros finished 0 package dirty? false
04-15 15:20:24.816 534 1009 W WebViewUpdateServiceImpl: creating relro file timed out
04-15 15:20:24.866 534 534 D FastPairService: fail to initiate the fast pair proxy provider
04-15 15:20:24.867 534 534 W FastPairDataProvider: no proxy fast pair data provider found
04-15 15:20:24.867 534 534 W SystemServiceManager: Service com.android.server.ConnectivityServiceInitializer took 60 ms in onBootPhase
04-15 15:20:24.872 534 534 V SystemServerTiming: OnBootPhase_600_com.android.server.ConnectivityServiceInitializer took to complete: 64ms
04-15 15:20:24.872 534 534 D SystemServerTiming: OnBootPhase_600_com.android.server.notification.NotificationManagerService
04-15 15:20:24.884 534 556 W Looper : Slow dispatch took 178ms android.fg h=android.os.Handler c= m=0
04-15 15:20:24.890 1027 1027 I WebViewLoader-x: System.exit called, status: 0
04-15 15:20:24.890 1027 1027 I AndroidRuntime: VM exiting with result code 0, cleanup skipped.
04-15 15:20:24.912 534 567 I PackageWatchdog: Saving observer state to file
04-15 15:20:24.930 534 534 D CompatibilityChangeReporter: Compat change id reported: 253665015; UID 1000; state: ENABLED
04-15 15:20:24.938 328 328 I Zygote : Process 1027 exited cleanly (0)
04-15 15:20:24.943 534 550 I ActivityManager: Process WebViewLoader-x86_64 (pid 1027) has died: psvc PER
04-15 15:20:24.950 534 557 D DisplayManagerService: Drop pending events for gone uid 1037
04-15 15:20:24.951 534 534 D CompatibilityChangeReporter: Compat change id reported: 194532703; UID 1000; state: ENABLED
04-15 15:20:24.955 534 534 D NotificationService: Reset NAS setting and migrate to new default
04-15 15:20:24.969 534 550 D OomAdjuster: Not killing cached processes
04-15 15:20:24.997 534 570 I libprocessgroup: Successfully killed process cgroup uid 1037 pid 1027 in 0ms
04-15 15:20:25.014 534 534 D NotificationAssistants: Approving default notification assistant for user 0
04-15 15:20:25.015 534 534 I ConditionProviders: Allowing condition provider android.ext.services/android.ext.services.notification.Assistant (userSet: true)
04-15 15:20:25.016 534 1009 D CompatibilityChangeReporter: Compat change id reported: 135634846; UID 10102; state: DISABLED
04-15 15:20:25.017 534 1009 D CompatibilityChangeReporter: Compat change id reported: 177438394; UID 10102; state: DISABLED
04-15 15:20:25.025 534 1009 D CompatibilityChangeReporter: Compat change id reported: 135772972; UID 10102; state: DISABLED
04-15 15:20:25.026 534 1009 D CompatibilityChangeReporter: Compat change id reported: 135754954; UID 10102; state: ENABLED
04-15 15:20:25.032 328 328 W Zygote : forkRepeatedly terminated due to non-simple command
04-15 15:20:25.032 328 328 D Zygote : mbuffer starts with 14, nice name is webview_zygote, mEnd = 394, mNext = 165, mLinesLeft = 6, mFd = 6
04-15 15:20:25.053 534 623 D CompatibilityChangeReporter: Compat change id reported: 265195908; UID 10121; state: ENABLED
04-15 15:20:25.053 534 534 W SystemServiceManager: Service com.android.server.notification.NotificationManagerService took 181 ms in onBootPhase
04-15 15:20:25.054 534 534 V SystemServerTiming: OnBootPhase_600_com.android.server.notification.NotificationManagerService took to complete: 181ms
04-15 15:20:25.054 534 534 D SystemServerTiming: OnBootPhase_600_com.android.server.storage.DeviceStorageMonitorService
04-15 15:20:25.054 534 534 V SystemServerTiming: OnBootPhase_600_com.android.server.storage.DeviceStorageMonitorService took to complete: 0ms
04-15 15:20:25.054 534 534 D SystemServerTiming: OnBootPhase_600_com.android.server.timedetector.TimeDetectorService$Lifecycle
04-15 15:20:25.054 534 534 V SystemServerTiming: OnBootPhase_600_com.android.server.timedetector.TimeDetectorService$Lifecycle took to complete: 0ms
04-15 15:20:25.054 534 534 D SystemServerTiming: OnBootPhase_600_com.android.server.location.LocationManagerService$Lifecycle
04-15 15:20:25.074 534 556 W Looper : Slow dispatch took 107ms android.fg h=android.os.Handler c= m=0
04-15 15:20:25.104 534 534 W LocationManagerService: no network location provider found
04-15 15:20:25.138 328 328 D Zygote : Forked child process 1048
04-15 15:20:25.170 534 534 I ServiceWatcher: [fused] chose new implementation 1000/com.android.location.fused/.FusedLocationService@0
04-15 15:20:25.187 534 1009 W ZygoteProcess: Got error connecting to zygote, retrying. msg= Connection refused
04-15 15:20:25.253 0 0 I servicemanager: Found android.hardware.gnss.IGnss/default in device VINTF manifest.
04-15 15:20:25.258 0 0 I servicemanager: Since 'android.hardware.gnss.IGnss/default' could not be found, trying to start it as a lazy AIDL service. (if it's not configured to be a lazy service, it may be stuck starting or still starting).
04-15 15:20:25.253 1048 1048 I webview_zygote: Using CollectorTypeCC GC.
04-15 15:20:25.275 0 0 I init : starting service 'vendor.gnss.ranchu'...
04-15 15:20:25.276 534 1009 W ZygoteProcess: Got error connecting to zygote, retrying. msg= Connection refused
04-15 15:20:25.322 1048 1048 I WebViewZygoteInit: Starting WebViewZygoteInit
04-15 15:20:25.350 534 556 W Looper : Slow dispatch took 124ms android.fg h=android.os.Handler c= m=0
04-15 15:20:25.389 0 0 I init : ... started service 'vendor.gnss.ranchu' has pid 1060
04-15 15:20:25.389 0 0 I init : Control message: Processed ctl.interface_start for 'aidl/android.hardware.gnss.IGnss/default' from pid: 131 (/system/bin/servicemanager)
04-15 15:20:25.504 534 972 D BufferPoolAccessor2.0: bufferpool2 0x7745cfc70b78 : 0(0 size) total buffers - 0(0 size) used buffers - 2/7 (recycle/alloc) - 5/24 (fetch/transfer)
04-15 15:20:25.504 534 972 D BufferPoolAccessor2.0: bufferpool2 0x7745cfc73518 : 0(0 size) total buffers - 0(0 size) used buffers - 1/7 (recycle/alloc) - 6/26 (fetch/transfer)
04-15 15:20:25.504 534 972 D BufferPoolAccessor2.0: evictor expired: 2, evicted: 2
04-15 15:20:25.522 1048 1048 I WebViewZygoteInit: Beginning application preload for com.android.webview
04-15 15:20:25.552 455 893 D BufferPoolAccessor2.0: bufferpool2 0x7e043d1714d8 : 0(0 size) total buffers - 0(0 size) used buffers - 8/11 (recycle/alloc) - 3/10 (fetch/transfer)
04-15 15:20:25.553 455 893 D BufferPoolAccessor2.0: bufferpool2 0x7e043d176378 : 0(0 size) total buffers - 0(0 size) used buffers - 9/10 (recycle/alloc) - 1/9 (fetch/transfer)
04-15 15:20:25.553 455 893 D BufferPoolAccessor2.0: evictor expired: 2, evicted: 2
04-15 15:20:25.596 534 556 D CompatibilityChangeReporter: Compat change id reported: 261072174; UID 1000; state: ENABLED
04-15 15:20:25.714 1060 1060 I AidlLazyServiceRegistrar: Registering service android.hardware.gnss.IGnss/default
04-15 15:20:25.723 1048 1048 D nativeloader: InitLlndkLibrariesProduct: libEGL.so:libGLESv1_CM.so:libGLESv2.so:libGLESv3.so:libRS.so:libandroid_net.so:libbinder_ndk.so:libc.so:libcgrouprc.so:libclang_rt.asan-x86_64-android.so:libcom.android.tethering.connectivity_native.so:libdl.so:libft2.so:liblog.so:libm.so:libmediandk.so:libnativewindow.so:libneuralnetworks.so:libselinux.so:libsync.so:libvndksupport.so:libvulkan.so
04-15 15:20:25.723 1048 1048 D nativeloader: Configuring product-clns-6 for unbundled product apk /product/app/webview/webview.apk. target_sdk_version=34, uses_libraries=, library_path=/product/app/webview/lib/x86_64:/product/app/webview/webview.apk!/lib/x86_64:/product/lib64:/system/product/lib64, permitted_path=/data:/mnt/expand:/product/lib64:/system/product/lib64
04-15 15:20:25.728 0 0 I servicemanager: Found android.hardware.gnss.IGnss/default in device VINTF manifest.
04-15 15:20:25.758 1048 1048 D nativeloader: InitVndkspLibrariesProduct: android.hardware.common-V2-ndk.so:android.hardware.common.fmq-V1-ndk.so:android.hardware.graphics.allocator-V2-ndk.so:android.hardware.graphics.common-V4-ndk.so:android.hardware.graphics.common@1.0.so:android.hardware.graphics.common@1.1.so:android.hardware.graphics.common@1.2.so:android.hardware.graphics.composer3-V1-ndk.so:android.hardware.graphics.mapper@2.0.so:android.hardware.graphics.mapper@2.1.so:android.hardware.graphics.mapper@3.0.so:android.hardware.graphics.mapper@4.0.so:android.hardware.renderscript@1.0.so:android.hidl.memory.token@1.0.so:android.hidl.memory@1.0-impl.so:android.hidl.memory@1.0.so:android.hidl.safe_union@1.0.so:libRSCpuRef.so:libRSDriver.so:libRS_internal.so:libbase.so:libbcinfo.so:libblas.so:libc++.so:libcompiler_rt.so:libcutils.so:libdmabufheap.so:libgralloctypes.so:libhardware.so:libhidlbase.so:libhidlmemory.so:libion.so:libjsoncpp.so:liblzma.so:libprocessgroup.so:libunwindstack.so:libutils.so:libutilscallstack.so:libz.so
04-15 15:20:25.763 534 534 D GnssJni : Successfully got GNSS AIDL handle. Version=2.
04-15 15:20:25.770 0 0 I BpBinder: onLastStrongRef automatically unlinking death recipients:
04-15 15:20:25.831 534 534 D CompatibilityChangeReporter: Compat change id reported: 157233955; UID 1000; state: ENABLED
04-15 15:20:25.857 534 556 W Looper : Slow dispatch took 229ms android.fg h=android.os.Handler c= m=0
04-15 15:20:25.963 534 534 D GnssJni : Successfully linked to GNSS AIDL HAl death notification
04-15 15:20:26.006 534 534 D GnssCallbackJni: gnssSetCapabilitiesCb: 65u
04-15 15:20:26.007 534 534 I GnssManager: gnss capabilities changed to [SCHEDULING]
04-15 15:20:26.017 534 534 D GnssCallbackJni: gnssSetSystemInfoCb: yearOfHw=2023, name=Android Studio Emulator GPS
04-15 15:20:26.028 534 534 I GnssLocationProviderJni: Unable to initialize IGnssNi interface.
04-15 15:20:26.034 534 556 W Looper : Drained
04-15 15:20:26.041 534 534 D GnssLocationProviderJni: GnssPowerIndicationCallback::setCapabilitiesCb: 63u
04-15 15:20:26.044 534 534 I GnssManager: gnss capabilities changed to [SCHEDULING TOTAL_POWER SINGLEBAND_TRACKING_POWER MULTIBAND_TRACKING_POWER SINGLEBAND_ACQUISITION_POWER MULTIBAND_ACQUISITION_POWER OTHER_MODES_POWER]
04-15 15:20:26.067 534 534 I GnssManager: gnss hal initialized
04-15 15:20:26.067 534 534 I GnssManager: gnss hal started
04-15 15:20:26.102 1048 1048 I WebViewZygoteInit: Application preload done
04-15 15:20:26.131 534 534 E LocationManagerService: no geocoder provider found
04-15 15:20:26.135 534 534 E ActivityRecognitionHardware: activity_recognition HAL is deprecated. is_supported is effectively a no-op
04-15 15:20:26.144 534 534 E LocationManagerService: unable to bind ActivityRecognitionProxy
04-15 15:20:26.156 534 534 E LocationManagerService: unable to bind to GeofenceProxy
04-15 15:20:26.157 534 534 W SystemServiceManager: Service com.android.server.location.LocationManagerService$Lifecycle took 1103 ms in onBootPhase
04-15 15:20:26.157 534 534 V SystemServerTiming: OnBootPhase_600_com.android.server.location.LocationManagerService$Lifecycle took to complete: 1103ms
04-15 15:20:26.158 534 534 D SystemServerTiming: OnBootPhase_600_com.android.server.timezonedetector.TimeZoneDetectorService$Lifecycle
04-15 15:20:26.158 534 534 V SystemServerTiming: OnBootPhase_600_com.android.server.timezonedetector.TimeZoneDetectorService$Lifecycle took to complete: 0ms
04-15 15:20:26.158 534 534 D SystemServerTiming: OnBootPhase_600_com.android.server.location.altitude.AltitudeService$Lifecycle
04-15 15:20:26.159 534 534 V SystemServerTiming: OnBootPhase_600_com.android.server.location.altitude.AltitudeService$Lifecycle took to complete: 0ms
04-15 15:20:26.159 534 534 D SystemServerTiming: OnBootPhase_600_com.android.server.timezonedetector.location.LocationTimeZoneManagerService$Lifecycle
04-15 15:20:26.164 534 534 V SystemServerTiming: OnBootPhase_600_com.android.server.timezonedetector.location.LocationTimeZoneManagerService$Lifecycle took to complete: 4ms
04-15 15:20:26.174 534 821 D ConnectivityService: NetReassign [no changes] [c 0] [a 0] [i 0]
04-15 15:20:26.175 534 534 D SystemServerTiming: OnBootPhase_600_com.android.server.search.SearchManagerService$Lifecycle
04-15 15:20:26.175 534 534 V SystemServerTiming: OnBootPhase_600_com.android.server.search.SearchManagerService$Lifecycle took to complete: 0ms
04-15 15:20:26.175 534 534 D SystemServerTiming: OnBootPhase_600_com.android.server.wallpaper.WallpaperManagerService$Lifecycle
04-15 15:20:26.181 534 534 D WallpaperManagerService: Wallpaper_switch-user-0
04-15 15:20:26.182 534 534 V WallpaperManagerService: bindWallpaperComponentLocked: componentName=null
04-15 15:20:26.183 534 534 D WallpaperManagerService: WPMS.bindWallpaperComponentLocked-null
04-15 15:20:26.183 534 534 V WallpaperManagerService: No default component; using image wallpaper
04-15 15:20:26.192 534 556 D GnssCallbackJni: gnssSetCapabilitiesCb: 65u
04-15 15:20:26.193 534 556 D GnssCallbackJni: gnssSetSystemInfoCb: yearOfHw=2023, name=Android Studio Emulator GPS
04-15 15:20:26.196 534 534 V WallpaperManagerService: WPMS.bindWallpaperComponentLocked-null took to complete: 5ms
04-15 15:20:26.197 534 534 V WallpaperManagerService: Wallpaper_switch-user-0 took to complete: 16ms
04-15 15:20:26.200 534 534 V SystemServerTiming: OnBootPhase_600_com.android.server.wallpaper.WallpaperManagerService$Lifecycle took to complete: 19ms
04-15 15:20:26.200 534 534 D SystemServerTiming: OnBootPhase_600_com.android.server.wallpapereffectsgeneration.WallpaperEffectsGenerationManagerService
04-15 15:20:26.201 534 534 V SystemServerTiming: OnBootPhase_600_com.android.server.wallpapereffectsgeneration.WallpaperEffectsGenerationManagerService took to complete: 1ms
04-15 15:20:26.201 534 534 D SystemServerTiming: OnBootPhase_600_com.android.server.audio.AudioService$Lifecycle
04-15 15:20:26.202 534 534 V SystemServerTiming: OnBootPhase_600_com.android.server.audio.AudioService$Lifecycle took to complete: 0ms
04-15 15:20:26.202 534 534 D SystemServerTiming: OnBootPhase_600_com.android.server.soundtrigger_middleware.SoundTriggerMiddlewareService$Lifecycle
04-15 15:20:26.202 534 534 V SystemServerTiming: OnBootPhase_600_com.android.server.soundtrigger_middleware.SoundTriggerMiddlewareService$Lifecycle took to complete: 0ms
04-15 15:20:26.202 534 534 D SystemServerTiming: OnBootPhase_600_com.android.server.DockObserver
04-15 15:20:26.203 534 534 V SystemServerTiming: OnBootPhase_600_com.android.server.DockObserver took to complete: 0ms
04-15 15:20:26.203 534 534 D SystemServerTiming: OnBootPhase_600_com.android.server.midi.MidiService$Lifecycle
04-15 15:20:26.203 534 534 V SystemServerTiming: OnBootPhase_600_com.android.server.midi.MidiService$Lifecycle took to complete: 0ms
04-15 15:20:26.203 534 534 D SystemServerTiming: OnBootPhase_600_com.android.server.adb.AdbService$Lifecycle
04-15 15:20:26.208 534 534 V SystemServerTiming: OnBootPhase_600_com.android.server.adb.AdbService$Lifecycle took to complete: 0ms
04-15 15:20:26.208 534 534 D SystemServerTiming: OnBootPhase_600_com.android.server.usb.UsbService$Lifecycle
04-15 15:20:26.209 534 534 V SystemServerTiming: OnBootPhase_600_com.android.server.usb.UsbService$Lifecycle took to complete: 0ms
04-15 15:20:26.209 534 534 D SystemServerTiming: OnBootPhase_600_com.android.server.twilight.TwilightService
04-15 15:20:26.209 534 534 V SystemServerTiming: OnBootPhase_600_com.android.server.twilight.TwilightService took to complete: 0ms
04-15 15:20:26.209 534 534 D SystemServerTiming: OnBootPhase_600_com.android.server.display.color.ColorDisplayService
04-15 15:20:26.210 534 534 V SystemServerTiming: OnBootPhase_600_com.android.server.display.color.ColorDisplayService took to complete: 0ms
04-15 15:20:26.210 534 534 D SystemServerTiming: OnBootPhase_600_com.android.server.job.JobSchedulerService
04-15 15:20:26.212 534 556 I GnssLocationProviderJni: Unable to initialize IGnssNi interface.
04-15 15:20:26.215 534 556 D GnssLocationProviderJni: GnssPowerIndicationCallback::setCapabilitiesCb: 63u
04-15 15:20:26.223 534 556 I GnssVisibilityControl: Updating non-framework location access proxy apps in the GNSS HAL to: []
04-15 15:20:26.223 534 556 W Looper : Slow dispatch took 128ms android.fg h=android.os.Handler c=com.android.server.location.gnss.GnssLocationProvider$$ExternalSyntheticLambda8@4fd0a7b m=0
04-15 15:20:26.243 534 556 I GnssBlocklistHelper: Update GNSS satellite blocklist:
04-15 15:20:26.247 534 534 V SystemServerTiming: OnBootPhase_600_com.android.server.job.JobSchedulerService took to complete: 36ms
04-15 15:20:26.247 534 534 D SystemServerTiming: OnBootPhase_600_com.android.server.soundtrigger.SoundTriggerService
04-15 15:20:26.252 534 534 D SoundTriggerService: onBootPhase: 600 : false
04-15 15:20:26.274 534 546 I system_server: Background concurrent copying GC freed 257569(10MB) AllocSpace objects, 9(1004KB) LOS objects, 49% free, 13MB/26MB, paused 1.391ms,217us total 1.760s
04-15 15:20:26.290 534 534 V SystemServerTiming: OnBootPhase_600_com.android.server.soundtrigger.SoundTriggerService took to complete: 39ms
04-15 15:20:26.291 534 534 D SystemServerTiming: OnBootPhase_600_com.android.server.trust.TrustManagerService
04-15 15:20:26.292 894 894 D Tonal : Tonal Palette - index: 4. Main color: ff343e65
04-15 15:20:26.292 894 894 D Tonal : Colors: ff0b0c16, ff141627, ff1d2138, ff272d4c, ff343e65, ff41477e, ff4e5597, ff8184a4, ff898cc3, ff9e9ecd, ffb7b6d9, ffd9d7eb, ffefeef7
04-15 15:20:26.293 894 894 D Tonal : Gradients:
04-15 15:20:26.293 894 894 D Tonal : Normal GradientColors(ff343e65, ff343e65)
04-15 15:20:26.293 894 894 D Tonal : Dark GradientColors(ff272d4c, ff272d4c)
04-15 15:20:26.293 894 894 D Tonal : Extra dark: GradientColors(ff1d2138, ff1d2138)
04-15 15:20:26.293 894 894 D Tonal : Tonal Palette - index: 4. Main color: ff343e65
04-15 15:20:26.293 894 894 D Tonal : Colors: ff0b0c16, ff141627, ff1d2138, ff272d4c, ff343e65, ff41477e, ff4e5597, ff8184a4, ff898cc3, ff9e9ecd, ffb7b6d9, ffd9d7eb, ffefeef7
04-15 15:20:26.293 894 894 D Tonal : Gradients:
04-15 15:20:26.293 894 894 D Tonal : Normal GradientColors(ff343e65, ff343e65)
04-15 15:20:26.293 894 894 D Tonal : Dark GradientColors(ff272d4c, ff272d4c)
04-15 15:20:26.293 894 894 D Tonal : Extra dark: GradientColors(ff1d2138, ff1d2138)
04-15 15:20:26.295 534 534 D BiometricService: Sensor ID(4), oemStrength: 15, updatedStrength: 15, modality 8, state: 0, cookie: 0, sensorId 4, hasEnrollments: false cannot participate in Keystore operations
04-15 15:20:26.295 534 534 D BiometricService: Sensor ID(0), oemStrength: 15, updatedStrength: 15, modality 2, state: 0, cookie: 0, sensorId 0, hasEnrollments: false cannot participate in Keystore operations
04-15 15:20:26.307 153 167 I keystore2: system/security/keystore2/src/authorization.rs:143 - on_lock_screen_event(r#UNLOCK, user_id=0, password.is_some()=false, unlocking_sids=Some([]))
04-15 15:20:26.317 534 534 V SystemServerTiming: OnBootPhase_600_com.android.server.trust.TrustManagerService took to complete: 26ms
04-15 15:20:26.317 534 534 D SystemServerTiming: OnBootPhase_600_com.android.server.backup.BackupManagerService$Lifecycle
04-15 15:20:26.318 534 534 V SystemServerTiming: OnBootPhase_600_com.android.server.backup.BackupManagerService$Lifecycle took to complete: 0ms
04-15 15:20:26.318 534 534 D SystemServerTiming: OnBootPhase_600_com.android.server.appwidget.AppWidgetService
04-15 15:20:26.318 534 534 V SystemServerTiming: OnBootPhase_600_com.android.server.appwidget.AppWidgetService took to complete: 0ms
04-15 15:20:26.318 534 534 D SystemServerTiming: OnBootPhase_600_com.android.server.voiceinteraction.VoiceInteractionManagerService
04-15 15:20:26.326 534 534 V SystemServerTiming: OnBootPhase_600_com.android.server.voiceinteraction.VoiceInteractionManagerService took to complete: 8ms
04-15 15:20:26.327 534 534 D SystemServerTiming: OnBootPhase_600_com.android.server.GestureLauncherService
04-15 15:20:26.330 534 534 V SystemServerTiming: OnBootPhase_600_com.android.server.GestureLauncherService took to complete: 3ms
04-15 15:20:26.331 534 534 D SystemServerTiming: OnBootPhase_600_com.android.server.SensorNotificationService
04-15 15:20:26.334 534 534 V SystemServerTiming: OnBootPhase_600_com.android.server.SensorNotificationService took to complete: 2ms
04-15 15:20:26.334 534 534 D SystemServerTiming: OnBootPhase_600_com.android.server.emergency.EmergencyAffordanceService
04-15 15:20:26.340 534 534 V SystemServerTiming: OnBootPhase_600_com.android.server.emergency.EmergencyAffordanceService took to complete: 6ms
04-15 15:20:26.341 534 534 D SystemServerTiming: OnBootPhase_600_com.android.server.blob.BlobStoreManagerService
04-15 15:20:26.349 534 534 V SystemServerTiming: OnBootPhase_600_com.android.server.blob.BlobStoreManagerService took to complete: 8ms
04-15 15:20:26.350 534 534 D SystemServerTiming: OnBootPhase_600_com.android.server.dreams.DreamManagerService
04-15 15:20:26.355 534 534 V SystemServerTiming: OnBootPhase_600_com.android.server.dreams.DreamManagerService took to complete: 5ms
04-15 15:20:26.356 534 534 D SystemServerTiming: OnBootPhase_600_com.android.server.print.PrintManagerService
04-15 15:20:26.356 534 534 V SystemServerTiming: OnBootPhase_600_com.android.server.print.PrintManagerService took to complete: 0ms
04-15 15:20:26.357 534 534 D SystemServerTiming: OnBootPhase_600_com.android.server.security.AttestationVerificationManagerService
04-15 15:20:26.357 534 534 V SystemServerTiming: OnBootPhase_600_com.android.server.security.AttestationVerificationManagerService took to complete: 0ms
04-15 15:20:26.357 534 534 D SystemServerTiming: OnBootPhase_600_com.android.server.companion.CompanionDeviceManagerService
04-15 15:20:26.358 534 534 V SystemServerTiming: OnBootPhase_600_com.android.server.companion.CompanionDeviceManagerService took to complete: 0ms
04-15 15:20:26.358 534 534 D SystemServerTiming: OnBootPhase_600_com.android.server.companion.virtual.VirtualDeviceManagerService
04-15 15:20:26.359 534 534 V SystemServerTiming: OnBootPhase_600_com.android.server.companion.virtual.VirtualDeviceManagerService took to complete: 0ms
04-15 15:20:26.359 534 534 D SystemServerTiming: OnBootPhase_600_com.android.server.restrictions.RestrictionsManagerService
04-15 15:20:26.360 534 534 V SystemServerTiming: OnBootPhase_600_com.android.server.restrictions.RestrictionsManagerService took to complete: 0ms
04-15 15:20:26.360 534 534 D SystemServerTiming: OnBootPhase_600_com.android.server.media.MediaSessionService
04-15 15:20:26.361 534 534 V SystemServerTiming: OnBootPhase_600_com.android.server.media.MediaSessionService took to complete: 0ms
04-15 15:20:26.361 534 534 D SystemServerTiming: OnBootPhase_600_com.android.server.media.MediaResourceMonitorService
04-15 15:20:26.361 534 534 V SystemServerTiming: OnBootPhase_600_com.android.server.media.MediaResourceMonitorService took to complete: 0ms
04-15 15:20:26.361 534 534 D SystemServerTiming: OnBootPhase_600_com.android.server.biometrics.sensors.face.FaceService
04-15 15:20:26.362 534 534 V SystemServerTiming: OnBootPhase_600_com.android.server.biometrics.sensors.face.FaceService took to complete: 0ms
04-15 15:20:26.362 534 534 D SystemServerTiming: OnBootPhase_600_com.android.server.biometrics.sensors.fingerprint.FingerprintService
04-15 15:20:26.362 534 534 V SystemServerTiming: OnBootPhase_600_com.android.server.biometrics.sensors.fingerprint.FingerprintService took to complete: 0ms
04-15 15:20:26.362 534 534 D SystemServerTiming: OnBootPhase_600_com.android.server.biometrics.BiometricService
04-15 15:20:26.363 534 534 V SystemServerTiming: OnBootPhase_600_com.android.server.biometrics.BiometricService took to complete: 0ms
04-15 15:20:26.363 534 534 D SystemServerTiming: OnBootPhase_600_com.android.server.biometrics.AuthService
04-15 15:20:26.363 534 534 V SystemServerTiming: OnBootPhase_600_com.android.server.biometrics.AuthService took to complete: 0ms
04-15 15:20:26.363 534 534 D SystemServerTiming: OnBootPhase_600_com.android.server.pm.ShortcutService$Lifecycle
04-15 15:20:26.365 534 534 V SystemServerTiming: OnBootPhase_600_com.android.server.pm.ShortcutService$Lifecycle took to complete: 1ms
04-15 15:20:26.365 534 534 D SystemServerTiming: OnBootPhase_600_com.android.server.pm.LauncherAppsService
04-15 15:20:26.366 534 534 V SystemServerTiming: OnBootPhase_600_com.android.server.pm.LauncherAppsService took to complete: 0ms
04-15 15:20:26.366 534 534 D SystemServerTiming: OnBootPhase_600_com.android.server.pm.CrossProfileAppsService
04-15 15:20:26.366 534 534 V SystemServerTiming: OnBootPhase_600_com.android.server.pm.CrossProfileAppsService took to complete: 0ms
04-15 15:20:26.366 534 534 D SystemServerTiming: OnBootPhase_600_com.android.server.people.PeopleService
04-15 15:20:26.367 534 534 V SystemServerTiming: OnBootPhase_600_com.android.server.people.PeopleService took to complete: 0ms
04-15 15:20:26.367 534 534 D SystemServerTiming: OnBootPhase_600_com.android.server.media.metrics.MediaMetricsManagerService
04-15 15:20:26.367 534 534 V SystemServerTiming: OnBootPhase_600_com.android.server.media.metrics.MediaMetricsManagerService took to complete: 0ms
04-15 15:20:26.367 534 534 D SystemServerTiming: OnBootPhase_600_com.android.server.pm.BackgroundInstallControlService
04-15 15:20:26.369 534 534 V SystemServerTiming: OnBootPhase_600_com.android.server.pm.BackgroundInstallControlService took to complete: 0ms
04-15 15:20:26.369 534 534 D SystemServerTiming: OnBootPhase_600_com.android.server.media.projection.MediaProjectionManagerService
04-15 15:20:26.369 534 534 V SystemServerTiming: OnBootPhase_600_com.android.server.media.projection.MediaProjectionManagerService took to complete: 0ms
04-15 15:20:26.370 534 534 D SystemServerTiming: OnBootPhase_600_com.android.server.slice.SliceManagerService$Lifecycle
04-15 15:20:26.370 534 534 V SystemServerTiming: OnBootPhase_600_com.android.server.slice.SliceManagerService$Lifecycle took to complete: 0ms
04-15 15:20:26.370 534 534 D SystemServerTiming: OnBootPhase_600_com.android.server.stats.StatsCompanion$Lifecycle
04-15 15:20:26.373 534 534 W AlarmManager: Unrecognized alarm listener com.android.server.stats.StatsCompanionService$PullingAlarmListener@cf33f04
04-15 15:20:26.374 534 534 W AlarmManager: Unrecognized alarm listener com.android.server.stats.StatsCompanionService$PeriodicAlarmListener@1dd3ced
04-15 15:20:26.438 534 534 I StatsCompanionService: Told statsd that StatsCompanionService is alive.
04-15 15:20:26.438 534 534 W SystemServiceManager: Service com.android.server.stats.StatsCompanion$Lifecycle took 68 ms in onBootPhase
04-15 15:20:26.439 534 534 V SystemServerTiming: OnBootPhase_600_com.android.server.stats.StatsCompanion$Lifecycle took to complete: 68ms
04-15 15:20:26.439 534 534 D SystemServerTiming: OnBootPhase_600_com.android.server.scheduling.RebootReadinessManagerService$Lifecycle
04-15 15:20:26.439 534 534 V SystemServerTiming: OnBootPhase_600_com.android.server.scheduling.RebootReadinessManagerService$Lifecycle took to complete: 0ms
04-15 15:20:26.441 534 534 D SystemServerTiming: OnBootPhase_600_com.android.server.stats.pull.StatsPullAtomService
04-15 15:20:26.442 534 534 V SystemServerTiming: OnBootPhase_600_com.android.server.stats.pull.StatsPullAtomService took to complete: 1ms
04-15 15:20:26.443 534 534 D SystemServerTiming: OnBootPhase_600_com.android.server.stats.bootstrap.StatsBootstrapAtomService$Lifecycle
04-15 15:20:26.443 534 534 V SystemServerTiming: OnBootPhase_600_com.android.server.stats.bootstrap.StatsBootstrapAtomService$Lifecycle took to complete: 0ms
04-15 15:20:26.443 534 534 D SystemServerTiming: OnBootPhase_600_com.android.server.incident.IncidentCompanionService
