04-15 15:20:45.175 534 560 V ActivityManagerTiming: OnBootPhase_1000_com.android.server.security.FileIntegrityService took to complete: 0ms
04-15 15:20:45.175 534 560 D ActivityManagerTiming: OnBootPhase_1000_com.android.server.pm.Installer
04-15 15:20:45.180 534 560 V ActivityManagerTiming: OnBootPhase_1000_com.android.server.pm.Installer took to complete: 0ms
04-15 15:20:45.180 534 560 D ActivityManagerTiming: OnBootPhase_1000_com.android.server.os.DeviceIdentifiersPolicyService
04-15 15:20:45.180 534 560 V ActivityManagerTiming: OnBootPhase_1000_com.android.server.os.DeviceIdentifiersPolicyService took to complete: 0ms
04-15 15:20:45.180 534 560 D ActivityManagerTiming: OnBootPhase_1000_com.android.server.uri.UriGrantsManagerService$Lifecycle
04-15 15:20:45.180 534 560 V ActivityManagerTiming: OnBootPhase_1000_com.android.server.uri.UriGrantsManagerService$Lifecycle took to complete: 0ms
04-15 15:20:45.180 534 560 D ActivityManagerTiming: OnBootPhase_1000_com.android.server.powerstats.PowerStatsService
04-15 15:20:45.212 1128 1128 D CellBroadcastServiceManager: CellBroadcastServiceManager created for phone 0
04-15 15:20:45.213 534 534 W Looper : Slow dispatch took 110ms main h=android.os.Handler c=null m=1
04-15 15:20:45.279 894 894 V SystemUIBootTiming: StartServices com.android.systemui.keyguard.data.quickaffordance.MuteQuickAffordanceCoreStartable took to complete: 1448ms
04-15 15:20:45.279 894 894 W SystemUIService: Initialization of com.android.systemui.keyguard.data.quickaffordance.MuteQuickAffordanceCoreStartable took 1448 ms
04-15 15:20:45.289 894 894 D KeyguardTransitionCoreStartable: Started com.android.systemui.keyguard.domain.interactor.FromDozingTransitionInteractor@241a4b3
04-15 15:20:45.305 894 894 D KeyguardTransitionCoreStartable: Started com.android.systemui.keyguard.domain.interactor.FromAlternateBouncerTransitionInteractor@b93da70
04-15 15:20:45.318 894 894 D KeyguardTransitionCoreStartable: Started com.android.systemui.keyguard.domain.interactor.FromLockscreenTransitionInteractor@dc34296
04-15 15:20:45.351 1128 1128 D CellBroadcastServiceManager: getCellBroadcastServicePackageName: com.android.cellbroadcastservice
04-15 15:20:45.356 534 534 W Looper : Slow dispatch took 123ms main h=android.os.Handler c=null m=1
04-15 15:20:45.359 1287 1340 E CellBroadcastConfigService: fails to setCellBroadcastRanges
04-15 15:20:45.362 534 1068 D CompatibilityChangeReporter: Compat change id reported: 135634846; UID 10064; state: DISABLED
04-15 15:20:45.362 534 1068 D CompatibilityChangeReporter: Compat change id reported: 177438394; UID 10064; state: DISABLED
04-15 15:20:45.362 534 1068 D CompatibilityChangeReporter: Compat change id reported: 135772972; UID 10064; state: DISABLED
04-15 15:20:45.363 534 1068 D CompatibilityChangeReporter: Compat change id reported: 135754954; UID 10064; state: ENABLED
04-15 15:20:45.363 534 1068 W ActivityManager: Slow operation: 169ms so far, now at startProcess: done starting proc!
04-15 15:20:45.368 534 569 W ActivityManager: Slow operation: 164ms so far, now at startProcess: asking zygote to start proc
04-15 15:20:45.368 534 569 D CompatibilityChangeReporter: Compat change id reported: 143937733; UID 10064; state: ENABLED
04-15 15:20:45.369 534 569 W ActivityManager: com.android.cellbroadcastreceiver inode == 0 (b/152760674)
04-15 15:20:45.390 1287 1340 W receiver.module: Core platform API violation: Llibcore/io/Memory;->pokeByte(JB)V from Lcom/google/protobuf/UnsafeUtil; using reflection
04-15 15:20:45.390 1287 1340 W receiver.module: Core platform API violation: Llibcore/io/Memory;->peekByte(J)B from Lcom/google/protobuf/UnsafeUtil; using reflection
04-15 15:20:45.403 328 328 I Zygote : Entering forkRepeatedly native zygote loop
04-15 15:20:45.421 534 1068 W ContentProviderHelper: Slow operation: 171ms so far, now at getContentProviderImpl: after start process
04-15 15:20:45.422 534 1068 W ContentProviderHelper: Slow operation: 229ms so far, now at getContentProviderImpl: updating data structures
04-15 15:20:45.422 534 1068 W ContentProviderHelper: Slow operation: 230ms so far, now at getContentProviderImpl: done!
04-15 15:20:45.427 894 939 W Looper : Slow dispatch took 1430ms SysUiBg h=android.os.Handler c=com.android.systemui.statusbar.policy.FlashlightControllerImpl$$ExternalSyntheticLambda0@9248788 m=0
04-15 15:20:45.458 328 328 D Zygote : Forked child process 1343
04-15 15:20:45.480 534 569 W ActivityManager: Slow operation: 277ms so far, now at startProcess: returned from zygote!
04-15 15:20:45.506 534 812 I WifiVendorHal: Driver: 1.0 Firmware: 1.0
04-15 15:20:45.573 894 939 W Looper : Slow delivery took 1067ms SysUiBg h=android.os.Handler c=android.net.TetheringManager$4$$ExternalSyntheticLambda6@e3e9434 m=0
04-15 15:20:45.752 534 534 W TrustManagerService: EXTRA_USER_HANDLE missing or invalid, value=0
04-15 15:20:45.753 534 560 W SystemServiceManager: Service com.android.server.powerstats.PowerStatsService took 382 ms in onBootPhase
04-15 15:20:45.753 534 560 V ActivityManagerTiming: OnBootPhase_1000_com.android.server.powerstats.PowerStatsService took to complete: 572ms
04-15 15:20:45.753 534 560 D ActivityManagerTiming: OnBootPhase_1000_com.android.server.permission.access.AccessCheckingService
04-15 15:20:45.753 534 560 V ActivityManagerTiming: OnBootPhase_1000_com.android.server.permission.access.AccessCheckingService took to complete: 0ms
04-15 15:20:45.753 534 560 D ActivityManagerTiming: OnBootPhase_1000_com.android.server.wm.ActivityTaskManagerService$Lifecycle
04-15 15:20:45.753 534 560 V ActivityManagerTiming: OnBootPhase_1000_com.android.server.wm.ActivityTaskManagerService$Lifecycle took to complete: 0ms
04-15 15:20:45.753 534 560 D ActivityManagerTiming: OnBootPhase_1000_com.android.server.am.ActivityManagerService$Lifecycle
04-15 15:20:45.753 534 560 V ActivityManagerTiming: OnBootPhase_1000_com.android.server.am.ActivityManagerService$Lifecycle took to complete: 0ms
04-15 15:20:45.754 534 560 D ActivityManagerTiming: OnBootPhase_1000_com.android.server.pm.DataLoaderManagerService
04-15 15:20:45.754 534 560 V ActivityManagerTiming: OnBootPhase_1000_com.android.server.pm.DataLoaderManagerService took to complete: 0ms
04-15 15:20:45.754 534 560 D ActivityManagerTiming: OnBootPhase_1000_com.android.server.power.PowerManagerService
04-15 15:20:45.757 534 568 W system_server: Long monitor contention with owner android.display (560) at boolean android.os.MessageQueue.enqueueMessage(android.os.Message, long)(MessageQueue.java:600) waiters=0 in android.os.Message android.os.MessageQueue.next() for 142ms
04-15 15:20:45.767 534 534 W Looper : Slow dispatch took 226ms main h=android.app.ActivityThread$H c=android.app.LoadedApk$ReceiverDispatcher$Args$$ExternalSyntheticLambda0@6eab656 m=0
04-15 15:20:45.735 1343 1343 I oadcastreceiver: Using CollectorTypeCC GC.
04-15 15:20:45.827 1343 1343 W oadcastreceiver: Unexpected CPU variant for x86: x86_64.
04-15 15:20:45.827 1343 1343 W oadcastreceiver: Known variants: atom, sandybridge, silvermont, goldmont, goldmont-plus, tremont, kabylake, default
04-15 15:20:45.844 534 560 V ActivityManagerTiming: OnBootPhase_1000_com.android.server.power.PowerManagerService took to complete: 21ms
04-15 15:20:45.844 534 560 D ActivityManagerTiming: OnBootPhase_1000_com.android.server.power.ThermalManagerService
04-15 15:20:45.844 534 560 V ActivityManagerTiming: OnBootPhase_1000_com.android.server.power.ThermalManagerService took to complete: 0ms
04-15 15:20:45.844 534 560 D ActivityManagerTiming: OnBootPhase_1000_com.android.server.power.hint.HintManagerService
04-15 15:20:45.845 534 560 V ActivityManagerTiming: OnBootPhase_1000_com.android.server.power.hint.HintManagerService took to complete: 1ms
04-15 15:20:45.846 534 560 D ActivityManagerTiming: OnBootPhase_1000_com.android.server.recoverysystem.RecoverySystemService$Lifecycle
04-15 15:20:45.846 534 560 V ActivityManagerTiming: OnBootPhase_1000_com.android.server.recoverysystem.RecoverySystemService$Lifecycle took to complete: 0ms
04-15 15:20:45.846 534 560 D ActivityManagerTiming: OnBootPhase_1000_com.android.server.lights.LightsService
04-15 15:20:45.846 534 560 V ActivityManagerTiming: OnBootPhase_1000_com.android.server.lights.LightsService took to complete: 0ms
04-15 15:20:45.846 534 560 D ActivityManagerTiming: OnBootPhase_1000_com.android.server.display.DisplayManagerService
04-15 15:20:45.848 534 1020 D CompatibilityChangeReporter: Compat change id reported: 135634846; UID 10108; state: DISABLED
04-15 15:20:45.849 534 1020 W ActivityManager: Slow operation: 59ms so far, now at startProcess: done starting proc!
04-15 15:20:45.860 534 560 I LogicalDisplayMapper: Requesting Transition to state: 0, from state=-1, interactive=true, mBootCompleted=true
04-15 15:20:45.861 534 560 I LogicalDisplayMapper: Applying layout: [{dispId: 0(ON), displayGroupName: , addr: {port=0, model=0x401cec6a7a2b7b}, mThermalBrightnessThrottlingMapId: null, mRefreshRateZoneId: null, mLeadDisplayId: -1, mThermalRefreshRateThrottlingMapId: null}], Previous layout: [{dispId: 0(ON), displayGroupName: , addr: {port=0, model=0x401cec6a7a2b7b}, mThermalBrightnessThrottlingMapId: null, mRefreshRateZoneId: null, mLeadDisplayId: -1, mThermalRefreshRateThrottlingMapId: null}]
04-15 15:20:45.862 534 560 V ActivityManagerTiming: OnBootPhase_1000_com.android.server.display.DisplayManagerService took to complete: 16ms
04-15 15:20:45.862 534 560 D ActivityManagerTiming: OnBootPhase_1000_com.android.server.pm.verify.domain.DomainVerificationService
04-15 15:20:45.862 534 560 V ActivityManagerTiming: OnBootPhase_1000_com.android.server.pm.verify.domain.DomainVerificationService took to complete: 0ms
04-15 15:20:45.862 534 560 D ActivityManagerTiming: OnBootPhase_1000_com.android.server.pm.PackageInstallerService$Lifecycle
04-15 15:20:45.862 534 560 V ActivityManagerTiming: OnBootPhase_1000_com.android.server.pm.PackageInstallerService$Lifecycle took to complete: 0ms
04-15 15:20:45.862 534 560 D ActivityManagerTiming: OnBootPhase_1000_com.android.server.pm.UserManagerService$LifeCycle
04-15 15:20:45.862 534 560 V ActivityManagerTiming: OnBootPhase_1000_com.android.server.pm.UserManagerService$LifeCycle took to complete: 0ms
04-15 15:20:45.862 534 560 D ActivityManagerTiming: OnBootPhase_1000_com.android.server.om.OverlayManagerService
04-15 15:20:45.862 534 560 V ActivityManagerTiming: OnBootPhase_1000_com.android.server.om.OverlayManagerService took to complete: 0ms
04-15 15:20:45.862 534 560 D ActivityManagerTiming: OnBootPhase_1000_com.android.server.resources.ResourcesManagerService
04-15 15:20:45.863 534 560 V ActivityManagerTiming: OnBootPhase_1000_com.android.server.resources.ResourcesManagerService took to complete: 0ms
04-15 15:20:45.863 534 560 D ActivityManagerTiming: OnBootPhase_1000_com.android.server.sensorprivacy.SensorPrivacyService
04-15 15:20:45.863 534 560 V ActivityManagerTiming: OnBootPhase_1000_com.android.server.sensorprivacy.SensorPrivacyService took to complete: 0ms
04-15 15:20:45.863 534 560 D ActivityManagerTiming: OnBootPhase_1000_com.android.server.sensors.SensorService
04-15 15:20:45.863 534 560 V ActivityManagerTiming: OnBootPhase_1000_com.android.server.sensors.SensorService took to complete: 0ms
04-15 15:20:45.863 534 560 D ActivityManagerTiming: OnBootPhase_1000_com.android.server.SystemConfigService
04-15 15:20:45.863 534 560 V ActivityManagerTiming: OnBootPhase_1000_com.android.server.SystemConfigService took to complete: 0ms
04-15 15:20:45.863 534 560 D ActivityManagerTiming: OnBootPhase_1000_com.android.server.BatteryService
04-15 15:20:45.863 534 560 V ActivityManagerTiming: OnBootPhase_1000_com.android.server.BatteryService took to complete: 0ms
04-15 15:20:45.863 534 560 D ActivityManagerTiming: OnBootPhase_1000_com.android.server.usage.UsageStatsService
04-15 15:20:45.877 534 560 V ActivityManagerTiming: OnBootPhase_1000_com.android.server.usage.UsageStatsService took to complete: 14ms
04-15 15:20:45.877 534 560 D ActivityManagerTiming: OnBootPhase_1000_com.android.server.webkit.WebViewUpdateService
04-15 15:20:45.877 534 560 V ActivityManagerTiming: OnBootPhase_1000_com.android.server.webkit.WebViewUpdateService took to complete: 0ms
04-15 15:20:45.877 534 560 D ActivityManagerTiming: OnBootPhase_1000_com.android.server.CachedDeviceStateService
04-15 15:20:45.878 534 560 V ActivityManagerTiming: OnBootPhase_1000_com.android.server.CachedDeviceStateService took to complete: 0ms
04-15 15:20:45.878 534 560 D ActivityManagerTiming: OnBootPhase_1000_com.android.server.BinderCallsStatsService$LifeCycle
04-15 15:20:45.878 534 560 V ActivityManagerTiming: OnBootPhase_1000_com.android.server.BinderCallsStatsService$LifeCycle took to complete: 0ms
04-15 15:20:45.878 534 560 D ActivityManagerTiming: OnBootPhase_1000_com.android.server.LooperStatsService$Lifecycle
04-15 15:20:45.878 534 560 V ActivityManagerTiming: OnBootPhase_1000_com.android.server.LooperStatsService$Lifecycle took to complete: 0ms
04-15 15:20:45.878 534 560 D ActivityManagerTiming: OnBootPhase_1000_com.android.server.rollback.RollbackManagerService
04-15 15:20:45.888 534 560 V ActivityManagerTiming: OnBootPhase_1000_com.android.server.rollback.RollbackManagerService took to complete: 9ms
04-15 15:20:45.888 534 560 D ActivityManagerTiming: OnBootPhase_1000_com.android.server.os.NativeTombstoneManagerService
04-15 15:20:45.888 534 560 V ActivityManagerTiming: OnBootPhase_1000_com.android.server.os.NativeTombstoneManagerService took to complete: 0ms
04-15 15:20:45.888 534 560 D ActivityManagerTiming: OnBootPhase_1000_com.android.server.os.BugreportManagerService
04-15 15:20:45.888 534 560 V ActivityManagerTiming: OnBootPhase_1000_com.android.server.os.BugreportManagerService took to complete: 0ms
04-15 15:20:45.888 534 560 D ActivityManagerTiming: OnBootPhase_1000_com.android.server.gpu.GpuService
04-15 15:20:45.888 534 560 V ActivityManagerTiming: OnBootPhase_1000_com.android.server.gpu.GpuService took to complete: 0ms
04-15 15:20:45.889 534 560 D ActivityManagerTiming: OnBootPhase_1000_com.android.server.security.rkp.RemoteProvisioningService
04-15 15:20:45.889 534 560 V ActivityManagerTiming: OnBootPhase_1000_com.android.server.security.rkp.RemoteProvisioningService took to complete: 0ms
04-15 15:20:45.889 534 560 D ActivityManagerTiming: OnBootPhase_1000_com.android.server.cpu.CpuMonitorService
04-15 15:20:45.889 534 560 V ActivityManagerTiming: OnBootPhase_1000_com.android.server.cpu.CpuMonitorService took to complete: 0ms
04-15 15:20:45.889 534 560 D ActivityManagerTiming: OnBootPhase_1000_com.android.server.security.KeyChainSystemService
04-15 15:20:45.889 534 560 V ActivityManagerTiming: OnBootPhase_1000_com.android.server.security.KeyChainSystemService took to complete: 0ms
04-15 15:20:45.889 534 560 D ActivityManagerTiming: OnBootPhase_1000_com.android.server.BinaryTransparencyService
04-15 15:20:45.889 534 560 I TransparencyService: Boot completed. Getting VBMeta Digest.
04-15 15:20:45.890 534 560 D TransparencyService: VBMeta Digest: 8bee4f6105b6acd7de887b1ee6629ab07066df02ee9bbca07663adffdad97fc1
04-15 15:20:45.890 534 560 I TransparencyService: Boot completed. Collecting biometric system properties.
04-15 15:20:45.890 534 560 I TransparencyService: Scheduling measurements to be taken.
04-15 15:20:45.891 534 560 I TransparencyService: Scheduling binary content-digest computation job
04-15 15:20:45.895 534 627 D RollbackManager: mRollbackLifetimeDurationInMillis=1209600000
04-15 15:20:45.911 534 569 W ActivityManager: Slow operation: 707ms so far, now at startProcess: done updating battery stats
04-15 15:20:45.911 534 569 W ActivityManager: Slow operation: 708ms so far, now at startProcess: building log message
04-15 15:20:45.911 534 569 I ActivityManager: Start proc 1343:com.android.cellbroadcastreceiver/u0a64 for content provider {com.android.cellbroadcastreceiver/com.android.cellbroadcastreceiver.LegacyCellBroadcastContentProvider}
04-15 15:20:45.918 1128 1128 D CellBroadcastServiceManager: serviceWasBound=true
04-15 15:20:45.911 534 569 W ActivityManager: Slow operation: 708ms so far, now at startProcess: starting to update pids map
04-15 15:20:45.933 534 560 D CompatibilityChangeReporter: Compat change id reported: 253665015; UID 1000; state: ENABLED
04-15 15:20:45.935 534 560 D CompatibilityChangeReporter: Compat change id reported: 194532703; UID 1000; state: ENABLED
04-15 15:20:45.942 534 569 W ActivityManager: Slow operation: 738ms so far, now at startProcess: done updating pids map
04-15 15:20:45.945 534 569 W ActivityManager: Slow operation: 153ms so far, now at startProcess: asking zygote to start proc
04-15 15:20:45.961 534 560 D TransparencyService: Job 1740526926 to measure binaries was scheduled successfully.
04-15 15:20:45.961 534 560 D TransparencyService: Registering APK & Non-Staged APEX updates...
04-15 15:20:45.962 534 560 D TransparencyService: Registering APEX updates...
04-15 15:20:45.965 534 560 W SystemServiceManager: Service com.android.server.BinaryTransparencyService took 75 ms in onBootPhase
04-15 15:20:45.965 534 560 V ActivityManagerTiming: OnBootPhase_1000_com.android.server.BinaryTransparencyService took to complete: 75ms
04-15 15:20:45.965 534 560 D ActivityManagerTiming: OnBootPhase_1000_com.android.server.telecom.TelecomLoaderService
04-15 15:20:45.965 534 560 V ActivityManagerTiming: OnBootPhase_1000_com.android.server.telecom.TelecomLoaderService took to complete: 0ms
04-15 15:20:45.965 534 560 D ActivityManagerTiming: OnBootPhase_1000_com.android.server.accounts.AccountManagerService$Lifecycle
04-15 15:20:45.965 534 560 V ActivityManagerTiming: OnBootPhase_1000_com.android.server.accounts.AccountManagerService$Lifecycle took to complete: 0ms
04-15 15:20:45.965 534 560 D ActivityManagerTiming: OnBootPhase_1000_com.android.server.content.ContentService$Lifecycle
04-15 15:20:45.965 534 560 V ActivityManagerTiming: OnBootPhase_1000_com.android.server.content.ContentService$Lifecycle took to complete: 0ms
04-15 15:20:45.965 534 560 D ActivityManagerTiming: OnBootPhase_1000_com.android.server.deviceconfig.DeviceConfigInit$Lifecycle
04-15 15:20:45.965 534 560 V ActivityManagerTiming: OnBootPhase_1000_com.android.server.deviceconfig.DeviceConfigInit$Lifecycle took to complete: 0ms
04-15 15:20:45.966 534 560 D ActivityManagerTiming: OnBootPhase_1000_com.android.server.DropBoxManagerService
04-15 15:20:45.966 534 560 V ActivityManagerTiming: OnBootPhase_1000_com.android.server.DropBoxManagerService took to complete: 0ms
04-15 15:20:45.966 534 560 D ActivityManagerTiming: OnBootPhase_1000_com.android.role.RoleService
04-15 15:20:45.966 534 560 V ActivityManagerTiming: OnBootPhase_1000_com.android.role.RoleService took to complete: 0ms
04-15 15:20:45.966 534 560 D ActivityManagerTiming: OnBootPhase_1000_com.android.server.vibrator.VibratorManagerService$Lifecycle
04-15 15:20:45.966 534 560 V ActivityManagerTiming: OnBootPhase_1000_com.android.server.vibrator.VibratorManagerService$Lifecycle took to complete: 0ms
04-15 15:20:45.966 534 560 D ActivityManagerTiming: OnBootPhase_1000_com.android.server.tare.InternalResourceService
04-15 15:20:45.966 534 560 V ActivityManagerTiming: OnBootPhase_1000_com.android.server.tare.InternalResourceService took to complete: 0ms
04-15 15:20:45.966 534 560 D ActivityManagerTiming: OnBootPhase_1000_com.android.server.alarm.AlarmManagerService
04-15 15:20:45.966 534 560 V ActivityManagerTiming: OnBootPhase_1000_com.android.server.alarm.AlarmManagerService took to complete: 0ms
04-15 15:20:45.966 534 560 D ActivityManagerTiming: OnBootPhase_1000_com.android.server.devicestate.DeviceStateManagerService
04-15 15:20:45.966 534 560 V ActivityManagerTiming: OnBootPhase_1000_com.android.server.devicestate.DeviceStateManagerService took to complete: 0ms
04-15 15:20:45.967 534 560 D ActivityManagerTiming: OnBootPhase_1000_com.android.server.camera.CameraServiceProxy
04-15 15:20:45.982 534 585 I DisplayBrightnessStrategySelector: Changing the DisplayBrightnessStrategy from OverrideBrightnessStrategy toInvalidBrightnessStrategy for display 0
04-15 15:20:45.983 534 585 V DisplayPowerController2[0]: Brightness [0.39763778] reason changing to: 'manual', previous reason: 'override'.
04-15 15:20:45.983 534 585 I DisplayPowerController2[0]: BrightnessEvent: disp=0, physDisp=local:4619827259835644672, brt=0.39763778, initBrt=0.39763778, rcmdBrt=NaN, preBrt=NaN, lux=0.0, preLux=0.0, hbmMax=1.0, hbmMode=off, rbcStrength=0, thrmMax=1.0, powerFactor=1.0, wasShortTermModelActive=false, flags=, reason=manual, autoBrightness=false, strategy=InvalidBrightnessStrategy
04-15 15:20:45.996 534 560 V ActivityManagerTiming: OnBootPhase_1000_com.android.server.camera.CameraServiceProxy took to complete: 30ms
04-15 15:20:45.996 534 560 D ActivityManagerTiming: OnBootPhase_1000_com.android.server.bluetooth.BluetoothService
04-15 15:20:45.997 534 560 V ActivityManagerTiming: OnBootPhase_1000_com.android.server.bluetooth.BluetoothService took to complete: 0ms
04-15 15:20:45.997 534 560 D ActivityManagerTiming: OnBootPhase_1000_com.android.server.connectivity.IpConnectivityMetrics
04-15 15:20:45.997 534 560 V ActivityManagerTiming: OnBootPhase_1000_com.android.server.connectivity.IpConnectivityMetrics took to complete: 0ms
04-15 15:20:45.997 534 560 D ActivityManagerTiming: OnBootPhase_1000_com.android.server.net.watchlist.NetworkWatchlistService$Lifecycle
04-15 15:20:45.997 534 560 V ActivityManagerTiming: OnBootPhase_1000_com.android.server.net.watchlist.NetworkWatchlistService$Lifecycle took to complete: 0ms
04-15 15:20:45.997 534 560 D ActivityManagerTiming: OnBootPhase_1000_com.android.server.PinnerService
04-15 15:20:45.997 534 560 V ActivityManagerTiming: OnBootPhase_1000_com.android.server.PinnerService took to complete: 0ms
04-15 15:20:45.997 534 560 D ActivityManagerTiming: OnBootPhase_1000_com.android.server.integrity.AppIntegrityManagerService
04-15 15:20:46.002 534 560 V ActivityManagerTiming: OnBootPhase_1000_com.android.server.integrity.AppIntegrityManagerService took to complete: 0ms
04-15 15:20:46.002 534 560 D ActivityManagerTiming: OnBootPhase_1000_com.android.server.logcat.LogcatManagerService
04-15 15:20:46.002 534 560 V ActivityManagerTiming: OnBootPhase_1000_com.android.server.logcat.LogcatManagerService took to complete: 0ms
04-15 15:20:46.003 534 560 D ActivityManagerTiming: OnBootPhase_1000_com.android.server.inputmethod.InputMethodManagerService$Lifecycle
04-15 15:20:46.003 534 560 V ActivityManagerTiming: OnBootPhase_1000_com.android.server.inputmethod.InputMethodManagerService$Lifecycle took to complete: 0ms
04-15 15:20:46.003 534 560 D ActivityManagerTiming: OnBootPhase_1000_com.android.server.accessibility.AccessibilityManagerService$Lifecycle
04-15 15:20:46.003 534 560 V ActivityManagerTiming: OnBootPhase_1000_com.android.server.accessibility.AccessibilityManagerService$Lifecycle took to complete: 0ms
04-15 15:20:46.003 534 560 D ActivityManagerTiming: OnBootPhase_1000_com.android.server.StorageManagerService$Lifecycle
04-15 15:20:46.008 534 560 V ActivityManagerTiming: OnBootPhase_1000_com.android.server.StorageManagerService$Lifecycle took to complete: 0ms
04-15 15:20:46.008 534 560 D ActivityManagerTiming: OnBootPhase_1000_com.android.server.usage.StorageStatsService$Lifecycle
04-15 15:20:46.008 534 560 V ActivityManagerTiming: OnBootPhase_1000_com.android.server.usage.StorageStatsService$Lifecycle took to complete: 0ms
04-15 15:20:46.008 534 560 D ActivityManagerTiming: OnBootPhase_1000_com.android.server.UiModeManagerService
04-15 15:20:46.008 534 560 V ActivityManagerTiming: OnBootPhase_1000_com.android.server.UiModeManagerService took to complete: 0ms
04-15 15:20:46.008 534 560 D ActivityManagerTiming: OnBootPhase_1000_com.android.server.locales.LocaleManagerService
04-15 15:20:46.008 534 560 V ActivityManagerTiming: OnBootPhase_1000_com.android.server.locales.LocaleManagerService took to complete: 0ms
04-15 15:20:46.008 534 560 D ActivityManagerTiming: OnBootPhase_1000_com.android.server.grammaticalinflection.GrammaticalInflectionService
04-15 15:20:46.008 534 560 V ActivityManagerTiming: OnBootPhase_1000_com.android.server.grammaticalinflection.GrammaticalInflectionService took to complete: 0ms
04-15 15:20:46.008 534 560 D ActivityManagerTiming: OnBootPhase_1000_com.android.server.apphibernation.AppHibernationService
04-15 15:20:46.010 534 560 V ActivityManagerTiming: OnBootPhase_1000_com.android.server.apphibernation.AppHibernationService took to complete: 1ms
04-15 15:20:46.010 534 560 D ActivityManagerTiming: OnBootPhase_1000_com.android.server.locksettings.LockSettingsService$Lifecycle
04-15 15:20:46.010 534 560 V ActivityManagerTiming: OnBootPhase_1000_com.android.server.locksettings.LockSettingsService$Lifecycle took to complete: 0ms
04-15 15:20:46.010 534 560 D ActivityManagerTiming: OnBootPhase_1000_com.android.server.testharness.TestHarnessModeService
04-15 15:20:46.010 534 560 D TestHarnessModeService: Completing Test Harness Mode setup.
04-15 15:20:46.010 534 560 D TestHarnessModeService: Getting PersistentDataBlockManagerInternal from LocalServices
04-15 15:20:46.011 534 560 E TestHarnessModeService: Failed to start Test Harness Mode; no implementation of PersistentDataBlockManagerInternal was bound!
04-15 15:20:46.011 534 560 V ActivityManagerTiming: OnBootPhase_1000_com.android.server.testharness.TestHarnessModeService took to complete: 1ms
04-15 15:20:46.011 534 560 D ActivityManagerTiming: OnBootPhase_1000_com.android.server.DeviceIdleController
04-15 15:20:46.011 534 560 V ActivityManagerTiming: OnBootPhase_1000_com.android.server.DeviceIdleController took to complete: 0ms
04-15 15:20:46.011 534 560 D ActivityManagerTiming: OnBootPhase_1000_com.android.server.devicepolicy.DevicePolicyManagerService$Lifecycle
04-15 15:20:46.020 1072 1072 D GsmCellBroadcastHandler: subId[-1] is not valid
04-15 15:20:46.022 534 569 D CompatibilityChangeReporter: Compat change id reported: 143937733; UID 10108; state: ENABLED
04-15 15:20:46.022 534 569 W ActivityManager: com.android.inputmethod.latin inode == 0 (b/152760674)
04-15 15:20:46.029 534 656 D StorageManagerService: Thinking about reset, mBootCompleted=true, mDaemonConnected=true
04-15 15:20:46.030 534 656 I StorageSessionController: Started resetting external storage service...
04-15 15:20:46.036 534 656 I StorageSessionController: Finished resetting external storage service
04-15 15:20:46.036 534 656 I StorageManagerService: Resetting vold...
04-15 15:20:46.066 1343 1343 E oadcastreceiver: Not starting debugger since process cannot load the jdwp agent.
04-15 15:20:46.068 534 656 I StorageManagerService: Reset vold
04-15 15:20:46.077 534 560 V ActivityManagerTiming: OnBootPhase_1000_com.android.server.devicepolicy.DevicePolicyManagerService$Lifecycle took to complete: 21ms
04-15 15:20:46.077 534 560 D ActivityManagerTiming: OnBootPhase_1000_com.android.server.texttospeech.TextToSpeechManagerService
04-15 15:20:46.077 534 560 V ActivityManagerTiming: OnBootPhase_1000_com.android.server.texttospeech.TextToSpeechManagerService took to complete: 0ms
04-15 15:20:46.077 534 560 D ActivityManagerTiming: OnBootPhase_1000_com.android.server.ambientcontext.AmbientContextManagerService
04-15 15:20:46.077 534 560 V ActivityManagerTiming: OnBootPhase_1000_com.android.server.ambientcontext.AmbientContextManagerService took to complete: 0ms
04-15 15:20:46.078 534 560 D ActivityManagerTiming: OnBootPhase_1000_com.android.server.wearable.WearableSensingManagerService
04-15 15:20:46.078 534 560 V ActivityManagerTiming: OnBootPhase_1000_com.android.server.wearable.WearableSensingManagerService took to complete: 0ms
04-15 15:20:46.078 534 560 D ActivityManagerTiming: OnBootPhase_1000_com.android.server.speech.SpeechRecognitionManagerService
04-15 15:20:46.078 534 560 V ActivityManagerTiming: OnBootPhase_1000_com.android.server.speech.SpeechRecognitionManagerService took to complete: 0ms
04-15 15:20:46.078 534 560 D ActivityManagerTiming: OnBootPhase_1000_com.android.server.searchui.SearchUiManagerService
04-15 15:20:46.078 534 560 V ActivityManagerTiming: OnBootPhase_1000_com.android.server.searchui.SearchUiManagerService took to complete: 0ms
04-15 15:20:46.078 534 560 D ActivityManagerTiming: OnBootPhase_1000_com.android.server.smartspace.SmartspaceManagerService
04-15 15:20:46.078 534 560 V ActivityManagerTiming: OnBootPhase_1000_com.android.server.smartspace.SmartspaceManagerService took to complete: 0ms
04-15 15:20:46.078 534 560 D ActivityManagerTiming: OnBootPhase_1000_com.android.server.graphics.fonts.FontManagerService$Lifecycle
04-15 15:20:46.078 534 560 V ActivityManagerTiming: OnBootPhase_1000_com.android.server.graphics.fonts.FontManagerService$Lifecycle took to complete: 0ms
04-15 15:20:46.078 534 560 D ActivityManagerTiming: OnBootPhase_1000_com.android.server.textservices.TextServicesManagerService$Lifecycle
04-15 15:20:46.078 534 560 V ActivityManagerTiming: OnBootPhase_1000_com.android.server.textservices.TextServicesManagerService$Lifecycle took to complete: 0ms
04-15 15:20:46.078 534 560 D ActivityManagerTiming: OnBootPhase_1000_com.android.server.textclassifier.TextClassificationManagerService$Lifecycle
04-15 15:20:46.079 534 560 V ActivityManagerTiming: OnBootPhase_1000_com.android.server.textclassifier.TextClassificationManagerService$Lifecycle took to complete: 0ms
04-15 15:20:46.079 534 560 D ActivityManagerTiming: OnBootPhase_1000_com.android.server.NetworkScoreService$Lifecycle
04-15 15:20:46.079 534 560 V ActivityManagerTiming: OnBootPhase_1000_com.android.server.NetworkScoreService$Lifecycle took to complete: 0ms
04-15 15:20:46.079 534 560 D ActivityManagerTiming: OnBootPhase_1000_com.android.server.NetworkStatsServiceInitializer
04-15 15:20:46.079 534 560 V ActivityManagerTiming: OnBootPhase_1000_com.android.server.NetworkStatsServiceInitializer took to complete: 0ms
04-15 15:20:46.079 534 560 D ActivityManagerTiming: OnBootPhase_1000_com.android.server.wifi.WifiService
04-15 15:20:46.083 143 143 I vold : onUserAdded: 0
04-15 15:20:46.088 534 1349 I HibernationStateDiskStore: No hibernation file on disk for file /data/system/hibernation/states
04-15 15:20:46.096 534 534 W system_server: Long monitor contention with owner binder:534_C (1268) at void com.android.server.am.ActivityManagerService.serviceDoneExecuting(android.os.IBinder, int, int, int)(ActivityManagerService.java:13465) waiters=4 in void com.android.server.am.ActivityManagerService.finishReceiver(android.os.IBinder, int, java.lang.String, android.os.Bundle, boolean, int) for 173ms
04-15 15:20:46.126 534 560 V ActivityManagerTiming: OnBootPhase_1000_com.android.server.wifi.WifiService took to complete: 47ms
04-15 15:20:46.126 534 560 D ActivityManagerTiming: OnBootPhase_1000_com.android.server.wifi.scanner.WifiScanningService
04-15 15:20:46.127 534 560 V ActivityManagerTiming: OnBootPhase_1000_com.android.server.wifi.scanner.WifiScanningService took to complete: 0ms
04-15 15:20:46.127 534 560 D ActivityManagerTiming: OnBootPhase_1000_com.android.server.wifi.p2p.WifiP2pService
04-15 15:20:46.127 534 560 V ActivityManagerTiming: OnBootPhase_1000_com.android.server.wifi.p2p.WifiP2pService took to complete: 1ms
04-15 15:20:46.127 534 560 D ActivityManagerTiming: OnBootPhase_1000_com.android.server.ConnectivityServiceInitializer
04-15 15:20:46.149 894 1288 D CCodecBufferChannel: [c2.android.vorbis.decoder#870] MediaCodec discarded an unknown buffer
04-15 15:20:46.150 894 1288 D CCodecBufferChannel: [c2.android.vorbis.decoder#870] MediaCodec discarded an unknown buffer
04-15 15:20:46.150 894 1288 D CCodecBufferChannel: [c2.android.vorbis.decoder#870] MediaCodec discarded an unknown buffer
04-15 15:20:46.153 534 812 D WifiDiags: startLogging() iface list is {wlan0} after adding wlan0
04-15 15:20:46.189 328 328 D Zygote : Forked child process 1357
04-15 15:20:46.194 894 1356 I hw-BpHwBinder: onLastStrongRef automatically unlinking death recipients
04-15 15:20:46.195 455 1018 I hw-BpHwBinder: onLastStrongRef automatically unlinking death recipients
04-15 15:20:46.205 894 1284 D MediaCodec: flushMediametrics
04-15 15:20:46.211 534 569 W ActivityManager: Slow operation: 420ms so far, now at startProcess: returned from zygote!
04-15 15:20:46.212 455 1018 I hw-BpHwBinder: onLastStrongRef automatically unlinking death recipients
04-15 15:20:46.310 1357 1357 I putmethod.latin: Using CollectorTypeCC GC.
04-15 15:20:46.323 1357 1357 W putmethod.latin: Unexpected CPU variant for x86: x86_64.
04-15 15:20:46.323 1357 1357 W putmethod.latin: Known variants: atom, sandybridge, silvermont, goldmont, goldmont-plus, tremont, kabylake, default
04-15 15:20:46.345 1357 1357 E putmethod.latin: Not starting debugger since process cannot load the jdwp agent.
04-15 15:20:46.386 534 623 D AppStandbyController: Loaded headless system app cache in 206 ms: appIdleEnabled=false
04-15 15:20:46.451 534 534 W Looper : Slow dispatch took 607ms main h=android.app.ActivityThread$H c=android.app.LoadedApk$ReceiverDispatcher$Args$$ExternalSyntheticLambda0@cdfcbec m=0
04-15 15:20:46.460 534 560 W SystemServiceManager: Service com.android.server.ConnectivityServiceInitializer took 333 ms in onBootPhase
04-15 15:20:46.461 534 560 V ActivityManagerTiming: OnBootPhase_1000_com.android.server.ConnectivityServiceInitializer took to complete: 333ms
04-15 15:20:46.461 534 560 D ActivityManagerTiming: OnBootPhase_1000_com.android.server.notification.NotificationManagerService
04-15 15:20:46.461 534 560 V ActivityManagerTiming: OnBootPhase_1000_com.android.server.notification.NotificationManagerService took to complete: 0ms
04-15 15:20:46.461 534 560 D ActivityManagerTiming: OnBootPhase_1000_com.android.server.storage.DeviceStorageMonitorService
04-15 15:20:46.461 534 560 V ActivityManagerTiming: OnBootPhase_1000_com.android.server.storage.DeviceStorageMonitorService took to complete: 0ms
04-15 15:20:46.461 534 560 D ActivityManagerTiming: OnBootPhase_1000_com.android.server.timedetector.TimeDetectorService$Lifecycle
04-15 15:20:46.461 534 560 V ActivityManagerTiming: OnBootPhase_1000_com.android.server.timedetector.TimeDetectorService$Lifecycle took to complete: 0ms
04-15 15:20:46.461 534 560 D ActivityManagerTiming: OnBootPhase_1000_com.android.server.location.LocationManagerService$Lifecycle
04-15 15:20:46.461 534 560 V ActivityManagerTiming: OnBootPhase_1000_com.android.server.location.LocationManagerService$Lifecycle took to complete: 0ms
04-15 15:20:46.461 534 560 D ActivityManagerTiming: OnBootPhase_1000_com.android.server.timezonedetector.TimeZoneDetectorService$Lifecycle
04-15 15:20:46.462 534 560 V ActivityManagerTiming: OnBootPhase_1000_com.android.server.timezonedetector.TimeZoneDetectorService$Lifecycle took to complete: 0ms
04-15 15:20:46.462 534 560 D ActivityManagerTiming: OnBootPhase_1000_com.android.server.location.altitude.AltitudeService$Lifecycle
04-15 15:20:46.462 534 560 V ActivityManagerTiming: OnBootPhase_1000_com.android.server.location.altitude.AltitudeService$Lifecycle took to complete: 0ms
04-15 15:20:46.462 534 560 D ActivityManagerTiming: OnBootPhase_1000_com.android.server.timezonedetector.location.LocationTimeZoneManagerService$Lifecycle
04-15 15:20:46.462 534 560 V ActivityManagerTiming: OnBootPhase_1000_com.android.server.timezonedetector.location.LocationTimeZoneManagerService$Lifecycle took to complete: 1ms
04-15 15:20:46.462 534 560 D ActivityManagerTiming: OnBootPhase_1000_com.android.server.search.SearchManagerService$Lifecycle
04-15 15:20:46.462 534 560 V ActivityManagerTiming: OnBootPhase_1000_com.android.server.search.SearchManagerService$Lifecycle took to complete: 0ms
04-15 15:20:46.462 534 560 D ActivityManagerTiming: OnBootPhase_1000_com.android.server.wallpaper.WallpaperManagerService$Lifecycle
04-15 15:20:46.463 534 560 V ActivityManagerTiming: OnBootPhase_1000_com.android.server.wallpaper.WallpaperManagerService$Lifecycle took to complete: 1ms
04-15 15:20:46.472 534 560 D ActivityManagerTiming: OnBootPhase_1000_com.android.server.wallpapereffectsgeneration.WallpaperEffectsGenerationManagerService
04-15 15:20:46.472 534 560 V ActivityManagerTiming: OnBootPhase_1000_com.android.server.wallpapereffectsgeneration.WallpaperEffectsGenerationManagerService took to complete: 0ms
04-15 15:20:46.472 534 560 D ActivityManagerTiming: OnBootPhase_1000_com.android.server.audio.AudioService$Lifecycle
04-15 15:20:46.472 534 560 V ActivityManagerTiming: OnBootPhase_1000_com.android.server.audio.AudioService$Lifecycle took to complete: 0ms
04-15 15:20:46.472 534 560 D ActivityManagerTiming: OnBootPhase_1000_com.android.server.soundtrigger_middleware.SoundTriggerMiddlewareService$Lifecycle
04-15 15:20:46.472 534 560 V ActivityManagerTiming: OnBootPhase_1000_com.android.server.soundtrigger_middleware.SoundTriggerMiddlewareService$Lifecycle took to complete: 0ms
04-15 15:20:46.472 534 560 D ActivityManagerTiming: OnBootPhase_1000_com.android.server.DockObserver
04-15 15:20:46.472 534 560 V ActivityManagerTiming: OnBootPhase_1000_com.android.server.DockObserver took to complete: 0ms
04-15 15:20:46.472 534 560 D ActivityManagerTiming: OnBootPhase_1000_com.android.server.midi.MidiService$Lifecycle
04-15 15:20:46.473 534 560 V ActivityManagerTiming: OnBootPhase_1000_com.android.server.midi.MidiService$Lifecycle took to complete: 0ms
04-15 15:20:46.473 534 560 D ActivityManagerTiming: OnBootPhase_1000_com.android.server.adb.AdbService$Lifecycle
04-15 15:20:46.473 534 560 V ActivityManagerTiming: OnBootPhase_1000_com.android.server.adb.AdbService$Lifecycle took to complete: 1ms
04-15 15:20:46.473 534 560 D ActivityManagerTiming: OnBootPhase_1000_com.android.server.usb.UsbService$Lifecycle
04-15 15:20:46.474 534 560 V ActivityManagerTiming: OnBootPhase_1000_com.android.server.usb.UsbService$Lifecycle took to complete: 0ms
04-15 15:20:46.474 534 560 D ActivityManagerTiming: OnBootPhase_1000_com.android.server.twilight.TwilightService
04-15 15:20:46.485 534 560 V ActivityManagerTiming: OnBootPhase_1000_com.android.server.twilight.TwilightService took to complete: 12ms
04-15 15:20:46.485 534 560 D ActivityManagerTiming: OnBootPhase_1000_com.android.server.display.color.ColorDisplayService
04-15 15:20:46.485 534 560 V ActivityManagerTiming: OnBootPhase_1000_com.android.server.display.color.ColorDisplayService took to complete: 0ms
04-15 15:20:46.485 534 560 D ActivityManagerTiming: OnBootPhase_1000_com.android.server.job.JobSchedulerService
04-15 15:20:46.485 534 560 V ActivityManagerTiming: OnBootPhase_1000_com.android.server.job.JobSchedulerService took to complete: 0ms
04-15 15:20:46.486 534 560 D ActivityManagerTiming: OnBootPhase_1000_com.android.server.soundtrigger.SoundTriggerService
04-15 15:20:46.486 534 560 D SoundTriggerService: onBootPhase: 1000 : false
04-15 15:20:46.491 534 560 V ActivityManagerTiming: OnBootPhase_1000_com.android.server.soundtrigger.SoundTriggerService took to complete: 6ms
04-15 15:20:46.491 534 560 D ActivityManagerTiming: OnBootPhase_1000_com.android.server.trust.TrustManagerService
04-15 15:20:46.495 534 569 W ActivityManager: Slow operation: 703ms so far, now at startProcess: done updating battery stats
04-15 15:20:46.495 534 569 W ActivityManager: Slow operation: 704ms so far, now at startProcess: building log message
04-15 15:20:46.497 534 569 I ActivityManager: Start proc 1357:com.android.inputmethod.latin/u0a108 for service {com.android.inputmethod.latin/com.android.inputmethod.latin.LatinIME}
04-15 15:20:46.498 534 569 W ActivityManager: Slow operation: 706ms so far, now at startProcess: starting to update pids map
04-15 15:20:46.498 534 569 W ActivityManager: Slow operation: 707ms so far, now at startProcess: done updating pids map
04-15 15:20:46.542 534 812 I WifiClientModeImpl: Primary factory MAC address stored in config store: 02:15:b2:00:00:00
04-15 15:20:46.552 534 812 I WifiClientModeImpl: Primary factory MAC address retrieved: 02:15:b2:00:00:00
04-15 15:20:46.577 534 556 W Looper : Slow dispatch took 129ms android.fg h=android.os.Handler c=android.app.LoadedApk$ReceiverDispatcher$Args$$ExternalSyntheticLambda0@8b82c25 m=0
04-15 15:20:46.606 534 557 W Looper : Slow dispatch took 139ms android.ui h=com.android.server.am.ActivityManagerService$UiHandler c=null m=68
04-15 15:20:46.653 1072 1095 I Tethering: USB bcast connected:false configured:false rndis:false ncm:false
04-15 15:20:46.683 534 812 D WifiService: Handle boot completed
04-15 15:20:46.689 534 1268 D CompatibilityChangeReporter: Compat change id reported: 168419799; UID 10064; state: DISABLED
04-15 15:20:46.690 534 1268 D CompatibilityChangeReporter: Compat change id reported: 273564678; UID 10064; state: DISABLED
04-15 15:20:46.701 894 1284 D MediaCodecList: codecHandlesFormat: no format, so no extra checks
04-15 15:20:46.709 534 560 W system_server: Long monitor contention with owner SettingsProvider (633) at void com.android.providers.settings.SettingsState.doWriteState()(SettingsState.java:936) waiters=0 in com.android.providers.settings.SettingsState$Setting com.android.providers.settings.SettingsProvider.getSecureSetting(java.lang.String, int) for 217ms
04-15 15:20:46.713 534 560 W SystemServiceManager: Service com.android.server.trust.TrustManagerService took 221 ms in onBootPhase
04-15 15:20:46.713 534 560 V ActivityManagerTiming: OnBootPhase_1000_com.android.server.trust.TrustManagerService took to complete: 222ms
04-15 15:20:46.713 534 560 D ActivityManagerTiming: OnBootPhase_1000_com.android.server.backup.BackupManagerService$Lifecycle
04-15 15:20:46.713 534 560 V ActivityManagerTiming: OnBootPhase_1000_com.android.server.backup.BackupManagerService$Lifecycle took to complete: 0ms
04-15 15:20:46.713 534 560 D ActivityManagerTiming: OnBootPhase_1000_com.android.server.appwidget.AppWidgetService
04-15 15:20:46.714 534 560 V ActivityManagerTiming: OnBootPhase_1000_com.android.server.appwidget.AppWidgetService took to complete: 0ms
04-15 15:20:46.714 534 560 D ActivityManagerTiming: OnBootPhase_1000_com.android.server.voiceinteraction.VoiceInteractionManagerService
04-15 15:20:46.714 534 560 V ActivityManagerTiming: OnBootPhase_1000_com.android.server.voiceinteraction.VoiceInteractionManagerService took to complete: 1ms
04-15 15:20:46.714 534 560 D ActivityManagerTiming: OnBootPhase_1000_com.android.server.GestureLauncherService
04-15 15:20:46.714 534 560 V ActivityManagerTiming: OnBootPhase_1000_com.android.server.GestureLauncherService took to complete: 0ms
04-15 15:20:46.714 534 560 D ActivityManagerTiming: OnBootPhase_1000_com.android.server.SensorNotificationService
04-15 15:20:46.723 534 560 D CompatibilityChangeReporter: Compat change id reported: 168936375; UID 1000; state: ENABLED
04-15 15:20:46.731 534 1268 W ActivityManager: Slow operation: 67ms so far, now at attachApplicationLocked: immediately after bindApplication
04-15 15:20:46.732 534 1268 W ActivityManager: Slow operation: 69ms so far, now at attachApplicationLocked: after updateLruProcessLocked
04-15 15:20:46.737 534 534 W Looper : Slow dispatch took 102ms main h=com.android.server.notification.ZenModeHelper$H c=android.database.ContentObserver$$ExternalSyntheticLambda0@f81f87f m=0
04-15 15:20:46.738 534 534 D UaBiometricScheduler/FaceProvider/default/4: [Added] {[4] com.android.server.biometrics.sensors.face.aidl.FaceGetAuthenticatorIdClient, proto=5, owner=android, cookie=0, requestId=-1, userId=0}, new queue size: 2
04-15 15:20:46.738 534 534 V UaBiometricScheduler/FaceProvider/default/4: Not idle, current operation: {[1] com.android.server.biometrics.sensors.face.aidl.FaceStartUserClient, proto=17, owner=android, cookie=0, requestId=-1, userId=0}, State: 2
04-15 15:20:46.739 534 534 D UaBiometricScheduler/FaceProvider/default/4: [Added] {[5] com.android.server.biometrics.sensors.face.aidl.FaceInternalCleanupClient, proto=7, owner=android, cookie=0, requestId=-1, userId=0}, new queue size: 3
04-15 15:20:46.739 534 534 V UaBiometricScheduler/FaceProvider/default/4: Not idle, current operation: {[1] com.android.server.biometrics.sensors.face.aidl.FaceStartUserClient, proto=17, owner=android, cookie=0, requestId=-1, userId=0}, State: 2
04-15 15:20:46.739 534 534 D UaBiometricScheduler/FaceProvider/default/4: [Client finished] {[1] com.android.server.biometrics.sensors.face.aidl.FaceStartUserClient, proto=17, owner=android, cookie=0, requestId=-1, userId=0}, success: true
04-15 15:20:46.741 534 534 D UaBiometricScheduler/FaceProvider/default/4: [Polled] {[0] com.android.server.biometrics.sensors.face.aidl.FaceInternalCleanupClient, proto=7, owner=android, cookie=0, requestId=-1, userId=0}, State: 0
04-15 15:20:46.743 534 534 D UaBiometricScheduler/FaceProvider/default/4: [Started] {[0] com.android.server.biometrics.sensors.face.aidl.FaceInternalCleanupClient, proto=7, owner=android, cookie=0, requestId=-1, userId=0}
04-15 15:20:46.749 534 534 W BiometricStateCallback: Other authentication client: FaceInternalCleanupClient
04-15 15:20:46.749 534 534 D BiometricStateCallback: State updated from 0 to 0, client {[0] com.android.server.biometrics.sensors.face.aidl.FaceInternalCleanupClient, proto=7, owner=android, cookie=0, requestId=-1, userId=0}
04-15 15:20:46.752 534 534 D Biometrics/InternalCleanupClient: Starting enumerate: {[6] com.android.server.biometrics.sensors.face.aidl.FaceInternalEnumerateClient, proto=6, owner=android, cookie=0, requestId=-1, userId=0} enrolledList size:0
04-15 15:20:46.754 365 365 I android.hardware.biometrics.face-service.example: enumerateEnrollments
04-15 15:20:46.758 365 1163 I android.hardware.biometrics.face-service.example: enumerateEnrollmentsImpl
04-15 15:20:46.767 534 534 V BiometricSchedulerOperation: started: {[0] com.android.server.biometrics.sensors.face.aidl.FaceInternalCleanupClient, proto=7, owner=android, cookie=0, requestId=-1, userId=0}, State: 2
04-15 15:20:46.772 534 534 D UaBiometricScheduler/FingerprintProvider/default/0: [Added] {[7] com.android.server.biometrics.sensors.fingerprint.aidl.FingerprintGetAuthenticatorIdClient, proto=5, owner=android, cookie=0, requestId=-1, userId=0}, new queue size: 2
04-15 15:20:46.772 534 534 V UaBiometricScheduler/FingerprintProvider/default/0: Not idle, current operation: {[3] com.android.server.biometrics.sensors.fingerprint.aidl.FingerprintStartUserClient, proto=17, owner=android, cookie=0, requestId=-1, userId=0}, State: 2
04-15 15:20:46.773 534 534 D UaBiometricScheduler/FingerprintProvider/default/0: [Added] {[8] com.android.server.biometrics.sensors.fingerprint.aidl.FingerprintInternalCleanupClient, proto=7, owner=android, cookie=0, requestId=-1, userId=0}, new queue size: 3
04-15 15:20:46.773 534 534 V UaBiometricScheduler/FingerprintProvider/default/0: Not idle, current operation: {[3] com.android.server.biometrics.sensors.fingerprint.aidl.FingerprintStartUserClient, proto=17, owner=android, cookie=0, requestId=-1, userId=0}, State: 2
04-15 15:20:46.773 534 534 D UaBiometricScheduler/FingerprintProvider/default/0: [Client finished] {[3] com.android.server.biometrics.sensors.fingerprint.aidl.FingerprintStartUserClient, proto=17, owner=android, cookie=0, requestId=-1, userId=0}, success: true
04-15 15:20:46.773 534 534 D UaBiometricScheduler/FingerprintProvider/default/0: [Polled] {[2] com.android.server.biometrics.sensors.fingerprint.aidl.FingerprintInternalCleanupClient, proto=7, owner=android, cookie=0, requestId=-1, userId=0}, State: 0
04-15 15:20:46.774 534 534 D UaBiometricScheduler/FingerprintProvider/default/0: [Started] {[2] com.android.server.biometrics.sensors.fingerprint.aidl.FingerprintInternalCleanupClient, proto=7, owner=android, cookie=0, requestId=-1, userId=0}
04-15 15:20:46.774 534 534 W BiometricStateCallback: Other authentication client: FingerprintInternalCleanupClient
04-15 15:20:46.774 534 534 D BiometricStateCallback: State updated from 0 to 0, client {[2] com.android.server.biometrics.sensors.fingerprint.aidl.FingerprintInternalCleanupClient, proto=7, owner=android, cookie=0, requestId=-1, userId=0}
04-15 15:20:46.774 534 534 D Biometrics/InternalCleanupClient: Starting enumerate: {[9] com.android.server.biometrics.sensors.fingerprint.aidl.FingerprintInternalEnumerateClient, proto=6, owner=android, cookie=0, requestId=-1, userId=0} enrolledList size:0
04-15 15:20:46.780 1166 1166 D fingerprint-service.ranchu: 0x78f5688c50d0:enumerateEnrollments: onEnrollmentsEnumerated(enrollmentIds=empty)
04-15 15:20:46.788 534 534 V BiometricSchedulerOperation: started: {[2] com.android.server.biometrics.sensors.fingerprint.aidl.FingerprintInternalCleanupClient, proto=7, owner=android, cookie=0, requestId=-1, userId=0}, State: 2
04-15 15:20:46.803 534 556 W Looper : Slow dispatch took 180ms android.fg h=com.android.server.adb.AdbDebuggingManager$AdbDebuggingHandler c=null m=1
04-15 15:20:46.816 894 1372 D CCodec : allocate(c2.android.vorbis.decoder)
04-15 15:20:46.837 406 421 I adbd : adbd_auth: received a new framework connection
04-15 15:20:46.853 534 556 W Looper : Slow delivery took 275ms android.fg h=com.android.server.adb.AdbDebuggingManager$AdbDebuggingHandler c=null m=12
04-15 15:20:46.856 406 421 I adbd : adbd_auth: received new framework fd 21 (current = -1)
04-15 15:20:46.858 894 1372 I CCodec : setting up 'default' as default (vendor) store
04-15 15:20:46.871 534 1268 W ActivityManager: Slow operation: 79ms so far, now at finishAttachApplicationInner: after updateOomAdjLocked
04-15 15:20:46.879 534 610 W system_server: Long monitor contention with owner binder:534_C (1268) at void com.android.server.am.ActivityManagerService.finishAttachApplicationInner(long, int, int)(ActivityManagerService.java:4940) waiters=0 in android.content.Intent com.android.server.am.ActivityManagerService.registerReceiverWithFeature(android.app.IApplicationThread, java.lang.String, java.lang.String, java.lang.String, android.content.IIntentReceiver, android.content.IntentFilter, java.lang.String, int, int) for 203ms
