04-15 15:20:40.007 1099 1244 I bluetooth: packages/modules/Bluetooth/system/gd/hci/le_advertising_manager.cc:177 get_tx_path_loss_compensation: Tx path loss compensation: 0
04-15 15:20:40.007 1099 1244 I BtGdModule: packages/modules/Bluetooth/system/gd/module.cc:99 Start: Started Le Advertising Manager
04-15 15:20:40.009 1099 1244 I BtGdModule: packages/modules/Bluetooth/system/gd/module.cc:85 Start: Constructing next module
04-15 15:20:40.010 1099 1244 I bluetooth: packages/modules/Bluetooth/system/gd/hci/msft.cc:305 MsftExtensionManager: MsftExtensionManager()
04-15 15:20:40.011 1099 1244 I BtGdModule: packages/modules/Bluetooth/system/gd/module.cc:89 Start: Starting dependencies of Microsoft Extension Manager
04-15 15:20:40.017 1099 1244 I BtGdModule: packages/modules/Bluetooth/system/gd/module.cc:93 Start: Finished starting dependencies and calling Start() of Microsoft Extension Manager
04-15 15:20:40.018 1099 1244 I bluetooth: packages/modules/Bluetooth/system/gd/hci/msft.cc:51 start: MsftExtensionManager start()
04-15 15:20:40.036 1099 1244 I bluetooth: packages/modules/Bluetooth/system/gd/hci/msft.cc:63 start: MSFT extension is not supported.
04-15 15:20:40.037 1099 1244 I BtGdModule: packages/modules/Bluetooth/system/gd/module.cc:99 Start: Started Microsoft Extension Manager
04-15 15:20:40.037 1099 1244 I BtGdModule: packages/modules/Bluetooth/system/gd/module.cc:85 Start: Constructing next module
04-15 15:20:40.038 1099 1244 I BtGdModule: packages/modules/Bluetooth/system/gd/module.cc:89 Start: Starting dependencies of Le Scanning Manager
04-15 15:20:40.039 1099 1244 I BtGdModule: packages/modules/Bluetooth/system/gd/module.cc:93 Start: Finished starting dependencies and calling Start() of Le Scanning Manager
04-15 15:20:40.082 1099 1244 I bluetooth: packages/modules/Bluetooth/system/gd/hci/le_scanning_manager.cc:304 get_rx_path_loss_compensation: Rx path loss compensation: 0
04-15 15:20:40.083 1099 1244 I BtGdModule: packages/modules/Bluetooth/system/gd/module.cc:99 Start: Started Le Scanning Manager
04-15 15:20:40.083 1099 1244 I BtGdModule: packages/modules/Bluetooth/system/gd/module.cc:85 Start: Constructing next module
04-15 15:20:40.083 1099 1244 I BtGdModule: packages/modules/Bluetooth/system/gd/module.cc:89 Start: Starting dependencies of Distance Measurement Manager
04-15 15:20:40.083 1099 1244 I BtGdModule: packages/modules/Bluetooth/system/gd/module.cc:93 Start: Finished starting dependencies and calling Start() of Distance Measurement Manager
04-15 15:20:40.083 1099 1244 I BtGdModule: packages/modules/Bluetooth/system/gd/module.cc:99 Start: Started Distance Measurement Manager
04-15 15:20:40.086 1099 1234 I bluetooth: packages/modules/Bluetooth/system/gd/stack_manager.cc:52 StartUp: init_status == 0
04-15 15:20:40.086 1099 1234 I bluetooth: packages/modules/Bluetooth/system/gd/stack_manager.cc:59 StartUp: init complete
04-15 15:20:40.086 1099 1234 I bt_gd_shim: packages/modules/Bluetooth/system/main/shim/stack.cc:168 Start: Start Successfully toggled Gd stack
04-15 15:20:40.093 1099 1234 I bt_shim_scanner: packages/modules/Bluetooth/system/main/shim/le_scanning_manager.cc:144 Init: init BleScannerInterfaceImpl
04-15 15:20:40.094 1099 1234 I bt_core_module: packages/modules/Bluetooth/system/btcore/src/module.cc:91 module_start_up: module_start_up Started module "gd_shim_module"
04-15 15:20:40.094 1099 1234 W droid.bluetooth: [0415/152040.094565:WARNING:btif_config.cc(102)] read_or_set_metrics_salt: Failed to read metrics salt from config
04-15 15:20:40.094 1099 1234 I droid.bluetooth: [0415/152040.094906:INFO:btif_config.cc(113)] read_or_set_metrics_salt: Metrics salt is invalid, creating new one
04-15 15:20:40.114 1099 1234 I bt_btif_core: packages/modules/Bluetooth/system/btif/src/btif_core.cc:228 btif_init_bluetooth: btif_init_bluetooth entered
04-15 15:20:40.117 1099 1249 I droid.bluetooth: [0415/152040.117518:INFO:message_loop_thread.cc(184)] Run: message loop starting for thread bt_jni_thread
04-15 15:20:40.118 1099 1234 I bt_btif_core: packages/modules/Bluetooth/system/btif/src/btif_core.cc:232 btif_init_bluetooth: btif_init_bluetooth finished
04-15 15:20:40.133 1128 1128 D TelephonyProvider: Checksum for /data/misc/apns/apns-conf.xml is 2001431324
04-15 15:20:40.134 1128 1128 D TelephonyProvider: Checksum after adding resource is 61296002
04-15 15:20:40.140 1099 1243 I bluetooth: packages/modules/Bluetooth/system/gd/hci/le_scanning_manager.cc:1485 on_apcf_read_extended_features_complete: set is_ad_type_filter_supported_ to 1 & is_transport_discovery_data_filter_supported_ to 0
04-15 15:20:40.161 1128 1128 D TelephonyProvider: addAllApnSharedPrefToLocalLog
04-15 15:20:40.177 1128 1128 D TelephonyProvider: onCreate: updating build id to UE1A.230829.036.A1
04-15 15:20:40.206 1128 1128 D DeferredSmsMmsRestoreService: startIfFilesExist: no files to restore
04-15 15:20:40.206 1128 1128 D DeferredSmsMmsRestoreService: addAllSharedPrefToLocalLog
04-15 15:20:40.241 1099 1234 W bt_device_interop: packages/modules/Bluetooth/system/device/src/interop.cc:1676 interop_database_save_allowlisted_media_players_list: found feature - INTEROP_BROWSE_PLAYER_ALLOW_LIST
04-15 15:20:40.241 1099 1234 I bt_stack_config: packages/modules/Bluetooth/system/main/stack_config.cc:72 init: init attempt to load stack conf from /apex/com.android.btservices/etc/bluetooth/bt_stack.conf
04-15 15:20:40.254 1099 1234 I bt_stack_manager: packages/modules/Bluetooth/system/btif/src/stack_manager.cc:285 event_init_stack: finished
04-15 15:20:40.255 1099 1099 I bt_osi_wakelock: packages/modules/Bluetooth/system/osi/src/wakelock.cc:99 wakelock_set_os_callouts: wakelock_set_os_callouts set to non-native
04-15 15:20:40.255 1099 1099 I bt_btif : packages/modules/Bluetooth/system/btif/src/bluetooth.cc:829 get_profile_interface: get_profile_interface: id = socket
04-15 15:20:40.256 1099 1237 E bt_btif_storage: packages/modules/Bluetooth/system/btif/src/btif_storage.cc:622 btif_storage_get_adapter_property: btif_storage_get_adapter_property: Controller not ready! Unable to return Bluetooth Address
04-15 15:20:40.257 1099 1249 E BluetoothServiceJni: adapter_properties_callback: Status 1 is incorrect
04-15 15:20:40.268 1099 1099 D BluetoothKeystoreService: initJni()
04-15 15:20:40.293 1099 1099 I bt_btif : packages/modules/Bluetooth/system/btif/src/bluetooth.cc:829 get_profile_interface: get_profile_interface: id = bluetooth_keystore
04-15 15:20:40.294 1099 1099 I droid.bluetooth: [0415/152040.293909:INFO:com_android_bluetooth_BluetoothQualityReport.cpp(88)] classInitNative: succeeds
04-15 15:20:40.294 1099 1099 I bt_btif : packages/modules/Bluetooth/system/btif/src/bluetooth.cc:829 get_profile_interface: get_profile_interface: id = bqr
04-15 15:20:40.294 1099 1099 I bluetooth: packages/modules/Bluetooth/system/btif/src/btif_bqr.cc:739 init: BluetoothQualityReportInterfaceImpl
04-15 15:20:40.295 1099 1099 I bt_btif : packages/modules/Bluetooth/system/btif/src/bluetooth.cc:829 get_profile_interface: get_profile_interface: id = sdp
04-15 15:20:40.310 894 894 D NavigationModeController: getCurrentInteractionMode: mode=0 contextUser=0
04-15 15:20:40.314 1099 1249 D AdapterProperties: Name is: Android SDK built for x86_64
04-15 15:20:40.314 1099 1249 I bluetooth: packages/modules/Bluetooth/system/gd/storage/config_cache.cc:289 ConvertEncryptOrDecryptKeyIfNeeded: ConvertEncryptOrDecryptKeyIfNeeded
04-15 15:20:40.319 1099 1099 I BluetoothAdapterService: loadLeAudioAllowDevices
04-15 15:20:40.319 1099 1099 I BluetoothAdapterService: LE Audio allow list is disabled.
04-15 15:20:40.333 894 894 I vol.Events: writeEvent collection_started
04-15 15:20:40.411 1099 1099 D BluetoothDatabase: start()
04-15 15:20:40.418 894 894 D vol.VolumeDialogImpl: initDialog: called!
04-15 15:20:40.434 1099 1099 D BluetoothDatabase: Load Database
04-15 15:20:40.435 1099 1099 I BluetoothAdapterService: Phone policy enabled
04-15 15:20:40.456 1099 1099 D ActiveDeviceManager: start()
04-15 15:20:40.967 1099 1257 D ActiveDeviceManager: onAudioDevicesAdded
04-15 15:20:40.969 1099 1257 D ActiveDeviceManager: Audio device added: Android SDK built for x86_64 type: 2
04-15 15:20:40.970 1099 1257 D ActiveDeviceManager: Audio device added: Android SDK built for x86_64 type: 18
04-15 15:20:40.970 1099 1257 D ActiveDeviceManager: Audio device added: Android SDK built for x86_64 type: 15
04-15 15:20:40.971 1099 1257 D ActiveDeviceManager: Audio device added: Android SDK built for x86_64 type: 18
04-15 15:20:40.971 1099 1257 D ActiveDeviceManager: Audio device added: Android SDK built for x86_64 type: 25
04-15 15:20:40.972 1099 1257 D ActiveDeviceManager: Audio device added: Android SDK built for x86_64 type: 16
04-15 15:20:41.021 1099 1099 I droid.bluetooth: [0415/152041.021335:INFO:com_android_bluetooth_btservice_ActivityAttribution.cpp(96)] classInitNative: succeeds
04-15 15:20:41.023 1099 1099 D BluetoothAdapterService: setAdapterService() - trying to set service to com.android.bluetooth.btservice.AdapterService@ca9f73d
04-15 15:20:41.039 1128 1128 D DeferredSmsMmsRestoreService: startIfFilesExist: no files to restore
04-15 15:20:41.039 1128 1128 D DeferredSmsMmsRestoreService: addAllSharedPrefToLocalLog
04-15 15:20:41.073 534 534 D WifiP2pService: Wifi enabled=true, P2P disallowed by admin=false
04-15 15:20:41.183 894 1254 I vol.Events: writeEvent level_changed STREAM_VOICE_CALL 3
04-15 15:20:41.210 894 1254 I vol.Events: writeEvent level_changed STREAM_SYSTEM 5
04-15 15:20:41.215 1128 1128 I DomainSelectionResolver: DomainSelectionResolver created: device-config=false
04-15 15:20:41.296 894 1254 I vol.Events: writeEvent level_changed STREAM_RING 5
04-15 15:20:41.314 534 534 W Looper : Slow dispatch took 151ms main h=com.android.server.pm.UserManagerService$MainHandler c=null m=1
04-15 15:20:41.336 894 1254 I vol.Events: writeEvent level_changed STREAM_MUSIC 5
04-15 15:20:41.345 894 1254 I vol.Events: writeEvent level_changed STREAM_ALARM 6
04-15 15:20:41.357 894 1254 I vol.Events: writeEvent level_changed STREAM_BLUETOOTH_SCO 7
04-15 15:20:41.427 1099 1256 D BluetoothDatabase: compactLastConnectionTime: Compacting metadata after load
04-15 15:20:41.434 1099 1256 I BluetoothDatabase: cacheMetadata
04-15 15:20:41.467 1099 1099 D BluetoothAdapterService: onBind()
04-15 15:20:41.469 534 559 I DropBoxManagerService: add tag=system_app_strictmode isTagEnabled=true flags=0x2
04-15 15:20:41.523 0 0 I servicemanager: Found android.hardware.radio.data.IRadioData/slot1 in device VINTF manifest.
04-15 15:20:41.531 894 1254 I vol.Events: writeEvent external_ringer_mode_changed unknown
04-15 15:20:41.535 894 1254 I vol.Events: writeEvent zen_mode_config_changed [disallowAlarms=false disallowMedia=false disallowSystem=true disallowRinger=false]
04-15 15:20:41.545 894 894 I TetheringManager: registerTetheringEventCallback:com.android.systemui
04-15 15:20:41.546 894 894 I TetheringManager: registerTetheringEventCallback caller:com.android.systemui
04-15 15:20:41.553 534 534 D nativeloader: Configuring clns-shared-15 for other apk /system/priv-app/Telecom/Telecom.apk. target_sdk_version=34, uses_libraries=, library_path=/system/priv-app/Telecom/lib/x86_64:/system/priv-app/Telecom/Telecom.apk!/lib/x86_64:/system/lib64:/system_ext/lib64, permitted_path=/data:/mnt/expand:/data/user_de/0/com.android.server.telecom:/system/priv-app/Telecom:/system/lib64:/system_ext/lib64
04-15 15:20:41.611 0 0 I servicemanager: Found android.hardware.radio.data.IRadioData/slot1 in device VINTF manifest.
04-15 15:20:41.616 0 0 I servicemanager: Found android.hardware.radio.messaging.IRadioMessaging/slot1 in device VINTF manifest.
04-15 15:20:41.621 0 0 I servicemanager: Found android.hardware.radio.modem.IRadioModem/slot1 in device VINTF manifest.
04-15 15:20:41.629 0 0 I servicemanager: Found android.hardware.radio.network.IRadioNetwork/slot1 in device VINTF manifest.
04-15 15:20:41.636 0 0 I servicemanager: Found android.hardware.radio.sim.IRadioSim/slot1 in device VINTF manifest.
04-15 15:20:41.638 0 0 I servicemanager: Found android.hardware.radio.voice.IRadioVoice/slot1 in device VINTF manifest.
04-15 15:20:41.642 0 0 I servicemanager: Found android.hardware.radio.ims.IRadioIms/slot1 in device VINTF manifest.
04-15 15:20:41.676 534 534 W Looper : Slow dispatch took 273ms main h=android.app.ActivityThread$H c=null m=114
04-15 15:20:41.683 0 0 I servicemanager: Found android.hardware.radio.modem.IRadioModem/slot1 in device VINTF manifest.
04-15 15:20:41.784 0 0 I servicemanager: Found android.hardware.radio.data.IRadioData/slot1 in device VINTF manifest.
04-15 15:20:41.805 451 483 W libgoldfish-rild: Callback is not set
04-15 15:20:41.843 534 623 D CompatibilityChangeReporter: Compat change id reported: 261072174; UID 1000; state: ENABLED
04-15 15:20:41.863 0 0 I servicemanager: Found android.hardware.radio.messaging.IRadioMessaging/slot1 in device VINTF manifest.
04-15 15:20:41.874 534 534 I MR2ServiceImpl: addProviderRoutes | provider: com.android.server.media/.SystemMediaRoute2Provider, routes: [DEVICE_ROUTE | Phone]
04-15 15:20:41.881 534 534 D WallpaperManagerService: WPMS.onServiceConnected-ComponentInfo{com.android.systemui/com.android.systemui.wallpapers.ImageWallpaper}
04-15 15:20:41.881 534 534 D WallpaperManagerService: WPMS.attachServiceLocked
04-15 15:20:41.882 534 534 V WallpaperManagerService: WPMS.attachServiceLocked took to complete: 0ms
04-15 15:20:41.882 534 534 V WallpaperManagerService: WPMS.onServiceConnected-ComponentInfo{com.android.systemui/com.android.systemui.wallpapers.ImageWallpaper} took to complete: 1ms
04-15 15:20:41.891 534 534 I PackageWatchdog: Syncing health check requests for packages: {}
04-15 15:20:41.891 534 534 I ExplicitHealthCheckController: Service not ready to get health check supported packages. Binding...
04-15 15:20:41.894 894 1178 D CompatibilityChangeReporter: Compat change id reported: 150939131; UID 10117; state: ENABLED
04-15 15:20:41.902 0 0 I servicemanager: Found android.hardware.radio.network.IRadioNetwork/slot1 in device VINTF manifest.
04-15 15:20:41.899 534 534 I ExplicitHealthCheckController: Explicit health check service is bound
04-15 15:20:41.901 534 534 I HealthFirstGrantTimeMan: State for user: 0 has not been restored and validated.
04-15 15:20:41.917 534 534 W GrantTimeSerializer: /data/system_ce/0/healthconnect/health-permissions-first-grant-times.xml not found
04-15 15:20:41.947 0 0 I servicemanager: Found android.hardware.radio.sim.IRadioSim/slot1 in device VINTF manifest.
04-15 15:20:41.971 0 0 I servicemanager: Found android.hardware.radio.voice.IRadioVoice/slot1 in device VINTF manifest.
04-15 15:20:41.990 534 534 W HealthConnectPackageInfoUtils: Can't extract requested permissions from the package info.
04-15 15:20:41.990 534 534 W HealthConnectPackageInfoUtils: Can't extract requested permissions from the package info.
04-15 15:20:41.990 534 534 W HealthConnectPackageInfoUtils: Can't extract requested permissions from the package info.
04-15 15:20:41.991 534 534 W HealthConnectPackageInfoUtils: Can't extract requested permissions from the package info.
04-15 15:20:41.991 534 534 W HealthConnectPackageInfoUtils: Can't extract requested permissions from the package info.
04-15 15:20:41.991 534 534 W HealthConnectPackageInfoUtils: Can't extract requested permissions from the package info.
04-15 15:20:41.991 534 534 W HealthConnectPackageInfoUtils: Can't extract requested permissions from the package info.
04-15 15:20:41.991 534 534 W HealthConnectPackageInfoUtils: Can't extract requested permissions from the package info.
04-15 15:20:41.991 534 534 W HealthConnectPackageInfoUtils: Can't extract requested permissions from the package info.
04-15 15:20:41.991 534 534 W HealthConnectPackageInfoUtils: Can't extract requested permissions from the package info.
04-15 15:20:41.991 534 534 W HealthConnectPackageInfoUtils: Can't extract requested permissions from the package info.
04-15 15:20:41.991 534 534 W HealthConnectPackageInfoUtils: Can't extract requested permissions from the package info.
04-15 15:20:41.991 534 534 W HealthConnectPackageInfoUtils: Can't extract requested permissions from the package info.
04-15 15:20:41.991 534 534 W HealthConnectPackageInfoUtils: Can't extract requested permissions from the package info.
04-15 15:20:41.991 534 534 W HealthConnectPackageInfoUtils: Can't extract requested permissions from the package info.
04-15 15:20:41.991 534 534 W HealthConnectPackageInfoUtils: Can't extract requested permissions from the package info.
04-15 15:20:41.991 534 534 W HealthConnectPackageInfoUtils: Can't extract requested permissions from the package info.
04-15 15:20:41.991 534 534 W HealthConnectPackageInfoUtils: Can't extract requested permissions from the package info.
04-15 15:20:41.996 534 534 W HealthConnectPackageInfoUtils: Can't extract requested permissions from the package info.
04-15 15:20:41.996 534 534 W HealthConnectPackageInfoUtils: Can't extract requested permissions from the package info.
04-15 15:20:41.996 534 534 W HealthConnectPackageInfoUtils: Can't extract requested permissions from the package info.
04-15 15:20:41.996 534 534 W HealthConnectPackageInfoUtils: Can't extract requested permissions from the package info.
04-15 15:20:41.996 534 534 W HealthConnectPackageInfoUtils: Can't extract requested permissions from the package info.
04-15 15:20:41.996 534 534 W HealthConnectPackageInfoUtils: Can't extract requested permissions from the package info.
04-15 15:20:41.996 534 534 W HealthConnectPackageInfoUtils: Can't extract requested permissions from the package info.
04-15 15:20:41.996 534 534 W HealthConnectPackageInfoUtils: Can't extract requested permissions from the package info.
04-15 15:20:41.996 534 534 W HealthConnectPackageInfoUtils: Can't extract requested permissions from the package info.
04-15 15:20:41.996 534 534 W HealthConnectPackageInfoUtils: Can't extract requested permissions from the package info.
04-15 15:20:41.996 534 534 W HealthConnectPackageInfoUtils: Can't extract requested permissions from the package info.
04-15 15:20:41.996 534 534 W HealthConnectPackageInfoUtils: Can't extract requested permissions from the package info.
04-15 15:20:41.997 534 534 W HealthConnectPackageInfoUtils: Can't extract requested permissions from the package info.
04-15 15:20:41.997 534 534 W HealthConnectPackageInfoUtils: Can't extract requested permissions from the package info.
04-15 15:20:41.997 534 534 W HealthConnectPackageInfoUtils: Can't extract requested permissions from the package info.
04-15 15:20:41.997 534 534 W HealthConnectPackageInfoUtils: Can't extract requested permissions from the package info.
04-15 15:20:41.997 534 534 W HealthConnectPackageInfoUtils: Can't extract requested permissions from the package info.
04-15 15:20:41.997 534 534 W HealthConnectPackageInfoUtils: Can't extract requested permissions from the package info.
04-15 15:20:41.997 534 534 W HealthConnectPackageInfoUtils: Can't extract requested permissions from the package info.
04-15 15:20:41.997 534 534 W HealthConnectPackageInfoUtils: Can't extract requested permissions from the package info.
04-15 15:20:41.997 534 534 W HealthConnectPackageInfoUtils: Can't extract requested permissions from the package info.
04-15 15:20:41.997 534 534 W HealthConnectPackageInfoUtils: Can't extract requested permissions from the package info.
04-15 15:20:41.997 534 534 W HealthConnectPackageInfoUtils: Can't extract requested permissions from the package info.
04-15 15:20:41.997 534 534 W HealthConnectPackageInfoUtils: Can't extract requested permissions from the package info.
04-15 15:20:41.997 534 534 W HealthConnectPackageInfoUtils: Can't extract requested permissions from the package info.
04-15 15:20:41.997 534 534 W HealthConnectPackageInfoUtils: Can't extract requested permissions from the package info.
04-15 15:20:41.997 534 534 W HealthConnectPackageInfoUtils: Can't extract requested permissions from the package info.
04-15 15:20:41.998 534 534 W HealthConnectPackageInfoUtils: Can't extract requested permissions from the package info.
04-15 15:20:41.998 534 534 W HealthConnectPackageInfoUtils: Can't extract requested permissions from the package info.
04-15 15:20:41.998 534 534 W HealthConnectPackageInfoUtils: Can't extract requested permissions from the package info.
04-15 15:20:41.998 534 534 W HealthConnectPackageInfoUtils: Can't extract requested permissions from the package info.
04-15 15:20:41.998 534 534 W HealthConnectPackageInfoUtils: Can't extract requested permissions from the package info.
04-15 15:20:41.998 534 534 W HealthConnectPackageInfoUtils: Can't extract requested permissions from the package info.
04-15 15:20:41.998 534 534 W HealthConnectPackageInfoUtils: Can't extract requested permissions from the package info.
04-15 15:20:41.998 534 534 W HealthConnectPackageInfoUtils: Can't extract requested permissions from the package info.
04-15 15:20:41.998 534 534 W HealthConnectPackageInfoUtils: Can't extract requested permissions from the package info.
04-15 15:20:41.998 534 534 W HealthConnectPackageInfoUtils: Can't extract requested permissions from the package info.
04-15 15:20:41.998 534 534 W HealthConnectPackageInfoUtils: Can't extract requested permissions from the package info.
04-15 15:20:41.998 534 534 W HealthConnectPackageInfoUtils: Can't extract requested permissions from the package info.
04-15 15:20:41.998 534 534 W HealthConnectPackageInfoUtils: Can't extract requested permissions from the package info.
04-15 15:20:41.998 534 534 W HealthConnectPackageInfoUtils: Can't extract requested permissions from the package info.
04-15 15:20:41.998 534 534 W HealthConnectPackageInfoUtils: Can't extract requested permissions from the package info.
04-15 15:20:41.999 534 534 W HealthConnectPackageInfoUtils: Can't extract requested permissions from the package info.
04-15 15:20:41.999 534 534 W HealthConnectPackageInfoUtils: Can't extract requested permissions from the package info.
04-15 15:20:41.999 534 534 W HealthConnectPackageInfoUtils: Can't extract requested permissions from the package info.
04-15 15:20:41.999 534 534 W HealthConnectPackageInfoUtils: Can't extract requested permissions from the package info.
04-15 15:20:41.999 534 534 W HealthConnectPackageInfoUtils: Can't extract requested permissions from the package info.
04-15 15:20:41.999 534 534 W HealthConnectPackageInfoUtils: Can't extract requested permissions from the package info.
04-15 15:20:41.999 534 534 W HealthConnectPackageInfoUtils: Can't extract requested permissions from the package info.
04-15 15:20:41.999 534 534 W HealthConnectPackageInfoUtils: Can't extract requested permissions from the package info.
04-15 15:20:41.999 534 534 W HealthConnectPackageInfoUtils: Can't extract requested permissions from the package info.
04-15 15:20:41.999 534 534 W HealthConnectPackageInfoUtils: Can't extract requested permissions from the package info.
04-15 15:20:41.999 534 534 W HealthConnectPackageInfoUtils: Can't extract requested permissions from the package info.
04-15 15:20:42.003 534 534 W HealthConnectPackageInfoUtils: Can't extract requested permissions from the package info.
04-15 15:20:42.006 534 534 W Looper : Slow dispatch took 105ms main h=android.os.Handler c=null m=1
04-15 15:20:42.021 0 0 I servicemanager: Found android.hardware.radio.ims.IRadioIms/slot1 in device VINTF manifest.
04-15 15:20:42.029 0 0 I servicemanager: Found android.hardware.radio.ims.IRadioIms/slot1 in device VINTF manifest.
04-15 15:20:42.101 0 0 I servicemanager: Found android.hardware.radio.config.IRadioConfig/default in device VINTF manifest.
04-15 15:20:42.120 534 557 W WindowManager: Keyguard drawn timeout. Setting mKeyguardDrawComplete
04-15 15:20:42.133 534 568 I ActivityManager: Test idle failed due to 82d5e4f 534:system/1000 runnable at -2m11s761ms because CONTAINS_FOREGROUND
04-15 15:20:42.305 894 894 V SystemUIBootTiming: StartServices com.android.systemui.accessibility.SystemActions took to complete: 9178ms
04-15 15:20:42.335 894 894 W SystemUIService: Initialization of com.android.systemui.accessibility.SystemActions took 9208 ms
04-15 15:20:42.361 894 894 V SystemUIBootTiming: StartServices com.android.systemui.accessibility.WindowMagnification took to complete: 27ms
04-15 15:20:42.378 894 894 V SystemUIBootTiming: StartServices com.android.systemui.biometrics.AuthController took to complete: 16ms
04-15 15:20:42.378 894 894 V SystemUIBootTiming: StartServices com.android.systemui.biometrics.AuthRippleController took to complete: 0ms
04-15 15:20:42.393 894 894 V SystemUIBootTiming: StartServices com.android.systemui.biometrics.BiometricNotificationService took to complete: 14ms
04-15 15:20:42.393 894 894 V SystemUIBootTiming: StartServices com.android.systemui.broadcast.BroadcastDispatcherStartable took to complete: 0ms
04-15 15:20:42.429 894 894 V SystemUIBootTiming: StartServices com.android.systemui.clipboardoverlay.ClipboardListener took to complete: 35ms
04-15 15:20:42.430 894 894 V SystemUIBootTiming: StartServices com.android.systemui.controls.start.ControlsStartable took to complete: 1ms
04-15 15:20:42.447 894 894 V SystemUIBootTiming: StartServices com.android.systemui.dreams.AssistantAttentionMonitor took to complete: 18ms
04-15 15:20:42.463 894 894 V SystemUIBootTiming: StartServices com.android.systemui.dreams.DreamMonitor took to complete: 2ms
04-15 15:20:42.551 894 894 V SystemUIBootTiming: StartServices com.android.systemui.flags.FeatureFlagsDebugStartable took to complete: 88ms
04-15 15:20:42.669 894 894 V SystemUIBootTiming: StartServices com.android.systemui.globalactions.GlobalActionsComponent took to complete: 92ms
04-15 15:20:42.686 894 894 V SystemUIBootTiming: StartServices com.android.systemui.keyboard.KeyboardUI took to complete: 16ms
04-15 15:20:42.731 894 894 V SystemUIBootTiming: StartServices com.android.systemui.keyboard.PhysicalKeyboardCoreStartable took to complete: 46ms
04-15 15:20:42.783 534 534 D nativeloader: Configuring clns-shared-16 for other apk /system/framework/com.android.location.provider.jar. target_sdk_version=34, uses_libraries=ALL, library_path=/system/priv-app/FusedLocation/lib/x86_64:/system/priv-app/FusedLocation/FusedLocation.apk!/lib/x86_64:/system/lib64:/system_ext/lib64, permitted_path=/data:/mnt/expand:/data/user_de/0/com.android.location.fused:/system/priv-app/FusedLocation:/system/lib64:/system_ext/lib64
04-15 15:20:42.827 534 534 D nativeloader: Configuring clns-shared-17 for other apk /system/priv-app/FusedLocation/FusedLocation.apk. target_sdk_version=34, uses_libraries=, library_path=/system/priv-app/FusedLocation/lib/x86_64:/system/priv-app/FusedLocation/FusedLocation.apk!/lib/x86_64:/system/lib64:/system_ext/lib64, permitted_path=/data:/mnt/expand:/data/user_de/0/com.android.location.fused:/system/priv-app/FusedLocation:/system/lib64:/system_ext/lib64
04-15 15:20:42.862 534 1268 D CompatibilityChangeReporter: Compat change id reported: 124107808; UID 1001; state: ENABLED
04-15 15:20:42.875 534 534 W Looper : Slow dispatch took 116ms main h=android.app.ActivityThread$H c=null m=114
04-15 15:20:42.889 534 534 D CompatibilityChangeReporter: Compat change id reported: 161145287; UID 1000; state: ENABLED
04-15 15:20:42.896 534 556 I ServiceWatcher: [fused] connected to {com.android.location.fused/com.android.location.fused.FusedLocationService}
04-15 15:20:42.947 894 894 V SystemUIBootTiming: StartServices com.android.systemui.keyguard.KeyguardViewMediator took to complete: 216ms
04-15 15:20:42.970 894 894 D ResourceTrimmer: Resource trimmer registered.
04-15 15:20:43.062 534 568 D CompatibilityChangeReporter: Compat change id reported: 135634846; UID 10138; state: DISABLED
04-15 15:20:43.070 534 568 D CompatibilityChangeReporter: Compat change id reported: 177438394; UID 10138; state: DISABLED
04-15 15:20:43.071 534 568 D CompatibilityChangeReporter: Compat change id reported: 135772972; UID 10138; state: DISABLED
04-15 15:20:43.076 534 568 D CompatibilityChangeReporter: Compat change id reported: 135754954; UID 10138; state: ENABLED
04-15 15:20:43.088 534 569 D CompatibilityChangeReporter: Compat change id reported: 143937733; UID 10138; state: ENABLED
04-15 15:20:43.089 534 569 W ActivityManager: com.android.cellbroadcastreceiver.module inode == 0 (b/152760674)
04-15 15:20:43.104 534 568 W ActivityManager: Slow operation: 82ms so far, now at startProcess: done starting proc!
04-15 15:20:43.149 534 534 D WallpaperManagerService: WPMS.onServiceConnected-ComponentInfo{com.android.systemui/com.android.systemui.wallpapers.ImageWallpaper}
04-15 15:20:43.149 534 534 D WallpaperManagerService: WPMS.attachServiceLocked
04-15 15:20:43.149 534 534 D WallpaperManagerService: WPMS.connectLocked-ComponentInfo{com.android.systemui/com.android.systemui.wallpapers.ImageWallpaper}
04-15 15:20:43.185 328 328 D Zygote : Forked child process 1287
04-15 15:20:43.201 534 569 W ActivityManager: Slow operation: 156ms so far, now at startProcess: returned from zygote!
04-15 15:20:43.227 534 569 W ActivityManager: Slow operation: 182ms so far, now at startProcess: done updating battery stats
04-15 15:20:43.249 894 894 V SystemUIBootTiming: StartServices com.android.systemui.keyguard.ResourceTrimmer took to complete: 279ms
04-15 15:20:43.253 534 569 W ActivityManager: Slow operation: 208ms so far, now at startProcess: building log message
04-15 15:20:43.253 534 569 I ActivityManager: Start proc 1287:com.android.cellbroadcastreceiver.module/u0a138 for broadcast {com.android.cellbroadcastreceiver.module/com.android.cellbroadcastreceiver.CellBroadcastReceiver}
04-15 15:20:43.253 534 569 W ActivityManager: Slow operation: 209ms so far, now at startProcess: starting to update pids map
04-15 15:20:43.339 894 1284 D MediaCodecList: codecHandlesFormat: no format, so no extra checks
04-15 15:20:43.355 1128 1137 I m.android.phone: Background concurrent copying GC freed 118985(4746KB) AllocSpace objects, 17(764KB) LOS objects, 49% free, 2415KB/4830KB, paused 8.046ms,70us total 721.930ms
04-15 15:20:43.371 894 1288 D CCodec : allocate(c2.android.vorbis.decoder)
04-15 15:20:43.390 894 1288 I Codec2Client: Available Codec2 services: "default" "software"
04-15 15:20:43.421 894 1288 I CCodec : setting up 'default' as default (vendor) store
04-15 15:20:43.435 894 894 D BouncerMessageAuditLogger: biometricMessage: null
04-15 15:20:43.442 1128 1139 W System : A resource failed to call AbstractCursor.close.
04-15 15:20:43.442 1128 1139 W System : A resource failed to call AbstractCursor.close.
04-15 15:20:43.465 894 894 D BouncerMessageAuditLogger: primaryAuthMessage: null
04-15 15:20:43.465 894 894 D BouncerMessageAuditLogger: customMessage: null
04-15 15:20:43.466 894 894 D BouncerMessageAuditLogger: faceAcquisitionMessage: null
04-15 15:20:43.466 894 894 D BouncerMessageAuditLogger: fingerprintAcquisitionMessage: null
04-15 15:20:43.467 894 894 D BouncerMessageAuditLogger: authFlagsMessage: null
04-15 15:20:43.498 534 534 W system_server: Long monitor contention with owner android.anim (561) at void com.android.server.wm.WindowAnimator.lambda$new$1(long)(WindowAnimator.java:103) waiters=1 in void com.android.server.wm.WindowManagerService$LocalService.setWallpaperShowWhenLocked(android.os.IBinder, boolean) for 239ms
04-15 15:20:43.499 534 534 V WallpaperManagerService: WPMS.connectLocked-ComponentInfo{com.android.systemui/com.android.systemui.wallpapers.ImageWallpaper} took to complete: 347ms
04-15 15:20:43.499 534 534 V WallpaperManagerService: WPMS.attachServiceLocked took to complete: 350ms
04-15 15:20:43.499 534 534 D WallpaperManagerService: WPMS.saveSettingsLocked-0
04-15 15:20:43.504 534 569 W ActivityManager: Slow operation: 460ms so far, now at startProcess: done updating pids map
04-15 15:20:43.505 534 1268 W system_server: Long monitor contention with owner ActivityManager:procStart (569) at void com.android.server.am.ProcessList.lambda$handleProcessStart$1(com.android.server.am.ProcessRecord, java.lang.String, int[], int, int, int, java.lang.String, java.lang.String, java.lang.String, long)(ProcessList.java:2076) waiters=0 in android.content.Intent com.android.server.am.ActivityManagerService.registerReceiverWithFeature(android.app.IApplicationThread, java.lang.String, java.lang.String, java.lang.String, android.content.IIntentReceiver, android.content.IntentFilter, java.lang.String, int, int) for 200ms
04-15 15:20:43.550 894 1288 I CCodec : Created component [c2.android.vorbis.decoder]
04-15 15:20:43.560 894 1288 D CCodecConfig: read media type: audio/vorbis
04-15 15:20:43.579 894 894 D BiometricsRepositoryImpl: currentUser authFlags changed, new value: AuthenticationFlags(userId=0, flag=1)
04-15 15:20:43.583 1287 1287 I receiver.module: Using CollectorTypeCC GC.
04-15 15:20:43.606 1128 1128 D CompatibilityChangeReporter: Compat change id reported: 183155436; UID 1001; state: ENABLED
04-15 15:20:43.609 1287 1287 W receiver.module: Unexpected CPU variant for x86: x86_64.
04-15 15:20:43.609 1287 1287 W receiver.module: Known variants: atom, sandybridge, silvermont, goldmont, goldmont-plus, tremont, kabylake, default
04-15 15:20:43.631 1287 1287 E receiver.module: Not starting debugger since process cannot load the jdwp agent.
04-15 15:20:43.653 534 534 V WallpaperManagerService: WPMS.saveSettingsLocked-0 took to complete: 153ms
04-15 15:20:43.655 534 534 V WallpaperManagerService: WPMS.onServiceConnected-ComponentInfo{com.android.systemui/com.android.systemui.wallpapers.ImageWallpaper} took to complete: 506ms
04-15 15:20:43.662 534 534 W Looper : Slow dispatch took 513ms main h=android.app.ActivityThread$H c=android.app.LoadedApk$ServiceDispatcher$RunConnection@61b6c98 m=0
04-15 15:20:43.663 534 534 E WiredAccessoryManager: No state change.
04-15 15:20:43.665 534 534 W WiredAccessoryManager: Both input event and extcon are used for audio jack, please just choose one.
04-15 15:20:43.668 894 1288 D ReflectedParamUpdater: extent() != 1 for single value type: algo.buffers.max-count.values
04-15 15:20:43.676 894 1288 D ReflectedParamUpdater: extent() != 1 for single value type: output.subscribed-indices.values
04-15 15:20:43.697 894 1288 D ReflectedParamUpdater: extent() != 1 for single value type: input.buffers.allocator-ids.values
04-15 15:20:43.704 894 1288 D ReflectedParamUpdater: extent() != 1 for single value type: output.buffers.allocator-ids.values
04-15 15:20:43.714 894 1288 D ReflectedParamUpdater: extent() != 1 for single value type: algo.buffers.allocator-ids.values
04-15 15:20:43.720 894 1288 D ReflectedParamUpdater: extent() != 1 for single value type: output.buffers.pool-ids.values
04-15 15:20:43.732 894 1288 D ReflectedParamUpdater: extent() != 1 for single value type: algo.buffers.pool-ids.values
04-15 15:20:43.782 534 534 I ConnectivityModuleConnector: Networking module service connected
04-15 15:20:43.783 534 534 I NetworkStackClient: Network stack service connected
04-15 15:20:43.787 534 534 D NetworkStackClient: Network stack service registered
04-15 15:20:43.788 894 1288 I CCodecConfig: query failed after returning 7 values (BAD_INDEX)
04-15 15:20:43.789 894 1288 D CCodecConfig: c2 config diff is Dict {
04-15 15:20:43.789 894 1288 D CCodecConfig: c2::u32 coded.bitrate.value = 64000
04-15 15:20:43.789 894 1288 D CCodecConfig: c2::u32 input.buffers.max-size.value = 32768
04-15 15:20:43.789 894 1288 D CCodecConfig: c2::u32 input.delay.value = 0
04-15 15:20:43.789 894 1288 D CCodecConfig: string input.media-type.value = "audio/vorbis"
04-15 15:20:43.789 894 1288 D CCodecConfig: string output.media-type.value = "audio/raw"
04-15 15:20:43.789 894 1288 D CCodecConfig: c2::u32 raw.channel-count.value = 1
04-15 15:20:43.789 894 1288 D CCodecConfig: c2::u32 raw.sample-rate.value = 48000
04-15 15:20:43.789 894 1288 D CCodecConfig: }
04-15 15:20:43.830 894 894 D BouncerMessageAuditLogger: interactor.bouncerMessage: BouncerMessageModel(message=Message(message=, messageResId=null, colorState=null, formatterArgs=null, animate=true), secondaryMessage=Message(message=, messageResId=null, colorState=null, formatterArgs=null, animate=true))
04-15 15:20:43.830 894 894 V SystemUIBootTiming: StartServices com.android.systemui.keyguard.bouncer.domain.interactor.BouncerMessageAuditLogger took to complete: 582ms
04-15 15:20:43.834 894 1288 D MediaCodec: flushMediametrics
04-15 15:20:43.835 894 1288 D CCodec : [c2.android.vorbis.decoder] buffers are bound to CCodec for this session
04-15 15:20:43.838 894 1288 D CCodecConfig: no c2 equivalents for durationUs
04-15 15:20:43.839 894 1288 D CCodecConfig: no c2 equivalents for track-id
04-15 15:20:43.843 1128 1128 D CellBroadcastConfigTracker-0: init
04-15 15:20:43.849 894 1288 D CCodecConfig: no c2 equivalents for csd-1
04-15 15:20:43.849 894 1288 D CCodecConfig: no c2 equivalents for flags
04-15 15:20:43.857 894 1288 D CCodecConfig: c2 config diff is c2::u32 coded.bitrate.value = 160000
04-15 15:20:43.857 894 1288 D CCodecConfig: c2::u32 raw.channel-count.value = 2
04-15 15:20:43.857 894 1288 D CCodecConfig: c2::u32 raw.sample-rate.value = 44100
04-15 15:20:43.859 894 1288 W Codec2Client: query -- param skipped: index = 1107298332.
04-15 15:20:43.863 534 1268 D CompatibilityChangeReporter: Compat change id reported: 168419799; UID 10138; state: DISABLED
04-15 15:20:43.863 534 1268 D CompatibilityChangeReporter: Compat change id reported: 273564678; UID 10138; state: DISABLED
04-15 15:20:43.865 894 1288 D CCodec : encoding statistics level = 0
04-15 15:20:43.865 894 1288 D CCodec : setup formats input: AMessage(what = 0x00000000) = {
04-15 15:20:43.865 894 1288 D CCodec : int32_t bitrate = 160000
04-15 15:20:43.865 894 1288 D CCodec : int32_t channel-count = 2
04-15 15:20:43.865 894 1288 D CCodec : int32_t max-input-size = 32768
04-15 15:20:43.865 894 1288 D CCodec : string mime = "audio/vorbis"
04-15 15:20:43.865 894 1288 D CCodec : int32_t sample-rate = 44100
04-15 15:20:43.865 894 1288 D CCodec : }
04-15 15:20:43.866 894 1288 D CCodec : setup formats output: AMessage(what = 0x00000000) = {
04-15 15:20:43.866 894 1288 D CCodec : int32_t channel-count = 2
04-15 15:20:43.866 894 1288 D CCodec : string mime = "audio/raw"
04-15 15:20:43.866 894 1288 D CCodec : int32_t sample-rate = 44100
04-15 15:20:43.866 894 1288 D CCodec : int32_t channel-mask = 3
04-15 15:20:43.866 894 1288 D CCodec : int32_t android._config-pcm-encoding = 2
04-15 15:20:43.866 894 1288 D CCodec : }
04-15 15:20:43.866 894 1288 I CCodecConfig: query failed after returning 7 values (BAD_INDEX)
04-15 15:20:43.878 894 1288 W Codec2Client: query -- param skipped: index = 1342179345.
04-15 15:20:43.879 894 1288 W Codec2Client: query -- param skipped: index = 2415921170.
04-15 15:20:43.881 534 1268 D OomAdjuster: Not killing cached processes
04-15 15:20:43.895 1287 1287 D CompatibilityChangeReporter: Compat change id reported: 171979766; UID 10138; state: ENABLED
04-15 15:20:43.900 1287 1287 D CompatibilityChangeReporter: Compat change id reported: 242716250; UID 10138; state: ENABLED
04-15 15:20:43.911 534 1268 D CompatibilityChangeReporter: Compat change id reported: 170503758; UID 10138; state: ENABLED
04-15 15:20:43.912 894 1288 D C2Store : Using DMABUF Heaps
04-15 15:20:43.914 534 623 D CompatibilityChangeReporter: Compat change id reported: 265195908; UID 10138; state: ENABLED
04-15 15:20:43.918 1287 1287 D CompatibilityChangeReporter: Compat change id reported: 3400644; UID 10138; state: ENABLED
04-15 15:20:43.938 1287 1287 D nativeloader: Configuring clns-shared-6 for other apk /apex/com.android.cellbroadcast/priv-app/CellBroadcastApp@UE1A.230829.036.A1/CellBroadcastApp.apk. target_sdk_version=34, uses_libraries=, library_path=/apex/com.android.cellbroadcast/priv-app/CellBroadcastApp@UE1A.230829.036.A1/lib/x86_64:/system/lib64:/system_ext/lib64, permitted_path=/data:/mnt/expand:/data/user_de/0/com.android.cellbroadcastreceiver.module:/apex/com.android.cellbroadcast/priv-app/CellBroadcastApp@UE1A.230829.036.A1:/system/lib64:/system_ext/lib64
04-15 15:20:43.966 894 1288 D CCodecBufferChannel: [c2.android.vorbis.decoder#870] Created input block pool with allocatorID 16 => poolID 17 - OK (0)
04-15 15:20:43.996 894 939 I CameraManagerGlobal: Connecting to camera service
04-15 15:20:44.014 534 534 W Looper : Slow dispatch took 141ms main h=android.os.Handler c=null m=1
04-15 15:20:44.017 534 646 D BufferPoolAccessor2.0: bufferpool2 0x7745cfc6a368 : 0(0 size) total buffers - 0(0 size) used buffers - 2/7 (recycle/alloc) - 5/18 (fetch/transfer)
04-15 15:20:44.027 1287 1287 D nativeloader: InitApexLibraries:
04-15 15:20:44.027 1287 1287 D nativeloader: com_android_adservices: libhpke_jni.so:libtflite_support_classifiers_native.so
04-15 15:20:44.027 1287 1287 D nativeloader: com_android_appsearch: libicing.so
04-15 15:20:44.027 1287 1287 D nativeloader: com_android_art: libartservice.so
04-15 15:20:44.027 1287 1287 D nativeloader: com_android_btservices: libbluetooth_jni.so
04-15 15:20:44.027 1287 1287 D nativeloader: com_android_conscrypt: libjavacrypto.so
04-15 15:20:44.027 1287 1287 D nativeloader: com_android_extservices: libtflite_support_classifiers_native.so
04-15 15:20:44.027 1287 1287 D nativeloader: com_android_os_statsd: libstats_jni.so
04-15 15:20:44.027 1287 1287 D nativeloader: com_android_tethering: libandroid_net_connectivity_com_android_net_module_util_jni.so:libcronet.114.0.5735.84.so:libframework-connectivity-jni.so:libframework-connectivity-tiramisu-jni.so:libservice-connectivity.so
04-15 15:20:44.027 1287 1287 D nativeloader: com_android_uwb: libuwb_uci_jni_rust.so
04-15 15:20:44.027 1287 1287 D nativeloader: com_android_virt: libvirtualizationservice_jni.so:libvirtualmachine_jni.so
04-15 15:20:44.073 894 1288 I CCodecBufferChannel: [c2.android.vorbis.decoder#870] Created output block pool with allocatorID 16 => poolID 23 - OK
04-15 15:20:44.074 894 1288 D CCodecBufferChannel: [c2.android.vorbis.decoder#870] Configured output block pool ids 23 => OK
04-15 15:20:44.079 894 1288 I DMABUFHEAPS: Using DMA-BUF heap named: system
04-15 15:20:44.105 534 991 D BufferPoolAccessor2.0: Destruction - bufferpool2 0x7745cfc6a368 cached: 0/0M, 0/0% in use; allocs: 7, 29% recycled; transfers: 18, 72% unfetched
04-15 15:20:44.127 455 1293 D SimpleC2Component: Using output block pool with poolID 23 => got 23 - 0
04-15 15:20:44.184 534 990 D BufferPoolAccessor2.0: bufferpool2 0x7745cfc6aa58 : 0(0 size) total buffers - 0(0 size) used buffers - 2/7 (recycle/alloc) - 5/24 (fetch/transfer)
04-15 15:20:44.186 534 990 D BufferPoolAccessor2.0: Destruction - bufferpool2 0x7745cfc6aa58 cached: 0/0M, 0/0% in use; allocs: 7, 29% recycled; transfers: 24, 79% unfetched
04-15 15:20:44.187 534 990 D BufferPoolAccessor2.0: bufferpool2 0x7745cfc6e428 : 0(0 size) total buffers - 0(0 size) used buffers - 2/7 (recycle/alloc) - 5/34 (fetch/transfer)
04-15 15:20:44.188 534 990 D BufferPoolAccessor2.0: Destruction - bufferpool2 0x7745cfc6e428 cached: 0/0M, 0/0% in use; allocs: 7, 29% recycled; transfers: 34, 85% unfetched
04-15 15:20:44.227 534 647 D BufferPoolAccessor2.0: bufferpool2 0x7745cfc68e98 : 0(0 size) total buffers - 0(0 size) used buffers - 2/7 (recycle/alloc) - 5/34 (fetch/transfer)
04-15 15:20:44.240 534 534 I ConnectivityModuleConnector: Networking module service connected
04-15 15:20:44.242 534 647 D BufferPoolAccessor2.0: Destruction - bufferpool2 0x7745cfc68e98 cached: 0/0M, 0/0% in use; allocs: 7, 29% recycled; transfers: 34, 85% unfetched
04-15 15:20:44.261 1287 1287 V GraphicsEnvironment: Currently set values for:
04-15 15:20:44.261 1287 1287 V GraphicsEnvironment: angle_gl_driver_selection_pkgs=[]
04-15 15:20:44.261 1287 1287 V GraphicsEnvironment: angle_gl_driver_selection_values=[]
04-15 15:20:44.267 1287 1287 V GraphicsEnvironment: ANGLE GameManagerService for com.android.cellbroadcastreceiver.module: false
04-15 15:20:44.267 1287 1287 V GraphicsEnvironment: com.android.cellbroadcastreceiver.module is not listed in per-application setting
04-15 15:20:44.268 1287 1287 V GraphicsEnvironment: Neither updatable production driver nor prerelease driver is supported.
04-15 15:20:44.298 534 991 D BufferPoolAccessor2.0: bufferpool2 0x7745cfc70b78 : 0(0 size) total buffers - 0(0 size) used buffers - 2/7 (recycle/alloc) - 5/24 (fetch/transfer)
04-15 15:20:44.298 534 991 D BufferPoolAccessor2.0: Destruction - bufferpool2 0x7745cfc70b78 cached: 0/0M, 0/0% in use; allocs: 7, 29% recycled; transfers: 24, 79% unfetched
04-15 15:20:44.299 534 991 D BufferPoolAccessor2.0: bufferpool2 0x7745cfc73518 : 0(0 size) total buffers - 0(0 size) used buffers - 1/7 (recycle/alloc) - 6/26 (fetch/transfer)
04-15 15:20:44.299 534 991 D BufferPoolAccessor2.0: Destruction - bufferpool2 0x7745cfc73518 cached: 0/0M, 0/0% in use; allocs: 7, 14% recycled; transfers: 26, 77% unfetched
04-15 15:20:44.427 1128 1128 D CellBroadcastServiceManager: CellBroadcastServiceManager created for phone 0
04-15 15:20:44.479 894 1001 D WallpaperService: reportEngineShown: shouldWait=true
04-15 15:20:44.529 392 484 I SurfaceFlinger: Boot is finished (156024 ms)
04-15 15:20:44.543 534 534 W Looper : Slow dispatch took 284ms main h=android.os.Handler c=null m=1
04-15 15:20:44.567 1128 1128 D CellBroadcastServiceManager: getCellBroadcastServicePackageName: com.android.cellbroadcastservice
04-15 15:20:44.581 392 392 D SurfaceFlinger: Power hint is disabled
04-15 15:20:44.608 0 0 I servicemanager: Found android.hardware.power.IPower/default in device VINTF manifest.
04-15 15:20:44.605 377 377 I android.hardware.power-service.example: Power isBoostSupported: 1
04-15 15:20:44.634 894 1001 D WallpaperService: reportEngineShown: shouldWait=true
04-15 15:20:44.766 534 560 D ActivityManagerTiming: FinishBooting
04-15 15:20:44.769 534 808 W BestClock: java.time.DateTimeException: Missing network time fix
04-15 15:20:44.771 534 610 I ActivityManager: Flag disabled. Ignoring finishAttachApplication from uid: 10138. pid: 1287
04-15 15:20:44.781 534 1068 D CompatibilityChangeReporter: Compat change id reported: 261072174; UID 1001; state: ENABLED
04-15 15:20:44.788 328 328 W Zygote : forkRepeatedly terminated due to non-simple command
04-15 15:20:44.796 1287 1287 D CellBroadcastReceiver: onReceive Intent { act=android.telephony.action.DEFAULT_SMS_SUBSCRIPTION_CHANGED flg=0x21000010 cmp=com.android.cellbroadcastreceiver.module/com.android.cellbroadcastreceiver.CellBroadcastReceiver (has extras) }
04-15 15:20:44.800 328 328 D Zygote : mbuffer starts with 1 , nice name is , mEnd = 19, mNext = 19, mLinesLeft = 0, mFd = 6
04-15 15:20:44.850 1287 1287 D CellBroadcastReceiver: mockmodem is running? = false
04-15 15:20:44.851 1287 1287 D CompatibilityChangeReporter: Compat change id reported: 183155436; UID 10138; state: ENABLED
04-15 15:20:44.855 1287 1287 D CellBroadcastReceiver: Start Cell Broadcast configuration for intent=ACTION_ENABLE_CHANNELS
04-15 15:20:44.863 327 327 I netd : tetherGetStats() -> {[]} <50.41ms>
04-15 15:20:44.875 534 808 W BestClock: java.time.DateTimeException: Missing network time fix
04-15 15:20:44.909 534 534 W Looper : Slow dispatch took 141ms main h=android.os.Handler c=null m=1
04-15 15:20:44.910 1128 1128 D CellBroadcastServiceManager: serviceWasBound=true
04-15 15:20:44.922 894 993 W ndroid.systemui: Long monitor contention with owner DefaultDispatcher-worker-5 (1304) at int kotlinx.coroutines.scheduling.CoroutineScheduler.createNewWorker()(go/retraceme bb0c85583bc8cef368173602f8ea06d241ec8a7fed6aca80388046fe2c5dd77a:120) waiters=0 in int kotlinx.coroutines.scheduling.CoroutineScheduler.createNewWorker() for 238ms
04-15 15:20:45.025 534 1020 D CompatibilityChangeReporter: Compat change id reported: 214016041; UID 1000; state: ENABLED
04-15 15:20:45.046 327 327 I netd : interfaceSetEnableIPv6(wlan0, false) <1.61ms>
04-15 15:20:45.053 327 327 I netd : interfaceClearAddrs(wlan0) <4.35ms>
04-15 15:20:45.070 534 1020 I ImeTracker: com.android.settings:df2cf455: onRequestHide at ORIGIN_SERVER_HIDE_INPUT reason HIDE_UNSPECIFIED_WINDOW
04-15 15:20:45.092 534 812 D WifiClientModeImpl[189490:wlan0]: setupClientMode() ifacename = wlan0
04-15 15:20:45.105 534 1020 I ImeTracker: com.android.settings:df2cf455: onCancelled at PHASE_SERVER_SHOULD_HIDE
04-15 15:20:45.109 534 808 W system_server: Long monitor contention with owner binder:534_7 (950) at android.content.ComponentName com.android.server.am.ActivityManagerService.startService(android.app.IApplicationThread, android.content.Intent, java.lang.String, boolean, java.lang.String, java.lang.String, int, boolean, int, java.lang.String, java.lang.String)(ActivityManagerService.java:13195) waiters=0 in int com.android.server.am.ActivityManagerService.broadcastIntentWithFeature(android.app.IApplicationThread, java.lang.String, android.content.Intent, java.lang.String, android.content.IIntentReceiver, int, java.lang.String, android.os.Bundle, java.lang.String[], java.lang.String[], java.lang.String[], int, android.os.Bundle, boolean, boolean, int) for 219ms
04-15 15:20:45.164 534 560 I ActivityManager: About to commit checkpoint
04-15 15:20:45.170 534 1068 W system_server: Long monitor contention with owner binder:534_7 (950) at android.content.ComponentName com.android.server.am.ActivityManagerService.startService(android.app.IApplicationThread, android.content.Intent, java.lang.String, boolean, java.lang.String, java.lang.String, int, boolean, int, java.lang.String, java.lang.String)(ActivityManagerService.java:13195) waiters=3 in android.app.ContentProviderHolder com.android.server.am.ContentProviderHelper.getContentProviderImpl(android.app.IApplicationThread, java.lang.String, android.os.IBinder, int, java.lang.String, java.lang.String, boolean, int) for 224ms
04-15 15:20:45.175 534 560 I SystemServiceManager: Starting phase 1000
04-15 15:20:45.175 534 560 D ActivityManagerTiming: OnBootPhase_1000
04-15 15:20:45.175 534 560 D ActivityManagerTiming: OnBootPhase_1000_com.android.server.security.FileIntegrityService
