04-15 17:05:38.101 1283 1283 D b/254119092: TaskbarManager#mComponentCallbacks.onConfigurationChanged: {1.0 ?mcc0mnc [en_US] ldltr sw411dp w411dp h914dp 420dpi nrml long port finger qwerty/v/v -nav/h winConfig={ mBounds=Rect(0, 0 - 1080, 2400) mAppBounds=Rect(0, 0 - 1080, 2400) mMaxBounds=Rect(0, 0 - 1080, 2400) mDisplayRotation=ROTATION_0 mWindowingMode=fullscreen mDisplayWindowingMode=fullscreen mActivityType=undefined mAlwaysOnTop=undefined mRotation=ROTATION_0} as.3 s.11 fontWeightAdjustment=0}
04-15 17:05:38.101 1283 1283 D b/254119092: mActivity and mContext agree taskbarIsPresent=false
04-15 17:05:38.101 1283 1283 D b/254119092: ComponentCallbacks#onConfigurationChanged() configDiffForRecreate={}
04-15 17:05:38.101 1283 1283 D b/254119092: mActivity and mContext agree taskbarIsPresent=false
04-15 17:05:38.206 1283 1283 D b/254119092: DisplayController#onConfigurationChanged: {1.0 ?mcc0mnc [en_US] ldltr sw411dp w411dp h914dp 420dpi nrml long port finger qwerty/v/v -nav/h winConfig={ mBounds=Rect(0, 0 - 1080, 2400) mAppBounds=Rect(0, 0 - 1080, 2400) mMaxBounds=Rect(0, 0 - 1080, 2400) mDisplayRotation=ROTATION_0 mWindowingMode=fullscreen mDisplayWindowingMode=fullscreen mActivityType=undefined mAlwaysOnTop=undefined mRotation=ROTATION_0} as.3 s.11 fontWeightAdjustment=0}
04-15 17:05:38.269 536 557 D CompatibilityChangeReporter: Compat change id reported: 197654537; UID 1000; state: ENABLED
04-15 17:05:38.444 536 993 D WifiNl80211Manager: Scan result ready event
04-15 17:05:38.445 536 993 D WifiNative: Scan result ready event
04-15 17:05:38.487 0 0 I binder : release 1715:1715 transaction 33262 out, still active
04-15 17:05:38.487 0 0 I binder : undelivered TRANSACTION_COMPLETE
04-15 17:05:38.538 1215 1215 W WindowOnBackDispatcher: sendCancelIfRunning: isInProgress=falsecallback=android.app.Activity$$ExternalSyntheticLambda0@aca5f3
04-15 17:05:38.613 536 994 W system_server: Long monitor contention with owner binder:536_A (993) at java.util.List com.android.server.om.OverlayManagerService.updatePackageManagerLocked(java.util.Collection, int)(OverlayManagerService.java:1534) waiters=7 in boolean com.android.server.om.OverlayManagerService$1.setEnabledExclusiveInCategory(java.lang.String, int) for 7.230s
04-15 17:05:38.616 1738 1738 I crash_dump64: obtaining output fd from tombstoned, type: kDebuggerdNativeBacktrace
04-15 17:05:38.622 536 609 E IPCThreadState: Binder transaction failure: 34129/29189/-22
04-15 17:05:38.630 0 0 I binder : 609:536 cannot find target node
04-15 17:05:38.630 0 0 I binder : 536:609 transaction async to 0:0 failed 34129/29189/-22, size 104-0 line 3210
04-15 17:05:38.624 192 192 I tombstoned: received crash request for pid 144
04-15 17:05:38.624 192 192 I tombstoned: found intercept fd 512 for pid 144 and type kDebuggerdNativeBacktrace
04-15 17:05:38.626 1738 1738 I crash_dump64: performing dump of process 144 (target tid = 144)
04-15 17:05:38.650 0 0 I binder : 609:536 reply target not found
04-15 17:05:38.709 0 0 E binder : invalid inc weak node for 31696
04-15 17:05:38.709 0 0 I binder : 536:994 IncRefs 0 refcount change on invalid ref 549 ret -22
04-15 17:05:38.709 0 0 E binder : invalid inc weak node for 31698
04-15 17:05:38.709 0 0 I binder : 536:994 IncRefs 0 refcount change on invalid ref 550 ret -22
04-15 17:05:38.770 192 192 W tombstoned: skipping tombstone file creation due to intercept
04-15 17:05:38.785 536 1502 I system_server: libdebuggerd_client: done dumping process 144
04-15 17:05:38.790 0 0 I init : Untracked pid 1738 exited with status 0
04-15 17:05:38.793 0 0 I init : Untracked pid 1738 did not have an associated service entry and will not be reaped
04-15 17:05:38.793 0 0 I init : Untracked pid 1740 exited with status 0
04-15 17:05:38.793 0 0 I init : Untracked pid 1740 did not have an associated service entry and will not be reaped
04-15 17:05:38.803 536 1502 I ActivityManager: Collecting stacks for native pid 155
04-15 17:05:38.818 536 1502 I system_server: libdebuggerd_client: started dumping process 155
04-15 17:05:38.836 536 557 W ActivityTaskManager: Current config: {1.0 ?mcc0mnc [en_US] ldltr sw411dp w411dp h914dp 420dpi nrml long port finger qwerty/v/v -nav/h winConfig={ mBounds=Rect(0, 0 - 1080, 2400) mAppBounds=Rect(0, 0 - 1080, 2400) mMaxBounds=Rect(0, 0 - 1080, 2400) mDisplayRotation=ROTATION_0 mWindowingMode=fullscreen mDisplayWindowingMode=fullscreen mActivityType=undefined mAlwaysOnTop=undefined mRotation=ROTATION_0} as.3 s.11 fontWeightAdjustment=0} unchanged for IME proc com.android.inputmethod.latin
04-15 17:05:38.838 536 814 W system_server: Long monitor contention with owner android.fg (557) at void com.android.server.am.ActivityManagerService.scheduleApplicationInfoChanged(java.util.List, int)(ActivityManagerService.java:19335) waiters=0 in void com.android.server.am.ActivityManagerService$LocalService.notifyNetworkPolicyRulesUpdated(int, long) for 3.857s
04-15 17:05:38.842 536 1678 W system_server: Long monitor contention with owner android.fg (557) at boolean com.android.server.wm.ActivityTaskManagerService.updateConfiguration(android.content.res.Configuration)(ActivityTaskManagerService.java:3753) waiters=0 in android.os.IBinder com.android.server.wm.WindowOrganizerController.startTransition(int, android.os.IBinder, android.window.WindowContainerTransaction) for 1.997s
04-15 17:05:38.852 536 877 W system_server: Long monitor contention with owner android.fg (557) at void com.android.server.am.ActivityManagerService.scheduleApplicationInfoChanged(java.util.List, int)(ActivityManagerService.java:19335) waiters=1 in boolean com.android.server.am.ActivityManagerService.isUidActive(int, java.lang.String) for 3.858s
04-15 17:05:38.854 536 567 W system_server: Long monitor contention with owner android.fg (557) at void com.android.server.am.ActivityManagerService.scheduleApplicationInfoChanged(java.util.List, int)(ActivityManagerService.java:19335) waiters=2 in void com.android.server.am.ProcessList.addProcessNameLocked(com.android.server.am.ProcessRecord) for 3.136s
04-15 17:05:38.867 192 192 I tombstoned: registered intercept for pid 155 and type kDebuggerdNativeBacktrace
04-15 17:05:38.878 896 931 W Looper : Slow dispatch took 2042ms wmshell.main h=android.os.Handler c=com.android.wm.shell.transition.Transitions$TransitionPlayerImpl$$ExternalSyntheticLambda1@faa6757 m=0
04-15 17:05:38.889 385 385 I BpBinder: onLastStrongRef automatically unlinking death recipients:
04-15 17:05:38.894 896 931 V WindowManagerShell: Display changed: 0
04-15 17:05:38.917 536 610 D CoreBackPreview: Window{48219b4 u0 com.android.settings/com.android.settings.FallbackHome}: Setting back callback null
04-15 17:05:38.925 536 1726 W system_server: Long monitor contention with owner android.fg (557) at void com.android.server.am.ActivityManagerService.scheduleApplicationInfoChanged(java.util.List, int)(ActivityManagerService.java:19335) waiters=3 in boolean com.android.server.am.ActivityManagerService.isAppStartModeDisabled(int, java.lang.String) for 1.930s
04-15 17:05:38.959 896 931 W Looper : Slow delivery took 535ms wmshell.main h=android.os.Handler c=com.android.wm.shell.common.DisplayController$DisplayWindowListenerImpl$$ExternalSyntheticLambda3@3de1c62 m=0
04-15 17:05:38.969 896 931 W Looper : Slow dispatch took 80ms wmshell.main h=android.os.Handler c=com.android.wm.shell.common.DisplayController$DisplayWindowListenerImpl$$ExternalSyntheticLambda3@3de1c62 m=0
04-15 17:05:38.986 536 567 W ActivityManager: Slow operation: 66ms so far, now at startProcess: building args
04-15 17:05:38.997 536 567 D CompatibilityChangeReporter: Compat change id reported: 135634846; UID 1000; state: DISABLED
04-15 17:05:38.999 536 568 W ActivityManager: Slow operation: 79ms so far, now at startProcess: asking zygote to start proc
04-15 17:05:39.013 155 155 I libc : Requested dump for pid 155 (binder:155_2)
04-15 17:05:39.033 536 536 W system_server: Long monitor contention with owner ActivityManager (567) at void com.android.server.am.ActivityManagerService.startPersistentApps(int)(ActivityManagerService.java:6696) waiters=0 in void com.android.server.am.ActivityManagerService.serviceDoneExecuting(android.os.IBinder, int, int, int) for 3.538s
04-15 17:05:39.035 536 536 W Looper : Slow dispatch took 4054ms main h=android.app.ActivityThread$H c=null m=114
04-15 17:05:39.043 536 1662 W system_server: Long monitor contention with owner ActivityManager (567) at void com.android.server.am.ActivityManagerService.startPersistentApps(int)(ActivityManagerService.java:6696) waiters=1 in void com.android.server.am.ContentProviderHelper.removeContentProvider(android.os.IBinder, boolean) for 3.149s
04-15 17:05:39.083 324 324 D Zygote : Forked child process 1744
04-15 17:05:39.187 536 568 W ActivityManager: Slow operation: 267ms so far, now at startProcess: returned from zygote!
04-15 17:05:39.217 536 995 W system_server: Long monitor contention with owner binder:536_A (993) at java.util.List com.android.server.om.OverlayManagerService.updatePackageManagerLocked(java.util.Collection, int)(OverlayManagerService.java:1534) waiters=8 in boolean com.android.server.om.OverlayManagerService$1.setEnabledExclusiveInCategory(java.lang.String, int) for 7.536s
04-15 17:05:39.225 536 994 E IPCThreadState: Binder transaction failure: 34206/29189/-22
04-15 17:05:39.228 0 0 E binder : invalid inc weak node for 31777
04-15 17:05:39.243 0 0 I binder : 536:995 IncRefs 0 refcount change on invalid ref 559 ret -22
04-15 17:05:39.243 0 0 E binder : invalid inc weak node for 31779
04-15 17:05:39.243 0 0 I binder : 536:995 IncRefs 0 refcount change on invalid ref 560 ret -22
04-15 17:05:39.265 536 1714 E system_server: No package ID 7f found for resource ID 0x7f080077.
04-15 17:05:39.317 536 1714 E system_server: No package ID 7f found for resource ID 0x7f110261.
04-15 17:05:39.386 536 567 W BroadcastLoopers: Found previously unknown looper Thread[ActivityManager,5,main]
04-15 17:05:39.392 536 560 W BLASTSyncEngine: Sync group 2 timeout
04-15 17:05:39.393 536 560 I BLASTSyncEngine: Unfinished container: Task{f884ec2 #5 type=home A=1000:com.android.settings.FallbackHome}
04-15 17:05:39.497 0 0 I init : Untracked pid 1715 received signal 1
04-15 17:05:39.497 0 0 I init : Untracked pid 1715 did not have an associated service entry and will not be reaped
04-15 17:05:39.545 1745 1745 I crash_dump64: obtaining output fd from tombstoned, type: kDebuggerdNativeBacktrace
04-15 17:05:39.548 192 192 I tombstoned: received crash request for pid 155
04-15 17:05:39.548 192 192 I tombstoned: found intercept fd 512 for pid 155 and type kDebuggerdNativeBacktrace
04-15 17:05:39.550 1745 1745 I crash_dump64: performing dump of process 155 (target tid = 155)
04-15 17:05:39.674 192 192 W tombstoned: skipping tombstone file creation due to intercept
04-15 17:05:39.688 536 1502 I system_server: libdebuggerd_client: done dumping process 155
04-15 17:05:39.693 0 0 I init : Untracked pid 1748 exited with status 0
04-15 17:05:39.693 0 0 I init : Untracked pid 1748 did not have an associated service entry and will not be reaped
04-15 17:05:39.693 0 0 I init : Untracked pid 1745 exited with status 0
04-15 17:05:39.693 0 0 I init : Untracked pid 1745 did not have an associated service entry and will not be reaped
04-15 17:05:39.703 536 845 W system_server: Long monitor contention with owner ActivityManager (567) at int com.android.server.am.UserController$Injector.broadcastIntent(android.content.Intent, java.lang.String, android.content.IIntentReceiver, int, java.lang.String, android.os.Bundle, java.lang.String[], int, android.os.Bundle, boolean, boolean, int, int, int, int, int)(UserController.java:3436) waiters=5 in android.content.Intent com.android.server.am.ActivityManagerService.registerReceiverWithFeature(android.app.IApplicationThread, java.lang.String, java.lang.String, java.lang.String, android.content.IIntentReceiver, android.content.IntentFilter, java.lang.String, int, int) for 2.302s
04-15 17:05:39.705 536 611 W system_server: Long monitor contention with owner ActivityManager (567) at int com.android.server.am.UserController$Injector.broadcastIntent(android.content.Intent, java.lang.String, android.content.IIntentReceiver, int, java.lang.String, android.os.Bundle, java.lang.String[], int, android.os.Bundle, boolean, boolean, int, int, int, int, int)(UserController.java:3436) waiters=6 in void com.android.server.am.ActivityManagerService.unregisterReceiver(android.content.IIntentReceiver) for 1.159s
04-15 17:05:39.708 536 557 W system_server: Long monitor contention with owner ActivityManager (567) at int com.android.server.am.UserController$Injector.broadcastIntent(android.content.Intent, java.lang.String, android.content.IIntentReceiver, int, java.lang.String, android.os.Bundle, java.lang.String[], int, android.os.Bundle, boolean, boolean, int, int, int, int, int)(UserController.java:3436) waiters=8 in int com.android.server.am.ActivityManagerService$LocalService.broadcastIntent(android.content.Intent, android.content.IIntentReceiver, java.lang.String[], boolean, int, int[], java.util.function.BiFunction, android.os.Bundle) for 846ms
04-15 17:05:39.711 536 557 W Looper : Slow dispatch took 4814ms android.fg h=android.os.Handler c=com.android.server.om.OverlayManagerService$$ExternalSyntheticLambda0@e44b010 m=0
04-15 17:05:39.715 536 536 W Looper : Slow dispatch took 668ms main h=android.app.ActivityThread$H c=null m=121
04-15 17:05:39.721 536 536 D BluetoothManagerService: BluetoothServiceConnection: com.android.bluetooth.btservice.AdapterService
04-15 17:05:39.725 1744 1744 I or.multidisplay: Using CollectorTypeCC GC.
04-15 17:05:39.743 1744 1744 W or.multidisplay: Unexpected CPU variant for x86: x86_64.
04-15 17:05:39.743 1744 1744 W or.multidisplay: Known variants: atom, sandybridge, silvermont, goldmont, goldmont-plus, tremont, kabylake, default
04-15 17:05:39.754 536 648 D BluetoothManagerService: MESSAGE_BLUETOOTH_SERVICE_CONNECTED: 1
04-15 17:05:39.763 536 1664 W system_server: Long monitor contention with owner ActivityManager (567) at int com.android.server.am.UserController$Injector.broadcastIntent(android.content.Intent, java.lang.String, android.content.IIntentReceiver, int, java.lang.String, android.os.Bundle, java.lang.String[], int, android.os.Bundle, boolean, boolean, int, int, int, int, int)(UserController.java:3436) waiters=3 in void com.android.server.am.ActivityManagerService.addPackageDependency(java.lang.String) for 3.526s
04-15 17:05:39.790 536 552 W system_server: Long monitor contention with owner ActivityManager (567) at int com.android.server.am.UserController$Injector.broadcastIntent(android.content.Intent, java.lang.String, android.content.IIntentReceiver, int, java.lang.String, android.os.Bundle, java.lang.String[], int, android.os.Bundle, boolean, boolean, int, int, int, int, int)(UserController.java:3436) waiters=4 in android.content.Intent com.android.server.am.ActivityManagerService.registerReceiverWithFeature(android.app.IApplicationThread, java.lang.String, java.lang.String, java.lang.String, android.content.IIntentReceiver, android.content.IntentFilter, java.lang.String, int, int) for 3.268s
04-15 17:05:39.793 536 815 W system_server: Long monitor contention with owner ActivityManager (567) at int com.android.server.am.UserController$Injector.broadcastIntent(android.content.Intent, java.lang.String, android.content.IIntentReceiver, int, java.lang.String, android.os.Bundle, java.lang.String[], int, android.os.Bundle, boolean, boolean, int, int, int, int, int)(UserController.java:3436) waiters=7 in int com.android.server.am.ActivityManagerService.broadcastIntentWithFeature(android.app.IApplicationThread, java.lang.String, android.content.Intent, java.lang.String, android.content.IIntentReceiver, int, java.lang.String, android.os.Bundle, java.lang.String[], java.lang.String[], java.lang.String[], int, android.os.Bundle, boolean, boolean, int) for 1.051s
04-15 17:05:39.800 536 560 W system_server: Long monitor contention with owner ActivityManager (567) at int com.android.server.am.UserController$Injector.broadcastIntent(android.content.Intent, java.lang.String, android.content.IIntentReceiver, int, java.lang.String, android.os.Bundle, java.lang.String[], int, android.os.Bundle, boolean, boolean, int, int, int, int, int)(UserController.java:3436) waiters=8 in void com.android.server.am.ActivityManagerService$LocalService.updateOomLevelsForDisplay(int) for 301ms
04-15 17:05:39.804 536 568 W ActivityManager: Slow operation: 885ms so far, now at startProcess: done updating battery stats
04-15 17:05:39.805 536 568 W ActivityManager: Slow operation: 885ms so far, now at startProcess: building log message
04-15 17:05:39.805 536 568 I ActivityManager: Start proc 1744:com.android.emulator.multidisplay/1000 for added application com.android.emulator.multidisplay
04-15 17:05:39.805 536 568 W ActivityManager: Slow operation: 885ms so far, now at startProcess: starting to update pids map
04-15 17:05:39.833 536 557 I ActivityTaskManager: Loading recents for user 0 into memory.
04-15 17:05:39.840 1744 1744 E or.multidisplay: Not starting debugger since process cannot load the jdwp agent.
04-15 17:05:39.854 536 536 W Looper : Slow dispatch took 130ms main h=android.os.Handler c=android.database.ContentObserver$$ExternalSyntheticLambda0@cacbd3c m=0
04-15 17:05:39.872 536 557 E TaskPersister: restoreTasksForUserLocked: Unable to list files from /data/system_ce/0/recent_tasks
04-15 17:05:39.874 536 557 V PackageConfigPersister: loadPackages: empty list files from /data/system_ce/0/package_configs
04-15 17:05:39.906 536 557 W Looper : Slow delivery took 4433ms android.fg h=android.os.Handler c=com.android.server.am.UserController$$ExternalSyntheticLambda7@f9d0ac5 m=0
04-15 17:05:39.983 536 611 W InputManager-JNI: Input channel object '48219b4 com.android.settings/com.android.settings.FallbackHome (client)' was disposed without first being removed with the input manager!
04-15 17:05:39.999 536 557 W Looper : Slow dispatch took 191ms android.fg h=android.os.Handler c=com.android.server.am.UserController$$ExternalSyntheticLambda7@f9d0ac5 m=0
04-15 17:05:40.030 536 568 W ActivityManager: Slow operation: 1110ms so far, now at startProcess: done updating pids map
04-15 17:05:40.050 536 845 I BackupManagerService: isBackupEnabled() => false due to absent settings file
04-15 17:05:40.120 896 931 V WindowManagerShell: onTransitionReady android.os.BinderProxy@76e48d6: {id=2 t=CHANGE f=0x0 trk=0 r=[0@Point(0, 0)] c=[{WCT{android.window.IWindowContainerToken$Stub$Proxy@e859cae} m=CHANGE f=IS_DISPLAY leash=Surface(name=WindowedMagnification:0:31)/@0x80421f3 sb=Rect(0, 0 - 1080, 2400) eb=Rect(0, 0 - 1080, 2400) d=0 snapshot=Surface(name=transition snapshot: Display{#0 state=ON size=1080x2400 ROTATION_0})/@0x10caeb0}]}
04-15 17:05:40.122 896 931 V WindowManagerShell: Playing animation for (#2)android.os.BinderProxy@76e48d6@0
04-15 17:05:40.128 896 931 V WindowManagerShell: try handler com.android.wm.shell.transition.DefaultMixedHandler@134ea4f
04-15 17:05:40.129 896 931 V WindowManagerShell: try handler com.android.wm.shell.keyguard.KeyguardTransitionHandler@b0605dc
04-15 17:05:40.130 896 931 V WindowManagerShell: try handler com.android.wm.shell.activityembedding.ActivityEmbeddingController@b81b6e5
04-15 17:05:40.131 896 931 V WindowManagerShell: try handler com.android.wm.shell.recents.RecentsTransitionHandler@612d5ba
04-15 17:05:40.136 896 931 V ShellRecents: RecentsTransitionHandler.startAnimation: no controller found
04-15 17:05:40.137 896 931 V WindowManagerShell: try handler com.android.wm.shell.pip.PipTransition@affdc6b
04-15 17:05:40.144 896 931 V WindowManagerShell: try handler com.android.wm.shell.splitscreen.StageCoordinator@bfea2a4
04-15 17:05:40.145 896 931 V WindowManagerShell: try handler com.android.wm.shell.transition.RemoteTransitionHandler@fd1680d
04-15 17:05:40.146 896 931 V WindowManagerShell: try handler com.android.wm.shell.transition.DefaultTransitionHandler@eb73c2
04-15 17:05:40.147 896 931 V WindowManagerShell: start default transition animation, info = {id=2 t=CHANGE f=0x0 trk=0 r=[0@Point(0, 0)] c=[{WCT{android.window.IWindowContainerToken$Stub$Proxy@e859cae} m=CHANGE f=IS_DISPLAY leash=Surface(name=WindowedMagnification:0:31)/@0x80421f3 sb=Rect(0, 0 - 1080, 2400) eb=Rect(0, 0 - 1080, 2400) d=0 snapshot=Surface(name=transition snapshot: Display{#0 state=ON size=1080x2400 ROTATION_0})/@0x10caeb0}]}
04-15 17:05:40.149 896 931 V WindowManagerShell: Display is changing, resolve the animation hint.
04-15 17:05:40.166 1076 1076 D CdmaServiceCategoryProgramHandler: Idle: release wakelock
04-15 17:05:40.304 1076 1076 D CellBroadcastHandler: Idle: release wakelock
04-15 17:05:40.306 1076 1076 D GsmCellBroadcastHandler: Idle: release wakelock
04-15 17:05:40.390 896 931 V WindowManagerShell: animated by com.android.wm.shell.transition.DefaultTransitionHandler@eb73c2
04-15 17:05:40.391 536 1642 W system_server: Long monitor contention with owner binder:536_A (993) at java.util.List com.android.server.om.OverlayManagerService.updatePackageManagerLocked(java.util.Collection, int)(OverlayManagerService.java:1534) waiters=9 in boolean com.android.server.om.OverlayManagerService$1.setEnabledExclusiveInCategory(java.lang.String, int) for 8.117s
04-15 17:05:40.406 0 0 E binder : invalid inc weak node for 31749
04-15 17:05:40.407 0 0 I binder : 536:1642 IncRefs 0 refcount change on invalid ref 555 ret -22
04-15 17:05:40.407 0 0 E binder : invalid inc weak node for 31751
04-15 17:05:40.407 0 0 I binder : 536:1642 IncRefs 0 refcount change on invalid ref 556 ret -22
04-15 17:05:40.410 536 995 E IPCThreadState: Binder transaction failure: 34350/29189/-22
04-15 17:05:40.418 536 567 I PreBootBroadcaster: Pre-boot of {com.android.documentsui/com.android.documentsui.PreBootReceiver} for user 0
04-15 17:05:40.420 536 560 V WindowManager: Unknown focus tokens, dropping reportFocusChanged
04-15 17:05:40.425 536 557 V WindowManager: Sent Transition #2 createdAt=04-15 17:05:36.783 via request=TransitionRequestInfo { type = CHANGE, triggerTask = null, remoteTransition = null, displayChange = null }
04-15 17:05:40.434 536 557 V WindowManager: startWCT=WindowContainerTransaction { changes = {} hops = [] errorCallbackToken=null taskFragmentOrganizer=null }
04-15 17:05:40.442 536 557 V WindowManager: info={id=2 t=CHANGE f=0x0 trk=0 r=[0@Point(0, 0)] c=[{WCT{RemoteToken{e6590c3 Display{#0 state=ON size=1080x2400 ROTATION_0}}} m=CHANGE f=IS_DISPLAY leash=Surface(name=WindowedMagnification:0:31)/@0xee211f3 sb=Rect(0, 0 - 1080, 2400) eb=Rect(0, 0 - 1080, 2400) d=0}]}
04-15 17:05:40.463 536 536 W Looper : Slow dispatch took 327ms main h=android.os.Handler c=android.database.ContentObserver$$ExternalSyntheticLambda0@90577d4 m=0
04-15 17:05:40.479 536 648 D BluetoothManagerService: Broadcasting onBluetoothServiceUp() to 3 receivers.
04-15 17:05:40.492 536 561 W system_server: Long monitor contention with owner android.display (560) at void com.android.server.wm.WindowManagerService.reportFocusChanged(android.os.IBinder, android.os.IBinder)(WindowManagerService.java:5329) waiters=1 in void com.android.server.wm.WindowAnimator.lambda$new$1(long) for 337ms
04-15 17:05:40.501 536 648 D BluetoothAdapter: onBluetoothServiceUp: android.bluetooth.IBluetooth$Stub$Proxy@5ffc479
04-15 17:05:40.502 1153 1174 D BluetoothAdapter: onBluetoothServiceUp: com.android.bluetooth.btservice.AdapterService$AdapterServiceBinder@e34bb87
04-15 17:05:40.510 536 557 W Looper : Slow dispatch took 503ms android.fg h=android.os.Handler c=com.android.server.wm.Transition$$ExternalSyntheticLambda10@a59b5be m=0
04-15 17:05:40.533 536 558 W Looper : Slow dispatch took 131ms android.ui h=com.android.server.am.PreBootBroadcaster$1 c=null m=1
04-15 17:05:40.544 536 611 W system_server: Long monitor contention with owner android.display (560) at void com.android.server.wm.WindowManagerService.reportFocusChanged(android.os.IBinder, android.os.IBinder)(WindowManagerService.java:5329) waiters=2 in void com.android.server.wm.BLASTSyncEngine$SyncGroup$1CommitCallback.onCommitted(android.view.SurfaceControl$Transaction) for 252ms
04-15 17:05:40.561 536 536 D BluetoothA2dp: Binding service...
04-15 17:05:40.562 536 536 D BluetoothManagerService: Trying to bind to profile: 2, while Bluetooth was disabled
04-15 17:05:40.608 536 536 D BluetoothHearingAid: Binding service...
04-15 17:05:40.609 536 536 D BluetoothManagerService: Trying to bind to profile: 21, while Bluetooth was disabled
04-15 17:05:40.616 536 536 D BluetoothLeAudio: Binding service...
04-15 17:05:40.617 536 536 D BluetoothManagerService: Trying to bind to profile: 22, while Bluetooth was disabled
04-15 17:05:40.619 536 567 V SystemServerTiming: finishUserUnlocked-0 took to complete: 5321ms
04-15 17:05:40.668 536 845 D BackupManagerService: user:0 readBackupEnableState enabled:false
04-15 17:05:40.681 896 936 W Looper : Slow dispatch took 73ms wmshell.anim h=android.os.Handler c=com.android.wm.shell.transition.DefaultTransitionHandler$$ExternalSyntheticLambda0@6f88bc5 m=0
04-15 17:05:40.685 536 845 I BackupManagerService: [UserID:0] Backup enabled => false
04-15 17:05:40.689 896 909 D BluetoothAdapter: onBluetoothServiceUp: android.bluetooth.IBluetooth$Stub$Proxy@1c7b91a
04-15 17:05:40.696 896 936 W Looper : Slow delivery took 219ms wmshell.anim h=android.view.Choreographer$FrameHandler c=android.view.Choreographer$FrameDisplayEventReceiver@6db1f41 m=0
04-15 17:05:40.701 896 931 W Looper : Drained
04-15 17:05:40.701 896 931 W Looper : Slow dispatch took 583ms wmshell.main h=android.os.Handler c=com.android.wm.shell.transition.Transitions$TransitionPlayerImpl$$ExternalSyntheticLambda0@dab0227 m=0
04-15 17:05:40.702 896 931 W Looper : Slow delivery took 141ms wmshell.main h=android.os.Handler c=null m=19
04-15 17:05:40.702 896 931 W Looper : Drained
04-15 17:05:40.735 1215 1215 D FallbackHome: User unlocked and real home found; let's go!
04-15 17:05:40.766 896 936 W Looper : Drained
04-15 17:05:40.786 1153 1363 D BluetoothAdapterService: enable() - Enable called with quiet mode status = false
04-15 17:05:40.792 1153 1331 I AdapterState: BLE_TURNING_ON : entered
04-15 17:05:40.793 1153 1331 D AdapterProperties: Setting state to BLE_TURNING_ON
04-15 17:05:40.797 1153 1331 D BluetoothAdapterService: updateAdapterState() - Broadcasting state BLE_TURNING_ON to 1 receivers.
04-15 17:05:40.866 896 931 V WindowManagerShell: Transition requested: android.os.BinderProxy@da1fcd4 TransitionRequestInfo { type = CLOSE, triggerTask = TaskInfo{userId=0 taskId=5 displayId=0 isRunning=false baseIntent=Intent { act=android.intent.action.MAIN cat=[android.intent.category.HOME] flg=0x10800100 cmp=com.android.settings/.FallbackHome } baseActivity=null topActivity=null origActivity=null realActivity=ComponentInfo{com.android.settings/com.android.settings.FallbackHome} numActivities=0 lastActiveTime=219800 supportsMultiWindow=false resizeMode=0 isResizeable=false minWidth=-1 minHeight=-1 defaultMinSize=220 token=WCT{android.window.IWindowContainerToken$Stub$Proxy@8f96e7d} topActivityType=2 pictureInPictureParams=null shouldDockBigOverlays=false launchIntoPipHostTaskId=-1 lastParentTaskIdBeforePip=-1 displayCutoutSafeInsets=null topActivityInfo=null launchCookies=[] positionInParent=Point(0, 0) parentTaskId=-1 isFocused=true isVisible=true isVisibleRequested=true isSleeping=false topActivityInSizeCompat=false topActivityEligibleForLetterboxEducation= false topActivityLetterboxed= false isFromDoubleTap= false topActivityLetterboxVerticalPosition= -1 topActivityLetterboxHorizontalPosition= -1 topActivityLetterboxWidth=-1 topActivityLetterboxHeight=-1 locusId=null displayAreaFeatureId=1 cameraCompatControlState=hidden}, remoteTransition = null, displayChange = null }
04-15 17:05:40.898 896 931 W Looper : Slow dispatch took 36ms wmshell.main h=android.os.Handler c=com.android.wm.shell.transition.Transitions$TransitionPlayerImpl$$ExternalSyntheticLambda1@38c5172 m=0
04-15 17:05:40.917 536 1678 I ActivityManager: Broadcasting: Intent { act=com.android.emulator.multidisplay.START flg=0x400000 cmp=com.android.emulator.multidisplay/.MultiDisplayServiceReceiver }
04-15 17:05:40.919 536 536 W Looper : Slow dispatch took 222ms main h=android.os.Handler c=com.android.server.media.SystemMediaRoute2Provider$$ExternalSyntheticLambda0@bc62e22 m=0
04-15 17:05:40.930 1215 1215 I Choreographer: Skipped 72 frames! The application may be doing too much work on its main thread.
04-15 17:05:40.940 536 648 D BluetoothManagerService: MESSAGE_GET_NAME_AND_ADDRESS
04-15 17:05:40.966 536 1678 I ActivityManager: Enqueued broadcast Intent { act=com.android.emulator.multidisplay.START flg=0x400000 cmp=com.android.emulator.multidisplay/.MultiDisplayServiceReceiver }: 0
04-15 17:05:41.020 536 610 D CompatibilityChangeReporter: Compat change id reported: 265464455; UID 10110; state: DISABLED
04-15 17:05:41.025 536 610 D CompatibilityChangeReporter: Compat change id reported: 265452344; UID 10110; state: DISABLED
04-15 17:05:41.027 896 936 W Looper : Slow dispatch took 246ms wmshell.anim h=android.view.Choreographer$FrameHandler c=android.view.Choreographer$FrameDisplayEventReceiver@6db1f41 m=0
04-15 17:05:41.027 536 610 D CompatibilityChangeReporter: Compat change id reported: 266124927; UID 10110; state: DISABLED
04-15 17:05:41.031 536 610 D CompatibilityChangeReporter: Compat change id reported: 265451093; UID 10110; state: DISABLED
04-15 17:05:41.037 536 610 D CompatibilityChangeReporter: Compat change id reported: 265456536; UID 10110; state: DISABLED
04-15 17:05:41.039 536 610 D CompatibilityChangeReporter: Compat change id reported: 255940284; UID 10110; state: DISABLED
04-15 17:05:41.059 1702 1702 V MediaProvider: Attached media from com.android.providers.media.module
04-15 17:05:41.088 896 936 W Looper : Slow dispatch took 43ms wmshell.anim h=android.view.Choreographer$FrameHandler c=android.view.Choreographer$FrameDisplayEventReceiver@6db1f41 m=0
04-15 17:05:41.055 536 610 D CompatibilityChangeReporter: Compat change id reported: 236283604; UID 10110; state: DISABLED
04-15 17:05:41.095 896 931 V WindowManagerShell: Transition animation finished (aborted=false), notifying core (#2)android.os.BinderProxy@76e48d6@0
04-15 17:05:41.098 536 610 D CompatibilityChangeReporter: Compat change id reported: 263959004; UID 10110; state: DISABLED
04-15 17:05:41.124 536 610 D CompatibilityChangeReporter: Compat change id reported: 264304459; UID 10110; state: DISABLED
04-15 17:05:41.126 536 610 D CompatibilityChangeReporter: Compat change id reported: 264301586; UID 10110; state: DISABLED
04-15 17:05:41.128 536 610 D CompatibilityChangeReporter: Compat change id reported: 254631730; UID 10110; state: DISABLED
04-15 17:05:41.130 536 610 D CompatibilityChangeReporter: Compat change id reported: 273509367; UID 10110; state: DISABLED
04-15 17:05:41.131 536 610 D CompatibilityChangeReporter: Compat change id reported: 263259275; UID 10110; state: DISABLED
04-15 17:05:41.147 536 610 D CompatibilityChangeReporter: Compat change id reported: 174042980; UID 10110; state: DISABLED
04-15 17:05:41.150 536 610 D CompatibilityChangeReporter: Compat change id reported: 174042936; UID 10110; state: DISABLED
04-15 17:05:41.151 536 610 D CompatibilityChangeReporter: Compat change id reported: 181136395; UID 10110; state: DISABLED
04-15 17:05:41.166 536 648 D BluetoothManagerService: Stored Bluetooth name: Android SDK built for x86_64
04-15 17:05:41.167 536 648 D BluetoothManagerService: MESSAGE_BLUETOOTH_STATE_CHANGE: OFF > BLE_TURNING_ON
04-15 17:05:41.167 536 648 D BluetoothManagerService: Sending BLE State Change: OFF > BLE_TURNING_ON
04-15 17:05:41.185 536 557 W Looper : Drained
04-15 17:05:41.272 536 610 D CompatibilityChangeReporter: Compat change id reported: 184838306; UID 10110; state: DISABLED
04-15 17:05:41.274 536 610 D CompatibilityChangeReporter: Compat change id reported: 185004937; UID 10110; state: DISABLED
04-15 17:05:41.294 536 1629 W system_server: Long monitor contention with owner binder:536_A (993) at java.util.List com.android.server.om.OverlayManagerService.updatePackageManagerLocked(java.util.Collection, int)(OverlayManagerService.java:1534) waiters=10 in boolean com.android.server.om.OverlayManagerService$1.setEnabledExclusiveInCategory(java.lang.String, int) for 9.212s
04-15 17:05:41.306 0 0 E binder : invalid inc weak node for 31722
04-15 17:05:41.306 0 0 I binder : 536:1629 IncRefs 0 refcount change on invalid ref 553 ret -22
04-15 17:05:41.306 0 0 E binder : invalid inc weak node for 31724
04-15 17:05:41.306 0 0 I binder : 536:1629 IncRefs 0 refcount change on invalid ref 554 ret -22
04-15 17:05:41.307 536 1726 D ConnectivityService: requestNetwork for uid/pid:1000/536 activeRequest: null callbackRequest: 28 [NetworkRequest [ REQUEST id=29, [ Capabilities: INTERNET&NOT_RESTRICTED&TRUSTED&NOT_VCN_MANAGED Uid: 1000 RequestorUid: 1000 RequestorPkg: android UnderlyingNetworks: Null] ]] callback flags: 0 order: 2147483647
04-15 17:05:41.310 536 822 D ConnectivityService: NetReassign [no changes] [c 0] [a 0] [i 1]
04-15 17:05:41.342 896 945 W Looper : Slow dispatch took 1517ms SysUiBg h=android.os.Handler c=android.net.wifi.WifiManager$ScanResultsCallback$ScanResultsCallbackProxy$$ExternalSyntheticLambda0@9b37579 m=0
04-15 17:05:41.346 536 815 D WifiNetworkFactory: got request NetworkRequest [ REQUEST id=29, [ Capabilities: INTERNET&NOT_RESTRICTED&TRUSTED&NOT_VCN_MANAGED Uid: 1000 RequestorUid: 1000 RequestorPkg: android UnderlyingNetworks: Null] ]
04-15 17:05:41.346 536 815 D UntrustedWifiNetworkFactory: got request NetworkRequest [ REQUEST id=29, [ Capabilities: INTERNET&NOT_RESTRICTED&TRUSTED&NOT_VCN_MANAGED Uid: 1000 RequestorUid: 1000 RequestorPkg: android UnderlyingNetworks: Null] ]
04-15 17:05:41.347 536 815 D OemPaidWifiNetworkFactory: got request NetworkRequest [ REQUEST id=29, [ Capabilities: INTERNET&NOT_RESTRICTED&TRUSTED&NOT_VCN_MANAGED Uid: 1000 RequestorUid: 1000 RequestorPkg: android UnderlyingNetworks: Null] ]
04-15 17:05:41.348 536 815 D MultiInternetWifiNetworkFactory: got request NetworkRequest [ REQUEST id=29, [ Capabilities: INTERNET&NOT_RESTRICTED&TRUSTED&NOT_VCN_MANAGED Uid: 1000 RequestorUid: 1000 RequestorPkg: android UnderlyingNetworks: Null] ]
04-15 17:05:41.350 536 610 D CompatibilityChangeReporter: Compat change id reported: 194480991; UID 10110; state: ENABLED
04-15 17:05:41.359 536 1502 E ActivityManager: Aborting stack trace dump (current native pid=155); deadline exceeded.
04-15 17:05:41.367 1153 1331 D AdapterState: Start Timeout Delay: 4000
04-15 17:05:41.368 1153 1331 D BluetoothAdapterService: bleOnProcessStart()
04-15 17:05:41.369 1153 1331 I AdapterProperties: init(), maxConnectedAudioDevices, default=5, propertyOverlayed=5, finalValue=5
04-15 17:05:41.381 536 1664 D CompatibilityChangeReporter: Compat change id reported: 182478738; UID 10118; state: ENABLED
04-15 17:05:41.402 536 1642 E IPCThreadState: Binder transaction failure: 34819/29189/-22
04-15 17:05:41.425 536 610 D CompatibilityChangeReporter: Compat change id reported: 197654537; UID 10110; state: ENABLED
04-15 17:05:41.442 536 610 I ActivityTaskManager: START u0 {act=android.intent.action.MAIN cat=[android.intent.category.HOME] flg=0x10000100 cmp=com.android.sdksetup/.DefaultActivity (has extras)} with LAUNCH_SINGLE_TASK from uid 0 (BAL_ALLOW_ALLOWLISTED_UID) result code=0
04-15 17:05:41.474 536 536 W ActivityThread: getPackageInfo() called with an older ApplicationInfo than the cached version for package android
04-15 17:05:41.535 1215 1215 I Choreographer: Skipped 34 frames! The application may be doing too much work on its main thread.
04-15 17:05:41.544 536 561 W system_server: Long monitor contention with owner binder:536_4 (610) at android.window.TaskSnapshot com.android.server.wm.SnapshotCache.getSnapshot(java.lang.Integer)(SnapshotCache.java:53) waiters=0 in void com.android.server.wm.InputMonitor$UpdateInputWindows.run() for 540ms
04-15 17:05:41.557 536 994 W system_server: Long monitor contention with owner binder:536_4 (610) at android.window.TaskSnapshot com.android.server.wm.SnapshotCache.getSnapshot(java.lang.Integer)(SnapshotCache.java:53) waiters=1 in int com.android.server.wm.WindowOrganizerController.finishTransition(android.os.IBinder, android.window.WindowContainerTransaction, android.window.IWindowContainerTransactionCallback) for 381ms
04-15 17:05:41.598 896 931 V WindowManagerShell: Track 0 became idle
04-15 17:05:41.598 896 931 W Looper : Slow dispatch took 535ms wmshell.main h=android.os.Handler c=com.android.wm.shell.transition.DefaultTransitionHandler$$ExternalSyntheticLambda7@16cf035 m=0
04-15 17:05:41.598 896 931 W Looper : Slow delivery took 201ms wmshell.main h=android.os.Handler c=null m=10
04-15 17:05:41.610 536 822 D ConnectivityService: NetReassign [no changes] [c 0] [a 0] [i 1]
04-15 17:05:41.641 896 931 W Looper : Drained
04-15 17:05:41.657 536 557 V WindowManager: Finish Transition #2: created at
04-15 17:05:36.783 collect-started=0.177ms request-sent=31.0ms started=2060.968ms ready=2068.654ms sent=2675.978ms finished=4776.412ms
04-15 17:05:41.679 536 557 W Looper : Slow dispatch took 116ms android.fg h=android.os.Handler c=com.android.server.wm.Transition$$ExternalSyntheticLambda2@94198f5 m=0
04-15 17:05:41.703 536 536 W NotificationHistory: Attempted to add notif for locked/gone/disabled user 0
04-15 17:05:41.704 536 536 W Looper : Slow dispatch took 766ms main h=com.android.server.notification.NotificationManagerService$WorkerHandler c=com.android.server.notification.NotificationManagerService$PostNotificationRunnable@e5a3918 m=0
04-15 17:05:41.746 896 1428 W ndroid.systemui: Long monitor contention with owner DefaultDispatcher-worker-6 (1415) at boolean com.android.systemui.log.LogcatEchoTrackerDebug.isTagLoggable(java.lang.String, com.android.systemui.log.LogLevel)(go/retraceme bb0c85583bc8cef368173602f8ea06d241ec8a7fed6aca80388046fe2c5dd77a:20) waiters=0 in boolean com.android.systemui.log.LogcatEchoTrackerDebug.isBufferLoggable(java.lang.String, com.android.systemui.log.LogLevel) for 300ms
04-15 17:05:41.878 536 1726 W system_server: Long monitor contention with owner backup (845) at void com.android.server.backup.UserBackupManagerService.updateStateOnBackupEnabled(boolean, boolean)(UserBackupManagerService.java:3312) waiters=0 in void com.android.server.backup.UserBackupManagerService.dataChangedImpl(java.lang.String, java.util.HashSet) for 489ms
04-15 17:05:41.896 536 648 W system_server: Long monitor contention with owner ActivityManager (567) at void com.android.server.am.BroadcastQueueModernImpl.checkPendingColdStartValidity()(BroadcastQueueModernImpl.java:559) waiters=0 in int com.android.server.am.ActivityManagerService.broadcastIntentWithFeature(android.app.IApplicationThread, java.lang.String, android.content.Intent, java.lang.String, android.content.IIntentReceiver, int, java.lang.String, android.os.Bundle, java.lang.String[], java.lang.String[], java.lang.String[], int, android.os.Bundle, boolean, boolean, int) for 583ms
04-15 17:05:41.910 536 648 W BroadcastLoopers: Found previously unknown looper Thread[BluetoothManagerService,5,main]
04-15 17:05:41.918 536 1642 W system_server: Long monitor contention with owner ActivityManager (567) at void com.android.server.am.BroadcastQueueModernImpl.checkPendingColdStartValidity()(BroadcastQueueModernImpl.java:559) waiters=1 in android.content.Intent com.android.server.am.ActivityManagerService.registerReceiverWithFeature(android.app.IApplicationThread, java.lang.String, java.lang.String, java.lang.String, android.content.IIntentReceiver, android.content.IntentFilter, java.lang.String, int, int) for 501ms
04-15 17:05:41.921 536 560 W system_server: Long monitor contention with owner ActivityManager (567) at void com.android.server.am.BroadcastQueueModernImpl.checkPendingColdStartValidity()(BroadcastQueueModernImpl.java:559) waiters=2 in void com.android.server.am.ActivityManagerService$LocalService.startProcess(java.lang.String, android.content.pm.ApplicationInfo, boolean, boolean, java.lang.String, android.content.ComponentName) for 317ms
04-15 17:05:41.935 536 560 D CompatibilityChangeReporter: Compat change id reported: 135634846; UID 10110; state: DISABLED
04-15 17:05:41.941 536 560 D CompatibilityChangeReporter: Compat change id reported: 177438394; UID 10110; state: DISABLED
04-15 17:05:41.942 536 560 D CompatibilityChangeReporter: Compat change id reported: 135772972; UID 10110; state: DISABLED
04-15 17:05:41.942 536 560 D CompatibilityChangeReporter: Compat change id reported: 135754954; UID 10110; state: ENABLED
04-15 17:05:41.949 536 568 D CompatibilityChangeReporter: Compat change id reported: 143937733; UID 10110; state: ENABLED
04-15 17:05:41.990 536 1714 E system_server: No package ID 7f found for resource ID 0x7f07009e.
04-15 17:05:41.997 536 1714 E system_server: No package ID 7f found for resource ID 0x7f120096.
04-15 17:05:42.010 324 324 D Zygote : Forked child process 1776
04-15 17:05:42.033 536 568 W ActivityManager: Slow operation: 100ms so far, now at startProcess: returned from zygote!
04-15 17:05:42.134 536 1726 V BackupManagerConstants: getKeyValueBackupIntervalMilliseconds(...) returns 14400000
04-15 17:05:42.135 536 1726 V BackupManagerConstants: getKeyValueBackupFuzzMilliseconds(...) returns 600000
04-15 17:05:42.135 536 1726 V BackupManagerConstants: getKeyValueBackupRequiredNetworkType(...) returns 1
04-15 17:05:42.135 536 1726 V BackupManagerConstants: getKeyValueBackupRequireCharging(...) returns true
04-15 17:05:42.135 536 1726 V KeyValueBackupJob: Scheduling k/v pass in 241 minutes
04-15 17:05:42.147 536 567 D OomAdjuster: Not killing cached processes
04-15 17:05:42.188 536 624 D CompatibilityChangeReporter: Compat change id reported: 265195908; UID 10110; state: ENABLED
04-15 17:05:42.201 536 1629 E IPCThreadState: Binder transaction failure: 35027/29189/-22
04-15 17:05:42.275 1776 1776 I ndroid.sdksetup: Using CollectorTypeCC GC.
04-15 17:05:42.284 896 1428 W ndroid.systemui: Long monitor contention with owner DefaultDispatcher-worker-16 (1433) at boolean com.android.systemui.log.LogcatEchoTrackerDebug.isBufferLoggable(java.lang.String, com.android.systemui.log.LogLevel)(go/retraceme bb0c85583bc8cef368173602f8ea06d241ec8a7fed6aca80388046fe2c5dd77a:24) waiters=0 in boolean com.android.systemui.log.LogcatEchoTrackerDebug.isTagLoggable(java.lang.String, com.android.systemui.log.LogLevel) for 478ms
04-15 17:05:42.289 1776 1776 W ndroid.sdksetup: Unexpected CPU variant for x86: x86_64.
04-15 17:05:42.289 1776 1776 W ndroid.sdksetup: Known variants: atom, sandybridge, silvermont, goldmont, goldmont-plus, tremont, kabylake, default
04-15 17:05:42.297 536 552 W system_server: Long monitor contention with owner ActivityManager (567) at void com.android.server.am.BroadcastQueueModernImpl.checkPendingColdStartValidity()(BroadcastQueueModernImpl.java:559) waiters=5 in void com.android.server.am.ActivityManagerService.attachApplication(android.app.IApplicationThread, long) for 207ms
04-15 17:05:42.301 536 552 D CompatibilityChangeReporter: Compat change id reported: 168419799; UID 1000; state: DISABLED
04-15 17:05:42.303 536 552 D CompatibilityChangeReporter: Compat change id reported: 273564678; UID 1000; state: DISABLED
04-15 17:05:42.317 1776 1776 E ndroid.sdksetup: Not starting debugger since process cannot load the jdwp agent.
04-15 17:05:42.346 536 558 W Looper : Slow dispatch took 167ms android.ui h=com.android.server.am.ActivityManagerService$UiHandler c=com.android.server.am.UidObserverController$$ExternalSyntheticLambda0@4c0ea4e m=0
04-15 17:05:42.369 536 633 D ActivityManager: freezing 1567 com.android.cellbroadcastreceiver.module
04-15 17:05:42.418 536 568 W ActivityManager: Slow operation: 485ms so far, now at startProcess: done updating battery stats
04-15 17:05:42.419 536 568 W ActivityManager: Slow operation: 486ms so far, now at startProcess: building log message
04-15 17:05:42.419 536 568 I ActivityManager: Start proc 1776:com.android.sdksetup/u0a110 for top-activity {com.android.sdksetup/com.android.sdksetup.DefaultActivity}
04-15 17:05:42.419 536 568 W ActivityManager: Slow operation: 486ms so far, now at startProcess: starting to update pids map
04-15 17:05:42.427 536 568 W ActivityManager: Slow operation: 494ms so far, now at startProcess: done updating pids map
04-15 17:05:42.428 1744 1744 D CompatibilityChangeReporter: Compat change id reported: 171979766; UID 1000; state: ENABLED
04-15 17:05:42.430 1744 1744 D CompatibilityChangeReporter: Compat change id reported: 242716250; UID 1000; state: ENABLED
04-15 17:05:42.451 536 1642 D CompatibilityChangeReporter: Compat change id reported: 168419799; UID 10110; state: DISABLED
04-15 17:05:42.460 1153 1331 D BluetoothAdapterService: bleOnProcessStart() - Make Bond State Machine
04-15 17:05:42.463 1153 1331 D BluetoothBondStateMachine: make
04-15 17:05:42.484 536 1642 D CompatibilityChangeReporter: Compat change id reported: 273564678; UID 10110; state: DISABLED
04-15 17:05:42.510 536 1642 W ActivityManager: Slow operation: 61ms so far, now at attachApplicationLocked: immediately after bindApplication
04-15 17:05:42.580 536 1642 W ActivityManager: Slow operation: 79ms so far, now at attachApplicationLocked: after updateLruProcessLocked
04-15 17:05:42.690 1153 1789 I BluetoothBondStateMachine: StableState(): Entering Off State
04-15 17:05:42.695 1076 1104 E SystemServiceRegistry: No service published for: ethernet
04-15 17:05:42.695 1076 1104 E SystemServiceRegistry: android.os.ServiceManager$ServiceNotFoundException: No service published for: ethernet
04-15 17:05:42.695 1076 1104 E SystemServiceRegistry: at android.os.ServiceManager.getServiceOrThrow(ServiceManager.java:166)
04-15 17:05:42.695 1076 1104 E SystemServiceRegistry: at android.app.SystemServiceRegistry$139.createService(SystemServiceRegistry.java:1872)
04-15 17:05:42.695 1076 1104 E SystemServiceRegistry: at android.app.SystemServiceRegistry$CachedServiceFetcher.getService(SystemServiceRegistry.java:1971)
04-15 17:05:42.695 1076 1104 E SystemServiceRegistry: at android.app.SystemServiceRegistry.getSystemService(SystemServiceRegistry.java:1645)
04-15 17:05:42.695 1076 1104 E SystemServiceRegistry: at android.app.ContextImpl.getSystemService(ContextImpl.java:2212)
04-15 17:05:42.695 1076 1104 E SystemServiceRegistry: at android.content.ContextWrapper.getSystemService(ContextWrapper.java:934)
04-15 17:05:42.695 1076 1104 E SystemServiceRegistry: at com.android.networkstack.tethering.Tethering.isEthernetSupported(Tethering.java:1582)
04-15 17:05:42.695 1076 1104 E SystemServiceRegistry: at com.android.networkstack.tethering.Tethering.makeSupportedDownstreams(Tethering.java:2550)
04-15 17:05:42.695 1076 1104 E SystemServiceRegistry: at com.android.networkstack.tethering.Tethering.updateSupportedDownstreams(Tethering.java:2524)
04-15 17:05:42.695 1076 1104 E SystemServiceRegistry: at com.android.networkstack.tethering.Tethering.updateConfiguration(Tethering.java:546)
04-15 17:05:42.695 1076 1104 E SystemServiceRegistry: at com.android.networkstack.tethering.Tethering.-$$Nest$mupdateConfiguration(Tethering.java:0)
04-15 17:05:42.695 1076 1104 E SystemServiceRegistry: at com.android.networkstack.tethering.Tethering$StateReceiver.onReceive(Tethering.java:1184)
04-15 17:05:42.695 1076 1104 E SystemServiceRegistry: at android.app.LoadedApk$ReceiverDispatcher$Args.lambda$getRunnable$0(LoadedApk.java:1802)
04-15 17:05:42.695 1076 1104 E SystemServiceRegistry: at android.app.LoadedApk$ReceiverDispatcher$Args.$r8$lambda$gDuJqgxY6Zb-ifyeubKeivTLAwk(Unknown Source:0)
04-15 17:05:42.695 1076 1104 E SystemServiceRegistry: at android.app.LoadedApk$ReceiverDispatcher$Args$$ExternalSyntheticLambda0.run(Unknown Source:2)
04-15 17:05:42.695 1076 1104 E SystemServiceRegistry: at android.os.Handler.handleCallback(Handler.java:958)
04-15 17:05:42.695 1076 1104 E SystemServiceRegistry: at android.os.Handler.dispatchMessage(Handler.java:99)
04-15 17:05:42.695 1076 1104 E SystemServiceRegistry: at android.os.Looper.loopOnce(Looper.java:205)
04-15 17:05:42.695 1076 1104 E SystemServiceRegistry: at android.os.Looper.loop(Looper.java:294)
04-15 17:05:42.695 1076 1104 E SystemServiceRegistry: at android.os.HandlerThread.run(HandlerThread.java:67)
04-15 17:05:42.755 1744 1744 D CompatibilityChangeReporter: Compat change id reported: 3400644; UID 1000; state: ENABLED
04-15 17:05:42.886 536 1642 W ActivityManager: Slow operation: 306ms so far, now at finishAttachApplicationInner: after mServices.attachApplicationLocked
04-15 17:05:42.902 536 1642 W ActivityManager: Slow operation: 323ms so far, now at finishAttachApplicationInner: after dispatching broadcasts
04-15 17:05:42.918 1776 1776 D CompatibilityChangeReporter: Compat change id reported: 171979766; UID 10110; state: ENABLED
04-15 17:05:42.918 1776 1776 D CompatibilityChangeReporter: Compat change id reported: 242716250; UID 10110; state: ENABLED
04-15 17:05:42.925 536 560 W system_server: Long monitor contention with owner binder:536_F (1642) at boolean com.android.server.wm.ActivityTaskManagerService$LocalService.attachApplication(com.android.server.wm.WindowProcessController)(ActivityTaskManagerService.java:6454) waiters=0 in void com.android.server.wm.ActivityTaskSupervisor$ActivityTaskSupervisorHandler.handleMessage(android.os.Message) for 168ms
04-15 17:05:42.952 536 561 W system_server: Long monitor contention with owner binder:536_F (1642) at boolean com.android.server.wm.ActivityTaskManagerService$LocalService.attachApplication(com.android.server.wm.WindowProcessController)(ActivityTaskManagerService.java:6454) waiters=2 in void com.android.server.wm.WindowSurfacePlacer$Traverser.run() for 170ms
04-15 17:05:42.983 536 1642 D CompatibilityChangeReporter: Compat change id reported: 170503758; UID 10110; state: ENABLED
