04-15 17:04:40.444 536 563 I system_server: libdebuggerd_client: started dumping process 323
04-15 17:04:40.450 192 192 I tombstoned: registered intercept for pid 323 and type kDebuggerdNativeBacktrace
04-15 17:04:40.454 323 323 I libc : Requested dump for pid 323 (binder:323_4)
04-15 17:04:40.503 1076 1076 V WifiManager: registerSoftApCallback: callback=com.android.networkstack.tethering.Tethering$TetheringSoftApCallback@545a67, executor=com.android.networkstack.tethering.Tethering$TetheringThreadExecutor@a201014
04-15 17:04:40.551 1076 1089 V WifiManager: SoftApCallbackProxy on mode 1, send InfoChanged, newInfo: SoftApInfo{bandwidth= 0, frequency= 0, wifiStandard= 0, mApInstanceIdentifier= null, mIdleShutdownTimeoutMillis= 0}
04-15 17:04:40.558 1076 1089 V WifiManager: SoftApCallbackProxy on mode 1, send InfoChanged, changedInfoList: []
04-15 17:04:40.559 1076 1089 V WifiManager: SoftApCallbackProxy on mode 1, send onConnectedClientsChanged(clients): []
04-15 17:04:40.566 536 815 D ApConfigUtil: Update Softap capability, add client control feature support
04-15 17:04:40.573 536 815 D ApConfigUtil: Update Softap capability, add MAC customization support
04-15 17:04:40.581 536 815 D ApConfigUtil: Update Softap capability, add 2.4G support
04-15 17:04:40.582 536 815 D ApConfigUtil: Update Softap capability, max client = 16
04-15 17:04:40.583 536 815 D WifiCountryCode: Reading country code from telephony
04-15 17:04:40.598 536 815 D WifiCountryCode: Set telephony country code to:
04-15 17:04:40.617 1076 1076 V WifiManager: registerLocalOnlyHotspotSoftApCallback: callback=com.android.networkstack.tethering.Tethering$LocalOnlyHotspotCallback@80520bd, executor=com.android.networkstack.tethering.Tethering$TetheringThreadExecutor@a201014
04-15 17:04:40.659 536 557 W Looper : Slow dispatch took 135ms android.fg h=android.os.Handler c= m=0
04-15 17:04:40.710 536 993 D ConnectivityService: requestNetwork for uid/pid:1073/1076 activeRequest: null callbackRequest: 19 [NetworkRequest [ TRACK_SYSTEM_DEFAULT id=19, [ Capabilities: INTERNET&NOT_RESTRICTED&TRUSTED&NOT_VPN&NOT_VCN_MANAGED RequestorUid: 1073 RequestorPkg: com.android.networkstack.tethering UnderlyingNetworks: Null] ]] callback flags: 0 order: 2147483647
04-15 17:04:40.717 1076 1089 V WifiManager: SoftApCallbackProxy on mode 2, send InfoChanged, newInfo: SoftApInfo{bandwidth= 0, frequency= 0, wifiStandard= 0, mApInstanceIdentifier= null, mIdleShutdownTimeoutMillis= 0}
04-15 17:04:40.719 1076 1089 V WifiManager: SoftApCallbackProxy on mode 2, send InfoChanged, changedInfoList: []
04-15 17:04:40.725 1076 1089 V WifiManager: SoftApCallbackProxy on mode 2, send onConnectedClientsChanged(clients): []
04-15 17:04:40.733 536 822 D ConnectivityService: NetReassign [no changes] [c 5] [a 0] [i 0]
04-15 17:04:40.757 536 815 D ApConfigUtil: Update Softap capability, add client control feature support
04-15 17:04:40.758 536 815 D ApConfigUtil: Update Softap capability, add MAC customization support
04-15 17:04:40.758 536 815 D ApConfigUtil: Update Softap capability, add 2.4G support
04-15 17:04:40.759 536 815 D ApConfigUtil: Update Softap capability, max client = 16
04-15 17:04:40.759 536 815 D WifiCountryCode: Reading country code from telephony
04-15 17:04:40.781 536 815 D WifiCountryCode: Set telephony country code to:
04-15 17:04:40.819 1120 1120 I crash_dump64: obtaining output fd from tombstoned, type: kDebuggerdNativeBacktrace
04-15 17:04:40.833 192 192 I tombstoned: received crash request for pid 323
04-15 17:04:40.833 192 192 I tombstoned: found intercept fd 512 for pid 323 and type kDebuggerdNativeBacktrace
04-15 17:04:40.837 1120 1120 I crash_dump64: performing dump of process 323 (target tid = 323)
04-15 17:04:41.088 192 192 W tombstoned: skipping tombstone file creation due to intercept
04-15 17:04:41.090 536 563 I system_server: libdebuggerd_client: done dumping process 323
04-15 17:04:41.129 0 0 I init : Untracked pid 1120 exited with status 0
04-15 17:04:41.129 0 0 I init : Untracked pid 1120 did not have an associated service entry and will not be reaped
04-15 17:04:41.129 0 0 I init : Untracked pid 1122 exited with status 0
04-15 17:04:41.130 0 0 I init : Untracked pid 1122 did not have an associated service entry and will not be reaped
04-15 17:04:41.132 536 563 I ActivityManager: Collecting stacks for native pid 326
04-15 17:04:41.154 536 557 W Looper : Slow dispatch took 122ms android.fg h=android.os.Handler c= m=0
04-15 17:04:41.169 536 563 I system_server: libdebuggerd_client: started dumping process 326
04-15 17:04:41.176 192 192 I tombstoned: registered intercept for pid 326 and type kDebuggerdNativeBacktrace
04-15 17:04:41.181 326 326 I libc : Requested dump for pid 326 (binder:326_2)
04-15 17:04:41.263 911 1098 I RoleControllerServiceImpl: Adding package as default/fallback role holder, package: com.android.messaging, role: android.app.role.SMS
04-15 17:04:41.337 896 902 I ndroid.systemui: Background concurrent copying GC freed 67202(3064KB) AllocSpace objects, 4(208KB) LOS objects, 49% free, 3652KB/7304KB, paused 22.997ms,155us total 1.258s
04-15 17:04:41.545 1125 1125 I crash_dump64: obtaining output fd from tombstoned, type: kDebuggerdNativeBacktrace
04-15 17:04:41.552 192 192 I tombstoned: received crash request for pid 326
04-15 17:04:41.556 192 192 I tombstoned: found intercept fd 512 for pid 326 and type kDebuggerdNativeBacktrace
04-15 17:04:41.559 1125 1125 I crash_dump64: performing dump of process 326 (target tid = 326)
04-15 17:04:41.662 192 192 W tombstoned: skipping tombstone file creation due to intercept
04-15 17:04:41.668 536 563 I system_server: libdebuggerd_client: done dumping process 326
04-15 17:04:41.685 0 0 I init : Untracked pid 1125 exited with status 0
04-15 17:04:41.685 0 0 I init : Untracked pid 1125 did not have an associated service entry and will not be reaped
04-15 17:04:41.686 0 0 I init : Untracked pid 1127 exited with status 0
04-15 17:04:41.686 0 0 I init : Untracked pid 1127 did not have an associated service entry and will not be reaped
04-15 17:04:41.687 536 563 I ActivityManager: Collecting stacks for native pid 331
04-15 17:04:41.690 536 563 I system_server: libdebuggerd_client: started dumping process 331
04-15 17:04:41.693 192 192 I tombstoned: registered intercept for pid 331 and type kDebuggerdNativeBacktrace
04-15 17:04:41.698 331 331 I libc : Requested dump for pid 331 (binder:331_2)
04-15 17:04:41.959 1130 1130 I crash_dump64: obtaining output fd from tombstoned, type: kDebuggerdNativeBacktrace
04-15 17:04:41.970 192 192 I tombstoned: received crash request for pid 331
04-15 17:04:41.970 192 192 I tombstoned: found intercept fd 512 for pid 331 and type kDebuggerdNativeBacktrace
04-15 17:04:41.973 911 1098 I RoleControllerServiceImpl: Adding package as default/fallback role holder, package: com.android.dialer, role: android.app.role.DIALER
04-15 17:04:41.977 1130 1130 I crash_dump64: performing dump of process 331 (target tid = 331)
04-15 17:04:42.060 192 192 W tombstoned: skipping tombstone file creation due to intercept
04-15 17:04:42.066 536 563 I system_server: libdebuggerd_client: done dumping process 331
04-15 17:04:42.081 0 0 I init : Untracked pid 1130 exited with status 0
04-15 17:04:42.081 0 0 I init : Untracked pid 1130 did not have an associated service entry and will not be reaped
04-15 17:04:42.083 0 0 I init : Untracked pid 1132 exited with status 0
04-15 17:04:42.084 0 0 I init : Untracked pid 1132 did not have an associated service entry and will not be reaped
04-15 17:04:42.088 536 563 I ActivityManager: Collecting stacks for native pid 332
04-15 17:04:42.090 536 563 I system_server: libdebuggerd_client: started dumping process 332
04-15 17:04:42.093 192 192 I tombstoned: registered intercept for pid 332 and type kDebuggerdNativeBacktrace
04-15 17:04:42.101 332 332 I libc : Requested dump for pid 332 (camera.provider)
04-15 17:04:42.558 1137 1137 I crash_dump64: obtaining output fd from tombstoned, type: kDebuggerdNativeBacktrace
04-15 17:04:42.581 192 192 I tombstoned: received crash request for pid 332
04-15 17:04:42.581 192 192 I tombstoned: found intercept fd 512 for pid 332 and type kDebuggerdNativeBacktrace
04-15 17:04:42.590 1137 1137 I crash_dump64: performing dump of process 332 (target tid = 332)
04-15 17:04:42.730 192 192 W tombstoned: skipping tombstone file creation due to intercept
04-15 17:04:42.732 536 563 I system_server: libdebuggerd_client: done dumping process 332
04-15 17:04:42.767 0 0 I init : Untracked pid 1137 exited with status 0
04-15 17:04:42.767 0 0 I init : Untracked pid 1137 did not have an associated service entry and will not be reaped
04-15 17:04:42.760 536 563 I ActivityManager: Collecting stacks for native pid 335
04-15 17:04:42.764 536 563 I system_server: libdebuggerd_client: started dumping process 335
04-15 17:04:42.766 192 192 I tombstoned: registered intercept for pid 335 and type kDebuggerdNativeBacktrace
04-15 17:04:42.779 0 0 I init : Untracked pid 1139 exited with status 0
04-15 17:04:42.779 0 0 I init : Untracked pid 1139 did not have an associated service entry and will not be reaped
04-15 17:04:42.773 335 335 I libc : Requested dump for pid 335 (android.hardwar)
04-15 17:04:42.979 911 1098 I RoleControllerServiceImpl: Adding package as default/fallback role holder, package: com.android.sdksetup, role: android.app.role.HOME
04-15 17:04:43.029 1142 1142 I crash_dump64: obtaining output fd from tombstoned, type: kDebuggerdNativeBacktrace
04-15 17:04:43.037 192 192 I tombstoned: received crash request for pid 335
04-15 17:04:43.040 192 192 I tombstoned: found intercept fd 512 for pid 335 and type kDebuggerdNativeBacktrace
04-15 17:04:43.042 1142 1142 I crash_dump64: performing dump of process 335 (target tid = 335)
04-15 17:04:43.099 536 563 I system_server: libdebuggerd_client: done dumping process 335
04-15 17:04:43.108 192 192 W tombstoned: skipping tombstone file creation due to intercept
04-15 17:04:43.116 536 563 I ActivityManager: Collecting stacks for native pid 336
04-15 17:04:43.122 0 0 I init : Untracked pid 1142 exited with status 0
04-15 17:04:43.122 0 0 I init : Untracked pid 1142 did not have an associated service entry and will not be reaped
04-15 17:04:43.122 536 563 I system_server: libdebuggerd_client: started dumping process 336
04-15 17:04:43.130 0 0 I init : Untracked pid 1144 exited with status 0
04-15 17:04:43.130 0 0 I init : Untracked pid 1144 did not have an associated service entry and will not be reaped
04-15 17:04:43.127 192 192 I tombstoned: registered intercept for pid 336 and type kDebuggerdNativeBacktrace
04-15 17:04:43.129 911 1098 I RoleControllerServiceImpl: Adding package as default/fallback role holder, package: com.android.systemui, role: android.app.role.SYSTEM_UI
04-15 17:04:43.146 192 192 I tombstoned: received crash request for pid 336
04-15 17:04:43.146 192 192 I tombstoned: found intercept fd 512 for pid 336 and type kDebuggerdNativeBacktrace
04-15 17:04:43.303 155 1045 I keystore2: system/security/keystore2/src/watchdog.rs:319 - Watchdog thread idle -> terminating. Have a great day.
04-15 17:04:43.318 911 1098 I RoleControllerServiceImpl: Adding package as default/fallback role holder, package: com.android.devicelockcontroller, role: android.app.role.SYSTEM_FINANCED_DEVICE_CONTROLLER
04-15 17:04:43.521 911 1098 I RoleControllerServiceImpl: Adding package as default/fallback role holder, package: com.android.emergency, role: android.app.role.EMERGENCY
04-15 17:04:43.593 911 1098 I RoleControllerServiceImpl: Adding package as default/fallback role holder, package: org.chromium.webview_shell, role: android.app.role.BROWSER
04-15 17:04:43.646 192 192 W tombstoned: skipping tombstone file creation due to intercept
04-15 17:04:43.647 536 563 I system_server: libdebuggerd_client: done dumping process 336
04-15 17:04:43.680 536 563 I ActivityManager: Collecting stacks for native pid 144
04-15 17:04:43.711 536 563 I system_server: libdebuggerd_client: started dumping process 144
04-15 17:04:43.753 192 192 I tombstoned: registered intercept for pid 144 and type kDebuggerdNativeBacktrace
04-15 17:04:43.760 144 144 I libc : Requested dump for pid 144 (binder:144_2)
04-15 17:04:43.816 536 536 W SystemServiceManager: Service com.android.role.RoleService took 7965 ms in onStartUser-0
04-15 17:04:43.818 536 536 V SystemServerTimingAsync: ssm.onStartUser-0_com.android.role.RoleService took to complete: 7967ms
04-15 17:04:43.819 536 536 D SystemServerTimingAsync: ssm.onStartUser-0_com.android.server.vibrator.VibratorManagerService$Lifecycle
04-15 17:04:43.819 536 536 V SystemServerTimingAsync: ssm.onStartUser-0_com.android.server.vibrator.VibratorManagerService$Lifecycle took to complete: 0ms
04-15 17:04:43.825 536 536 D SystemServerTimingAsync: ssm.onStartUser-0_com.android.server.tare.InternalResourceService
04-15 17:04:43.825 536 536 V SystemServerTimingAsync: ssm.onStartUser-0_com.android.server.tare.InternalResourceService took to complete: 0ms
04-15 17:04:43.826 536 536 D SystemServerTimingAsync: ssm.onStartUser-0_com.android.server.alarm.AlarmManagerService
04-15 17:04:43.827 536 536 V SystemServerTimingAsync: ssm.onStartUser-0_com.android.server.alarm.AlarmManagerService took to complete: 0ms
04-15 17:04:43.829 536 536 D SystemServerTimingAsync: ssm.onStartUser-0_com.android.server.devicestate.DeviceStateManagerService
04-15 17:04:43.830 536 536 V SystemServerTimingAsync: ssm.onStartUser-0_com.android.server.devicestate.DeviceStateManagerService took to complete: 0ms
04-15 17:04:43.830 536 536 D SystemServerTimingAsync: ssm.onStartUser-0_com.android.server.camera.CameraServiceProxy
04-15 17:04:43.860 536 536 V SystemServerTimingAsync: ssm.onStartUser-0_com.android.server.camera.CameraServiceProxy took to complete: 29ms
04-15 17:04:43.861 536 536 D SystemServerTimingAsync: ssm.onStartUser-0_com.android.server.bluetooth.BluetoothService
04-15 17:04:43.862 536 536 D BluetoothManagerService: Bluetooth boot completed
04-15 17:04:43.863 536 536 D BluetoothManagerService: Auto-enabling Bluetooth.
04-15 17:04:43.874 536 648 D BluetoothManagerService: MESSAGE_ENABLE(0): mBluetooth =null
04-15 17:04:43.875 536 648 D BluetoothManagerService: Persisting Bluetooth Setting: 1
04-15 17:04:43.947 536 648 D BluetoothManagerService: binding Bluetooth service
04-15 17:04:44.021 536 536 D BluetoothA2dp: Binding service...
04-15 17:04:44.066 536 536 D BluetoothManagerService: Trying to bind to profile: 2, while Bluetooth was disabled
04-15 17:04:44.071 536 536 D BluetoothHearingAid: Binding service...
04-15 17:04:44.073 536 536 D BluetoothManagerService: Trying to bind to profile: 21, while Bluetooth was disabled
04-15 17:04:44.074 536 536 D BluetoothLeAudio: Binding service...
04-15 17:04:44.074 536 536 D BluetoothManagerService: Trying to bind to profile: 22, while Bluetooth was disabled
04-15 17:04:44.075 536 536 I BluetoothAirplaneModeListener: start
04-15 17:04:44.131 1148 1148 I crash_dump64: obtaining output fd from tombstoned, type: kDebuggerdNativeBacktrace
04-15 17:04:44.142 192 192 I tombstoned: received crash request for pid 144
04-15 17:04:44.143 192 192 I tombstoned: found intercept fd 512 for pid 144 and type kDebuggerdNativeBacktrace
04-15 17:04:44.148 1148 1148 I crash_dump64: performing dump of process 144 (target tid = 144)
04-15 17:04:44.346 192 192 W tombstoned: skipping tombstone file creation due to intercept
04-15 17:04:44.368 0 0 I init : Untracked pid 1148 exited with status 0
04-15 17:04:44.356 536 563 I system_server: libdebuggerd_client: done dumping process 144
04-15 17:04:44.378 0 0 I init : Untracked pid 1148 did not have an associated service entry and will not be reaped
04-15 17:04:44.378 0 0 I init : Untracked pid 1150 exited with status 0
04-15 17:04:44.378 0 0 I init : Untracked pid 1150 did not have an associated service entry and will not be reaped
04-15 17:04:44.385 536 563 I ActivityManager: Collecting stacks for native pid 339
04-15 17:04:44.388 536 563 I system_server: libdebuggerd_client: started dumping process 339
04-15 17:04:44.390 192 192 I tombstoned: registered intercept for pid 339 and type kDebuggerdNativeBacktrace
04-15 17:04:44.393 339 339 I libc : Requested dump for pid 339 (android.hardwar)
04-15 17:04:44.474 536 567 W system_server: Long monitor contention with owner PackageManager (592) at void com.android.server.pm.permission.LegacyPermissionSettings.writePermissionTrees(com.android.modules.utils.TypedXmlSerializer)(LegacyPermissionSettings.java:150) waiters=0 in com.android.server.pm.Computer com.android.server.pm.PackageManagerService.snapshotComputer(boolean) for 421ms
04-15 17:04:44.485 536 648 W system_server: Long monitor contention with owner ActivityManager (567) at com.android.server.pm.Computer com.android.server.pm.PackageManagerService.snapshotComputer(boolean)(PackageManagerService.java:1195) waiters=0 in com.android.server.pm.Computer com.android.server.pm.PackageManagerService.snapshotComputer(boolean) for 432ms
04-15 17:04:44.517 536 648 D CompatibilityChangeReporter: Compat change id reported: 135634846; UID 1002; state: DISABLED
04-15 17:04:44.524 536 568 W ActivityManager: com.android.bluetooth inode == 0 (b/152760674)
04-15 17:04:44.568 324 324 D Zygote : Forked child process 1153
04-15 17:04:44.570 536 568 W ActivityManager: Slow operation: 60ms so far, now at startProcess: returned from zygote!
04-15 17:04:44.571 536 568 W ActivityManager: Slow operation: 61ms so far, now at startProcess: done updating battery stats
04-15 17:04:44.577 536 568 W ActivityManager: Slow operation: 67ms so far, now at startProcess: building log message
04-15 17:04:44.577 536 568 I ActivityManager: Start proc 1153:com.android.bluetooth/1002 for service {com.android.bluetooth/com.android.bluetooth.btservice.AdapterService}
04-15 17:04:44.577 536 568 W ActivityManager: Slow operation: 67ms so far, now at startProcess: starting to update pids map
04-15 17:04:44.579 536 568 W ActivityManager: Slow operation: 69ms so far, now at startProcess: done updating pids map
04-15 17:04:44.670 536 536 W SystemServiceManager: Service com.android.server.bluetooth.BluetoothService took 808 ms in onStartUser-0
04-15 17:04:44.670 536 536 V SystemServerTimingAsync: ssm.onStartUser-0_com.android.server.bluetooth.BluetoothService took to complete: 808ms
04-15 17:04:44.670 536 536 D SystemServerTimingAsync: ssm.onStartUser-0_com.android.server.connectivity.IpConnectivityMetrics
04-15 17:04:44.670 536 536 V SystemServerTimingAsync: ssm.onStartUser-0_com.android.server.connectivity.IpConnectivityMetrics took to complete: 0ms
04-15 17:04:44.670 536 536 D SystemServerTimingAsync: ssm.onStartUser-0_com.android.server.net.watchlist.NetworkWatchlistService$Lifecycle
04-15 17:04:44.670 536 536 V SystemServerTimingAsync: ssm.onStartUser-0_com.android.server.net.watchlist.NetworkWatchlistService$Lifecycle took to complete: 0ms
04-15 17:04:44.670 536 536 D SystemServerTimingAsync: ssm.onStartUser-0_com.android.server.PinnerService
04-15 17:04:44.671 536 536 V SystemServerTimingAsync: ssm.onStartUser-0_com.android.server.PinnerService took to complete: 0ms
04-15 17:04:44.671 536 536 D SystemServerTimingAsync: ssm.onStartUser-0_com.android.server.integrity.AppIntegrityManagerService
04-15 17:04:44.671 536 536 V SystemServerTimingAsync: ssm.onStartUser-0_com.android.server.integrity.AppIntegrityManagerService took to complete: 0ms
04-15 17:04:44.671 536 536 D SystemServerTimingAsync: ssm.onStartUser-0_com.android.server.logcat.LogcatManagerService
04-15 17:04:44.671 536 536 V SystemServerTimingAsync: ssm.onStartUser-0_com.android.server.logcat.LogcatManagerService took to complete: 0ms
04-15 17:04:44.671 536 536 D SystemServerTimingAsync: ssm.onStartUser-0_com.android.server.inputmethod.InputMethodManagerService$Lifecycle
04-15 17:04:44.671 536 536 V SystemServerTimingAsync: ssm.onStartUser-0_com.android.server.inputmethod.InputMethodManagerService$Lifecycle took to complete: 0ms
04-15 17:04:44.671 536 536 D SystemServerTimingAsync: ssm.onStartUser-0_com.android.server.accessibility.AccessibilityManagerService$Lifecycle
04-15 17:04:44.671 536 536 V SystemServerTimingAsync: ssm.onStartUser-0_com.android.server.accessibility.AccessibilityManagerService$Lifecycle took to complete: 0ms
04-15 17:04:44.671 536 536 D SystemServerTimingAsync: ssm.onStartUser-0_com.android.server.StorageManagerService$Lifecycle
04-15 17:04:44.695 536 536 V StorageManagerService: Package com.android.cts.priv.ctsshim does not have legacy storage
04-15 17:04:44.695 536 536 V StorageManagerService: Package com.android.uwb.resources does not have legacy storage
04-15 17:04:44.707 536 536 V StorageManagerService: Package com.android.internal.display.cutout.emulation.corner does not have legacy storage
04-15 17:04:44.707 536 536 V StorageManagerService: Package com.android.adservices.api does not have legacy storage
04-15 17:04:44.712 536 536 V StorageManagerService: Package com.android.internal.display.cutout.emulation.double does not have legacy storage
04-15 17:04:44.713 536 536 V StorageManagerService: Package com.android.providers.telephony does not have legacy storage
04-15 17:04:44.713 536 536 V StorageManagerService: Package com.android.dynsystem does not have legacy storage
04-15 17:04:44.713 536 536 V StorageManagerService: Package com.android.healthconnect.controller does not have legacy storage
04-15 17:04:44.714 536 536 V StorageManagerService: Package com.android.providers.calendar does not have legacy storage
04-15 17:04:44.714 536 536 V StorageManagerService: Package com.android.providers.media does not have legacy storage
04-15 17:04:44.714 536 536 V StorageManagerService: Package com.android.health.connect.backuprestore does not have legacy storage
04-15 17:04:44.714 536 536 V StorageManagerService: Package com.android.internal.systemui.navbar.gestural_wide_back does not have legacy storage
04-15 17:04:44.714 536 536 V StorageManagerService: Package com.android.virtualmachine.res does not have legacy storage
04-15 17:04:44.715 536 536 V StorageManagerService: Package com.android.wallpapercropper does not have legacy storage
04-15 17:04:44.715 536 536 V StorageManagerService: Package com.android.carrierconfig.auto_generated_rro_vendor__ does not have legacy storage
04-15 17:04:44.715 536 536 V StorageManagerService: Package com.android.systemui.emulation.pixel_3_xl does not have legacy storage
04-15 17:04:44.715 536 536 V StorageManagerService: Package com.android.systemui.emulation.pixel_4_xl does not have legacy storage
04-15 17:04:44.737 536 536 V StorageManagerService: Package com.android.systemui.emulation.pixel_fold does not have legacy storage
04-15 17:04:44.737 536 536 V StorageManagerService: Package com.android.documentsui does not have legacy storage
04-15 17:04:44.738 536 536 V StorageManagerService: Package com.android.externalstorage does not have legacy storage
04-15 17:04:44.738 536 536 V StorageManagerService: Package com.android.htmlviewer does not have legacy storage
04-15 17:04:44.738 536 536 V StorageManagerService: Package com.android.companiondevicemanager does not have legacy storage
04-15 17:04:44.738 536 536 V StorageManagerService: Package com.android.quicksearchbox does not have legacy storage
04-15 17:04:44.739 536 536 V StorageManagerService: Package com.android.mms.service does not have legacy storage
04-15 17:04:44.739 536 536 V StorageManagerService: Package com.android.providers.downloads does not have legacy storage
04-15 17:04:44.739 536 536 V StorageManagerService: Package com.android.messaging has legacy storage
04-15 17:04:44.739 536 536 V StorageManagerService: Package com.android.federatedcompute.services does not have legacy storage
04-15 17:04:44.782 536 536 V StorageManagerService: Package com.android.networkstack.tethering.emulator does not have legacy storage
04-15 17:04:44.783 536 536 V StorageManagerService: Package com.android.internal.emulation.pixel_3a_xl does not have legacy storage
04-15 17:04:44.783 536 536 V StorageManagerService: Package com.android.internal.emulation.pixel_6_pro does not have legacy storage
04-15 17:04:44.784 536 536 V StorageManagerService: Package com.android.internal.emulation.pixel_7_pro does not have legacy storage
04-15 17:04:44.790 536 536 V StorageManagerService: Package com.android.internal.emulation.pixel_8_pro does not have legacy storage
04-15 17:04:44.790 536 536 V StorageManagerService: Package com.android.internal.emulation.pixel_3a does not have legacy storage
04-15 17:04:44.790 536 536 V StorageManagerService: Package com.android.internal.emulation.pixel_4a does not have legacy storage
04-15 17:04:44.791 536 536 V StorageManagerService: Package com.android.internal.emulation.pixel_6a does not have legacy storage
04-15 17:04:44.791 536 536 V StorageManagerService: Package com.android.internal.emulation.pixel_7a does not have legacy storage
04-15 17:04:44.791 536 536 V StorageManagerService: Package com.android.safetycenter.resources does not have legacy storage
04-15 17:04:44.792 536 536 V StorageManagerService: Package com.android.providers.downloads.ui does not have legacy storage
04-15 17:04:44.800 536 536 V StorageManagerService: Package com.android.pacprocessor does not have legacy storage
04-15 17:04:44.801 536 536 V StorageManagerService: Package com.android.simappdialog does not have legacy storage
04-15 17:04:44.801 536 536 V StorageManagerService: Package com.android.networkstack does not have legacy storage
04-15 17:04:44.801 536 536 V StorageManagerService: Package com.android.connectivity.resources does not have legacy storage
04-15 17:04:44.801 536 536 V StorageManagerService: Package com.android.internal.display.cutout.emulation.hole does not have legacy storage
04-15 17:04:44.801 536 536 V StorageManagerService: Package com.android.internal.display.cutout.emulation.tall does not have legacy storage
04-15 17:04:44.802 536 536 V StorageManagerService: Package com.android.modulemetadata does not have legacy storage
04-15 17:04:44.802 536 536 V StorageManagerService: Package com.android.certinstaller does not have legacy storage
04-15 17:04:44.802 536 536 V StorageManagerService: Package com.android.carrierconfig does not have legacy storage
04-15 17:04:44.803 536 536 V StorageManagerService: Package com.android.internal.systemui.navbar.threebutton does not have legacy storage
04-15 17:04:44.803 536 536 V StorageManagerService: Package com.android.wifi.dialog does not have legacy storage
04-15 17:04:44.803 536 536 V StorageManagerService: Package android does not have legacy storage
04-15 17:04:44.803 536 536 V StorageManagerService: Package com.android.contacts does not have legacy storage
04-15 17:04:44.803 536 536 V StorageManagerService: Package com.android.camera2 does not have legacy storage
04-15 17:04:44.808 536 536 V StorageManagerService: Package com.android.egg does not have legacy storage
04-15 17:04:44.809 536 536 V StorageManagerService: Package com.android.mtp does not have legacy storage
04-15 17:04:44.809 536 536 V StorageManagerService: Package com.android.nfc does not have legacy storage
04-15 17:04:44.809 536 536 V StorageManagerService: Package com.android.ons does not have legacy storage
04-15 17:04:44.809 536 536 V StorageManagerService: Package com.android.stk does not have legacy storage
04-15 17:04:44.810 536 536 V StorageManagerService: Package com.android.launcher3 does not have legacy storage
04-15 17:04:44.810 536 536 V StorageManagerService: Package com.android.backupconfirm does not have legacy storage
04-15 17:04:44.810 536 536 V StorageManagerService: Package com.android.systemui.auto_generated_rro_vendor__ does not have legacy storage
04-15 17:04:44.810 536 536 V StorageManagerService: Package com.android.internal.systemui.navbar.twobutton does not have legacy storage
04-15 17:04:44.811 536 536 V StorageManagerService: Package com.android.statementservice does not have legacy storage
04-15 17:04:44.811 536 536 V StorageManagerService: Package com.android.settings.intelligence does not have legacy storage
04-15 17:04:44.811 536 536 V StorageManagerService: Package com.android.calendar does not have legacy storage
04-15 17:04:44.811 536 536 V StorageManagerService: Package com.android.internal.systemui.navbar.gestural_extra_wide_back does not have legacy storage
04-15 17:04:44.895 1156 1156 I crash_dump64: obtaining output fd from tombstoned, type: kDebuggerdNativeBacktrace
04-15 17:04:44.908 192 192 I tombstoned: received crash request for pid 339
04-15 17:04:44.909 192 192 I tombstoned: found intercept fd 512 for pid 339 and type kDebuggerdNativeBacktrace
04-15 17:04:44.910 1156 1156 I crash_dump64: performing dump of process 339 (target tid = 339)
04-15 17:04:44.917 1153 1153 I droid.bluetooth: Using CollectorTypeCC GC.
04-15 17:04:44.966 1153 1153 W droid.bluetooth: Unexpected CPU variant for x86: x86_64.
04-15 17:04:44.966 1153 1153 W droid.bluetooth: Known variants: atom, sandybridge, silvermont, goldmont, goldmont-plus, tremont, kabylake, default
04-15 17:04:45.036 1153 1153 E droid.bluetooth: Not starting debugger since process cannot load the jdwp agent.
04-15 17:04:45.053 192 192 W tombstoned: skipping tombstone file creation due to intercept
04-15 17:04:45.081 0 0 I init : Untracked pid 1156 exited with status 0
04-15 17:04:45.081 0 0 I init : Untracked pid 1156 did not have an associated service entry and will not be reaped
04-15 17:04:45.083 0 0 I init : Untracked pid 1158 exited with status 0
04-15 17:04:45.083 0 0 I init : Untracked pid 1158 did not have an associated service entry and will not be reaped
04-15 17:04:44.812 536 536 V StorageManagerService: Package com.android.systemui.accessibility.accessibilitymenu does not have legacy storage
04-15 17:04:45.106 536 563 I system_server: libdebuggerd_client: done dumping process 339
04-15 17:04:45.119 536 536 V StorageManagerService: Package com.android.systemui.emulation.pixel_3 does not have legacy storage
04-15 17:04:45.124 536 536 V StorageManagerService: Package com.android.systemui.emulation.pixel_4 does not have legacy storage
04-15 17:04:45.125 536 536 V StorageManagerService: Package com.android.systemui.emulation.pixel_5 does not have legacy storage
04-15 17:04:45.125 536 536 V StorageManagerService: Package com.android.systemui.emulation.pixel_6 does not have legacy storage
04-15 17:04:45.125 536 536 V StorageManagerService: Package com.android.systemui.emulation.pixel_7 does not have legacy storage
04-15 17:04:45.125 536 536 V StorageManagerService: Package com.android.systemui.emulation.pixel_8 does not have legacy storage
04-15 17:04:45.126 536 536 V StorageManagerService: Package com.android.emulator.radio.config does not have legacy storage
04-15 17:04:45.126 536 536 V StorageManagerService: Package com.android.providers.settings does not have legacy storage
04-15 17:04:45.126 536 536 V StorageManagerService: Package com.android.sharedstoragebackup does not have legacy storage
04-15 17:04:45.126 536 536 V StorageManagerService: Package com.android.printspooler does not have legacy storage
04-15 17:04:45.127 536 536 V StorageManagerService: Package com.android.dreams.basic does not have legacy storage
04-15 17:04:45.127 536 536 V StorageManagerService: Package com.android.webview does not have legacy storage
04-15 17:04:45.127 536 536 V StorageManagerService: Package com.android.se does not have legacy storage
04-15 17:04:45.127 536 536 V StorageManagerService: Package com.android.inputdevices does not have legacy storage
04-15 17:04:45.127 536 536 V StorageManagerService: Package com.android.rkpdapp does not have legacy storage
04-15 17:04:45.145 536 563 I ActivityManager: Collecting stacks for native pid 340
04-15 17:04:45.147 536 563 I system_server: libdebuggerd_client: started dumping process 340
04-15 17:04:45.152 536 536 V StorageManagerService: Package com.android.bips does not have legacy storage
04-15 17:04:45.153 536 536 V StorageManagerService: Package com.android.internal.emulation.pixel_3 does not have legacy storage
04-15 17:04:45.153 536 536 V StorageManagerService: Package com.android.internal.emulation.pixel_4 does not have legacy storage
04-15 17:04:45.154 536 536 V StorageManagerService: Package com.android.internal.emulation.pixel_5 does not have legacy storage
04-15 17:04:45.154 536 536 V StorageManagerService: Package com.android.internal.emulation.pixel_6 does not have legacy storage
04-15 17:04:45.155 536 536 V StorageManagerService: Package com.android.internal.emulation.pixel_7 does not have legacy storage
04-15 17:04:45.155 536 536 V StorageManagerService: Package com.android.internal.emulation.pixel_8 does not have legacy storage
04-15 17:04:45.163 192 192 I tombstoned: registered intercept for pid 340 and type kDebuggerdNativeBacktrace
04-15 17:04:45.172 340 340 I libc : Requested dump for pid 340 (android.hardwar)
04-15 17:04:45.181 536 536 V StorageManagerService: Package com.android.sdksetup does not have legacy storage
04-15 17:04:45.183 536 536 V StorageManagerService: Package com.android.musicfx does not have legacy storage
04-15 17:04:45.184 536 536 V StorageManagerService: Package com.android.internal.display.cutout.emulation.emu01 does not have legacy storage
04-15 17:04:45.318 536 579 W ProcessCpuTracker: Failed to stat(/proc/1152): android.system.ErrnoException: stat failed: ENOENT (No such file or directory)
04-15 17:04:45.325 536 579 W ProcessCpuTracker: Skipping unknown process pid 1152
04-15 17:04:45.397 536 994 D GameManagerService: User ID '0' does not have a Game Mode selected for package: 'com.android.bluetooth'
04-15 17:04:45.399 536 994 D CompatibilityChangeReporter: Compat change id reported: 168419799; UID 1002; state: DISABLED
04-15 17:04:45.402 536 994 D CompatibilityChangeReporter: Compat change id reported: 273564678; UID 1002; state: DISABLED
04-15 17:04:45.452 536 624 D CompatibilityChangeReporter: Compat change id reported: 265195908; UID 1002; state: ENABLED
04-15 17:04:45.466 536 536 V StorageManagerService: Package com.android.providers.settings.auto_generated_rro_vendor__ does not have legacy storage
04-15 17:04:45.468 536 536 V StorageManagerService: Package com.android.cellbroadcastreceiver does not have legacy storage
04-15 17:04:45.470 536 536 V StorageManagerService: Package android.ext.shared does not have legacy storage
04-15 17:04:45.471 536 536 V StorageManagerService: Package com.android.server.telecom does not have legacy storage
04-15 17:04:45.472 536 536 V StorageManagerService: Package com.android.cellbroadcastservice does not have legacy storage
04-15 17:04:45.473 536 536 V StorageManagerService: Package com.android.keychain does not have legacy storage
04-15 17:04:45.473 536 536 V StorageManagerService: Package com.android.printservice.recommendation does not have legacy storage
04-15 17:04:45.474 536 536 V StorageManagerService: Package com.android.dialer does not have legacy storage
04-15 17:04:45.475 536 536 V StorageManagerService: Package com.android.gallery3d has legacy storage
04-15 17:04:45.475 536 536 V StorageManagerService: Package android.ext.services does not have legacy storage
04-15 17:04:45.476 536 536 V StorageManagerService: Package com.android.wifi.resources does not have legacy storage
04-15 17:04:45.477 536 536 V StorageManagerService: Package com.android.calllogbackup does not have legacy storage
04-15 17:04:45.478 536 536 V StorageManagerService: Package com.android.cameraextensions does not have legacy storage
04-15 17:04:45.478 536 536 V StorageManagerService: Package com.android.localtransport does not have legacy storage
04-15 17:04:45.479 536 536 V StorageManagerService: Package com.android.packageinstaller does not have legacy storage
04-15 17:04:45.479 536 536 V StorageManagerService: Package com.android.carrierdefaultapp does not have legacy storage
04-15 17:04:45.480 536 536 V StorageManagerService: Package com.android.credentialmanager does not have legacy storage
04-15 17:04:45.481 536 536 V StorageManagerService: Package com.android.theme.font.notoserifsource does not have legacy storage
04-15 17:04:45.481 536 536 V StorageManagerService: Package com.android.proxyhandler does not have legacy storage
04-15 17:04:45.483 536 536 V StorageManagerService: Package com.android.internal.display.cutout.emulation.waterfall does not have legacy storage
04-15 17:04:45.484 536 536 V StorageManagerService: Package com.android.intentresolver does not have legacy storage
04-15 17:04:45.485 536 536 V StorageManagerService: Package com.android.nearby.halfsheet does not have legacy storage
04-15 17:04:45.485 536 536 V StorageManagerService: Package com.android.inputmethod.latin does not have legacy storage
04-15 17:04:45.486 536 536 V StorageManagerService: Package com.android.internal.systemui.navbar.transparent does not have legacy storage
04-15 17:04:45.487 536 536 V StorageManagerService: Package org.chromium.webview_shell does not have legacy storage
04-15 17:04:45.493 536 536 V StorageManagerService: Package com.android.managedprovisioning does not have legacy storage
04-15 17:04:45.495 536 536 V StorageManagerService: Package com.android.networkstack.tethering does not have legacy storage
04-15 17:04:45.514 536 536 V StorageManagerService: Package com.android.soundpicker does not have legacy storage
04-15 17:04:45.528 536 536 V StorageManagerService: Package com.android.systemui.emulation.pixel_3a_xl does not have legacy storage
04-15 17:04:45.529 536 536 V StorageManagerService: Package com.android.systemui.emulation.pixel_6_pro does not have legacy storage
04-15 17:04:45.529 536 536 V StorageManagerService: Package com.android.systemui.emulation.pixel_7_pro does not have legacy storage
04-15 17:04:45.529 536 536 V StorageManagerService: Package com.android.systemui.emulation.pixel_8_pro does not have legacy storage
04-15 17:04:45.530 536 536 V StorageManagerService: Package com.android.dreams.phototable does not have legacy storage
04-15 17:04:45.530 536 536 V StorageManagerService: Package com.android.emulator.multidisplay does not have legacy storage
04-15 17:04:45.530 536 536 V StorageManagerService: Package com.android.providers.partnerbookmarks does not have legacy storage
04-15 17:04:45.530 536 536 V StorageManagerService: Package com.android.role.notes.enabled does not have legacy storage
04-15 17:04:45.531 536 536 V StorageManagerService: Package com.android.wallpaper.livepicker does not have legacy storage
04-15 17:04:45.531 536 536 V StorageManagerService: Package com.android.cellbroadcastreceiver.module does not have legacy storage
04-15 17:04:45.531 536 536 V StorageManagerService: Package com.android.phone.auto_generated_rro_vendor__ does not have legacy storage
04-15 17:04:45.531 536 536 V StorageManagerService: Package com.android.apps.tag does not have legacy storage
04-15 17:04:45.539 536 536 V StorageManagerService: Package com.android.imsserviceentitlement does not have legacy storage
04-15 17:04:45.555 1172 1172 I crash_dump64: obtaining output fd from tombstoned, type: kDebuggerdNativeBacktrace
04-15 17:04:45.563 536 536 V StorageManagerService: Package com.android.internal.emulation.pixel_2_xl does not have legacy storage
04-15 17:04:45.566 536 536 V StorageManagerService: Package com.android.internal.emulation.pixel_3_xl does not have legacy storage
04-15 17:04:45.577 536 536 V StorageManagerService: Package com.android.internal.emulation.pixel_4_xl does not have legacy storage
04-15 17:04:45.578 536 536 V StorageManagerService: Package com.android.internal.emulation.pixel_fold does not have legacy storage
04-15 17:04:45.579 536 536 V StorageManagerService: Package com.android.storagemanager does not have legacy storage
04-15 17:04:45.580 536 536 V StorageManagerService: Package com.android.bookmarkprovider does not have legacy storage
04-15 17:04:45.581 536 536 V StorageManagerService: Package com.android.settings does not have legacy storage
04-15 17:04:45.582 536 536 V StorageManagerService: Package com.android.systemui.emulation.pixel_3a does not have legacy storage
04-15 17:04:45.583 536 536 V StorageManagerService: Package com.android.systemui.emulation.pixel_4a does not have legacy storage
04-15 17:04:45.589 536 536 V StorageManagerService: Package com.android.systemui.emulation.pixel_6a does not have legacy storage
04-15 17:04:45.590 536 536 V StorageManagerService: Package com.android.systemui.emulation.pixel_7a does not have legacy storage
04-15 17:04:45.591 536 536 V StorageManagerService: Package com.android.cts.ctsshim does not have legacy storage
04-15 17:04:45.591 536 536 V StorageManagerService: Package com.android.vpndialogs does not have legacy storage
04-15 17:04:45.597 536 536 V StorageManagerService: Package com.android.connectivity.resources.goldfish.overlay does not have legacy storage
04-15 17:04:45.598 192 192 I tombstoned: received crash request for pid 340
04-15 17:04:45.599 192 192 I tombstoned: found intercept fd 512 for pid 340 and type kDebuggerdNativeBacktrace
04-15 17:04:45.605 1172 1172 I crash_dump64: performing dump of process 340 (target tid = 340)
04-15 17:04:45.606 536 536 V StorageManagerService: Package com.android.music does not have legacy storage
04-15 17:04:45.607 536 536 V StorageManagerService: Package com.android.phone does not have legacy storage
04-15 17:04:45.607 536 536 V StorageManagerService: Package com.android.shell does not have legacy storage
04-15 17:04:45.613 536 536 V StorageManagerService: Package com.android.sdksandbox does not have legacy storage
04-15 17:04:45.613 536 536 V StorageManagerService: Package com.android.wallpaperbackup does not have legacy storage
04-15 17:04:45.613 536 536 V StorageManagerService: Package com.android.providers.blockednumber does not have legacy storage
04-15 17:04:45.614 536 536 V StorageManagerService: Package com.android.providers.userdictionary does not have legacy storage
04-15 17:04:45.614 536 536 V StorageManagerService: Package com.android.providers.media.module does not have legacy storage
04-15 17:04:45.614 536 536 V StorageManagerService: Package com.android.emergency does not have legacy storage
04-15 17:04:45.614 536 536 V StorageManagerService: Package com.android.hotspot2.osulogin does not have legacy storage
04-15 17:04:45.615 536 536 V StorageManagerService: Package com.android.internal.systemui.navbar.gestural does not have legacy storage
04-15 17:04:45.615 536 536 V StorageManagerService: Package com.android.location.fused does not have legacy storage
04-15 17:04:45.615 536 536 V StorageManagerService: Package com.android.deskclock does not have legacy storage
04-15 17:04:45.615 536 536 V StorageManagerService: Package com.android.systemui does not have legacy storage
04-15 17:04:45.615 536 536 V StorageManagerService: Package com.android.bluetoothmidiservice does not have legacy storage
04-15 17:04:45.617 536 994 W ActivityManager: Slow operation: 172ms so far, now at finishAttachApplicationInner: after mServices.attachApplicationLocked
04-15 17:04:45.617 536 994 W ActivityManager: Slow operation: 203ms so far, now at finishAttachApplicationInner: after dispatching broadcasts
04-15 17:04:45.627 1153 1153 D CompatibilityChangeReporter: Compat change id reported: 171979766; UID 1002; state: ENABLED
04-15 17:04:45.639 1153 1153 D CompatibilityChangeReporter: Compat change id reported: 242716250; UID 1002; state: ENABLED
04-15 17:04:45.623 536 558 W Looper : Slow dispatch took 193ms android.ui h=com.android.server.am.ActivityManagerService$UiHandler c=com.android.server.am.UidObserverController$$ExternalSyntheticLambda0@4c0ea4e m=0
04-15 17:04:45.647 536 567 W system_server: Long monitor contention with owner binder:536_B (994) at void com.android.server.am.ActivityManagerService.finishAttachApplicationInner(long, int, int)(ActivityManagerService.java:4940) waiters=1 in boolean com.android.server.am.BroadcastQueueModernImpl.lambda$new$0(android.os.Message) for 141ms
04-15 17:04:45.654 536 536 V StorageManagerService: Package com.android.permissioncontroller does not have legacy storage
04-15 17:04:45.655 536 536 V StorageManagerService: Package com.android.traceur does not have legacy storage
04-15 17:04:45.655 536 536 V StorageManagerService: Package com.android.ondevicepersonalization.services does not have legacy storage
04-15 17:04:45.655 536 536 V StorageManagerService: Package com.android.bluetooth does not have legacy storage
04-15 17:04:45.655 536 536 V StorageManagerService: Package com.android.wallpaperpicker does not have legacy storage
04-15 17:04:45.661 536 536 V StorageManagerService: Package com.android.providers.contacts does not have legacy storage
04-15 17:04:45.661 536 536 V StorageManagerService: Package com.android.captiveportallogin does not have legacy storage
04-15 17:04:45.676 536 536 V StorageManagerService: Package com.android.internal.systemui.navbar.gestural_narrow_back does not have legacy storage
04-15 17:04:45.677 536 536 V StorageManagerService: Package com.android.devicelockcontroller does not have legacy storage
04-15 17:04:45.677 536 536 V StorageManagerService: Package android.auto_generated_rro_vendor__ does not have legacy storage
04-15 17:04:45.682 536 536 D CompatibilityChangeReporter: Compat change id reported: 161145287; UID 1000; state: ENABLED
04-15 17:04:45.698 536 536 W SystemServiceManager: Service com.android.server.StorageManagerService$Lifecycle took 1026 ms in onStartUser-0
04-15 17:04:45.698 536 536 V SystemServerTimingAsync: ssm.onStartUser-0_com.android.server.StorageManagerService$Lifecycle took to complete: 1027ms
04-15 17:04:45.699 536 536 D SystemServerTimingAsync: ssm.onStartUser-0_com.android.server.usage.StorageStatsService$Lifecycle
04-15 17:04:45.699 536 536 V SystemServerTimingAsync: ssm.onStartUser-0_com.android.server.usage.StorageStatsService$Lifecycle took to complete: 0ms
04-15 17:04:45.699 536 536 D SystemServerTimingAsync: ssm.onStartUser-0_com.android.server.UiModeManagerService
04-15 17:04:45.699 536 536 V SystemServerTimingAsync: ssm.onStartUser-0_com.android.server.UiModeManagerService took to complete: 0ms
04-15 17:04:45.699 536 536 D SystemServerTimingAsync: ssm.onStartUser-0_com.android.server.locales.LocaleManagerService
04-15 17:04:45.699 536 536 V SystemServerTimingAsync: ssm.onStartUser-0_com.android.server.locales.LocaleManagerService took to complete: 0ms
04-15 17:04:45.699 536 536 D SystemServerTimingAsync: ssm.onStartUser-0_com.android.server.grammaticalinflection.GrammaticalInflectionService
04-15 17:04:45.699 536 536 V SystemServerTimingAsync: ssm.onStartUser-0_com.android.server.grammaticalinflection.GrammaticalInflectionService took to complete: 0ms
04-15 17:04:45.699 536 536 D SystemServerTimingAsync: ssm.onStartUser-0_com.android.server.apphibernation.AppHibernationService
04-15 17:04:45.700 536 536 V SystemServerTimingAsync: ssm.onStartUser-0_com.android.server.apphibernation.AppHibernationService took to complete: 0ms
04-15 17:04:45.705 536 536 D SystemServerTimingAsync: ssm.onStartUser-0_com.android.server.locksettings.LockSettingsService$Lifecycle
04-15 17:04:45.706 536 536 V SystemServerTimingAsync: ssm.onStartUser-0_com.android.server.locksettings.LockSettingsService$Lifecycle took to complete: 0ms
04-15 17:04:45.706 536 536 D SystemServerTimingAsync: ssm.onStartUser-0_com.android.server.testharness.TestHarnessModeService
04-15 17:04:45.706 536 536 V SystemServerTimingAsync: ssm.onStartUser-0_com.android.server.testharness.TestHarnessModeService took to complete: 0ms
04-15 17:04:45.706 536 536 D SystemServerTimingAsync: ssm.onStartUser-0_com.android.server.DeviceIdleController
04-15 17:04:45.706 536 536 V SystemServerTimingAsync: ssm.onStartUser-0_com.android.server.DeviceIdleController took to complete: 0ms
04-15 17:04:45.706 536 536 D SystemServerTimingAsync: ssm.onStartUser-0_com.android.server.devicepolicy.DevicePolicyManagerService$Lifecycle
04-15 17:04:45.723 536 536 V SystemServerTimingAsync: ssm.onStartUser-0_com.android.server.devicepolicy.DevicePolicyManagerService$Lifecycle took to complete: 16ms
04-15 17:04:45.723 536 536 D SystemServerTimingAsync: ssm.onStartUser-0_com.android.server.texttospeech.TextToSpeechManagerService
04-15 17:04:45.723 536 536 V SystemServerTimingAsync: ssm.onStartUser-0_com.android.server.texttospeech.TextToSpeechManagerService took to complete: 0ms
04-15 17:04:45.723 536 536 D SystemServerTimingAsync: ssm.onStartUser-0_com.android.server.ambientcontext.AmbientContextManagerService
04-15 17:04:45.723 536 536 V SystemServerTimingAsync: ssm.onStartUser-0_com.android.server.ambientcontext.AmbientContextManagerService took to complete: 0ms
04-15 17:04:45.735 0 0 I init : Sending signal 9 to service 'idmap2d' (pid 1092) process group...
04-15 17:04:45.750 0 0 I libprocessgroup: Successfully killed process cgroup uid 1000 pid 1092 in 13ms
04-15 17:04:45.724 536 536 D SystemServerTimingAsync: ssm.onStartUser-0_com.android.server.wearable.WearableSensingManagerService
04-15 17:04:45.744 536 994 W OverlayManager: service 'idmap' died
04-15 17:04:45.745 536 536 V SystemServerTimingAsync: ssm.onStartUser-0_com.android.server.wearable.WearableSensingManagerService took to complete: 0ms
04-15 17:04:45.752 192 192 W tombstoned: skipping tombstone file creation due to intercept
04-15 17:04:45.762 0 0 I init : Control message: Processed ctl.stop for 'idmap2d' from pid: 536 (system_server)
04-15 17:04:45.763 0 0 I init : Service 'idmap2d' (pid 1092) received signal 9
04-15 17:04:45.764 536 563 I system_server: libdebuggerd_client: done dumping process 340
04-15 17:04:45.782 536 563 I ActivityManager: Collecting stacks for native pid 341
04-15 17:04:45.783 536 563 I system_server: libdebuggerd_client: started dumping process 341
04-15 17:04:45.811 192 192 I tombstoned: registered intercept for pid 341 and type kDebuggerdNativeBacktrace
04-15 17:04:45.814 536 536 D SystemServerTimingAsync: ssm.onStartUser-0_com.android.server.speech.SpeechRecognitionManagerService
