04-15 17:05:17.575 536 559 I DropBoxManagerService: add tag=system_server_strictmode isTagEnabled=true flags=0x2
04-15 17:05:17.619 1179 1189 I com.android.se: Background concurrent copying GC freed 2182(208KB) AllocSpace objects, 0(0B) LOS objects, 49% free, 2017KB/4035KB, paused 744us,2.510ms total 3.775s
04-15 17:05:17.697 536 558 W Looper : Slow dispatch took 765ms android.ui h=com.android.server.am.ActivityManagerService$UiHandler c=com.android.server.am.UidObserverController$$ExternalSyntheticLambda0@4c0ea4e m=0
04-15 17:05:17.753 536 1398 W system_server: Long monitor contention with owner binder:536_A (993) at android.content.pm.UserInfo com.android.server.pm.UserManagerService.getUserInfoNoChecks(int)(UserManagerService.java:2360) waiters=2 in android.content.pm.UserInfo com.android.server.pm.UserManagerService.getUserInfoNoChecks(int) for 201ms
04-15 17:05:17.793 536 551 W system_server: Long monitor contention with owner binder:536_A (993) at android.content.pm.UserInfo com.android.server.pm.UserManagerService.getUserInfoNoChecks(int)(UserManagerService.java:2360) waiters=3 in android.content.pm.UserInfo com.android.server.pm.UserManagerService.getUserInfoNoChecks(int) for 241ms
04-15 17:05:18.262 536 815 W system_server: Long monitor contention with owner binder:536_A (993) at android.content.pm.UserInfo com.android.server.pm.UserManagerService.getUserInfoNoChecks(int)(UserManagerService.java:2360) waiters=4 in android.content.pm.UserInfo com.android.server.pm.UserManagerService.getUserInfoNoChecks(int) for 409ms
04-15 17:05:18.263 536 815 D MultiInternetWifiNetworkFactory: got request NetworkRequest [ REQUEST id=22, [ Capabilities: INTERNET&NOT_RESTRICTED&TRUSTED&NOT_VCN_MANAGED Uid: 10118 RequestorUid: 10118 RequestorPkg: com.android.systemui UnderlyingNetworks: Null] ]
04-15 17:05:18.449 536 995 D CompatibilityChangeReporter: Compat change id reported: 261072174; UID 1000; state: ENABLED
04-15 17:05:18.475 896 946 E OpenGLRenderer: Unable to match the desired swap behavior.
04-15 17:05:18.584 536 815 D MultiInternetWifiNetworkFactory: got request NetworkRequest [ REQUEST id=17, [ Capabilities: INTERNET&NOT_RESTRICTED&TRUSTED&NOT_VCN_MANAGED Uid: 1073 RequestorUid: 1073 RequestorPkg: com.android.networkstack UnderlyingNetworks: Null] ]
04-15 17:05:18.588 536 815 D MultiInternetWifiNetworkFactory: got request NetworkRequest [ REQUEST id=7, [ Capabilities: INTERNET&NOT_RESTRICTED&TRUSTED&NOT_VCN_MANAGED Uid: 1000 RequestorUid: 1000 RequestorPkg: android UnderlyingNetworks: Null] ]
04-15 17:05:18.750 536 558 W Looper : Slow dispatch took 175ms android.ui h=com.android.server.am.ActivityManagerService$UiHandler c=com.android.server.am.UidObserverController$$ExternalSyntheticLambda0@4c0ea4e m=0
04-15 17:05:18.752 536 1502 I ActivityManager: Dumping to /data/anr/anr_2026-04-15-17-05-15-696
04-15 17:05:18.640 896 1022 W Looper : Slow dispatch took 13726ms SysUiLng h=android.os.Handler c=com.android.systemui.wallpapers.ImageWallpaper$CanvasEngine$$ExternalSyntheticLambda0@6a0fda2 m=0
04-15 17:05:18.803 896 896 V SystemUIBootTiming: StartServices com.android.systemui.keyguard.domain.interactor.KeyguardTransitionCoreStartable took to complete: 11801ms
04-15 17:05:18.803 896 896 W SystemUIService: Initialization of com.android.systemui.keyguard.domain.interactor.KeyguardTransitionCoreStartable took 11801 ms
04-15 17:05:18.836 536 814 W system_server: Long monitor contention with owner binder:536_C (995) at boolean com.android.server.am.OomAdjuster.updateOomAdjLocked(com.android.server.am.ProcessRecord, int)(OomAdjuster.java:609) waiters=0 in void com.android.server.am.ActivityManagerService$LocalService.notifyNetworkPolicyRulesUpdated(int, long) for 212ms
04-15 17:05:18.870 326 1533 D android.hardware.audio@7.1-impl.ranchu: threadLoop: entering standby, frames: 133824
04-15 17:05:18.876 536 624 W system_server: Long monitor contention with owner NetworkPolicy.uid (814) at void com.android.server.net.NetworkPolicyManagerService.handleUidChanged(com.android.server.net.NetworkPolicyManagerService$UidStateCallbackInfo)(NetworkPolicyManagerService.java:5575) waiters=0 in void com.android.server.net.NetworkPolicyManagerService$NetPolicyAppIdleStateChangeListener.onAppIdleStateChanged(java.lang.String, int, boolean, int, int) for 329ms
04-15 17:05:18.906 536 995 W ActivityManager: Slow operation: 5840ms so far, now at finishAttachApplicationInner: after mServices.attachApplicationLocked
04-15 17:05:18.907 536 995 W ActivityManager: Slow operation: 5841ms so far, now at finishAttachApplicationInner: after dispatching broadcasts
04-15 17:05:18.913 536 567 W system_server: Long monitor contention with owner binder:536_C (995) at void com.android.server.am.ActivityManagerService.finishAttachApplicationInner(long, int, int)(ActivityManagerService.java:4940) waiters=0 in void com.android.server.am.BroadcastQueueModernImpl.checkHealth() for 6.351s
04-15 17:05:18.947 536 815 D MultiInternetWifiNetworkFactory: got request NetworkRequest [ REQUEST id=1, [ Capabilities: INTERNET&NOT_RESTRICTED&TRUSTED&NOT_VPN&NOT_VCN_MANAGED RequestorUid: 1000 RequestorPkg: android UnderlyingNetworks: Null] ]
04-15 17:05:18.960 536 815 D MultiInternetWifiNetworkFactory: got request NetworkRequest [ REQUEST id=15, [ Capabilities: INTERNET&NOT_RESTRICTED&TRUSTED&NOT_VCN_MANAGED Uid: 1000 RequestorUid: 1000 RequestorPkg: android UnderlyingNetworks: Null] ]
04-15 17:05:19.014 536 609 W system_server: Long monitor contention with owner binder:536_C (995) at void com.android.server.am.ActivityManagerService.finishAttachApplicationInner(long, int, int)(ActivityManagerService.java:4940) waiters=1 in android.app.ContentProviderHolder com.android.server.am.ContentProviderHelper.getContentProviderImpl(android.app.IApplicationThread, java.lang.String, android.os.IBinder, int, java.lang.String, java.lang.String, boolean, int) for 4.853s
04-15 17:05:19.054 536 559 I DropBoxManagerService: add tag=system_server_strictmode isTagEnabled=true flags=0x2
04-15 17:05:19.364 536 877 D CompatibilityChangeReporter: Compat change id reported: 124107808; UID 1001; state: ENABLED
04-15 17:05:19.487 536 609 W ContentProviderHelper: Slow operation: 307ms so far, now at getContentProviderImpl: before checkContentProviderPermission
04-15 17:05:19.494 536 609 W ContentProviderHelper: Slow operation: 438ms so far, now at getContentProviderImpl: after checkContentProviderPermission
04-15 17:05:19.494 536 609 W ContentProviderHelper: Slow operation: 439ms so far, now at getContentProviderImpl: incProviderCountLocked
04-15 17:05:19.496 536 609 W ContentProviderHelper: Slow operation: 440ms so far, now at getContentProviderImpl: before updateLruProcess
04-15 17:05:19.540 536 609 W ContentProviderHelper: Slow operation: 485ms so far, now at getContentProviderImpl: after updateLruProcess
04-15 17:05:19.541 536 609 W ContentProviderHelper: Slow operation: 485ms so far, now at getContentProviderImpl: before updateOomAdj
04-15 17:05:19.542 536 609 W ContentProviderHelper: Slow operation: 486ms so far, now at getContentProviderImpl: after updateOomAdj
04-15 17:05:19.614 536 609 W ContentProviderHelper: Slow operation: 558ms so far, now at getContentProviderImpl: done!
04-15 17:05:19.638 896 896 V SystemUIBootTiming: StartServices com.android.systemui.keyguard.domain.interactor.SystemUIKeyguardFaceAuthInteractor took to complete: 834ms
04-15 17:05:19.685 536 559 I DropBoxManagerService: add tag=system_server_strictmode isTagEnabled=true flags=0x2
04-15 17:05:19.689 896 896 V SystemUIBootTiming: StartServices com.android.systemui.log.SessionTracker took to complete: 0ms
04-15 17:05:19.708 1556 1556 I abb : StartCommandInProcess(73657474696e67730067657400676c6f settings.get.glo [truncated])
04-15 17:05:19.731 896 899 I ndroid.systemui: Waiting for a blocking GC ObjectsAllocated
04-15 17:05:19.817 536 552 D WifiNl80211Manager: Scan result ready event
04-15 17:05:19.818 536 957 W system_server: Long monitor contention with owner binder:536_C (995) at void com.android.server.am.ActivityManagerService.finishAttachApplicationInner(long, int, int)(ActivityManagerService.java:4940) waiters=2 in void com.android.server.am.ActivityManagerService.logFgsApiBegin(int, int, int) for 4.770s
04-15 17:05:19.830 536 536 W system_server: Long monitor contention with owner binder:536_C (995) at void com.android.server.am.ActivityManagerService.finishAttachApplicationInner(long, int, int)(ActivityManagerService.java:4940) waiters=3 in android.content.Intent com.android.server.am.ActivityManagerService.registerReceiverWithFeature(android.app.IApplicationThread, java.lang.String, java.lang.String, java.lang.String, android.content.IIntentReceiver, android.content.IntentFilter, java.lang.String, int, int) for 3.130s
04-15 17:05:19.841 536 552 D WifiNative: Scan result ready event
04-15 17:05:19.885 536 536 D CompatibilityChangeReporter: Compat change id reported: 161145287; UID 1000; state: ENABLED
04-15 17:05:19.969 1465 1465 D CompatibilityChangeReporter: Compat change id reported: 171979766; UID 10124; state: ENABLED
04-15 17:05:19.990 1465 1465 D CompatibilityChangeReporter: Compat change id reported: 242716250; UID 10124; state: ENABLED
04-15 17:05:20.000 1440 1440 W InputAttributes: No editor info for this field. Bug?
04-15 17:05:20.057 155 1476 I keystore2: system/security/keystore2/src/watchdog.rs:319 - Watchdog thread idle -> terminating. Have a great day.
04-15 17:05:20.088 536 536 W binder:536_D: type=1400 audit(0.0:8): avc: denied { getopt } for scontext=u:r:system_server:s0 tcontext=u:r:shell:s0 tclass=unix_stream_socket permissive=0
04-15 17:05:20.088 536 536 W binder:536_D: type=1400 audit(0.0:9): avc: denied { getopt } for scontext=u:r:system_server:s0 tcontext=u:r:shell:s0 tclass=unix_stream_socket permissive=0
04-15 17:05:20.088 536 536 W binder:536_D: type=1400 audit(0.0:10): avc: denied { getopt } for scontext=u:r:system_server:s0 tcontext=u:r:shell:s0 tclass=unix_stream_socket permissive=0
04-15 17:05:20.104 1556 1556 I abb : StartCommandInProcess(7061636b61676500696e7374616c6c00 package.install. [truncated])
04-15 17:05:20.210 1440 1565 I LatinIME:LogUtils: Dictionary info: dictionary = UserHistoryDictionary.en_US ; version = 1776272720 ; date = ?
04-15 17:05:20.351 536 547 I system_server: Background concurrent copying GC freed 39739(1621KB) AllocSpace objects, 11(1808KB) LOS objects, 49% free, 16MB/33MB, paused 156.389ms,153.259ms total 16.299s
04-15 17:05:20.400 1440 1565 I LatinIME:LogUtils: Dictionary info: dictionary = userunigram.en_US ; version = 1776272720 ; date = ?
04-15 17:05:20.442 536 559 I DropBoxManagerService: add tag=system_server_strictmode isTagEnabled=true flags=0x2
04-15 17:05:20.458 536 567 W ActivityManager: Slow operation: 67ms so far, now at startProcess: getting gids from package manager
04-15 17:05:20.507 536 559 I DropBoxManagerService: add tag=system_server_strictmode isTagEnabled=true flags=0x2
04-15 17:05:20.565 536 567 W ActivityManager: Slow operation: 174ms so far, now at startProcess: building args
04-15 17:05:20.590 536 567 D CompatibilityChangeReporter: Compat change id reported: 135634846; UID 10139; state: DISABLED
04-15 17:05:20.620 536 567 D CompatibilityChangeReporter: Compat change id reported: 177438394; UID 10139; state: DISABLED
04-15 17:05:20.634 536 567 D CompatibilityChangeReporter: Compat change id reported: 135772972; UID 10139; state: DISABLED
04-15 17:05:20.635 536 567 D CompatibilityChangeReporter: Compat change id reported: 135754954; UID 10139; state: ENABLED
04-15 17:05:20.640 536 567 W ActivityManager: Slow operation: 267ms so far, now at startProcess: done starting proc!
04-15 17:05:20.649 536 568 W ActivityManager: Slow operation: 251ms so far, now at startProcess: asking zygote to start proc
04-15 17:05:20.650 536 568 D CompatibilityChangeReporter: Compat change id reported: 143937733; UID 10139; state: ENABLED
04-15 17:05:20.651 536 568 W ActivityManager: com.android.cellbroadcastreceiver.module inode == 0 (b/152760674)
04-15 17:05:20.669 536 1398 W system_server: Long monitor contention with owner ActivityManager (567) at void com.android.server.am.BroadcastQueueModernImpl.checkPendingColdStartValidity()(BroadcastQueueModernImpl.java:559) waiters=0 in android.content.Intent com.android.server.am.ActivityManagerService.registerReceiverWithFeature(android.app.IApplicationThread, java.lang.String, java.lang.String, java.lang.String, android.content.IIntentReceiver, android.content.IntentFilter, java.lang.String, int, int) for 275ms
04-15 17:05:20.671 536 1398 D CompatibilityChangeReporter: Compat change id reported: 161145287; UID 10107; state: DISABLED
04-15 17:05:20.689 536 552 W system_server: Long monitor contention with owner ActivityManager (567) at void com.android.server.am.BroadcastQueueModernImpl.checkPendingColdStartValidity()(BroadcastQueueModernImpl.java:559) waiters=1 in android.app.ContentProviderHolder com.android.server.am.ContentProviderHelper.getContentProviderImpl(android.app.IApplicationThread, java.lang.String, android.os.IBinder, int, java.lang.String, java.lang.String, boolean, int) for 241ms
04-15 17:05:20.712 1440 1565 W ActivityThread: Failed to find provider info for user_dictionary (user not unlocked)
04-15 17:05:20.750 536 536 D BluetoothHeadset: Binding service...
04-15 17:05:20.750 536 536 D BluetoothManagerService: Trying to bind to profile: 1, while Bluetooth was disabled
04-15 17:05:20.751 536 536 D BluetoothHearingAid: Binding service...
04-15 17:05:20.751 536 536 D BluetoothManagerService: Trying to bind to profile: 21, while Bluetooth was disabled
04-15 17:05:20.751 536 536 D BluetoothLeAudio: Binding service...
04-15 17:05:20.751 536 536 D BluetoothManagerService: Trying to bind to profile: 22, while Bluetooth was disabled
04-15 17:05:20.762 324 324 D Zygote : Forked child process 1567
04-15 17:05:20.781 536 568 W ActivityManager: Slow operation: 391ms so far, now at startProcess: returned from zygote!
04-15 17:05:20.818 536 624 D CompatibilityChangeReporter: Compat change id reported: 265195908; UID 10107; state: ENABLED
04-15 17:05:20.906 536 568 W ActivityManager: Slow operation: 456ms so far, now at startProcess: done updating battery stats
04-15 17:05:20.917 896 896 V SystemUIBootTiming: StartServices com.android.systemui.media.RingtonePlayer took to complete: 1228ms
04-15 17:05:20.918 896 896 W SystemUIService: Initialization of com.android.systemui.media.RingtonePlayer took 1229 ms
04-15 17:05:20.919 896 896 V SystemUIBootTiming: StartServices com.android.systemui.media.dialog.MediaOutputSwitcherDialogUI took to complete: 0ms
04-15 17:05:20.925 896 896 V SystemUIBootTiming: StartServices com.android.systemui.media.taptotransfer.MediaTttCommandLineHelper took to complete: 1ms
04-15 17:05:20.944 536 568 W ActivityManager: Slow operation: 554ms so far, now at startProcess: building log message
04-15 17:05:20.946 536 568 I ActivityManager: Start proc 1567:com.android.cellbroadcastreceiver.module/u0a139 for broadcast {com.android.cellbroadcastreceiver.module/com.android.cellbroadcastreceiver.CellBroadcastReceiver}
04-15 17:05:20.947 536 568 W ActivityManager: Slow operation: 556ms so far, now at startProcess: starting to update pids map
04-15 17:05:20.996 536 568 W ActivityManager: Slow operation: 605ms so far, now at startProcess: done updating pids map
04-15 17:05:21.122 536 993 D CompatibilityChangeReporter: Compat change id reported: 170503758; UID 10124; state: ENABLED
04-15 17:05:21.140 447 895 D BufferPoolAccessor2.0: evictor expired: 1, evicted: 1
04-15 17:05:21.165 1211 1211 D CompatibilityChangeReporter: Compat change id reported: 183155436; UID 1001; state: ENABLED
04-15 17:05:21.351 1465 1465 D CompatibilityChangeReporter: Compat change id reported: 3400644; UID 10124; state: ENABLED
04-15 17:05:21.400 1567 1567 I receiver.module: Using CollectorTypeCC GC.
04-15 17:05:21.437 1567 1567 W receiver.module: Unexpected CPU variant for x86: x86_64.
04-15 17:05:21.437 1567 1567 W receiver.module: Known variants: atom, sandybridge, silvermont, goldmont, goldmont-plus, tremont, kabylake, default
04-15 17:05:21.506 1567 1567 E receiver.module: Not starting debugger since process cannot load the jdwp agent.
04-15 17:05:21.611 896 1403 D MediaCodecList: codecHandlesFormat: no format, so no extra checks
04-15 17:05:21.644 896 1022 W Looper : Slow delivery took 13313ms SysUiLng h=android.os.Handler c=com.android.systemui.wallpapers.ImageWallpaper$CanvasEngine$$ExternalSyntheticLambda0@2980cab m=0
04-15 17:05:21.645 896 1022 W Looper : Slow dispatch took 2840ms SysUiLng h=android.os.Handler c=com.android.systemui.wallpapers.ImageWallpaper$CanvasEngine$$ExternalSyntheticLambda0@2980cab m=0
04-15 17:05:21.677 896 1421 D BufferPoolAccessor2.0: bufferpool2 0x702b2870f038 : 0(0 size) total buffers - 0(0 size) used buffers - 2/7 (recycle/alloc) - 8/38 (fetch/transfer)
04-15 17:05:21.678 896 1421 D BufferPoolAccessor2.0: evictor expired: 1, evicted: 1
04-15 17:05:21.802 536 1566 I Telecom : BluetoothRouteManager: getBluetoothAudioConnectedDevice: no service available.❗
04-15 17:05:22.462 896 896 V SystemUIBootTiming: StartServices com.android.systemui.media.taptotransfer.receiver.MediaTttChipControllerReceiver took to complete: 1537ms
04-15 17:05:22.478 896 896 W SystemUIService: Initialization of com.android.systemui.media.taptotransfer.receiver.MediaTttChipControllerReceiver took 1551 ms
04-15 17:05:22.545 1440 1565 I BinaryDictionaryFileDumper: reinitializeClientRecordInDictionaryContentProvider() : MetadataFileUri =
04-15 17:05:21.835 536 958 W system_server: Long monitor contention with owner android.fg (557) at void com.android.server.pm.AppDataHelper.lambda$prepareAppDataLeaf$2(java.lang.String, com.android.server.pm.pkg.AndroidPackage, int, int, android.os.CreateAppDataArgs, com.android.server.pm.PackageSetting, java.lang.Long, java.lang.Throwable)(AppDataHelper.java:286) waiters=1 in void com.android.server.pm.PackageManagerService.addInstallerPackageName(com.android.server.pm.InstallSource) for 113ms
04-15 17:05:22.680 536 536 I Telecom : SystemStateHelper: Registering broadcast receiver: android.content.IntentFilter@94c3f3f: TS.init@AAA❗
04-15 17:05:22.681 536 536 I Telecom : SystemStateHelper: Registering broadcast receiver: android.content.IntentFilter@47494a4: TS.init@AAA❗
04-15 17:05:22.985 896 1022 W Looper : Drained
04-15 17:05:22.986 536 577 W system_server: Long monitor contention with owner appscheduling.default (624) at void android.os.Message.recycleUnchecked()(Message.java:346) waiters=0 in android.os.Message android.os.Message.obtain() for 509ms
04-15 17:05:22.988 536 551 W ActivityManager: Slow operation: 1032ms so far, now at attachApplicationLocked: before bindApplication
04-15 17:05:22.990 536 551 D CompatibilityChangeReporter: Compat change id reported: 168419799; UID 10139; state: DISABLED
04-15 17:05:22.991 536 551 D CompatibilityChangeReporter: Compat change id reported: 273564678; UID 10139; state: DISABLED
04-15 17:05:23.045 536 551 W ActivityManager: Slow operation: 1089ms so far, now at attachApplicationLocked: immediately before bindApplication
04-15 17:05:23.779 536 557 V PackageManager: reconcileAppsData finished 203 packages
04-15 17:05:23.779 536 557 V SystemServerTiming: reconcileAppsData-0 took to complete: 12951ms
04-15 17:05:23.859 1440 1565 I LatinIME:LogUtils: Dictionary info: dictionary = main:de ; version = 54 ; date = 1414726263
04-15 17:05:23.880 536 551 W ActivityManager: Slow operation: 1924ms so far, now at attachApplicationLocked: immediately after bindApplication
04-15 17:05:23.938 536 551 W ActivityManager: Slow operation: 1982ms so far, now at attachApplicationLocked: after updateLruProcessLocked
04-15 17:05:23.942 1440 1565 I LatinIME:LogUtils: Dictionary info: dictionary = main:en ; version = 54 ; date = 1414726273
04-15 17:05:24.079 536 551 W ActivityManager: Slow operation: 93ms so far, now at finishAttachApplicationInner: after mServices.attachApplicationLocked
04-15 17:05:24.083 1440 1565 I LatinIME:LogUtils: Dictionary info: dictionary = main:es ; version = 54 ; date = 1414726268
04-15 17:05:24.105 896 1580 D CCodec : allocate(c2.android.vorbis.decoder)
04-15 17:05:24.221 1440 1565 I LatinIME:LogUtils: Dictionary info: dictionary = main:fr ; version = 54 ; date = 1414726264
04-15 17:05:24.266 896 1580 I CCodec : setting up 'default' as default (vendor) store
04-15 17:05:24.327 1440 1565 I LatinIME:LogUtils: Dictionary info: dictionary = main:it ; version = 54 ; date = 1414726258
04-15 17:05:24.719 1440 1565 I LatinIME:LogUtils: Dictionary info: dictionary = main:ru ; version = 54 ; date = 1414726277
04-15 17:05:24.758 896 1580 I CCodec : Created component [c2.android.vorbis.decoder]
04-15 17:05:24.787 896 1580 D CCodecConfig: read media type: audio/vorbis
04-15 17:05:24.933 536 551 D OomAdjuster: Not killing cached processes
04-15 17:05:24.959 1440 1565 I BinaryDictionaryFileDumper: reinitializeClientRecordInDictionaryContentProvider() : Insert DictionaryInfo : Id = 'main:de' : Locale=de : Version=54
04-15 17:05:25.110 896 1580 D ReflectedParamUpdater: extent() != 1 for single value type: algo.buffers.max-count.values
04-15 17:05:25.272 896 1580 D ReflectedParamUpdater: extent() != 1 for single value type: output.subscribed-indices.values
04-15 17:05:25.275 896 1580 D ReflectedParamUpdater: extent() != 1 for single value type: input.buffers.allocator-ids.values
04-15 17:05:25.275 896 1580 D ReflectedParamUpdater: extent() != 1 for single value type: output.buffers.allocator-ids.values
04-15 17:05:25.281 896 1580 D ReflectedParamUpdater: extent() != 1 for single value type: algo.buffers.allocator-ids.values
04-15 17:05:25.282 896 1580 D ReflectedParamUpdater: extent() != 1 for single value type: output.buffers.pool-ids.values
04-15 17:05:25.283 896 1580 D ReflectedParamUpdater: extent() != 1 for single value type: algo.buffers.pool-ids.values
04-15 17:05:25.474 896 1580 I CCodecConfig: query failed after returning 7 values (BAD_INDEX)
04-15 17:05:25.515 896 1580 D CCodecConfig: c2 config diff is Dict {
04-15 17:05:25.515 896 1580 D CCodecConfig: c2::u32 coded.bitrate.value = 64000
04-15 17:05:25.515 896 1580 D CCodecConfig: c2::u32 input.buffers.max-size.value = 32768
04-15 17:05:25.515 896 1580 D CCodecConfig: c2::u32 input.delay.value = 0
04-15 17:05:25.515 896 1580 D CCodecConfig: string input.media-type.value = "audio/vorbis"
04-15 17:05:25.515 896 1580 D CCodecConfig: string output.media-type.value = "audio/raw"
04-15 17:05:25.515 896 1580 D CCodecConfig: c2::u32 raw.channel-count.value = 1
04-15 17:05:25.515 896 1580 D CCodecConfig: c2::u32 raw.sample-rate.value = 48000
04-15 17:05:25.515 896 1580 D CCodecConfig: }
04-15 17:05:25.893 536 557 V SystemServerTiming: UM.onBeforeUnlockUser-0 took to complete: 15109ms
04-15 17:05:25.894 536 557 I ActivityManager: User 0 state changed from RUNNING_LOCKED to RUNNING_UNLOCKING
04-15 17:05:25.965 536 958 W system_server: Long monitor contention with owner bgres-controller (577) at com.android.server.pm.Computer com.android.server.pm.PackageManagerService.snapshotComputer(boolean)(PackageManagerService.java:1195) waiters=0 in com.android.server.pm.Computer com.android.server.pm.PackageManagerService.snapshotComputer(boolean) for 2.818s
04-15 17:05:25.993 536 557 D ActivityManager: Unlocking user 0 progress 20
04-15 17:05:25.996 896 1580 D MediaCodec: flushMediametrics
04-15 17:05:25.998 896 1580 D CCodec : [c2.android.vorbis.decoder] buffers are bound to CCodec for this session
04-15 17:05:25.999 896 1580 D CCodecConfig: no c2 equivalents for durationUs
04-15 17:05:26.012 896 1580 D CCodecConfig: no c2 equivalents for track-id
04-15 17:05:26.014 896 1580 D CCodecConfig: no c2 equivalents for csd-1
04-15 17:05:26.014 896 1580 D CCodecConfig: no c2 equivalents for flags
04-15 17:05:26.016 896 902 I ndroid.systemui: Background concurrent copying GC freed 12528(1079KB) AllocSpace objects, 4(208KB) LOS objects, 49% free, 6000KB/11MB, paused 478us,157us total 7.142s
04-15 17:05:26.022 896 899 I ndroid.systemui: WaitForGcToComplete blocked ObjectsAllocated on Background for 6.290s
04-15 17:05:26.045 192 192 I tombstoned: received crash request for pid 896
04-15 17:05:26.046 192 192 I tombstoned: found intercept fd 512 for pid 896 and type kDebuggerdJavaBacktrace
04-15 17:05:26.061 896 1580 D CCodecConfig: c2 config diff is c2::u32 coded.bitrate.value = 160000
04-15 17:05:26.061 896 1580 D CCodecConfig: c2::u32 raw.channel-count.value = 2
04-15 17:05:26.065 536 557 W Looper : Slow dispatch took 17394ms android.fg h=android.os.Handler c=com.android.server.am.UserController$$ExternalSyntheticLambda2@1e4583b m=0
04-15 17:05:26.072 896 1580 W Codec2Client: query -- param skipped: index = 1107298332.
04-15 17:05:26.073 896 1580 D CCodec : encoding statistics level = 0
04-15 17:05:26.075 192 192 W tombstoned: skipping tombstone file creation due to intercept
04-15 17:05:26.084 896 1580 D CCodec : setup formats input: AMessage(what = 0x00000000) = {
04-15 17:05:26.084 896 1580 D CCodec : int32_t bitrate = 160000
04-15 17:05:26.084 896 1580 D CCodec : int32_t channel-count = 2
04-15 17:05:26.084 896 1580 D CCodec : int32_t max-input-size = 32768
04-15 17:05:26.084 896 1580 D CCodec : string mime = "audio/vorbis"
04-15 17:05:26.084 896 1580 D CCodec : int32_t sample-rate = 48000
04-15 17:05:26.084 896 1580 D CCodec : }
04-15 17:05:26.086 896 1580 D CCodec : setup formats output: AMessage(what = 0x00000000) = {
04-15 17:05:26.086 896 1580 D CCodec : int32_t channel-count = 2
04-15 17:05:26.086 896 1580 D CCodec : string mime = "audio/raw"
04-15 17:05:26.086 896 1580 D CCodec : int32_t sample-rate = 48000
04-15 17:05:26.086 896 1580 D CCodec : int32_t channel-mask = 3
04-15 17:05:26.086 896 1580 D CCodec : int32_t android._config-pcm-encoding = 2
04-15 17:05:26.086 896 1580 D CCodec : }
04-15 17:05:26.087 896 899 I ndroid.systemui: Wrote stack traces to tombstoned
04-15 17:05:26.125 536 552 E WifiThreadRunner: WifiThreadRunner.call() timed out!
04-15 17:05:26.125 536 552 E WifiThreadRunner: java.lang.Throwable: Caller thread Stack trace:
04-15 17:05:26.125 536 552 E WifiThreadRunner: at com.android.server.wifi.WifiThreadRunner.call(WifiThreadRunner.java:85)
04-15 17:05:26.125 536 552 E WifiThreadRunner: at com.android.server.wifi.WifiServiceImpl.getScanResults(WifiServiceImpl.java:4347)
04-15 17:05:26.125 536 552 E WifiThreadRunner: at android.net.wifi.IWifiManager$Stub.onTransact(IWifiManager.java:1823)
04-15 17:05:26.125 536 552 E WifiThreadRunner: at android.os.Binder.execTransactInternal(Binder.java:1339)
04-15 17:05:26.125 536 552 E WifiThreadRunner: at android.os.Binder.execTransact(Binder.java:1275)
04-15 17:05:26.129 536 552 E WifiThreadRunner: WifiThreadRunner.call() timed out!
04-15 17:05:26.129 536 552 E WifiThreadRunner: java.lang.Throwable: Wifi thread Stack trace:
04-15 17:05:26.129 536 552 E WifiThreadRunner: at android.content.Intent.filterHashCode(Intent.java:11339)
04-15 17:05:26.129 536 552 E WifiThreadRunner: at com.android.server.am.PendingIntentRecord$Key.(PendingIntentRecord.java:142)
04-15 17:05:26.129 536 552 E WifiThreadRunner: at com.android.server.am.PendingIntentController.getIntentSender(PendingIntentController.java:138)
04-15 17:05:26.129 536 552 E WifiThreadRunner: at com.android.server.am.ActivityManagerService.getIntentSenderWithFeatureAsApp(ActivityManagerService.java:5324)
04-15 17:05:26.129 536 552 E WifiThreadRunner: at com.android.server.am.ActivityManagerService.getIntentSenderWithFeature(ActivityManagerService.java:5220)
04-15 17:05:26.129 536 552 E WifiThreadRunner: at android.app.PendingIntent.getBroadcastAsUser(PendingIntent.java:735)
04-15 17:05:26.129 536 552 E WifiThreadRunner: at android.app.PendingIntent.getBroadcast(PendingIntent.java:718)
04-15 17:05:26.129 536 552 E WifiThreadRunner: at com.android.server.wifi.FrameworkFacade.getBroadcast(FrameworkFacade.java:211)
04-15 17:05:26.129 536 552 E WifiThreadRunner: at com.android.server.wifi.ConnectToNetworkNotificationBuilder.getPrivateBroadcast(ConnectToNetworkNotificationBuilder.java:193)
04-15 17:05:26.129 536 552 E WifiThreadRunner: at com.android.server.wifi.ConnectToNetworkNotificationBuilder.createConnectToAvailableNetworkNotification(ConnectToNetworkNotificationBuilder.java:92)
04-15 17:05:26.129 536 552 E WifiThreadRunner: at com.android.server.wifi.AvailableNetworkNotifier.postInitialNotification(AvailableNetworkNotifier.java:421)
04-15 17:05:26.129 536 552 E WifiThreadRunner: at com.android.server.wifi.AvailableNetworkNotifier.handleScanResults(AvailableNetworkNotifier.java:325)
04-15 17:05:26.129 536 552 E WifiThreadRunner: at com.android.server.wifi.WifiConnectivityManager.handleScanResultsWithNoCandidate(WifiConnectivityManager.java:358)
04-15 17:05:26.129 536 552 E WifiThreadRunner: at com.android.server.wifi.WifiConnectivityManager.handleScanResults(WifiConnectivityManager.java:633)
04-15 17:05:26.129 536 552 E WifiThreadRunner: at com.android.server.wifi.WifiConnectivityManager.-$$Nest$mhandleScanResults(WifiConnectivityManager.java:0)
04-15 17:05:26.129 536 552 E WifiThreadRunner: at com.android.server.wifi.WifiConnectivityManager$AllSingleScanListener.onResults(WifiConnectivityManager.java:957)
04-15 17:05:26.129 536 552 E WifiThreadRunner: at com.android.server.wifi.scanner.WifiScannerInternal$ScanListener.lambda$onResults$2(WifiScannerInternal.java:85)
04-15 17:05:26.129 536 552 E WifiThreadRunner: at com.android.server.wifi.scanner.WifiScannerInternal$ScanListener.$r8$lambda$Mqk39gEkglDYLa8CE_rjE2gbk3c(WifiScannerInternal.java:0)
04-15 17:05:26.129 536 552 E WifiThreadRunner: at com.android.server.wifi.scanner.WifiScannerInternal$ScanListener$$ExternalSyntheticLambda3.run(R8$$SyntheticClass:0)
04-15 17:05:26.129 536 552 E WifiThreadRunner: at android.os.Handler.handleCallback(Handler.java:958)
04-15 17:05:26.129 536 552 E WifiThreadRunner: at android.os.Handler.dispatchMessage(Handler.java:99)
04-15 17:05:26.129 536 552 E WifiThreadRunner: at com.android.server.wifi.RunnerHandler.dispatchMessage(RunnerHandler.java:122)
04-15 17:05:26.129 536 552 E WifiThreadRunner: at android.os.Looper.loopOnce(Looper.java:205)
04-15 17:05:26.129 536 552 E WifiThreadRunner: at android.os.Looper.loop(Looper.java:294)
04-15 17:05:26.129 536 552 E WifiThreadRunner: at android.os.HandlerThread.run(HandlerThread.java:67)
04-15 17:05:26.154 896 945 W Looper : Slow dispatch took 4446ms SysUiBg h=android.os.Handler c=android.net.wifi.WifiManager$ScanResultsCallback$ScanResultsCallbackProxy$$ExternalSyntheticLambda0@8458bdd m=0
04-15 17:05:26.156 896 1580 I CCodecConfig: query failed after returning 7 values (BAD_INDEX)
04-15 17:05:26.172 896 1580 W Codec2Client: query -- param skipped: index = 1342179345.
04-15 17:05:26.174 896 1580 W Codec2Client: query -- param skipped: index = 2415921170.
04-15 17:05:26.217 447 999 D BufferPoolAccessor2.0: bufferpool2 0x7aec69e56ed8 : 0(0 size) total buffers - 0(0 size) used buffers - 15/16 (recycle/alloc) - 1/15 (fetch/transfer)
04-15 17:05:26.218 447 999 D BufferPoolAccessor2.0: Destruction - bufferpool2 0x7aec69e56ed8 cached: 0/0M, 0/0% in use; allocs: 16, 94% recycled; transfers: 15, 93% unfetched
04-15 17:05:26.219 447 999 D BufferPoolAccessor2.0: bufferpool2 0x7aec69e58f38 : 0(0 size) total buffers - 0(0 size) used buffers - 16/17 (recycle/alloc) - 1/16 (fetch/transfer)
04-15 17:05:26.219 447 999 D BufferPoolAccessor2.0: Destruction - bufferpool2 0x7aec69e58f38 cached: 0/0M, 0/0% in use; allocs: 17, 94% recycled; transfers: 16, 94% unfetched
04-15 17:05:26.222 896 1580 D CCodecBufferChannel: [c2.android.vorbis.decoder#830] Created input block pool with allocatorID 16 => poolID 19 - OK (0)
04-15 17:05:26.262 896 1422 D BufferPoolAccessor2.0: bufferpool2 0x702b28700458 : 0(0 size) total buffers - 0(0 size) used buffers - 2/7 (recycle/alloc) - 5/36 (fetch/transfer)
04-15 17:05:26.265 536 1498 I system_server: libdebuggerd_client: done dumping process 896
04-15 17:05:26.270 896 1422 D BufferPoolAccessor2.0: Destruction - bufferpool2 0x702b28700458 cached: 0/0M, 0/0% in use; allocs: 7, 29% recycled; transfers: 36, 86% unfetched
04-15 17:05:26.278 896 1422 D BufferPoolAccessor2.0: Destruction - bufferpool2 0x702b2870f038 cached: 0/0M, 0/0% in use; allocs: 7, 29% recycled; transfers: 38, 79% unfetched
04-15 17:05:26.283 896 1580 I CCodecBufferChannel: [c2.android.vorbis.decoder#830] Created output block pool with allocatorID 16 => poolID 25 - OK
04-15 17:05:26.288 896 1580 D CCodecBufferChannel: [c2.android.vorbis.decoder#830] Configured output block pool ids 25 => OK
04-15 17:05:26.353 447 1614 D SimpleC2Component: Using output block pool with poolID 25 => got 25 - 0
04-15 17:05:26.366 536 1498 E ActivityManager: Aborted stack trace dump (current primary pid=896); deadline exceeded.
04-15 17:05:26.397 536 551 W ActivityManager: Slow operation: 2411ms so far, now at finishAttachApplicationInner: after dispatching broadcasts
04-15 17:05:26.402 536 1398 W system_server: Long monitor contention with owner binder:536_1 (551) at void com.android.server.am.ActivityManagerService.finishAttachApplicationInner(long, int, int)(ActivityManagerService.java:4940) waiters=0 in android.content.Intent com.android.server.am.ActivityManagerService.registerReceiverWithFeature(android.app.IApplicationThread, java.lang.String, java.lang.String, java.lang.String, android.content.IIntentReceiver, android.content.IntentFilter, java.lang.String, int, int) for 3.817s
04-15 17:05:26.471 536 957 W system_server: Long monitor contention with owner binder:536_1 (551) at void com.android.server.am.ActivityManagerService.finishAttachApplicationInner(long, int, int)(ActivityManagerService.java:4940) waiters=1 in int com.android.server.am.ActivityManagerService.broadcastIntentWithFeature(android.app.IApplicationThread, java.lang.String, android.content.Intent, java.lang.String, android.content.IIntentReceiver, int, java.lang.String, android.os.Bundle, java.lang.String[], java.lang.String[], java.lang.String[], int, android.os.Bundle, boolean, boolean, int) for 1.204s
04-15 17:05:26.477 1567 1567 D CompatibilityChangeReporter: Compat change id reported: 171979766; UID 10139; state: ENABLED
04-15 17:05:26.495 536 624 D CompatibilityChangeReporter: Compat change id reported: 258236856; UID 1000; state: ENABLED
04-15 17:05:26.495 1567 1567 D CompatibilityChangeReporter: Compat change id reported: 242716250; UID 10139; state: ENABLED
04-15 17:05:26.535 536 624 W JobServiceContext: Timed out while trying to bind for 62fb6c4 #1000/1 com.android.providers.settings/.WriteFallbackSettingsFilesJobService
04-15 17:05:26.536 536 1502 I ActivityManager: Collecting stacks for pid 536
04-15 17:05:26.542 1465 1465 D nativeloader: Configuring clns-shared-6 for other apk /apex/com.android.extservices/priv-app/ExtServices@UE1A.230829.036.A1/ExtServices.apk. target_sdk_version=34, uses_libraries=, library_path=/apex/com.android.extservices/priv-app/ExtServices@UE1A.230829.036.A1/lib/x86_64:/apex/com.android.extservices/priv-app/ExtServices@UE1A.230829.036.A1/ExtServices.apk!/lib/x86_64:/system/lib64:/system_ext/lib64, permitted_path=/data:/mnt/expand:/data/user/0/android.ext.services:/apex/com.android.extservices/priv-app/ExtServices@UE1A.230829.036.A1:/system/lib64:/system_ext/lib64
04-15 17:05:26.575 1465 1465 D nativeloader: InitApexLibraries:
04-15 17:05:26.575 1465 1465 D nativeloader: com_android_adservices: libhpke_jni.so:libtflite_support_classifiers_native.so
04-15 17:05:26.575 1465 1465 D nativeloader: com_android_appsearch: libicing.so
04-15 17:05:26.575 1465 1465 D nativeloader: com_android_art: libartservice.so
04-15 17:05:26.575 1465 1465 D nativeloader: com_android_btservices: libbluetooth_jni.so
04-15 17:05:26.575 1465 1465 D nativeloader: com_android_conscrypt: libjavacrypto.so
04-15 17:05:26.575 1465 1465 D nativeloader: com_android_extservices: libtflite_support_classifiers_native.so
04-15 17:05:26.575 1465 1465 D nativeloader: com_android_os_statsd: libstats_jni.so
04-15 17:05:26.575 1465 1465 D nativeloader: com_android_tethering: libandroid_net_connectivity_com_android_net_module_util_jni.so:libcronet.114.0.5735.84.so:libframework-connectivity-jni.so:libframework-connectivity-tiramisu-jni.so:libservice-connectivity.so
04-15 17:05:26.575 1465 1465 D nativeloader: com_android_uwb: libuwb_uci_jni_rust.so
04-15 17:05:26.575 1465 1465 D nativeloader: com_android_virt: libvirtualizationservice_jni.so:libvirtualmachine_jni.so
04-15 17:05:26.642 536 957 D CompatibilityChangeReporter: Compat change id reported: 229362273; UID 10107; state: DISABLED
04-15 17:05:26.655 1440 1565 I BinaryDictionaryFileDumper: reinitializeClientRecordInDictionaryContentProvider() : Insert DictionaryInfo : Id = 'main:en' : Locale=en : Version=54
04-15 17:05:26.680 536 567 D SystemServerTimingAsync: ssm.UnlockingUser-0
04-15 17:05:26.680 536 567 I SystemServiceManager: Calling onUnlockingUser 0
04-15 17:05:26.681 536 567 D SystemServerTimingAsync: ssm.onUnlockingUser-0_com.android.server.security.FileIntegrityService
04-15 17:05:26.681 536 567 V SystemServerTimingAsync: ssm.onUnlockingUser-0_com.android.server.security.FileIntegrityService took to complete: 0ms
04-15 17:05:26.681 536 567 D SystemServerTimingAsync: ssm.onUnlockingUser-0_com.android.server.pm.Installer
04-15 17:05:26.681 536 567 V SystemServerTimingAsync: ssm.onUnlockingUser-0_com.android.server.pm.Installer took to complete: 0ms
04-15 17:05:26.681 536 567 D SystemServerTimingAsync: ssm.onUnlockingUser-0_com.android.server.os.DeviceIdentifiersPolicyService
04-15 17:05:26.681 536 567 V SystemServerTimingAsync: ssm.onUnlockingUser-0_com.android.server.os.DeviceIdentifiersPolicyService took to complete: 0ms
04-15 17:05:26.682 536 567 D SystemServerTimingAsync: ssm.onUnlockingUser-0_com.android.server.uri.UriGrantsManagerService$Lifecycle
04-15 17:05:26.682 536 567 V SystemServerTimingAsync: ssm.onUnlockingUser-0_com.android.server.uri.UriGrantsManagerService$Lifecycle took to complete: 0ms
04-15 17:05:26.722 536 567 D SystemServerTimingAsync: ssm.onUnlockingUser-0_com.android.server.powerstats.PowerStatsService
04-15 17:05:26.723 536 567 V SystemServerTimingAsync: ssm.onUnlockingUser-0_com.android.server.powerstats.PowerStatsService took to complete: 0ms
04-15 17:05:26.729 536 567 D SystemServerTimingAsync: ssm.onUnlockingUser-0_com.android.server.permission.access.AccessCheckingService
04-15 17:05:26.729 536 567 V SystemServerTimingAsync: ssm.onUnlockingUser-0_com.android.server.permission.access.AccessCheckingService took to complete: 0ms
04-15 17:05:26.729 536 567 D SystemServerTimingAsync: ssm.onUnlockingUser-0_com.android.server.wm.ActivityTaskManagerService$Lifecycle
04-15 17:05:26.729 536 567 V SystemServerTimingAsync: ssm.onUnlockingUser-0_com.android.server.wm.ActivityTaskManagerService$Lifecycle took to complete: 0ms
04-15 17:05:26.729 536 567 D SystemServerTimingAsync: ssm.onUnlockingUser-0_com.android.server.am.ActivityManagerService$Lifecycle
04-15 17:05:26.729 536 567 V SystemServerTimingAsync: ssm.onUnlockingUser-0_com.android.server.am.ActivityManagerService$Lifecycle took to complete: 0ms
04-15 17:05:26.729 536 567 D SystemServerTimingAsync: ssm.onUnlockingUser-0_com.android.server.pm.DataLoaderManagerService
04-15 17:05:26.729 536 567 V SystemServerTimingAsync: ssm.onUnlockingUser-0_com.android.server.pm.DataLoaderManagerService took to complete: 0ms
04-15 17:05:26.730 536 567 D SystemServerTimingAsync: ssm.onUnlockingUser-0_com.android.server.power.PowerManagerService
04-15 17:05:26.730 536 567 V SystemServerTimingAsync: ssm.onUnlockingUser-0_com.android.server.power.PowerManagerService took to complete: 0ms
04-15 17:05:26.730 536 567 D SystemServerTimingAsync: ssm.onUnlockingUser-0_com.android.server.power.ThermalManagerService
04-15 17:05:26.730 536 567 V SystemServerTimingAsync: ssm.onUnlockingUser-0_com.android.server.power.ThermalManagerService took to complete: 0ms
04-15 17:05:26.730 536 567 D SystemServerTimingAsync: ssm.onUnlockingUser-0_com.android.server.power.hint.HintManagerService
04-15 17:05:26.730 536 567 V SystemServerTimingAsync: ssm.onUnlockingUser-0_com.android.server.power.hint.HintManagerService took to complete: 0ms
04-15 17:05:26.730 536 567 D SystemServerTimingAsync: ssm.onUnlockingUser-0_com.android.server.recoverysystem.RecoverySystemService$Lifecycle
04-15 17:05:26.730 536 567 V SystemServerTimingAsync: ssm.onUnlockingUser-0_com.android.server.recoverysystem.RecoverySystemService$Lifecycle took to complete: 0ms
04-15 17:05:26.730 536 567 D SystemServerTimingAsync: ssm.onUnlockingUser-0_com.android.server.lights.LightsService
04-15 17:05:26.731 536 567 V SystemServerTimingAsync: ssm.onUnlockingUser-0_com.android.server.lights.LightsService took to complete: 0ms
04-15 17:05:26.731 536 567 D SystemServerTimingAsync: ssm.onUnlockingUser-0_com.android.server.display.DisplayManagerService
04-15 17:05:26.731 536 567 V SystemServerTimingAsync: ssm.onUnlockingUser-0_com.android.server.display.DisplayManagerService took to complete: 0ms
04-15 17:05:26.731 536 567 D SystemServerTimingAsync: ssm.onUnlockingUser-0_com.android.server.pm.verify.domain.DomainVerificationService
04-15 17:05:26.731 536 567 V SystemServerTimingAsync: ssm.onUnlockingUser-0_com.android.server.pm.verify.domain.DomainVerificationService took to complete: 0ms
04-15 17:05:26.731 536 567 D SystemServerTimingAsync: ssm.onUnlockingUser-0_com.android.server.pm.PackageInstallerService$Lifecycle
04-15 17:05:26.731 536 567 V SystemServerTimingAsync: ssm.onUnlockingUser-0_com.android.server.pm.PackageInstallerService$Lifecycle took to complete: 0ms
04-15 17:05:26.731 536 567 D SystemServerTimingAsync: ssm.onUnlockingUser-0_com.android.server.pm.UserManagerService$LifeCycle
04-15 17:05:26.732 536 567 V SystemServerTimingAsync: ssm.onUnlockingUser-0_com.android.server.pm.UserManagerService$LifeCycle took to complete: 0ms
04-15 17:05:26.745 536 567 D SystemServerTimingAsync: ssm.onUnlockingUser-0_com.android.server.om.OverlayManagerService
04-15 17:05:26.745 536 567 V SystemServerTimingAsync: ssm.onUnlockingUser-0_com.android.server.om.OverlayManagerService took to complete: 1ms
04-15 17:05:26.746 536 567 D SystemServerTimingAsync: ssm.onUnlockingUser-0_com.android.server.resources.ResourcesManagerService
04-15 17:05:26.746 536 567 V SystemServerTimingAsync: ssm.onUnlockingUser-0_com.android.server.resources.ResourcesManagerService took to complete: 0ms
04-15 17:05:26.747 536 567 D SystemServerTimingAsync: ssm.onUnlockingUser-0_com.android.server.sensorprivacy.SensorPrivacyService
04-15 17:05:26.747 536 567 V SystemServerTimingAsync: ssm.onUnlockingUser-0_com.android.server.sensorprivacy.SensorPrivacyService took to complete: 0ms
04-15 17:05:26.747 536 567 D SystemServerTimingAsync: ssm.onUnlockingUser-0_com.android.server.sensors.SensorService
04-15 17:05:26.752 536 567 V SystemServerTimingAsync: ssm.onUnlockingUser-0_com.android.server.sensors.SensorService took to complete: 0ms
04-15 17:05:26.759 536 567 D SystemServerTimingAsync: ssm.onUnlockingUser-0_com.android.server.SystemConfigService
04-15 17:05:26.779 536 557 W Looper : Slow dispatch took 591ms android.fg h=com.android.server.DropBoxManagerService$DropBoxManagerBroadcastHandler c=null m=2
04-15 17:05:26.788 536 558 W Looper : Slow dispatch took 983ms android.ui h=com.android.server.am.ActivityManagerService$UiHandler c=com.android.server.am.UidObserverController$$ExternalSyntheticLambda0@4c0ea4e m=0
04-15 17:05:26.792 536 567 V SystemServerTimingAsync: ssm.onUnlockingUser-0_com.android.server.SystemConfigService took to complete: 0ms
04-15 17:05:26.793 536 567 D SystemServerTimingAsync: ssm.onUnlockingUser-0_com.android.server.BatteryService
04-15 17:05:26.794 536 567 V SystemServerTimingAsync: ssm.onUnlockingUser-0_com.android.server.BatteryService took to complete: 0ms
04-15 17:05:26.795 536 567 D SystemServerTimingAsync: ssm.onUnlockingUser-0_com.android.server.usage.UsageStatsService
04-15 17:05:26.795 536 567 V SystemServerTimingAsync: ssm.onUnlockingUser-0_com.android.server.usage.UsageStatsService took to complete: 1ms
04-15 17:05:26.801 536 567 D SystemServerTimingAsync: ssm.onUnlockingUser-0_com.android.server.webkit.WebViewUpdateService
04-15 17:05:26.802 536 567 V SystemServerTimingAsync: ssm.onUnlockingUser-0_com.android.server.webkit.WebViewUpdateService took to complete: 0ms
04-15 17:05:26.802 536 567 D SystemServerTimingAsync: ssm.onUnlockingUser-0_com.android.server.CachedDeviceStateService
04-15 17:05:26.803 536 567 V SystemServerTimingAsync: ssm.onUnlockingUser-0_com.android.server.CachedDeviceStateService took to complete: 0ms
04-15 17:05:26.804 536 567 D SystemServerTimingAsync: ssm.onUnlockingUser-0_com.android.server.BinderCallsStatsService$LifeCycle
04-15 17:05:26.805 536 567 V SystemServerTimingAsync: ssm.onUnlockingUser-0_com.android.server.BinderCallsStatsService$LifeCycle took to complete: 0ms
04-15 17:05:26.805 536 567 D SystemServerTimingAsync: ssm.onUnlockingUser-0_com.android.server.LooperStatsService$Lifecycle
04-15 17:05:26.806 536 567 V SystemServerTimingAsync: ssm.onUnlockingUser-0_com.android.server.LooperStatsService$Lifecycle took to complete: 0ms
04-15 17:05:26.807 536 567 D SystemServerTimingAsync: ssm.onUnlockingUser-0_com.android.server.rollback.RollbackManagerService
04-15 17:05:26.861 536 567 W SystemServiceManager: Service com.android.server.rollback.RollbackManagerService took 54 ms in onUnlockingUser-0
04-15 17:05:26.870 536 567 V SystemServerTimingAsync: ssm.onUnlockingUser-0_com.android.server.rollback.RollbackManagerService took to complete: 63ms
04-15 17:05:26.871 536 567 D SystemServerTimingAsync: ssm.onUnlockingUser-0_com.android.server.os.NativeTombstoneManagerService
04-15 17:05:26.878 536 567 V SystemServerTimingAsync: ssm.onUnlockingUser-0_com.android.server.os.NativeTombstoneManagerService took to complete: 0ms
04-15 17:05:26.878 536 567 D SystemServerTimingAsync: ssm.onUnlockingUser-0_com.android.server.os.BugreportManagerService
04-15 17:05:26.885 536 567 V SystemServerTimingAsync: ssm.onUnlockingUser-0_com.android.server.os.BugreportManagerService took to complete: 0ms
04-15 17:05:26.886 536 567 D SystemServerTimingAsync: ssm.onUnlockingUser-0_com.android.server.gpu.GpuService
04-15 17:05:26.886 536 567 V SystemServerTimingAsync: ssm.onUnlockingUser-0_com.android.server.gpu.GpuService took to complete: 0ms
04-15 17:05:26.887 536 567 D SystemServerTimingAsync: ssm.onUnlockingUser-0_com.android.server.security.rkp.RemoteProvisioningService
04-15 17:05:26.888 536 567 V SystemServerTimingAsync: ssm.onUnlockingUser-0_com.android.server.security.rkp.RemoteProvisioningService took to complete: 1ms
04-15 17:05:26.889 536 567 D SystemServerTimingAsync: ssm.onUnlockingUser-0_com.android.server.cpu.CpuMonitorService
04-15 17:05:26.889 536 567 V SystemServerTimingAsync: ssm.onUnlockingUser-0_com.android.server.cpu.CpuMonitorService took to complete: 0ms
04-15 17:05:26.890 536 567 D SystemServerTimingAsync: ssm.onUnlockingUser-0_com.android.server.security.KeyChainSystemService
04-15 17:05:26.911 536 567 V SystemServerTimingAsync: ssm.onUnlockingUser-0_com.android.server.security.KeyChainSystemService took to complete: 1ms
04-15 17:05:26.919 536 567 D SystemServerTimingAsync: ssm.onUnlockingUser-0_com.android.server.BinaryTransparencyService
04-15 17:05:26.925 536 567 V SystemServerTimingAsync: ssm.onUnlockingUser-0_com.android.server.BinaryTransparencyService took to complete: 0ms
04-15 17:05:26.925 536 567 D SystemServerTimingAsync: ssm.onUnlockingUser-0_com.android.server.telecom.TelecomLoaderService
04-15 17:05:26.925 536 567 V SystemServerTimingAsync: ssm.onUnlockingUser-0_com.android.server.telecom.TelecomLoaderService took to complete: 0ms
04-15 17:05:26.958 0 0 I apexd : destroyCeSnapshotsNotSpecified() received by ApexService user_id : 0 retain_rollback_ids : []
04-15 17:05:26.957 536 567 D SystemServerTimingAsync: ssm.onUnlockingUser-0_com.android.server.accounts.AccountManagerService$Lifecycle
04-15 17:05:26.957 536 567 V SystemServerTimingAsync: ssm.onUnlockingUser-0_com.android.server.accounts.AccountManagerService$Lifecycle took to complete: 1ms
04-15 17:05:26.958 536 567 D SystemServerTimingAsync: ssm.onUnlockingUser-0_com.android.server.content.ContentService$Lifecycle
04-15 17:05:26.958 536 567 V SystemServerTimingAsync: ssm.onUnlockingUser-0_com.android.server.content.ContentService$Lifecycle took to complete: 0ms
04-15 17:05:26.958 536 567 D SystemServerTimingAsync: ssm.onUnlockingUser-0_com.android.server.deviceconfig.DeviceConfigInit$Lifecycle
04-15 17:05:26.958 536 567 V SystemServerTimingAsync: ssm.onUnlockingUser-0_com.android.server.deviceconfig.DeviceConfigInit$Lifecycle took to complete: 0ms
04-15 17:05:26.959 536 567 D SystemServerTimingAsync: ssm.onUnlockingUser-0_com.android.server.DropBoxManagerService
04-15 17:05:26.959 536 567 V SystemServerTimingAsync: ssm.onUnlockingUser-0_com.android.server.DropBoxManagerService took to complete: 0ms
04-15 17:05:26.959 536 567 D SystemServerTimingAsync: ssm.onUnlockingUser-0_com.android.role.RoleService
04-15 17:05:26.959 536 567 V SystemServerTimingAsync: ssm.onUnlockingUser-0_com.android.role.RoleService took to complete: 0ms
04-15 17:05:26.959 536 567 D SystemServerTimingAsync: ssm.onUnlockingUser-0_com.android.server.vibrator.VibratorManagerService$Lifecycle
04-15 17:05:26.959 536 567 V SystemServerTimingAsync: ssm.onUnlockingUser-0_com.android.server.vibrator.VibratorManagerService$Lifecycle took to complete: 0ms
04-15 17:05:26.959 536 567 D SystemServerTimingAsync: ssm.onUnlockingUser-0_com.android.server.tare.InternalResourceService
04-15 17:05:26.959 536 567 V SystemServerTimingAsync: ssm.onUnlockingUser-0_com.android.server.tare.InternalResourceService took to complete: 0ms
04-15 17:05:26.959 536 567 D SystemServerTimingAsync: ssm.onUnlockingUser-0_com.android.server.alarm.AlarmManagerService
