04-15 17:02:00.799 336 336 D GoldfishComponentStore: useAndroidGoldfishComponentInstance 253 found prop ro.boot.qemu.hwcodec.hevcdec val 2
04-15 17:02:01.033 336 336 I HidlServiceManagement: Registered android.hardware.media.c2@1.0::IComponentStore/default
04-15 17:02:01.062 0 0 I init : Service 'boringssl_self_test_apex64' (pid 390) exited with status 0 waiting took 2.059000 seconds
04-15 17:02:01.062 0 0 I init : Sending signal 9 to service 'boringssl_self_test_apex64' (pid 390) process group...
04-15 17:02:01.063 0 0 I libprocessgroup: Successfully killed process cgroup uid 9999 pid 390 in 0ms
04-15 17:02:01.071 0 0 I init : processing action (bootreceiver.enable=1 && ro.product.cpu.abilist64=*) from (/system/etc/init/hw/init.rc:668)
04-15 17:02:01.072 336 336 I HidlServiceManagement: Removing namespace from process name android.hardware.media.c2@1.0-service-goldfish to c2@1.0-service-goldfish.
04-15 17:02:01.142 336 336 I android.hardware.media.c2@1.0-service-goldfish: Codec2's IComponentStore service created.
04-15 17:02:01.226 355 355 I RanchuHwc: RanchuHWC (HWComposer3/HWC3) starting up...
04-15 17:02:02.230 0 0 I servicemanager: Found android.hardware.graphics.composer3.IComposer/default in device VINTF manifest.
04-15 17:02:02.237 375 375 I credstore: Registered binder service
04-15 17:02:02.257 0 0 I init : Command 'mkdir /sys/kernel/tracing/instances/bootreceiver 0700 system system' action=bootreceiver.enable=1 && ro.product.cpu.abilist64=* (/system/etc/init/hw/init.rc:672) took 1186ms and succeeded
04-15 17:02:02.433 0 0 I init : Command 'write /sys/kernel/tracing/instances/bootreceiver/events/error_report/error_report_end/enable 1' action=bootreceiver.enable=1 && ro.product.cpu.abilist64=* (/system/etc/init/hw/init.rc:676) took 148ms and succeeded
04-15 17:02:02.433 0 0 I init : processing action (net.tcp_def_init_rwnd=*) from (/system/etc/init/hw/init.rc:1242)
04-15 17:02:02.434 0 0 I init : processing action (security.perf_harden=1) from (/system/etc/init/hw/init.rc:1267)
04-15 17:02:02.458 0 0 I init : processing action (ro.debuggable=1) from (/system/etc/init/hw/init.rc:1304)
04-15 17:02:02.459 0 0 I init : processing action (sys.usb.config=adb && sys.usb.configfs=0) from (/system/etc/init/hw/init.usb.rc:40)
04-15 17:02:02.460 0 0 I init : Command 'write /sys/class/android_usb/android0/enable 0' action=sys.usb.config=adb && sys.usb.configfs=0 (/system/etc/init/hw/init.usb.rc:41) took 0ms and failed: Unable to write to file '/sys/class/android_usb/android0/enable': open() failed: Permission denied
04-15 17:02:02.469 0 0 I init : Command 'write /sys/class/android_usb/android0/idVendor 18d1' action=sys.usb.config=adb && sys.usb.configfs=0 (/system/etc/init/hw/init.usb.rc:42) took 8ms and failed: Unable to write to file '/sys/class/android_usb/android0/idVendor': open() failed: Permission denied
04-15 17:02:02.470 0 0 I init : Command 'write /sys/class/android_usb/android0/idProduct 4EE7' action=sys.usb.config=adb && sys.usb.configfs=0 (/system/etc/init/hw/init.usb.rc:43) took 0ms and failed: Unable to write to file '/sys/class/android_usb/android0/idProduct': open() failed: Permission denied
04-15 17:02:02.470 0 0 I init : Command 'write /sys/class/android_usb/android0/functions ${sys.usb.config}' action=sys.usb.config=adb && sys.usb.configfs=0 (/system/etc/init/hw/init.usb.rc:44) took 0ms and failed: Unable to write to file '/sys/class/android_usb/android0/functions': open() failed: Permission denied
04-15 17:02:02.471 0 0 I init : Command 'write /sys/class/android_usb/android0/enable 1' action=sys.usb.config=adb && sys.usb.configfs=0 (/system/etc/init/hw/init.usb.rc:45) took 0ms and failed: Unable to write to file '/sys/class/android_usb/android0/enable': open() failed: Permission denied
04-15 17:02:02.478 0 0 I init : starting service 'adbd'...
04-15 17:02:02.480 0 0 I init : Created socket '/dev/socket/adbd', mode 660, user 1000, group 1000
04-15 17:02:02.567 0 0 I init : ... started service 'adbd' has pid 402
04-15 17:02:02.567 0 0 I init : Command 'start adbd' action=sys.usb.config=adb && sys.usb.configfs=0 (/system/etc/init/hw/init.usb.rc:46) took 96ms and succeeded
04-15 17:02:02.575 0 0 I init : processing action (vendor.qemu.timezone=*) from (/vendor/etc/init/hw/init.ranchu.rc:104)
04-15 17:02:02.717 0 0 I init : Command 'setprop persist.sys.timezone ${vendor.qemu.timezone}' action=vendor.qemu.timezone=* (/vendor/etc/init/hw/init.ranchu.rc:105) took 141ms and succeeded
04-15 17:02:02.717 0 0 I init : processing action (vendor.qemu.vport.bluetooth=*) from (/vendor/etc/init/hw/init.ranchu.rc:180)
04-15 17:02:02.766 0 0 I init : processing action (init.svc.audioserver=running) from (/system/etc/init/audioserver.rc:35)
04-15 17:02:02.766 0 0 I init : service 'vendor.audio-hal' requested start, but it is already running (flags: 4)
04-15 17:02:02.766 0 0 I init : Command 'start vendor.audio-hal-aidl' action=init.svc.audioserver=running (/system/etc/init/audioserver.rc:37) took 0ms and failed: service vendor.audio-hal-aidl not found
04-15 17:02:02.766 0 0 I init : Command 'start vendor.audio-effect-hal-aidl' action=init.svc.audioserver=running (/system/etc/init/audioserver.rc:38) took 0ms and failed: service vendor.audio-effect-hal-aidl not found
04-15 17:02:02.767 0 0 I init : Command 'start vendor.audio-hal-4-0-msd' action=init.svc.audioserver=running (/system/etc/init/audioserver.rc:39) took 0ms and failed: service vendor.audio-hal-4-0-msd not found
04-15 17:02:02.767 0 0 I init : Command 'start audio_proxy_service' action=init.svc.audioserver=running (/system/etc/init/audioserver.rc:40) took 0ms and failed: service audio_proxy_service not found
04-15 17:02:02.767 0 0 I init : processing action (ro.persistent_properties.ready=true) from (/system/etc/init/bootstat.rc:57)
04-15 17:02:02.770 0 0 I init : processing action (ro.persistent_properties.ready=true) from (/system/etc/init/bootstat.rc:61)
04-15 17:02:02.771 0 0 I init : starting service 'exec 17 (/system/bin/bootstat --set_system_boot_reason)'...
04-15 17:02:02.846 324 324 D AndroidRuntime: >>>>>> START com.android.internal.os.ZygoteInit uid 0 <<<<<<
04-15 17:02:02.877 0 0 I init : ... started service 'exec 17 (/system/bin/bootstat --set_system_boot_reason)' has pid 403
04-15 17:02:02.877 0 0 I init : Command 'exec_background - system log -- /system/bin/bootstat --set_system_boot_reason' action=ro.persistent_properties.ready=true (/system/etc/init/bootstat.rc:64) took 106ms and succeeded
04-15 17:02:02.878 0 0 I init : processing action (bootreceiver.enable=1 && ro.product.cpu.abilist64=*) from (/system/etc/init/dmesgd.rc:7)
04-15 17:02:02.917 0 0 I init : Command 'rm /data/misc/dmesgd/sent_reports.txt' action=bootreceiver.enable=1 && ro.product.cpu.abilist64=* (/system/etc/init/dmesgd.rc:9) took 36ms and failed: unlink() failed: No such file or directory
04-15 17:02:02.917 0 0 I init : processing action (persist.heapprofd.enable= && traced.lazy.heapprofd=) from (/system/etc/init/heapprofd.rc:49)
04-15 17:02:02.933 0 0 I init : processing action (ro.debuggable=1) from (/system/etc/init/llkd-debuggable.rc:1)
04-15 17:02:02.981 0 0 I init : processing action (ro.debuggable=*) from (/system/etc/init/llkd.rc:2)
04-15 17:02:03.003 0 0 I init : processing action (debug.atrace.user_initiated= && persist.traced.enable=1) from (/system/etc/init/perfetto.rc:47)
04-15 17:02:03.029 0 0 I init : starting service 'traced_probes'...
04-15 17:02:03.203 0 0 I init : ... started service 'traced_probes' has pid 404
04-15 17:02:03.203 0 0 I init : Command 'start traced_probes' action=debug.atrace.user_initiated= && persist.traced.enable=1 (/system/etc/init/perfetto.rc:48) took 199ms and succeeded
04-15 17:02:03.203 0 0 I init : processing action (persist.traced.enable=1) from (/system/etc/init/perfetto.rc:50)
04-15 17:02:03.274 0 0 I init : Command 'mkdir /data/misc/perfetto-configs 0775 root shell' action=persist.traced.enable=1 (/system/etc/init/perfetto.rc:63) took 57ms and succeeded
04-15 17:02:03.275 0 0 I init : starting service 'traced'...
04-15 17:02:03.345 0 0 I init : Created socket '/dev/socket/traced_consumer', mode 666, user 0, group 0
04-15 17:02:03.346 0 0 I init : Created socket '/dev/socket/traced_producer', mode 666, user 0, group 0
04-15 17:02:03.414 324 324 I AndroidRuntime: Using default boot image
04-15 17:02:03.415 324 324 I AndroidRuntime: Leaving lock profiling enabled
04-15 17:02:03.444 324 324 I zygote64: option[0]=-Xzygote
04-15 17:02:03.445 324 324 I zygote64: option[1]=exit
04-15 17:02:03.446 324 324 I zygote64: option[2]=vfprintf
04-15 17:02:03.447 324 324 I zygote64: option[3]=sensitiveThread
04-15 17:02:03.447 324 324 I zygote64: option[4]=-verbose:gc
04-15 17:02:03.456 324 324 I zygote64: option[5]=-XX:PerfettoHprof=true
04-15 17:02:03.456 324 324 I zygote64: option[6]=-XX:PerfettoJavaHeapStackProf=true
04-15 17:02:03.456 324 324 I zygote64: option[7]=-Xprimaryzygote
04-15 17:02:03.456 324 324 I zygote64: option[8]=-Xms8m
04-15 17:02:03.456 324 324 I zygote64: option[9]=-Xmx512m
04-15 17:02:03.457 324 324 I zygote64: option[10]=-XX:HeapGrowthLimit=192m
04-15 17:02:03.457 324 324 I zygote64: option[11]=-XX:HeapMinFree=512k
04-15 17:02:03.457 324 324 I zygote64: option[12]=-XX:HeapMaxFree=8m
04-15 17:02:03.457 324 324 I zygote64: option[13]=-XX:HeapTargetUtilization=0.75
04-15 17:02:03.457 324 324 I zygote64: option[14]=-Xusejit:true
04-15 17:02:03.457 324 324 I zygote64: option[15]=-Xjitsaveprofilinginfo
04-15 17:02:03.457 324 324 I zygote64: option[16]=-XMadviseWillNeedVdexFileSize:104857600
04-15 17:02:03.457 324 324 I zygote64: option[17]=-XMadviseWillNeedOdexFileSize:104857600
04-15 17:02:03.457 324 324 I zygote64: option[18]=-XMadviseWillNeedArtFileSize:4294967295
04-15 17:02:03.457 324 324 I zygote64: option[19]=-XjdwpOptions:suspend=n,server=y
04-15 17:02:03.458 324 324 I zygote64: option[20]=-XjdwpProvider:default
04-15 17:02:03.458 324 324 I zygote64: option[21]=-Xopaque-jni-ids:swapable
04-15 17:02:03.458 324 324 I zygote64: option[22]=-Xlockprofthreshold:500
04-15 17:02:03.458 324 324 I zygote64: option[23]=-Xcompiler-option
04-15 17:02:03.458 324 324 I zygote64: option[24]=--instruction-set-variant=x86_64
04-15 17:02:03.458 324 324 I zygote64: option[25]=-Xcompiler-option
04-15 17:02:03.458 324 324 I zygote64: option[26]=--instruction-set-features=default
04-15 17:02:03.458 324 324 I zygote64: option[27]=-Xcompiler-option
04-15 17:02:03.458 324 324 I zygote64: option[28]=--generate-mini-debug-info
04-15 17:02:03.458 324 324 I zygote64: option[29]=-Ximage-compiler-option
04-15 17:02:03.458 324 324 I zygote64: option[30]=--runtime-arg
04-15 17:02:03.459 324 324 I zygote64: option[31]=-Ximage-compiler-option
04-15 17:02:03.459 324 324 I zygote64: option[32]=-Xms64m
04-15 17:02:03.459 324 324 I zygote64: option[33]=-Ximage-compiler-option
04-15 17:02:03.459 324 324 I zygote64: option[34]=--runtime-arg
04-15 17:02:03.459 324 324 I zygote64: option[35]=-Ximage-compiler-option
04-15 17:02:03.459 324 324 I zygote64: option[36]=-Xmx64m
04-15 17:02:03.459 324 324 I zygote64: option[37]=-Ximage-compiler-option
04-15 17:02:03.459 324 324 I zygote64: option[38]=--dirty-image-objects=/system/etc/dirty-image-objects
04-15 17:02:03.459 324 324 I zygote64: option[39]=-Ximage-compiler-option
04-15 17:02:03.459 324 324 I zygote64: option[40]=--instruction-set-variant=x86_64
04-15 17:02:03.472 324 324 I zygote64: option[41]=-Ximage-compiler-option
04-15 17:02:03.472 324 324 I zygote64: option[42]=--instruction-set-features=default
04-15 17:02:03.472 324 324 I zygote64: option[43]=-Ximage-compiler-option
04-15 17:02:03.472 324 324 I zygote64: option[44]=--generate-mini-debug-info
04-15 17:02:03.472 324 324 I zygote64: option[45]=-Duser.locale=en-US
04-15 17:02:03.472 324 324 I zygote64: option[46]=--cpu-abilist=x86_64
04-15 17:02:03.473 324 324 I zygote64: option[47]=-Xcore-platform-api-policy:just-warn
04-15 17:02:03.473 324 324 I zygote64: option[48]=-Xfingerprint:Android/sdk_phone64_x86_64/emu64x:14/UE1A.230829.036.A1/11228894:userdebug/test-keys
04-15 17:02:03.540 0 0 I init : ... started service 'traced' has pid 405
04-15 17:02:03.581 0 0 I init : Command 'start traced' action=persist.traced.enable=1 (/system/etc/init/perfetto.rc:65) took 306ms and succeeded
04-15 17:02:03.581 0 0 I init : service 'traced_probes' requested start, but it is already running (flags: 132)
04-15 17:02:03.581 0 0 I init : processing action (ro.persistent_properties.ready=true) from (/system/etc/init/perfetto.rc:116)
04-15 17:02:03.582 0 0 I init : processing action (persist.traced_perf.enable= && sys.init.perf_lsm_hooks=1 && traced.lazy.traced_perf=) from (/system/etc/init/traced_perf.rc:43)
04-15 17:02:03.705 0 0 I init : processing action (init.svc.qemu-adb-keys=stopped) from (/system_ext/etc/init/init.system_ext.rc:1)
04-15 17:02:03.706 0 0 I init : starting service 'qemu-adb-setup'...
04-15 17:02:03.999 0 0 I init : ... started service 'qemu-adb-setup' has pid 406
04-15 17:02:04.000 0 0 I init : Command 'start qemu-adb-setup' action=init.svc.qemu-adb-keys=stopped (/system_ext/etc/init/init.system_ext.rc:2) took 294ms and succeeded
04-15 17:02:04.000 0 0 I init : processing action (nonencrypted) from (/system/etc/init/hw/init.rc:1214)
04-15 17:02:04.042 402 402 I adbd : persist.adb.watchdog set to ''
04-15 17:02:04.042 0 0 I init : starting service 'goldfish-logcat'...
04-15 17:02:04.046 374 374 I FastMixerState: sMaxFastTracks = 8
04-15 17:02:04.056 402 402 I adbd : persist.sys.test_harness set to ''
04-15 17:02:04.057 402 402 I adbd : adb watchdog timeout set to 600 seconds
04-15 17:02:04.063 402 402 I adbd : Setup mdns on port= 5555
04-15 17:02:04.081 402 408 I adbd : Waiting for persist.adb.tls_server.enable=1
04-15 17:02:04.113 324 324 I zygote64: Core platform API reporting enabled, enforcing=false
04-15 17:02:04.129 324 324 I zygote64: Using CollectorTypeCC GC.
04-15 17:02:04.169 402 402 I adbd : adbd listening on tcp:5555
04-15 17:02:04.170 402 402 I adbd : adbd listening on vsock:5555
04-15 17:02:04.170 402 402 I adbd : adbd started
04-15 17:02:04.173 133 133 I hwservicemanager: getTransport: Cannot find entry android.hardware.configstore@1.0::ISurfaceFlingerConfigs/default in either framework or device VINTF manifest.
04-15 17:02:04.227 0 0 I init : ... started service 'goldfish-logcat' has pid 410
04-15 17:02:04.228 0 0 I init : starting service 'bt_vhci_forwarder'...
04-15 17:02:04.322 0 0 I init : ... started service 'bt_vhci_forwarder' has pid 415
04-15 17:02:04.322 0 0 I init : service 'zygote' requested start, but it is already running (flags: 4)
04-15 17:02:04.323 0 0 I init : starting service 'cameraserver'...
04-15 17:02:04.392 404 404 I perfetto: probes.cc:104 Starting /system/bin/traced_probes service
04-15 17:02:04.501 404 420 I perfetto: _activity_trigger.cc:71 mm_events ftrace instance not found. Triggering of traces on memory pressure will not be available on this device.
04-15 17:02:04.512 404 404 I perfetto: probes_producer.cc:382 Disconnected from tracing service
04-15 17:02:04.599 403 403 I bootstat: Service started: /system/bin/bootstat --set_system_boot_reason
04-15 17:02:04.623 0 0 I init : ... started service 'cameraserver' has pid 418
04-15 17:02:04.634 0 0 I init : starting service 'idmap2d'...
04-15 17:02:04.717 402 424 I adbd : host-19: write thread spawning
04-15 17:02:04.717 402 423 I adbd : host-19: read thread spawning
04-15 17:02:04.718 402 402 I adbd : host-19: already offline
04-15 17:02:04.719 402 402 I adbd : authentication not required
04-15 17:02:04.726 402 422 I adbd : host-16: write thread spawning
04-15 17:02:04.726 402 421 I adbd : host-16: read thread spawning
04-15 17:02:04.757 403 403 I bootstat: Canonical boot reason: reboot
04-15 17:02:04.757 403 403 I bootstat: Canonical boot reason: reboot
04-15 17:02:04.764 0 0 I logd : logdr: UID=1036 GID=0 PID=410 b tail=0 logMask=99 pid=0 start=0ns deadline=0ns
04-15 17:02:04.789 405 405 W perfetto: service.cc:248 Started traced, listening on /dev/socket/traced_producer /dev/socket/traced_consumer
04-15 17:02:04.822 403 403 E bootstat: Failed to read /metadata/bootstat/persist.sys.boot.reason: No such file or directory
04-15 17:02:04.822 403 403 I bootstat: Value of persist.sys.boot.reason :
04-15 17:02:04.822 403 403 I bootstat: Normalized last reboot reason : reboot
04-15 17:02:04.865 403 403 E bootstat: Failed to unlink /metadata/bootstat/persist.sys.boot.reason: No such file or directory
04-15 17:02:04.882 0 0 I init : ... started service 'idmap2d' has pid 426
04-15 17:02:04.883 0 0 I init : starting service 'incidentd'...
04-15 17:02:04.929 404 404 I perfetto: probes_producer.cc:341 Connected to the service
04-15 17:02:04.960 385 385 I SurfaceFlinger: Using HWComposer service: default
04-15 17:02:04.961 385 385 I SurfaceFlinger: SurfaceFlinger is starting
04-15 17:02:04.962 385 385 I SurfaceFlinger: Enabling backpressure for GPU composition
04-15 17:02:04.964 0 0 I init : ... started service 'incidentd' has pid 428
04-15 17:02:05.001 0 0 I init : starting service 'installd'...
04-15 17:02:05.081 0 0 W qemu-adb-setup: /data/misc/adb/adb_keys exists. Skipping qemu adb setup
04-15 17:02:05.155 0 0 I init : ... started service 'installd' has pid 432
04-15 17:02:05.156 0 0 I init : starting service 'mediaextractor'...
04-15 17:02:05.239 385 385 I SurfaceFlinger: SurfaceFlinger's main thread ready to run. Initializing graphics H/W...
04-15 17:02:05.256 385 385 E SurfaceFlinger: Unrecognized RenderEngineType ; ignoring!
04-15 17:02:05.256 385 385 D RenderEngine: Threaded RenderEngine with SkiaGL Backend
04-15 17:02:05.283 415 415 E bt_vhci_forwarder: setTerminalRaw failed /dev/bluetooth0: Inappropriate ioctl for device
04-15 17:02:05.474 0 0 I init : ... started service 'mediaextractor' has pid 433
04-15 17:02:05.475 0 0 I init : starting service 'mediametrics'...
04-15 17:02:05.491 385 434 D libEGL : loaded /vendor/lib64/egl/libEGL_emulation.so
04-15 17:02:05.502 374 374 D audioserver: main: starting
04-15 17:02:05.514 385 434 D libEGL : loaded /vendor/lib64/egl/libGLESv1_CM_emulation.so
04-15 17:02:05.525 374 374 V MediaUtils: physMem: 2070044672
04-15 17:02:05.525 374 374 V MediaUtils: requested limit: 414008920
04-15 17:02:05.526 374 374 I libc : malloc_limit: Allocation limit enabled, max size 414008920 bytes
04-15 17:02:05.550 385 434 D libEGL : loaded /vendor/lib64/egl/libGLESv2_emulation.so
04-15 17:02:05.640 0 0 I init : ... started service 'mediametrics' has pid 435
04-15 17:02:05.674 0 0 I init : starting service 'media'...
04-15 17:02:05.792 385 434 I RenderEngine: EGL information:
04-15 17:02:05.793 385 434 I RenderEngine: vendor : Android
04-15 17:02:05.793 385 434 I RenderEngine: version : 1.4 Android META-EGL
04-15 17:02:05.793 385 434 I RenderEngine: extensions: EGL_ANDROID_front_buffer_auto_refresh EGL_ANDROID_get_native_client_buffer EGL_ANDROID_presentation_time EGL_EXT_surface_CTA861_3_metadata EGL_EXT_surface_SMPTE2086_metadata EGL_KHR_get_all_proc_addresses EGL_KHR_swap_buffers_with_damage EGL_ANDROID_get_frame_timestamps EGL_ANDROID_image_native_buffer EGL_ANDROID_native_fence_sync EGL_ANDROID_recordable EGL_KHR_create_context EGL_KHR_fence_sync EGL_KHR_gl_texture_2D_image EGL_KHR_image EGL_KHR_image_base
04-15 17:02:05.793 385 434 I RenderEngine: Client API: OpenGL_ES
04-15 17:02:05.793 385 434 I RenderEngine: EGLSurface: 8-8-8-8, config=0x5
04-15 17:02:05.822 385 434 D RenderEngine: Background Blurs Enabled
04-15 17:02:06.072 385 434 I RenderEngine: OpenGL ES informations:
04-15 17:02:06.072 385 434 I RenderEngine: vendor : Google (Google Inc.)
04-15 17:02:06.072 385 434 I RenderEngine: renderer : Android Emulator OpenGL ES Translator (Google SwiftShader)
04-15 17:02:06.073 385 434 I RenderEngine: version : OpenGL ES 3.0 (OpenGL ES 3.0 SwiftShader 4.0.0.1)
04-15 17:02:06.073 385 434 I RenderEngine: extensions: GL_EXT_debug_marker GL_EXT_robustness GL_OES_EGL_sync GL_OES_EGL_image GL_OES_EGL_image_external GL_OES_depth24 GL_OES_depth32 GL_OES_element_index_uint GL_OES_texture_float GL_OES_texture_float_linear GL_OES_compressed_paletted_texture GL_OES_compressed_ETC1_RGB8_texture GL_OES_depth_texture GL_OES_texture_half_float GL_OES_texture_half_float_linear GL_OES_packed_depth_stencil GL_OES_vertex_half_float GL_OES_standard_derivatives GL_OES_texture_npot GL_OES_rgb8_rgba8 GL_EXT_color_buffer_float GL_EXT_color_buffer_half_float GL_EXT_texture_format_BGRA8888 GL_APPLE_texture_format_BGRA8888 ANDROID_EMU_CHECKSUM_HELPER_v1 ANDROID_EMU_native_sync_v2 ANDROID_EMU_dma_v1 ANDROID_EMU_direct_mem ANDROID_EMU_host_composition_v1 ANDROID_EMU_host_composition_v2 ANDROID_EMU_vulkan ANDROID_EMU_deferred_vulkan_commands ANDROID_EMU_vulkan_null_optional_strings ANDROID_EMU_vulkan_create_resources_with_requirements ANDROID_EMU_YUV_Cache ANDROID_EMU_vulkan_ignored_handles ANDROID_EMU_has_shared_slots_host_memory_alloc
04-15 17:02:06.073 385 434 I RenderEngine: GL_MAX_TEXTURE_SIZE = 8192
04-15 17:02:06.073 385 434 I RenderEngine: GL_MAX_VIEWPORT_DIMS = 8192
04-15 17:02:06.113 0 0 I init : ... started service 'media' has pid 437
04-15 17:02:06.113 0 0 I init : service 'netd' requested start, but it is already running (flags: 4)
04-15 17:02:06.114 0 0 I init : starting service 'storaged'...
04-15 17:02:06.115 0 0 I init : Could not open file '/d/mmc0/mmc0:0001/ext_csd': Failed to open file '/d/mmc0/mmc0:0001/ext_csd': No such file or directory
04-15 17:02:06.127 426 426 I idmap2d : Starting
04-15 17:02:06.379 415 415 I bt_vhci_forwarder: ignore 0xff packet
04-15 17:02:06.400 0 0 I init : ... started service 'storaged' has pid 440
04-15 17:02:06.456 0 0 I servicemanager: Found android.hardware.graphics.composer3.IComposer/default in device VINTF manifest.
04-15 17:02:06.518 0 0 I init : starting service 'wificond'...
04-15 17:02:06.543 374 374 W BatteryNotifier: batterystats service unavailable!
04-15 17:02:06.829 0 0 I init : ... started service 'wificond' has pid 445
04-15 17:02:06.830 0 0 I init : starting service 'vendor.ril-daemon'...
04-15 17:02:06.987 133 133 I hwservicemanager: getTransport: Cannot find entry android.hardware.graphics.mapper@4.0::IMapper/default in either framework or device VINTF manifest.
04-15 17:02:06.989 133 133 I hwservicemanager: getTransport: Cannot find entry android.hardware.audio.effect@7.1::IEffectsFactory/default in either framework or device VINTF manifest.
04-15 17:02:06.993 355 397 I ComposerResources: failed to get mapper 4.0 service, falling back to mapper 3.0
04-15 17:02:07.009 0 0 I init : ... started service 'vendor.ril-daemon' has pid 446
04-15 17:02:07.014 0 0 I init : starting service 'media.swcodec'...
04-15 17:02:07.457 0 0 I init : ... started service 'media.swcodec' has pid 447
04-15 17:02:07.457 0 0 I init : service 'statsd' requested start, but it is already running (flags: 4)
04-15 17:02:07.458 0 0 I init : Command 'class_start main' action=nonencrypted (/system/etc/init/hw/init.rc:1215) took 3457ms and succeeded
04-15 17:02:07.459 0 0 I init : Service 'exec 16 (/system/bin/profcollectctl reset)' (pid 389) exited with status 0 oneshot service took 8.696000 seconds in background
04-15 17:02:07.459 0 0 I init : Sending signal 9 to service 'exec 16 (/system/bin/profcollectctl reset)' (pid 389) process group...
04-15 17:02:07.517 0 0 I libprocessgroup: Successfully killed process cgroup uid 0 pid 389 in 57ms
04-15 17:02:07.520 0 0 I init : Service 'exec 17 (/system/bin/bootstat --set_system_boot_reason)' (pid 403) exited with status 0 oneshot service took 4.724000 seconds in background
04-15 17:02:07.520 0 0 I init : Sending signal 9 to service 'exec 17 (/system/bin/bootstat --set_system_boot_reason)' (pid 403) process group...
04-15 17:02:07.525 432 432 I installd: installd firing up
04-15 17:02:07.545 355 397 E RanchuHwc: loadPersistentKeyValues: persistent key-value store path not available.
04-15 17:02:07.546 355 397 E RanchuHwc: getPersistentKeyValue: failed to load pmem json
04-15 17:02:07.546 355 397 E RanchuHwc: getBootConfigId: display:0 failed to get persistent boot config
04-15 17:02:07.547 355 397 D RanchuHwc: init display:0 with config: id: 0 w:1080 h:2400 dpi-x:420 dpi-y:420 vsync:60.000002 config-group:0
04-15 17:02:07.561 355 397 E RanchuHwc: start: failed to set Vsync thread name: Math result not representable
04-15 17:02:07.561 355 397 E RanchuHwc: start: failed to set Vsync thread priority: Invalid argument
04-15 17:02:07.577 0 0 I servicemanager: Could not find android.hardware.graphics.allocator.IAllocator/default in the VINTF manifest.
04-15 17:02:07.577 355 450 I RanchuHwc: Vsync thread for display:0 starting
04-15 17:02:07.591 133 133 I hwservicemanager: getTransport: Cannot find entry android.hardware.graphics.mapper@4.0::IMapper/default in either framework or device VINTF manifest.
04-15 17:02:07.633 0 0 I libprocessgroup: Successfully killed process cgroup uid 1000 pid 403 in 113ms
04-15 17:02:07.634 0 0 I init : Service 'qemu-adb-setup' (pid 406) exited with status 0 oneshot service took 3.874000 seconds in background
04-15 17:02:07.635 0 0 I init : Sending signal 9 to service 'qemu-adb-setup' (pid 406) process group...
04-15 17:02:07.635 0 0 I libprocessgroup: Successfully killed process cgroup uid 0 pid 406 in 0ms
04-15 17:02:07.632 355 397 I Gralloc4: mapper 4.x is not supported
04-15 17:02:07.721 432 432 E cutils : Failed to read /data/misc/installd/layout_version: No such file or directory
04-15 17:02:07.721 432 432 D installd: Assuming that device has multi-user storage layout; upgrade no longer supported
04-15 17:02:07.754 0 0 I init : starting service 'mdnsd'...
04-15 17:02:07.791 432 432 D installd: Upgrading to /data/misc/user directories
04-15 17:02:07.835 0 0 I init : Created socket '/dev/socket/mdnsd', mode 660, user 1020, group 3003
04-15 17:02:07.830 355 397 E android.hardware.graphics.composer3-service.ranchu: freeBuffer:127 failed with 'Error3::BAD_BUFFER'
04-15 17:02:07.830 355 397 E Gralloc3: freeBuffer(0x0) failed with 2
04-15 17:02:07.840 355 397 E android.hardware.graphics.composer3-service.ranchu: freeBuffer:127 failed with 'Error3::BAD_BUFFER'
04-15 17:02:07.840 355 397 E Gralloc3: freeBuffer(0x0) failed with 2
04-15 17:02:07.840 355 397 E android.hardware.graphics.composer3-service.ranchu: freeBuffer:127 failed with 'Error3::BAD_BUFFER'
04-15 17:02:07.840 355 397 E Gralloc3: freeBuffer(0x0) failed with 2
04-15 17:02:07.851 355 397 E android.hardware.graphics.composer3-service.ranchu: freeBuffer:127 failed with 'Error3::BAD_BUFFER'
04-15 17:02:07.851 355 397 E Gralloc3: freeBuffer(0x0) failed with 2
04-15 17:02:07.851 355 397 E android.hardware.graphics.composer3-service.ranchu: freeBuffer:127 failed with 'Error3::BAD_BUFFER'
04-15 17:02:07.852 355 397 E Gralloc3: freeBuffer(0x0) failed with 2
04-15 17:02:07.855 355 397 E android.hardware.graphics.composer3-service.ranchu: freeBuffer:127 failed with 'Error3::BAD_BUFFER'
04-15 17:02:07.855 355 397 E Gralloc3: freeBuffer(0x0) failed with 2
04-15 17:02:07.869 385 385 I HwcComposer: Loaded AIDL composer3 HAL service
04-15 17:02:07.882 385 385 W surfaceflinger: Binder 0x708690321968 destroyed after setMinSchedulerPolicy before being parceled.
04-15 17:02:07.883 385 385 W surfaceflinger: Binder 0x708690321968 destroyed after setMinSchedulerPolicy before being parceled.
04-15 17:02:07.898 385 385 I HWComposer: Switching to generalized multi-display mode
04-15 17:02:07.914 385 385 I SurfaceFlinger: Connecting display 4619827259835644672 (HAL ID 0)
04-15 17:02:08.106 0 0 I init : ... started service 'mdnsd' has pid 452
04-15 17:02:08.107 0 0 I init : Control message: Processed ctl.start for 'mdnsd' from pid: 402 (/apex/com.android.adbd/bin/adbd --root_seclabel=u:r:su:s0)
04-15 17:02:08.115 0 0 I init : starting service 'gatekeeperd'...
04-15 17:02:08.252 385 385 E HwcComposer: getPerFrameMetadataKeys failed Status(-8, EX_SERVICE_SPECIFIC): '8: '
04-15 17:02:08.297 0 0 I init : ... started service 'gatekeeperd' has pid 453
04-15 17:02:08.297 0 0 I init : service 'traced' requested start, but it is already running (flags: 132)
04-15 17:02:08.297 0 0 I init : service 'traced_probes' requested start, but it is already running (flags: 132)
04-15 17:02:08.299 0 0 I init : starting service 'usbd'...
04-15 17:02:08.302 0 0 I servicemanager: Could not find android.hardware.graphics.allocator.IAllocator/default in the VINTF manifest.
04-15 17:02:08.305 133 133 I hwservicemanager: getTransport: Cannot find entry android.hardware.graphics.mapper@4.0::IMapper/default in either framework or device VINTF manifest.
04-15 17:02:08.306 385 385 I Gralloc4: mapper 4.x is not supported
04-15 17:02:08.496 445 445 I wificond: wificond is starting up...
04-15 17:02:08.518 0 0 I servicemanager: Could not find android.hardware.net.nlinterceptor.IInterceptor/default in the VINTF manifest.
04-15 17:02:08.748 445 445 I HidlServiceManagement: Registered android.system.wifi.keystore@1.0::IKeystore/default
04-15 17:02:08.767 385 385 I Scheduler: Display 4619827259835644672 is the pacesetter
04-15 17:02:08.774 385 458 W EventThread: Ignoring VSYNC request while display is disconnected
04-15 17:02:09.054 385 458 W EventThread: Ignoring VSYNC request while display is disconnected
04-15 17:02:09.062 385 459 W EventThread: Ignoring VSYNC request while display is disconnected
04-15 17:02:09.084 385 459 W EventThread: Ignoring VSYNC request while display is disconnected
04-15 17:02:09.109 0 0 I init : ... started service 'usbd' has pid 455
04-15 17:02:09.109 0 0 I init : Command 'class_start late_start' action=nonencrypted (/system/etc/init/hw/init.rc:1216) took 1001ms and succeeded
04-15 17:02:09.110 0 0 I init : processing action (load_persist_props_action) from (/system/etc/init/flags_health_check.rc:1)
04-15 17:02:09.125 385 385 I Scheduler: Display 4619827259835644672 is the pacesetter
04-15 17:02:09.228 385 462 W SurfaceFlinger: Failed to set thread name on dispatch thread
04-15 17:02:09.277 133 133 I hwservicemanager: getTransport: Cannot find entry android.frameworks.displayservice@1.0::IDisplayService/default in either framework or device VINTF manifest.
04-15 17:02:09.298 0 0 I init : Encryption policy of /data/server_configurable_flags set to dc83ed73485467a30771d64791403d84 v2 modes 1/4 flags 0x2
04-15 17:02:09.298 0 0 I init : Command 'mkdir /data/server_configurable_flags 0775 system system encryption=Require' action=load_persist_props_action (/system/etc/init/flags_health_check.rc:4) took 187ms and succeeded
04-15 17:02:09.300 0 0 I init : starting service 'exec 18 (/system/bin/flags_health_check BOOT_FAILURE)'...
04-15 17:02:09.381 385 385 E HidlServiceManagement: Service android.frameworks.displayservice@1.0::IDisplayService/default must be in VINTF manifest in order to register/get.
04-15 17:02:09.381 385 385 E SurfaceFlinger: Did not register (deprecated) IDisplayService service.
04-15 17:02:09.383 385 385 D SurfaceFlinger: Setting power mode 2 on display 4619827259835644672
04-15 17:02:09.390 385 385 D SurfaceFlinger: Finished setting power mode 2 on display 4619827259835644672
04-15 17:02:09.459 0 0 I init : ... started service 'exec 18 (/system/bin/flags_health_check BOOT_FAILURE)' has pid 464
04-15 17:02:09.459 0 0 I init : SVC_EXEC service 'exec 18 (/system/bin/flags_health_check BOOT_FAILURE)' pid 464 (uid 1000 gid 1000+0 context default) started; waiting...
04-15 17:02:09.460 0 0 I init : Command 'exec - system system -- /system/bin/flags_health_check BOOT_FAILURE' action=load_persist_props_action (/system/etc/init/flags_health_check.rc:5) took 161ms and succeeded
04-15 17:02:09.509 0 0 I init : starting service 'bootanim'...
04-15 17:02:09.711 0 0 I init : ... started service 'bootanim' has pid 468
04-15 17:02:09.712 0 0 I init : Control message: Processed ctl.start for 'bootanim' from pid: 385 (/system/bin/surfaceflinger)
04-15 17:02:10.030 433 433 I main_extractorservice: enable media.extractor memory limits
04-15 17:02:10.031 433 433 V MediaUtils: physMem: 2070044672
04-15 17:02:10.049 455 455 I usbd : persistent prop is adb
04-15 17:02:10.077 0 0 I init : service 'adbd' requested start, but it is already running (flags: 132)
04-15 17:02:10.077 0 0 I init : Control message: Processed ctl.start for 'adbd' from pid: 455 (/system/bin/usbd)
04-15 17:02:10.097 0 0 I servicemanager: Could not find android.hardware.usb.gadget.IUsbGadget/default in the VINTF manifest.
04-15 17:02:10.097 133 133 I hwservicemanager: getTransport: Cannot find entry android.hardware.usb.gadget@1.0::IUsbGadget/default in either framework or device VINTF manifest.
04-15 17:02:10.098 455 455 I usbd : Usb HAL not found
04-15 17:02:10.100 433 433 V MediaUtils: requested limit: 414008920
04-15 17:02:10.101 433 433 I libc : malloc_limit: Allocation limit enabled, max size 414008920 bytes
04-15 17:02:10.116 0 0 I init : Service 'usbd' (pid 455) exited with status 0 oneshot service took 1.669000 seconds in background
04-15 17:02:10.125 0 0 I init : Sending signal 9 to service 'usbd' (pid 455) process group...
04-15 17:02:10.126 0 0 I libprocessgroup: Successfully killed process cgroup uid 0 pid 455 in 0ms
04-15 17:02:10.127 402 411 I adbd : adbd mDNS service _adb._tcp registered: 1
04-15 17:02:10.184 464 464 I flags_health_check: ServerConfigurableFlagsReset reset_mode value: 0
04-15 17:02:10.193 464 464 I flags_health_check: ServerConfigurableFlagsReset attempted boot count is under threshold, skipping reset.
04-15 17:02:10.269 433 433 W mediaextractor: Could not read additional policy file '/vendor/etc/seccomp_policy/mediaextractor.policy'
04-15 17:02:10.278 453 453 I gatekeeperd: Starting gatekeeperd...
04-15 17:02:10.294 0 0 I init : Service 'exec 18 (/system/bin/flags_health_check BOOT_FAILURE)' (pid 464) exited with status 0 waiting took 0.918000 seconds
04-15 17:02:10.294 0 0 I init : Sending signal 9 to service 'exec 18 (/system/bin/flags_health_check BOOT_FAILURE)' (pid 464) process group...
04-15 17:02:10.295 0 0 I libprocessgroup: Successfully killed process cgroup uid 1000 pid 464 in 0ms
04-15 17:02:10.296 0 0 I init : processing action (load_persist_props_action) from (/system/etc/init/logcatd.rc:29)
04-15 17:02:10.302 0 0 I init : processing action (llk.enable=0) from (/system/etc/init/llkd.rc:12)
04-15 17:02:10.304 0 0 I init : processing action (khungtask.enable=1) from (/system/etc/init/llkd.rc:18)
04-15 17:02:10.305 0 0 I init : processing action (llk.enable=0) from (/system/etc/init/llkd.rc:12)
04-15 17:02:10.306 0 0 I init : processing action (khungtask.enable=0) from (/system/etc/init/llkd.rc:21)
04-15 17:02:10.310 433 433 W mediaextractor: libminijail[433]: failed to get path of fd 5: No such file or directory
04-15 17:02:10.310 433 433 W mediaextractor: libminijail[433]: allowing syscall: socket
04-15 17:02:10.311 433 433 W mediaextractor: libminijail[433]: allowing syscall: connect
04-15 17:02:10.311 433 433 W mediaextractor: libminijail[433]: allowing syscall: fcntl
04-15 17:02:10.312 0 0 I init : processing action (init.svc.media=*) from (/system/etc/init/mediaserver.rc:1)
04-15 17:02:10.315 0 0 I init : processing action (khungtask.enable=true) from (/system/etc/init/llkd.rc:25)
04-15 17:02:10.322 0 0 I init : processing action (khungtask.enable=false) from (/system/etc/init/llkd.rc:31)
04-15 17:02:10.316 433 433 W mediaextractor: libminijail[433]: allowing syscall: writev
04-15 17:02:10.317 433 433 W mediaextractor: libminijail[433]: compile_file: (48): syscall readlinkat redefined here
04-15 17:02:10.318 433 433 W mediaextractor: libminijail[433]: compile_file: (43): previous definition here
04-15 17:02:10.318 433 433 W mediaextractor: libminijail[433]: compile_file: (54): syscall gettid redefined here
04-15 17:02:10.319 433 433 W mediaextractor: libminijail[433]: compile_file: (51): previous definition here
04-15 17:02:10.349 133 133 I hwservicemanager: getTransport: Cannot find entry android.hardware.audio.effect@7.1::IEffectsFactory/default in either framework or device VINTF manifest.
04-15 17:02:10.364 433 433 W mediaextractor: libminijail[433]: compile_file: /apex/com.android.media/etc/seccomp_policy/crash_dump.x86_64.policy(1): syscall read redefined here
04-15 17:02:10.364 433 433 W mediaextractor: libminijail[433]: compile_file: (19): previous definition here
04-15 17:02:10.364 433 433 W mediaextractor: libminijail[433]: compile_file: /apex/com.android.media/etc/seccomp_policy/crash_dump.x86_64.policy(2): syscall write redefined here
04-15 17:02:10.365 433 433 W mediaextractor: libminijail[433]: compile_file: (6): previous definition here
04-15 17:02:10.365 433 433 W mediaextractor: libminijail[433]: compile_file: /apex/com.android.media/etc/seccomp_policy/crash_dump.x86_64.policy(3): syscall exit redefined here
04-15 17:02:10.365 433 433 W mediaextractor: libminijail[433]: compile_file: (29): previous definition here
04-15 17:02:10.365 433 433 W mediaextractor: libminijail[433]: compile_file: /apex/com.android.media/etc/seccomp_policy/crash_dump.x86_64.policy(4): syscall rt_sigreturn redefined here
04-15 17:02:10.365 433 433 W mediaextractor: libminijail[433]: compile_file: (31): previous definition here
04-15 17:02:10.366 433 433 W mediaextractor: libminijail[433]: compile_file: /apex/com.android.media/etc/seccomp_policy/crash_dump.x86_64.policy(5): syscall exit_group redefined here
04-15 17:02:10.366 433 433 W mediaextractor: libminijail[433]: compile_file: (30): previous definition here
04-15 17:02:10.366 433 433 W mediaextractor: libminijail[433]: compile_file: /apex/com.android.media/etc/seccomp_policy/crash_dump.x86_64.policy(6): syscall clock_gettime redefined here
04-15 17:02:10.366 433 433 W mediaextractor: libminijail[433]: compile_file: (15): previous definition here
04-15 17:02:10.366 433 433 W mediaextractor: libminijail[433]: compile_file: /apex/com.android.media/etc/seccomp_policy/crash_dump.x86_64.policy(8): syscall futex redefined here
04-15 17:02:10.366 433 433 W mediaextractor: libminijail[433]: compile_file: (4): previous definition here
04-15 17:02:10.367 433 433 W mediaextractor: libminijail[433]: compile_file: /apex/com.android.media/etc/seccomp_policy/crash_dump.x86_64.policy(9): syscall getrandom redefined here
04-15 17:02:10.367 433 433 W mediaextractor: libminijail[433]: compile_file: (36): previous definition here
04-15 17:02:10.367 433 433 W mediaextractor: libminijail[433]: compile_file: /apex/com.android.media/etc/seccomp_policy/crash_dump.x86_64.policy(10): syscall getpid redefined here
04-15 17:02:10.367 433 433 W mediaextractor: libminijail[433]: compile_file: (53): previous definition here
04-15 17:02:10.367 433 433 W mediaextractor: libminijail[433]: compile_file: /apex/com.android.media/etc/seccomp_policy/crash_dump.x86_64.policy(11): syscall gettid redefined here
04-15 17:02:10.367 433 433 W mediaextractor: libminijail[433]: compile_file: (51): previous definition here
04-15 17:02:10.418 433 433 W mediaextractor: libminijail[433]: compile_file: /apex/com.android.media/etc/seccomp_policy/crash_dump.x86_64.policy(14): syscall openat redefined here
04-15 17:02:10.419 433 433 W mediaextractor: libminijail[433]: compile_file: (13): previous definition here
04-15 17:02:10.419 433 433 W mediaextractor: libminijail[433]: compile_file: /apex/com.android.media/etc/seccomp_policy/crash_dump.x86_64.policy(15): syscall dup redefined here
04-15 17:02:10.419 433 433 W mediaextractor: libminijail[433]: compile_file: (9): previous definition here
04-15 17:02:10.424 433 433 W mediaextractor: libminijail[433]: compile_file: /apex/com.android.media/etc/seccomp_policy/crash_dump.x86_64.policy(16): syscall close redefined here
04-15 17:02:10.424 433 433 W mediaextractor: libminijail[433]: compile_file: (8): previous definition here
04-15 17:02:10.424 433 433 W mediaextractor: libminijail[433]: compile_file: /apex/com.android.media/etc/seccomp_policy/crash_dump.x86_64.policy(17): syscall lseek redefined here
04-15 17:02:10.425 433 433 W mediaextractor: libminijail[433]: compile_file: (20): previous definition here
04-15 17:02:10.425 433 433 W mediaextractor: libminijail[433]: compile_file: /apex/com.android.media/etc/seccomp_policy/crash_dump.x86_64.policy(18): syscall getdents64 redefined here
04-15 17:02:10.425 433 433 W mediaextractor: libminijail[433]: compile_file: (42): previous definition here
04-15 17:02:10.425 433 433 W mediaextractor: libminijail[433]: compile_file: /apex/com.android.media/etc/seccomp_policy/crash_dump.x86_64.policy(19): syscall faccessat redefined here
04-15 17:02:10.425 433 433 W mediaextractor: libminijail[433]: compile_file: (32): previous definition here
04-15 17:02:10.426 433 433 W mediaextractor: libminijail[433]: compile_file: /apex/com.android.media/etc/seccomp_policy/crash_dump.x86_64.policy(28): syscall prctl redefined here
04-15 17:02:10.426 433 433 W mediaextractor: libminijail[433]: compile_file: (5): previous definition here
04-15 17:02:10.427 433 433 W mediaextractor: libminijail[433]: compile_file: /apex/com.android.media/etc/seccomp_policy/crash_dump.x86_64.policy(29): syscall madvise redefined here
04-15 17:02:10.427 433 433 W mediaextractor: libminijail[433]: compile_file: (12): previous definition here
04-15 17:02:10.427 433 433 W mediaextractor: libminijail[433]: compile_file: /apex/com.android.media/etc/seccomp_policy/crash_dump.x86_64.policy(30): syscall mprotect redefined here
04-15 17:02:10.427 433 433 W mediaextractor: libminijail[433]: compile_file: (18): previous definition here
04-15 17:02:10.464 433 433 W mediaextractor: libminijail[433]: compile_file: /apex/com.android.media/etc/seccomp_policy/crash_dump.x86_64.policy(31): syscall munmap redefined here
04-15 17:02:10.465 433 433 W mediaextractor: libminijail[433]: compile_file: (10): previous definition here
04-15 17:02:10.465 433 433 W mediaextractor: libminijail[433]: compile_file: /apex/com.android.media/etc/seccomp_policy/crash_dump.x86_64.policy(32): syscall getuid redefined here
04-15 17:02:10.465 433 433 W mediaextractor: libminijail[433]: compile_file: (22): previous definition here
04-15 17:02:10.465 433 433 W mediaextractor: libminijail[433]: compile_file: /apex/com.android.media/etc/seccomp_policy/crash_dump.x86_64.policy(33): syscall fstat redefined here
04-15 17:02:10.466 433 433 W mediaextractor: libminijail[433]: compile_file: (25): previous definition here
04-15 17:02:10.466 433 433 W mediaextractor: libminijail[433]: compile_file: /apex/com.android.media/etc/seccomp_policy/crash_dump.x86_64.policy(34): syscall mmap redefined here
04-15 17:02:10.466 433 433 W mediaextractor: libminijail[433]: compile_file: (11): previous definition here
04-15 17:02:10.472 433 433 W mediaextractor: libminijail[433]: logging seccomp filter failures
04-15 17:02:10.545 453 453 I ServiceManagerCppClient: Waiting for service 'android.hardware.gatekeeper.IGatekeeper/default' on '/dev/binder'...
04-15 17:02:10.750 435 435 V MediaUtils: physMem: 2070044672
04-15 17:02:10.756 435 435 V MediaUtils: requested limit: 134217728
04-15 17:02:10.757 435 435 I libc : malloc_limit: Allocation limit enabled, max size 134217728 bytes
04-15 17:02:11.098 435 435 D AudioPowerUsage: AudioPowerUsage
04-15 17:02:11.121 374 374 I ServiceManagerCppClient: Waiting for service 'media.metrics' on '/dev/binder'...
04-15 17:02:11.330 435 435 D AudioAnalytics: AudioAnalytics
04-15 17:02:11.331 435 435 D MediaMetricsService: MediaMetricsService
04-15 17:02:11.393 374 374 I ServiceManagerCppClient: Waiting for service 'media.metrics' on '/dev/binder' successful after waiting 274ms
04-15 17:02:11.442 374 374 I AudioFlinger: Using default 3000 mSec as standby time.
04-15 17:02:11.486 0 0 I servicemanager: Found android.hardware.radio.data.IRadioData/slot1 in device VINTF manifest.
04-15 17:02:11.487 374 374 D audioserver: main: AudioFlinger created
04-15 17:02:11.512 0 0 I servicemanager: Found android.hardware.radio.messaging.IRadioMessaging/slot1 in device VINTF manifest.
04-15 17:02:11.562 0 0 I servicemanager: Found android.hardware.radio.modem.IRadioModem/slot1 in device VINTF manifest.
04-15 17:02:11.564 0 0 I servicemanager: Found android.hardware.radio.network.IRadioNetwork/slot1 in device VINTF manifest.
04-15 17:02:11.579 0 0 I servicemanager: Found android.hardware.radio.sim.IRadioSim/slot1 in device VINTF manifest.
04-15 17:02:11.590 0 0 I servicemanager: Found android.hardware.radio.voice.IRadioVoice/slot1 in device VINTF manifest.
04-15 17:02:11.594 0 0 I servicemanager: Found android.hardware.radio.ims.IRadioIms/slot1 in device VINTF manifest.
04-15 17:02:11.618 0 0 I servicemanager: Found android.hardware.radio.ims.media.IImsMedia/default in device VINTF manifest.
04-15 17:02:11.620 0 0 I servicemanager: Found android.hardware.radio.modem.IRadioModem/slot1 in device VINTF manifest.
04-15 17:02:11.620 0 0 I servicemanager: Service 'android.hardware.radio.modem.IRadioModem/slot1' originally registered from PID 446 but it is being registered again from PID 446. Bad state? Late death notification? Multiple instances installed?
04-15 17:02:11.620 0 0 I BpBinder: onLastStrongRef automatically unlinking death recipients:
04-15 17:02:11.651 0 0 I servicemanager: Found android.hardware.radio.sim.IRadioSim/slot1 in device VINTF manifest.
04-15 17:02:11.651 0 0 I servicemanager: Service 'android.hardware.radio.sim.IRadioSim/slot1' originally registered from PID 446 but it is being registered again from PID 446. Bad state? Late death notification? Multiple instances installed?
04-15 17:02:11.651 0 0 I BpBinder: onLastStrongRef automatically unlinking death recipients:
04-15 17:02:11.685 0 0 I servicemanager: Found android.hardware.radio.config.IRadioConfig/default in device VINTF manifest.
04-15 17:02:11.730 0 0 I servicemanager: Could not find android.hardware.radio.sap.ISap/slot1 in the VINTF manifest.
04-15 17:02:11.730 447 447 I mediaswcodec: media swcodec service starting
04-15 17:02:11.742 435 435 I ServiceManagerCppClient: Waiting for service 'package_native' on '/dev/binder'...
04-15 17:02:11.810 447 447 W mediaswcodec: Could not read additional policy file '/vendor/etc/seccomp_policy/mediaswcodec.policy'
04-15 17:02:11.857 447 447 W mediaswcodec: libminijail[447]: failed to get path of fd 5: No such file or directory
04-15 17:02:11.858 447 447 W mediaswcodec: libminijail[447]: allowing syscall: socket
04-15 17:02:11.859 447 447 W mediaswcodec: libminijail[447]: allowing syscall: connect
04-15 17:02:11.859 447 447 W mediaswcodec: libminijail[447]: allowing syscall: fcntl
04-15 17:02:11.859 447 447 W mediaswcodec: libminijail[447]: allowing syscall: writev
04-15 17:02:11.865 447 447 W mediaswcodec: libminijail[447]: compile_file: (20): nonexistent syscall 'getuid32'
04-15 17:02:11.865 447 447 W mediaswcodec: libminijail[447]: compile_file: (26): nonexistent syscall 'mmap2'
04-15 17:02:11.865 447 447 W mediaswcodec: libminijail[447]: compile_file: (28): nonexistent syscall 'fstat64'
04-15 17:02:11.865 447 447 W mediaswcodec: libminijail[447]: compile_file: (31): nonexistent syscall 'stat64'
04-15 17:02:11.866 447 447 W mediaswcodec: libminijail[447]: compile_file: (32): nonexistent syscall 'statfs64'
04-15 17:02:11.866 447 447 W mediaswcodec: libminijail[447]: compile_file: (34): nonexistent syscall 'fstatat64'
04-15 17:02:11.866 447 447 W mediaswcodec: libminijail[447]: compile_file: (39): nonexistent syscall '_llseek'
04-15 17:02:11.866 447 447 W mediaswcodec: libminijail[447]: compile_file: (48): nonexistent syscall 'ugetrlimit'
04-15 17:02:11.866 447 447 W mediaswcodec: libminijail[447]: compile_file: (51): nonexistent syscall '_llseek'
04-15 17:02:11.867 447 447 W mediaswcodec: libminijail[447]: compile_file: (52): nonexistent syscall 'fstatfs64'
04-15 17:02:11.867 447 447 W mediaswcodec: libminijail[447]: compile_file: (64): nonexistent syscall 'ftruncate64'
04-15 17:02:11.867 447 447 W mediaswcodec: libminijail[447]: compile_file: (70): syscall gettid redefined here
04-15 17:02:11.867 447 447 W mediaswcodec: libminijail[447]: compile_file: (67): previous definition here
04-15 17:02:11.949 447 447 W mediaswcodec: libminijail[447]: compile_file: /apex/com.android.media.swcodec/etc/seccomp_policy/crash_dump.x86_64.policy(1): syscall read redefined here
04-15 17:02:11.950 447 447 W mediaswcodec: libminijail[447]: compile_file: (15): previous definition here
04-15 17:02:11.950 447 447 W mediaswcodec: libminijail[447]: compile_file: /apex/com.android.media.swcodec/etc/seccomp_policy/crash_dump.x86_64.policy(2): syscall write redefined here
04-15 17:02:11.950 447 447 W mediaswcodec: libminijail[447]: compile_file: (58): previous definition here
04-15 17:02:11.951 447 447 W mediaswcodec: libminijail[447]: compile_file: /apex/com.android.media.swcodec/etc/seccomp_policy/crash_dump.x86_64.policy(3): syscall exit redefined here
04-15 17:02:11.951 447 447 W mediaswcodec: libminijail[447]: compile_file: (45): previous definition here
04-15 17:02:11.951 447 447 W mediaswcodec: libminijail[447]: compile_file: /apex/com.android.media.swcodec/etc/seccomp_policy/crash_dump.x86_64.policy(4): syscall rt_sigreturn redefined here
04-15 17:02:11.992 447 447 W mediaswcodec: libminijail[447]: compile_file: (47): previous definition here
04-15 17:02:11.992 447 447 W mediaswcodec: libminijail[447]: compile_file: /apex/com.android.media.swcodec/etc/seccomp_policy/crash_dump.x86_64.policy(5): syscall exit_group redefined here
04-15 17:02:11.993 447 447 W mediaswcodec: libminijail[447]: compile_file: (46): previous definition here
04-15 17:02:11.993 447 447 W mediaswcodec: libminijail[447]: compile_file: /apex/com.android.media.swcodec/etc/seccomp_policy/crash_dump.x86_64.policy(8): syscall futex redefined here
04-15 17:02:11.993 447 447 W mediaswcodec: libminijail[447]: compile_file: (36): previous definition here
04-15 17:02:11.994 447 447 W mediaswcodec: libminijail[447]: compile_file: /apex/com.android.media.swcodec/etc/seccomp_policy/crash_dump.x86_64.policy(10): syscall getpid redefined here
