04-15 17:02:52.324 536 536 I WindowManager: No existing display settings, starting empty
04-15 17:02:52.356 536 560 I WindowTracing: Setting window tracing log level to 1
04-15 17:02:52.357 536 560 I WindowTracing: Setting window tracing buffer capacity to 10485760bytes
04-15 17:02:52.413 536 536 V SystemServerTiming: StartWindowManagerService took to complete: 139ms
04-15 17:02:52.413 536 536 D SystemServerTiming: SetWindowManagerService
04-15 17:02:52.647 536 536 I ActivityTaskManager: Loaded persisted task ids for user 0
04-15 17:02:52.667 536 536 V SystemServerTiming: SetWindowManagerService took to complete: 254ms
04-15 17:02:52.667 536 536 D SystemServerTiming: WindowManagerServiceOnInitReady
04-15 17:02:52.710 536 558 W BroadcastLoopers: Found previously unknown looper Thread[android.ui,5,main]
04-15 17:02:52.719 536 536 V SystemServerTiming: WindowManagerServiceOnInitReady took to complete: 52ms
04-15 17:02:52.722 536 564 D SystemServerTimingAsync: InitThreadPoolExec:StartISensorManagerService
04-15 17:02:52.722 536 564 D SystemServerInitThreadPool: Started executing StartISensorManagerService
04-15 17:02:52.722 536 564 D SystemServerTimingAsync: StartISensorManagerService
04-15 17:02:52.739 536 564 I HidlServiceManagement: Registered android.frameworks.sensorservice@1.0::ISensorManager/default
04-15 17:02:52.752 0 0 I servicemanager: Found android.frameworks.sensorservice.ISensorManager/default in framework VINTF manifest.
04-15 17:02:52.746 536 564 V SystemServerTimingAsync: StartISensorManagerService took to complete: 23ms
04-15 17:02:52.746 536 564 D SystemServerInitThreadPool: Finished executing StartISensorManagerService
04-15 17:02:52.746 536 564 V SystemServerTimingAsync: InitThreadPoolExec:StartISensorManagerService took to complete: 25ms
04-15 17:02:52.747 536 536 D SystemServerTiming: StartInputManager
04-15 17:02:52.750 536 536 I InputManager: Starting input manager
04-15 17:02:52.751 536 536 V SystemServerTiming: StartInputManager took to complete: 2ms
04-15 17:02:52.754 536 536 D SystemServerTiming: DisplayManagerWindowManagerAndInputReady
04-15 17:02:52.755 536 536 V HistoricalRegistry: Interaction before persistence initialized
04-15 17:02:52.757 536 607 D SystemServerTimingAsync: InitThreadPoolExec:StartHidlServices
04-15 17:02:52.758 536 607 D SystemServerInitThreadPool: Started executing StartHidlServices
04-15 17:02:52.758 536 607 D SystemServerTimingAsync: StartHidlServices
04-15 17:02:52.765 133 133 I hwservicemanager: getTransport: Cannot find entry android.frameworks.schedulerservice@1.0::ISchedulingPolicyService/default in either framework or device VINTF manifest.
04-15 17:02:52.767 536 536 V SystemServerTiming: DisplayManagerWindowManagerAndInputReady took to complete: 12ms
04-15 17:02:52.768 536 536 D SystemServerTiming: StartBluetoothService
04-15 17:02:52.771 536 607 W system_server: android.frameworks.schedulerservice@1.0::ISchedulingPolicyService is deprecated. Skipping registration.
04-15 17:02:52.773 536 607 V SystemServerTimingAsync: StartHidlServices took to complete: 14ms
04-15 17:02:52.777 536 607 D SystemServerInitThreadPool: Finished executing StartHidlServices
04-15 17:02:52.777 536 607 V SystemServerTimingAsync: InitThreadPoolExec:StartHidlServices took to complete: 20ms
04-15 17:02:52.785 536 536 I SystemServiceManager: Starting com.android.server.bluetooth.BluetoothService
04-15 17:02:52.825 536 536 D BluetoothManagerService: Loading stored name and address
04-15 17:02:52.826 536 536 D BluetoothManagerService: Stored bluetooth Name=null,Address=null
04-15 17:02:52.826 536 536 D BluetoothManagerService: Bluetooth persisted state: 1
04-15 17:02:52.827 536 536 D BluetoothManagerService: Startup: Bluetooth persisted state is ON.
04-15 17:02:52.834 536 536 D BluetoothManagerService: Detected SystemUiUid: 10118
04-15 17:02:52.834 536 536 D BluetoothSatelliteModeListener: BluetoothSatelliteModeListener
04-15 17:02:52.840 536 536 V SystemServerTiming: StartBluetoothService took to complete: 71ms
04-15 17:02:52.840 536 536 D SystemServerTiming: IpConnectivityMetrics
04-15 17:02:52.841 536 536 I SystemServiceManager: Starting com.android.server.connectivity.IpConnectivityMetrics
04-15 17:02:52.844 536 536 V SystemServerTiming: IpConnectivityMetrics took to complete: 4ms
04-15 17:02:52.845 536 536 D SystemServerTiming: NetworkWatchlistService
04-15 17:02:52.848 536 536 I SystemServiceManager: Starting com.android.server.net.watchlist.NetworkWatchlistService$Lifecycle
04-15 17:02:52.865 536 647 W EventHub: Unable to disable kernel key repeat for /dev/input/event12: Function not implemented
04-15 17:02:52.867 536 647 I EventHub: usingClockIoctl=true
04-15 17:02:52.868 536 647 I EventHub: New device: id=1, fd=199, path='/dev/input/event12', name='virtio_input_multi_touch_11', classes=KEYBOARD | TOUCH | TOUCH_MT | SWITCH, configuration='/vendor/usr/idc/virtio_input_multi_touch_11.idc', keyLayout='/system/usr/keylayout/Generic.kl', keyCharacterMap='/system/usr/keychars/Generic.kcm', builtinKeyboard=false,
04-15 17:02:52.889 536 647 W EventHub: Unable to disable kernel key repeat for /dev/input/event11: Function not implemented
04-15 17:02:52.889 536 647 I EventHub: usingClockIoctl=true
04-15 17:02:52.890 536 647 I EventHub: New device: id=2, fd=204, path='/dev/input/event11', name='virtio_input_multi_touch_10', classes=KEYBOARD | TOUCH | TOUCH_MT | SWITCH, configuration='/vendor/usr/idc/virtio_input_multi_touch_10.idc', keyLayout='/system/usr/keylayout/Generic.kl', keyCharacterMap='/system/usr/keychars/Generic.kcm', builtinKeyboard=false,
04-15 17:02:52.906 536 647 W EventHub: Unable to disable kernel key repeat for /dev/input/event10: Function not implemented
04-15 17:02:52.907 536 647 I EventHub: usingClockIoctl=true
04-15 17:02:52.912 536 647 I EventHub: New device: id=3, fd=206, path='/dev/input/event10', name='virtio_input_multi_touch_9', classes=KEYBOARD | TOUCH | TOUCH_MT | SWITCH, configuration='/vendor/usr/idc/virtio_input_multi_touch_9.idc', keyLayout='/system/usr/keylayout/Generic.kl', keyCharacterMap='/system/usr/keychars/Generic.kcm', builtinKeyboard=false,
04-15 17:02:52.918 536 649 I WatchlistLoggingHandler: Start aggregating watchlist records.
04-15 17:02:52.924 536 536 W SystemServiceManager: Service com.android.server.net.watchlist.NetworkWatchlistService$Lifecycle took 76 ms in onStart
04-15 17:02:52.924 536 536 V SystemServerTiming: NetworkWatchlistService took to complete: 78ms
04-15 17:02:52.924 536 536 D SystemServerTiming: PinnerService
04-15 17:02:52.925 536 536 I SystemServiceManager: Starting com.android.server.PinnerService
04-15 17:02:52.927 536 536 V HistoricalRegistry: Interaction before persistence initialized
04-15 17:02:52.949 536 647 W EventHub: Unable to disable kernel key repeat for /dev/input/event9: Function not implemented
04-15 17:02:52.950 536 647 I EventHub: usingClockIoctl=true
04-15 17:02:52.951 536 647 I EventHub: New device: id=4, fd=205, path='/dev/input/event9', name='virtio_input_multi_touch_8', classes=KEYBOARD | TOUCH | TOUCH_MT | SWITCH, configuration='/vendor/usr/idc/virtio_input_multi_touch_8.idc', keyLayout='/system/usr/keylayout/Generic.kl', keyCharacterMap='/system/usr/keychars/Generic.kcm', builtinKeyboard=false,
04-15 17:02:52.954 536 536 V SystemServerTiming: PinnerService took to complete: 29ms
04-15 17:02:52.961 536 536 D SystemServerTiming: SignedConfigService
04-15 17:02:52.965 536 536 V SystemServerTiming: SignedConfigService took to complete: 3ms
04-15 17:02:52.965 536 536 D SystemServerTiming: AppIntegrityService
04-15 17:02:52.966 536 536 I SystemServiceManager: Starting com.android.server.integrity.AppIntegrityManagerService
04-15 17:02:52.975 536 647 W EventHub: Unable to disable kernel key repeat for /dev/input/event8: Function not implemented
04-15 17:02:52.979 536 647 I EventHub: usingClockIoctl=true
04-15 17:02:52.979 536 647 I EventHub: New device: id=5, fd=207, path='/dev/input/event8', name='virtio_input_multi_touch_7', classes=KEYBOARD | TOUCH | TOUCH_MT | SWITCH, configuration='/vendor/usr/idc/virtio_input_multi_touch_7.idc', keyLayout='/system/usr/keylayout/Generic.kl', keyCharacterMap='/system/usr/keychars/Generic.kcm', builtinKeyboard=false,
04-15 17:02:53.000 536 536 V SystemServerTiming: AppIntegrityService took to complete: 35ms
04-15 17:02:53.000 536 536 D SystemServerTiming: StartLogcatManager
04-15 17:02:53.001 536 536 I SystemServiceManager: Starting com.android.server.logcat.LogcatManagerService
04-15 17:02:53.015 536 647 W EventHub: Unable to disable kernel key repeat for /dev/input/event7: Function not implemented
04-15 17:02:53.015 536 647 I EventHub: usingClockIoctl=true
04-15 17:02:53.015 536 647 I EventHub: New device: id=6, fd=209, path='/dev/input/event7', name='virtio_input_multi_touch_6', classes=KEYBOARD | TOUCH | TOUCH_MT | SWITCH, configuration='/vendor/usr/idc/virtio_input_multi_touch_6.idc', keyLayout='/system/usr/keylayout/Generic.kl', keyCharacterMap='/system/usr/keychars/Generic.kcm', builtinKeyboard=false,
04-15 17:02:53.020 536 536 V SystemServerTiming: StartLogcatManager took to complete: 19ms
04-15 17:02:53.038 536 647 W EventHub: Unable to disable kernel key repeat for /dev/input/event6: Function not implemented
04-15 17:02:53.038 536 647 I EventHub: usingClockIoctl=true
04-15 17:02:53.038 536 647 I EventHub: New device: id=7, fd=213, path='/dev/input/event6', name='virtio_input_multi_touch_5', classes=KEYBOARD | TOUCH | TOUCH_MT | SWITCH, configuration='/vendor/usr/idc/virtio_input_multi_touch_5.idc', keyLayout='/system/usr/keylayout/Generic.kl', keyCharacterMap='/system/usr/keychars/Generic.kcm', builtinKeyboard=false,
04-15 17:02:53.059 536 647 W EventHub: Unable to disable kernel key repeat for /dev/input/event5: Function not implemented
04-15 17:02:53.059 536 647 I EventHub: usingClockIoctl=true
04-15 17:02:53.059 536 647 I EventHub: New device: id=8, fd=214, path='/dev/input/event5', name='virtio_input_multi_touch_4', classes=KEYBOARD | TOUCH | TOUCH_MT | SWITCH, configuration='/vendor/usr/idc/virtio_input_multi_touch_4.idc', keyLayout='/system/usr/keylayout/Generic.kl', keyCharacterMap='/system/usr/keychars/Generic.kcm', builtinKeyboard=false,
04-15 17:02:53.077 536 647 W EventHub: Unable to disable kernel key repeat for /dev/input/event4: Function not implemented
04-15 17:02:53.077 536 647 I EventHub: usingClockIoctl=true
04-15 17:02:53.077 536 647 I EventHub: New device: id=9, fd=215, path='/dev/input/event4', name='virtio_input_multi_touch_3', classes=KEYBOARD | TOUCH | TOUCH_MT | SWITCH, configuration='/vendor/usr/idc/virtio_input_multi_touch_3.idc', keyLayout='/system/usr/keylayout/Generic.kl', keyCharacterMap='/system/usr/keychars/Generic.kcm', builtinKeyboard=false,
04-15 17:02:53.098 536 647 W EventHub: Unable to disable kernel key repeat for /dev/input/event3: Function not implemented
04-15 17:02:53.099 536 647 I EventHub: usingClockIoctl=true
04-15 17:02:53.099 536 647 I EventHub: New device: id=10, fd=216, path='/dev/input/event3', name='virtio_input_multi_touch_2', classes=KEYBOARD | TOUCH | TOUCH_MT | SWITCH, configuration='/vendor/usr/idc/virtio_input_multi_touch_2.idc', keyLayout='/system/usr/keylayout/Generic.kl', keyCharacterMap='/system/usr/keychars/Generic.kcm', builtinKeyboard=false,
04-15 17:02:53.116 536 647 W EventHub: Unable to disable kernel key repeat for /dev/input/event2: Function not implemented
04-15 17:02:53.117 536 647 I EventHub: usingClockIoctl=true
04-15 17:02:53.117 536 647 I EventHub: New device: id=11, fd=217, path='/dev/input/event2', name='virtio_input_multi_touch_1', classes=KEYBOARD | TOUCH | TOUCH_MT | SWITCH, configuration='/vendor/usr/idc/virtio_input_multi_touch_1.idc', keyLayout='/system/usr/keylayout/Generic.kl', keyCharacterMap='/system/usr/keychars/Generic.kcm', builtinKeyboard=false,
04-15 17:02:53.128 536 647 D EventHub: No input device configuration file found for device 'Power Button'.
04-15 17:02:53.156 536 647 W EventHub: Unable to disable kernel key repeat for /dev/input/event0: Function not implemented
04-15 17:02:53.156 536 647 I EventHub: usingClockIoctl=true
04-15 17:02:53.156 536 647 I EventHub: New device: id=12, fd=218, path='/dev/input/event0', name='Power Button', classes=KEYBOARD, configuration='', keyLayout='/system/usr/keylayout/Generic.kl', keyCharacterMap='/system/usr/keychars/Generic.kcm', builtinKeyboard=false,
04-15 17:02:53.164 536 647 D EventHub: No input device configuration file found for device 'AT Translated Set 2 keyboard'.
04-15 17:02:53.186 536 647 I EventHub: usingClockIoctl=true
04-15 17:02:53.186 536 647 I EventHub: New device: id=13, fd=212, path='/dev/input/event1', name='AT Translated Set 2 keyboard', classes=KEYBOARD | ALPHAKEY, configuration='', keyLayout='/system/usr/keylayout/Generic.kl', keyCharacterMap='/system/usr/keychars/Generic.kcm', builtinKeyboard=false,
04-15 17:02:53.222 536 647 I InputReader: Device added: id=-1, eventHubId=-1, name='Virtual', descriptor='a718a782d34bc767f4689c232d64d527998ea7fd',sources=KEYBOARD | DPAD
04-15 17:02:53.232 536 647 I InputReader: Device added: id=2, eventHubId=13, name='AT Translated Set 2 keyboard', descriptor='485d69228e24f5e46da1598745890b214130dbc4',sources=KEYBOARD
04-15 17:02:53.233 536 647 I InputReader: Device added: id=3, eventHubId=12, name='Power Button', descriptor='26d13db3fa0f6bd5d05831266fb01ea6c500b88c',sources=KEYBOARD
04-15 17:02:53.242 536 647 I InputReader: Touch device 'virtio_input_multi_touch_1' could not query the properties of its associated display. The device will be inoperable until the display size becomes available.
04-15 17:02:53.243 536 647 I InputReader: Device added: id=4, eventHubId=11, name='virtio_input_multi_touch_1', descriptor='43db9dd6fa61939c1b516cd9522f0fe93926a00b',sources=KEYBOARD | TOUCHSCREEN | STYLUS
04-15 17:02:53.245 536 647 I InputReader: Touch device 'virtio_input_multi_touch_2' could not query the properties of its associated display. The device will be inoperable until the display size becomes available.
04-15 17:02:53.246 536 647 I InputReader: Device added: id=5, eventHubId=10, name='virtio_input_multi_touch_2', descriptor='929d4636b8e04f50240a26561429a6e91c9eff9e',sources=KEYBOARD | TOUCHSCREEN | STYLUS
04-15 17:02:53.247 536 647 I InputReader: Touch device 'virtio_input_multi_touch_3' could not query the properties of its associated display. The device will be inoperable until the display size becomes available.
04-15 17:02:53.247 536 647 I InputReader: Device added: id=6, eventHubId=9, name='virtio_input_multi_touch_3', descriptor='d02b0eff93435c71d7fcb0c5db2c4e01c700002e',sources=KEYBOARD | TOUCHSCREEN | STYLUS
04-15 17:02:53.248 536 647 I InputReader: Touch device 'virtio_input_multi_touch_4' could not query the properties of its associated display. The device will be inoperable until the display size becomes available.
04-15 17:02:53.248 536 647 I InputReader: Device added: id=7, eventHubId=8, name='virtio_input_multi_touch_4', descriptor='3e50b6575df319e017bd447766007caeb20ef93b',sources=KEYBOARD | TOUCHSCREEN | STYLUS
04-15 17:02:53.249 536 647 I InputReader: Touch device 'virtio_input_multi_touch_5' could not query the properties of its associated display. The device will be inoperable until the display size becomes available.
04-15 17:02:53.249 536 647 I InputReader: Device added: id=8, eventHubId=7, name='virtio_input_multi_touch_5', descriptor='a009ac16f7539a9e4072c1f537120c35a8163d3b',sources=KEYBOARD | TOUCHSCREEN | STYLUS
04-15 17:02:53.250 536 647 I InputReader: Touch device 'virtio_input_multi_touch_6' could not query the properties of its associated display. The device will be inoperable until the display size becomes available.
04-15 17:02:53.250 536 647 I InputReader: Device added: id=9, eventHubId=6, name='virtio_input_multi_touch_6', descriptor='0b49b597447c4c7be1d009f9a86bbed08b2e6b6d',sources=KEYBOARD | TOUCHSCREEN | STYLUS
04-15 17:02:53.251 536 647 I InputReader: Touch device 'virtio_input_multi_touch_7' could not query the properties of its associated display. The device will be inoperable until the display size becomes available.
04-15 17:02:53.251 536 647 I InputReader: Device added: id=10, eventHubId=5, name='virtio_input_multi_touch_7', descriptor='e1c836c7be888adb29ca6646292e486f96461e97',sources=KEYBOARD | TOUCHSCREEN | STYLUS
04-15 17:02:53.256 536 647 I InputReader: Touch device 'virtio_input_multi_touch_8' could not query the properties of its associated display. The device will be inoperable until the display size becomes available.
04-15 17:02:53.257 536 647 I InputReader: Device added: id=11, eventHubId=4, name='virtio_input_multi_touch_8', descriptor='df0ec362af5f2fec5a1bbb512f6e9556bd6b3fcf',sources=KEYBOARD | TOUCHSCREEN | STYLUS
04-15 17:02:53.257 536 647 I InputReader: Touch device 'virtio_input_multi_touch_9' could not query the properties of its associated display. The device will be inoperable until the display size becomes available.
04-15 17:02:53.258 536 647 I InputReader: Device added: id=12, eventHubId=3, name='virtio_input_multi_touch_9', descriptor='ac8abc2b3d95a68148a903fffc0a312b4dd19302',sources=KEYBOARD | TOUCHSCREEN | STYLUS
04-15 17:02:53.258 536 647 I InputReader: Touch device 'virtio_input_multi_touch_10' could not query the properties of its associated display. The device will be inoperable until the display size becomes available.
04-15 17:02:53.259 536 647 I InputReader: Device added: id=13, eventHubId=2, name='virtio_input_multi_touch_10', descriptor='03d5168c37d991df1726df002537cd6ccc5b68cb',sources=KEYBOARD | TOUCHSCREEN | STYLUS
04-15 17:02:53.259 536 647 I InputReader: Touch device 'virtio_input_multi_touch_11' could not query the properties of its associated display. The device will be inoperable until the display size becomes available.
04-15 17:02:53.264 536 647 I InputReader: Device added: id=14, eventHubId=1, name='virtio_input_multi_touch_11', descriptor='e760666b71e579617395a5018f318365e9f44147',sources=KEYBOARD | TOUCHSCREEN | STYLUS
04-15 17:02:53.289 536 536 I WindowManager: SAFE MODE not enabled
04-15 17:02:53.289 536 536 D SystemServerTiming: StartInputMethodManagerLifecycle
04-15 17:02:53.290 536 536 I SystemServiceManager: Starting com.android.server.inputmethod.InputMethodManagerService$Lifecycle
04-15 17:02:53.344 536 536 V SystemServerTiming: StartInputMethodManagerLifecycle took to complete: 55ms
04-15 17:02:53.344 536 536 D SystemServerTiming: StartAccessibilityManagerService
04-15 17:02:53.345 536 536 I SystemServiceManager: Starting com.android.server.accessibility.AccessibilityManagerService$Lifecycle
04-15 17:02:53.421 536 536 V SystemServerTiming: StartAccessibilityManagerService took to complete: 77ms
04-15 17:02:53.421 536 536 D SystemServerTiming: MakeDisplayReady
04-15 17:02:53.450 536 536 I ActivityTaskManager: Config changes=20005df8 {1.0 ?mcc0mnc [en_US] ldltr sw411dp w411dp h914dp 420dpi nrml long port ?uimode ?night -touch qwerty/v/v -nav/h winConfig={ mBounds=Rect(0, 0 - 1080, 2400) mAppBounds=Rect(0, 0 - 1080, 2400) mMaxBounds=Rect(0, 0 - 1080, 2400) mDisplayRotation=ROTATION_0 mWindowingMode=fullscreen mDisplayWindowingMode=fullscreen mActivityType=undefined mAlwaysOnTop=undefined mRotation=ROTATION_0} s.2 ?fontWeightAdjustment}
04-15 17:02:53.458 536 536 I WindowManager: Override config changes=60007dfc {1.0 ?mcc0mnc [en_US] ldltr sw411dp w411dp h914dp 420dpi nrml long port ?uimode ?night -touch qwerty/v/v -nav/h winConfig={ mBounds=Rect(0, 0 - 1080, 2400) mAppBounds=Rect(0, 0 - 1080, 2400) mMaxBounds=Rect(0, 0 - 1080, 2400) mDisplayRotation=ROTATION_0 mWindowingMode=fullscreen mDisplayWindowingMode=fullscreen mActivityType=undefined mAlwaysOnTop=undefined mRotation=ROTATION_0} s.2 ?fontWeightAdjustment} for displayId=0
04-15 17:02:53.477 536 536 I DisplayDevice: [0] Layerstack set to 0 for local:4619827259835644672
04-15 17:02:53.567 0 0 I init : processing action (sys.sysctl.extra_free_kbytes=*) from (/system/etc/init/hw/init.rc:1233)
04-15 17:02:53.571 536 560 W BroadcastLoopers: Found previously unknown looper Thread[android.display,5,main]
04-15 17:02:53.575 536 560 I InputManager-JNI: Viewport [0] to add: local:4619827259835644672, isActive: false
04-15 17:02:53.589 0 0 I init : starting service 'exec 19 (/system/bin/extra_free_kbytes.sh 30375)'...
04-15 17:02:53.585 536 647 I InputReader: Reconfiguring input devices, changes=DISPLAY_INFO
04-15 17:02:53.586 536 647 I InputReader: Touch device 'virtio_input_multi_touch_11' could not query the properties of its associated display. The device will be inoperable until the display size becomes available.
04-15 17:02:53.586 536 647 I InputReader: Touch device 'virtio_input_multi_touch_10' could not query the properties of its associated display. The device will be inoperable until the display size becomes available.
04-15 17:02:53.586 536 647 I InputReader: Touch device 'virtio_input_multi_touch_9' could not query the properties of its associated display. The device will be inoperable until the display size becomes available.
04-15 17:02:53.586 536 647 I InputReader: Touch device 'virtio_input_multi_touch_7' could not query the properties of its associated display. The device will be inoperable until the display size becomes available.
04-15 17:02:53.586 536 647 I InputReader: Touch device 'virtio_input_multi_touch_6' could not query the properties of its associated display. The device will be inoperable until the display size becomes available.
04-15 17:02:53.586 536 647 I InputReader: Touch device 'virtio_input_multi_touch_5' could not query the properties of its associated display. The device will be inoperable until the display size becomes available.
04-15 17:02:53.586 536 647 I InputReader: Touch device 'virtio_input_multi_touch_4' could not query the properties of its associated display. The device will be inoperable until the display size becomes available.
04-15 17:02:53.586 536 647 I InputReader: Touch device 'virtio_input_multi_touch_3' could not query the properties of its associated display. The device will be inoperable until the display size becomes available.
04-15 17:02:53.587 536 647 I InputReader: Disabling virtio_input_multi_touch_1 (device 4) because the associated viewport is not active
04-15 17:02:53.587 536 647 I InputReader: Device reconfigured: id=4, name='virtio_input_multi_touch_1', size 32768x32768, orientation 0, mode 0, display id 0
04-15 17:02:53.592 536 647 I InputReader: Touch device 'virtio_input_multi_touch_2' could not query the properties of its associated display. The device will be inoperable until the display size becomes available.
04-15 17:02:53.592 536 647 I InputReader: Touch device 'virtio_input_multi_touch_8' could not query the properties of its associated display. The device will be inoperable until the display size becomes available.
04-15 17:02:53.620 536 536 I ActivityTaskManager: Config changes=8 {1.0 ?mcc0mnc [en_US] ldltr sw411dp w411dp h914dp 420dpi nrml long port ?uimode ?night finger qwerty/v/v -nav/h winConfig={ mBounds=Rect(0, 0 - 1080, 2400) mAppBounds=Rect(0, 0 - 1080, 2400) mMaxBounds=Rect(0, 0 - 1080, 2400) mDisplayRotation=ROTATION_0 mWindowingMode=fullscreen mDisplayWindowingMode=fullscreen mActivityType=undefined mAlwaysOnTop=undefined mRotation=ROTATION_0} s.4 ?fontWeightAdjustment}
04-15 17:02:53.628 536 536 I WindowManager: Override config changes=8 {1.0 ?mcc0mnc [en_US] ldltr sw411dp w411dp h914dp 420dpi nrml long port ?uimode ?night finger qwerty/v/v -nav/h winConfig={ mBounds=Rect(0, 0 - 1080, 2400) mAppBounds=Rect(0, 0 - 1080, 2400) mMaxBounds=Rect(0, 0 - 1080, 2400) mDisplayRotation=ROTATION_0 mWindowingMode=fullscreen mDisplayWindowingMode=fullscreen mActivityType=undefined mAlwaysOnTop=undefined mRotation=ROTATION_0} s.4 ?fontWeightAdjustment} for displayId=0
04-15 17:02:53.633 536 536 V SystemServerTiming: MakeDisplayReady took to complete: 212ms
04-15 17:02:53.634 536 536 D SystemServerTiming: StartStorageManagerService
04-15 17:02:53.635 536 536 I SystemServiceManager: Starting com.android.server.StorageManagerService$Lifecycle
04-15 17:02:53.654 0 0 I init : ... started service 'exec 19 (/system/bin/extra_free_kbytes.sh 30375)' has pid 655
04-15 17:02:53.654 0 0 I init : SVC_EXEC service 'exec 19 (/system/bin/extra_free_kbytes.sh 30375)' pid 655 (uid 0 gid 0+0 context default) started; waiting...
04-15 17:02:53.659 0 0 I init : Command 'exec -- /system/bin/extra_free_kbytes.sh ${sys.sysctl.extra_free_kbytes}' action=sys.sysctl.extra_free_kbytes=* (/system/etc/init/hw/init.rc:1234) took 86ms and succeeded
04-15 17:02:53.709 432 451 D installd: Found quota mount /dev/block/dm-38 at /data
04-15 17:02:53.718 432 451 D installd: Found quota mount /dev/block/dm-38 at /data/user/0
04-15 17:02:53.764 536 656 D StorageManagerService: Thinking about reset, mBootCompleted=false, mDaemonConnected=true
04-15 17:02:53.785 536 536 D StorageManagerService: CE storage for users [0] is already unlocked
04-15 17:02:53.802 0 0 W healthd : battery l=100 v=5000 t=25.0 h=2 st=2 c=900000 fc=3000000 cc=10 chg=a
04-15 17:02:53.799 536 536 W SystemServiceManager: Service com.android.server.StorageManagerService$Lifecycle took 145 ms in onStart
04-15 17:02:53.813 536 656 D StorageManagerService: Thinking about reset, mBootCompleted=false, mDaemonConnected=true
04-15 17:02:53.814 536 536 V SystemServerTiming: StartStorageManagerService took to complete: 179ms
04-15 17:02:53.815 536 536 D SystemServerTiming: StartStorageStatsService
04-15 17:02:53.815 536 536 I SystemServiceManager: Starting com.android.server.usage.StorageStatsService$Lifecycle
04-15 17:02:53.848 432 451 D installd: Found quota mount /dev/block/dm-38 at /data
04-15 17:02:53.857 432 451 D installd: Found quota mount /dev/block/dm-38 at /data/user/0
04-15 17:02:53.880 432 626 D installd: Found quota mount /dev/block/dm-38 at /data
04-15 17:02:53.891 432 626 D installd: Found quota mount /dev/block/dm-38 at /data/user/0
04-15 17:02:53.932 536 536 W SystemServiceManager: Service com.android.server.usage.StorageStatsService$Lifecycle took 116 ms in onStart
04-15 17:02:53.933 536 536 V SystemServerTiming: StartStorageStatsService took to complete: 119ms
04-15 17:02:53.934 536 536 D SystemServerTiming: StartUiModeManager
04-15 17:02:53.948 536 536 I SystemServiceManager: Starting com.android.server.UiModeManagerService
04-15 17:02:54.010 536 564 D SystemServerTimingAsync: InitThreadPoolExec:UiModeManager.onStart
04-15 17:02:54.011 536 564 D SystemServerInitThreadPool: Started executing UiModeManager.onStart
04-15 17:02:54.019 536 536 V SystemServerTiming: StartUiModeManager took to complete: 84ms
04-15 17:02:54.032 536 536 D SystemServerTiming: StartLocaleManagerService
04-15 17:02:54.034 536 536 I SystemServiceManager: Starting com.android.server.locales.LocaleManagerService
04-15 17:02:54.088 536 564 D SystemServerInitThreadPool: Finished executing UiModeManager.onStart
04-15 17:02:54.089 536 564 V SystemServerTimingAsync: InitThreadPoolExec:UiModeManager.onStart took to complete: 79ms
04-15 17:02:54.138 536 536 V SystemServerTiming: StartLocaleManagerService took to complete: 105ms
04-15 17:02:54.139 536 536 D SystemServerTiming: StartGrammarInflectionService
04-15 17:02:54.149 536 536 I SystemServiceManager: Starting com.android.server.grammaticalinflection.GrammaticalInflectionService
04-15 17:02:54.158 536 536 V SystemServerTiming: StartGrammarInflectionService took to complete: 13ms
04-15 17:02:54.159 536 536 D SystemServerTiming: StartAppHibernationService
04-15 17:02:54.165 536 536 I SystemServiceManager: Starting com.android.server.apphibernation.AppHibernationService
04-15 17:02:54.182 536 536 V SystemServerTiming: StartAppHibernationService took to complete: 19ms
04-15 17:02:54.183 536 536 D SystemServerTiming: ArtManagerLocal
04-15 17:02:54.211 536 536 V SystemServerTiming: ArtManagerLocal took to complete: 24ms
04-15 17:02:54.214 536 536 D SystemServerTiming: UpdatePackagesIfNeeded
04-15 17:02:54.214 536 536 I Watchdog: Pausing HandlerChecker: main thread for reason: dexopt. Pause count: 1
04-15 17:02:54.221 536 536 I PackageManager: Starting boot dexopt for reason first-boot
04-15 17:02:54.318 536 536 I ArtService: Dexopting packages
04-15 17:02:54.358 0 0 I servicemanager: Since 'artd' could not be found, trying to start it as a lazy AIDL service. (if it's not configured to be a lazy service, it may be stuck starting or still starting).
04-15 17:02:54.387 0 0 I init : starting service 'artd'...
04-15 17:02:54.529 0 0 I init : ... started service 'artd' has pid 664
04-15 17:02:54.529 0 0 I init : Control message: Processed ctl.interface_start for 'aidl/artd' from pid: 132 (/system/bin/servicemanager)
04-15 17:02:55.265 664 664 I artd : Starting artd
04-15 17:02:55.277 664 664 I AidlLazyServiceRegistrar: Registering service artd
04-15 17:02:55.297 0 0 I BpBinder: onLastStrongRef automatically unlinking death recipients:
04-15 17:02:55.350 536 662 I RolesPersistenceImpl: roles.xml not found
04-15 17:02:55.358 536 662 I RoleServicePlatformHelperImpl: Legacy roles.xml not found
04-15 17:02:55.386 0 0 I servicemanager: Notifying artd they do (previously: don't) have clients when service is guaranteed to be in use
04-15 17:02:55.381 664 667 I AidlLazyServiceRegistrar: Process has 1 (of 1 available) client(s) in use after notification artd has clients: 1
04-15 17:02:56.003 536 662 I ArtService: Dexopt result: [packageName = com.android.systemui] DexContainerFileDexoptResult{dexContainerFile=/system_ext/priv-app/SystemUI/SystemUI.apk, primaryAbi=true, abi=x86_64, actualCompilerFilter=verify, status=SKIPPED, dex2oatWallTimeMillis=0, dex2oatCpuTimeMillis=0, sizeBytes=0, sizeBeforeBytes=0}
04-15 17:02:56.088 536 662 I ArtService: Dexopt result: [packageName = com.android.settings] DexContainerFileDexoptResult{dexContainerFile=/system_ext/priv-app/Settings/Settings.apk, primaryAbi=true, abi=x86_64, actualCompilerFilter=verify, status=SKIPPED, dex2oatWallTimeMillis=0, dex2oatCpuTimeMillis=0, sizeBytes=0, sizeBeforeBytes=0}
04-15 17:02:56.188 536 662 I ArtService: Dexopt result: [packageName = com.android.server.telecom] DexContainerFileDexoptResult{dexContainerFile=/system/priv-app/Telecom/Telecom.apk, primaryAbi=true, abi=x86_64, actualCompilerFilter=verify, status=SKIPPED, dex2oatWallTimeMillis=0, dex2oatCpuTimeMillis=0, sizeBytes=0, sizeBeforeBytes=0}
04-15 17:02:56.256 536 662 I ArtService: Dexopt result: [packageName = com.android.dialer] DexContainerFileDexoptResult{dexContainerFile=/product/priv-app/Dialer/Dialer.apk, primaryAbi=true, abi=x86_64, actualCompilerFilter=verify, status=SKIPPED, dex2oatWallTimeMillis=0, dex2oatCpuTimeMillis=0, sizeBytes=0, sizeBeforeBytes=0}
04-15 17:02:56.296 536 662 I ArtService: Dexopt result: [packageName = com.android.emulator.radio.config] DexContainerFileDexoptResult{dexContainerFile=/system_ext/priv-app/EmulatorRadioConfig/EmulatorRadioConfig.apk, primaryAbi=true, abi=x86_64, actualCompilerFilter=verify, status=SKIPPED, dex2oatWallTimeMillis=0, dex2oatCpuTimeMillis=0, sizeBytes=0, sizeBeforeBytes=0}
04-15 17:02:56.396 536 662 I ArtService: Dexopt result: [packageName = com.android.emergency] DexContainerFileDexoptResult{dexContainerFile=/system_ext/priv-app/EmergencyInfo/EmergencyInfo.apk, primaryAbi=true, abi=x86_64, actualCompilerFilter=verify, status=SKIPPED, dex2oatWallTimeMillis=0, dex2oatCpuTimeMillis=0, sizeBytes=0, sizeBeforeBytes=0}
04-15 17:02:56.464 536 662 I ArtService: Dexopt result: [packageName = com.android.traceur] DexContainerFileDexoptResult{dexContainerFile=/system/app/Traceur/Traceur.apk, primaryAbi=true, abi=x86_64, actualCompilerFilter=verify, status=SKIPPED, dex2oatWallTimeMillis=0, dex2oatCpuTimeMillis=0, sizeBytes=0, sizeBeforeBytes=0}
04-15 17:02:56.540 536 662 I ArtService: Dexopt result: [packageName = com.android.storagemanager] DexContainerFileDexoptResult{dexContainerFile=/system_ext/priv-app/StorageManager/StorageManager.apk, primaryAbi=true, abi=x86_64, actualCompilerFilter=verify, status=SKIPPED, dex2oatWallTimeMillis=0, dex2oatCpuTimeMillis=0, sizeBytes=0, sizeBeforeBytes=0}
04-15 17:02:56.648 536 662 I ArtService: Dexopt result: [packageName = com.android.launcher3] DexContainerFileDexoptResult{dexContainerFile=/system_ext/priv-app/Launcher3QuickStep/Launcher3QuickStep.apk, primaryAbi=true, abi=x86_64, actualCompilerFilter=verify, status=SKIPPED, dex2oatWallTimeMillis=0, dex2oatCpuTimeMillis=0, sizeBytes=0, sizeBeforeBytes=0}
04-15 17:02:56.733 536 662 I ArtService: Dexopt result: [packageName = com.android.managedprovisioning] DexContainerFileDexoptResult{dexContainerFile=/system/priv-app/ManagedProvisioning/ManagedProvisioning.apk, primaryAbi=true, abi=x86_64, actualCompilerFilter=verify, status=SKIPPED, dex2oatWallTimeMillis=0, dex2oatCpuTimeMillis=0, sizeBytes=0, sizeBeforeBytes=0}
04-15 17:02:56.934 536 662 I ArtService: Dexopt result: [packageName = com.android.credentialmanager] DexContainerFileDexoptResult{dexContainerFile=/system/priv-app/CredentialManager/CredentialManager.apk, primaryAbi=true, abi=x86_64, actualCompilerFilter=verify, status=SKIPPED, dex2oatWallTimeMillis=0, dex2oatCpuTimeMillis=0, sizeBytes=0, sizeBeforeBytes=0}
04-15 17:02:57.024 536 662 I ArtService: Dexopt result: [packageName = com.android.deskclock] DexContainerFileDexoptResult{dexContainerFile=/product/app/DeskClock/DeskClock.apk, primaryAbi=true, abi=x86_64, actualCompilerFilter=verify, status=SKIPPED, dex2oatWallTimeMillis=0, dex2oatCpuTimeMillis=0, sizeBytes=0, sizeBeforeBytes=0}
04-15 17:02:57.097 536 662 I ArtService: Dexopt result: [packageName = com.android.webview] DexContainerFileDexoptResult{dexContainerFile=/product/app/webview/webview.apk, primaryAbi=true, abi=x86_64, actualCompilerFilter=verify, status=SKIPPED, dex2oatWallTimeMillis=0, dex2oatCpuTimeMillis=0, sizeBytes=0, sizeBeforeBytes=0}
04-15 17:02:57.216 536 662 I ArtService: Dexopt result: [packageName = com.android.messaging] DexContainerFileDexoptResult{dexContainerFile=/product/app/messaging/messaging.apk, primaryAbi=true, abi=x86_64, actualCompilerFilter=verify, status=SKIPPED, dex2oatWallTimeMillis=0, dex2oatCpuTimeMillis=0, sizeBytes=0, sizeBeforeBytes=0}
04-15 17:02:57.242 322 329 W ServiceManagerCppClient: Service statscompanion didn't start. Returning NULL
04-15 17:02:57.242 322 329 E statsd : Uid 1000 does not have the android.permission.REGISTER_STATS_PULL_ATOM permission when registering atom 10110 (-1)
04-15 17:02:57.283 536 662 I ArtService: Dexopt result: [packageName = com.android.settings.intelligence] DexContainerFileDexoptResult{dexContainerFile=/product/priv-app/SettingsIntelligence/SettingsIntelligence.apk, primaryAbi=true, abi=x86_64, actualCompilerFilter=verify, status=SKIPPED, dex2oatWallTimeMillis=0, dex2oatCpuTimeMillis=0, sizeBytes=0, sizeBeforeBytes=0}
04-15 17:02:57.564 536 662 W system_server: Long monitor contention with owner PackageManager (592) at void com.android.server.pm.PackageManagerService.writeSettings(boolean)(PackageManagerService.java:1491) waiters=0 in com.android.server.pm.Computer com.android.server.pm.PackageManagerService.snapshotComputer(boolean) for 267ms
04-15 17:02:57.610 536 662 I ArtService: Dexopt result: [packageName = com.android.quicksearchbox] DexContainerFileDexoptResult{dexContainerFile=/product/app/QuickSearchBox/QuickSearchBox.apk, primaryAbi=true, abi=x86_64, actualCompilerFilter=verify, status=SKIPPED, dex2oatWallTimeMillis=0, dex2oatCpuTimeMillis=0, sizeBytes=0, sizeBeforeBytes=0}
04-15 17:02:57.634 536 662 I ArtService: Dexopt result: [packageName = com.android.dreams.phototable] DexContainerFileDexoptResult{dexContainerFile=/product/app/PhotoTable/PhotoTable.apk, primaryAbi=true, abi=x86_64, actualCompilerFilter=verify, status=SKIPPED, dex2oatWallTimeMillis=0, dex2oatCpuTimeMillis=0, sizeBytes=0, sizeBeforeBytes=0}
04-15 17:02:57.703 536 662 I ArtService: Dexopt result: [packageName = com.android.music] DexContainerFileDexoptResult{dexContainerFile=/product/app/Music/Music.apk, primaryAbi=true, abi=x86_64, actualCompilerFilter=verify, status=SKIPPED, dex2oatWallTimeMillis=0, dex2oatCpuTimeMillis=0, sizeBytes=0, sizeBeforeBytes=0}
04-15 17:02:57.802 536 662 I ArtService: Dexopt result: [packageName = com.android.wallpaperpicker] DexContainerFileDexoptResult{dexContainerFile=/product/app/WallpaperPicker/WallpaperPicker.apk, primaryAbi=true, abi=x86_64, actualCompilerFilter=verify, status=SKIPPED, dex2oatWallTimeMillis=0, dex2oatCpuTimeMillis=0, sizeBytes=0, sizeBeforeBytes=0}
04-15 17:02:57.859 536 662 I ArtService: Dexopt result: [packageName = com.android.wallpapercropper] DexContainerFileDexoptResult{dexContainerFile=/system_ext/priv-app/WallpaperCropper/WallpaperCropper.apk, primaryAbi=true, abi=x86_64, actualCompilerFilter=verify, status=SKIPPED, dex2oatWallTimeMillis=0, dex2oatCpuTimeMillis=0, sizeBytes=0, sizeBeforeBytes=0}
04-15 17:02:58.024 536 662 I ArtService: Dexopt result: [packageName = com.android.contacts] DexContainerFileDexoptResult{dexContainerFile=/product/priv-app/Contacts/Contacts.apk, primaryAbi=true, abi=x86_64, actualCompilerFilter=verify, status=SKIPPED, dex2oatWallTimeMillis=0, dex2oatCpuTimeMillis=0, sizeBytes=0, sizeBeforeBytes=0}
04-15 17:02:58.108 536 662 I ArtService: Dexopt result: [packageName = com.android.inputmethod.latin] DexContainerFileDexoptResult{dexContainerFile=/product/app/LatinIME/LatinIME.apk, primaryAbi=true, abi=x86_64, actualCompilerFilter=verify, status=SKIPPED, dex2oatWallTimeMillis=0, dex2oatCpuTimeMillis=0, sizeBytes=0, sizeBeforeBytes=0}
04-15 17:02:58.192 536 662 I ArtService: Dexopt result: [packageName = com.android.imsserviceentitlement] DexContainerFileDexoptResult{dexContainerFile=/product/priv-app/ImsServiceEntitlement/ImsServiceEntitlement.apk, primaryAbi=true, abi=x86_64, actualCompilerFilter=verify, status=SKIPPED, dex2oatWallTimeMillis=0, dex2oatCpuTimeMillis=0, sizeBytes=0, sizeBeforeBytes=0}
04-15 17:02:58.252 536 662 I ArtService: Dexopt result: [packageName = com.android.carrierconfig] DexContainerFileDexoptResult{dexContainerFile=/system_ext/priv-app/CarrierConfig/CarrierConfig.apk, primaryAbi=true, abi=x86_64, actualCompilerFilter=verify, status=SKIPPED, dex2oatWallTimeMillis=0, dex2oatCpuTimeMillis=0, sizeBytes=0, sizeBeforeBytes=0}
04-15 17:02:58.326 0 0 I init : Service 'exec 19 (/system/bin/extra_free_kbytes.sh 30375)' (pid 655) exited with status 0 waiting took 4.719000 seconds
04-15 17:02:58.326 0 0 I init : Sending signal 9 to service 'exec 19 (/system/bin/extra_free_kbytes.sh 30375)' (pid 655) process group...
04-15 17:02:58.328 0 0 I libprocessgroup: Successfully killed process cgroup uid 0 pid 655 in 1ms
04-15 17:02:58.365 536 662 I ArtService: Dexopt result: [packageName = com.android.gallery3d] DexContainerFileDexoptResult{dexContainerFile=/product/app/Gallery2/Gallery2.apk, primaryAbi=true, abi=x86_64, actualCompilerFilter=verify, status=SKIPPED, dex2oatWallTimeMillis=0, dex2oatCpuTimeMillis=0, sizeBytes=0, sizeBeforeBytes=0}
04-15 17:02:58.456 536 662 I ArtService: Dexopt result: [packageName = com.android.camera2] DexContainerFileDexoptResult{dexContainerFile=/product/app/Camera2/Camera2.apk, primaryAbi=true, abi=x86_64, actualCompilerFilter=verify, status=SKIPPED, dex2oatWallTimeMillis=0, dex2oatCpuTimeMillis=0, sizeBytes=0, sizeBeforeBytes=0}
04-15 17:02:58.512 536 662 I ArtService: Dexopt result: [packageName = com.android.calendar] DexContainerFileDexoptResult{dexContainerFile=/product/app/Calendar/Calendar.apk, primaryAbi=true, abi=x86_64, actualCompilerFilter=verify, status=SKIPPED, dex2oatWallTimeMillis=0, dex2oatCpuTimeMillis=0, sizeBytes=0, sizeBeforeBytes=0}
04-15 17:02:58.575 536 662 I ArtService: Dexopt result: [packageName = com.android.systemui.accessibility.accessibilitymenu] DexContainerFileDexoptResult{dexContainerFile=/system_ext/priv-app/AccessibilityMenu/AccessibilityMenu.apk, primaryAbi=true, abi=x86_64, actualCompilerFilter=verify, status=SKIPPED, dex2oatWallTimeMillis=0, dex2oatCpuTimeMillis=0, sizeBytes=0, sizeBeforeBytes=0}
04-15 17:02:58.635 536 662 I ArtService: Dexopt result: [packageName = com.android.sdksetup] DexContainerFileDexoptResult{dexContainerFile=/system_ext/priv-app/SdkSetup/SdkSetup.apk, primaryAbi=true, abi=x86_64, actualCompilerFilter=verify, status=SKIPPED, dex2oatWallTimeMillis=0, dex2oatCpuTimeMillis=0, sizeBytes=0, sizeBeforeBytes=0}
04-15 17:02:58.708 536 662 I ArtService: Dexopt result: [packageName = org.chromium.webview_shell] DexContainerFileDexoptResult{dexContainerFile=/product/app/Browser2/Browser2.apk, primaryAbi=true, abi=x86_64, actualCompilerFilter=verify, status=SKIPPED, dex2oatWallTimeMillis=0, dex2oatCpuTimeMillis=0, sizeBytes=0, sizeBeforeBytes=0}
04-15 17:02:58.760 536 662 I ArtService: Dexopt result: [packageName = com.android.emulator.multidisplay] DexContainerFileDexoptResult{dexContainerFile=/system_ext/priv-app/MultiDisplayProvider/MultiDisplayProvider.apk, primaryAbi=true, abi=x86_64, actualCompilerFilter=verify, status=SKIPPED, dex2oatWallTimeMillis=0, dex2oatCpuTimeMillis=0, sizeBytes=0, sizeBeforeBytes=0}
04-15 17:02:58.832 536 662 I ArtService: Dexopt result: [packageName = com.android.egg] DexContainerFileDexoptResult{dexContainerFile=/system/app/EasterEgg/EasterEgg.apk, primaryAbi=true, abi=x86_64, actualCompilerFilter=verify, status=SKIPPED, dex2oatWallTimeMillis=0, dex2oatCpuTimeMillis=0, sizeBytes=0, sizeBeforeBytes=0}
04-15 17:02:58.850 536 547 I system_server: Background young concurrent copying GC freed 84191(4692KB) AllocSpace objects, 24(480KB) LOS objects, 38% free, 8388KB/13MB, paused 1.019ms,119us total 432.110ms
04-15 17:02:58.889 536 662 I ArtService: Dexopt result: [packageName = com.android.documentsui] DexContainerFileDexoptResult{dexContainerFile=/system/priv-app/DocumentsUI/DocumentsUI.apk, primaryAbi=true, abi=x86_64, actualCompilerFilter=verify, status=SKIPPED, dex2oatWallTimeMillis=0, dex2oatCpuTimeMillis=0, sizeBytes=0, sizeBeforeBytes=0}
04-15 17:02:58.958 536 662 I ArtService: Dexopt result: [packageName = com.android.phone] DexContainerFileDexoptResult{dexContainerFile=/system/priv-app/TeleService/TeleService.apk, primaryAbi=true, abi=x86_64, actualCompilerFilter=verify, status=SKIPPED, dex2oatWallTimeMillis=0, dex2oatCpuTimeMillis=0, sizeBytes=0, sizeBeforeBytes=0}
04-15 17:02:59.021 536 662 I ArtService: Dexopt result: [packageName = com.android.intentresolver] DexContainerFileDexoptResult{dexContainerFile=/system/priv-app/IntentResolver/IntentResolver.apk, primaryAbi=true, abi=x86_64, actualCompilerFilter=verify, status=SKIPPED, dex2oatWallTimeMillis=0, dex2oatCpuTimeMillis=0, sizeBytes=0, sizeBeforeBytes=0}
04-15 17:02:59.071 536 662 I ArtService: Dexopt result: [packageName = com.android.nfc] DexContainerFileDexoptResult{dexContainerFile=/system/app/NfcNci/NfcNci.apk, primaryAbi=true, abi=x86_64, actualCompilerFilter=verify, status=SKIPPED, dex2oatWallTimeMillis=0, dex2oatCpuTimeMillis=0, sizeBytes=0, sizeBeforeBytes=0}
04-15 17:02:59.168 536 662 I ArtService: Dexopt result: [packageName = com.android.stk] DexContainerFileDexoptResult{dexContainerFile=/system/app/Stk/Stk.apk, primaryAbi=true, abi=x86_64, actualCompilerFilter=verify, status=SKIPPED, dex2oatWallTimeMillis=0, dex2oatCpuTimeMillis=0, sizeBytes=0, sizeBeforeBytes=0}
04-15 17:02:59.230 536 662 I ArtService: Dexopt result: [packageName = com.android.wallpaper.livepicker] DexContainerFileDexoptResult{dexContainerFile=/system/priv-app/LiveWallpapersPicker/LiveWallpapersPicker.apk, primaryAbi=true, abi=x86_64, actualCompilerFilter=verify, status=SKIPPED, dex2oatWallTimeMillis=0, dex2oatCpuTimeMillis=0, sizeBytes=0, sizeBeforeBytes=0}
04-15 17:02:59.325 536 662 I ArtService: Dexopt result: [packageName = com.android.keychain] DexContainerFileDexoptResult{dexContainerFile=/system/app/KeyChain/KeyChain.apk, primaryAbi=true, abi=x86_64, actualCompilerFilter=verify, status=SKIPPED, dex2oatWallTimeMillis=0, dex2oatCpuTimeMillis=0, sizeBytes=0, sizeBeforeBytes=0}
04-15 17:02:59.406 536 662 I ArtService: Dexopt result: [packageName = com.android.statementservice] DexContainerFileDexoptResult{dexContainerFile=/system/priv-app/StatementService/StatementService.apk, primaryAbi=true, abi=x86_64, actualCompilerFilter=verify, status=SKIPPED, dex2oatWallTimeMillis=0, dex2oatCpuTimeMillis=0, sizeBytes=0, sizeBeforeBytes=0}
04-15 17:02:59.468 536 662 I ArtService: Dexopt result: [packageName = com.android.packageinstaller] DexContainerFileDexoptResult{dexContainerFile=/system/priv-app/PackageInstaller/PackageInstaller.apk, primaryAbi=true, abi=x86_64, actualCompilerFilter=verify, status=SKIPPED, dex2oatWallTimeMillis=0, dex2oatCpuTimeMillis=0, sizeBytes=0, sizeBeforeBytes=0}
04-15 17:02:59.530 536 662 I ArtService: Dexopt result: [packageName = com.android.companiondevicemanager] DexContainerFileDexoptResult{dexContainerFile=/system/app/CompanionDeviceManager/CompanionDeviceManager.apk, primaryAbi=true, abi=x86_64, actualCompilerFilter=verify, status=SKIPPED, dex2oatWallTimeMillis=0, dex2oatCpuTimeMillis=0, sizeBytes=0, sizeBeforeBytes=0}
04-15 17:02:59.591 536 662 I ArtService: Dexopt result: [packageName = com.android.mtp] DexContainerFileDexoptResult{dexContainerFile=/system/priv-app/MtpService/MtpService.apk, primaryAbi=true, abi=x86_64, actualCompilerFilter=verify, status=SKIPPED, dex2oatWallTimeMillis=0, dex2oatCpuTimeMillis=0, sizeBytes=0, sizeBeforeBytes=0}
04-15 17:02:59.663 536 662 I ArtService: Dexopt result: [packageName = com.android.soundpicker] DexContainerFileDexoptResult{dexContainerFile=/system/priv-app/SoundPicker/SoundPicker.apk, primaryAbi=true, abi=x86_64, actualCompilerFilter=verify, status=SKIPPED, dex2oatWallTimeMillis=0, dex2oatCpuTimeMillis=0, sizeBytes=0, sizeBeforeBytes=0}
04-15 17:02:59.729 536 662 I ArtService: Dexopt result: [packageName = com.android.shell] DexContainerFileDexoptResult{dexContainerFile=/system/priv-app/Shell/Shell.apk, primaryAbi=true, abi=x86_64, actualCompilerFilter=verify, status=SKIPPED, dex2oatWallTimeMillis=0, dex2oatCpuTimeMillis=0, sizeBytes=0, sizeBeforeBytes=0}
04-15 17:02:59.785 536 662 I ArtService: Dexopt result: [packageName = com.android.providers.media] DexContainerFileDexoptResult{dexContainerFile=/system/priv-app/MediaProviderLegacy/MediaProviderLegacy.apk, primaryAbi=true, abi=x86_64, actualCompilerFilter=verify, status=SKIPPED, dex2oatWallTimeMillis=0, dex2oatCpuTimeMillis=0, sizeBytes=0, sizeBeforeBytes=0}
04-15 17:02:59.818 536 662 I ArtService: Dexopt result: [packageName = com.android.providers.settings] DexContainerFileDexoptResult{dexContainerFile=/system/priv-app/SettingsProvider/SettingsProvider.apk, primaryAbi=true, abi=x86_64, actualCompilerFilter=verify, status=SKIPPED, dex2oatWallTimeMillis=0, dex2oatCpuTimeMillis=0, sizeBytes=0, sizeBeforeBytes=0}
04-15 17:02:59.924 536 662 I ArtService: Dexopt result: [packageName = com.android.cellbroadcastreceiver] DexContainerFileDexoptResult{dexContainerFile=/system/priv-app/CellBroadcastLegacyApp/CellBroadcastLegacyApp.apk, primaryAbi=true, abi=x86_64, actualCompilerFilter=verify, status=SKIPPED, dex2oatWallTimeMillis=0, dex2oatCpuTimeMillis=0, sizeBytes=0, sizeBeforeBytes=0}
04-15 17:02:59.988 536 662 I ArtService: Dexopt result: [packageName = com.android.simappdialog] DexContainerFileDexoptResult{dexContainerFile=/system/app/SimAppDialog/SimAppDialog.apk, primaryAbi=true, abi=x86_64, actualCompilerFilter=verify, status=SKIPPED, dex2oatWallTimeMillis=0, dex2oatCpuTimeMillis=0, sizeBytes=0, sizeBeforeBytes=0}
04-15 17:03:00.036 0 0 I init : Sending signal 9 to service 'idmap2d' (pid 426) process group...
04-15 17:03:00.061 536 609 W OverlayManager: service 'idmap' died
04-15 17:03:00.068 536 662 I ArtService: Dexopt result: [packageName = com.android.apps.tag] DexContainerFileDexoptResult{dexContainerFile=/system/priv-app/Tag/Tag.apk, primaryAbi=true, abi=x86_64, actualCompilerFilter=verify, status=SKIPPED, dex2oatWallTimeMillis=0, dex2oatCpuTimeMillis=0, sizeBytes=0, sizeBeforeBytes=0}
04-15 17:03:00.080 0 0 I libprocessgroup: Successfully killed process cgroup uid 1000 pid 426 in 43ms
04-15 17:03:00.091 0 0 I init : Control message: Processed ctl.stop for 'idmap2d' from pid: 536 (system_server)
04-15 17:03:00.098 0 0 I init : Service 'idmap2d' (pid 426) received signal 9
04-15 17:03:00.124 536 662 I ArtService: Dexopt result: [packageName = com.android.providers.telephony] DexContainerFileDexoptResult{dexContainerFile=/system/priv-app/TelephonyProvider/TelephonyProvider.apk, primaryAbi=true, abi=x86_64, actualCompilerFilter=verify, status=SKIPPED, dex2oatWallTimeMillis=0, dex2oatCpuTimeMillis=0, sizeBytes=0, sizeBeforeBytes=0}
04-15 17:03:00.155 536 662 I ArtService: Dexopt result: [packageName = com.android.carrierdefaultapp] DexContainerFileDexoptResult{dexContainerFile=/system/app/CarrierDefaultApp/CarrierDefaultApp.apk, primaryAbi=true, abi=x86_64, actualCompilerFilter=verify, status=SKIPPED, dex2oatWallTimeMillis=0, dex2oatCpuTimeMillis=0, sizeBytes=0, sizeBeforeBytes=0}
04-15 17:03:00.184 536 662 I ArtService: Dexopt result: [packageName = com.android.ons] DexContainerFileDexoptResult{dexContainerFile=/system/priv-app/ONS/ONS.apk, primaryAbi=true, abi=x86_64, actualCompilerFilter=verify, status=SKIPPED, dex2oatWallTimeMillis=0, dex2oatCpuTimeMillis=0, sizeBytes=0, sizeBeforeBytes=0}
04-15 17:03:00.208 536 662 I ArtService: Dexopt result: [packageName = com.android.printspooler] DexContainerFileDexoptResult{dexContainerFile=/system/app/PrintSpooler/PrintSpooler.apk, primaryAbi=true, abi=x86_64, actualCompilerFilter=verify, status=SKIPPED, dex2oatWallTimeMillis=0, dex2oatCpuTimeMillis=0, sizeBytes=0, sizeBeforeBytes=0}
04-15 17:03:00.270 664 667 W artd : ClassLoaderContext shared library size mismatch. Expected=1, found=0 (PCL[]{PCL[/system/framework/android.net.ipsec.ike.jar*3039086002]} | PCL[])
