04-15 17:04:49.935 536 558 W Looper : Slow dispatch took 424ms android.ui h=com.android.server.am.ActivityManagerService$UiHandler c=com.android.server.am.UidObserverController$$ExternalSyntheticLambda0@4c0ea4e m=0
04-15 17:04:49.949 385 385 I BpBinder: onLastStrongRef automatically unlinking death recipients:
04-15 17:04:49.975 536 536 W system_server: Long monitor contention with owner binder:536_4 (610) at void com.android.server.am.ActivityManagerService.finishAttachApplicationInner(long, int, int)(ActivityManagerService.java:4940) waiters=2 in android.content.ComponentName com.android.server.am.ActivityManagerService.startService(android.app.IApplicationThread, android.content.Intent, java.lang.String, boolean, java.lang.String, java.lang.String, int, boolean, int, java.lang.String, java.lang.String) for 255ms
04-15 17:04:50.033 1215 1215 D CompatibilityChangeReporter: Compat change id reported: 171979766; UID 1000; state: ENABLED
04-15 17:04:50.037 1215 1215 D CompatibilityChangeReporter: Compat change id reported: 242716250; UID 1000; state: ENABLED
04-15 17:04:50.060 1211 1211 D nativeloader: Configuring clns-shared-6 for other apk /system/framework/org.apache.http.legacy.jar. target_sdk_version=34, uses_libraries=ALL, library_path=/system/priv-app/TeleService/lib/x86_64:/system/lib64:/system_ext/lib64, permitted_path=/data:/mnt/expand:/data/user_de/0/com.android.phone:/system/priv-app/TeleService:/system/lib64:/system_ext/lib64
04-15 17:04:50.091 1215 1215 D CompatibilityChangeReporter: Compat change id reported: 3400644; UID 1000; state: ENABLED
04-15 17:04:50.142 1215 1215 D nativeloader: Configuring clns-shared-6 for other apk /system/framework/org.apache.http.legacy.jar. target_sdk_version=34, uses_libraries=ALL, library_path=/system_ext/priv-app/Settings/lib/x86_64:/system_ext/priv-app/Settings/Settings.apk!/lib/x86_64:/system/lib64:/system_ext/lib64, permitted_path=/data:/mnt/expand:/data/user_de/0/com.android.settings:/system_ext/priv-app/Settings:/system/lib64:/system_ext/lib64
04-15 17:04:50.155 1215 1215 D ApplicationLoaders: Returning zygote-cached class loader: /system_ext/framework/androidx.window.extensions.jar
04-15 17:04:50.161 536 563 I system_server: libdebuggerd_client: done dumping process 349
04-15 17:04:50.164 192 192 W tombstoned: skipping tombstone file creation due to intercept
04-15 17:04:50.172 1215 1215 D ApplicationLoaders: Returning zygote-cached class loader: /system_ext/framework/androidx.window.sidecar.jar
04-15 17:04:50.176 536 563 I ActivityManager: Collecting stacks for native pid 354
04-15 17:04:50.187 536 563 I system_server: libdebuggerd_client: started dumping process 354
04-15 17:04:50.201 0 0 I init : Untracked pid 1243 exited with status 0
04-15 17:04:50.201 0 0 I init : Untracked pid 1243 did not have an associated service entry and will not be reaped
04-15 17:04:50.211 0 0 I init : Untracked pid 1245 exited with status 0
04-15 17:04:50.211 0 0 I init : Untracked pid 1245 did not have an associated service entry and will not be reaped
04-15 17:04:50.247 536 536 V SystemServerTiming: StartSystemUI took to complete: 551ms
04-15 17:04:50.248 536 536 V SystemServerTiming: startOtherServices took to complete: 119430ms
04-15 17:04:50.268 536 536 D SystemServerTiming: startApexServices
04-15 17:04:50.269 536 536 D SystemServerTiming: starting com.android.server.devicelock.DeviceLockService
04-15 17:04:50.271 536 536 I SystemServiceManager: Starting com.android.server.devicelock.DeviceLockService
04-15 17:04:50.274 536 536 D DeviceLockService: DeviceLockService constructor
04-15 17:04:50.283 1215 1215 D nativeloader: Configuring clns-shared-7 for other apk /system_ext/priv-app/Settings/Settings.apk. target_sdk_version=34, uses_libraries=, library_path=/system_ext/priv-app/Settings/lib/x86_64:/system_ext/priv-app/Settings/Settings.apk!/lib/x86_64:/system/lib64:/system_ext/lib64, permitted_path=/data:/mnt/expand:/data/user_de/0/com.android.settings:/system_ext/priv-app/Settings:/system/lib64:/system_ext/lib64
04-15 17:04:50.320 192 192 I tombstoned: registered intercept for pid 354 and type kDebuggerdNativeBacktrace
04-15 17:04:50.330 354 354 I libc : Requested dump for pid 354 (android.hardwar)
04-15 17:04:50.340 896 896 V SystemUIBootTiming: StartServices com.android.keyguard.KeyguardBiometricLockoutLogger took to complete: 3ms
04-15 17:04:50.354 896 896 V SystemUIBootTiming: StartServices com.android.systemui.LatencyTester took to complete: 9ms
04-15 17:04:50.489 536 536 W system_server: Long monitor contention with owner binder:536_B (994) at android.content.ComponentName com.android.server.am.ActivityManagerService.startService(android.app.IApplicationThread, android.content.Intent, java.lang.String, boolean, java.lang.String, java.lang.String, int, boolean, int, java.lang.String, java.lang.String)(ActivityManagerService.java:13195) waiters=1 in android.content.Intent com.android.server.am.ActivityManagerService.registerReceiverWithFeature(android.app.IApplicationThread, java.lang.String, java.lang.String, java.lang.String, android.content.IIntentReceiver, android.content.IntentFilter, java.lang.String, int, int) for 201ms
04-15 17:04:50.521 536 536 I DeviceLockService: Registering device_lock
04-15 17:04:50.536 536 567 W system_server: Long monitor contention with owner binder:536_B (994) at android.content.ComponentName com.android.server.am.ActivityManagerService.startService(android.app.IApplicationThread, android.content.Intent, java.lang.String, boolean, java.lang.String, java.lang.String, int, boolean, int, java.lang.String, java.lang.String)(ActivityManagerService.java:13195) waiters=2 in boolean com.android.server.am.BroadcastQueueModernImpl.lambda$new$0(android.os.Message) for 217ms
04-15 17:04:50.549 536 536 V SystemServerTiming: starting com.android.server.devicelock.DeviceLockService took to complete: 280ms
04-15 17:04:50.553 1153 1153 I bt_stack_config: packages/modules/Bluetooth/system/main/stack_config.cc:199 get_pts_broadcast_audio_config_options: Config isn't ready, use default option
04-15 17:04:50.560 536 536 D SystemServerTiming: starting com.android.server.scheduling.RebootReadinessManagerService$Lifecycle
04-15 17:04:50.561 536 536 I SystemServiceManager: Starting com.android.server.scheduling.RebootReadinessManagerService$Lifecycle
04-15 17:04:50.569 536 536 I SystemServiceManager: Not starting an already started service com.android.server.scheduling.RebootReadinessManagerService$Lifecycle
04-15 17:04:50.569 536 536 V SystemServerTiming: starting com.android.server.scheduling.RebootReadinessManagerService$Lifecycle took to complete: 9ms
04-15 17:04:50.570 536 536 V SystemServerTiming: startApexServices took to complete: 301ms
04-15 17:04:50.570 536 536 D SystemServerTiming: UpdateWatchdogTimeout
04-15 17:04:50.571 536 536 I Watchdog: Watchdog timeout updated to 60000 millis
04-15 17:04:50.574 536 536 V SystemServerTiming: UpdateWatchdogTimeout took to complete: 3ms
04-15 17:04:50.580 536 536 V SystemServerTiming: StartServices took to complete: 137390ms
04-15 17:04:50.596 536 877 I ActivityManager: Flag disabled. Ignoring finishAttachApplication from uid: 1068. pid: 1179
04-15 17:04:50.718 1211 1211 D nativeloader: Configuring clns-shared-7 for other apk /system/priv-app/TeleService/TeleService.apk. target_sdk_version=34, uses_libraries=, library_path=/system/priv-app/TeleService/lib/x86_64:/system/lib64:/system_ext/lib64, permitted_path=/data:/mnt/expand:/data/user_de/0/com.android.phone:/system/priv-app/TeleService:/system/lib64:/system_ext/lib64
04-15 17:04:50.740 1215 1215 V GraphicsEnvironment: Currently set values for:
04-15 17:04:50.741 1215 1215 V GraphicsEnvironment: angle_gl_driver_selection_pkgs=[]
04-15 17:04:50.742 1215 1215 V GraphicsEnvironment: angle_gl_driver_selection_values=[]
04-15 17:04:50.749 1215 1215 V GraphicsEnvironment: ANGLE GameManagerService for com.android.settings: false
04-15 17:04:50.750 1215 1215 V GraphicsEnvironment: com.android.settings is not listed in per-application setting
04-15 17:04:50.750 1215 1215 V GraphicsEnvironment: Neither updatable production driver nor prerelease driver is supported.
04-15 17:04:50.786 1211 1211 V GraphicsEnvironment: Currently set values for:
04-15 17:04:50.786 1211 1211 V GraphicsEnvironment: angle_gl_driver_selection_pkgs=[]
04-15 17:04:50.786 1211 1211 V GraphicsEnvironment: angle_gl_driver_selection_values=[]
04-15 17:04:50.821 1211 1211 V GraphicsEnvironment: ANGLE GameManagerService for com.android.phone: false
04-15 17:04:50.861 1179 1179 I SecureElementService: main onCreate
04-15 17:04:50.872 536 536 W Looper : Slow delivery took 135462ms main h=android.app.PropertyInvalidatedCache$AutoCorker$1 c=null m=0
04-15 17:04:50.904 536 994 D CompatibilityChangeReporter: Compat change id reported: 161145287; UID 1068; state: ENABLED
04-15 17:04:50.917 1211 1211 V GraphicsEnvironment: com.android.phone is not listed in per-application setting
04-15 17:04:50.957 1211 1211 V GraphicsEnvironment: Neither updatable production driver nor prerelease driver is supported.
04-15 17:04:51.033 1179 1179 I SecureElementService: Check if terminal eSE1 is available.
04-15 17:04:51.058 0 0 I servicemanager: Could not find android.hardware.secure_element.ISecureElement/eSE1 in the VINTF manifest.
04-15 17:04:51.068 896 896 V SystemUIBootTiming: StartServices com.android.systemui.ScreenDecorations took to complete: 661ms
04-15 17:04:51.107 1215 1215 D CompatibilityChangeReporter: Compat change id reported: 183155436; UID 1000; state: ENABLED
04-15 17:04:51.121 1260 1260 I crash_dump64: obtaining output fd from tombstoned, type: kDebuggerdNativeBacktrace
04-15 17:04:51.136 192 192 I tombstoned: received crash request for pid 354
04-15 17:04:51.138 192 192 I tombstoned: found intercept fd 512 for pid 354 and type kDebuggerdNativeBacktrace
04-15 17:04:51.139 1260 1260 I crash_dump64: performing dump of process 354 (target tid = 354)
04-15 17:04:51.206 1215 1215 D BatteryStateDatabase: initialize battery states database
04-15 17:04:51.219 133 133 I hwservicemanager: getTransport: Cannot find entry android.hardware.secure_element@1.2::ISecureElement/eSE1 in either framework or device VINTF manifest.
04-15 17:04:51.224 1215 1215 W BatteryUsageContentProvider: create content provider from null
04-15 17:04:51.254 192 192 W tombstoned: skipping tombstone file creation due to intercept
04-15 17:04:51.255 536 563 I system_server: libdebuggerd_client: done dumping process 354
04-15 17:04:51.269 1179 1179 D SecureElement-Terminal-eSE1: SE Hal V1.2 is not supported
04-15 17:04:51.271 133 133 I hwservicemanager: getTransport: Cannot find entry android.hardware.secure_element@1.1::ISecureElement/eSE1 in either framework or device VINTF manifest.
04-15 17:04:51.271 1179 1179 D SecureElement-Terminal-eSE1: SE Hal V1.1 is not supported
04-15 17:04:51.313 0 0 I init : Untracked pid 1260 exited with status 0
04-15 17:04:51.313 0 0 I init : Untracked pid 1260 did not have an associated service entry and will not be reaped
04-15 17:04:51.313 0 0 I init : Untracked pid 1262 exited with status 0
04-15 17:04:51.313 0 0 I init : Untracked pid 1262 did not have an associated service entry and will not be reaped
04-15 17:04:51.326 1215 1215 D SettingsSliceProvider: init
04-15 17:04:51.328 1215 1215 D SettingsSliceProvider: onCreateSliceProvider
04-15 17:04:51.332 536 563 I ActivityManager: Collecting stacks for native pid 1058
04-15 17:04:51.334 536 563 I system_server: libdebuggerd_client: started dumping process 1058
04-15 17:04:51.337 192 192 I tombstoned: registered intercept for pid 1058 and type kDebuggerdNativeBacktrace
04-15 17:04:51.338 896 896 V SystemUIBootTiming: StartServices com.android.systemui.SliceBroadcastRelayHandler took to complete: 127ms
04-15 17:04:51.346 1058 1058 I libc : Requested dump for pid 1058 (binder:1058_2)
04-15 17:04:51.411 1153 1153 I droid.bluetooth: [0415/170451.399587:INFO:btif_config_cache.cc(67)] BtifConfigCache, capacity: 10000
04-15 17:04:51.462 133 133 I hwservicemanager: getTransport: Cannot find entry android.hardware.secure_element@1.0::ISecureElement/eSE1 in either framework or device VINTF manifest.
04-15 17:04:51.487 536 536 W Looper : Slow dispatch took 534ms main h=com.android.server.pm.UserManagerService$MainHandler c=null m=2
04-15 17:04:51.509 1179 1179 I SecureElementService: No HAL implementation for eSE1
04-15 17:04:51.574 1215 1215 D SpaEnvironment: reset
04-15 17:04:51.616 1179 1179 I SecureElementService: Check if terminal SIM1 is available.
04-15 17:04:51.648 0 0 I servicemanager: Could not find android.hardware.secure_element.ISecureElement/SIM1 in the VINTF manifest.
04-15 17:04:51.758 133 133 I hwservicemanager: getTransport: Cannot find entry android.hardware.secure_element@1.2::ISecureElement/SIM1 in either framework or device VINTF manifest.
04-15 17:04:51.763 536 560 W BLASTSyncEngine: Sync group 1 timeout
04-15 17:04:51.769 536 560 I BLASTSyncEngine: Unfinished container: Task{f884ec2 #5 type=home A=1000:com.android.settings.FallbackHome}
04-15 17:04:51.769 536 560 I BLASTSyncEngine: Unfinished container: ActivityRecord{3bccf0d u0 com.android.settings/.FallbackHome t5}
04-15 17:04:51.805 1179 1179 D SecureElement-Terminal-SIM1: SE Hal V1.2 is not supported
04-15 17:04:51.830 133 133 I hwservicemanager: getTransport: Cannot find entry android.hardware.secure_element@1.1::ISecureElement/SIM1 in either framework or device VINTF manifest.
04-15 17:04:51.871 1179 1179 D SecureElement-Terminal-SIM1: SE Hal V1.1 is not supported
04-15 17:04:51.884 133 133 I hwservicemanager: getTransport: Cannot find entry android.hardware.secure_element@1.0::ISecureElement/SIM1 in either framework or device VINTF manifest.
04-15 17:04:51.906 536 536 W Looper : Slow dispatch took 327ms main h=android.os.Handler c=com.android.server.BatteryService$$ExternalSyntheticLambda0@f810094 m=0
04-15 17:04:51.942 1179 1179 I SecureElementService: No HAL implementation for SIM1
04-15 17:04:51.946 536 557 V WindowManager: Sent Transition #1 createdAt=04-15 17:04:46.761
04-15 17:04:51.954 536 557 V WindowManager: startWCT=WindowContainerTransaction { changes = {} hops = [] errorCallbackToken=null taskFragmentOrganizer=null }
04-15 17:04:51.961 1153 1153 W ActivityThread: Failed to find provider info for bluetooth_legacy.provider (user not unlocked)
04-15 17:04:51.969 536 557 V WindowManager: info=null
04-15 17:04:51.969 1153 1153 D DataMigration: Legacy migration skiped: no migration app installed
04-15 17:04:51.970 385 466 E HwcComposer: getDisplayDecorationSupport failed Status(-8, EX_SERVICE_SPECIFIC): '8: '
04-15 17:04:51.977 385 466 E HWComposer: getDisplayDecorationSupport: getDisplayDecorationSupport failed for display 4619827259835644672: Unsupported (8)
04-15 17:04:52.009 536 557 V WindowManager: Finish Transition #1: created at
04-15 17:04:46.761 collect-started=0.89ms request-sent=337.631ms started=1851.113ms ready=3058.08ms sent=5156.488ms finished=5228.397ms
04-15 17:04:52.098 1268 1268 I crash_dump64: obtaining output fd from tombstoned, type: kDebuggerdNativeBacktrace
04-15 17:04:52.114 192 192 I tombstoned: received crash request for pid 1058
04-15 17:04:52.114 192 192 I tombstoned: found intercept fd 512 for pid 1058 and type kDebuggerdNativeBacktrace
04-15 17:04:52.117 1268 1268 I crash_dump64: performing dump of process 1058 (target tid = 1058)
04-15 17:04:52.155 536 567 D OomAdjuster: Not killing cached processes
04-15 17:04:52.166 536 567 I ActivityManager: PendingStartActivityUids startActivity to updateOomAdj delay:2390ms, uid:1000
04-15 17:04:52.190 536 536 W Looper : Slow dispatch took 137ms main h=com.android.providers.settings.SettingsProvider$SettingsRegistry$MyHandler c=null m=1
04-15 17:04:52.215 1153 1153 I BluetoothAvrcpControllerJni: classInitNative: succeeds
04-15 17:04:52.226 536 536 D CompatibilityChangeReporter: Compat change id reported: 253665015; UID 1000; state: ENABLED
04-15 17:04:52.241 536 536 D CompatibilityChangeReporter: Compat change id reported: 194532703; UID 1000; state: ENABLED
04-15 17:04:52.248 192 192 W tombstoned: skipping tombstone file creation due to intercept
04-15 17:04:52.261 536 877 I ActivityManager: Flag disabled. Ignoring finishAttachApplication from uid: 1000. pid: 1215
04-15 17:04:52.269 0 0 I init : Untracked pid 1268 exited with status 0
04-15 17:04:52.270 0 0 I init : Untracked pid 1268 did not have an associated service entry and will not be reaped
04-15 17:04:52.277 0 0 I init : Untracked pid 1272 exited with status 0
04-15 17:04:52.277 0 0 I init : Untracked pid 1272 did not have an associated service entry and will not be reaped
04-15 17:04:52.272 536 557 W QuotaTracker: Alarm not scheduled because boot isn't completed
04-15 17:04:52.279 536 563 I system_server: libdebuggerd_client: done dumping process 1058
04-15 17:04:52.309 536 563 I ActivityManager: Collecting stacks for native pid 418
04-15 17:04:52.317 536 536 D CompatibilityChangeReporter: Compat change id reported: 289878283; UID 1000; state: ENABLED
04-15 17:04:52.325 1211 1211 D nativeloader: Configuring clns-shared-8 for other apk /system/app/Stk/Stk.apk. target_sdk_version=34, uses_libraries=, library_path=/system/app/Stk/lib/x86_64:/system/lib64:/system_ext/lib64, permitted_path=/data:/mnt/expand:/data/user_de/0/com.android.stk:/system/app/Stk:/system/lib64:/system_ext/lib64
04-15 17:04:52.381 536 563 I system_server: libdebuggerd_client: started dumping process 418
04-15 17:04:52.408 192 192 I tombstoned: registered intercept for pid 418 and type kDebuggerdNativeBacktrace
04-15 17:04:52.413 1215 1276 D libEGL : loaded /vendor/lib64/egl/libEGL_emulation.so
04-15 17:04:52.424 1153 1153 D CompatibilityChangeReporter: Compat change id reported: 263076149; UID 1002; state: ENABLED
04-15 17:04:52.433 418 418 I libc : Requested dump for pid 418 (binder:418_2)
04-15 17:04:52.481 1215 1276 D libEGL : loaded /vendor/lib64/egl/libGLESv1_CM_emulation.so
04-15 17:04:52.610 1215 1276 D libEGL : loaded /vendor/lib64/egl/libGLESv2_emulation.so
04-15 17:04:52.615 1153 1153 I BluetoothHidHostServiceJni: classInitNative: succeeds
04-15 17:04:52.683 896 896 D NavigationModeController: getCurrentInteractionMode: mode=0 contextUser=0
04-15 17:04:52.693 1211 1211 D nativeloader: Configuring clns-shared-9 for other apk /system/priv-app/TelephonyProvider/TelephonyProvider.apk. target_sdk_version=34, uses_libraries=, library_path=/system/priv-app/TelephonyProvider/lib/x86_64:/system/lib64:/system_ext/lib64, permitted_path=/data:/mnt/expand:/data/user_de/0/com.android.providers.telephony:/system/priv-app/TelephonyProvider:/system/lib64:/system_ext/lib64
04-15 17:04:52.711 896 896 D OverviewProxyService: disconnectFromLauncherService bound?: false currentProxy: null disconnectReason: startConnectionToCurrentUser
04-15 17:04:52.711 896 896 D OverviewProxyService: java.lang.Throwable
04-15 17:04:52.711 896 896 D OverviewProxyService: at com.android.systemui.recents.OverviewProxyService.disconnectFromLauncherService(go/retraceme bb0c85583bc8cef368173602f8ea06d241ec8a7fed6aca80388046fe2c5dd77a:37)
04-15 17:04:52.711 896 896 D OverviewProxyService: at com.android.systemui.recents.OverviewProxyService.internalConnectToCurrentUser(go/retraceme bb0c85583bc8cef368173602f8ea06d241ec8a7fed6aca80388046fe2c5dd77a:1)
04-15 17:04:52.711 896 896 D OverviewProxyService: at com.android.systemui.recents.OverviewProxyService.startConnectionToCurrentUser(go/retraceme bb0c85583bc8cef368173602f8ea06d241ec8a7fed6aca80388046fe2c5dd77a:22)
04-15 17:04:52.711 896 896 D OverviewProxyService: at com.android.systemui.recents.OverviewProxyService.updateEnabledAndBinding(go/retraceme bb0c85583bc8cef368173602f8ea06d241ec8a7fed6aca80388046fe2c5dd77a:30)
04-15 17:04:52.711 896 896 D OverviewProxyService: at com.android.systemui.recents.OverviewProxyService.(go/retraceme bb0c85583bc8cef368173602f8ea06d241ec8a7fed6aca80388046fe2c5dd77a:324)
04-15 17:04:52.711 896 896 D OverviewProxyService: at com.android.systemui.dagger.DaggerReferenceGlobalRootComponent$ReferenceSysUIComponentImpl$SwitchingProvider.get0(go/retraceme bb0c85583bc8cef368173602f8ea06d241ec8a7fed6aca80388046fe2c5dd77a:11)
04-15 17:04:52.711 896 896 D OverviewProxyService: at com.android.systemui.dagger.DaggerReferenceGlobalRootComponent$ReferenceSysUIComponentImpl$SwitchingProvider.get(go/retraceme bb0c85583bc8cef368173602f8ea06d241ec8a7fed6aca80388046fe2c5dd77a:51)
04-15 17:04:52.711 896 896 D OverviewProxyService: at dagger.internal.DoubleCheck.get(go/retraceme bb0c85583bc8cef368173602f8ea06d241ec8a7fed6aca80388046fe2c5dd77a:14)
04-15 17:04:52.711 896 896 D OverviewProxyService: at com.android.systemui.dagger.DaggerReferenceGlobalRootComponent$ReferenceSysUIComponentImpl$SwitchingProvider.get4(go/retraceme bb0c85583bc8cef368173602f8ea06d241ec8a7fed6aca80388046fe2c5dd77a:30)
04-15 17:04:52.711 896 896 D OverviewProxyService: at com.android.systemui.dagger.DaggerReferenceGlobalRootComponent$ReferenceSysUIComponentImpl$SwitchingProvider.get(go/retraceme bb0c85583bc8cef368173602f8ea06d241ec8a7fed6aca80388046fe2c5dd77a:31)
04-15 17:04:52.711 896 896 D OverviewProxyService: at dagger.internal.DoubleCheck.get(go/retraceme bb0c85583bc8cef368173602f8ea06d241ec8a7fed6aca80388046fe2c5dd77a:14)
04-15 17:04:52.711 896 896 D OverviewProxyService: at com.android.systemui.dagger.ContextComponentResolver.resolve(go/retraceme bb0c85583bc8cef368173602f8ea06d241ec8a7fed6aca80388046fe2c5dd77a:14)
04-15 17:04:52.711 896 896 D OverviewProxyService: at com.android.systemui.recents.RecentsModule_ProvideRecentsImplFactory.provideRecentsImpl(go/retraceme bb0c85583bc8cef368173602f8ea06d241ec8a7fed6aca80388046fe2c5dd77a:20)
04-15 17:04:52.711 896 896 D OverviewProxyService: at com.android.systemui.dagger.DaggerReferenceGlobalRootComponent$ReferenceSysUIComponentImpl.recentsImplementation(go/retraceme bb0c85583bc8cef368173602f8ea06d241ec8a7fed6aca80388046fe2c5dd77a:13)
04-15 17:04:52.711 896 896 D OverviewProxyService: at com.android.systemui.dagger.DaggerReferenceGlobalRootComponent$ReferenceSysUIComponentImpl.-$$Nest$mrecentsImplementation(go/retraceme bb0c85583bc8cef368173602f8ea06d241ec8a7fed6aca80388046fe2c5dd77a:1)
04-15 17:04:52.711 896 896 D OverviewProxyService: at com.android.systemui.dagger.DaggerReferenceGlobalRootComponent$ReferenceSysUIComponentImpl$SwitchingProvider.get1(go/retraceme bb0c85583bc8cef368173602f8ea06d241ec8a7fed6aca80388046fe2c5dd77a:81)
04-15 17:04:52.711 896 896 D OverviewProxyService: at com.android.systemui.dagger.DaggerReferenceGlobalRootComponent$ReferenceSysUIComponentImpl$SwitchingProvider.get(go/retraceme bb0c85583bc8cef368173602f8ea06d241ec8a7fed6aca80388046fe2c5dd77a:46)
04-15 17:04:52.711 896 896 D OverviewProxyService: at dagger.internal.DoubleCheck.get(go/retraceme bb0c85583bc8cef368173602f8ea06d241ec8a7fed6aca80388046fe2c5dd77a:14)
04-15 17:04:52.711 896 896 D OverviewProxyService: at com.android.systemui.dagger.DaggerReferenceGlobalRootComponent$ReferenceSysUIComponentImpl$SwitchingProvider.get1(go/retraceme bb0c85583bc8cef368173602f8ea06d241ec8a7fed6aca80388046fe2c5dd77a:134)
04-15 17:04:52.711 896 896 D OverviewProxyService: at com.android.systemui.dagger.DaggerReferenceGlobalRootComponent$ReferenceSysUIComponentImpl$SwitchingProvider.get(go/retraceme bb0c85583bc8cef368173602f8ea06d241ec8a7fed6aca80388046fe2c5dd77a:46)
04-15 17:04:52.711 896 896 D OverviewProxyService: at dagger.internal.DoubleCheck.get(go/retraceme bb0c85583bc8cef368173602f8ea06d241ec8a7fed6aca80388046fe2c5dd77a:14)
04-15 17:04:52.711 896 896 D OverviewProxyService: at com.android.systemui.SystemUIApplication$$ExternalSyntheticLambda1.run(go/retraceme bb0c85583bc8cef368173602f8ea06d241ec8a7fed6aca80388046fe2c5dd77a:47)
04-15 17:04:52.711 896 896 D OverviewProxyService: at com.android.systemui.SystemUIApplication.timeInitialization(go/retraceme bb0c85583bc8cef368173602f8ea06d241ec8a7fed6aca80388046fe2c5dd77a:28)
04-15 17:04:52.711 896 896 D OverviewProxyService: at com.android.systemui.SystemUIApplication.startServicesIfNeeded(go/retraceme bb0c85583bc8cef368173602f8ea06d241ec8a7fed6aca80388046fe2c5dd77a:18)
04-15 17:04:52.711 896 896 D OverviewProxyService: at com.android.systemui.SystemUIApplication.startServicesIfNeeded(go/retraceme bb0c85583bc8cef368173602f8ea06d241ec8a7fed6aca80388046fe2c5dd77a:6)
04-15 17:04:52.711 896 896 D OverviewProxyService: at com.android.systemui.SystemUIService.onCreate(go/retraceme bb0c85583bc8cef368173602f8ea06d241ec8a7fed6aca80388046fe2c5dd77a:10)
04-15 17:04:52.711 896 896 D OverviewProxyService: at android.app.ActivityThread.handleCreateService(ActivityThread.java:4651)
04-15 17:04:52.711 896 896 D OverviewProxyService: at android.app.ActivityThread.-$$Nest$mhandleCreateService(Unknown Source:0)
04-15 17:04:52.711 896 896 D OverviewProxyService: at android.app.ActivityThread$H.handleMessage(ActivityThread.java:2264)
04-15 17:04:52.711 896 896 D OverviewProxyService: at android.os.Handler.dispatchMessage(Handler.java:106)
04-15 17:04:52.711 896 896 D OverviewProxyService: at android.os.Looper.loopOnce(Looper.java:205)
04-15 17:04:52.711 896 896 D OverviewProxyService: at android.os.Looper.loop(Looper.java:294)
04-15 17:04:52.711 896 896 D OverviewProxyService: at android.app.ActivityThread.main(ActivityThread.java:8177)
04-15 17:04:52.711 896 896 D OverviewProxyService: at java.lang.reflect.Method.invoke(Native Method)
04-15 17:04:52.711 896 896 D OverviewProxyService: at com.android.internal.os.RuntimeInit$MethodAndArgsCaller.run(RuntimeInit.java:552)
04-15 17:04:52.711 896 896 D OverviewProxyService: at com.android.internal.os.ZygoteInit.main(ZygoteInit.java:971)
04-15 17:04:52.746 536 995 D CompatibilityChangeReporter: Compat change id reported: 168419799; UID 10118; state: DISABLED
04-15 17:04:52.752 536 995 D CompatibilityChangeReporter: Compat change id reported: 273564678; UID 10118; state: DISABLED
04-15 17:04:52.773 1153 1153 I BluetoothPanServiceJni: classInitNative(L108): succeeds
04-15 17:04:52.797 1153 1153 I AdapterServiceConfig: init: profile=A2dpService, enabled=true
04-15 17:04:52.798 1153 1153 I AdapterServiceConfig: init: profile=A2dpSinkService, enabled=false
04-15 17:04:52.799 1153 1153 I AdapterServiceConfig: init: profile=AvrcpTargetService, enabled=true
04-15 17:04:52.805 1153 1153 I AdapterServiceConfig: init: profile=AvrcpControllerService, enabled=false
04-15 17:04:52.806 1153 1153 I AdapterServiceConfig: init: profile=BassClientService, enabled=false
04-15 17:04:52.806 1153 1153 I AdapterServiceConfig: init: profile=BatteryService, enabled=false
04-15 17:04:52.807 1153 1153 I AdapterServiceConfig: init: profile=CsipSetCoordinatorService, enabled=false
04-15 17:04:52.812 1153 1153 I AdapterServiceConfig: init: profile=HapClientService, enabled=false
04-15 17:04:52.817 1153 1153 I AdapterServiceConfig: init: profile=HeadsetService, enabled=true
04-15 17:04:52.817 1153 1153 I AdapterServiceConfig: init: profile=HeadsetClientService, enabled=false
04-15 17:04:52.818 1153 1153 I AdapterServiceConfig: init: profile=HearingAidService, enabled=true
04-15 17:04:52.818 1153 1153 I AdapterServiceConfig: init: profile=HidDeviceService, enabled=true
04-15 17:04:52.819 1153 1153 I AdapterServiceConfig: init: profile=HidHostService, enabled=true
04-15 17:04:52.819 1153 1153 I AdapterServiceConfig: init: profile=GattService, enabled=true
04-15 17:04:52.819 1153 1153 I AdapterServiceConfig: init: profile=LeAudioService, enabled=false
04-15 17:04:52.821 1153 1153 I AdapterServiceConfig: init: profile=TbsService, enabled=false
04-15 17:04:52.821 1153 1153 I AdapterServiceConfig: init: profile=BluetoothMapService, enabled=true
04-15 17:04:52.822 1153 1153 I AdapterServiceConfig: init: profile=MapClientService, enabled=false
04-15 17:04:52.822 1153 1153 I AdapterServiceConfig: init: profile=McpService, enabled=true
04-15 17:04:52.823 1153 1153 I AdapterServiceConfig: init: profile=BluetoothOppService, enabled=true
04-15 17:04:52.823 1153 1153 I AdapterServiceConfig: init: profile=PanService, enabled=true
04-15 17:04:52.830 1153 1153 I AdapterServiceConfig: init: profile=BluetoothPbapService, enabled=true
04-15 17:04:52.830 1153 1153 I AdapterServiceConfig: init: profile=PbapClientService, enabled=false
04-15 17:04:52.831 1153 1153 I AdapterServiceConfig: init: profile=SapService, enabled=false
04-15 17:04:52.831 1153 1153 I AdapterServiceConfig: init: profile=VolumeControlService, enabled=false
04-15 17:04:52.838 536 610 W ActivityManager: Slow operation: 103ms so far, now at startProcess: done creating new process record
04-15 17:04:52.838 536 610 W ActivityManager: Slow operation: 104ms so far, now at startProcess: stepping in to startProcess
04-15 17:04:52.850 536 983 I ActivityManager: Flag disabled. Ignoring finishAttachApplication from uid: 1002. pid: 1153
04-15 17:04:52.882 896 931 W Looper : Slow delivery took 44ms wmshell.main h=android.os.Handler c=android.window.TaskOrganizer$1$$ExternalSyntheticLambda3@8804176 m=0
04-15 17:04:52.883 536 610 D CompatibilityChangeReporter: Compat change id reported: 135634846; UID 10113; state: DISABLED
04-15 17:04:52.902 1211 1211 D CarrierProvider: onCreate
04-15 17:04:52.926 1211 1211 D CompatibilityChangeReporter: Compat change id reported: 263076149; UID 1001; state: ENABLED
04-15 17:04:52.949 536 610 D CompatibilityChangeReporter: Compat change id reported: 177438394; UID 10113; state: DISABLED
04-15 17:04:52.951 536 610 D CompatibilityChangeReporter: Compat change id reported: 135772972; UID 10113; state: DISABLED
04-15 17:04:52.957 536 610 D CompatibilityChangeReporter: Compat change id reported: 135754954; UID 10113; state: ENABLED
04-15 17:04:52.958 536 568 W ActivityManager: Slow operation: 119ms so far, now at startProcess: asking zygote to start proc
04-15 17:04:52.963 536 568 D CompatibilityChangeReporter: Compat change id reported: 143937733; UID 10113; state: ENABLED
04-15 17:04:52.963 536 568 W ActivityManager: com.android.launcher3 inode == 0 (b/152760674)
04-15 17:04:52.975 1211 1211 D DeferredSmsMmsRestoreService: startIfFilesExist: no files to restore
04-15 17:04:52.978 536 610 W ActivityManager: Slow operation: 243ms so far, now at startProcess: done starting proc!
04-15 17:04:52.976 1211 1211 D DeferredSmsMmsRestoreService: addAllSharedPrefToLocalLog
04-15 17:04:53.041 536 536 W Looper : Slow dispatch took 850ms main h=com.android.providers.settings.SettingsProvider$SettingsRegistry$MyHandler c=null m=2
04-15 17:04:53.084 1153 1153 I BluetoothMetricsLogger: setCounterMetricsAlarm()
04-15 17:04:53.165 1215 1215 D CompatibilityChangeReporter: Compat change id reported: 237531167; UID 1000; state: DISABLED
04-15 17:04:53.181 1215 1215 W OpenGLRenderer: Unknown dataspace 0
04-15 17:04:53.210 536 995 W WindowManager: Failed looking up window session=Session{8f2b508 1215:1000} callers=com.android.server.wm.WindowManagerService.windowForClientLocked:6034 com.android.server.wm.Session.updateRequestedVisibleTypes:690 android.view.IWindowSession$Stub.onTransact:1034
04-15 17:04:53.230 536 983 D CompatibilityChangeReporter: Compat change id reported: 161145287; UID 1001; state: ENABLED
04-15 17:04:53.275 1215 1215 D BatteryUsageBroadcastReceiver: onReceive:android.intent.action.BATTERY_LEVEL_CHANGED
04-15 17:04:53.278 1153 1153 W BluetoothMetricsLogger: MetricsLogger is creating a new Bloomfilter file
04-15 17:04:53.239 324 324 D Zygote : Forked child process 1283
04-15 17:04:53.332 1215 1215 D CompatibilityChangeReporter: Compat change id reported: 170233598; UID 1000; state: ENABLED
04-15 17:04:53.355 1211 1211 D CarrierIdProvider: onCreate
04-15 17:04:53.392 536 568 W ActivityManager: Slow operation: 553ms so far, now at startProcess: returned from zygote!
04-15 17:04:53.394 1211 1211 D CarrierIdDatabaseHelper: CarrierIdDatabaseHelper: 5
04-15 17:04:53.405 536 536 W Looper : Slow dispatch took 193ms main h=android.database.sqlite.SQLiteConnectionPool$IdleConnectionHandler c=null m=2
04-15 17:04:53.408 536 568 W ActivityManager: Slow operation: 570ms so far, now at startProcess: done updating battery stats
04-15 17:04:53.409 536 568 W ActivityManager: Slow operation: 570ms so far, now at startProcess: building log message
04-15 17:04:53.409 536 568 I ActivityManager: Start proc 1283:com.android.launcher3/u0a113 for service {com.android.launcher3/com.android.quickstep.TouchInteractionService}
04-15 17:04:53.409 536 568 W ActivityManager: Slow operation: 570ms so far, now at startProcess: starting to update pids map
04-15 17:04:53.410 536 568 W ActivityManager: Slow operation: 571ms so far, now at startProcess: done updating pids map
04-15 17:04:53.414 536 536 D ConditionProviders.SCP: onConnected
04-15 17:04:53.421 536 833 D CompatibilityChangeReporter: Compat change id reported: 150939131; UID 1000; state: ENABLED
04-15 17:04:53.545 1215 1215 D BatteryUsageBroadcastReceiver: fetch data because of event: ACTION_BATTERY_LEVEL_CHANGED
04-15 17:04:53.562 1215 1215 D BatteryUsageBroadcastReceiver: cancel sendBroadcastToFetchUsageData when broadcastDelay is 2176379ms.
04-15 17:04:53.589 1283 1283 I droid.launcher3: Using CollectorTypeCC GC.
04-15 17:04:53.603 1283 1283 W droid.launcher3: Unexpected CPU variant for x86: x86_64.
04-15 17:04:53.603 1283 1283 W droid.launcher3: Known variants: atom, sandybridge, silvermont, goldmont, goldmont-plus, tremont, kabylake, default
04-15 17:04:53.709 1283 1283 E droid.launcher3: Not starting debugger since process cannot load the jdwp agent.
04-15 17:04:53.749 536 983 D CoreBackPreview: Window{48219b4 u0 com.android.settings/com.android.settings.FallbackHome}: Setting back callback OnBackInvokedCallbackInfo{mCallback=android.window.IOnBackInvokedCallback$Stub$Proxy@15e0811, mPriority=-1, mIsAnimationCallback=false}
04-15 17:04:53.755 896 1259 W ndroid.systemui: Long monitor contention with owner main (896) at android.content.res.ApkAssets[] android.content.res.AssetManager.getApkAssets()(AssetManager.java:393) waiters=0 in boolean android.content.res.AssetManager.getResourceValue(int, int, android.util.TypedValue, boolean) for 298ms
04-15 17:04:53.783 536 536 W Looper : Slow dispatch took 200ms main h=com.android.server.notification.NotificationManagerService$WorkerHandler c=com.android.server.notification.NotificationManagerService$16@a417038 m=0
04-15 17:04:53.831 0 0 W healthd : battery l=100 v=5000 t=25.0 h=2 st=2 c=900000 fc=3000000 cc=10 chg=a
04-15 17:04:53.961 1215 1274 W OpenGLRenderer: Failed to initialize 101010-2 format, error = EGL_SUCCESS
04-15 17:04:54.011 536 536 D UaBiometricScheduler/FaceProvider/default/4: [Added] {[0] com.android.server.biometrics.sensors.face.aidl.FaceInternalCleanupClient, proto=7, owner=android, cookie=0, requestId=-1, userId=0}, new queue size: 1
04-15 17:04:54.047 536 536 D UaBiometricScheduler/FaceProvider/default/4: [Starting User] {[1] com.android.server.biometrics.sensors.face.aidl.FaceStartUserClient, proto=17, owner=android, cookie=0, requestId=-1, userId=0}
04-15 17:04:54.047 536 536 D FaceProvider/default: Daemon was null, reconnecting
04-15 17:04:54.062 0 0 I servicemanager: Found android.hardware.biometrics.face.IFace/default in device VINTF manifest.
04-15 17:04:54.141 536 536 D FaceProvider/default/4: New session created for user: 0 with hal version: 3
04-15 17:04:54.142 536 536 W Looper : Slow dispatch took 179ms main h=android.os.Handler c=com.android.server.biometrics.sensors.face.aidl.FaceProvider$$ExternalSyntheticLambda1@1099f77 m=0
04-15 17:04:54.147 536 536 D UaBiometricScheduler/FingerprintProvider/default/0: [Added] {[2] com.android.server.biometrics.sensors.fingerprint.aidl.FingerprintInternalCleanupClient, proto=7, owner=android, cookie=0, requestId=-1, userId=0}, new queue size: 1
04-15 17:04:54.154 536 536 D UaBiometricScheduler/FingerprintProvider/default/0: [Starting User] {[3] com.android.server.biometrics.sensors.fingerprint.aidl.FingerprintStartUserClient, proto=17, owner=android, cookie=0, requestId=-1, userId=0}
04-15 17:04:54.154 536 536 D FingerprintProvider/default: Daemon was null, reconnecting
04-15 17:04:54.164 0 0 I servicemanager: Found android.hardware.biometrics.fingerprint.IFingerprint/default in device VINTF manifest.
04-15 17:04:54.171 1301 1301 I crash_dump64: obtaining output fd from tombstoned, type: kDebuggerdNativeBacktrace
04-15 17:04:54.186 0 0 I servicemanager: Since 'android.hardware.biometrics.fingerprint.IFingerprint/default' could not be found, trying to start it as a lazy AIDL service. (if it's not configured to be a lazy service, it may be stuck starting or still starting).
04-15 17:04:54.194 0 0 I servicemanager: Could not find android.hardware.graphics.allocator.IAllocator/default in the VINTF manifest.
04-15 17:04:54.191 133 133 I hwservicemanager: getTransport: Cannot find entry android.hardware.graphics.mapper@4.0::IMapper/default in either framework or device VINTF manifest.
04-15 17:04:54.208 0 0 I init : starting service 'vendor.biometrics.fingerprint-service.ranchu'...
04-15 17:04:54.212 1215 1274 I Gralloc4: mapper 4.x is not supported
04-15 17:04:54.232 192 192 I tombstoned: received crash request for pid 418
04-15 17:04:54.233 192 192 I tombstoned: found intercept fd 512 for pid 418 and type kDebuggerdNativeBacktrace
04-15 17:04:54.281 1301 1301 I crash_dump64: performing dump of process 418 (target tid = 418)
04-15 17:04:54.317 0 0 I init : ... started service 'vendor.biometrics.fingerprint-service.ranchu' has pid 1306
04-15 17:04:54.318 0 0 I init : Control message: Processed ctl.interface_start for 'aidl/android.hardware.biometrics.fingerprint.IFingerprint/default' from pid: 132 (/system/bin/servicemanager)
04-15 17:04:54.385 536 563 E system_server: libdebuggerd_client: timeout expired
04-15 17:04:54.426 536 563 I ActivityManager: Collecting stacks for native pid 355
04-15 17:04:54.433 536 563 I system_server: libdebuggerd_client: started dumping process 355
04-15 17:04:54.457 192 192 I tombstoned: registered intercept for pid 355 and type kDebuggerdNativeBacktrace
04-15 17:04:54.461 355 355 I libc : Requested dump for pid 355 (binder:355_2)
04-15 17:04:54.808 896 1259 I Choreographer: Skipped 139 frames! The application may be doing too much work on its main thread.
04-15 17:04:54.925 1153 1153 D BluetoothAdapterService: onCreate()
04-15 17:04:54.939 1316 1316 I crash_dump64: obtaining output fd from tombstoned, type: kDebuggerdNativeBacktrace
04-15 17:04:54.948 536 995 D CoreBackPreview: Window{a8a2a8e u0 ScreenDecorOverlay}: Setting back callback OnBackInvokedCallbackInfo{mCallback=android.window.IOnBackInvokedCallback$Stub$Proxy@1928005, mPriority=0, mIsAnimationCallback=false}
04-15 17:04:54.953 536 983 D CompatibilityChangeReporter: Compat change id reported: 168419799; UID 10113; state: DISABLED
04-15 17:04:54.958 385 385 I SurfaceFlinger: Enter boot animation
04-15 17:04:54.960 536 983 D CompatibilityChangeReporter: Compat change id reported: 273564678; UID 10113; state: DISABLED
04-15 17:04:54.968 536 983 W ActivityManager: Slow operation: 78ms so far, now at attachApplicationLocked: immediately before bindApplication
04-15 17:04:54.970 536 983 W ActivityManager: Slow operation: 80ms so far, now at attachApplicationLocked: immediately after bindApplication
04-15 17:04:54.970 536 983 W ActivityManager: Slow operation: 81ms so far, now at attachApplicationLocked: after updateLruProcessLocked
04-15 17:04:54.979 1215 1215 I Choreographer: Skipped 63 frames! The application may be doing too much work on its main thread.
04-15 17:04:55.002 192 192 I tombstoned: received crash request for pid 355
04-15 17:04:55.003 192 192 I tombstoned: enqueueing crash request for pid 355
04-15 17:04:55.006 1215 1295 I OpenGLRenderer: Davey! duration=1741ms; Flags=1, FrameTimelineVsyncId=372, IntendedVsync=223272334569, Vsync=223622334555, InputEventId=0, HandleInputStart=223709028090, AnimationStart=223709034765, PerformTraversalsStart=223709037531, DrawStart=224783926545, FrameDeadline=223289001235, FrameInterval=223629054405, FrameStartTime=16666666, SyncQueued=224796016422, SyncStart=224796995980, IssueDrawCommandsStart=224839313426, SwapBuffers=224898342824, FrameCompleted=225014469792, DequeueBufferDuration=2673537, QueueBufferDuration=34047343, GpuCompleted=225002288824, SwapBuffersCompleted=225014469792, DisplayPresentTime=0, CommandSubmissionCompleted=224898342824,
04-15 17:04:55.070 1306 1306 I AidlLazyServiceRegistrar: Registering service android.hardware.biometrics.fingerprint.IFingerprint/default
04-15 17:04:55.143 536 624 D CompatibilityChangeReporter: Compat change id reported: 265195908; UID 10113; state: ENABLED
04-15 17:04:55.169 536 560 D ActivityManagerTiming: FinishBooting
04-15 17:04:55.191 0 0 I servicemanager: Found android.hardware.biometrics.fingerprint.IFingerprint/default in device VINTF manifest.
04-15 17:04:55.194 536 579 W ProcessCpuTracker: Failed to stat(/proc/1279): android.system.ErrnoException: stat failed: ENOENT (No such file or directory)
04-15 17:04:55.194 536 579 W ProcessCpuTracker: Skipping unknown process pid 1279
04-15 17:04:55.217 0 0 I BpBinder: onLastStrongRef automatically unlinking death recipients:
04-15 17:04:55.217 1306 1306 E fingerprint-service.ranchu: openFile:48 open('/data/vendor_de/0/fpdata/sensor0.bin', output=0) failed with errno=2
04-15 17:04:55.217 1306 1306 D fingerprint-service.ranchu: 0x79ad4ad00930:Session: New session: sensorId=0 userId=0
04-15 17:04:55.237 536 983 D CompatibilityChangeReporter: Compat change id reported: 261072174; UID 10118; state: ENABLED
04-15 17:04:55.257 536 536 D FingerprintProvider/default/0: New session created for user: 0 with hal version: 3
04-15 17:04:55.258 536 536 W Looper : Slow dispatch took 1112ms main h=android.os.Handler c=com.android.server.biometrics.sensors.fingerprint.aidl.FingerprintProvider$$ExternalSyntheticLambda2@7b735b9 m=0
04-15 17:04:55.268 536 983 W ActivityManager: Slow operation: 267ms so far, now at finishAttachApplicationInner: after mServices.attachApplicationLocked
04-15 17:04:55.268 536 983 W ActivityManager: Slow operation: 298ms so far, now at finishAttachApplicationInner: after dispatching broadcasts
04-15 17:04:55.277 1283 1283 D CompatibilityChangeReporter: Compat change id reported: 171979766; UID 10113; state: ENABLED
04-15 17:04:55.279 1283 1283 D CompatibilityChangeReporter: Compat change id reported: 242716250; UID 10113; state: ENABLED
04-15 17:04:55.293 536 611 D CompatibilityChangeReporter: Compat change id reported: 170503758; UID 10113; state: ENABLED
04-15 17:04:55.302 1283 1283 D CompatibilityChangeReporter: Compat change id reported: 3400644; UID 10113; state: ENABLED
04-15 17:04:55.306 536 558 W Looper : Slow dispatch took 244ms android.ui h=com.android.server.am.ActivityManagerService$UiHandler c=com.android.server.am.UidObserverController$$ExternalSyntheticLambda0@4c0ea4e m=0
04-15 17:04:55.348 192 192 W tombstoned: skipping tombstone file creation due to intercept
04-15 17:04:55.348 192 192 I tombstoned: found intercept fd 512 for pid 355 and type kDebuggerdNativeBacktrace
04-15 17:04:55.350 1316 1316 I crash_dump64: performing dump of process 355 (target tid = 355)
04-15 17:04:55.360 536 536 W Looper : Slow dispatch took 103ms main h=android.os.Handler c= m=1
04-15 17:04:55.371 0 0 I init : Untracked pid 1301 exited with status 0
04-15 17:04:55.371 0 0 I init : Untracked pid 1301 did not have an associated service entry and will not be reaped
04-15 17:04:55.393 0 0 I init : Untracked pid 1304 exited with status 0
04-15 17:04:55.394 0 0 I init : Untracked pid 1304 did not have an associated service entry and will not be reaped
04-15 17:04:55.440 536 563 E system_server: libdebuggerd_client: timeout expired
04-15 17:04:55.459 192 192 W tombstoned: skipping tombstone file creation due to intercept
04-15 17:04:55.478 0 0 I init : Untracked pid 1316 exited with status 0
04-15 17:04:55.478 0 0 I init : Untracked pid 1316 did not have an associated service entry and will not be reaped
04-15 17:04:55.483 0 0 I init : Untracked pid 1318 exited with status 0
04-15 17:04:55.483 0 0 I init : Untracked pid 1318 did not have an associated service entry and will not be reaped
04-15 17:04:55.484 536 561 W system_server: Long monitor contention with owner binder:536_C (995) at void com.android.server.wm.WindowManagerService.setInsetsWindow(com.android.server.wm.Session, android.view.IWindow, int, android.graphics.Rect, android.graphics.Rect, android.graphics.Region)(WindowManagerService.java:2120) waiters=1 in void com.android.server.wm.WindowAnimator.lambda$new$1(long) for 157ms
04-15 17:04:55.497 536 560 W KeyguardServiceDelegate: onScreenTurningOn(): no keyguard service!
04-15 17:04:55.506 536 995 D CoreBackPreview: Window{ceebc13 u0 ScreenDecorOverlayBottom}: Setting back callback OnBackInvokedCallbackInfo{mCallback=android.window.IOnBackInvokedCallback$Stub$Proxy@8e464e5, mPriority=0, mIsAnimationCallback=false}
04-15 17:04:55.530 536 536 D ConditionProviders.SCP: onSubscribe condition://android/schedule?days=1.2.3.4.5.6.7&start=22.0&end=7.0&exitAtAlarm=true
04-15 17:04:55.531 536 536 D ConditionProviders.SCP: setRegistered true
04-15 17:04:55.550 536 563 I ActivityManager: Collecting stacks for native pid 361
04-15 17:04:55.557 536 563 I system_server: libdebuggerd_client: started dumping process 361
04-15 17:04:55.523 896 1259 I Choreographer: Skipped 35 frames! The application may be doing too much work on its main thread.
04-15 17:04:55.577 536 536 D ConditionProviders.SCP: evaluateSubscriptionLocked cal=ScheduleCalendar[mDays={1, 2, 3, 4, 5, 6, 7}, mSchedule=ScheduleInfo{days=[1, 2, 3, 4, 5, 6, 7], startHour=22, startMinute=0, endHour=7, endMinute=0, exitAtAlarm=true, nextAlarm=Thu Jan 01 00:00:00 UTC 1970 (0)}], now=Wed Apr 15 17:04:55 UTC 2026 (1776272695531), nextUserAlarmTime=Thu Jan 01 00:00:00 UTC 1970 (0)
04-15 17:04:55.577 536 536 D ConditionProviders.SCP: notifyCondition condition://android/schedule?days=1.2.3.4.5.6.7&start=22.0&end=7.0&exitAtAlarm=true STATE_FALSE reason=!meetsSchedule
04-15 17:04:55.583 192 192 I tombstoned: registered intercept for pid 361 and type kDebuggerdNativeBacktrace
04-15 17:04:55.593 361 361 I libc : Requested dump for pid 361 (android.hardwar)
04-15 17:04:55.617 536 557 I ActivityTaskManager: Displayed com.android.settings/.FallbackHome for user 0: +8s773ms
04-15 17:04:55.631 1283 1283 D nativeloader: Configuring clns-shared-6 for other apk /system_ext/priv-app/Launcher3QuickStep/Launcher3QuickStep.apk. target_sdk_version=34, uses_libraries=, library_path=/system_ext/priv-app/Launcher3QuickStep/lib/x86_64:/system/lib64:/system_ext/lib64, permitted_path=/data:/mnt/expand:/data/user/0/com.android.launcher3:/system_ext/priv-app/Launcher3QuickStep:/system/lib64:/system_ext/lib64
04-15 17:04:55.677 536 557 W Looper : Slow dispatch took 607ms android.fg h=android.os.Handler c=com.android.server.wm.ActivityMetricsLogger$$ExternalSyntheticLambda0@e28e9e0 m=0
04-15 17:04:55.702 536 557 W Looper : Slow delivery took 639ms android.fg h=android.os.Handler c=com.android.server.location.injector.SystemAppForegroundHelper$$ExternalSyntheticLambda1@f14c35e m=0
04-15 17:04:55.711 536 536 D ConditionProviders.SCP: Scheduling evaluate for Wed Apr 15 22:00:00 UTC 2026 (1776290400000), in +4h55m4s469ms, now=Wed Apr 15 17:04:55 UTC 2026 (1776272695531)
04-15 17:04:55.715 536 536 D CompatibilityChangeReporter: Compat change id reported: 171306433; UID 1000; state: ENABLED
04-15 17:04:55.727 536 536 D CompatibilityChangeReporter: Compat change id reported: 218533173; UID 1000; state: ENABLED
04-15 17:04:55.739 536 995 D CompatibilityChangeReporter: Compat change id reported: 161145287; UID 1002; state: ENABLED
04-15 17:04:55.780 536 536 W Looper : Slow dispatch took 250ms main h=android.service.notification.ConditionProviderService$H c=null m=3
04-15 17:04:55.798 896 896 D NavigationModeController: getCurrentInteractionMode: mode=0 contextUser=0
04-15 17:04:55.871 1211 1211 D CarrierIdDatabaseHelper: onCreate
04-15 17:04:55.877 1055 1063 I webview_zygote: Background concurrent copying GC freed 642(88KB) AllocSpace objects, 0(0B) LOS objects, 49% free, 1959KB/3919KB, paused 343us,44us total 272.615ms
04-15 17:04:55.937 536 536 W Looper : Slow dispatch took 143ms main h=com.android.providers.settings.SettingsProvider$SettingsRegistry$MyHandler c=null m=1
04-15 17:04:55.942 1328 1328 I crash_dump64: obtaining output fd from tombstoned, type: kDebuggerdNativeBacktrace
04-15 17:04:55.947 1153 1153 D AdapterState: make() - Creating AdapterState
04-15 17:04:55.948 192 192 I tombstoned: received crash request for pid 361
04-15 17:04:55.948 192 192 I tombstoned: found intercept fd 512 for pid 361 and type kDebuggerdNativeBacktrace
04-15 17:04:55.953 1328 1328 I crash_dump64: performing dump of process 361 (target tid = 361)
04-15 17:04:56.020 192 192 W tombstoned: skipping tombstone file creation due to intercept
04-15 17:04:56.022 536 563 I system_server: libdebuggerd_client: done dumping process 361
04-15 17:04:56.029 536 830 W ActivityThread: Failed to find provider info for com.android.calendar (user not unlocked)
04-15 17:04:56.030 536 830 W ActivityThread: Failed to find provider info for com.android.calendar (user not unlocked)
04-15 17:04:56.041 0 0 I init : Untracked pid 1328 exited with status 0
04-15 17:04:56.041 0 0 I init : Untracked pid 1328 did not have an associated service entry and will not be reaped
04-15 17:04:56.044 0 0 I init : Untracked pid 1330 exited with status 0
04-15 17:04:56.044 0 0 I init : Untracked pid 1330 did not have an associated service entry and will not be reaped
04-15 17:04:56.064 896 896 I StatusBarIconController: Ignoring removal of (mobile). It should be controlled elsewhere
04-15 17:04:56.066 536 557 W Looper : Drained
04-15 17:04:56.071 1283 1283 W ContextImpl: Failed to ensure /data/user/0/com.android.launcher3/cache: mkdir failed: ENOENT (No such file or directory)
