04-15 17:03:00.339 536 662 I ArtService: Dexopt result: [packageName = com.android.networkstack] DexContainerFileDexoptResult{dexContainerFile=/system/priv-app/NetworkStack/NetworkStack.apk, primaryAbi=true, abi=x86_64, actualCompilerFilter=verify, status=SKIPPED, dex2oatWallTimeMillis=0, dex2oatCpuTimeMillis=0, sizeBytes=0, sizeBeforeBytes=0}
04-15 17:03:00.388 536 662 I ArtService: Dexopt result: [packageName = com.android.captiveportallogin] DexContainerFileDexoptResult{dexContainerFile=/system/app/CaptivePortalLogin/CaptivePortalLogin.apk, primaryAbi=true, abi=x86_64, actualCompilerFilter=verify, status=SKIPPED, dex2oatWallTimeMillis=0, dex2oatCpuTimeMillis=0, sizeBytes=0, sizeBeforeBytes=0}
04-15 17:03:00.441 536 662 I ArtService: Dexopt result: [packageName = com.android.mms.service] DexContainerFileDexoptResult{dexContainerFile=/system/priv-app/MmsService/MmsService.apk, primaryAbi=true, abi=x86_64, actualCompilerFilter=verify, status=SKIPPED, dex2oatWallTimeMillis=0, dex2oatCpuTimeMillis=0, sizeBytes=0, sizeBeforeBytes=0}
04-15 17:03:00.494 536 662 I ArtService: Dexopt result: [packageName = com.android.bips] DexContainerFileDexoptResult{dexContainerFile=/system/priv-app/BuiltInPrintService/BuiltInPrintService.apk, primaryAbi=true, abi=x86_64, actualCompilerFilter=verify, status=SKIPPED, dex2oatWallTimeMillis=0, dex2oatCpuTimeMillis=0, sizeBytes=0, sizeBeforeBytes=0}
04-15 17:03:00.536 536 662 I ArtService: Dexopt result: [packageName = com.android.musicfx] DexContainerFileDexoptResult{dexContainerFile=/system/priv-app/MusicFX/MusicFX.apk, primaryAbi=true, abi=x86_64, actualCompilerFilter=verify, status=SKIPPED, dex2oatWallTimeMillis=0, dex2oatCpuTimeMillis=0, sizeBytes=0, sizeBeforeBytes=0}
04-15 17:03:00.575 536 662 I ArtService: Dexopt result: [packageName = com.android.providers.contacts] DexContainerFileDexoptResult{dexContainerFile=/system/priv-app/ContactsProvider/ContactsProvider.apk, primaryAbi=true, abi=x86_64, actualCompilerFilter=verify, status=SKIPPED, dex2oatWallTimeMillis=0, dex2oatCpuTimeMillis=0, sizeBytes=0, sizeBeforeBytes=0}
04-15 17:03:00.644 536 662 I ArtService: Dexopt result: [packageName = com.android.certinstaller] DexContainerFileDexoptResult{dexContainerFile=/system/app/CertInstaller/CertInstaller.apk, primaryAbi=true, abi=x86_64, actualCompilerFilter=verify, status=SKIPPED, dex2oatWallTimeMillis=0, dex2oatCpuTimeMillis=0, sizeBytes=0, sizeBeforeBytes=0}
04-15 17:03:00.692 536 662 I ArtService: Dexopt result: [packageName = com.android.printservice.recommendation] DexContainerFileDexoptResult{dexContainerFile=/system/app/PrintRecommendationService/PrintRecommendationService.apk, primaryAbi=true, abi=x86_64, actualCompilerFilter=verify, status=SKIPPED, dex2oatWallTimeMillis=0, dex2oatCpuTimeMillis=0, sizeBytes=0, sizeBeforeBytes=0}
04-15 17:03:00.724 536 662 I ArtService: Dexopt result: [packageName = com.android.providers.calendar] DexContainerFileDexoptResult{dexContainerFile=/system/priv-app/CalendarProvider/CalendarProvider.apk, primaryAbi=true, abi=x86_64, actualCompilerFilter=verify, status=SKIPPED, dex2oatWallTimeMillis=0, dex2oatCpuTimeMillis=0, sizeBytes=0, sizeBeforeBytes=0}
04-15 17:03:00.760 536 662 I ArtService: Dexopt result: [packageName = com.android.providers.downloads] DexContainerFileDexoptResult{dexContainerFile=/system/priv-app/DownloadProvider/DownloadProvider.apk, primaryAbi=true, abi=x86_64, actualCompilerFilter=verify, status=SKIPPED, dex2oatWallTimeMillis=0, dex2oatCpuTimeMillis=0, sizeBytes=0, sizeBeforeBytes=0}
04-15 17:03:00.810 536 662 I ArtService: Dexopt result: [packageName = com.android.wallpaperbackup] DexContainerFileDexoptResult{dexContainerFile=/system/app/WallpaperBackup/WallpaperBackup.apk, primaryAbi=true, abi=x86_64, actualCompilerFilter=verify, status=SKIPPED, dex2oatWallTimeMillis=0, dex2oatCpuTimeMillis=0, sizeBytes=0, sizeBeforeBytes=0}
04-15 17:03:00.832 664 664 W artd : ClassLoaderContext shared library size mismatch. Expected=1, found=0 (PCL[]{PCL[/vendor/framework/androidx.camera.extensions.impl.jar*2663675288]} | PCL[])
04-15 17:03:00.842 536 662 I ArtService: Dexopt result: [packageName = com.android.cameraextensions] DexContainerFileDexoptResult{dexContainerFile=/system/app/CameraExtensionsProxy/CameraExtensionsProxy.apk, primaryAbi=true, abi=x86_64, actualCompilerFilter=verify, status=SKIPPED, dex2oatWallTimeMillis=0, dex2oatCpuTimeMillis=0, sizeBytes=0, sizeBeforeBytes=0}
04-15 17:03:00.887 536 662 I ArtService: Dexopt result: [packageName = com.android.vpndialogs] DexContainerFileDexoptResult{dexContainerFile=/system/priv-app/VpnDialogs/VpnDialogs.apk, primaryAbi=true, abi=x86_64, actualCompilerFilter=verify, status=SKIPPED, dex2oatWallTimeMillis=0, dex2oatCpuTimeMillis=0, sizeBytes=0, sizeBeforeBytes=0}
04-15 17:03:00.923 536 662 I ArtService: Dexopt result: [packageName = com.android.proxyhandler] DexContainerFileDexoptResult{dexContainerFile=/system/priv-app/ProxyHandler/ProxyHandler.apk, primaryAbi=true, abi=x86_64, actualCompilerFilter=verify, status=SKIPPED, dex2oatWallTimeMillis=0, dex2oatCpuTimeMillis=0, sizeBytes=0, sizeBeforeBytes=0}
04-15 17:03:00.953 536 662 I ArtService: Dexopt result: [packageName = com.android.pacprocessor] DexContainerFileDexoptResult{dexContainerFile=/system/app/PacProcessor/PacProcessor.apk, primaryAbi=true, abi=x86_64, actualCompilerFilter=verify, status=SKIPPED, dex2oatWallTimeMillis=0, dex2oatCpuTimeMillis=0, sizeBytes=0, sizeBeforeBytes=0}
04-15 17:03:00.991 536 662 I ArtService: Dexopt result: [packageName = com.android.localtransport] DexContainerFileDexoptResult{dexContainerFile=/system/priv-app/LocalTransport/LocalTransport.apk, primaryAbi=true, abi=x86_64, actualCompilerFilter=verify, status=SKIPPED, dex2oatWallTimeMillis=0, dex2oatCpuTimeMillis=0, sizeBytes=0, sizeBeforeBytes=0}
04-15 17:03:01.036 536 662 I ArtService: Dexopt result: [packageName = com.android.location.fused] DexContainerFileDexoptResult{dexContainerFile=/system/priv-app/FusedLocation/FusedLocation.apk, primaryAbi=true, abi=x86_64, actualCompilerFilter=verify, status=SKIPPED, dex2oatWallTimeMillis=0, dex2oatCpuTimeMillis=0, sizeBytes=0, sizeBeforeBytes=0}
04-15 17:03:01.068 536 662 I ArtService: Dexopt result: [packageName = com.android.bluetoothmidiservice] DexContainerFileDexoptResult{dexContainerFile=/system/app/BluetoothMidiService/BluetoothMidiService.apk, primaryAbi=true, abi=x86_64, actualCompilerFilter=verify, status=SKIPPED, dex2oatWallTimeMillis=0, dex2oatCpuTimeMillis=0, sizeBytes=0, sizeBeforeBytes=0}
04-15 17:03:01.141 536 662 I ArtService: Dexopt result: [packageName = com.android.externalstorage] DexContainerFileDexoptResult{dexContainerFile=/system/priv-app/ExternalStorageProvider/ExternalStorageProvider.apk, primaryAbi=true, abi=x86_64, actualCompilerFilter=verify, status=SKIPPED, dex2oatWallTimeMillis=0, dex2oatCpuTimeMillis=0, sizeBytes=0, sizeBeforeBytes=0}
04-15 17:03:01.167 536 662 I ArtService: Dexopt result: [packageName = com.android.sharedstoragebackup] DexContainerFileDexoptResult{dexContainerFile=/system/priv-app/SharedStorageBackup/SharedStorageBackup.apk, primaryAbi=true, abi=x86_64, actualCompilerFilter=verify, status=SKIPPED, dex2oatWallTimeMillis=0, dex2oatCpuTimeMillis=0, sizeBytes=0, sizeBeforeBytes=0}
04-15 17:03:01.196 536 662 I ArtService: Dexopt result: [packageName = com.android.htmlviewer] DexContainerFileDexoptResult{dexContainerFile=/system/app/HTMLViewer/HTMLViewer.apk, primaryAbi=true, abi=x86_64, actualCompilerFilter=verify, status=SKIPPED, dex2oatWallTimeMillis=0, dex2oatCpuTimeMillis=0, sizeBytes=0, sizeBeforeBytes=0}
04-15 17:03:01.255 536 662 I ArtService: Dexopt result: [packageName = com.android.providers.blockednumber] DexContainerFileDexoptResult{dexContainerFile=/system/priv-app/BlockedNumberProvider/BlockedNumberProvider.apk, primaryAbi=true, abi=x86_64, actualCompilerFilter=verify, status=SKIPPED, dex2oatWallTimeMillis=0, dex2oatCpuTimeMillis=0, sizeBytes=0, sizeBeforeBytes=0}
04-15 17:03:01.288 536 662 I ArtService: Dexopt result: [packageName = com.android.providers.userdictionary] DexContainerFileDexoptResult{dexContainerFile=/system/priv-app/UserDictionaryProvider/UserDictionaryProvider.apk, primaryAbi=true, abi=x86_64, actualCompilerFilter=verify, status=SKIPPED, dex2oatWallTimeMillis=0, dex2oatCpuTimeMillis=0, sizeBytes=0, sizeBeforeBytes=0}
04-15 17:03:01.312 536 662 I ArtService: Dexopt result: [packageName = com.android.calllogbackup] DexContainerFileDexoptResult{dexContainerFile=/system/priv-app/CallLogBackup/CallLogBackup.apk, primaryAbi=true, abi=x86_64, actualCompilerFilter=verify, status=SKIPPED, dex2oatWallTimeMillis=0, dex2oatCpuTimeMillis=0, sizeBytes=0, sizeBeforeBytes=0}
04-15 17:03:01.340 536 662 I ArtService: Dexopt result: [packageName = com.android.dreams.basic] DexContainerFileDexoptResult{dexContainerFile=/system/app/BasicDreams/BasicDreams.apk, primaryAbi=true, abi=x86_64, actualCompilerFilter=verify, status=SKIPPED, dex2oatWallTimeMillis=0, dex2oatCpuTimeMillis=0, sizeBytes=0, sizeBeforeBytes=0}
04-15 17:03:01.368 536 662 I ArtService: Dexopt result: [packageName = com.android.providers.partnerbookmarks] DexContainerFileDexoptResult{dexContainerFile=/system/app/PartnerBookmarksProvider/PartnerBookmarksProvider.apk, primaryAbi=true, abi=x86_64, actualCompilerFilter=verify, status=SKIPPED, dex2oatWallTimeMillis=0, dex2oatCpuTimeMillis=0, sizeBytes=0, sizeBeforeBytes=0}
04-15 17:03:01.396 536 662 I ArtService: Dexopt result: [packageName = com.android.providers.downloads.ui] DexContainerFileDexoptResult{dexContainerFile=/system/priv-app/DownloadProviderUi/DownloadProviderUi.apk, primaryAbi=true, abi=x86_64, actualCompilerFilter=verify, status=SKIPPED, dex2oatWallTimeMillis=0, dex2oatCpuTimeMillis=0, sizeBytes=0, sizeBeforeBytes=0}
04-15 17:03:01.427 536 662 I ArtService: Dexopt result: [packageName = com.android.backupconfirm] DexContainerFileDexoptResult{dexContainerFile=/system/priv-app/BackupRestoreConfirmation/BackupRestoreConfirmation.apk, primaryAbi=true, abi=x86_64, actualCompilerFilter=verify, status=SKIPPED, dex2oatWallTimeMillis=0, dex2oatCpuTimeMillis=0, sizeBytes=0, sizeBeforeBytes=0}
04-15 17:03:01.459 536 662 I ArtService: Dexopt result: [packageName = com.android.bookmarkprovider] DexContainerFileDexoptResult{dexContainerFile=/system/app/BookmarkProvider/BookmarkProvider.apk, primaryAbi=true, abi=x86_64, actualCompilerFilter=verify, status=SKIPPED, dex2oatWallTimeMillis=0, dex2oatCpuTimeMillis=0, sizeBytes=0, sizeBeforeBytes=0}
04-15 17:03:01.509 536 662 I ArtService: Dexopt result: [packageName = com.android.inputdevices] DexContainerFileDexoptResult{dexContainerFile=/system/priv-app/InputDevices/InputDevices.apk, primaryAbi=true, abi=x86_64, actualCompilerFilter=verify, status=SKIPPED, dex2oatWallTimeMillis=0, dex2oatCpuTimeMillis=0, sizeBytes=0, sizeBeforeBytes=0}
04-15 17:03:01.541 536 662 I ArtService: Dexopt result: [packageName = android.ext.shared] DexContainerFileDexoptResult{dexContainerFile=/system/app/ExtShared/ExtShared.apk, primaryAbi=true, abi=x86_64, actualCompilerFilter=verify, status=SKIPPED, dex2oatWallTimeMillis=0, dex2oatCpuTimeMillis=0, sizeBytes=0, sizeBeforeBytes=0}
04-15 17:03:01.562 536 662 I ArtService: Dexopt result: [packageName = com.android.dynsystem] DexContainerFileDexoptResult{dexContainerFile=/system/priv-app/DynamicSystemInstallationService/DynamicSystemInstallationService.apk, primaryAbi=true, abi=x86_64, actualCompilerFilter=verify, status=SKIPPED, dex2oatWallTimeMillis=0, dex2oatCpuTimeMillis=0, sizeBytes=0, sizeBeforeBytes=0}
04-15 17:03:01.596 536 662 I ArtService: Dexopt result: [packageName = com.android.se] DexContainerFileDexoptResult{dexContainerFile=/system/app/SecureElement/SecureElement.apk, primaryAbi=true, abi=x86_64, actualCompilerFilter=verify, status=SKIPPED, dex2oatWallTimeMillis=0, dex2oatCpuTimeMillis=0, sizeBytes=0, sizeBeforeBytes=0}
04-15 17:03:01.606 664 664 W ziparchive: Unable to open '/vendor/overlay/SystemUI__auto_generated_rro_vendor.dm': No such file or directory
04-15 17:03:01.607 664 664 W ziparchive: Unable to open '/vendor/overlay/SystemUI__auto_generated_rro_vendor.dm': No such file or directory
04-15 17:03:01.613 536 662 I ArtService: Dexopt result: [packageName = com.android.systemui.auto_generated_rro_vendor__] DexContainerFileDexoptResult{dexContainerFile=/vendor/overlay/SystemUI__auto_generated_rro_vendor.apk, primaryAbi=true, abi=x86_64, actualCompilerFilter=verify, status=SKIPPED, dex2oatWallTimeMillis=0, dex2oatCpuTimeMillis=0, sizeBytes=0, sizeBeforeBytes=0}
04-15 17:03:01.621 664 664 W ziparchive: Unable to open '/vendor/overlay/TeleService__auto_generated_rro_vendor.dm': No such file or directory
04-15 17:03:01.622 664 664 W ziparchive: Unable to open '/vendor/overlay/TeleService__auto_generated_rro_vendor.dm': No such file or directory
04-15 17:03:01.629 536 662 I ArtService: Dexopt result: [packageName = com.android.phone.auto_generated_rro_vendor__] DexContainerFileDexoptResult{dexContainerFile=/vendor/overlay/TeleService__auto_generated_rro_vendor.apk, primaryAbi=true, abi=x86_64, actualCompilerFilter=verify, status=SKIPPED, dex2oatWallTimeMillis=0, dex2oatCpuTimeMillis=0, sizeBytes=0, sizeBeforeBytes=0}
04-15 17:03:01.640 664 664 W ziparchive: Unable to open '/vendor/overlay/framework-res__auto_generated_rro_vendor.dm': No such file or directory
04-15 17:03:01.641 664 664 W ziparchive: Unable to open '/vendor/overlay/framework-res__auto_generated_rro_vendor.dm': No such file or directory
04-15 17:03:01.643 536 662 I ArtService: Dexopt result: [packageName = android.auto_generated_rro_vendor__] DexContainerFileDexoptResult{dexContainerFile=/vendor/overlay/framework-res__auto_generated_rro_vendor.apk, primaryAbi=true, abi=x86_64, actualCompilerFilter=verify, status=SKIPPED, dex2oatWallTimeMillis=0, dex2oatCpuTimeMillis=0, sizeBytes=0, sizeBeforeBytes=0}
04-15 17:03:01.660 664 664 W ziparchive: Unable to open '/vendor/overlay/CarrierConfig__auto_generated_rro_vendor.dm': No such file or directory
04-15 17:03:01.661 664 664 W ziparchive: Unable to open '/vendor/overlay/CarrierConfig__auto_generated_rro_vendor.dm': No such file or directory
04-15 17:03:01.663 536 662 I ArtService: Dexopt result: [packageName = com.android.carrierconfig.auto_generated_rro_vendor__] DexContainerFileDexoptResult{dexContainerFile=/vendor/overlay/CarrierConfig__auto_generated_rro_vendor.apk, primaryAbi=true, abi=x86_64, actualCompilerFilter=verify, status=SKIPPED, dex2oatWallTimeMillis=0, dex2oatCpuTimeMillis=0, sizeBytes=0, sizeBeforeBytes=0}
04-15 17:03:01.673 664 664 W ziparchive: Unable to open '/vendor/overlay/SettingsProvider__auto_generated_rro_vendor.dm': No such file or directory
04-15 17:03:01.674 664 664 W ziparchive: Unable to open '/vendor/overlay/SettingsProvider__auto_generated_rro_vendor.dm': No such file or directory
04-15 17:03:01.680 536 662 I ArtService: Dexopt result: [packageName = com.android.providers.settings.auto_generated_rro_vendor__] DexContainerFileDexoptResult{dexContainerFile=/vendor/overlay/SettingsProvider__auto_generated_rro_vendor.apk, primaryAbi=true, abi=x86_64, actualCompilerFilter=verify, status=SKIPPED, dex2oatWallTimeMillis=0, dex2oatCpuTimeMillis=0, sizeBytes=0, sizeBeforeBytes=0}
04-15 17:03:01.695 664 664 W ziparchive: Unable to open '/apex/com.android.adservices/priv-app/AdServicesApk@UE1A.230829.036.A1/AdServicesApk.dm': No such file or directory
04-15 17:03:01.697 664 664 W ziparchive: Unable to open '/apex/com.android.adservices/priv-app/AdServicesApk@UE1A.230829.036.A1/AdServicesApk.dm': No such file or directory
04-15 17:03:01.747 664 664 I artd : Running dex2oat: /apex/com.android.art/bin/art_exec --drop-capabilities --keep-fds=7:8:9:10 -- /apex/com.android.art/bin/dex2oat64 --zip-fd=7 --zip-location=/apex/com.android.adservices/priv-app/AdServicesApk@UE1A.230829.036.A1/AdServicesApk.apk --oat-fd=8 --oat-location=/data/dalvik-cache/x86_64/apex@com.android.adservices@priv-app@AdServicesApk@UE1A.230829.036.A1@AdServicesApk.apk@classes.dex --output-vdex-fd=9 --swap-fd=10 --class-loader-context=PCL[] --classpath-dir=/apex/com.android.adservices/priv-app/AdServicesApk@UE1A.230829.036.A1 --instruction-set=x86_64 --instruction-set-features=default --instruction-set-variant=x86_64 --compiler-filter=verify --compilation-reason=first-boot --compact-dex-level=none --max-image-block-size=524288 --resolve-startup-const-strings=true --generate-mini-debug-info --runtime-arg -Xtarget-sdk-version:34 --runtime-arg -Xms64m --runtime-arg -Xmx512m --comments=app-version-name:14,app-version-code:34,art-version:342090000
04-15 17:03:01.747 664 664 I artd : Opened FDs: 7:/apex/com.android.adservices/priv-app/AdServicesApk@UE1A.230829.036.A1/AdServicesApk.apk 8:/data/dalvik-cache/x86_64/apex@com.android.adservices@priv-app@AdServicesApk@UE1A.230829.036.A1@AdServicesApk.apk@classes.dex.99Xox0.tmp 9:/data/dalvik-cache/x86_64/apex@com.android.adservices@priv-app@AdServicesApk@UE1A.230829.036.A1@AdServicesApk.apk@classes.vdex.5Hfs0e.tmp 10:/data/dalvik-cache/x86_64/apex@com.android.adservices@priv-app@AdServicesApk@UE1A.230829.036.A1@AdServicesApk.apk@classes.dex.swap.Dw8XmD.tmp
04-15 17:03:02.859 687 687 W dex2oat64: Unexpected CPU variant for x86: x86_64.
04-15 17:03:02.859 687 687 W dex2oat64: Known variants: atom, sandybridge, silvermont, goldmont, goldmont-plus, tremont, kabylake, default
04-15 17:03:02.915 687 687 W dex2oat64: Mismatch between dex2oat instruction set features to use (ISA: X86_64 Feature string: -ssse3,-sse4.1,-sse4.2,-avx,-avx2,-popcnt) and those from CPP defines (ISA: X86_64 Feature string: ssse3,sse4.1,sse4.2,-avx,-avx2,popcnt) for the command line:
04-15 17:03:02.915 687 687 W dex2oat64: /apex/com.android.art/bin/dex2oat64 --zip-fd=7 --zip-location=/apex/com.android.adservices/priv-app/AdServicesApk@UE1A.230829.036.A1/AdServicesApk.apk --oat-fd=8 --oat-location=/data/dalvik-cache/x86_64/apex@com.android.adservices@priv-app@AdServicesApk@UE1A.230829.036.A1@AdServicesApk.apk@classes.dex --output-vdex-fd=9 --swap-fd=10 --class-loader-context=PCL[] --classpath-dir=/apex/com.android.adservices/priv-app/AdServicesApk@UE1A.230829.036.A1 --instruction-set=x86_64 --instruction-set-features=default --instruction-set-variant=x86_64 --compiler-filter=verify --compilation-reason=first-boot --compact-dex-level=none --max-image-block-size=524288 --resolve-startup-const-strings=true --generate-mini-debug-info --runtime-arg -Xtarget-sdk-version:34 --runtime-arg -Xms64m --runtime-arg -Xmx512m --comments=app-version-name:14,app-version-code:34,art-version:342090000
04-15 17:03:02.928 687 687 I dex2oat64: /apex/com.android.art/bin/dex2oat64 --output-vdex-fd=9 --class-loader-context=PCL[] --classpath-dir=/apex/com.android.adservices/priv-app/AdServicesApk@UE1A.230829.036.A1 --compiler-filter=verify --compilation-reason=first-boot --compact-dex-level=none --max-image-block-size=524288 --resolve-startup-const-strings=true --generate-mini-debug-info --comments=app-version-name:14,app-version-code:34,art-version:342090000
04-15 17:03:03.250 687 687 I dex2oat64: Using CollectorTypeCC GC.
04-15 17:03:11.644 687 687 I dex2oat64: dex2oat took 8.888s (9.131s cpu) (threads: 2) arena alloc=0B (0B) java alloc=4636KB (4747728B) native alloc=1820KB (1864576B) free=1229KB (1259312B)
04-15 17:03:11.687 664 664 I artd : dex2oat returned code 0
04-15 17:03:11.747 536 662 I ArtService: Dexopt result: [packageName = com.android.adservices.api] DexContainerFileDexoptResult{dexContainerFile=/apex/com.android.adservices/priv-app/AdServicesApk@UE1A.230829.036.A1/AdServicesApk.apk, primaryAbi=true, abi=x86_64, actualCompilerFilter=verify, status=PERFORMED, dex2oatWallTimeMillis=9922, dex2oatCpuTimeMillis=9740, sizeBytes=179644, sizeBeforeBytes=0}
04-15 17:03:11.787 664 664 W ziparchive: Unable to open '/apex/com.android.healthfitness/priv-app/HealthConnectController@UE1A.230829.036.A1/HealthConnectController.dm': No such file or directory
04-15 17:03:11.791 664 664 W ziparchive: Unable to open '/apex/com.android.healthfitness/priv-app/HealthConnectController@UE1A.230829.036.A1/HealthConnectController.dm': No such file or directory
04-15 17:03:11.851 664 685 I artd : Running dex2oat: /apex/com.android.art/bin/art_exec --drop-capabilities --keep-fds=7:8:9:10:11:12:13 -- /apex/com.android.art/bin/dex2oat64 --zip-fd=7 --zip-location=/apex/com.android.healthfitness/priv-app/HealthConnectController@UE1A.230829.036.A1/HealthConnectController.apk --oat-fd=8 --oat-location=/data/dalvik-cache/x86_64/apex@com.android.healthfitness@priv-app@HealthConnectController@UE1A.230829.036.A1@HealthConnectController.apk@classes.dex --output-vdex-fd=9 --swap-fd=10 --class-loader-context-fds=11:12:13 --class-loader-context=PCL[]{PCL[/system_ext/framework/androidx.window.extensions.jar]#PCL[/system_ext/framework/androidx.window.sidecar.jar]#PCL[/system/framework/org.apache.http.legacy.jar]} --classpath-dir=/apex/com.android.healthfitness/priv-app/HealthConnectController@UE1A.230829.036.A1 --instruction-set=x86_64 --instruction-set-features=default --instruction-set-variant=x86_64 --compiler-filter=verify --compilation-reason=first-boot --compact-dex-level=none --max-image-block-size=524288 --resolve-startup-const-strings=true --generate-mini-debug-info --runtime-arg -Xtarget-sdk-version:34 --runtime-arg -Xms64m --runtime-arg -Xmx512m --comments=app-version-name:14,app-version-code:34,art-version:342090000
04-15 17:03:11.851 664 685 I artd : Opened FDs: 7:/apex/com.android.healthfitness/priv-app/HealthConnectController@UE1A.230829.036.A1/HealthConnectController.apk 8:/data/dalvik-cache/x86_64/apex@com.android.healthfitness@priv-app@HealthConnectController@UE1A.230829.036.A1@HealthConnectController.apk@classes.dex.NKGEAW.tmp 9:/data/dalvik-cache/x86_64/apex@com.android.healthfitness@priv-app@HealthConnectController@UE1A.230829.036.A1@HealthConnectController.apk@classes.vdex.c7n3dJ.tmp 10:/data/dalvik-cache/x86_64/apex@com.android.healthfitness@priv-app@HealthConnectController@UE1A.230829.036.A1@HealthConnectController.apk@classes.dex.swap.6u73tc.tmp 11:/system/framework/org.apache.http.legacy.jar 12:/system_ext/framework/androidx.window.sidecar.jar 13:/system_ext/framework/androidx.window.extensions.jar
04-15 17:03:13.124 699 699 W dex2oat64: Unexpected CPU variant for x86: x86_64.
04-15 17:03:13.124 699 699 W dex2oat64: Known variants: atom, sandybridge, silvermont, goldmont, goldmont-plus, tremont, kabylake, default
04-15 17:03:13.209 699 699 W dex2oat64: Mismatch between dex2oat instruction set features to use (ISA: X86_64 Feature string: -ssse3,-sse4.1,-sse4.2,-avx,-avx2,-popcnt) and those from CPP defines (ISA: X86_64 Feature string: ssse3,sse4.1,sse4.2,-avx,-avx2,popcnt) for the command line:
04-15 17:03:13.209 699 699 W dex2oat64: /apex/com.android.art/bin/dex2oat64 --zip-fd=7 --zip-location=/apex/com.android.healthfitness/priv-app/HealthConnectController@UE1A.230829.036.A1/HealthConnectController.apk --oat-fd=8 --oat-location=/data/dalvik-cache/x86_64/apex@com.android.healthfitness@priv-app@HealthConnectController@UE1A.230829.036.A1@HealthConnectController.apk@classes.dex --output-vdex-fd=9 --swap-fd=10 --class-loader-context-fds=11:12:13 --class-loader-context=PCL[]{PCL[/system_ext/framework/androidx.window.extensions.jar]#PCL[/system_ext/framework/androidx.window.sidecar.jar]#PCL[/system/framework/org.apache.http.legacy.jar]} --classpath-dir=/apex/com.android.healthfitness/priv-app/HealthConnectController@UE1A.230829.036.A1 --instruction-set=x86_64 --instruction-set-features=default --instruction-set-variant=x86_64 --compiler-filter=verify --compilation-reason=first-boot --compact-dex-level=none --max-image-block-size=524288 --resolve-startup-const-strings=true --generate-mini-debug-info --runtime-arg -Xtarget-sdk-version:34 --runtime-arg -Xms64m --runtime-arg -Xmx512m --comments=app-version-name:14,app-version-code:34,art-version:342090000
04-15 17:03:13.225 699 699 I dex2oat64: /apex/com.android.art/bin/dex2oat64 --output-vdex-fd=9 --class-loader-context-fds=11:12:13 --class-loader-context=PCL[]{PCL[/system_ext/framework/androidx.window.extensions.jar]#PCL[/system_ext/framework/androidx.window.sidecar.jar]#PCL[/system/framework/org.apache.http.legacy.jar]} --classpath-dir=/apex/com.android.healthfitness/priv-app/HealthConnectController@UE1A.230829.036.A1 --compiler-filter=verify --compilation-reason=first-boot --compact-dex-level=none --max-image-block-size=524288 --resolve-startup-const-strings=true --generate-mini-debug-info --comments=app-version-name:14,app-version-code:34,art-version:342090000
04-15 17:03:13.463 699 699 I dex2oat64: Using CollectorTypeCC GC.
04-15 17:03:20.356 699 699 I dex2oat64: dex2oat took 7.309s (7.242s cpu) (threads: 2) arena alloc=0B (0B) java alloc=4275KB (4378112B) native alloc=1739KB (1781280B) free=977KB (1000464B)
04-15 17:03:20.388 664 685 I artd : dex2oat returned code 0
04-15 17:03:20.396 536 662 I ArtService: Dexopt result: [packageName = com.android.healthconnect.controller] DexContainerFileDexoptResult{dexContainerFile=/apex/com.android.healthfitness/priv-app/HealthConnectController@UE1A.230829.036.A1/HealthConnectController.apk, primaryAbi=true, abi=x86_64, actualCompilerFilter=verify, status=PERFORMED, dex2oatWallTimeMillis=8512, dex2oatCpuTimeMillis=8350, sizeBytes=120788, sizeBeforeBytes=0}
04-15 17:03:20.407 664 685 W ziparchive: Unable to open '/apex/com.android.healthfitness/app/HealthConnectBackupRestore@UE1A.230829.036.A1/HealthConnectBackupRestore.dm': No such file or directory
04-15 17:03:20.412 664 685 W ziparchive: Unable to open '/apex/com.android.healthfitness/app/HealthConnectBackupRestore@UE1A.230829.036.A1/HealthConnectBackupRestore.dm': No such file or directory
04-15 17:03:20.431 664 684 I artd : Running dex2oat: /apex/com.android.art/bin/art_exec --drop-capabilities --keep-fds=7:8:9:10 -- /apex/com.android.art/bin/dex2oat64 --zip-fd=7 --zip-location=/apex/com.android.healthfitness/app/HealthConnectBackupRestore@UE1A.230829.036.A1/HealthConnectBackupRestore.apk --oat-fd=8 --oat-location=/data/dalvik-cache/x86_64/apex@com.android.healthfitness@app@HealthConnectBackupRestore@UE1A.230829.036.A1@HealthConnectBackupRestore.apk@classes.dex --output-vdex-fd=9 --swap-fd=10 --class-loader-context=PCL[] --classpath-dir=/apex/com.android.healthfitness/app/HealthConnectBackupRestore@UE1A.230829.036.A1 --instruction-set=x86_64 --instruction-set-features=default --instruction-set-variant=x86_64 --compiler-filter=verify --compilation-reason=first-boot --compact-dex-level=none --max-image-block-size=524288 --resolve-startup-const-strings=true --generate-mini-debug-info --runtime-arg -Xtarget-sdk-version:34 --runtime-arg -Xms64m --runtime-arg -Xmx512m --comments=app-version-name:14,app-version-code:34,art-version:342090000
04-15 17:03:20.431 664 684 I artd : Opened FDs: 7:/apex/com.android.healthfitness/app/HealthConnectBackupRestore@UE1A.230829.036.A1/HealthConnectBackupRestore.apk 8:/data/dalvik-cache/x86_64/apex@com.android.healthfitness@app@HealthConnectBackupRestore@UE1A.230829.036.A1@HealthConnectBackupRestore.apk@classes.dex.QCKVxr.tmp 9:/data/dalvik-cache/x86_64/apex@com.android.healthfitness@app@HealthConnectBackupRestore@UE1A.230829.036.A1@HealthConnectBackupRestore.apk@classes.vdex.1oC7zU.tmp 10:/data/dalvik-cache/x86_64/apex@com.android.healthfitness@app@HealthConnectBackupRestore@UE1A.230829.036.A1@HealthConnectBackupRestore.apk@classes.dex.swap.20Mbs6.tmp
04-15 17:03:21.317 709 709 W dex2oat64: Unexpected CPU variant for x86: x86_64.
04-15 17:03:21.317 709 709 W dex2oat64: Known variants: atom, sandybridge, silvermont, goldmont, goldmont-plus, tremont, kabylake, default
04-15 17:03:21.428 709 709 W dex2oat64: Mismatch between dex2oat instruction set features to use (ISA: X86_64 Feature string: -ssse3,-sse4.1,-sse4.2,-avx,-avx2,-popcnt) and those from CPP defines (ISA: X86_64 Feature string: ssse3,sse4.1,sse4.2,-avx,-avx2,popcnt) for the command line:
04-15 17:03:21.428 709 709 W dex2oat64: /apex/com.android.art/bin/dex2oat64 --zip-fd=7 --zip-location=/apex/com.android.healthfitness/app/HealthConnectBackupRestore@UE1A.230829.036.A1/HealthConnectBackupRestore.apk --oat-fd=8 --oat-location=/data/dalvik-cache/x86_64/apex@com.android.healthfitness@app@HealthConnectBackupRestore@UE1A.230829.036.A1@HealthConnectBackupRestore.apk@classes.dex --output-vdex-fd=9 --swap-fd=10 --class-loader-context=PCL[] --classpath-dir=/apex/com.android.healthfitness/app/HealthConnectBackupRestore@UE1A.230829.036.A1 --instruction-set=x86_64 --instruction-set-features=default --instruction-set-variant=x86_64 --compiler-filter=verify --compilation-reason=first-boot --compact-dex-level=none --max-image-block-size=524288 --resolve-startup-const-strings=true --generate-mini-debug-info --runtime-arg -Xtarget-sdk-version:34 --runtime-arg -Xms64m --runtime-arg -Xmx512m --comments=app-version-name:14,app-version-code:34,art-version:342090000
04-15 17:03:21.474 709 709 I dex2oat64: /apex/com.android.art/bin/dex2oat64 --output-vdex-fd=9 --class-loader-context=PCL[] --classpath-dir=/apex/com.android.healthfitness/app/HealthConnectBackupRestore@UE1A.230829.036.A1 --compiler-filter=verify --compilation-reason=first-boot --compact-dex-level=none --max-image-block-size=524288 --resolve-startup-const-strings=true --generate-mini-debug-info --comments=app-version-name:14,app-version-code:34,art-version:342090000
04-15 17:03:21.567 709 709 I dex2oat64: Using CollectorTypeCC GC.
04-15 17:03:22.918 709 709 I dex2oat64: dex2oat took 1.698s (1.329s cpu) (threads: 2) arena alloc=0B (0B) java alloc=32KB (32768B) native alloc=1100KB (1126656B) free=915KB (937264B)
04-15 17:03:22.961 664 684 I artd : dex2oat returned code 0
04-15 17:03:22.983 536 662 I ArtService: Dexopt result: [packageName = com.android.health.connect.backuprestore] DexContainerFileDexoptResult{dexContainerFile=/apex/com.android.healthfitness/app/HealthConnectBackupRestore@UE1A.230829.036.A1/HealthConnectBackupRestore.apk, primaryAbi=true, abi=x86_64, actualCompilerFilter=verify, status=PERFORMED, dex2oatWallTimeMillis=2522, dex2oatCpuTimeMillis=1950, sizeBytes=17456, sizeBeforeBytes=0}
04-15 17:03:23.028 664 684 W ziparchive: Unable to open '/apex/com.android.ondevicepersonalization/app/FederatedCompute@UE1A.230829.036.A1/FederatedCompute.dm': No such file or directory
04-15 17:03:23.029 664 684 W ziparchive: Unable to open '/apex/com.android.ondevicepersonalization/app/FederatedCompute@UE1A.230829.036.A1/FederatedCompute.dm': No such file or directory
04-15 17:03:23.075 664 684 I artd : Running dex2oat: /apex/com.android.art/bin/art_exec --drop-capabilities --keep-fds=7:8:9:10 -- /apex/com.android.art/bin/dex2oat64 --zip-fd=7 --zip-location=/apex/com.android.ondevicepersonalization/app/FederatedCompute@UE1A.230829.036.A1/FederatedCompute.apk --oat-fd=8 --oat-location=/data/dalvik-cache/x86_64/apex@com.android.ondevicepersonalization@app@FederatedCompute@UE1A.230829.036.A1@FederatedCompute.apk@classes.dex --output-vdex-fd=9 --swap-fd=10 --class-loader-context=PCL[] --classpath-dir=/apex/com.android.ondevicepersonalization/app/FederatedCompute@UE1A.230829.036.A1 --instruction-set=x86_64 --instruction-set-features=default --instruction-set-variant=x86_64 --compiler-filter=verify --compilation-reason=first-boot --compact-dex-level=none --max-image-block-size=524288 --resolve-startup-const-strings=true --generate-mini-debug-info --runtime-arg -Xtarget-sdk-version:34 --runtime-arg -Xms64m --runtime-arg -Xmx512m --comments=app-version-name:T-initial,app-version-code:1,art-version:342090000
04-15 17:03:23.075 664 684 I artd : Opened FDs: 7:/apex/com.android.ondevicepersonalization/app/FederatedCompute@UE1A.230829.036.A1/FederatedCompute.apk 8:/data/dalvik-cache/x86_64/apex@com.android.ondevicepersonalization@app@FederatedCompute@UE1A.230829.036.A1@FederatedCompute.apk@classes.dex.gMe46G.tmp 9:/data/dalvik-cache/x86_64/apex@com.android.ondevicepersonalization@app@FederatedCompute@UE1A.230829.036.A1@FederatedCompute.apk@classes.vdex.PRTUTQ.tmp 10:/data/dalvik-cache/x86_64/apex@com.android.ondevicepersonalization@app@FederatedCompute@UE1A.230829.036.A1@FederatedCompute.apk@classes.dex.swap.LwtFDi.tmp
04-15 17:03:23.759 715 715 W dex2oat64: Unexpected CPU variant for x86: x86_64.
04-15 17:03:23.759 715 715 W dex2oat64: Known variants: atom, sandybridge, silvermont, goldmont, goldmont-plus, tremont, kabylake, default
04-15 17:03:23.810 715 715 W dex2oat64: Mismatch between dex2oat instruction set features to use (ISA: X86_64 Feature string: -ssse3,-sse4.1,-sse4.2,-avx,-avx2,-popcnt) and those from CPP defines (ISA: X86_64 Feature string: ssse3,sse4.1,sse4.2,-avx,-avx2,popcnt) for the command line:
04-15 17:03:23.810 715 715 W dex2oat64: /apex/com.android.art/bin/dex2oat64 --zip-fd=7 --zip-location=/apex/com.android.ondevicepersonalization/app/FederatedCompute@UE1A.230829.036.A1/FederatedCompute.apk --oat-fd=8 --oat-location=/data/dalvik-cache/x86_64/apex@com.android.ondevicepersonalization@app@FederatedCompute@UE1A.230829.036.A1@FederatedCompute.apk@classes.dex --output-vdex-fd=9 --swap-fd=10 --class-loader-context=PCL[] --classpath-dir=/apex/com.android.ondevicepersonalization/app/FederatedCompute@UE1A.230829.036.A1 --instruction-set=x86_64 --instruction-set-features=default --instruction-set-variant=x86_64 --compiler-filter=verify --compilation-reason=first-boot --compact-dex-level=none --max-image-block-size=524288 --resolve-startup-const-strings=true --generate-mini-debug-info --runtime-arg -Xtarget-sdk-version:34 --runtime-arg -Xms64m --runtime-arg -Xmx512m --comments=app-version-name:T-initial,app-version-code:1,art-version:342090000
04-15 17:03:23.818 715 715 I dex2oat64: /apex/com.android.art/bin/dex2oat64 --output-vdex-fd=9 --class-loader-context=PCL[] --classpath-dir=/apex/com.android.ondevicepersonalization/app/FederatedCompute@UE1A.230829.036.A1 --compiler-filter=verify --compilation-reason=first-boot --compact-dex-level=none --max-image-block-size=524288 --resolve-startup-const-strings=true --generate-mini-debug-info --comments=app-version-name:T-initial,app-version-code:1,art-version:342090000
04-15 17:03:23.920 715 715 I dex2oat64: Using CollectorTypeCC GC.
04-15 17:03:25.313 715 715 I dex2oat64: dex2oat took 1.642s (1.268s cpu) (threads: 2) arena alloc=0B (0B) java alloc=64KB (65824B) native alloc=1107KB (1134304B) free=825KB (845712B)
04-15 17:03:25.344 664 684 I artd : dex2oat returned code 0
04-15 17:03:25.350 536 662 I ArtService: Dexopt result: [packageName = com.android.federatedcompute.services] DexContainerFileDexoptResult{dexContainerFile=/apex/com.android.ondevicepersonalization/app/FederatedCompute@UE1A.230829.036.A1/FederatedCompute.apk, primaryAbi=true, abi=x86_64, actualCompilerFilter=verify, status=PERFORMED, dex2oatWallTimeMillis=2258, dex2oatCpuTimeMillis=1750, sizeBytes=23236, sizeBeforeBytes=0}
04-15 17:03:25.359 664 685 W ziparchive: Unable to open '/apex/com.android.permission/priv-app/SafetyCenterResources@UE1A.230829.036.A1/SafetyCenterResources.dm': No such file or directory
04-15 17:03:25.365 664 685 W ziparchive: Unable to open '/apex/com.android.permission/priv-app/SafetyCenterResources@UE1A.230829.036.A1/SafetyCenterResources.dm': No such file or directory
04-15 17:03:25.367 536 662 I ArtService: Dexopt result: [packageName = com.android.safetycenter.resources] DexContainerFileDexoptResult{dexContainerFile=/apex/com.android.permission/priv-app/SafetyCenterResources@UE1A.230829.036.A1/SafetyCenterResources.apk, primaryAbi=true, abi=x86_64, actualCompilerFilter=verify, status=SKIPPED, dex2oatWallTimeMillis=0, dex2oatCpuTimeMillis=0, sizeBytes=0, sizeBeforeBytes=0}
04-15 17:03:25.380 664 685 W ziparchive: Unable to open '/apex/com.android.wifi/app/WifiDialog@UE1A.230829.036.A1/WifiDialog.dm': No such file or directory
04-15 17:03:25.381 664 685 W ziparchive: Unable to open '/apex/com.android.wifi/app/WifiDialog@UE1A.230829.036.A1/WifiDialog.dm': No such file or directory
04-15 17:03:25.402 664 685 I artd : Running dex2oat: /apex/com.android.art/bin/art_exec --drop-capabilities --keep-fds=7:8:9:10 -- /apex/com.android.art/bin/dex2oat64 --zip-fd=7 --zip-location=/apex/com.android.wifi/app/WifiDialog@UE1A.230829.036.A1/WifiDialog.apk --oat-fd=8 --oat-location=/data/dalvik-cache/x86_64/apex@com.android.wifi@app@WifiDialog@UE1A.230829.036.A1@WifiDialog.apk@classes.dex --output-vdex-fd=9 --swap-fd=10 --class-loader-context=PCL[] --classpath-dir=/apex/com.android.wifi/app/WifiDialog@UE1A.230829.036.A1 --instruction-set=x86_64 --instruction-set-features=default --instruction-set-variant=x86_64 --compiler-filter=verify --compilation-reason=first-boot --compact-dex-level=none --max-image-block-size=524288 --resolve-startup-const-strings=true --generate-mini-debug-info --runtime-arg -Xtarget-sdk-version:34 --runtime-arg -Xms64m --runtime-arg -Xmx512m --comments=app-version-name:14,app-version-code:34,art-version:342090000
04-15 17:03:25.402 664 685 I artd : Opened FDs: 7:/apex/com.android.wifi/app/WifiDialog@UE1A.230829.036.A1/WifiDialog.apk 8:/data/dalvik-cache/x86_64/apex@com.android.wifi@app@WifiDialog@UE1A.230829.036.A1@WifiDialog.apk@classes.dex.RVwfzR.tmp 9:/data/dalvik-cache/x86_64/apex@com.android.wifi@app@WifiDialog@UE1A.230829.036.A1@WifiDialog.apk@classes.vdex.JpqNTj.tmp 10:/data/dalvik-cache/x86_64/apex@com.android.wifi@app@WifiDialog@UE1A.230829.036.A1@WifiDialog.apk@classes.dex.swap.1mRiZW.tmp
04-15 17:03:26.007 721 721 W dex2oat64: Unexpected CPU variant for x86: x86_64.
04-15 17:03:26.007 721 721 W dex2oat64: Known variants: atom, sandybridge, silvermont, goldmont, goldmont-plus, tremont, kabylake, default
04-15 17:03:26.091 721 721 W dex2oat64: Mismatch between dex2oat instruction set features to use (ISA: X86_64 Feature string: -ssse3,-sse4.1,-sse4.2,-avx,-avx2,-popcnt) and those from CPP defines (ISA: X86_64 Feature string: ssse3,sse4.1,sse4.2,-avx,-avx2,popcnt) for the command line:
04-15 17:03:26.091 721 721 W dex2oat64: /apex/com.android.art/bin/dex2oat64 --zip-fd=7 --zip-location=/apex/com.android.wifi/app/WifiDialog@UE1A.230829.036.A1/WifiDialog.apk --oat-fd=8 --oat-location=/data/dalvik-cache/x86_64/apex@com.android.wifi@app@WifiDialog@UE1A.230829.036.A1@WifiDialog.apk@classes.dex --output-vdex-fd=9 --swap-fd=10 --class-loader-context=PCL[] --classpath-dir=/apex/com.android.wifi/app/WifiDialog@UE1A.230829.036.A1 --instruction-set=x86_64 --instruction-set-features=default --instruction-set-variant=x86_64 --compiler-filter=verify --compilation-reason=first-boot --compact-dex-level=none --max-image-block-size=524288 --resolve-startup-const-strings=true --generate-mini-debug-info --runtime-arg -Xtarget-sdk-version:34 --runtime-arg -Xms64m --runtime-arg -Xmx512m --comments=app-version-name:14,app-version-code:34,art-version:342090000
04-15 17:03:26.099 721 721 I dex2oat64: /apex/com.android.art/bin/dex2oat64 --output-vdex-fd=9 --class-loader-context=PCL[] --classpath-dir=/apex/com.android.wifi/app/WifiDialog@UE1A.230829.036.A1 --compiler-filter=verify --compilation-reason=first-boot --compact-dex-level=none --max-image-block-size=524288 --resolve-startup-const-strings=true --generate-mini-debug-info --comments=app-version-name:14,app-version-code:34,art-version:342090000
04-15 17:03:26.203 721 721 I dex2oat64: Using CollectorTypeCC GC.
04-15 17:03:28.387 721 721 I dex2oat64: dex2oat took 2.418s (2.056s cpu) (threads: 2) arena alloc=0B (0B) java alloc=882KB (904128B) native alloc=1166KB (1194112B) free=834KB (854320B)
04-15 17:03:28.439 664 685 I artd : dex2oat returned code 0
04-15 17:03:28.471 536 662 I ArtService: Dexopt result: [packageName = com.android.wifi.dialog] DexContainerFileDexoptResult{dexContainerFile=/apex/com.android.wifi/app/WifiDialog@UE1A.230829.036.A1/WifiDialog.apk, primaryAbi=true, abi=x86_64, actualCompilerFilter=verify, status=PERFORMED, dex2oatWallTimeMillis=3031, dex2oatCpuTimeMillis=2630, sizeBytes=39140, sizeBeforeBytes=0}
04-15 17:03:28.482 664 685 W ziparchive: Unable to open '/apex/com.android.rkpd/priv-app/rkpdapp@UE1A.230829.036.A1/rkpdapp.dm': No such file or directory
04-15 17:03:28.482 664 685 W ziparchive: Unable to open '/apex/com.android.rkpd/priv-app/rkpdapp@UE1A.230829.036.A1/rkpdapp.dm': No such file or directory
04-15 17:03:28.502 664 685 I artd : Running dex2oat: /apex/com.android.art/bin/art_exec --drop-capabilities --keep-fds=7:8:9:10 -- /apex/com.android.art/bin/dex2oat64 --zip-fd=7 --zip-location=/apex/com.android.rkpd/priv-app/rkpdapp@UE1A.230829.036.A1/rkpdapp.apk --oat-fd=8 --oat-location=/data/dalvik-cache/x86_64/apex@com.android.rkpd@priv-app@rkpdapp@UE1A.230829.036.A1@rkpdapp.apk@classes.dex --output-vdex-fd=9 --swap-fd=10 --class-loader-context=PCL[] --classpath-dir=/apex/com.android.rkpd/priv-app/rkpdapp@UE1A.230829.036.A1 --instruction-set=x86_64 --instruction-set-features=default --instruction-set-variant=x86_64 --compiler-filter=verify --compilation-reason=first-boot --compact-dex-level=none --max-image-block-size=524288 --resolve-startup-const-strings=true --generate-mini-debug-info --runtime-arg -Xtarget-sdk-version:34 --runtime-arg -Xms64m --runtime-arg -Xmx512m --comments=app-version-name:14,app-version-code:34,art-version:342090000
04-15 17:03:28.502 664 685 I artd : Opened FDs: 7:/apex/com.android.rkpd/priv-app/rkpdapp@UE1A.230829.036.A1/rkpdapp.apk 8:/data/dalvik-cache/x86_64/apex@com.android.rkpd@priv-app@rkpdapp@UE1A.230829.036.A1@rkpdapp.apk@classes.dex.oVKWMF.tmp 9:/data/dalvik-cache/x86_64/apex@com.android.rkpd@priv-app@rkpdapp@UE1A.230829.036.A1@rkpdapp.apk@classes.vdex.Wi41IT.tmp 10:/data/dalvik-cache/x86_64/apex@com.android.rkpd@priv-app@rkpdapp@UE1A.230829.036.A1@rkpdapp.apk@classes.dex.swap.gm4MXB.tmp
04-15 17:03:29.501 727 727 W dex2oat64: Unexpected CPU variant for x86: x86_64.
04-15 17:03:29.501 727 727 W dex2oat64: Known variants: atom, sandybridge, silvermont, goldmont, goldmont-plus, tremont, kabylake, default
04-15 17:03:29.538 727 727 W dex2oat64: Mismatch between dex2oat instruction set features to use (ISA: X86_64 Feature string: -ssse3,-sse4.1,-sse4.2,-avx,-avx2,-popcnt) and those from CPP defines (ISA: X86_64 Feature string: ssse3,sse4.1,sse4.2,-avx,-avx2,popcnt) for the command line:
04-15 17:03:29.538 727 727 W dex2oat64: /apex/com.android.art/bin/dex2oat64 --zip-fd=7 --zip-location=/apex/com.android.rkpd/priv-app/rkpdapp@UE1A.230829.036.A1/rkpdapp.apk --oat-fd=8 --oat-location=/data/dalvik-cache/x86_64/apex@com.android.rkpd@priv-app@rkpdapp@UE1A.230829.036.A1@rkpdapp.apk@classes.dex --output-vdex-fd=9 --swap-fd=10 --class-loader-context=PCL[] --classpath-dir=/apex/com.android.rkpd/priv-app/rkpdapp@UE1A.230829.036.A1 --instruction-set=x86_64 --instruction-set-features=default --instruction-set-variant=x86_64 --compiler-filter=verify --compilation-reason=first-boot --compact-dex-level=none --max-image-block-size=524288 --resolve-startup-const-strings=true --generate-mini-debug-info --runtime-arg -Xtarget-sdk-version:34 --runtime-arg -Xms64m --runtime-arg -Xmx512m --comments=app-version-name:14,app-version-code:34,art-version:342090000
04-15 17:03:29.545 727 727 I dex2oat64: /apex/com.android.art/bin/dex2oat64 --output-vdex-fd=9 --class-loader-context=PCL[] --classpath-dir=/apex/com.android.rkpd/priv-app/rkpdapp@UE1A.230829.036.A1 --compiler-filter=verify --compilation-reason=first-boot --compact-dex-level=none --max-image-block-size=524288 --resolve-startup-const-strings=true --generate-mini-debug-info --comments=app-version-name:14,app-version-code:34,art-version:342090000
04-15 17:03:29.675 727 727 I dex2oat64: Using CollectorTypeCC GC.
04-15 17:03:31.484 727 727 I dex2oat64: dex2oat took 2.023s (1.882s cpu) (threads: 2) arena alloc=0B (0B) java alloc=496KB (508240B) native alloc=1205KB (1234816B) free=781KB (800112B)
04-15 17:03:31.584 664 685 I artd : dex2oat returned code 0
04-15 17:03:31.587 536 662 I ArtService: Dexopt result: [packageName = com.android.rkpdapp] DexContainerFileDexoptResult{dexContainerFile=/apex/com.android.rkpd/priv-app/rkpdapp@UE1A.230829.036.A1/rkpdapp.apk, primaryAbi=true, abi=x86_64, actualCompilerFilter=verify, status=PERFORMED, dex2oatWallTimeMillis=3079, dex2oatCpuTimeMillis=2550, sizeBytes=42040, sizeBeforeBytes=0}
04-15 17:03:31.616 664 685 W ziparchive: Unable to open '/apex/com.android.cellbroadcast/priv-app/CellBroadcastServiceModule@UE1A.230829.036.A1/CellBroadcastServiceModule.dm': No such file or directory
04-15 17:03:31.617 664 685 W ziparchive: Unable to open '/apex/com.android.cellbroadcast/priv-app/CellBroadcastServiceModule@UE1A.230829.036.A1/CellBroadcastServiceModule.dm': No such file or directory
04-15 17:03:31.646 664 685 I artd : Running dex2oat: /apex/com.android.art/bin/art_exec --drop-capabilities --keep-fds=7:8:9:10 -- /apex/com.android.art/bin/dex2oat64 --zip-fd=7 --zip-location=/apex/com.android.cellbroadcast/priv-app/CellBroadcastServiceModule@UE1A.230829.036.A1/CellBroadcastServiceModule.apk --oat-fd=8 --oat-location=/data/dalvik-cache/x86_64/apex@com.android.cellbroadcast@priv-app@CellBroadcastServiceModule@UE1A.230829.036.A1@CellBroadcastServiceModule.apk@classes.dex --output-vdex-fd=9 --swap-fd=10 --class-loader-context=PCL[] --classpath-dir=/apex/com.android.cellbroadcast/priv-app/CellBroadcastServiceModule@UE1A.230829.036.A1 --instruction-set=x86_64 --instruction-set-features=default --instruction-set-variant=x86_64 --compiler-filter=verify --compilation-reason=first-boot --compact-dex-level=none --max-image-block-size=524288 --resolve-startup-const-strings=true --generate-mini-debug-info --runtime-arg -Xtarget-sdk-version:34 --runtime-arg -Xms64m --runtime-arg -Xmx512m --comments=app-version-name:R-initial,app-version-code:300000000,art-version:342090000
04-15 17:03:31.646 664 685 I artd : Opened FDs: 7:/apex/com.android.cellbroadcast/priv-app/CellBroadcastServiceModule@UE1A.230829.036.A1/CellBroadcastServiceModule.apk 8:/data/dalvik-cache/x86_64/apex@com.android.cellbroadcast@priv-app@CellBroadcastServiceModule@UE1A.230829.036.A1@CellBroadcastServiceModule.apk@classes.dex.kNrh7y.tmp 9:/data/dalvik-cache/x86_64/apex@com.android.cellbroadcast@priv-app@CellBroadcastServiceModule@UE1A.230829.036.A1@CellBroadcastServiceModule.apk@classes.vdex.kdTV02.tmp 10:/data/dalvik-cache/x86_64/apex@com.android.cellbroadcast@priv-app@CellBroadcastServiceModule@UE1A.230829.036.A1@CellBroadcastServiceModule.apk@classes.dex.swap.YVKNHd.tmp
04-15 17:03:32.269 735 735 W dex2oat64: Unexpected CPU variant for x86: x86_64.
04-15 17:03:32.269 735 735 W dex2oat64: Known variants: atom, sandybridge, silvermont, goldmont, goldmont-plus, tremont, kabylake, default
04-15 17:03:32.302 735 735 W dex2oat64: Mismatch between dex2oat instruction set features to use (ISA: X86_64 Feature string: -ssse3,-sse4.1,-sse4.2,-avx,-avx2,-popcnt) and those from CPP defines (ISA: X86_64 Feature string: ssse3,sse4.1,sse4.2,-avx,-avx2,popcnt) for the command line:
04-15 17:03:32.302 735 735 W dex2oat64: /apex/com.android.art/bin/dex2oat64 --zip-fd=7 --zip-location=/apex/com.android.cellbroadcast/priv-app/CellBroadcastServiceModule@UE1A.230829.036.A1/CellBroadcastServiceModule.apk --oat-fd=8 --oat-location=/data/dalvik-cache/x86_64/apex@com.android.cellbroadcast@priv-app@CellBroadcastServiceModule@UE1A.230829.036.A1@CellBroadcastServiceModule.apk@classes.dex --output-vdex-fd=9 --swap-fd=10 --class-loader-context=PCL[] --classpath-dir=/apex/com.android.cellbroadcast/priv-app/CellBroadcastServiceModule@UE1A.230829.036.A1 --instruction-set=x86_64 --instruction-set-features=default --instruction-set-variant=x86_64 --compiler-filter=verify --compilation-reason=first-boot --compact-dex-level=none --max-image-block-size=524288 --resolve-startup-const-strings=true --generate-mini-debug-info --runtime-arg -Xtarget-sdk-version:34 --runtime-arg -Xms64m --runtime-arg -Xmx512m --comments=app-version-name:R-initial,app-version-code:300000000,art-version:342090000
04-15 17:03:32.310 735 735 I dex2oat64: /apex/com.android.art/bin/dex2oat64 --output-vdex-fd=9 --class-loader-context=PCL[] --classpath-dir=/apex/com.android.cellbroadcast/priv-app/CellBroadcastServiceModule@UE1A.230829.036.A1 --compiler-filter=verify --compilation-reason=first-boot --compact-dex-level=none --max-image-block-size=524288 --resolve-startup-const-strings=true --generate-mini-debug-info --comments=app-version-name:R-initial,app-version-code:300000000,art-version:342090000
04-15 17:03:32.421 735 735 I dex2oat64: Using CollectorTypeCC GC.
04-15 17:03:33.654 735 735 I dex2oat64: dex2oat took 1.420s (1.250s cpu) (threads: 2) arena alloc=0B (0B) java alloc=64KB (66032B) native alloc=1111KB (1137680B) free=817KB (837344B)
04-15 17:03:33.696 664 685 I artd : dex2oat returned code 0
04-15 17:03:33.704 536 662 I ArtService: Dexopt result: [packageName = com.android.cellbroadcastservice] DexContainerFileDexoptResult{dexContainerFile=/apex/com.android.cellbroadcast/priv-app/CellBroadcastServiceModule@UE1A.230829.036.A1/CellBroadcastServiceModule.apk, primaryAbi=true, abi=x86_64, actualCompilerFilter=verify, status=PERFORMED, dex2oatWallTimeMillis=2041, dex2oatCpuTimeMillis=1710, sizeBytes=23252, sizeBeforeBytes=0}
04-15 17:03:33.722 664 685 W ziparchive: Unable to open '/apex/com.android.extservices/priv-app/ExtServices@UE1A.230829.036.A1/ExtServices.dm': No such file or directory
04-15 17:03:33.722 664 685 W ziparchive: Unable to open '/apex/com.android.extservices/priv-app/ExtServices@UE1A.230829.036.A1/ExtServices.dm': No such file or directory
