04-15 17:05:09.474 0 0 I init : Command 'exec_background - system log -- /system/bin/bootstat --record_boot_complete --record_boot_reason --record_time_since_factory_reset -l' action=sys.boot_completed=1 && sys.bootstat.first_boot_completed=0 (/system/etc/init/bootstat.rc:72) took 155ms and succeeded
04-15 17:05:09.478 1478 1478 D vold_prepare_subdirs: Setting up mode 771 uid 0 gid 1000 context u:object_r:apex_system_server_data_file:s0 on path: /data/misc_ce/0/apexdata/com.android.permission
04-15 17:05:09.482 536 536 W Looper : Slow dispatch took 888ms main h=com.android.server.notification.NotificationManagerService$WorkerHandler c=com.android.server.notification.NotificationManagerService$11$1@1548e3c m=0
04-15 17:05:09.482 0 0 I init : processing action (sys.boot_completed=1) from (/system/etc/init/dmesgd.rc:4)
04-15 17:05:09.489 0 0 I init : processing action (sys.boot_completed=1) from (/system/etc/init/flags_health_check.rc:7)
04-15 17:05:09.486 1478 1478 D vold_prepare_subdirs: Setting up mode 771 uid 0 gid 1000 context u:object_r:apex_module_data_file:s0 on path: /data/misc_ce/0/apexdata/com.android.virt
04-15 17:05:09.497 1478 1478 D vold_prepare_subdirs: Setting up mode 771 uid 0 gid 1000 context u:object_r:apex_module_data_file:s0 on path: /data/misc_ce/0/apexdata/com.android.os.statsd
04-15 17:05:09.499 1478 1478 D vold_prepare_subdirs: Setting up mode 771 uid 0 gid 1000 context u:object_r:apex_module_data_file:s0 on path: /data/misc_ce/0/apexdata/com.android.rkpd
04-15 17:05:09.501 1478 1478 D vold_prepare_subdirs: Setting up mode 771 uid 0 gid 1000 context u:object_r:apex_module_data_file:s0 on path: /data/misc_ce/0/apexdata/com.android.btservices
04-15 17:05:09.502 1478 1478 D vold_prepare_subdirs: Setting up mode 771 uid 0 gid 1000 context u:object_r:apex_module_data_file:s0 on path: /data/misc_ce/0/apexdata/com.android.devicelock
04-15 17:05:09.527 1478 1478 D vold_prepare_subdirs: Setting up mode 771 uid 0 gid 1000 context u:object_r:apex_module_data_file:s0 on path: /data/misc_ce/0/apexdata/com.android.healthfitness
04-15 17:05:09.535 1478 1478 D vold_prepare_subdirs: Setting up mode 771 uid 0 gid 1000 context u:object_r:apex_module_data_file:s0 on path: /data/misc_ce/0/apexdata/com.android.sdkext
04-15 17:05:09.554 1478 1478 D vold_prepare_subdirs: Setting up mode 771 uid 0 gid 1000 context u:object_r:apex_module_data_file:s0 on path: /data/misc_ce/0/apexdata/com.android.runtime
04-15 17:05:09.564 1478 1478 D vold_prepare_subdirs: Setting up mode 771 uid 0 gid 1000 context u:object_r:apex_module_data_file:s0 on path: /data/misc_ce/0/apexdata/com.android.vndk.v34
04-15 17:05:09.582 0 0 I init : Command 'setprop persist.device_config.attempted_boot_count 0' action=sys.boot_completed=1 (/system/etc/init/flags_health_check.rc:8) took 92ms and succeeded
04-15 17:05:09.582 0 0 I init : processing action (persist.dbg.keep_debugfs_mounted= && ro.product.debugfs_restrictions.enabled=true && sys.boot_completed=1) from (/system/etc/init/init-debug.rc:15)
04-15 17:05:09.614 0 0 I init : processing action (sys.boot_completed=1) from (/system/etc/init/logd.rc:34)
04-15 17:05:09.609 1478 1478 D vold_prepare_subdirs: Setting up mode 771 uid 0 gid 1000 context u:object_r:apex_module_data_file:s0 on path: /data/misc_ce/0/apexdata/com.android.i18n
04-15 17:05:09.618 1478 1478 D vold_prepare_subdirs: Setting up mode 771 uid 0 gid 1000 context u:object_r:apex_module_data_file:s0 on path: /data/misc_ce/0/apexdata/com.android.tzdata
04-15 17:05:09.633 0 0 I init : starting service 'logd-auditctl'...
04-15 17:05:09.634 1478 1478 D vold_prepare_subdirs: Setting up mode 771 uid 0 gid 1000 context u:object_r:apex_module_data_file:s0 on path: /data/misc_ce/0/apexdata/sharedlibs
04-15 17:05:09.665 536 815 E WifiChipAidlImpl: getUsableChannels failed with service-specific exception: android.os.ServiceSpecificException: (code 4)
04-15 17:05:09.693 1478 1478 D vold_prepare_subdirs: Setting up mode 770 uid 1000 gid 2001 context u:object_r:checkin_data_file:s0:c512,c768 on path: /data/misc_ce/0/checkin
04-15 17:05:09.701 1478 1478 D vold_prepare_subdirs: Setting up mode 700 uid 1000 gid 1000 context u:object_r:backup_data_file:s0 on path: /data/system_ce/0/backup
04-15 17:05:09.709 1478 1478 D vold_prepare_subdirs: Setting up mode 700 uid 1000 gid 1000 context u:object_r:backup_data_file:s0 on path: /data/system_ce/0/backup_stage
04-15 17:05:09.737 0 0 I init : ... started service 'logd-auditctl' has pid 1487
04-15 17:05:09.749 0 0 I init : Command 'start logd-auditctl' action=sys.boot_completed=1 (/system/etc/init/logd.rc:35) took 122ms and succeeded
04-15 17:05:09.749 0 0 I init : processing action (sys.boot_completed=1) from (/system/etc/init/perfetto.rc:130)
04-15 17:05:09.750 0 0 I init : starting service 'exec 22 (/system/bin/perfetto -c /data/misc/perfetto-configs/stopboottracetrigger.pbtxt --txt)'...
04-15 17:05:09.714 1478 1478 D vold_prepare_subdirs: Setting up mode 700 uid 1000 gid 1000 context u:object_r:face_vendor_data_file:s0 on path: /data/vendor_ce/0/facedata
04-15 17:05:09.825 896 1407 D CCodecBufferChannel: [c2.android.vorbis.decoder#937] MediaCodec discarded an unknown buffer
04-15 17:05:09.840 896 1407 D CCodecBufferChannel: [c2.android.vorbis.decoder#937] MediaCodec discarded an unknown buffer
04-15 17:05:09.845 896 1407 D CCodecBufferChannel: [c2.android.vorbis.decoder#937] MediaCodec discarded an unknown buffer
04-15 17:05:09.855 536 609 W ActivityManager: Slow operation: 655ms so far, now at finishAttachApplicationInner: after mServices.attachApplicationLocked
04-15 17:05:09.871 896 896 D KeyguardTransitionCoreStartable: Started com.android.systemui.keyguard.domain.interactor.FromOccludedTransitionInteractor@b23f6db
04-15 17:05:09.917 0 0 I init : ... started service 'exec 22 (/system/bin/perfetto -c /data/misc/perfetto-configs/stopboottracetrigger.pbtxt --txt)' has pid 1489
04-15 17:05:09.918 0 0 I init : SVC_EXEC service 'exec 22 (/system/bin/perfetto -c /data/misc/perfetto-configs/stopboottracetrigger.pbtxt --txt)' pid 1489 (uid 0 gid 0+0 context default) started; waiting...
04-15 17:05:09.918 0 0 I init : Command 'exec -- /system/bin/perfetto -c /data/misc/perfetto-configs/stopboottracetrigger.pbtxt --txt' action=sys.boot_completed=1 (/system/etc/init/perfetto.rc:131) took 168ms and succeeded
04-15 17:05:09.945 896 1024 D WallpaperService: Wallpaper has updated the surface:null
04-15 17:05:10.061 896 1407 I hw-BpHwBinder: onLastStrongRef automatically unlinking death recipients
04-15 17:05:10.090 896 1403 D MediaCodec: flushMediametrics
04-15 17:05:10.164 447 447 I hw-BpHwBinder: onLastStrongRef automatically unlinking death recipients
04-15 17:05:10.165 447 447 I hw-BpHwBinder: onLastStrongRef automatically unlinking death recipients
04-15 17:05:10.209 536 609 W ActivityManager: Slow operation: 1009ms so far, now at finishAttachApplicationInner: after dispatching broadcasts
04-15 17:05:10.225 536 560 W system_server: Long monitor contention with owner binder:536_3 (609) at void com.android.server.am.ActivityManagerService.finishAttachApplicationInner(long, int, int)(ActivityManagerService.java:4940) waiters=0 in android.app.ActivityManagerInternal$ServiceNotificationPolicy com.android.server.am.ActivityManagerService$LocalService.applyForegroundServiceNotification(android.app.Notification, java.lang.String, int, java.lang.String, int) for 1.151s
04-15 17:05:10.248 536 560 V ActivityManagerTiming: FinishBooting took to complete: 4906ms
04-15 17:05:10.275 1440 1440 D CompatibilityChangeReporter: Compat change id reported: 171979766; UID 10107; state: DISABLED
04-15 17:05:10.277 1440 1440 D CompatibilityChangeReporter: Compat change id reported: 242716250; UID 10107; state: DISABLED
04-15 17:05:10.330 536 557 V UserDataPreparer: Found /data/user/0 with serial number 0
04-15 17:05:10.331 536 557 V UserDataPreparer: Found /data/system_ce/0 with serial number -1
04-15 17:05:10.331 536 557 D UserDataPreparer: Serial number missing on /data/system_ce/0; assuming current is valid
04-15 17:05:10.352 536 878 W system_server: Long monitor contention with owner binder:536_3 (609) at void com.android.server.am.ActivityManagerService.finishAttachApplicationInner(long, int, int)(ActivityManagerService.java:4940) waiters=1 in int com.android.server.am.ActivityManagerService.bindServiceInstance(android.app.IApplicationThread, android.os.IBinder, android.content.Intent, java.lang.String, android.app.IServiceConnection, long, java.lang.String, boolean, int, java.lang.String, android.app.IApplicationThread, java.lang.String, int) for 1.234s
04-15 17:05:10.358 1484 1484 I bootstat: Service started: /system/bin/bootstat --record_boot_complete --record_boot_reason --record_time_since_factory_reset -l
04-15 17:05:10.369 536 609 D CompatibilityChangeReporter: Compat change id reported: 170503758; UID 10107; state: DISABLED
04-15 17:05:10.374 1484 1484 E bootstat: Failed to read /data/misc/bootstat/last_boot_time_utc: No such file or directory
04-15 17:05:10.374 1484 1484 E bootstat: Failed to parse boot time record: /data/misc/bootstat/last_boot_time_utc
04-15 17:05:10.377 1484 1484 E bootstat: Failed to read /data/misc/bootstat/build_date: No such file or directory
04-15 17:05:10.382 1484 1484 E bootstat: Failed to parse boot time record: /data/misc/bootstat/build_date
04-15 17:05:10.383 1484 1484 I bootstat: Canonical boot reason: reboot,factory_reset
04-15 17:05:10.413 1440 1440 D CompatibilityChangeReporter: Compat change id reported: 3400644; UID 10107; state: DISABLED
04-15 17:05:10.417 536 878 D OomAdjuster: Not killing cached processes
04-15 17:05:10.422 1489 1489 E perfetto: perfetto_cmd.cc:385 Could not open /data/misc/perfetto-configs/stopboottracetrigger.pbtxt (errno: 2, No such file or directory)
04-15 17:05:10.424 536 558 W Looper : Drained
04-15 17:05:10.431 536 567 W system_server: Long monitor contention with owner binder:536_3 (609) at void com.android.server.am.ActivityManagerService.finishAttachApplicationInner(long, int, int)(ActivityManagerService.java:4940) waiters=2 in boolean com.android.server.am.BroadcastQueueModernImpl.lambda$new$0(android.os.Message) for 666ms
04-15 17:05:10.466 0 0 I init : Service 'exec 22 (/system/bin/perfetto -c /data/misc/perfetto-configs/stopboottracetrigger.pbtxt --txt)' (pid 1489) exited with status 1 waiting took 0.596000 seconds
04-15 17:05:10.466 0 0 I init : Sending signal 9 to service 'exec 22 (/system/bin/perfetto -c /data/misc/perfetto-configs/stopboottracetrigger.pbtxt --txt)' (pid 1489) process group...
04-15 17:05:10.466 0 0 I libprocessgroup: Successfully killed process cgroup uid 0 pid 1489 in 0ms
04-15 17:05:10.467 0 0 I init : processing action (sys.boot_completed=1 && sys.wifitracing.started=0) from (/system/etc/init/wifi.rc:28)
04-15 17:05:10.469 0 0 E selinux : SELinux: Could not get canonical path for /sys/kernel/debug/tracing/instances/wifi restorecon: No such file or directory.
04-15 17:05:10.469 536 567 W ActivityManager: Timeout executing service: ServiceRecord{ede719c u0 com.android.systemui/.keyguard.KeyguardService}
04-15 17:05:10.516 1440 1440 D nativeloader: InitLlndkLibrariesProduct: libEGL.so:libGLESv1_CM.so:libGLESv2.so:libGLESv3.so:libRS.so:libandroid_net.so:libbinder_ndk.so:libc.so:libcgrouprc.so:libclang_rt.asan-x86_64-android.so:libcom.android.tethering.connectivity_native.so:libdl.so:libft2.so:liblog.so:libm.so:libmediandk.so:libnativewindow.so:libneuralnetworks.so:libselinux.so:libsync.so:libvndksupport.so:libvulkan.so
04-15 17:05:10.517 1440 1440 D nativeloader: Configuring product-clns-6 for unbundled product apk /product/app/LatinIME/LatinIME.apk. target_sdk_version=30, uses_libraries=, library_path=/product/app/LatinIME/lib/x86_64:/product/app/LatinIME/LatinIME.apk!/lib/x86_64:/product/lib64:/system/product/lib64, permitted_path=/data:/mnt/expand:/data/user_de/0/com.android.inputmethod.latin:/product/lib64:/system/product/lib64
04-15 17:05:10.522 536 560 I InputManager: Enabling motion classifier because user switched: feature enabled, long press timeout = 400
04-15 17:05:10.526 1440 1440 D nativeloader: InitVndkspLibrariesProduct: android.hardware.common-V2-ndk.so:android.hardware.common.fmq-V1-ndk.so:android.hardware.graphics.allocator-V2-ndk.so:android.hardware.graphics.common-V4-ndk.so:android.hardware.graphics.common@1.0.so:android.hardware.graphics.common@1.1.so:android.hardware.graphics.common@1.2.so:android.hardware.graphics.composer3-V1-ndk.so:android.hardware.graphics.mapper@2.0.so:android.hardware.graphics.mapper@2.1.so:android.hardware.graphics.mapper@3.0.so:android.hardware.graphics.mapper@4.0.so:android.hardware.renderscript@1.0.so:android.hidl.memory.token@1.0.so:android.hidl.memory@1.0-impl.so:android.hidl.memory@1.0.so:android.hidl.safe_union@1.0.so:libRSCpuRef.so:libRSDriver.so:libRS_internal.so:libbase.so:libbcinfo.so:libblas.so:libc++.so:libcompiler_rt.so:libcutils.so:libdmabufheap.so:libgralloctypes.so:libhardware.so:libhidlbase.so:libhidlmemory.so:libion.so:libjsoncpp.so:liblzma.so:libprocessgroup.so:libunwindstack.so:libutils.so:libutilscallstack.so:libz.so
04-15 17:05:10.540 536 560 I InputProcessor: Enabling motion classifier
04-15 17:05:10.582 1484 1484 E bootstat: Failed to read /data/misc/bootstat/factory_reset: No such file or directory
04-15 17:05:10.583 1484 1484 E bootstat: Failed to parse boot time record: /data/misc/bootstat/factory_reset
04-15 17:05:10.596 536 536 W Looper : Slow dispatch took 472ms main h=com.android.server.notification.NotificationManagerService$WorkerHandler c=com.android.server.notification.NotificationManagerService$11$1@5dd9e27 m=0
04-15 17:05:10.600 536 878 W Looper : Slow dispatch took 1433ms android.perm h=android.os.Handler c=com.android.internal.infra.ServiceConnector$Impl$$ExternalSyntheticLambda2@eafaf04 m=0
04-15 17:05:10.640 1484 1484 W bootstat: LogBootEvents, atomInfo not defined for events:last_boot_time_utc,build_date,ro.boottime.init.cold_boot_wait,boot_reason,system_boot_reason
04-15 17:05:10.672 896 1403 D MediaCodecList: codecHandlesFormat: no format, so no extra checks
04-15 17:05:10.706 896 1494 D CCodec : allocate(c2.android.vorbis.decoder)
04-15 17:05:10.722 896 946 W OpenGLRenderer: Failed to initialize 101010-2 format, error = EGL_SUCCESS
04-15 17:05:10.751 1440 1440 V GraphicsEnvironment: Currently set values for:
04-15 17:05:10.753 536 551 W system_server: Long monitor contention with owner ActivityManager (567) at void com.android.server.am.ActiveServices.serviceTimeout(com.android.server.am.ProcessRecord)(ActiveServices.java:6780) waiters=1 in void com.android.server.am.ActivityManagerService.publishService(android.os.IBinder, android.content.Intent, android.os.IBinder) for 219ms
04-15 17:05:10.755 536 995 W system_server: Long monitor contention with owner ActivityManager (567) at void com.android.server.am.ActiveServices.serviceTimeout(com.android.server.am.ProcessRecord)(ActiveServices.java:6780) waiters=2 in void com.android.server.am.ActivityManagerService.serviceDoneExecuting(android.os.IBinder, int, int, int) for 219ms
04-15 17:05:10.752 1440 1440 V GraphicsEnvironment: angle_gl_driver_selection_pkgs=[]
04-15 17:05:10.764 1440 1440 V GraphicsEnvironment: angle_gl_driver_selection_values=[]
04-15 17:05:10.777 911 1074 I PermissionControllerServiceImpl: Updating user sensitive for user 0
04-15 17:05:10.779 1440 1440 V GraphicsEnvironment: ANGLE GameManagerService for com.android.inputmethod.latin: false
04-15 17:05:10.779 1440 1440 V GraphicsEnvironment: com.android.inputmethod.latin is not listed in per-application setting
04-15 17:05:10.780 896 1494 I CCodec : setting up 'default' as default (vendor) store
04-15 17:05:10.783 1440 1440 V GraphicsEnvironment: Neither updatable production driver nor prerelease driver is supported.
04-15 17:05:10.798 536 557 D UserDataPreparer: Setting property: sys.user.0.ce_available=true
04-15 17:05:10.828 536 557 V SystemServerTiming: prepareUserData-0 took to complete: 2073ms
04-15 17:05:10.829 536 557 D SystemServerTiming: reconcileAppsData-0
04-15 17:05:10.829 536 557 V PackageManager: reconcileAppsData for null u0 0x2 migrateAppData=true
04-15 17:05:10.847 0 0 I servicemanager: Could not find android.hardware.input.processor.IInputProcessor/default in the VINTF manifest.
04-15 17:05:10.841 536 1497 I InputProcessor: HAL android.hardware.input.processor.IInputProcessor/default is not declared
04-15 17:05:10.858 536 536 W Looper : Slow dispatch took 260ms main h=com.android.server.alarm.AlarmManagerService$AlarmHandler c=com.android.server.alarm.AlarmManagerService$3$$ExternalSyntheticLambda0@5ae1a0f m=0
04-15 17:05:10.863 536 815 I SsidTranslator: Locale language changed to en, alternate charset is now null
04-15 17:05:10.927 896 945 W Looper : Slow dispatch took 2216ms SysUiBg h=android.os.Handler c=android.hardware.camera2.CameraManager$CameraManagerGlobal$$ExternalSyntheticLambda2@afa8766 m=0
04-15 17:05:10.938 896 1494 I CCodec : Created component [c2.android.vorbis.decoder]
04-15 17:05:10.939 896 1494 D CCodecConfig: read media type: audio/vorbis
04-15 17:05:11.029 896 1494 D ReflectedParamUpdater: extent() != 1 for single value type: algo.buffers.max-count.values
04-15 17:05:11.031 896 1494 D ReflectedParamUpdater: extent() != 1 for single value type: output.subscribed-indices.values
04-15 17:05:11.061 1215 1234 I ndroid.settings: Background concurrent copying GC freed 12324(726KB) AllocSpace objects, 2(104KB) LOS objects, 49% free, 2280KB/4560KB, paused 290us,53us total 111.841ms
04-15 17:05:11.062 896 1494 D ReflectedParamUpdater: extent() != 1 for single value type: input.buffers.allocator-ids.values
04-15 17:05:11.070 896 1494 D ReflectedParamUpdater: extent() != 1 for single value type: output.buffers.allocator-ids.values
04-15 17:05:11.076 896 1494 D ReflectedParamUpdater: extent() != 1 for single value type: algo.buffers.allocator-ids.values
04-15 17:05:11.081 896 1494 D ReflectedParamUpdater: extent() != 1 for single value type: output.buffers.pool-ids.values
04-15 17:05:11.088 896 1494 D ReflectedParamUpdater: extent() != 1 for single value type: algo.buffers.pool-ids.values
04-15 17:05:11.117 896 1494 I CCodecConfig: query failed after returning 7 values (BAD_INDEX)
04-15 17:05:11.118 896 1494 D CCodecConfig: c2 config diff is Dict {
04-15 17:05:11.118 896 1494 D CCodecConfig: c2::u32 coded.bitrate.value = 64000
04-15 17:05:11.118 896 1494 D CCodecConfig: c2::u32 input.buffers.max-size.value = 32768
04-15 17:05:11.118 896 1494 D CCodecConfig: c2::u32 input.delay.value = 0
04-15 17:05:11.118 896 1494 D CCodecConfig: string input.media-type.value = "audio/vorbis"
04-15 17:05:11.118 896 1494 D CCodecConfig: string output.media-type.value = "audio/raw"
04-15 17:05:11.118 896 1494 D CCodecConfig: c2::u32 raw.channel-count.value = 1
04-15 17:05:11.118 896 1494 D CCodecConfig: c2::u32 raw.sample-rate.value = 48000
04-15 17:05:11.118 896 1494 D CCodecConfig: }
04-15 17:05:11.129 896 1494 D MediaCodec: flushMediametrics
04-15 17:05:11.130 896 1494 D CCodec : [c2.android.vorbis.decoder] buffers are bound to CCodec for this session
04-15 17:05:11.131 896 1494 D CCodecConfig: no c2 equivalents for durationUs
04-15 17:05:11.131 896 1494 D CCodecConfig: no c2 equivalents for track-id
04-15 17:05:11.136 896 1494 D CCodecConfig: no c2 equivalents for csd-1
04-15 17:05:11.136 896 1494 D CCodecConfig: no c2 equivalents for flags
04-15 17:05:11.139 896 1494 D CCodecConfig: c2 config diff is c2::u32 coded.bitrate.value = 160000
04-15 17:05:11.139 896 1494 D CCodecConfig: c2::u32 raw.channel-count.value = 2
04-15 17:05:11.139 896 1494 D CCodecConfig: c2::u32 raw.sample-rate.value = 44100
04-15 17:05:11.145 896 1494 W Codec2Client: query -- param skipped: index = 1107298332.
04-15 17:05:11.146 896 1494 D CCodec : encoding statistics level = 0
04-15 17:05:11.147 896 1494 D CCodec : setup formats input: AMessage(what = 0x00000000) = {
04-15 17:05:11.147 896 1494 D CCodec : int32_t bitrate = 160000
04-15 17:05:11.147 896 1494 D CCodec : int32_t channel-count = 2
04-15 17:05:11.147 896 1494 D CCodec : int32_t max-input-size = 32768
04-15 17:05:11.147 896 1494 D CCodec : string mime = "audio/vorbis"
04-15 17:05:11.147 896 1494 D CCodec : int32_t sample-rate = 44100
04-15 17:05:11.147 896 1494 D CCodec : }
04-15 17:05:11.149 896 1494 D CCodec : setup formats output: AMessage(what = 0x00000000) = {
04-15 17:05:11.149 896 1494 D CCodec : int32_t channel-count = 2
04-15 17:05:11.149 896 1494 D CCodec : string mime = "audio/raw"
04-15 17:05:11.149 896 1494 D CCodec : int32_t sample-rate = 44100
04-15 17:05:11.149 896 1494 D CCodec : int32_t channel-mask = 3
04-15 17:05:11.149 896 1494 D CCodec : int32_t android._config-pcm-encoding = 2
04-15 17:05:11.149 896 1494 D CCodec : }
04-15 17:05:11.150 896 1494 I CCodecConfig: query failed after returning 7 values (BAD_INDEX)
04-15 17:05:11.157 896 1494 W Codec2Client: query -- param skipped: index = 1342179345.
04-15 17:05:11.158 896 1494 W Codec2Client: query -- param skipped: index = 2415921170.
04-15 17:05:11.163 536 557 W PackageManager: Skipping preparing app data for com.android.configinfrastructure
04-15 17:05:11.210 536 557 W PackageManager: Skipping preparing app data for com.android.appsearch
04-15 17:05:11.213 896 1494 D CCodecBufferChannel: [c2.android.vorbis.decoder#884] Created input block pool with allocatorID 16 => poolID 18 - OK (0)
04-15 17:05:11.229 896 1494 I CCodecBufferChannel: [c2.android.vorbis.decoder#884] Created output block pool with allocatorID 16 => poolID 24 - OK
04-15 17:05:11.231 896 1494 D CCodecBufferChannel: [c2.android.vorbis.decoder#884] Configured output block pool ids 24 => OK
04-15 17:05:11.293 447 1499 D SimpleC2Component: Using output block pool with poolID 24 => got 24 - 0
04-15 17:05:11.350 0 0 I init : Command 'mkdir /sys/kernel/tracing/instances/wifi 711' action=sys.boot_completed=1 && sys.wifitracing.started=0 (/system/etc/init/wifi.rc:36) took 878ms and succeeded
04-15 17:05:11.350 0 0 I init : Service 'exec 21 (/system/bin/bootstat --record_boot_complete --record_boot_reason --record_time_since_factory_reset -l)' (pid 1484) exited with status 0 oneshot service took 2.006000 seconds in background
04-15 17:05:11.351 0 0 I init : Sending signal 9 to service 'exec 21 (/system/bin/bootstat --record_boot_complete --record_boot_reason --record_time_since_factory_reset -l)' (pid 1484) process group...
04-15 17:05:11.351 0 0 I libprocessgroup: Successfully killed process cgroup uid 1000 pid 1484 in 0ms
04-15 17:05:11.352 0 0 I init : Service 'logd-auditctl' (pid 1487) exited with status 0 oneshot service took 1.685000 seconds in background
04-15 17:05:11.352 0 0 I init : Sending signal 9 to service 'logd-auditctl' (pid 1487) process group...
04-15 17:05:11.356 536 557 W PackageManager: Skipping preparing app data for com.android.adservices
04-15 17:05:11.371 536 557 W PackageManager: Skipping preparing app data for com.android.scheduling
04-15 17:05:11.378 0 0 I libprocessgroup: Successfully killed process cgroup uid 1036 pid 1487 in 25ms
04-15 17:05:11.509 0 0 I init : Command 'write /sys/kernel/tracing/instances/wifi/events/cfg80211/cfg80211_gtk_rekey_notify/enable 1' action=sys.boot_completed=1 && sys.wifitracing.started=0 (/system/etc/init/wifi.rc:55) took 73ms and succeeded
04-15 17:05:11.547 0 0 I apexd : Deleting unused dm device com.android.apex.cts.shim
04-15 17:05:11.573 0 0 I init : Command 'write /sys/kernel/tracing/instances/wifi/events/cfg80211/rdev_assoc/enable 1' action=sys.boot_completed=1 && sys.wifitracing.started=0 (/system/etc/init/wifi.rc:57) took 61ms and succeeded
04-15 17:05:11.577 0 0 E apexd : Didn't generate uevent for [com.android.apex.cts.shim] removal
04-15 17:05:11.578 0 0 W apexd : Failed to delete dm-device com.android.apex.cts.shim
04-15 17:05:11.578 0 0 I apexd : Deleting unused dm device com.android.btservices
04-15 17:05:11.586 0 0 E apexd : Didn't generate uevent for [com.android.btservices] removal
04-15 17:05:11.586 0 0 W apexd : Failed to delete dm-device com.android.btservices
04-15 17:05:11.586 0 0 I apexd : Deleting unused dm device com.android.devicelock
04-15 17:05:11.587 0 0 E apexd : Didn't generate uevent for [com.android.devicelock] removal
04-15 17:05:11.587 0 0 W apexd : Failed to delete dm-device com.android.devicelock
04-15 17:05:11.593 0 0 I apexd : Deleting unused dm device com.android.healthfitness
04-15 17:05:11.594 0 0 E apexd : Didn't generate uevent for [com.android.healthfitness] removal
04-15 17:05:11.594 0 0 W apexd : Failed to delete dm-device com.android.healthfitness
04-15 17:05:11.594 0 0 I apexd : Deleting unused dm device com.android.i18n
04-15 17:05:11.596 0 0 E apexd : Didn't generate uevent for [com.android.i18n] removal
04-15 17:05:11.596 0 0 W apexd : Failed to delete dm-device com.android.i18n
04-15 17:05:11.608 0 0 I apexd : Deleting unused dm device com.android.os.statsd
04-15 17:05:11.618 0 0 E apexd : Didn't generate uevent for [com.android.os.statsd] removal
04-15 17:05:11.618 0 0 W apexd : Failed to delete dm-device com.android.os.statsd
04-15 17:05:11.618 0 0 I apexd : Deleting unused dm device com.android.rkpd
04-15 17:05:11.619 0 0 E apexd : Didn't generate uevent for [com.android.rkpd] removal
04-15 17:05:11.619 0 0 W apexd : Failed to delete dm-device com.android.rkpd
04-15 17:05:11.619 0 0 I apexd : Deleting unused dm device com.android.runtime
04-15 17:05:11.629 0 0 E apexd : Didn't generate uevent for [com.android.runtime] removal
04-15 17:05:11.629 0 0 W apexd : Failed to delete dm-device com.android.runtime
04-15 17:05:11.629 0 0 I apexd : Deleting unused dm device com.android.sdkext
04-15 17:05:11.630 0 0 E apexd : Didn't generate uevent for [com.android.sdkext] removal
04-15 17:05:11.630 0 0 W apexd : Failed to delete dm-device com.android.sdkext
04-15 17:05:11.630 0 0 I apexd : Deleting unused dm device com.android.tzdata
04-15 17:05:11.633 0 0 E apexd : Didn't generate uevent for [com.android.tzdata] removal
04-15 17:05:11.633 0 0 W apexd : Failed to delete dm-device com.android.tzdata
04-15 17:05:11.633 0 0 I apexd : Deleting unused dm device com.android.virt
04-15 17:05:11.635 0 0 E apexd : Didn't generate uevent for [com.android.virt] removal
04-15 17:05:11.635 0 0 W apexd : Failed to delete dm-device com.android.virt
04-15 17:05:11.636 0 0 I apexd : Deleting unused dm device com.android.vndk.v34
04-15 17:05:11.643 0 0 E apexd : Didn't generate uevent for [com.android.vndk.v34] removal
04-15 17:05:11.643 0 0 W apexd : Failed to delete dm-device com.android.vndk.v34
04-15 17:05:11.649 0 0 I init : Command 'write /sys/kernel/tracing/instances/wifi/events/cfg80211/rdev_auth/enable 1' action=sys.boot_completed=1 && sys.wifitracing.started=0 (/system/etc/init/wifi.rc:58) took 76ms and succeeded
04-15 17:05:11.704 0 0 I init : Command 'write /sys/kernel/tracing/instances/wifi/events/cfg80211/rdev_connect/enable 1' action=sys.boot_completed=1 && sys.wifitracing.started=0 (/system/etc/init/wifi.rc:59) took 54ms and succeeded
04-15 17:05:11.828 0 0 I init : Command 'write /sys/kernel/tracing/instances/wifi/events/cfg80211/rdev_set_default_mgmt_key/enable 1' action=sys.boot_completed=1 && sys.wifitracing.started=0 (/system/etc/init/wifi.rc:61) took 83ms and succeeded
04-15 17:05:11.902 0 0 I init : Command 'write /sys/kernel/tracing/instances/wifi/events/cfg80211/rdev_set_rekey_data/enable 1' action=sys.boot_completed=1 && sys.wifitracing.started=0 (/system/etc/init/wifi.rc:62) took 73ms and succeeded
04-15 17:05:11.933 536 557 W PackageManager: Skipping preparing app data for com.android.permission
04-15 17:05:11.969 536 536 W Looper : Slow dispatch took 567ms main h=android.os.Handler c=android.database.ContentObserver$$ExternalSyntheticLambda0@7a1c246 m=0
04-15 17:05:11.970 536 609 I ActivityManager: Flag disabled. Ignoring finishAttachApplication from uid: 10107. pid: 1440
04-15 17:05:11.986 536 1498 D ActivityManager: created ANR temporary file:/data/anr/temp_anr_3807512725489039057.txt
04-15 17:05:11.993 536 1498 I ActivityManager: Collecting stacks for pid 896 into temporary file temp_anr_3807512725489039057.txt
04-15 17:05:11.995 536 559 I DropBoxManagerService: add tag=system_server_strictmode isTagEnabled=true flags=0x2
04-15 17:05:12.000 536 822 D ConnectivityService: register offer from providerId 3 : NetworkOffer [ Provider Id (3) Score(Policies : EVER_EVALUATED&IS_UNMETERED&EVER_VALIDATED&IS_VALIDATED ; KeepConnected : 0) Caps [ Transports: WIFI Capabilities: NOT_METERED&INTERNET&NOT_RESTRICTED&TRUSTED&NOT_VPN&NOT_ROAMING&NOT_CONGESTED&NOT_SUSPENDED&NOT_VCN_MANAGED LinkUpBandwidth>=1048576Kbps LinkDnBandwidth>=1048576Kbps Specifier: UnderlyingNetworks: Null] Needed by []]
04-15 17:05:12.001 536 822 D ConnectivityService: register offer from providerId 4 : NetworkOffer [ Provider Id (4) Score(Policies : EVER_EVALUATED&IS_INVINCIBLE&IS_UNMETERED&EVER_VALIDATED&IS_VALIDATED ; KeepConnected : 0) Caps [ Transports: WIFI Capabilities: NOT_METERED&INTERNET&NOT_RESTRICTED&TRUSTED&NOT_VPN&NOT_ROAMING&NOT_CONGESTED&NOT_SUSPENDED&NOT_VCN_MANAGED LinkUpBandwidth>=1048576Kbps LinkDnBandwidth>=1048576Kbps Specifier: UnderlyingNetworks: Null] Needed by []]
04-15 17:05:12.003 536 822 D ConnectivityService: register offer from providerId 5 : NetworkOffer [ Provider Id (5) Score(Policies : EVER_EVALUATED&IS_INVINCIBLE&IS_UNMETERED&EVER_VALIDATED&IS_VALIDATED ; KeepConnected : 0) Caps [ Transports: WIFI Capabilities: NOT_METERED&INTERNET&TRUSTED&NOT_VPN&NOT_ROAMING&NOT_CONGESTED&NOT_SUSPENDED&NOT_VCN_MANAGED LinkUpBandwidth>=1048576Kbps LinkDnBandwidth>=1048576Kbps Specifier: UnderlyingNetworks: Null] Needed by []]
04-15 17:05:12.013 536 822 D ConnectivityService: register offer from providerId 6 : NetworkOffer [ Provider Id (6) Score(Policies : EVER_EVALUATED&IS_INVINCIBLE&IS_UNMETERED&EVER_VALIDATED&IS_VALIDATED ; KeepConnected : 0) Caps [ Transports: WIFI Capabilities: NOT_METERED&INTERNET&NOT_RESTRICTED&TRUSTED&NOT_VPN&NOT_ROAMING&NOT_CONGESTED&NOT_SUSPENDED&OEM_PAID&OEM_PRIVATE&NOT_VCN_MANAGED LinkUpBandwidth>=1048576Kbps LinkDnBandwidth>=1048576Kbps Specifier: UnderlyingNetworks: Null] Needed by []]
04-15 17:05:12.017 536 815 D WifiNetworkFactory: got request NetworkRequest [ REQUEST id=24, [ Capabilities: INTERNET&NOT_RESTRICTED&TRUSTED&NOT_VCN_MANAGED Uid: 10118 RequestorUid: 10118 RequestorPkg: com.android.systemui UnderlyingNetworks: Null] ]
04-15 17:05:12.033 0 0 I init : Command 'write /sys/kernel/tracing/instances/wifi/events/net/filter name==${wifi.interface:-wlan0}' action=sys.boot_completed=1 && sys.wifitracing.started=0 (/system/etc/init/wifi.rc:75) took 125ms and succeeded
04-15 17:05:12.051 536 815 D WifiConnectivityHelper: Firmware supported feature set: 19d81c8b8000019
04-15 17:05:12.051 536 973 D BufferPoolAccessor2.0: evictor expired: 5, evicted: 0
04-15 17:05:12.066 536 559 I DropBoxManagerService: add tag=system_server_strictmode isTagEnabled=true flags=0x2
04-15 17:05:12.074 536 815 D WifiConnectivityHelper: Firmware roaming is not supported
04-15 17:05:12.082 536 822 D ConnectivityService: register offer from providerId 7 : NetworkOffer [ Provider Id (7) Score(Policies : EVER_EVALUATED&IS_INVINCIBLE&IS_UNMETERED&EVER_VALIDATED&IS_VALIDATED ; KeepConnected : 0) Caps [ Transports: WIFI Capabilities: NOT_METERED&INTERNET&NOT_RESTRICTED&TRUSTED&NOT_VPN&NOT_ROAMING&NOT_CONGESTED&NOT_SUSPENDED&NOT_VCN_MANAGED LinkUpBandwidth>=1048576Kbps LinkDnBandwidth>=1048576Kbps Specifier: UnderlyingNetworks: Null] Needed by []]
04-15 17:05:12.105 536 557 W PackageManager: Skipping preparing app data for com.android.art
04-15 17:05:12.117 0 0 I init : Command 'write /sys/kernel/tracing/instances/wifi/events/net/net_dev_queue/enable 1' action=sys.boot_completed=1 && sys.wifitracing.started=0 (/system/etc/init/wifi.rc:76) took 76ms and succeeded
04-15 17:05:12.146 536 557 W PackageManager: Skipping preparing app data for com.android.uwb
04-15 17:05:12.152 1440 1440 I LatinIME: Hardware accelerated drawing: true
04-15 17:05:12.193 1440 1440 D WindowTokenClient: Only apply configuration update to Resources because shouldReportConfigChange is false.
04-15 17:05:12.193 1440 1440 D WindowTokenClient: android.window.WindowTokenClient.attachToDisplayArea:119 android.window.WindowContextController.attachToDisplayArea:107 android.window.WindowProviderService.attachBaseContext:208 android.app.Service.attach:982 android.app.ActivityThread.handleCreateService:4642
04-15 17:05:12.249 0 0 I init : Command 'write /sys/kernel/tracing/instances/wifi/events/net/netif_receive_skb/enable 1' action=sys.boot_completed=1 && sys.wifitracing.started=0 (/system/etc/init/wifi.rc:79) took 52ms and succeeded
04-15 17:05:12.255 0 0 I init : processing action (dev.bootcomplete=1 && vendor.qemu.dev.bootcomplete=0) from (/vendor/etc/init/hw/init.ranchu.rc:107)
04-15 17:05:12.264 0 0 I init : starting service 'qemu-props-bootcomplete'...
04-15 17:05:12.280 536 557 W PackageManager: Skipping preparing app data for com.android.tethering
04-15 17:05:12.371 0 0 I init : ... started service 'qemu-props-bootcomplete' has pid 1512
04-15 17:05:12.372 0 0 I init : Command 'start qemu-props-bootcomplete' action=dev.bootcomplete=1 && vendor.qemu.dev.bootcomplete=0 (/vendor/etc/init/hw/init.ranchu.rc:109) took 108ms and succeeded
04-15 17:05:12.390 0 0 I init : starting service 'ranchu-setup'...
04-15 17:05:12.438 0 0 I init : ... started service 'ranchu-setup' has pid 1513
04-15 17:05:12.438 0 0 I init : Command 'start ranchu-setup' action=dev.bootcomplete=1 && vendor.qemu.dev.bootcomplete=0 (/vendor/etc/init/hw/init.ranchu.rc:110) took 66ms and succeeded
04-15 17:05:12.439 0 0 I init : processing action (persist.sys.zram_enabled=1 && sys-boot-completed-set) from (/vendor/etc/init/hw/init.ranchu.rc:198)
04-15 17:05:12.459 536 547 W system_server: Suspending all threads took: 146.616ms
04-15 17:05:12.459 0 0 I zram0 : detected capacity change from 0 to 3032288
04-15 17:05:12.500 896 896 D KeyguardTransitionCoreStartable: Started com.android.systemui.keyguard.domain.interactor.FromGoneTransitionInteractor@4bf4fd5
04-15 17:05:12.505 536 557 W PackageManager: Skipping preparing app data for com.android.btservices
04-15 17:05:12.506 536 557 W PackageManager: Skipping preparing app data for com.android.media.swcodec
04-15 17:05:12.506 536 557 W PackageManager: Skipping preparing app data for com.android.conscrypt
04-15 17:05:12.507 536 557 W PackageManager: Skipping preparing app data for com.android.adbd
04-15 17:05:12.507 536 557 W PackageManager: Skipping preparing app data for com.android.i18n
04-15 17:05:12.507 536 557 W PackageManager: Skipping preparing app data for com.android.rkpd
04-15 17:05:12.507 536 557 W PackageManager: Skipping preparing app data for com.android.virt
04-15 17:05:12.507 536 557 W PackageManager: Skipping preparing app data for com.android.wifi
04-15 17:05:12.527 896 896 D KeyguardTransitionCoreStartable: Started com.android.systemui.keyguard.domain.interactor.FromAodTransitionInteractor@127ac8c
04-15 17:05:12.540 536 995 D CompatibilityChangeReporter: Compat change id reported: 168419799; UID 10124; state: DISABLED
04-15 17:05:12.573 536 995 D CompatibilityChangeReporter: Compat change id reported: 273564678; UID 10124; state: DISABLED
04-15 17:05:12.574 536 995 W ActivityManager: Slow operation: 343ms so far, now at attachApplicationLocked: immediately before bindApplication
04-15 17:05:12.600 0 0 I servicemanager: Could not find android.hardware.graphics.allocator.IAllocator/default in the VINTF manifest.
04-15 17:05:12.639 133 133 I hwservicemanager: getTransport: Cannot find entry android.hardware.graphics.mapper@4.0::IMapper/default in either framework or device VINTF manifest.
04-15 17:05:12.655 896 896 D KeyguardTransitionCoreStartable: Started com.android.systemui.keyguard.domain.interactor.FromDreamingTransitionInteractor@38613ea
04-15 17:05:12.736 536 557 W PackageManager: Skipping preparing app data for com.android.runtime
04-15 17:05:12.745 536 557 W PackageManager: Skipping preparing app data for com.android.devicelock
04-15 17:05:12.746 536 557 W PackageManager: Skipping preparing app data for com.android.apex.cts.shim
04-15 17:05:12.747 536 557 W PackageManager: Skipping preparing app data for com.android.neuralnetworks
04-15 17:05:12.769 896 946 I Gralloc4: mapper 4.x is not supported
04-15 17:05:12.857 536 558 W system_server: Weak pointer dereference blocked for 391 milliseconds.
04-15 17:05:12.859 536 646 W system_server: Weak pointer dereference blocked for 296 milliseconds.
04-15 17:05:12.865 536 646 W InputDispatcher: Excessive delay in interceptKeyBeforeDispatching; took 302 ms
04-15 17:05:12.880 536 578 W system_server: Weak pointer dereference blocked for 39 milliseconds.
04-15 17:05:13.050 536 995 W ActivityManager: Slow operation: 819ms so far, now at attachApplicationLocked: immediately after bindApplication
04-15 17:05:13.065 536 995 W ActivityManager: Slow operation: 834ms so far, now at attachApplicationLocked: after updateLruProcessLocked
04-15 17:05:13.073 0 0 I mkswap : Swapspace size: 1516140k, UUID=05a40b25-7d75-4ca0-9aa8-dddf552ca692
04-15 17:05:13.116 0 0 I : Adding 1516140k swap on /dev/block/zram0. Priority:-2 extents:1 across:1516140k SS
04-15 17:05:13.118 0 0 I init : Command 'swapon_all /vendor/etc/fstab.${ro.hardware}' action=persist.sys.zram_enabled=1 && sys-boot-completed-set (/vendor/etc/init/hw/init.ranchu.rc:199) took 678ms and succeeded
04-15 17:05:13.118 0 0 I init : Service 'qemu-props-bootcomplete' (pid 1512) exited with status 0 oneshot service took 0.846000 seconds in background
04-15 17:05:13.118 0 0 I init : Sending signal 9 to service 'qemu-props-bootcomplete' (pid 1512) process group...
04-15 17:05:13.119 0 0 I libprocessgroup: Successfully killed process cgroup uid 0 pid 1512 in 0ms
04-15 17:05:13.134 0 0 I init : processing action (bootreceiver.enable=1 && dmesgd.start=1 && ro.product.cpu.abilist64=*) from (/system/etc/init/dmesgd.rc:12)
04-15 17:05:13.135 0 0 I init : starting service 'dmesgd'...
04-15 17:05:13.257 1215 1215 D CompatibilityChangeReporter: Compat change id reported: 171228096; UID 1000; state: ENABLED
04-15 17:05:13.370 0 0 I init : ... started service 'dmesgd' has pid 1518
04-15 17:05:13.370 0 0 I init : Command 'start dmesgd' action=bootreceiver.enable=1 && dmesgd.start=1 && ro.product.cpu.abilist64=* (/system/etc/init/dmesgd.rc:13) took 235ms and succeeded
04-15 17:05:13.370 0 0 I init : Service 'ranchu-setup' (pid 1513) exited with status 0 oneshot service took 0.969000 seconds in background
04-15 17:05:13.367 536 559 I DropBoxManagerService: add tag=system_server_strictmode isTagEnabled=true flags=0x2
04-15 17:05:13.385 0 0 I init : Sending signal 9 to service 'ranchu-setup' (pid 1513) process group...
04-15 17:05:13.385 0 0 I libprocessgroup: Successfully killed process cgroup uid 0 pid 1513 in 0ms
04-15 17:05:13.426 0 0 I init : processing action (sys.user.0.ce_available=true) from (/system/etc/init/wifi.rc:21)
04-15 17:05:13.449 0 0 I init : processing action (sys.boot_completed=1 && sys.wifitracing.started=1 && wifi.interface=*) from (/system/etc/init/wifi.rc:98)
04-15 17:05:13.721 536 815 E WifiScoringParams: Invalid frequency(-1), using 5G as default rssi array
04-15 17:05:13.758 1518 1518 E dmesgd : /data/misc/dmesgd/sent_reports.txt is empty: No such file or directory
04-15 17:05:13.763 536 815 D WifiNetworkFactory: got request NetworkRequest [ REQUEST id=22, [ Capabilities: INTERNET&NOT_RESTRICTED&TRUSTED&NOT_VCN_MANAGED Uid: 10118 RequestorUid: 10118 RequestorPkg: com.android.systemui UnderlyingNetworks: Null] ]
04-15 17:05:14.249 374 612 W AudioFlinger: createTrack_l(): mismatch between requested flags (00000004) and output flags (00000002)
04-15 17:05:14.414 374 612 D AF::TrackHandle: OpPlayAudio: track:55 usage:13 not muted
04-15 17:05:14.691 536 557 W PackageManager: Skipping preparing app data for com.android.healthfitness
04-15 17:05:14.703 536 559 I DropBoxManagerService: add tag=system_server_strictmode isTagEnabled=true flags=0x2
04-15 17:05:14.784 536 995 W system_server: Long monitor contention with owner android.fg (557) at java.util.concurrent.CompletableFuture com.android.server.pm.AppDataHelper.prepareAppDataLeaf(com.android.server.pm.Installer$Batch, com.android.server.pm.pkg.AndroidPackage, int, int, int)(AppDataHelper.java:214) waiters=0 in void com.android.server.pm.PackageManagerService$PackageManagerInternalImpl.notifyPackageUse(java.lang.String, int) for 499ms
04-15 17:05:14.876 374 612 D audioserver: FGS Logger Transaction failed
04-15 17:05:14.877 374 612 D audioserver: -129
04-15 17:05:15.033 536 815 D WifiNetworkFactory: got request NetworkRequest [ REQUEST id=17, [ Capabilities: INTERNET&NOT_RESTRICTED&TRUSTED&NOT_VCN_MANAGED Uid: 1073 RequestorUid: 1073 RequestorPkg: com.android.networkstack UnderlyingNetworks: Null] ]
04-15 17:05:15.039 447 895 D BufferPoolAccessor2.0: bufferpool2 0x7aec69e56ed8 : 0(0 size) total buffers - 0(0 size) used buffers - 15/16 (recycle/alloc) - 1/15 (fetch/transfer)
04-15 17:05:15.039 447 895 D BufferPoolAccessor2.0: evictor expired: 1, evicted: 1
04-15 17:05:15.440 896 1421 D BufferPoolAccessor2.0: bufferpool2 0x702b28700458 : 0(0 size) total buffers - 0(0 size) used buffers - 2/7 (recycle/alloc) - 5/36 (fetch/transfer)
04-15 17:05:15.440 896 1421 D BufferPoolAccessor2.0: evictor expired: 1, evicted: 1
04-15 17:05:15.556 536 557 W PackageManager: Skipping preparing app data for com.android.resolv
04-15 17:05:15.557 536 557 W PackageManager: Skipping preparing app data for com.android.sdkext
04-15 17:05:15.557 536 557 W PackageManager: Skipping preparing app data for com.android.tzdata
04-15 17:05:15.557 536 557 W PackageManager: Skipping preparing app data for com.android.vndk.v34
04-15 17:05:15.558 536 557 W PackageManager: Skipping preparing app data for com.android.os.statsd
04-15 17:05:15.558 536 557 W PackageManager: Skipping preparing app data for com.android.extservices
04-15 17:05:15.558 536 557 W PackageManager: Skipping preparing app data for com.android.cellbroadcast
04-15 17:05:15.558 536 557 W PackageManager: Skipping preparing app data for com.android.ipsec
04-15 17:05:15.559 536 557 W PackageManager: Skipping preparing app data for com.android.media
04-15 17:05:15.560 536 557 W PackageManager: Skipping preparing app data for com.android.sdksandbox
04-15 17:05:15.561 536 557 W PackageManager: Skipping preparing app data for com.android.mediaprovider
04-15 17:05:15.561 536 557 W PackageManager: Skipping preparing app data for com.android.ondevicepersonalization
04-15 17:05:15.563 536 815 D WifiNetworkFactory: got request NetworkRequest [ REQUEST id=7, [ Capabilities: INTERNET&NOT_RESTRICTED&TRUSTED&NOT_VCN_MANAGED Uid: 1000 RequestorUid: 1000 RequestorPkg: android UnderlyingNetworks: Null] ]
04-15 17:05:15.613 536 815 D WifiNetworkFactory: got request NetworkRequest [ REQUEST id=1, [ Capabilities: INTERNET&NOT_RESTRICTED&TRUSTED&NOT_VPN&NOT_VCN_MANAGED RequestorUid: 1000 RequestorPkg: android UnderlyingNetworks: Null] ]
04-15 17:05:15.613 536 815 D WifiNetworkFactory: got request NetworkRequest [ REQUEST id=15, [ Capabilities: INTERNET&NOT_RESTRICTED&TRUSTED&NOT_VCN_MANAGED Uid: 1000 RequestorUid: 1000 RequestorPkg: android UnderlyingNetworks: Null] ]
04-15 17:05:15.614 536 815 D UntrustedWifiNetworkFactory: got request NetworkRequest [ REQUEST id=24, [ Capabilities: INTERNET&NOT_RESTRICTED&TRUSTED&NOT_VCN_MANAGED Uid: 10118 RequestorUid: 10118 RequestorPkg: com.android.systemui UnderlyingNetworks: Null] ]
04-15 17:05:15.629 536 815 D UntrustedWifiNetworkFactory: got request NetworkRequest [ REQUEST id=22, [ Capabilities: INTERNET&NOT_RESTRICTED&TRUSTED&NOT_VCN_MANAGED Uid: 10118 RequestorUid: 10118 RequestorPkg: com.android.systemui UnderlyingNetworks: Null] ]
04-15 17:05:15.629 536 815 D UntrustedWifiNetworkFactory: got request NetworkRequest [ REQUEST id=17, [ Capabilities: INTERNET&NOT_RESTRICTED&TRUSTED&NOT_VCN_MANAGED Uid: 1073 RequestorUid: 1073 RequestorPkg: com.android.networkstack UnderlyingNetworks: Null] ]
04-15 17:05:15.630 536 815 D UntrustedWifiNetworkFactory: got request NetworkRequest [ REQUEST id=7, [ Capabilities: INTERNET&NOT_RESTRICTED&TRUSTED&NOT_VCN_MANAGED Uid: 1000 RequestorUid: 1000 RequestorPkg: android UnderlyingNetworks: Null] ]
04-15 17:05:15.630 536 815 D UntrustedWifiNetworkFactory: got request NetworkRequest [ REQUEST id=1, [ Capabilities: INTERNET&NOT_RESTRICTED&TRUSTED&NOT_VPN&NOT_VCN_MANAGED RequestorUid: 1000 RequestorPkg: android UnderlyingNetworks: Null] ]
04-15 17:05:15.630 536 815 D UntrustedWifiNetworkFactory: got request NetworkRequest [ REQUEST id=15, [ Capabilities: INTERNET&NOT_RESTRICTED&TRUSTED&NOT_VCN_MANAGED Uid: 1000 RequestorUid: 1000 RequestorPkg: android UnderlyingNetworks: Null] ]
04-15 17:05:15.630 536 815 D OemPaidWifiNetworkFactory: got request NetworkRequest [ REQUEST id=24, [ Capabilities: INTERNET&NOT_RESTRICTED&TRUSTED&NOT_VCN_MANAGED Uid: 10118 RequestorUid: 10118 RequestorPkg: com.android.systemui UnderlyingNetworks: Null] ]
04-15 17:05:15.631 536 815 D OemPaidWifiNetworkFactory: got request NetworkRequest [ REQUEST id=22, [ Capabilities: INTERNET&NOT_RESTRICTED&TRUSTED&NOT_VCN_MANAGED Uid: 10118 RequestorUid: 10118 RequestorPkg: com.android.systemui UnderlyingNetworks: Null] ]
04-15 17:05:15.631 536 815 D OemPaidWifiNetworkFactory: got request NetworkRequest [ REQUEST id=17, [ Capabilities: INTERNET&NOT_RESTRICTED&TRUSTED&NOT_VCN_MANAGED Uid: 1073 RequestorUid: 1073 RequestorPkg: com.android.networkstack UnderlyingNetworks: Null] ]
04-15 17:05:15.631 536 815 D OemPaidWifiNetworkFactory: got request NetworkRequest [ REQUEST id=7, [ Capabilities: INTERNET&NOT_RESTRICTED&TRUSTED&NOT_VCN_MANAGED Uid: 1000 RequestorUid: 1000 RequestorPkg: android UnderlyingNetworks: Null] ]
04-15 17:05:15.681 0 0 I init : Service 'dmesgd' (pid 1518) exited with status 0 oneshot service took 2.526000 seconds in background
04-15 17:05:15.682 0 0 I init : Sending signal 9 to service 'dmesgd' (pid 1518) process group...
04-15 17:05:15.684 0 0 I libprocessgroup: Successfully killed process cgroup uid 1086 pid 1518 in 1ms
04-15 17:05:15.694 536 1502 I ActivityManager: dumpStackTraces pids={911=true, 1153=true, 1215=true, 1283=true, 1440=true}
04-15 17:05:15.718 374 493 W AudioFlinger: write blocked for 694 msecs, 1 delayed writes, thread 13
04-15 17:05:15.728 536 815 D OemPaidWifiNetworkFactory: got request NetworkRequest [ REQUEST id=1, [ Capabilities: INTERNET&NOT_RESTRICTED&TRUSTED&NOT_VPN&NOT_VCN_MANAGED RequestorUid: 1000 RequestorPkg: android UnderlyingNetworks: Null] ]
04-15 17:05:15.926 374 493 D audioserver: FGS Logger Transaction failed
04-15 17:05:15.927 374 493 D audioserver: -129
04-15 17:05:16.184 896 1494 D CCodecBufferChannel: [c2.android.vorbis.decoder#884] MediaCodec discarded an unknown buffer
04-15 17:05:16.185 896 1494 D CCodecBufferChannel: [c2.android.vorbis.decoder#884] MediaCodec discarded an unknown buffer
04-15 17:05:16.189 896 1494 D CCodecBufferChannel: [c2.android.vorbis.decoder#884] MediaCodec discarded an unknown buffer
04-15 17:05:16.413 896 1494 D BufferPoolAccessor2.0: bufferpool2 0x702b2870f038 : 0(0 size) total buffers - 0(0 size) used buffers - 2/7 (recycle/alloc) - 8/38 (fetch/transfer)
04-15 17:05:16.455 447 490 D BufferPoolAccessor2.0: bufferpool2 0x7aec69e58f38 : 0(0 size) total buffers - 0(0 size) used buffers - 16/17 (recycle/alloc) - 1/16 (fetch/transfer)
04-15 17:05:16.543 896 1544 I hw-BpHwBinder: onLastStrongRef automatically unlinking death recipients
04-15 17:05:16.570 447 490 I hw-BpHwBinder: onLastStrongRef automatically unlinking death recipients
04-15 17:05:16.571 447 490 I hw-BpHwBinder: onLastStrongRef automatically unlinking death recipients
04-15 17:05:16.774 536 586 W system_server: Long monitor contention with owner binder:536_D (1398) at void com.android.server.power.PowerManagerService.updateWakeLockWorkSourceInternal(android.os.IBinder, android.os.WorkSource, java.lang.String, int)(PowerManagerService.java:1840) waiters=0 in void com.android.server.power.PowerManagerService.handleSandman(int) for 785ms
04-15 17:05:16.802 536 815 D OemPaidWifiNetworkFactory: got request NetworkRequest [ REQUEST id=15, [ Capabilities: INTERNET&NOT_RESTRICTED&TRUSTED&NOT_VCN_MANAGED Uid: 1000 RequestorUid: 1000 RequestorPkg: android UnderlyingNetworks: Null] ]
04-15 17:05:16.819 896 1403 D MediaCodec: flushMediametrics
04-15 17:05:17.189 536 815 D MultiInternetWifiNetworkFactory: got request NetworkRequest [ REQUEST id=24, [ Capabilities: INTERNET&NOT_RESTRICTED&TRUSTED&NOT_VCN_MANAGED Uid: 10118 RequestorUid: 10118 RequestorPkg: com.android.systemui UnderlyingNetworks: Null] ]
04-15 17:05:17.349 896 896 D KeyguardTransitionCoreStartable: Started com.android.systemui.keyguard.domain.interactor.FromPrimaryBouncerTransitionInteractor@95057de
04-15 17:05:17.486 536 1505 W ProcessCpuTracker: Failed to stat(/proc/1495): android.system.ErrnoException: stat failed: ENOENT (No such file or directory)
04-15 17:05:17.486 536 1505 W ProcessCpuTracker: Skipping unknown process pid 1495
04-15 17:05:17.487 536 1505 W ProcessCpuTracker: Failed to stat(/proc/1507): android.system.ErrnoException: stat failed: ENOENT (No such file or directory)
04-15 17:05:17.487 536 1505 W ProcessCpuTracker: Skipping unknown process pid 1507
04-15 17:05:17.498 536 559 I DropBoxManagerService: add tag=system_server_strictmode isTagEnabled=true flags=0x2
04-15 17:05:17.513 536 1498 I system_server: libdebuggerd_client: started dumping process 896
04-15 17:05:17.528 192 192 I tombstoned: registered intercept for pid 896 and type kDebuggerdJavaBacktrace
04-15 17:05:17.541 896 899 I ndroid.systemui: Thread[4,tid=899,WaitingInMainSignalCatcherLoop,Thread*=0x702ad8710b90,peer=0x139c01c8,"Signal Catcher"]: reacting to signal 3
04-15 17:05:17.541 896 899 I ndroid.systemui:
