04-15 17:04:08.881 536 536 V SystemServerTiming: OnBootPhase_500_com.android.server.pm.LauncherAppsService took to complete: 0ms
04-15 17:04:08.881 536 536 D SystemServerTiming: OnBootPhase_500_com.android.server.pm.CrossProfileAppsService
04-15 17:04:08.881 536 536 V SystemServerTiming: OnBootPhase_500_com.android.server.pm.CrossProfileAppsService took to complete: 0ms
04-15 17:04:08.882 536 536 D SystemServerTiming: OnBootPhase_500_com.android.server.people.PeopleService
04-15 17:04:08.916 536 536 V SystemServerTiming: OnBootPhase_500_com.android.server.people.PeopleService took to complete: 34ms
04-15 17:04:08.917 536 536 D SystemServerTiming: OnBootPhase_500_com.android.server.media.metrics.MediaMetricsManagerService
04-15 17:04:08.917 536 536 V SystemServerTiming: OnBootPhase_500_com.android.server.media.metrics.MediaMetricsManagerService took to complete: 0ms
04-15 17:04:08.918 536 536 D SystemServerTiming: OnBootPhase_500_com.android.server.pm.BackgroundInstallControlService
04-15 17:04:08.918 536 536 V SystemServerTiming: OnBootPhase_500_com.android.server.pm.BackgroundInstallControlService took to complete: 0ms
04-15 17:04:08.919 536 536 D SystemServerTiming: OnBootPhase_500_com.android.server.media.projection.MediaProjectionManagerService
04-15 17:04:08.919 536 536 V SystemServerTiming: OnBootPhase_500_com.android.server.media.projection.MediaProjectionManagerService took to complete: 0ms
04-15 17:04:08.919 536 536 D SystemServerTiming: OnBootPhase_500_com.android.server.slice.SliceManagerService$Lifecycle
04-15 17:04:08.925 536 536 V SystemServerTiming: OnBootPhase_500_com.android.server.slice.SliceManagerService$Lifecycle took to complete: 0ms
04-15 17:04:08.925 536 536 D SystemServerTiming: OnBootPhase_500_com.android.server.stats.StatsCompanion$Lifecycle
04-15 17:04:08.925 536 536 V SystemServerTiming: OnBootPhase_500_com.android.server.stats.StatsCompanion$Lifecycle took to complete: 0ms
04-15 17:04:08.926 536 536 D SystemServerTiming: OnBootPhase_500_com.android.server.scheduling.RebootReadinessManagerService$Lifecycle
04-15 17:04:08.926 536 536 V SystemServerTiming: OnBootPhase_500_com.android.server.scheduling.RebootReadinessManagerService$Lifecycle took to complete: 0ms
04-15 17:04:08.926 536 536 D SystemServerTiming: OnBootPhase_500_com.android.server.stats.pull.StatsPullAtomService
04-15 17:04:08.927 536 536 V SystemServerTiming: OnBootPhase_500_com.android.server.stats.pull.StatsPullAtomService took to complete: 0ms
04-15 17:04:08.929 536 536 D SystemServerTiming: OnBootPhase_500_com.android.server.stats.bootstrap.StatsBootstrapAtomService$Lifecycle
04-15 17:04:08.929 536 536 V SystemServerTiming: OnBootPhase_500_com.android.server.stats.bootstrap.StatsBootstrapAtomService$Lifecycle took to complete: 0ms
04-15 17:04:08.930 536 536 D SystemServerTiming: OnBootPhase_500_com.android.server.incident.IncidentCompanionService
04-15 17:04:08.930 536 536 V SystemServerTiming: OnBootPhase_500_com.android.server.incident.IncidentCompanionService took to complete: 0ms
04-15 17:04:08.930 536 536 D SystemServerTiming: OnBootPhase_500_com.android.server.sdksandbox.SdkSandboxManagerService$Lifecycle
04-15 17:04:08.931 536 536 V SystemServerTiming: OnBootPhase_500_com.android.server.sdksandbox.SdkSandboxManagerService$Lifecycle took to complete: 0ms
04-15 17:04:08.931 536 536 D SystemServerTiming: OnBootPhase_500_com.android.server.adservices.AdServicesManagerService$Lifecycle
04-15 17:04:08.931 536 536 V SystemServerTiming: OnBootPhase_500_com.android.server.adservices.AdServicesManagerService$Lifecycle took to complete: 0ms
04-15 17:04:08.933 536 536 D SystemServerTiming: OnBootPhase_500_com.android.server.ondevicepersonalization.OnDevicePersonalizationSystemService$Lifecycle
04-15 17:04:08.933 536 536 V SystemServerTiming: OnBootPhase_500_com.android.server.ondevicepersonalization.OnDevicePersonalizationSystemService$Lifecycle took to complete: 0ms
04-15 17:04:08.933 536 536 D SystemServerTiming: OnBootPhase_500_com.android.server.MmsServiceBroker
04-15 17:04:08.934 536 536 V SystemServerTiming: OnBootPhase_500_com.android.server.MmsServiceBroker took to complete: 0ms
04-15 17:04:08.934 536 536 D SystemServerTiming: OnBootPhase_500_com.android.server.autofill.AutofillManagerService
04-15 17:04:08.934 536 536 V SystemServerTiming: OnBootPhase_500_com.android.server.autofill.AutofillManagerService took to complete: 0ms
04-15 17:04:08.935 536 536 D SystemServerTiming: OnBootPhase_500_com.android.server.credentials.CredentialManagerService
04-15 17:04:08.935 536 536 V SystemServerTiming: OnBootPhase_500_com.android.server.credentials.CredentialManagerService took to complete: 0ms
04-15 17:04:08.935 536 536 D SystemServerTiming: OnBootPhase_500_com.android.server.selectiontoolbar.SelectionToolbarManagerService
04-15 17:04:08.936 536 536 V SystemServerTiming: OnBootPhase_500_com.android.server.selectiontoolbar.SelectionToolbarManagerService took to complete: 0ms
04-15 17:04:08.936 536 536 D SystemServerTiming: OnBootPhase_500_com.android.server.clipboard.ClipboardService
04-15 17:04:08.937 536 536 V SystemServerTiming: OnBootPhase_500_com.android.server.clipboard.ClipboardService took to complete: 0ms
04-15 17:04:08.937 536 536 D SystemServerTiming: OnBootPhase_500_com.android.server.appbinding.AppBindingService$Lifecycle
04-15 17:04:08.937 536 536 V SystemServerTiming: OnBootPhase_500_com.android.server.appbinding.AppBindingService$Lifecycle took to complete: 0ms
04-15 17:04:08.938 536 536 D SystemServerTiming: OnBootPhase_500_com.android.server.tracing.TracingServiceProxy
04-15 17:04:08.938 536 536 V SystemServerTiming: OnBootPhase_500_com.android.server.tracing.TracingServiceProxy took to complete: 0ms
04-15 17:04:08.938 536 536 V SystemServerTiming: OnBootPhase_500 took to complete: 1150ms
04-15 17:04:08.939 536 536 V SystemServerTiming: StartBootPhaseSystemServicesReady took to complete: 1150ms
04-15 17:04:08.939 536 536 D SystemServerTiming: MakeWindowManagerServiceReady
04-15 17:04:08.967 536 536 V SystemServerTiming: MakeWindowManagerServiceReady took to complete: 27ms
04-15 17:04:08.972 536 536 D SystemServerTiming: RegisterLogMteState
04-15 17:04:08.973 536 536 V SystemServerTiming: RegisterLogMteState took to complete: 0ms
04-15 17:04:08.979 536 815 E WifiChipAidlImpl: getMode failed with service-specific exception: android.os.ServiceSpecificException: (code 5)
04-15 17:04:08.984 348 368 W android.hardware.wifi-service: No active wlan interfaces in use! Using default
04-15 17:04:08.985 348 368 E android.hardware.wifi-service: Unknown iface name: wlan0
04-15 17:04:08.986 348 368 E android.hardware.wifi-service: Unknown iface name: wlan0
04-15 17:04:09.018 536 536 D SystemServerTiming: StartPermissionPolicyService
04-15 17:04:09.033 536 536 I SystemServiceManager: Starting com.android.server.policy.PermissionPolicyService
04-15 17:04:09.101 536 815 I WifiVendorHal: Vendor Hal started successfully
04-15 17:04:09.114 536 536 W SystemServiceManager: Service com.android.server.policy.PermissionPolicyService took 79 ms in onStart
04-15 17:04:09.115 536 536 V SystemServerTiming: StartPermissionPolicyService took to complete: 96ms
04-15 17:04:09.115 536 536 D SystemServerTiming: MakePackageManagerServiceReady
04-15 17:04:09.114 0 0 I servicemanager: Found android.hardware.wifi.IWifi/default in device VINTF manifest.
04-15 17:04:09.114 0 0 I servicemanager: Found android.hardware.health.IHealth/default in device VINTF manifest.
04-15 17:04:09.126 536 566 I HealthServiceWrapperAidl: health: HealthServiceWrapper listening to AIDL HAL
04-15 17:04:09.161 536 536 V HistoricalRegistry: Interaction before persistence initialized
04-15 17:04:09.165 536 536 V HistoricalRegistry: Interaction before persistence initialized
04-15 17:04:09.169 536 815 E WifiChipAidlImpl: getMode failed with service-specific exception: android.os.ServiceSpecificException: (code 5)
04-15 17:04:09.183 536 566 D StatsPullAtomService: Registering pullers with statsd
04-15 17:04:09.184 348 368 W android.hardware.wifi-service: No active wlan interfaces in use! Using default
04-15 17:04:09.189 348 368 E android.hardware.wifi-service: Unknown iface name: wlan0
04-15 17:04:09.190 348 368 E android.hardware.wifi-service: Unknown iface name: wlan0
04-15 17:04:09.199 536 815 I HalDevMgr: currentModeId=0, requestModeId=0, currentModeIdValid=false
04-15 17:04:09.209 348 368 I android.hardware.wifi-service: Adding interface handle for wlan0
04-15 17:04:09.210 348 368 W android.hardware.wifi-service: No active wlan interfaces in use! Using default
04-15 17:04:09.213 348 368 E android.hardware.wifi-service: Failed to register radio mode change callback
04-15 17:04:09.214 348 368 W android.hardware.wifi-service: No active wlan interfaces in use! Using default
04-15 17:04:09.222 348 368 E android.hardware.wifi-service: Failed to get SupportedIfaceCombinations matrix from legacy HAL: NOT_SUPPORTED
04-15 17:04:09.233 348 368 I android.hardware.wifi-service: Configured chip in mode 0
04-15 17:04:09.234 348 368 W android.hardware.wifi-service: No active wlan interfaces in use! Using default
04-15 17:04:09.251 348 368 W android.hardware.wifi-service: No active wlan interfaces in use! Using default
04-15 17:04:09.253 536 822 D ConnectivityService: NetReassign [no changes] [c 0] [a 0] [i 0]
04-15 17:04:09.261 536 536 V UserDataPreparer: Found /data/user_de/0 with serial number -1
04-15 17:04:09.261 536 536 D UserDataPreparer: Serial number missing on /data/user_de/0; assuming current is valid
04-15 17:04:09.263 536 536 V UserDataPreparer: Found /data/user/0 with serial number -1
04-15 17:04:09.263 536 536 D UserDataPreparer: Serial number missing on /data/user/0; assuming current is valid
04-15 17:04:09.266 536 536 V UserDataPreparer: Found /data/system_de/0 with serial number -1
04-15 17:04:09.266 536 536 D UserDataPreparer: Serial number missing on /data/system_de/0; assuming current is valid
04-15 17:04:09.269 536 536 I PermissionManager: Permission ownership changed. Updating all permissions.
04-15 17:04:09.273 536 536 W PermissionManager: Package com.android.adservices.api is an APK in APEX, but has permission allowlist on the system image. Please bundle the allowlist in the com.android.adservices APEX instead.
04-15 17:04:09.289 536 566 I StatsPullAtomService: register thermal listener successfully
04-15 17:04:09.293 348 368 I android.hardware.wifi-service: Adding interface handle for wlan0
04-15 17:04:09.293 348 368 E android.hardware.wifi-service: Failed to set DFS flag; DFS channels may be unavailable.
04-15 17:04:09.333 536 815 D HalDevMgr: updateRttController: no one is interested in RTT controllers
04-15 17:04:09.351 348 368 E android.hardware.wifi-service: Failed to get chip capabilities from legacy HAL: NOT_SUPPORTED
04-15 17:04:09.356 536 815 E WifiChipAidlImpl: getWifiChipCapabilities failed with service-specific exception: android.os.ServiceSpecificException: (code 4)
04-15 17:04:09.360 536 815 D WifiNl80211Manager: Setting up interface for client mode: wlan0
04-15 17:04:09.373 445 445 I wificond: createClientInterface: wiphy_index 1 iface_name wlan0
04-15 17:04:09.407 445 445 I wificond: create scanner for interface with index: 16
04-15 17:04:09.413 445 445 I wificond: subscribe scan result for interface with index: 16
04-15 17:04:09.428 445 445 I wificond: add channel type 0 support at wiphy index: 1
04-15 17:04:09.429 445 445 I wificond: add channel type 1 support at wiphy index: 1
04-15 17:04:09.448 323 323 I netd : interfaceGetCfg(wlan0) -> {InterfaceConfigurationParcel{ifName: wlan0, hwAddr: 02:15:b2:00:00:00, ipv4Addr: 0.0.0.0, prefixLength: 0, flags: [up, broadcast, multicast]}} <8.73ms>
04-15 17:04:09.452 536 815 I WifiNative: Interface state changed on Iface:{Name=wlan0,Id=0,Type=STA_SCAN}, isUp=true
04-15 17:04:09.457 536 815 I WifiNative: Successfully setup Iface:{Name=wlan0,Id=0,Type=STA_SCAN}
04-15 17:04:09.458 536 815 E SupplicantStaIfaceHalAidlImpl: Can't call getKeyMgmtCapabilities, ISupplicantStaIface is null for iface=wlan0
04-15 17:04:09.471 0 0 I servicemanager: Found android.hardware.wifi.IWifi/default in device VINTF manifest.
04-15 17:04:09.497 536 536 W PermissionManager: Package com.android.providers.media.module is an APK in APEX, but has permission allowlist on the system image. Please bundle the allowlist in the com.android.mediaprovider APEX instead.
04-15 17:04:09.498 536 536 W PermissionManager: Package com.android.providers.media.module is an APK in APEX, but has permission allowlist on the system image. Please bundle the allowlist in the com.android.mediaprovider APEX instead.
04-15 17:04:09.498 536 536 W PermissionManager: Package com.android.providers.media.module is an APK in APEX, but has permission allowlist on the system image. Please bundle the allowlist in the com.android.mediaprovider APEX instead.
04-15 17:04:09.498 536 536 W PermissionManager: Package com.android.providers.media.module is an APK in APEX, but has permission allowlist on the system image. Please bundle the allowlist in the com.android.mediaprovider APEX instead.
04-15 17:04:09.498 536 536 W PermissionManager: Package com.android.providers.media.module is an APK in APEX, but has permission allowlist on the system image. Please bundle the allowlist in the com.android.mediaprovider APEX instead.
04-15 17:04:09.498 536 536 W PermissionManager: Package com.android.providers.media.module is an APK in APEX, but has permission allowlist on the system image. Please bundle the allowlist in the com.android.mediaprovider APEX instead.
04-15 17:04:09.499 536 536 W PermissionManager: Package com.android.providers.media.module is an APK in APEX, but has permission allowlist on the system image. Please bundle the allowlist in the com.android.mediaprovider APEX instead.
04-15 17:04:09.499 536 536 W PermissionManager: Package com.android.providers.media.module is an APK in APEX, but has permission allowlist on the system image. Please bundle the allowlist in the com.android.mediaprovider APEX instead.
04-15 17:04:09.499 536 536 W PermissionManager: Package com.android.providers.media.module is an APK in APEX, but has permission allowlist on the system image. Please bundle the allowlist in the com.android.mediaprovider APEX instead.
04-15 17:04:09.499 536 536 W PermissionManager: Package com.android.providers.media.module is an APK in APEX, but has permission allowlist on the system image. Please bundle the allowlist in the com.android.mediaprovider APEX instead.
04-15 17:04:09.499 536 536 W PermissionManager: Package com.android.providers.media.module is an APK in APEX, but has permission allowlist on the system image. Please bundle the allowlist in the com.android.mediaprovider APEX instead.
04-15 17:04:09.503 536 536 W PermissionManager: Package com.android.providers.media.module is an APK in APEX, but has permission allowlist on the system image. Please bundle the allowlist in the com.android.mediaprovider APEX instead.
04-15 17:04:09.503 536 536 W PermissionManager: Package com.android.providers.media.module is an APK in APEX, but has permission allowlist on the system image. Please bundle the allowlist in the com.android.mediaprovider APEX instead.
04-15 17:04:09.508 348 368 E android.hardware.wifi-service: Failed to get SupportedRadioCombinations matrix from legacy HAL: NOT_SUPPORTED
04-15 17:04:09.510 536 815 E WifiChipAidlImpl: getSupportedRadioCombinations failed with service-specific exception: android.os.ServiceSpecificException: (code 4)
04-15 17:04:09.511 536 815 E SupplicantStaIfaceHalAidlImpl: Can't call getWpaDriverCapabilities, ISupplicantStaIface is null for iface=wlan0
04-15 17:04:09.518 536 815 E WifiChipAidlImpl: getUsableChannels failed with service-specific exception: android.os.ServiceSpecificException: (code 4)
04-15 17:04:09.549 536 536 I DefaultPermGrantPolicy: Granting permissions to platform components for user 0
04-15 17:04:09.555 536 815 E WifiChipAidlImpl: enableStaChannelForPeerNetwork failed with service-specific exception: android.os.ServiceSpecificException: (code 4)
04-15 17:04:09.560 536 815 D WifiNative: setWifiNativeInterfaceEventCallback
04-15 17:04:09.562 536 815 D WifiClientModeManager[178706:wlan0]: entering StartedState
04-15 17:04:09.568 323 323 I netd : interfaceGetCfg(wlan0) -> {InterfaceConfigurationParcel{ifName: wlan0, hwAddr: 02:15:b2:00:00:00, ipv4Addr: 0.0.0.0, prefixLength: 0, flags: [up, broadcast, multicast]}} <5.01ms>
04-15 17:04:09.590 536 815 D WifiConfigStore: Writing to stores completed in 12 ms.
04-15 17:04:09.618 0 0 I servicemanager: Found android.hardware.wifi.IWifi/default in device VINTF manifest.
04-15 17:04:09.623 0 0 I servicemanager: Found android.hardware.wifi.supplicant.ISupplicant/default in device VINTF manifest.
04-15 17:04:09.617 536 815 I SupplicantStaIfaceHalAidlImpl: Clearing internal state
04-15 17:04:09.627 0 0 I servicemanager: Found android.hardware.wifi.supplicant.ISupplicant/default in device VINTF manifest.
04-15 17:04:09.629 0 0 I servicemanager: Since 'android.hardware.wifi.supplicant.ISupplicant/default' could not be found, trying to start it as a lazy AIDL service. (if it's not configured to be a lazy service, it may be stuck starting or still starting).
04-15 17:04:09.638 0 0 I init : starting service 'wpa_supplicant'...
04-15 17:04:09.633 536 536 W DefaultPermGrantPolicy: Permission not found: com.google.android.googleapps.permission.GOOGLE_AUTH
04-15 17:04:09.633 536 536 W DefaultPermGrantPolicy: Permission not found: com.android.launcher.permission.READ_SETTINGS
04-15 17:04:09.634 536 536 W DefaultPermGrantPolicy: Permission not found: com.android.launcher.permission.WRITE_SETTINGS
04-15 17:04:09.647 0 0 I init : Created socket '/dev/socket/wpa_wlan0', mode 660, user 1010, group 1010
04-15 17:04:09.641 536 536 W DefaultPermGrantPolicy: Permission not found: com.android.smspush.WAPPUSH_MANAGER_BIND
04-15 17:04:09.650 536 536 W DefaultPermGrantPolicy: Permission not found: android.permission.MANAGE_WIFI_WHEN_WIRELESS_CONSENT_REQUIRED
04-15 17:04:09.651 536 536 W DefaultPermGrantPolicy: Permission not found: com.android.providers.tv.permission.ACCESS_WATCHED_PROGRAMS
04-15 17:04:09.651 536 536 W DefaultPermGrantPolicy: Permission not found: com.android.providers.tv.permission.WRITE_EPG_DATA
04-15 17:04:09.656 536 536 W DefaultPermGrantPolicy: Permission not found: android.permission.SUGGEST_MANUAL_TIME
04-15 17:04:09.656 536 536 W DefaultPermGrantPolicy: Permission not found: android.permission.SUGGEST_TELEPHONY_TIME
04-15 17:04:09.657 536 536 W DefaultPermGrantPolicy: Permission not found: android.permission.SUGGEST_NETWORK_TIME
04-15 17:04:09.657 536 536 W DefaultPermGrantPolicy: Permission not found: android.permission.SUGGEST_GNSS_TIME
04-15 17:04:09.669 536 536 W DefaultPermGrantPolicy: Permission not found: android.car.permission.CONTROL_CAR_CLIMATE
04-15 17:04:09.669 536 536 W DefaultPermGrantPolicy: Permission not found: android.car.permission.CAR_CONTROL_AUDIO_VOLUME
04-15 17:04:09.675 536 536 I DefaultPermGrantPolicy: Granting permissions to default platform handlers for user 0
04-15 17:04:09.682 536 536 W VoiceInteractionManager: no available voice interaction services found for user 0
04-15 17:04:09.683 536 536 W VoiceInteractionManager: no available voice recognition services found for user 0
04-15 17:04:09.709 0 0 I init : ... started service 'wpa_supplicant' has pid 882
04-15 17:04:09.709 0 0 I init : Control message: Processed ctl.interface_start for 'aidl/android.hardware.wifi.supplicant.ISupplicant/default' from pid: 132 (/system/bin/servicemanager)
04-15 17:04:09.718 536 536 I SyncManager: No initial accounts
04-15 17:04:09.761 536 536 W DefaultPermGrantPolicy: Permission not found: com.google.android.permission.INSTALL_WEARABLE_PACKAGES
04-15 17:04:09.763 536 536 W DefaultPermGrantPolicy: Permission not found: android.permission.WRITE_SYSTEM_SETTINGS
04-15 17:04:09.767 536 536 E DefaultPermGrantPolicy: Package not found:
04-15 17:04:09.782 536 536 W DefaultPermGrantPolicy: Permission not found: com.android.dialer.permission.DIALER_ORIGIN
04-15 17:04:09.783 536 536 W DefaultPermGrantPolicy: Permission not found: com.sec.android.provider.badge.permission.READ
04-15 17:04:09.785 536 536 W DefaultPermGrantPolicy: Permission not found: com.sec.android.provider.badge.permission.WRITE
04-15 17:04:09.785 536 536 W DefaultPermGrantPolicy: Permission not found: com.htc.launcher.permission.READ_SETTINGS
04-15 17:04:09.786 536 536 W DefaultPermGrantPolicy: Permission not found: com.htc.launcher.permission.UPDATE_SHORTCUT
04-15 17:04:09.787 536 536 W DefaultPermGrantPolicy: Permission not found: com.sonyericsson.home.permission.BROADCAST_BADGE
04-15 17:04:09.787 536 536 W DefaultPermGrantPolicy: Permission not found: com.sonymobile.home.permission.PROVIDER_INSERT_BADGE
04-15 17:04:09.789 536 536 W DefaultPermGrantPolicy: Permission not found: com.anddoes.launcher.permission.UPDATE_COUNT
04-15 17:04:09.790 536 536 W DefaultPermGrantPolicy: Permission not found: com.majeur.launcher.permission.UPDATE_BADGE
04-15 17:04:09.790 536 536 W DefaultPermGrantPolicy: Permission not found: com.huawei.android.launcher.permission.CHANGE_BADGE
04-15 17:04:09.790 536 536 W DefaultPermGrantPolicy: Permission not found: com.huawei.android.launcher.permission.READ_SETTINGS
04-15 17:04:09.791 536 536 W DefaultPermGrantPolicy: Permission not found: com.huawei.android.launcher.permission.WRITE_SETTINGS
04-15 17:04:09.791 536 536 W DefaultPermGrantPolicy: Permission not found: android.permission.READ_APP_BADGE
04-15 17:04:09.796 536 536 W DefaultPermGrantPolicy: Permission not found: com.oppo.launcher.permission.READ_SETTINGS
04-15 17:04:09.796 536 536 W DefaultPermGrantPolicy: Permission not found: com.oppo.launcher.permission.WRITE_SETTINGS
04-15 17:04:09.797 536 536 W DefaultPermGrantPolicy: Permission not found: com.cequint.ecid.CALLER_ID_LOOKUP
04-15 17:04:09.797 536 536 W DefaultPermGrantPolicy: Permission not found: com.motorola.incallui.permission.INCOMING_CALL_VISIBILITY_CHANGED
04-15 17:04:09.816 536 536 W DefaultPermGrantPolicy: Permission not found: com.google.android.googleapps.permission.GOOGLE_AUTH.mail
04-15 17:04:09.817 536 536 W DefaultPermGrantPolicy: Permission not found: com.google.android.googleapps.permission.GOOGLE_AUTH.cl
04-15 17:04:09.824 536 536 W DefaultPermGrantPolicy: Permission not found: com.google.android.setupwizard.SETUP_COMPAT_SERVICE
04-15 17:04:09.840 536 536 I DefaultPermGrantPolicy: Granting Notification permissions to platform signature apps for user 0
04-15 17:04:10.114 0 0 I capability: warning: `wpa_supplicant' uses 32-bit capabilities (legacy support in use)
04-15 17:04:10.154 882 882 I wpa_supplicant: Processing aidl events on FD 3
04-15 17:04:10.158 882 882 I wpa_supplicant: Starting AIDL supplicant
04-15 17:04:10.159 882 882 I wpa_supplicant: Interface version: 2
04-15 17:04:10.189 0 0 I servicemanager: Found android.hardware.wifi.supplicant.ISupplicant/default in device VINTF manifest.
04-15 17:04:10.194 882 882 I wpa_supplicant: Successfully initialized wpa_supplicant
04-15 17:04:10.209 0 0 I BpBinder: onLastStrongRef automatically unlinking death recipients:
04-15 17:04:10.207 536 815 I SupplicantStaIfaceHalAidlImpl: Obtained ISupplicant binder.
04-15 17:04:10.207 536 815 I SupplicantStaIfaceHalAidlImpl: Local Version: 2
04-15 17:04:10.258 882 882 I wpa_supplicant: rfkill: Cannot open RFKILL control device
04-15 17:04:10.520 882 882 I wpa_supplicant: Init sm=0x725c2da83a50
04-15 17:04:10.609 882 882 I wpa_supplicant: rfkill: Cannot get wiphy information
04-15 17:04:10.630 882 882 I wpa_supplicant: Init sm=0x725c2da87250
04-15 17:04:10.682 536 815 I SupplicantStaIfaceHalAidlImpl: Remote service version was cached
04-15 17:04:10.683 536 815 I SupplicantStaIfaceHalAidlImpl: Remote Version: 2
04-15 17:04:10.713 536 815 I SupplicantStaIfaceHalAidlImpl: Non-standard cert callback was registered
04-15 17:04:10.722 882 882 I wpa_supplicant: Iface already exists, return existing
04-15 17:04:10.775 0 0 I servicemanager: Found android.hardware.wifi.IWifi/default in device VINTF manifest.
04-15 17:04:10.785 536 815 I WifiNative: Supported features is updated in config store: 116391864461951001
04-15 17:04:10.793 536 815 E WifiChipAidlImpl: getUsableChannels failed with service-specific exception: android.os.ServiceSpecificException: (code 4)
04-15 17:04:10.872 0 0 I servicemanager: Notifying apexservice they do (previously: don't) have clients when service is guaranteed to be in use
04-15 17:04:10.874 0 0 I AidlLazyServiceRegistrar: Process has 1 (of 1 available) client(s) in use after notification apexservice has clients: 1
04-15 17:04:10.875 0 0 I AidlLazyServiceRegistrar: Shutdown prevented by forcePersist override flag.
04-15 17:04:10.881 0 0 I apexd : getSessions() received by ApexService
04-15 17:04:10.877 536 815 I WifiNative: Successfully switched to connectivity mode on iface=Iface:{Name=wlan0,Id=0,Type=STA_CONNECTIVITY}
04-15 17:04:10.879 536 815 D WifiClientModeManager[178706:wlan0]: entering ConnectModeState, starting ClientModeImpl
04-15 17:04:10.889 536 536 V StagingManagerTiming: restoreSessions took to complete: 36ms
04-15 17:04:10.894 536 536 V SystemServerTiming: MakePackageManagerServiceReady took to complete: 1774ms
04-15 17:04:10.895 536 536 D SystemServerTiming: MakeDisplayManagerServiceReady
04-15 17:04:10.921 536 815 D WifiNative: enableVerboseLogging false hal false
04-15 17:04:10.930 536 815 D WifiScoreReport: setShouldReduceNetworkScore=false mNetworkAgent is null? true
04-15 17:04:10.939 536 819 I WifiScanningService: Received a request to enable scanning, UID = 1000
04-15 17:04:10.942 536 815 D WifiScanRequestProxy: Sending scan available broadcast: true
04-15 17:04:10.951 536 815 I WifiScanRequestProxy: Scanning is enabled
04-15 17:04:10.956 536 815 I WifiScanRequestProxy: Scanning for hidden networks is enabled
04-15 17:04:10.958 536 819 E WifiStaIfaceAidlImpl: getBackgroundScanCapabilities failed with service-specific exception: android.os.ServiceSpecificException: (code 4)
04-15 17:04:10.974 536 815 E WifiChipAidlImpl: setMultiStaUseCase failed with service-specific exception: android.os.ServiceSpecificException: (code 4)
04-15 17:04:10.991 536 815 E WifiChipAidlImpl: setMultiStaPrimaryConnection failed with service-specific exception: android.os.ServiceSpecificException: (code 4)
04-15 17:04:11.011 536 819 I WifiScanningService: Created a new impl for wlan0
04-15 17:04:11.014 536 819 I WifiScanningService: wifi driver loaded with scan capabilities: max buckets=16
04-15 17:04:11.035 536 815 D WifiCountryCode: evaluateAllCmmStateAndApplyIfAllReady: {ConcreteClientModeManager{id=178706 iface=wlan0 role=ROLE_CLIENT_PRIMARY}=true}
04-15 17:04:11.047 536 560 E DisplayModeDirector: Asked about unknown display, returning empty display mode specs!(id=0)
04-15 17:04:11.048 536 560 E DisplayModeDirector: Asked about unknown display, returning empty display mode specs!(id=0)
04-15 17:04:11.071 536 815 D WifiCountryCode: Reading country code from telephony
04-15 17:04:11.089 536 536 I BrightnessSynchronizer: Initial brightness readings: 102(int), 0.39763778(float)
04-15 17:04:11.092 536 536 V SystemServerTiming: MakeDisplayManagerServiceReady took to complete: 197ms
04-15 17:04:11.096 536 536 D SystemServerTiming: StartDeviceSpecificServices
04-15 17:04:11.096 536 536 V SystemServerTiming: StartDeviceSpecificServices took to complete: 1ms
04-15 17:04:11.097 536 536 D SystemServerTiming: GameManagerService
04-15 17:04:11.097 536 536 I SystemServiceManager: Starting com.android.server.app.GameManagerService$Lifecycle
04-15 17:04:11.102 385 385 I RefreshRateSelector: Display 4619827259835644672 policy changed
04-15 17:04:11.102 385 385 I RefreshRateSelector: Previous: {defaultModeId=0, allowGroupSwitching=false, primaryRanges={physical=[0.00 Hz, 340282346638528859811704183484516925440.00 Hz], render=[0.00 Hz, 340282346638528859811704183484516925440.00 Hz]}, appRequestRanges={physical=[0.00 Hz, 340282346638528859811704183484516925440.00 Hz], render=[0.00 Hz, 340282346638528859811704183484516925440.00 Hz]}}
04-15 17:04:11.102 385 385 I RefreshRateSelector: Current: DisplayManagerPolicy{defaultModeId=0, allowGroupSwitching=false, primaryRanges={physical=[0.00 Hz, inf Hz], render=[0.00 Hz, 60.00 Hz]}, appRequestRanges={physical=[0.00 Hz, inf Hz], render=[0.00 Hz, inf Hz]}}
04-15 17:04:11.102 385 385 I RefreshRateSelector: 0 mode changes were performed under the previous policy
04-15 17:04:11.108 536 815 D WifiCountryCode: Set telephony country code to:
04-15 17:04:11.109 536 815 D WifiCountryCode: updateCountryCode to null
04-15 17:04:11.110 536 815 D WakeupController: onWifiEnabled()
04-15 17:04:11.111 536 815 I WifiActiveModeWarden: Supported STA bands is updated in config store: 1
04-15 17:04:11.131 536 536 W FileUtils: Failed to chmod(/data/system/game_mode_intervention.list): android.system.ErrnoException: chmod failed: ENOENT (No such file or directory)
04-15 17:04:11.149 536 815 D WifiClientModeImpl[180956:wlan0]: entering ConnectableState: ifaceName = wlan0
04-15 17:04:11.158 536 536 V HistoricalRegistry: Interaction before persistence initialized
04-15 17:04:11.177 536 536 V SystemServerTiming: GameManagerService took to complete: 80ms
04-15 17:04:11.177 536 536 D SystemServerTiming: StartBootPhaseDeviceSpecificServicesReady
04-15 17:04:11.178 536 536 I SystemServiceManager: Starting phase 520
04-15 17:04:11.178 536 536 D SystemServerTiming: OnBootPhase_520
04-15 17:04:11.178 536 536 D SystemServerTiming: OnBootPhase_520_com.android.server.security.FileIntegrityService
04-15 17:04:11.178 536 536 V SystemServerTiming: OnBootPhase_520_com.android.server.security.FileIntegrityService took to complete: 0ms
04-15 17:04:11.178 536 536 D SystemServerTiming: OnBootPhase_520_com.android.server.pm.Installer
04-15 17:04:11.178 536 536 V SystemServerTiming: OnBootPhase_520_com.android.server.pm.Installer took to complete: 0ms
04-15 17:04:11.180 536 536 D SystemServerTiming: OnBootPhase_520_com.android.server.os.DeviceIdentifiersPolicyService
04-15 17:04:11.180 536 536 V SystemServerTiming: OnBootPhase_520_com.android.server.os.DeviceIdentifiersPolicyService took to complete: 0ms
04-15 17:04:11.180 536 536 D SystemServerTiming: OnBootPhase_520_com.android.server.uri.UriGrantsManagerService$Lifecycle
04-15 17:04:11.181 536 536 V SystemServerTiming: OnBootPhase_520_com.android.server.uri.UriGrantsManagerService$Lifecycle took to complete: 0ms
04-15 17:04:11.181 536 536 D SystemServerTiming: OnBootPhase_520_com.android.server.powerstats.PowerStatsService
04-15 17:04:11.181 536 536 V SystemServerTiming: OnBootPhase_520_com.android.server.powerstats.PowerStatsService took to complete: 0ms
04-15 17:04:11.181 536 536 D SystemServerTiming: OnBootPhase_520_com.android.server.permission.access.AccessCheckingService
04-15 17:04:11.181 536 536 V SystemServerTiming: OnBootPhase_520_com.android.server.permission.access.AccessCheckingService took to complete: 0ms
04-15 17:04:11.181 536 536 D SystemServerTiming: OnBootPhase_520_com.android.server.wm.ActivityTaskManagerService$Lifecycle
04-15 17:04:11.181 536 536 V SystemServerTiming: OnBootPhase_520_com.android.server.wm.ActivityTaskManagerService$Lifecycle took to complete: 0ms
04-15 17:04:11.181 536 536 D SystemServerTiming: OnBootPhase_520_com.android.server.am.ActivityManagerService$Lifecycle
04-15 17:04:11.181 536 536 V SystemServerTiming: OnBootPhase_520_com.android.server.am.ActivityManagerService$Lifecycle took to complete: 0ms
04-15 17:04:11.181 536 536 D SystemServerTiming: OnBootPhase_520_com.android.server.pm.DataLoaderManagerService
04-15 17:04:11.181 536 536 V SystemServerTiming: OnBootPhase_520_com.android.server.pm.DataLoaderManagerService took to complete: 0ms
04-15 17:04:11.182 536 536 D SystemServerTiming: OnBootPhase_520_com.android.server.power.PowerManagerService
04-15 17:04:11.182 536 536 V SystemServerTiming: OnBootPhase_520_com.android.server.power.PowerManagerService took to complete: 0ms
04-15 17:04:11.182 536 536 D SystemServerTiming: OnBootPhase_520_com.android.server.power.ThermalManagerService
04-15 17:04:11.182 536 536 V SystemServerTiming: OnBootPhase_520_com.android.server.power.ThermalManagerService took to complete: 0ms
04-15 17:04:11.182 536 536 D SystemServerTiming: OnBootPhase_520_com.android.server.power.hint.HintManagerService
04-15 17:04:11.182 536 536 V SystemServerTiming: OnBootPhase_520_com.android.server.power.hint.HintManagerService took to complete: 0ms
04-15 17:04:11.182 536 536 D SystemServerTiming: OnBootPhase_520_com.android.server.recoverysystem.RecoverySystemService$Lifecycle
04-15 17:04:11.182 536 536 V SystemServerTiming: OnBootPhase_520_com.android.server.recoverysystem.RecoverySystemService$Lifecycle took to complete: 0ms
04-15 17:04:11.182 536 536 D SystemServerTiming: OnBootPhase_520_com.android.server.lights.LightsService
04-15 17:04:11.182 536 536 V SystemServerTiming: OnBootPhase_520_com.android.server.lights.LightsService took to complete: 0ms
04-15 17:04:11.183 536 536 D SystemServerTiming: OnBootPhase_520_com.android.server.display.DisplayManagerService
04-15 17:04:11.183 536 536 V SystemServerTiming: OnBootPhase_520_com.android.server.display.DisplayManagerService took to complete: 0ms
04-15 17:04:11.183 536 536 D SystemServerTiming: OnBootPhase_520_com.android.server.pm.verify.domain.DomainVerificationService
04-15 17:04:11.183 536 536 V SystemServerTiming: OnBootPhase_520_com.android.server.pm.verify.domain.DomainVerificationService took to complete: 0ms
04-15 17:04:11.183 536 536 D SystemServerTiming: OnBootPhase_520_com.android.server.pm.PackageInstallerService$Lifecycle
04-15 17:04:11.183 536 536 V SystemServerTiming: OnBootPhase_520_com.android.server.pm.PackageInstallerService$Lifecycle took to complete: 0ms
04-15 17:04:11.183 536 536 D SystemServerTiming: OnBootPhase_520_com.android.server.pm.UserManagerService$LifeCycle
04-15 17:04:11.183 536 536 V SystemServerTiming: OnBootPhase_520_com.android.server.pm.UserManagerService$LifeCycle took to complete: 0ms
04-15 17:04:11.183 536 536 D SystemServerTiming: OnBootPhase_520_com.android.server.om.OverlayManagerService
04-15 17:04:11.183 536 536 V SystemServerTiming: OnBootPhase_520_com.android.server.om.OverlayManagerService took to complete: 0ms
04-15 17:04:11.183 536 536 D SystemServerTiming: OnBootPhase_520_com.android.server.resources.ResourcesManagerService
04-15 17:04:11.184 536 536 V SystemServerTiming: OnBootPhase_520_com.android.server.resources.ResourcesManagerService took to complete: 0ms
04-15 17:04:11.192 536 536 D SystemServerTiming: OnBootPhase_520_com.android.server.sensorprivacy.SensorPrivacyService
04-15 17:04:11.192 536 536 V SystemServerTiming: OnBootPhase_520_com.android.server.sensorprivacy.SensorPrivacyService took to complete: 0ms
04-15 17:04:11.192 536 536 D SystemServerTiming: OnBootPhase_520_com.android.server.sensors.SensorService
04-15 17:04:11.192 536 536 V SystemServerTiming: OnBootPhase_520_com.android.server.sensors.SensorService took to complete: 0ms
04-15 17:04:11.192 536 536 D SystemServerTiming: OnBootPhase_520_com.android.server.SystemConfigService
04-15 17:04:11.192 536 536 V SystemServerTiming: OnBootPhase_520_com.android.server.SystemConfigService took to complete: 0ms
04-15 17:04:11.192 536 536 D SystemServerTiming: OnBootPhase_520_com.android.server.BatteryService
04-15 17:04:11.192 536 536 V SystemServerTiming: OnBootPhase_520_com.android.server.BatteryService took to complete: 0ms
04-15 17:04:11.192 536 536 D SystemServerTiming: OnBootPhase_520_com.android.server.usage.UsageStatsService
04-15 17:04:11.193 536 536 V SystemServerTiming: OnBootPhase_520_com.android.server.usage.UsageStatsService took to complete: 0ms
04-15 17:04:11.193 536 536 D SystemServerTiming: OnBootPhase_520_com.android.server.webkit.WebViewUpdateService
04-15 17:04:11.193 536 536 V SystemServerTiming: OnBootPhase_520_com.android.server.webkit.WebViewUpdateService took to complete: 0ms
04-15 17:04:11.193 536 536 D SystemServerTiming: OnBootPhase_520_com.android.server.CachedDeviceStateService
04-15 17:04:11.193 536 536 V SystemServerTiming: OnBootPhase_520_com.android.server.CachedDeviceStateService took to complete: 0ms
04-15 17:04:11.193 536 536 D SystemServerTiming: OnBootPhase_520_com.android.server.BinderCallsStatsService$LifeCycle
04-15 17:04:11.193 536 536 V SystemServerTiming: OnBootPhase_520_com.android.server.BinderCallsStatsService$LifeCycle took to complete: 0ms
04-15 17:04:11.193 536 536 D SystemServerTiming: OnBootPhase_520_com.android.server.LooperStatsService$Lifecycle
04-15 17:04:11.193 536 536 V SystemServerTiming: OnBootPhase_520_com.android.server.LooperStatsService$Lifecycle took to complete: 0ms
04-15 17:04:11.193 536 536 D SystemServerTiming: OnBootPhase_520_com.android.server.rollback.RollbackManagerService
04-15 17:04:11.193 536 536 V SystemServerTiming: OnBootPhase_520_com.android.server.rollback.RollbackManagerService took to complete: 0ms
04-15 17:04:11.194 536 536 D SystemServerTiming: OnBootPhase_520_com.android.server.os.NativeTombstoneManagerService
04-15 17:04:11.194 536 536 V SystemServerTiming: OnBootPhase_520_com.android.server.os.NativeTombstoneManagerService took to complete: 0ms
04-15 17:04:11.194 536 536 D SystemServerTiming: OnBootPhase_520_com.android.server.os.BugreportManagerService
04-15 17:04:11.194 536 536 V SystemServerTiming: OnBootPhase_520_com.android.server.os.BugreportManagerService took to complete: 0ms
04-15 17:04:11.194 536 536 D SystemServerTiming: OnBootPhase_520_com.android.server.gpu.GpuService
04-15 17:04:11.194 536 536 V SystemServerTiming: OnBootPhase_520_com.android.server.gpu.GpuService took to complete: 0ms
04-15 17:04:11.194 536 536 D SystemServerTiming: OnBootPhase_520_com.android.server.security.rkp.RemoteProvisioningService
04-15 17:04:11.194 536 536 V SystemServerTiming: OnBootPhase_520_com.android.server.security.rkp.RemoteProvisioningService took to complete: 0ms
04-15 17:04:11.194 536 536 D SystemServerTiming: OnBootPhase_520_com.android.server.cpu.CpuMonitorService
04-15 17:04:11.194 536 536 V SystemServerTiming: OnBootPhase_520_com.android.server.cpu.CpuMonitorService took to complete: 0ms
04-15 17:04:11.195 536 536 D SystemServerTiming: OnBootPhase_520_com.android.server.security.KeyChainSystemService
04-15 17:04:11.195 536 536 V SystemServerTiming: OnBootPhase_520_com.android.server.security.KeyChainSystemService took to complete: 0ms
04-15 17:04:11.195 536 536 D SystemServerTiming: OnBootPhase_520_com.android.server.BinaryTransparencyService
04-15 17:04:11.195 536 536 V SystemServerTiming: OnBootPhase_520_com.android.server.BinaryTransparencyService took to complete: 0ms
04-15 17:04:11.195 536 536 D SystemServerTiming: OnBootPhase_520_com.android.server.telecom.TelecomLoaderService
04-15 17:04:11.196 536 536 V SystemServerTiming: OnBootPhase_520_com.android.server.telecom.TelecomLoaderService took to complete: 0ms
04-15 17:04:11.196 536 536 D SystemServerTiming: OnBootPhase_520_com.android.server.accounts.AccountManagerService$Lifecycle
04-15 17:04:11.196 536 536 V SystemServerTiming: OnBootPhase_520_com.android.server.accounts.AccountManagerService$Lifecycle took to complete: 0ms
04-15 17:04:11.196 536 536 D SystemServerTiming: OnBootPhase_520_com.android.server.content.ContentService$Lifecycle
04-15 17:04:11.196 536 536 V SystemServerTiming: OnBootPhase_520_com.android.server.content.ContentService$Lifecycle took to complete: 0ms
04-15 17:04:11.197 536 536 D SystemServerTiming: OnBootPhase_520_com.android.server.deviceconfig.DeviceConfigInit$Lifecycle
04-15 17:04:11.197 536 536 V SystemServerTiming: OnBootPhase_520_com.android.server.deviceconfig.DeviceConfigInit$Lifecycle took to complete: 0ms
04-15 17:04:11.197 536 536 D SystemServerTiming: OnBootPhase_520_com.android.server.DropBoxManagerService
04-15 17:04:11.197 536 536 V SystemServerTiming: OnBootPhase_520_com.android.server.DropBoxManagerService took to complete: 0ms
04-15 17:04:11.197 536 536 D SystemServerTiming: OnBootPhase_520_com.android.role.RoleService
04-15 17:04:11.197 536 536 V SystemServerTiming: OnBootPhase_520_com.android.role.RoleService took to complete: 0ms
04-15 17:04:11.197 536 536 D SystemServerTiming: OnBootPhase_520_com.android.server.vibrator.VibratorManagerService$Lifecycle
04-15 17:04:11.197 536 536 V SystemServerTiming: OnBootPhase_520_com.android.server.vibrator.VibratorManagerService$Lifecycle took to complete: 0ms
04-15 17:04:11.197 536 536 D SystemServerTiming: OnBootPhase_520_com.android.server.tare.InternalResourceService
04-15 17:04:11.197 536 536 V SystemServerTiming: OnBootPhase_520_com.android.server.tare.InternalResourceService took to complete: 0ms
04-15 17:04:11.197 536 536 D SystemServerTiming: OnBootPhase_520_com.android.server.alarm.AlarmManagerService
04-15 17:04:11.198 536 536 V SystemServerTiming: OnBootPhase_520_com.android.server.alarm.AlarmManagerService took to complete: 0ms
04-15 17:04:11.198 536 536 D SystemServerTiming: OnBootPhase_520_com.android.server.devicestate.DeviceStateManagerService
04-15 17:04:11.198 536 536 V SystemServerTiming: OnBootPhase_520_com.android.server.devicestate.DeviceStateManagerService took to complete: 0ms
04-15 17:04:11.198 536 536 D SystemServerTiming: OnBootPhase_520_com.android.server.camera.CameraServiceProxy
04-15 17:04:11.198 536 536 V SystemServerTiming: OnBootPhase_520_com.android.server.camera.CameraServiceProxy took to complete: 0ms
04-15 17:04:11.198 536 536 D SystemServerTiming: OnBootPhase_520_com.android.server.bluetooth.BluetoothService
04-15 17:04:11.198 536 536 V SystemServerTiming: OnBootPhase_520_com.android.server.bluetooth.BluetoothService took to complete: 0ms
04-15 17:04:11.198 536 536 D SystemServerTiming: OnBootPhase_520_com.android.server.connectivity.IpConnectivityMetrics
04-15 17:04:11.198 536 536 V SystemServerTiming: OnBootPhase_520_com.android.server.connectivity.IpConnectivityMetrics took to complete: 0ms
04-15 17:04:11.198 536 536 D SystemServerTiming: OnBootPhase_520_com.android.server.net.watchlist.NetworkWatchlistService$Lifecycle
04-15 17:04:11.198 536 536 V SystemServerTiming: OnBootPhase_520_com.android.server.net.watchlist.NetworkWatchlistService$Lifecycle took to complete: 0ms
04-15 17:04:11.199 536 536 D SystemServerTiming: OnBootPhase_520_com.android.server.PinnerService
04-15 17:04:11.199 536 536 V SystemServerTiming: OnBootPhase_520_com.android.server.PinnerService took to complete: 0ms
04-15 17:04:11.199 536 536 D SystemServerTiming: OnBootPhase_520_com.android.server.integrity.AppIntegrityManagerService
04-15 17:04:11.199 536 536 V SystemServerTiming: OnBootPhase_520_com.android.server.integrity.AppIntegrityManagerService took to complete: 0ms
04-15 17:04:11.199 536 536 D SystemServerTiming: OnBootPhase_520_com.android.server.logcat.LogcatManagerService
04-15 17:04:11.199 536 536 V SystemServerTiming: OnBootPhase_520_com.android.server.logcat.LogcatManagerService took to complete: 0ms
04-15 17:04:11.199 536 536 D SystemServerTiming: OnBootPhase_520_com.android.server.inputmethod.InputMethodManagerService$Lifecycle
04-15 17:04:11.199 536 536 V SystemServerTiming: OnBootPhase_520_com.android.server.inputmethod.InputMethodManagerService$Lifecycle took to complete: 0ms
04-15 17:04:11.199 536 536 D SystemServerTiming: OnBootPhase_520_com.android.server.accessibility.AccessibilityManagerService$Lifecycle
04-15 17:04:11.199 536 536 V SystemServerTiming: OnBootPhase_520_com.android.server.accessibility.AccessibilityManagerService$Lifecycle took to complete: 0ms
04-15 17:04:11.199 536 536 D SystemServerTiming: OnBootPhase_520_com.android.server.StorageManagerService$Lifecycle
04-15 17:04:11.204 536 536 V SystemServerTiming: OnBootPhase_520_com.android.server.StorageManagerService$Lifecycle took to complete: 0ms
04-15 17:04:11.204 536 536 D SystemServerTiming: OnBootPhase_520_com.android.server.usage.StorageStatsService$Lifecycle
04-15 17:04:11.204 536 536 V SystemServerTiming: OnBootPhase_520_com.android.server.usage.StorageStatsService$Lifecycle took to complete: 0ms
04-15 17:04:11.204 536 536 D SystemServerTiming: OnBootPhase_520_com.android.server.UiModeManagerService
04-15 17:04:11.204 536 536 V SystemServerTiming: OnBootPhase_520_com.android.server.UiModeManagerService took to complete: 0ms
04-15 17:04:11.204 536 536 D SystemServerTiming: OnBootPhase_520_com.android.server.locales.LocaleManagerService
04-15 17:04:11.204 536 536 V SystemServerTiming: OnBootPhase_520_com.android.server.locales.LocaleManagerService took to complete: 1ms
04-15 17:04:11.204 536 536 D SystemServerTiming: OnBootPhase_520_com.android.server.grammaticalinflection.GrammaticalInflectionService
04-15 17:04:11.204 536 536 V SystemServerTiming: OnBootPhase_520_com.android.server.grammaticalinflection.GrammaticalInflectionService took to complete: 0ms
04-15 17:04:11.205 536 536 D SystemServerTiming: OnBootPhase_520_com.android.server.apphibernation.AppHibernationService
04-15 17:04:11.205 536 536 V SystemServerTiming: OnBootPhase_520_com.android.server.apphibernation.AppHibernationService took to complete: 0ms
04-15 17:04:11.205 536 536 D SystemServerTiming: OnBootPhase_520_com.android.server.locksettings.LockSettingsService$Lifecycle
04-15 17:04:11.205 536 536 V SystemServerTiming: OnBootPhase_520_com.android.server.locksettings.LockSettingsService$Lifecycle took to complete: 0ms
04-15 17:04:11.205 536 536 D SystemServerTiming: OnBootPhase_520_com.android.server.testharness.TestHarnessModeService
04-15 17:04:11.205 536 536 V SystemServerTiming: OnBootPhase_520_com.android.server.testharness.TestHarnessModeService took to complete: 0ms
04-15 17:04:11.205 536 536 D SystemServerTiming: OnBootPhase_520_com.android.server.DeviceIdleController
04-15 17:04:11.205 536 536 V SystemServerTiming: OnBootPhase_520_com.android.server.DeviceIdleController took to complete: 0ms
04-15 17:04:11.205 536 536 D SystemServerTiming: OnBootPhase_520_com.android.server.devicepolicy.DevicePolicyManagerService$Lifecycle
04-15 17:04:11.205 536 536 V SystemServerTiming: OnBootPhase_520_com.android.server.devicepolicy.DevicePolicyManagerService$Lifecycle took to complete: 0ms
04-15 17:04:11.205 536 536 D SystemServerTiming: OnBootPhase_520_com.android.server.texttospeech.TextToSpeechManagerService
04-15 17:04:11.206 536 536 V SystemServerTiming: OnBootPhase_520_com.android.server.texttospeech.TextToSpeechManagerService took to complete: 0ms
04-15 17:04:11.206 536 536 D SystemServerTiming: OnBootPhase_520_com.android.server.ambientcontext.AmbientContextManagerService
04-15 17:04:11.206 536 536 V SystemServerTiming: OnBootPhase_520_com.android.server.ambientcontext.AmbientContextManagerService took to complete: 0ms
04-15 17:04:11.206 536 536 D SystemServerTiming: OnBootPhase_520_com.android.server.wearable.WearableSensingManagerService
04-15 17:04:11.206 536 536 V SystemServerTiming: OnBootPhase_520_com.android.server.wearable.WearableSensingManagerService took to complete: 0ms
04-15 17:04:11.206 536 536 D SystemServerTiming: OnBootPhase_520_com.android.server.speech.SpeechRecognitionManagerService
04-15 17:04:11.206 536 536 V SystemServerTiming: OnBootPhase_520_com.android.server.speech.SpeechRecognitionManagerService took to complete: 0ms
04-15 17:04:11.206 536 536 D SystemServerTiming: OnBootPhase_520_com.android.server.searchui.SearchUiManagerService
04-15 17:04:11.206 536 536 V SystemServerTiming: OnBootPhase_520_com.android.server.searchui.SearchUiManagerService took to complete: 0ms
04-15 17:04:11.208 536 536 D SystemServerTiming: OnBootPhase_520_com.android.server.smartspace.SmartspaceManagerService
04-15 17:04:11.208 536 536 V SystemServerTiming: OnBootPhase_520_com.android.server.smartspace.SmartspaceManagerService took to complete: 0ms
04-15 17:04:11.208 536 536 D SystemServerTiming: OnBootPhase_520_com.android.server.graphics.fonts.FontManagerService$Lifecycle
04-15 17:04:11.208 536 536 V SystemServerTiming: OnBootPhase_520_com.android.server.graphics.fonts.FontManagerService$Lifecycle took to complete: 0ms
04-15 17:04:11.208 536 536 D SystemServerTiming: OnBootPhase_520_com.android.server.textservices.TextServicesManagerService$Lifecycle
04-15 17:04:11.208 536 536 V SystemServerTiming: OnBootPhase_520_com.android.server.textservices.TextServicesManagerService$Lifecycle took to complete: 0ms
04-15 17:04:11.208 536 536 D SystemServerTiming: OnBootPhase_520_com.android.server.textclassifier.TextClassificationManagerService$Lifecycle
04-15 17:04:11.208 536 536 V SystemServerTiming: OnBootPhase_520_com.android.server.textclassifier.TextClassificationManagerService$Lifecycle took to complete: 0ms
04-15 17:04:11.208 536 536 D SystemServerTiming: OnBootPhase_520_com.android.server.NetworkScoreService$Lifecycle
04-15 17:04:11.208 536 536 V SystemServerTiming: OnBootPhase_520_com.android.server.NetworkScoreService$Lifecycle took to complete: 0ms
04-15 17:04:11.209 536 536 D SystemServerTiming: OnBootPhase_520_com.android.server.NetworkStatsServiceInitializer
04-15 17:04:11.209 536 536 V SystemServerTiming: OnBootPhase_520_com.android.server.NetworkStatsServiceInitializer took to complete: 0ms
04-15 17:04:11.209 536 536 D SystemServerTiming: OnBootPhase_520_com.android.server.wifi.WifiService
04-15 17:04:11.209 536 536 V SystemServerTiming: OnBootPhase_520_com.android.server.wifi.WifiService took to complete: 0ms
04-15 17:04:11.209 536 536 D SystemServerTiming: OnBootPhase_520_com.android.server.wifi.scanner.WifiScanningService
04-15 17:04:11.209 536 536 V SystemServerTiming: OnBootPhase_520_com.android.server.wifi.scanner.WifiScanningService took to complete: 0ms
04-15 17:04:11.209 536 536 D SystemServerTiming: OnBootPhase_520_com.android.server.wifi.p2p.WifiP2pService
04-15 17:04:11.209 536 536 V SystemServerTiming: OnBootPhase_520_com.android.server.wifi.p2p.WifiP2pService took to complete: 0ms
