04-15 17:02:11.994 447 447 W mediaswcodec: libminijail[447]: compile_file: (69): previous definition here
04-15 17:02:11.994 447 447 W mediaswcodec: libminijail[447]: compile_file: /apex/com.android.media.swcodec/etc/seccomp_policy/crash_dump.x86_64.policy(11): syscall gettid redefined here
04-15 17:02:11.995 447 447 W mediaswcodec: libminijail[447]: compile_file: (67): previous definition here
04-15 17:02:12.023 447 447 W mediaswcodec: libminijail[447]: compile_file: /apex/com.android.media.swcodec/etc/seccomp_policy/crash_dump.x86_64.policy(14): syscall openat redefined here
04-15 17:02:12.028 447 447 W mediaswcodec: libminijail[447]: compile_file: (18): previous definition here
04-15 17:02:12.035 447 447 W mediaswcodec: libminijail[447]: compile_file: /apex/com.android.media.swcodec/etc/seccomp_policy/crash_dump.x86_64.policy(15): syscall dup redefined here
04-15 17:02:12.038 447 447 W mediaswcodec: libminijail[447]: compile_file: (56): previous definition here
04-15 17:02:12.039 447 447 W mediaswcodec: libminijail[447]: compile_file: /apex/com.android.media.swcodec/etc/seccomp_policy/crash_dump.x86_64.policy(16): syscall close redefined here
04-15 17:02:12.043 447 447 W mediaswcodec: libminijail[447]: compile_file: (25): previous definition here
04-15 17:02:12.043 447 447 W mediaswcodec: libminijail[447]: compile_file: /apex/com.android.media.swcodec/etc/seccomp_policy/crash_dump.x86_64.policy(17): syscall lseek redefined here
04-15 17:02:12.043 447 447 W mediaswcodec: libminijail[447]: compile_file: (40): previous definition here
04-15 17:02:12.071 447 447 W mediaswcodec: libminijail[447]: compile_file: /apex/com.android.media.swcodec/etc/seccomp_policy/crash_dump.x86_64.policy(19): syscall faccessat redefined here
04-15 17:02:12.071 447 447 W mediaswcodec: libminijail[447]: compile_file: (38): previous definition here
04-15 17:02:12.071 447 447 W mediaswcodec: libminijail[447]: compile_file: /apex/com.android.media.swcodec/etc/seccomp_policy/crash_dump.x86_64.policy(28): syscall prctl redefined here
04-15 17:02:12.071 447 447 W mediaswcodec: libminijail[447]: compile_file: (17): previous definition here
04-15 17:02:12.093 447 447 W mediaswcodec: libminijail[447]: compile_file: /apex/com.android.media.swcodec/etc/seccomp_policy/crash_dump.x86_64.policy(29): syscall madvise redefined here
04-15 17:02:12.093 447 447 W mediaswcodec: libminijail[447]: compile_file: (33): previous definition here
04-15 17:02:12.094 447 447 W mediaswcodec: libminijail[447]: compile_file: /apex/com.android.media.swcodec/etc/seccomp_policy/crash_dump.x86_64.policy(30): syscall mprotect redefined here
04-15 17:02:12.094 447 447 W mediaswcodec: libminijail[447]: compile_file: (16): previous definition here
04-15 17:02:12.095 447 447 W mediaswcodec: libminijail[447]: compile_file: /apex/com.android.media.swcodec/etc/seccomp_policy/crash_dump.x86_64.policy(31): syscall munmap redefined here
04-15 17:02:12.095 447 447 W mediaswcodec: libminijail[447]: compile_file: (37): previous definition here
04-15 17:02:12.096 447 447 W mediaswcodec: libminijail[447]: compile_file: /apex/com.android.media.swcodec/etc/seccomp_policy/crash_dump.x86_64.policy(32): syscall getuid redefined here
04-15 17:02:12.096 447 447 W mediaswcodec: libminijail[447]: compile_file: (21): previous definition here
04-15 17:02:12.097 447 447 W mediaswcodec: libminijail[447]: compile_file: /apex/com.android.media.swcodec/etc/seccomp_policy/crash_dump.x86_64.policy(33): syscall fstat redefined here
04-15 17:02:12.097 447 447 W mediaswcodec: libminijail[447]: compile_file: (29): previous definition here
04-15 17:02:12.097 447 447 W mediaswcodec: libminijail[447]: compile_file: /apex/com.android.media.swcodec/etc/seccomp_policy/crash_dump.x86_64.policy(34): syscall mmap redefined here
04-15 17:02:12.097 447 447 W mediaswcodec: libminijail[447]: compile_file: (27): previous definition here
04-15 17:02:12.135 447 447 W mediaswcodec: libminijail[447]: logging seccomp filter failures
04-15 17:02:12.138 447 447 I CodecServiceRegistrant: Creating software Codec2 service...
04-15 17:02:12.289 447 447 D C2Store : Default ION heapmask = -1
04-15 17:02:12.289 447 447 D C2Store : Default ION flags = 0
04-15 17:02:12.290 447 447 D C2Store : Default ION align = 0
04-15 17:02:12.331 433 433 I MediaExtractorFactory: plugin directory not present (/system/lib64/extractors)
04-15 17:02:12.331 433 433 I MediaExtractorFactory: plugin directory not present (/system_ext/lib64/extractors)
04-15 17:02:12.448 447 447 I HidlServiceManagement: Registered android.hardware.media.c2@1.2::IComponentStore/software
04-15 17:02:12.482 447 447 I CodecServiceRegistrant: Preferred Codec2 store is set to "default".
04-15 17:02:12.483 447 447 I CodecServiceRegistrant: Software Codec2 service created and registered.
04-15 17:02:12.897 374 374 D APM_EngineLoader: Loaded engine from libaudiopolicyenginedefault.so
04-15 17:02:12.916 374 374 D APM::AudioPolicyEngine/Base: loadAudioPolicyEngineConfig: No configuration found, using default matching phone experience.
04-15 17:02:13.125 0 0 I servicemanager: Found android.hardware.health.IHealth/default in device VINTF manifest.
04-15 17:02:13.205 374 374 W APM::AudioPolicyEngine/Base: loadAudioPolicyEngineConfig: No configuration of AUDIO_STREAM_CALL_ASSISTANT found, using default volume configuration
04-15 17:02:13.253 440 440 I ServiceManagerCppClient: Waiting for service 'package_native' on '/dev/binder'...
04-15 17:02:13.265 374 374 D AudioFlinger::MelReporter: activateHalSoundDoseComputation: Forcing use of internal MEL computation.
04-15 17:02:13.265 374 374 W AudioFlinger: loadHwModule() sound dose reporting is not available
04-15 17:02:13.561 374 374 I AudioFlinger: loadHwModule() Loaded primary audio interface, handle 10
04-15 17:02:13.570 437 437 I mediaserver: ServiceManager: 0x79d51daa3a20
04-15 17:02:13.616 437 437 W BatteryNotifier: batterystats service unavailable!
04-15 17:02:13.634 374 374 I AudioFlinger: openOutput() this 0x77915a5a6070, module 10 Device AUDIO_DEVICE_OUT_SPEAKER, @:, SamplingRate 48000, Format 0x000001, Channels 0x3, flags 0x2
04-15 17:02:13.670 374 374 I AudioFlinger: HAL output buffer size 1088 frames, normal sink buffer size 1088 frames
04-15 17:02:13.680 133 133 I hwservicemanager: getTransport: Cannot find entry android.hardware.audio.effect@7.1::IEffectsFactory/default in either framework or device VINTF manifest.
04-15 17:02:13.715 437 437 W BatteryNotifier: batterystats service unavailable!
04-15 17:02:13.915 374 374 I BufferProvider: found effect "Multichannel Downmix To Stereo" from The Android Open Source Project
04-15 17:02:13.979 374 374 D AudioFlinger: Failed to add event callback
04-15 17:02:13.993 374 493 I AudioFlinger: AudioFlinger's thread 0x779295998930 tid=493 ready to run
04-15 17:02:14.175 374 493 W AudioFlinger: no wake lock to update, system not ready yet
04-15 17:02:14.184 374 493 D AudioFlinger: ro.audio.silent is ignored since no output device is set
04-15 17:02:14.192 326 364 E android.hardware.audio@7.1-impl.ranchu: getPresentationPosition:510 failure: Result::INVALID_STATE
04-15 17:02:14.308 374 374 E APM_AudioPolicyManager: invalid volume index range
04-15 17:02:14.309 374 374 E APM_AudioPolicyManager: invalid volume index range
04-15 17:02:14.310 374 374 E APM_AudioPolicyManager: invalid volume index range
04-15 17:02:14.310 374 374 V APM_AudioPolicyManager: checkAndSetVolume cannot set volume group 4 volume when is not requested for comm
04-15 17:02:14.323 374 374 E APM_AudioPolicyManager: invalid volume index range
04-15 17:02:14.328 374 374 E APM_AudioPolicyManager: invalid volume index range
04-15 17:02:14.356 374 374 E APM_AudioPolicyManager: invalid volume index range
04-15 17:02:14.357 374 374 E APM_AudioPolicyManager: invalid volume index range
04-15 17:02:14.436 374 493 W AudioFlinger: no wake lock to update, system not ready yet
04-15 17:02:14.436 374 493 D AudioFlinger: ro.audio.silent is ignored since no output device is set
04-15 17:02:14.448 374 374 E APM_AudioPolicyManager: invalid volume index range
04-15 17:02:14.456 374 374 E APM_AudioPolicyManager: invalid volume index range
04-15 17:02:14.457 374 374 E APM_AudioPolicyManager: invalid volume index range
04-15 17:02:14.458 374 374 E APM_AudioPolicyManager: invalid volume index range
04-15 17:02:14.482 374 374 W AudioFlinger: moveEffects() bad srcOutput 0
04-15 17:02:14.512 374 374 V APM_AudioPolicyManager: selectOutputForMusicEffects selected output 13
04-15 17:02:14.513 374 374 V APM_AudioPolicyManager: setOutputDevices device {AUDIO_DEVICE_OUT_SPEAKER, @:} delayMs 0
04-15 17:02:14.513 374 374 V APM_AudioPolicyManager: setOutputDevices() prevDevice {AUDIO_DEVICE_OUT_SPEAKER, @:}
04-15 17:02:14.515 374 374 I APM::AudioPolicyEngine: getDevicesForStrategyInt no device found for strategy 9
04-15 17:02:14.624 324 324 D nativeloader: InitDefaultPublicLibraries for_preload=1: libandroid.so:libaaudio.so:libamidi.so:libbinder_ndk.so:libc.so:libcamera2ndk.so:libdl.so:libEGL.so:libGLESv1_CM.so:libGLESv2.so:libGLESv3.so:libicu.so:libicui18n.so:libicuuc.so:libjnigraphics.so:liblog.so:libmediandk.so:libm.so:libnativehelper.so:libnativewindow.so:libOpenMAXAL.so:libOpenSLES.so:libRS.so:libstdc++.so:libsync.so:libvulkan.so:libwebviewchromium_plat_support.so:libz.so
04-15 17:02:14.749 374 374 V APM_AudioPolicyManager: setOutputDevices changing device to {AUDIO_DEVICE_OUT_SPEAKER, @:}
04-15 17:02:14.905 374 493 D AudioFlinger: updateHalSupportedLatencyModes_l: thread(13) status -38 supported latency modes: { }
04-15 17:02:14.928 374 374 V APM_AudioPolicyManager: setOutputDevices() AF::createAudioPatch returned 0 patchHandle 12 num_sources 1 num_sinks 1
04-15 17:02:14.950 374 374 E APM_AudioPolicyManager: invalid volume index range
04-15 17:02:14.950 374 374 E APM_AudioPolicyManager: invalid volume index range
04-15 17:02:14.950 374 374 E APM_AudioPolicyManager: invalid volume index range
04-15 17:02:14.950 374 374 V APM_AudioPolicyManager: checkAndSetVolume cannot set volume group 4 volume when is not requested for comm
04-15 17:02:14.951 374 374 E APM_AudioPolicyManager: invalid volume index range
04-15 17:02:14.951 374 374 E APM_AudioPolicyManager: invalid volume index range
04-15 17:02:14.951 374 374 E APM_AudioPolicyManager: invalid volume index range
04-15 17:02:14.951 374 374 E APM_AudioPolicyManager: invalid volume index range
04-15 17:02:14.951 374 374 E APM_AudioPolicyManager: invalid volume index range
04-15 17:02:14.951 374 374 E APM_AudioPolicyManager: invalid volume index range
04-15 17:02:14.951 374 374 E APM_AudioPolicyManager: invalid volume index range
04-15 17:02:14.984 374 374 E APM_AudioPolicyManager: invalid volume index range
04-15 17:02:14.985 374 374 I AudioFlinger: openOutput() this 0x77915a5a6070, module 10 Device AUDIO_DEVICE_OUT_TELEPHONY_TX, @:, SamplingRate 48000, Format 0x000001, Channels 0x3, flags 0
04-15 17:02:15.023 374 374 I AudioFlinger: HAL output buffer size 1088 frames, normal sink buffer size 1088 frames
04-15 17:02:15.065 374 374 D AudioFlinger: Failed to add event callback
04-15 17:02:15.084 374 497 I AudioFlinger: AudioFlinger's thread 0x7792958fe930 tid=497 ready to run
04-15 17:02:15.084 374 497 W AudioFlinger: no wake lock to update, system not ready yet
04-15 17:02:15.084 374 497 D AudioFlinger: ro.audio.silent is ignored since no output device is set
04-15 17:02:15.085 326 364 E android.hardware.audio@7.1-impl.ranchu: getPresentationPosition:510 failure: Result::INVALID_STATE
04-15 17:02:15.112 374 374 E APM_AudioPolicyManager: invalid volume index range
04-15 17:02:15.114 374 374 E APM_AudioPolicyManager: invalid volume index range
04-15 17:02:15.114 374 374 E APM_AudioPolicyManager: invalid volume index range
04-15 17:02:15.114 374 374 V APM_AudioPolicyManager: checkAndSetVolume cannot set volume group 4 volume when is not requested for comm
04-15 17:02:15.114 374 374 E APM_AudioPolicyManager: invalid volume index range
04-15 17:02:15.114 374 374 E APM_AudioPolicyManager: invalid volume index range
04-15 17:02:15.114 374 374 E APM_AudioPolicyManager: invalid volume index range
04-15 17:02:15.115 374 374 E APM_AudioPolicyManager: invalid volume index range
04-15 17:02:15.152 374 497 W AudioFlinger: no wake lock to update, system not ready yet
04-15 17:02:15.152 374 497 D AudioFlinger: ro.audio.silent is ignored since no output device is set
04-15 17:02:15.160 374 374 E APM_AudioPolicyManager: invalid volume index range
04-15 17:02:15.160 374 374 E APM_AudioPolicyManager: invalid volume index range
04-15 17:02:15.161 374 374 E APM_AudioPolicyManager: invalid volume index range
04-15 17:02:15.161 374 374 E APM_AudioPolicyManager: invalid volume index range
04-15 17:02:15.173 374 374 V APM_AudioPolicyManager: selectOutputForMusicEffects selected output 13
04-15 17:02:15.179 374 374 V APM_AudioPolicyManager: setOutputDevices device {AUDIO_DEVICE_OUT_TELEPHONY_TX, @:} delayMs 0
04-15 17:02:15.184 374 374 V APM_AudioPolicyManager: setOutputDevices() prevDevice {AUDIO_DEVICE_OUT_TELEPHONY_TX, @:}
04-15 17:02:15.205 374 374 V APM_AudioPolicyManager: setOutputDevices changing device to {AUDIO_DEVICE_OUT_TELEPHONY_TX, @:}
04-15 17:02:15.229 374 497 D AudioFlinger: updateHalSupportedLatencyModes_l: thread(21) status -38 supported latency modes: { }
04-15 17:02:15.245 374 374 V APM_AudioPolicyManager: setOutputDevices() AF::createAudioPatch returned 0 patchHandle 20 num_sources 1 num_sinks 1
04-15 17:02:15.246 374 374 E APM_AudioPolicyManager: invalid volume index range
04-15 17:02:15.246 374 374 E APM_AudioPolicyManager: invalid volume index range
04-15 17:02:15.247 374 374 E APM_AudioPolicyManager: invalid volume index range
04-15 17:02:15.247 374 374 E APM_AudioPolicyManager: invalid volume index range
04-15 17:02:15.247 374 374 E APM_AudioPolicyManager: invalid volume index range
04-15 17:02:15.247 374 374 E APM_AudioPolicyManager: invalid volume index range
04-15 17:02:15.247 374 374 E APM_AudioPolicyManager: invalid volume index range
04-15 17:02:15.247 374 374 E APM_AudioPolicyManager: invalid volume index range
04-15 17:02:15.248 374 374 E APM_AudioPolicyManager: invalid volume index range
04-15 17:02:15.268 374 374 E APM_AudioPolicyManager: invalid volume index range
04-15 17:02:15.268 374 374 E APM_AudioPolicyManager: invalid volume index range
04-15 17:02:15.268 374 374 E APM_AudioPolicyManager: invalid volume index range
04-15 17:02:15.637 453 453 W ServiceManagerCppClient: Service android.hardware.gatekeeper.IGatekeeper/default didn't start. Returning NULL
04-15 17:02:15.726 374 500 I AudioFlinger: AudioFlinger's thread 0x779294a0dbb0 tid=500 ready to run
04-15 17:02:15.736 374 500 W AudioFlinger: no wake lock to update, system not ready yet
04-15 17:02:15.938 374 500 W AudioFlinger: no wake lock to update, system not ready yet
04-15 17:02:16.001 374 502 I AudioFlinger: AudioFlinger's thread 0x779294a0dbb0 tid=502 ready to run
04-15 17:02:16.003 374 502 W AudioFlinger: no wake lock to update, system not ready yet
04-15 17:02:16.005 324 324 D zygote64: Time zone APEX ICU file found: /apex/com.android.tzdata/etc/icu/icu_tzdata.dat
04-15 17:02:16.011 374 502 W AudioFlinger: no wake lock to update, system not ready yet
04-15 17:02:16.043 324 324 D zygote64: I18n APEX ICU file found: /apex/com.android.i18n/etc/icu/icudt72l.dat
04-15 17:02:16.114 374 504 I AudioFlinger: AudioFlinger's thread 0x779294a0dbb0 tid=504 ready to run
04-15 17:02:16.184 374 504 W AudioFlinger: no wake lock to update, system not ready yet
04-15 17:02:16.267 326 364 I r_submix: adev_open(name=audio_hw_if)
04-15 17:02:16.329 374 374 D AudioFlinger::MelReporter: activateHalSoundDoseComputation: Forcing use of internal MEL computation.
04-15 17:02:16.329 374 374 W AudioFlinger: loadHwModule() sound dose reporting is not available
04-15 17:02:16.330 326 506 I r_submix: adev_init_check()
04-15 17:02:16.331 374 374 I AudioFlinger: loadHwModule() Loaded r_submix audio interface, handle 18
04-15 17:02:16.349 326 364 D r_submix: adev_open_input_stream(addr=0)
04-15 17:02:16.350 326 364 I r_submix: adev_open_input_stream(): about to create pipe at index 9, rate 48000, pipe size 4096
04-15 17:02:16.350 326 364 D r_submix: submix_audio_device_create_pipe_l(addr=0, idx=9)
04-15 17:02:16.350 326 364 D r_submix: now using address 0 for route 9
04-15 17:02:16.376 374 507 I AudioFlinger: AudioFlinger's thread 0x779294a0dbb0 tid=507 ready to run
04-15 17:02:16.377 326 364 I r_submix: in_standby()
04-15 17:02:16.390 374 507 W AudioFlinger: no wake lock to update, system not ready yet
04-15 17:02:16.390 326 364 I r_submix: in_standby()
04-15 17:02:16.391 374 507 W AudioFlinger: no wake lock to update, system not ready yet
04-15 17:02:16.398 326 364 D r_submix: adev_close_input_stream()
04-15 17:02:16.398 326 364 D r_submix: submix_audio_device_release_pipe_l(idx=9) addr=0
04-15 17:02:16.398 326 364 D r_submix: submix_audio_device_destroy_pipe_l(): pipe destroyed
04-15 17:02:16.524 374 374 D AudioFlinger::MelReporter: activateHalSoundDoseComputation: Forcing use of internal MEL computation.
04-15 17:02:16.524 374 374 W AudioFlinger: loadHwModule() sound dose reporting is not available
04-15 17:02:16.530 374 374 I AudioFlinger: loadHwModule() Loaded bluetooth audio interface, handle 26
04-15 17:02:16.548 133 133 I hwservicemanager: getTransport: Cannot find entry android.hardware.audio.effect@7.1::IEffectsFactory/default in either framework or device VINTF manifest.
04-15 17:02:16.670 374 374 I audioserver: Waiting for activity service
04-15 17:02:16.744 435 435 W ServiceManagerCppClient: Service package_native didn't start. Returning NULL
04-15 17:02:16.745 435 435 E ServiceUtilities: getInfo: Cannot find package_native
04-15 17:02:16.769 324 324 I zygote64: Using memfd for future sealing
04-15 17:02:16.919 324 324 W zygote64: Unexpected CPU variant for x86: x86_64.
04-15 17:02:16.919 324 324 W zygote64: Known variants: atom, sandybridge, silvermont, goldmont, goldmont-plus, tremont, kabylake, default
04-15 17:02:18.280 440 440 W ServiceManagerCppClient: Service package_native didn't start. Returning NULL
04-15 17:02:18.282 440 440 E storaged: getService package_native failed
04-15 17:02:18.294 418 418 I cameraserver: ServiceManager: 0x7182fb399240
04-15 17:02:18.364 418 418 I CameraService: CameraService started (pid=418)
04-15 17:02:18.403 418 418 I CameraService: CameraService process starting
04-15 17:02:18.436 418 418 W BatteryNotifier: batterystats service unavailable!
04-15 17:02:18.437 418 418 W BatteryNotifier: batterystats service unavailable!
04-15 17:02:18.516 440 440 W BpBinder: Linking to death on android.hardware.health.IHealth but there are no threads (yet?) listening to incoming transactions. See ProcessState::startThreadPool and ProcessState::setThreadPoolMaxThreadCount. Generally you should setup the binder threadpool before other initialization steps.
04-15 17:02:18.583 418 418 I cameraserver: Connecting to new camera provider: internal/0, isRemote? 1
04-15 17:02:18.618 418 418 W BpBinder: Linking to death on android.hardware.camera.provider.ICameraProvider but there are no threads (yet?) listening to incoming transactions. See ProcessState::startThreadPool and ProcessState::setThreadPoolMaxThreadCount. Generally you should setup the binder threadpool before other initialization steps.
04-15 17:02:18.627 440 521 I storaged: storaged: Start
04-15 17:02:18.632 440 521 I ServiceManagerCppClient: Waiting for service 'package_native' on '/dev/binder'...
04-15 17:02:18.724 418 418 I CameraProviderManager: Enumerating new camera device: device@1.1/internal/1
04-15 17:02:18.739 332 332 W StreamConfigurationMap: StreamConfigurationMap: ANDROID_SCALER_AVAILABLE_STREAM_CONFIGURATIONS missing, maxResolution ? true!
04-15 17:02:18.742 332 332 W StreamConfigurationMap: StreamConfigurationMap: ANDROID_SCALER_AVAILABLE_MIN_FRAME_DURATIONS missing!, max resolution ? true
04-15 17:02:18.742 332 332 W StreamConfigurationMap: StreamConfigurationMap: ANDROID_SCALER_AVAILABLE_STALL_DURATIONS missing! maxResolution ? true
04-15 17:02:18.742 332 332 I EmulatedCameraDeviceHwlImpl: Create: Created EmulatedCameraDeviceHwlImpl for camera 1
04-15 17:02:18.757 332 332 D GCH_Utils: FindLibraryPaths: Unable to open directory /vendor/lib64/camera/capture_sessions/ (No such file or directory)
04-15 17:02:18.760 332 332 I GCH_CameraDevice: Create: Created a camera device for public(1)
04-15 17:02:18.872 418 418 W CameraProviderManager: Camera provider internal/0 says an unknown camera device@1.1/internal/1 now has torch status 1. Curious.
04-15 17:02:18.874 418 418 I CameraProviderManager: Camera provider internal/0 ready with 1 camera devices
04-15 17:02:19.296 418 418 I cameraserver: Connecting to new camera provider: internal/1, isRemote? 1
04-15 17:02:19.337 418 418 W BpBinder: Linking to death on android.hardware.camera.provider.ICameraProvider but there are no threads (yet?) listening to incoming transactions. See ProcessState::startThreadPool and ProcessState::setThreadPoolMaxThreadCount. Generally you should setup the binder threadpool before other initialization steps.
04-15 17:02:19.420 418 418 I CameraProviderManager: Camera provider internal/1 ready with 0 camera devices
04-15 17:02:19.421 418 418 I CameraService: onDeviceStatusChanged: Status changed for cameraId=1, newStatus=1
04-15 17:02:19.422 418 418 I CameraService: onDeviceStatusChanged: Unknown camera ID 1, a new camera is added
04-15 17:02:19.552 418 418 I HidlServiceManagement: Registered android.frameworks.cameraservice.service@2.2::ICameraService/default
04-15 17:02:19.573 0 0 I servicemanager: Found android.frameworks.cameraservice.service.ICameraService/default in framework VINTF manifest.
04-15 17:02:19.585 0 0 I servicemanager: Found android.frameworks.cameraservice.service.ICameraService/default in framework VINTF manifest.
04-15 17:02:19.584 418 418 I CameraService: CameraService pinged cameraservice proxy
04-15 17:02:19.592 418 418 I cameraserver: ServiceManager: 0x7182fb399240 done instantiate
04-15 17:02:19.594 418 418 W CameraProviderManager: addAidlProviderLocked: Camera provider HAL with name 'android.hardware.camera.provider.ICameraProvider/internal/0' already registered
04-15 17:02:19.594 418 418 W CameraProviderManager: addAidlProviderLocked: Camera provider HAL with name 'android.hardware.camera.provider.ICameraProvider/internal/1' already registered
04-15 17:02:19.602 468 468 I BootAnimation: boot animation disabled
04-15 17:02:19.887 0 0 I init : Service 'bootanim' (pid 468) exited with status 0 oneshot service took 10.329000 seconds in background
04-15 17:02:19.887 0 0 I init : Sending signal 9 to service 'bootanim' (pid 468) process group...
04-15 17:02:19.888 0 0 I libprocessgroup: Successfully killed process cgroup uid 1003 pid 468 in 0ms
04-15 17:02:20.309 324 324 D Zygote : begin preload
04-15 17:02:20.310 324 324 I Zygote : Calling ZygoteHooks.beginPreload()
04-15 17:02:21.251 324 511 W zygote64: Verification of void android.widget.AbsListView.onTouchCancel() took 214.863ms (390.95 bytecodes/s) (3160B approximate peak alloc)
04-15 17:02:21.359 324 324 V Zygote64Timing: BeginPreload took to complete: 1049ms
04-15 17:02:21.363 324 324 I Zygote : Preloading classes...
04-15 17:02:21.603 385 434 D RenderEngine: Shader cache generated 92 shaders in 12275.333008 ms
04-15 17:02:21.937 324 511 I zygote64: Background verification of 152 classes from boot classpath took 591.502ms
04-15 17:02:22.084 324 324 W Zygote : Class not found for preloading: android.content.res.AssetFileDescriptor$AutoCloseInputStream$OffsetCorrectFileChannel
04-15 17:02:22.111 324 324 I Typeface: Preloading /system/fonts/Roboto-Regular.ttf
04-15 17:02:22.113 324 324 I Typeface: Preloading /system/fonts/RobotoStatic-Regular.ttf
04-15 17:02:22.127 324 324 W System : No Compatibility callbacks set! Querying change 247079863
04-15 17:02:22.136 324 324 W System : No Compatibility callbacks set! Querying change 247079863
04-15 17:02:22.138 324 324 W System : No Compatibility callbacks set! Querying change 247079863
04-15 17:02:22.139 324 324 W System : No Compatibility callbacks set! Querying change 247079863
04-15 17:02:22.140 324 324 W System : No Compatibility callbacks set! Querying change 247079863
04-15 17:02:22.142 324 324 W System : No Compatibility callbacks set! Querying change 247079863
04-15 17:02:22.143 324 324 W System : No Compatibility callbacks set! Querying change 247079863
04-15 17:02:22.145 324 324 W System : No Compatibility callbacks set! Querying change 247079863
04-15 17:02:22.147 324 324 W System : No Compatibility callbacks set! Querying change 247079863
04-15 17:02:22.148 324 324 W System : No Compatibility callbacks set! Querying change 247079863
04-15 17:02:22.149 324 324 W System : No Compatibility callbacks set! Querying change 247079863
04-15 17:02:22.151 324 324 W System : No Compatibility callbacks set! Querying change 247079863
04-15 17:02:22.151 324 324 W System : No Compatibility callbacks set! Querying change 247079863
04-15 17:02:22.153 324 324 W System : No Compatibility callbacks set! Querying change 247079863
04-15 17:02:22.153 324 324 W System : No Compatibility callbacks set! Querying change 247079863
04-15 17:02:22.155 324 324 W System : No Compatibility callbacks set! Querying change 247079863
04-15 17:02:22.155 324 324 W System : No Compatibility callbacks set! Querying change 247079863
04-15 17:02:22.157 324 324 W System : No Compatibility callbacks set! Querying change 247079863
04-15 17:02:22.158 324 324 W System : No Compatibility callbacks set! Querying change 247079863
04-15 17:02:22.158 324 324 W System : No Compatibility callbacks set! Querying change 247079863
04-15 17:02:22.159 324 324 W System : No Compatibility callbacks set! Querying change 247079863
04-15 17:02:22.162 324 324 W System : No Compatibility callbacks set! Querying change 247079863
04-15 17:02:22.163 324 324 W System : No Compatibility callbacks set! Querying change 247079863
04-15 17:02:22.165 324 324 W System : No Compatibility callbacks set! Querying change 247079863
04-15 17:02:22.165 324 324 W System : No Compatibility callbacks set! Querying change 247079863
04-15 17:02:22.167 324 324 W System : No Compatibility callbacks set! Querying change 247079863
04-15 17:02:22.168 324 324 W System : No Compatibility callbacks set! Querying change 247079863
04-15 17:02:22.169 324 324 W System : No Compatibility callbacks set! Querying change 247079863
04-15 17:02:22.169 324 324 W System : No Compatibility callbacks set! Querying change 247079863
04-15 17:02:22.170 324 324 W System : No Compatibility callbacks set! Querying change 247079863
04-15 17:02:22.174 324 324 W System : No Compatibility callbacks set! Querying change 247079863
04-15 17:02:22.175 324 324 W System : No Compatibility callbacks set! Querying change 247079863
04-15 17:02:22.177 324 324 W System : No Compatibility callbacks set! Querying change 247079863
04-15 17:02:22.178 324 324 W System : No Compatibility callbacks set! Querying change 247079863
04-15 17:02:22.180 324 324 W System : No Compatibility callbacks set! Querying change 247079863
04-15 17:02:22.181 324 324 W System : No Compatibility callbacks set! Querying change 247079863
04-15 17:02:22.183 324 324 W System : No Compatibility callbacks set! Querying change 247079863
04-15 17:02:22.185 324 324 W System : No Compatibility callbacks set! Querying change 247079863
04-15 17:02:22.189 324 324 W System : No Compatibility callbacks set! Querying change 247079863
04-15 17:02:22.189 324 324 W System : No Compatibility callbacks set! Querying change 247079863
04-15 17:02:22.190 324 324 W System : No Compatibility callbacks set! Querying change 247079863
04-15 17:02:22.190 324 324 W System : No Compatibility callbacks set! Querying change 247079863
04-15 17:02:22.191 324 324 W System : No Compatibility callbacks set! Querying change 247079863
04-15 17:02:22.191 324 324 W System : No Compatibility callbacks set! Querying change 247079863
04-15 17:02:22.193 324 324 W System : No Compatibility callbacks set! Querying change 247079863
04-15 17:02:22.194 324 324 W System : No Compatibility callbacks set! Querying change 247079863
04-15 17:02:22.195 324 324 W System : No Compatibility callbacks set! Querying change 247079863
04-15 17:02:22.197 324 324 W System : No Compatibility callbacks set! Querying change 247079863
04-15 17:02:22.198 324 324 W System : No Compatibility callbacks set! Querying change 247079863
04-15 17:02:22.198 324 324 W System : No Compatibility callbacks set! Querying change 247079863
04-15 17:02:22.199 324 324 W System : No Compatibility callbacks set! Querying change 247079863
04-15 17:02:22.202 324 324 W System : No Compatibility callbacks set! Querying change 247079863
04-15 17:02:22.203 324 324 W System : No Compatibility callbacks set! Querying change 247079863
04-15 17:02:22.205 324 324 W System : No Compatibility callbacks set! Querying change 247079863
04-15 17:02:22.205 324 324 W System : No Compatibility callbacks set! Querying change 247079863
04-15 17:02:22.206 324 324 W System : No Compatibility callbacks set! Querying change 247079863
04-15 17:02:22.209 324 324 W System : No Compatibility callbacks set! Querying change 247079863
04-15 17:02:22.210 324 324 W System : No Compatibility callbacks set! Querying change 247079863
04-15 17:02:22.210 324 324 W System : No Compatibility callbacks set! Querying change 247079863
04-15 17:02:22.211 324 324 W System : No Compatibility callbacks set! Querying change 247079863
04-15 17:02:22.213 324 324 W System : No Compatibility callbacks set! Querying change 247079863
04-15 17:02:22.214 324 324 W System : No Compatibility callbacks set! Querying change 247079863
04-15 17:02:22.215 324 324 W System : No Compatibility callbacks set! Querying change 247079863
04-15 17:02:22.217 324 324 W System : No Compatibility callbacks set! Querying change 247079863
04-15 17:02:22.217 324 324 W System : No Compatibility callbacks set! Querying change 247079863
04-15 17:02:22.218 324 324 W System : No Compatibility callbacks set! Querying change 247079863
04-15 17:02:22.218 324 324 W System : No Compatibility callbacks set! Querying change 247079863
04-15 17:02:22.219 324 324 W System : No Compatibility callbacks set! Querying change 247079863
04-15 17:02:22.219 324 324 W System : No Compatibility callbacks set! Querying change 247079863
04-15 17:02:22.220 324 324 W System : No Compatibility callbacks set! Querying change 247079863
04-15 17:02:22.221 324 324 W System : No Compatibility callbacks set! Querying change 247079863
04-15 17:02:22.222 324 324 W System : No Compatibility callbacks set! Querying change 247079863
04-15 17:02:22.223 324 324 W System : No Compatibility callbacks set! Querying change 247079863
04-15 17:02:22.226 324 324 W System : No Compatibility callbacks set! Querying change 247079863
04-15 17:02:22.227 324 324 W System : No Compatibility callbacks set! Querying change 247079863
04-15 17:02:22.228 324 324 W System : No Compatibility callbacks set! Querying change 247079863
04-15 17:02:22.229 324 324 W System : No Compatibility callbacks set! Querying change 247079863
04-15 17:02:22.230 324 324 W System : No Compatibility callbacks set! Querying change 247079863
04-15 17:02:22.230 324 324 W System : No Compatibility callbacks set! Querying change 247079863
04-15 17:02:22.231 324 324 W System : No Compatibility callbacks set! Querying change 247079863
04-15 17:02:22.231 324 324 W System : No Compatibility callbacks set! Querying change 247079863
04-15 17:02:22.234 324 324 W System : No Compatibility callbacks set! Querying change 247079863
04-15 17:02:22.234 324 324 W System : No Compatibility callbacks set! Querying change 247079863
04-15 17:02:22.235 324 324 W System : No Compatibility callbacks set! Querying change 247079863
04-15 17:02:22.240 324 324 W System : No Compatibility callbacks set! Querying change 247079863
04-15 17:02:22.241 324 324 W System : No Compatibility callbacks set! Querying change 247079863
04-15 17:02:22.242 324 324 W System : No Compatibility callbacks set! Querying change 247079863
04-15 17:02:22.243 324 324 W System : No Compatibility callbacks set! Querying change 247079863
04-15 17:02:22.243 324 324 W System : No Compatibility callbacks set! Querying change 247079863
04-15 17:02:22.248 324 324 W System : No Compatibility callbacks set! Querying change 247079863
04-15 17:02:22.249 324 324 W System : No Compatibility callbacks set! Querying change 247079863
04-15 17:02:22.249 324 324 W System : No Compatibility callbacks set! Querying change 247079863
04-15 17:02:22.250 324 324 W System : No Compatibility callbacks set! Querying change 247079863
04-15 17:02:22.251 324 324 W System : No Compatibility callbacks set! Querying change 247079863
04-15 17:02:22.251 324 324 W System : No Compatibility callbacks set! Querying change 247079863
04-15 17:02:22.256 324 324 W System : No Compatibility callbacks set! Querying change 247079863
04-15 17:02:22.257 324 324 W System : No Compatibility callbacks set! Querying change 247079863
04-15 17:02:22.258 324 324 W System : No Compatibility callbacks set! Querying change 247079863
04-15 17:02:22.258 324 324 W System : No Compatibility callbacks set! Querying change 247079863
04-15 17:02:22.258 324 324 W System : No Compatibility callbacks set! Querying change 247079863
04-15 17:02:22.259 324 324 W System : No Compatibility callbacks set! Querying change 247079863
04-15 17:02:22.259 324 324 W System : No Compatibility callbacks set! Querying change 247079863
04-15 17:02:22.259 324 324 W System : No Compatibility callbacks set! Querying change 247079863
04-15 17:02:22.265 324 324 W System : No Compatibility callbacks set! Querying change 247079863
04-15 17:02:22.266 324 324 W System : No Compatibility callbacks set! Querying change 247079863
04-15 17:02:22.266 324 324 W System : No Compatibility callbacks set! Querying change 247079863
04-15 17:02:22.267 324 324 W System : No Compatibility callbacks set! Querying change 247079863
04-15 17:02:22.272 324 324 W System : No Compatibility callbacks set! Querying change 247079863
04-15 17:02:22.273 324 324 W System : No Compatibility callbacks set! Querying change 247079863
04-15 17:02:22.274 324 324 W System : No Compatibility callbacks set! Querying change 247079863
04-15 17:02:22.275 324 324 W System : No Compatibility callbacks set! Querying change 247079863
04-15 17:02:22.278 324 324 W System : No Compatibility callbacks set! Querying change 247079863
04-15 17:02:22.280 324 324 W System : No Compatibility callbacks set! Querying change 247079863
04-15 17:02:22.281 324 324 W System : No Compatibility callbacks set! Querying change 247079863
04-15 17:02:22.282 324 324 W System : No Compatibility callbacks set! Querying change 247079863
04-15 17:02:22.283 324 324 W System : No Compatibility callbacks set! Querying change 247079863
04-15 17:02:22.283 324 324 W System : No Compatibility callbacks set! Querying change 247079863
04-15 17:02:22.288 324 324 W System : No Compatibility callbacks set! Querying change 247079863
04-15 17:02:22.288 324 324 W System : No Compatibility callbacks set! Querying change 247079863
04-15 17:02:22.289 324 324 W System : No Compatibility callbacks set! Querying change 247079863
04-15 17:02:22.290 324 324 W System : No Compatibility callbacks set! Querying change 247079863
04-15 17:02:22.290 324 324 W System : No Compatibility callbacks set! Querying change 247079863
04-15 17:02:22.291 324 324 W System : No Compatibility callbacks set! Querying change 247079863
04-15 17:02:22.296 324 324 W System : No Compatibility callbacks set! Querying change 247079863
04-15 17:02:22.297 324 324 W System : No Compatibility callbacks set! Querying change 247079863
04-15 17:02:22.298 324 324 W System : No Compatibility callbacks set! Querying change 247079863
04-15 17:02:22.298 324 324 W System : No Compatibility callbacks set! Querying change 247079863
04-15 17:02:22.299 324 324 W System : No Compatibility callbacks set! Querying change 247079863
04-15 17:02:22.301 324 324 W System : No Compatibility callbacks set! Querying change 247079863
04-15 17:02:22.302 324 324 W System : No Compatibility callbacks set! Querying change 247079863
04-15 17:02:22.302 324 324 W System : No Compatibility callbacks set! Querying change 247079863
04-15 17:02:22.303 324 324 W System : No Compatibility callbacks set! Querying change 247079863
04-15 17:02:22.303 324 324 W System : No Compatibility callbacks set! Querying change 247079863
04-15 17:02:22.305 324 324 W System : No Compatibility callbacks set! Querying change 247079863
04-15 17:02:22.306 324 324 W System : No Compatibility callbacks set! Querying change 247079863
04-15 17:02:22.306 324 324 W System : No Compatibility callbacks set! Querying change 247079863
04-15 17:02:22.316 324 324 W System : No Compatibility callbacks set! Querying change 247079863
04-15 17:02:22.317 324 324 W System : No Compatibility callbacks set! Querying change 247079863
04-15 17:02:22.317 324 324 W System : No Compatibility callbacks set! Querying change 247079863
04-15 17:02:22.318 324 324 W System : No Compatibility callbacks set! Querying change 247079863
04-15 17:02:22.319 324 324 W System : No Compatibility callbacks set! Querying change 247079863
04-15 17:02:22.319 324 324 W System : No Compatibility callbacks set! Querying change 247079863
04-15 17:02:22.325 324 324 W System : No Compatibility callbacks set! Querying change 247079863
04-15 17:02:22.326 324 324 W System : No Compatibility callbacks set! Querying change 247079863
04-15 17:02:22.326 324 324 W System : No Compatibility callbacks set! Querying change 247079863
04-15 17:02:22.327 324 324 W System : No Compatibility callbacks set! Querying change 247079863
04-15 17:02:22.327 324 324 W System : No Compatibility callbacks set! Querying change 247079863
04-15 17:02:22.327 324 324 W System : No Compatibility callbacks set! Querying change 247079863
04-15 17:02:22.334 324 324 W System : No Compatibility callbacks set! Querying change 247079863
04-15 17:02:22.335 324 324 W System : No Compatibility callbacks set! Querying change 247079863
04-15 17:02:22.335 324 324 W System : No Compatibility callbacks set! Querying change 247079863
04-15 17:02:22.340 324 324 W System : No Compatibility callbacks set! Querying change 247079863
04-15 17:02:22.340 324 324 W System : No Compatibility callbacks set! Querying change 247079863
04-15 17:02:22.341 324 324 W System : No Compatibility callbacks set! Querying change 247079863
04-15 17:02:22.342 324 324 W System : No Compatibility callbacks set! Querying change 247079863
04-15 17:02:22.343 324 324 W System : No Compatibility callbacks set! Querying change 247079863
04-15 17:02:22.343 324 324 W System : No Compatibility callbacks set! Querying change 247079863
04-15 17:02:22.348 324 324 W System : No Compatibility callbacks set! Querying change 247079863
04-15 17:02:22.348 324 324 W System : No Compatibility callbacks set! Querying change 247079863
04-15 17:02:22.349 324 324 W System : No Compatibility callbacks set! Querying change 247079863
04-15 17:02:22.350 324 324 W System : No Compatibility callbacks set! Querying change 247079863
04-15 17:02:22.350 324 324 W System : No Compatibility callbacks set! Querying change 247079863
04-15 17:02:22.351 324 324 W System : No Compatibility callbacks set! Querying change 247079863
04-15 17:02:22.356 324 324 W System : No Compatibility callbacks set! Querying change 247079863
04-15 17:02:22.357 324 324 W System : No Compatibility callbacks set! Querying change 247079863
04-15 17:02:22.358 324 324 W System : No Compatibility callbacks set! Querying change 247079863
04-15 17:02:22.358 324 324 W System : No Compatibility callbacks set! Querying change 247079863
04-15 17:02:22.359 324 324 W System : No Compatibility callbacks set! Querying change 247079863
04-15 17:02:22.362 324 324 W System : No Compatibility callbacks set! Querying change 247079863
04-15 17:02:22.363 324 324 W System : No Compatibility callbacks set! Querying change 247079863
04-15 17:02:22.363 324 324 W System : No Compatibility callbacks set! Querying change 247079863
04-15 17:02:22.368 324 324 W System : No Compatibility callbacks set! Querying change 247079863
04-15 17:02:22.369 324 324 W System : No Compatibility callbacks set! Querying change 247079863
04-15 17:02:22.369 324 324 W System : No Compatibility callbacks set! Querying change 247079863
04-15 17:02:22.370 324 324 W System : No Compatibility callbacks set! Querying change 247079863
04-15 17:02:22.371 324 324 W System : No Compatibility callbacks set! Querying change 247079863
04-15 17:02:22.371 324 324 W System : No Compatibility callbacks set! Querying change 247079863
04-15 17:02:22.376 324 324 W System : No Compatibility callbacks set! Querying change 247079863
04-15 17:02:22.376 324 324 W System : No Compatibility callbacks set! Querying change 247079863
04-15 17:02:22.377 324 324 W System : No Compatibility callbacks set! Querying change 247079863
04-15 17:02:22.377 324 324 W System : No Compatibility callbacks set! Querying change 247079863
04-15 17:02:22.378 324 324 W System : No Compatibility callbacks set! Querying change 247079863
04-15 17:02:22.381 324 324 W System : No Compatibility callbacks set! Querying change 247079863
04-15 17:02:22.381 324 324 W System : No Compatibility callbacks set! Querying change 247079863
04-15 17:02:22.382 324 324 W System : No Compatibility callbacks set! Querying change 247079863
04-15 17:02:22.383 324 324 W System : No Compatibility callbacks set! Querying change 247079863
04-15 17:02:22.384 324 324 W System : No Compatibility callbacks set! Querying change 247079863
04-15 17:02:22.389 324 324 W System : No Compatibility callbacks set! Querying change 247079863
04-15 17:02:22.389 324 324 W System : No Compatibility callbacks set! Querying change 247079863
04-15 17:02:22.390 324 324 W System : No Compatibility callbacks set! Querying change 247079863
04-15 17:02:22.390 324 324 W System : No Compatibility callbacks set! Querying change 247079863
04-15 17:02:22.391 324 324 W System : No Compatibility callbacks set! Querying change 247079863
04-15 17:02:22.391 324 324 W System : No Compatibility callbacks set! Querying change 247079863
04-15 17:02:22.402 324 324 W System : No Compatibility callbacks set! Querying change 247079863
04-15 17:02:22.402 324 324 W System : No Compatibility callbacks set! Querying change 247079863
04-15 17:02:22.402 324 324 W System : No Compatibility callbacks set! Querying change 247079863
04-15 17:02:22.402 324 324 W System : No Compatibility callbacks set! Querying change 247079863
04-15 17:02:22.403 324 324 W System : No Compatibility callbacks set! Querying change 247079863
04-15 17:02:22.409 324 324 W System : No Compatibility callbacks set! Querying change 247079863
04-15 17:02:22.409 324 324 W System : No Compatibility callbacks set! Querying change 247079863
04-15 17:02:22.410 324 324 W System : No Compatibility callbacks set! Querying change 247079863
04-15 17:02:22.411 324 324 W System : No Compatibility callbacks set! Querying change 247079863
04-15 17:02:22.416 324 324 W System : No Compatibility callbacks set! Querying change 247079863
04-15 17:02:22.417 324 324 W System : No Compatibility callbacks set! Querying change 247079863
04-15 17:02:22.418 324 324 W System : No Compatibility callbacks set! Querying change 247079863
04-15 17:02:22.418 324 324 W System : No Compatibility callbacks set! Querying change 247079863
04-15 17:02:22.419 324 324 W System : No Compatibility callbacks set! Querying change 247079863
04-15 17:02:22.424 324 324 W System : No Compatibility callbacks set! Querying change 247079863
04-15 17:02:22.425 324 324 W System : No Compatibility callbacks set! Querying change 247079863
04-15 17:02:22.425 324 324 W System : No Compatibility callbacks set! Querying change 247079863
04-15 17:02:22.426 324 324 W System : No Compatibility callbacks set! Querying change 247079863
04-15 17:02:22.427 324 324 W System : No Compatibility callbacks set! Querying change 247079863
04-15 17:02:22.427 324 324 W System : No Compatibility callbacks set! Querying change 247079863
04-15 17:02:22.436 324 324 W System : No Compatibility callbacks set! Querying change 247079863
04-15 17:02:22.436 324 324 W System : No Compatibility callbacks set! Querying change 247079863
04-15 17:02:22.437 324 324 W System : No Compatibility callbacks set! Querying change 247079863
04-15 17:02:22.438 324 324 W System : No Compatibility callbacks set! Querying change 247079863
04-15 17:02:22.438 324 324 W System : No Compatibility callbacks set! Querying change 247079863
04-15 17:02:22.439 324 324 W System : No Compatibility callbacks set! Querying change 247079863
04-15 17:02:22.444 324 324 W System : No Compatibility callbacks set! Querying change 247079863
04-15 17:02:22.444 324 324 W System : No Compatibility callbacks set! Querying change 247079863
04-15 17:02:22.446 324 324 W System : No Compatibility callbacks set! Querying change 247079863
04-15 17:02:22.447 324 324 W System : No Compatibility callbacks set! Querying change 247079863
04-15 17:02:22.452 324 324 W System : No Compatibility callbacks set! Querying change 247079863
04-15 17:02:22.453 324 324 W System : No Compatibility callbacks set! Querying change 247079863
04-15 17:02:22.454 324 324 W System : No Compatibility callbacks set! Querying change 247079863
04-15 17:02:22.454 324 324 W System : No Compatibility callbacks set! Querying change 247079863
04-15 17:02:22.455 324 324 W System : No Compatibility callbacks set! Querying change 247079863
04-15 17:02:22.455 324 324 W System : No Compatibility callbacks set! Querying change 247079863
04-15 17:02:22.460 324 324 W System : No Compatibility callbacks set! Querying change 247079863
04-15 17:02:22.461 324 324 W System : No Compatibility callbacks set! Querying change 247079863
04-15 17:02:22.462 324 324 W System : No Compatibility callbacks set! Querying change 247079863
04-15 17:02:22.464 324 324 W System : No Compatibility callbacks set! Querying change 247079863
04-15 17:02:22.465 324 324 W System : No Compatibility callbacks set! Querying change 247079863
04-15 17:02:22.466 324 324 W System : No Compatibility callbacks set! Querying change 247079863
04-15 17:02:22.466 324 324 W System : No Compatibility callbacks set! Querying change 247079863
04-15 17:02:22.472 324 324 W System : No Compatibility callbacks set! Querying change 247079863
04-15 17:02:22.472 324 324 W System : No Compatibility callbacks set! Querying change 247079863
04-15 17:02:22.473 324 324 W System : No Compatibility callbacks set! Querying change 247079863
04-15 17:02:22.474 324 324 W System : No Compatibility callbacks set! Querying change 247079863
04-15 17:02:22.474 324 324 W System : No Compatibility callbacks set! Querying change 247079863
04-15 17:02:22.475 324 324 W System : No Compatibility callbacks set! Querying change 247079863
04-15 17:02:22.475 324 324 W System : No Compatibility callbacks set! Querying change 247079863
04-15 17:02:22.480 324 324 W System : No Compatibility callbacks set! Querying change 247079863
04-15 17:02:22.481 324 324 W System : No Compatibility callbacks set! Querying change 247079863
04-15 17:02:22.481 324 324 W System : No Compatibility callbacks set! Querying change 247079863
04-15 17:02:22.482 324 324 W System : No Compatibility callbacks set! Querying change 247079863
04-15 17:02:22.482 324 324 W System : No Compatibility callbacks set! Querying change 247079863
04-15 17:02:22.483 324 324 W System : No Compatibility callbacks set! Querying change 247079863
04-15 17:02:22.483 324 324 W System : No Compatibility callbacks set! Querying change 247079863
04-15 17:02:22.483 324 324 W System : No Compatibility callbacks set! Querying change 247079863
04-15 17:02:22.483 324 324 W System : No Compatibility callbacks set! Querying change 247079863
04-15 17:02:22.489 324 324 W System : No Compatibility callbacks set! Querying change 247079863
04-15 17:02:22.490 324 324 W System : No Compatibility callbacks set! Querying change 247079863
04-15 17:02:22.490 324 324 W System : No Compatibility callbacks set! Querying change 247079863
04-15 17:02:22.491 324 324 W System : No Compatibility callbacks set! Querying change 247079863
04-15 17:02:22.496 324 324 W System : No Compatibility callbacks set! Querying change 247079863
04-15 17:02:22.497 324 324 W System : No Compatibility callbacks set! Querying change 247079863
04-15 17:02:22.497 324 324 W System : No Compatibility callbacks set! Querying change 247079863
04-15 17:02:22.498 324 324 W System : No Compatibility callbacks set! Querying change 247079863
04-15 17:02:22.499 324 324 W System : No Compatibility callbacks set! Querying change 247079863
04-15 17:02:22.499 324 324 W System : No Compatibility callbacks set! Querying change 247079863
04-15 17:02:22.502 324 324 W System : No Compatibility callbacks set! Querying change 247079863
04-15 17:02:22.503 324 324 W System : No Compatibility callbacks set! Querying change 247079863
04-15 17:02:22.508 324 324 W System : No Compatibility callbacks set! Querying change 247079863
04-15 17:02:22.508 324 324 W System : No Compatibility callbacks set! Querying change 247079863
04-15 17:02:22.509 324 324 W System : No Compatibility callbacks set! Querying change 247079863
04-15 17:02:22.509 324 324 W System : No Compatibility callbacks set! Querying change 247079863
04-15 17:02:22.510 324 324 W System : No Compatibility callbacks set! Querying change 247079863
04-15 17:02:22.511 324 324 W System : No Compatibility callbacks set! Querying change 247079863
04-15 17:02:22.511 324 324 W System : No Compatibility callbacks set! Querying change 247079863
04-15 17:02:22.514 324 324 W System : No Compatibility callbacks set! Querying change 247079863
