04-15 17:04:12.159 536 607 D SystemServerTimingAsync: InitThreadPoolExec:Update app-ops uidState in case package com.android.dreams.phototable changed
04-15 17:04:12.159 536 607 D SystemServerInitThreadPool: Started executing Update app-ops uidState in case package com.android.dreams.phototable changed
04-15 17:04:12.160 536 607 D SystemServerInitThreadPool: Finished executing Update app-ops uidState in case package com.android.dreams.phototable changed
04-15 17:04:12.161 536 607 V SystemServerTimingAsync: InitThreadPoolExec:Update app-ops uidState in case package com.android.dreams.phototable changed took to complete: 1ms
04-15 17:04:12.161 536 607 D SystemServerTimingAsync: InitThreadPoolExec:Update app-ops uidState in case package com.android.dialer changed
04-15 17:04:12.161 536 607 D SystemServerInitThreadPool: Started executing Update app-ops uidState in case package com.android.dialer changed
04-15 17:04:12.162 536 564 D SystemServerInitThreadPool: Finished executing Update app-ops uidState in case package com.android.calendar changed
04-15 17:04:12.162 536 564 V SystemServerTimingAsync: InitThreadPoolExec:Update app-ops uidState in case package com.android.calendar changed took to complete: 37ms
04-15 17:04:12.163 536 564 D SystemServerTimingAsync: InitThreadPoolExec:Update app-ops uidState in case package com.android.contacts changed
04-15 17:04:12.163 536 564 D SystemServerInitThreadPool: Started executing Update app-ops uidState in case package com.android.contacts changed
04-15 17:04:12.164 536 536 V SystemServerTiming: controllersReady took to complete: 174ms
04-15 17:04:12.165 536 564 D SystemServerInitThreadPool: Finished executing Update app-ops uidState in case package com.android.contacts changed
04-15 17:04:12.166 536 564 V SystemServerTimingAsync: InitThreadPoolExec:Update app-ops uidState in case package com.android.contacts changed took to complete: 3ms
04-15 17:04:12.166 536 564 D SystemServerTimingAsync: InitThreadPoolExec:Update app-ops uidState in case package com.android.imsserviceentitlement changed
04-15 17:04:12.166 536 564 D SystemServerInitThreadPool: Started executing Update app-ops uidState in case package com.android.imsserviceentitlement changed
04-15 17:04:12.167 536 564 D SystemServerInitThreadPool: Finished executing Update app-ops uidState in case package com.android.imsserviceentitlement changed
04-15 17:04:12.167 536 564 V SystemServerTimingAsync: InitThreadPoolExec:Update app-ops uidState in case package com.android.imsserviceentitlement changed took to complete: 0ms
04-15 17:04:12.167 536 564 D SystemServerTimingAsync: InitThreadPoolExec:Update app-ops uidState in case package com.android.settings.intelligence changed
04-15 17:04:12.169 536 564 D SystemServerInitThreadPool: Started executing Update app-ops uidState in case package com.android.settings.intelligence changed
04-15 17:04:12.169 536 564 D SystemServerInitThreadPool: Finished executing Update app-ops uidState in case package com.android.settings.intelligence changed
04-15 17:04:12.170 536 564 V SystemServerTimingAsync: InitThreadPoolExec:Update app-ops uidState in case package com.android.settings.intelligence changed took to complete: 1ms
04-15 17:04:12.170 536 564 D SystemServerTimingAsync: InitThreadPoolExec:Update app-ops uidState in case package com.android.traceur changed
04-15 17:04:12.171 536 564 D SystemServerInitThreadPool: Started executing Update app-ops uidState in case package com.android.traceur changed
04-15 17:04:12.171 536 564 D SystemServerInitThreadPool: Finished executing Update app-ops uidState in case package com.android.traceur changed
04-15 17:04:12.172 536 564 V SystemServerTimingAsync: InitThreadPoolExec:Update app-ops uidState in case package com.android.traceur changed took to complete: 1ms
04-15 17:04:12.172 536 564 D SystemServerTimingAsync: InitThreadPoolExec:Update app-ops uidState in case package com.android.bookmarkprovider changed
04-15 17:04:12.172 536 564 D SystemServerInitThreadPool: Started executing Update app-ops uidState in case package com.android.bookmarkprovider changed
04-15 17:04:12.173 536 564 D SystemServerInitThreadPool: Finished executing Update app-ops uidState in case package com.android.bookmarkprovider changed
04-15 17:04:12.173 536 564 V SystemServerTimingAsync: InitThreadPoolExec:Update app-ops uidState in case package com.android.bookmarkprovider changed took to complete: 1ms
04-15 17:04:12.174 536 564 D SystemServerTimingAsync: InitThreadPoolExec:Update app-ops uidState in case package com.android.egg changed
04-15 17:04:12.174 536 564 D SystemServerInitThreadPool: Started executing Update app-ops uidState in case package com.android.egg changed
04-15 17:04:12.175 536 564 D SystemServerInitThreadPool: Finished executing Update app-ops uidState in case package com.android.egg changed
04-15 17:04:12.175 536 607 D SystemServerInitThreadPool: Finished executing Update app-ops uidState in case package com.android.dialer changed
04-15 17:04:12.175 536 607 V SystemServerTimingAsync: InitThreadPoolExec:Update app-ops uidState in case package com.android.dialer changed took to complete: 14ms
04-15 17:04:12.177 536 607 D SystemServerTimingAsync: InitThreadPoolExec:Update app-ops uidState in case package com.android.htmlviewer changed
04-15 17:04:12.177 536 607 D SystemServerInitThreadPool: Started executing Update app-ops uidState in case package com.android.htmlviewer changed
04-15 17:04:12.178 536 607 D SystemServerInitThreadPool: Finished executing Update app-ops uidState in case package com.android.htmlviewer changed
04-15 17:04:12.178 536 607 V SystemServerTimingAsync: InitThreadPoolExec:Update app-ops uidState in case package com.android.htmlviewer changed took to complete: 0ms
04-15 17:04:12.180 536 536 D SystemServerTiming: killProcesses
04-15 17:04:12.180 536 536 V SystemServerTiming: killProcesses took to complete: 0ms
04-15 17:04:12.180 536 536 I ActivityManager: System now ready
04-15 17:04:12.180 536 536 D SystemServerTiming: updateTopComponentForFactoryTest
04-15 17:04:12.181 536 536 V SystemServerTiming: updateTopComponentForFactoryTest took to complete: 0ms
04-15 17:04:12.183 536 536 D SystemServerTiming: registerActivityLaunchObserver
04-15 17:04:12.184 536 564 V SystemServerTimingAsync: InitThreadPoolExec:Update app-ops uidState in case package com.android.egg changed took to complete: 8ms
04-15 17:04:12.184 536 564 D SystemServerTimingAsync: InitThreadPoolExec:Update app-ops uidState in case package com.android.dreams.basic changed
04-15 17:04:12.184 536 564 D SystemServerInitThreadPool: Started executing Update app-ops uidState in case package com.android.dreams.basic changed
04-15 17:04:12.184 536 564 D SystemServerInitThreadPool: Finished executing Update app-ops uidState in case package com.android.dreams.basic changed
04-15 17:04:12.184 536 564 V SystemServerTimingAsync: InitThreadPoolExec:Update app-ops uidState in case package com.android.dreams.basic changed took to complete: 0ms
04-15 17:04:12.184 536 564 D SystemServerTimingAsync: InitThreadPoolExec:Update app-ops uidState in case package com.android.pacprocessor changed
04-15 17:04:12.184 536 564 D SystemServerInitThreadPool: Started executing Update app-ops uidState in case package com.android.pacprocessor changed
04-15 17:04:12.185 536 564 D SystemServerInitThreadPool: Finished executing Update app-ops uidState in case package com.android.pacprocessor changed
04-15 17:04:12.185 536 564 V SystemServerTimingAsync: InitThreadPoolExec:Update app-ops uidState in case package com.android.pacprocessor changed took to complete: 0ms
04-15 17:04:12.185 536 564 D SystemServerTimingAsync: InitThreadPoolExec:Update app-ops uidState in case package com.android.carrierdefaultapp changed
04-15 17:04:12.185 536 564 D SystemServerInitThreadPool: Started executing Update app-ops uidState in case package com.android.carrierdefaultapp changed
04-15 17:04:12.185 536 564 D SystemServerInitThreadPool: Finished executing Update app-ops uidState in case package com.android.carrierdefaultapp changed
04-15 17:04:12.185 536 564 V SystemServerTimingAsync: InitThreadPoolExec:Update app-ops uidState in case package com.android.carrierdefaultapp changed took to complete: 0ms
04-15 17:04:12.185 536 564 D SystemServerTimingAsync: InitThreadPoolExec:Update app-ops uidState in case package com.android.providers.partnerbookmarks changed
04-15 17:04:12.185 536 564 D SystemServerInitThreadPool: Started executing Update app-ops uidState in case package com.android.providers.partnerbookmarks changed
04-15 17:04:12.185 536 564 D SystemServerInitThreadPool: Finished executing Update app-ops uidState in case package com.android.providers.partnerbookmarks changed
04-15 17:04:12.186 536 564 V SystemServerTimingAsync: InitThreadPoolExec:Update app-ops uidState in case package com.android.providers.partnerbookmarks changed took to complete: 0ms
04-15 17:04:12.186 536 564 D SystemServerTimingAsync: InitThreadPoolExec:Update app-ops uidState in case package com.android.certinstaller changed
04-15 17:04:12.186 536 564 D SystemServerInitThreadPool: Started executing Update app-ops uidState in case package com.android.certinstaller changed
04-15 17:04:12.186 536 564 D SystemServerInitThreadPool: Finished executing Update app-ops uidState in case package com.android.certinstaller changed
04-15 17:04:12.186 536 564 V SystemServerTimingAsync: InitThreadPoolExec:Update app-ops uidState in case package com.android.certinstaller changed took to complete: 0ms
04-15 17:04:12.186 536 564 D SystemServerTimingAsync: InitThreadPoolExec:Update app-ops uidState in case package com.android.companiondevicemanager changed
04-15 17:04:12.186 536 564 D SystemServerInitThreadPool: Started executing Update app-ops uidState in case package com.android.companiondevicemanager changed
04-15 17:04:12.186 536 564 D SystemServerInitThreadPool: Finished executing Update app-ops uidState in case package com.android.companiondevicemanager changed
04-15 17:04:12.186 536 564 V SystemServerTimingAsync: InitThreadPoolExec:Update app-ops uidState in case package com.android.companiondevicemanager changed took to complete: 1ms
04-15 17:04:12.187 536 564 D SystemServerTimingAsync: InitThreadPoolExec:Update app-ops uidState in case package com.android.captiveportallogin changed
04-15 17:04:12.187 536 564 D SystemServerInitThreadPool: Started executing Update app-ops uidState in case package com.android.captiveportallogin changed
04-15 17:04:12.187 536 564 D SystemServerInitThreadPool: Finished executing Update app-ops uidState in case package com.android.captiveportallogin changed
04-15 17:04:12.187 536 564 V SystemServerTimingAsync: InitThreadPoolExec:Update app-ops uidState in case package com.android.captiveportallogin changed took to complete: 0ms
04-15 17:04:12.187 536 564 D SystemServerTimingAsync: InitThreadPoolExec:Update app-ops uidState in case package android.ext.shared changed
04-15 17:04:12.187 536 564 D SystemServerInitThreadPool: Started executing Update app-ops uidState in case package android.ext.shared changed
04-15 17:04:12.187 536 564 D SystemServerInitThreadPool: Finished executing Update app-ops uidState in case package android.ext.shared changed
04-15 17:04:12.187 536 564 V SystemServerTimingAsync: InitThreadPoolExec:Update app-ops uidState in case package android.ext.shared changed took to complete: 1ms
04-15 17:04:12.187 536 564 D SystemServerTimingAsync: InitThreadPoolExec:Update app-ops uidState in case package com.android.printservice.recommendation changed
04-15 17:04:12.187 536 564 D SystemServerInitThreadPool: Started executing Update app-ops uidState in case package com.android.printservice.recommendation changed
04-15 17:04:12.191 536 607 D SystemServerTimingAsync: InitThreadPoolExec:Update app-ops uidState in case package com.android.bluetoothmidiservice changed
04-15 17:04:12.192 536 607 D SystemServerInitThreadPool: Started executing Update app-ops uidState in case package com.android.bluetoothmidiservice changed
04-15 17:04:12.193 536 607 D SystemServerInitThreadPool: Finished executing Update app-ops uidState in case package com.android.bluetoothmidiservice changed
04-15 17:04:12.193 536 607 V SystemServerTimingAsync: InitThreadPoolExec:Update app-ops uidState in case package com.android.bluetoothmidiservice changed took to complete: 1ms
04-15 17:04:12.193 536 607 D SystemServerTimingAsync: InitThreadPoolExec:Update app-ops uidState in case package com.android.simappdialog changed
04-15 17:04:12.194 536 607 D SystemServerInitThreadPool: Started executing Update app-ops uidState in case package com.android.simappdialog changed
04-15 17:04:12.194 536 607 D SystemServerInitThreadPool: Finished executing Update app-ops uidState in case package com.android.simappdialog changed
04-15 17:04:12.195 536 607 V SystemServerTimingAsync: InitThreadPoolExec:Update app-ops uidState in case package com.android.simappdialog changed took to complete: 1ms
04-15 17:04:12.195 536 607 D SystemServerTimingAsync: InitThreadPoolExec:Update app-ops uidState in case package com.android.cameraextensions changed
04-15 17:04:12.196 536 607 D SystemServerInitThreadPool: Started executing Update app-ops uidState in case package com.android.cameraextensions changed
04-15 17:04:12.196 536 607 D SystemServerInitThreadPool: Finished executing Update app-ops uidState in case package com.android.cameraextensions changed
04-15 17:04:12.197 536 607 V SystemServerTimingAsync: InitThreadPoolExec:Update app-ops uidState in case package com.android.cameraextensions changed took to complete: 1ms
04-15 17:04:12.197 536 607 D SystemServerTimingAsync: InitThreadPoolExec:Update app-ops uidState in case package com.android.printspooler changed
04-15 17:04:12.197 536 607 D SystemServerInitThreadPool: Started executing Update app-ops uidState in case package com.android.printspooler changed
04-15 17:04:12.198 536 607 D SystemServerInitThreadPool: Finished executing Update app-ops uidState in case package com.android.printspooler changed
04-15 17:04:12.198 536 607 V SystemServerTimingAsync: InitThreadPoolExec:Update app-ops uidState in case package com.android.printspooler changed took to complete: 0ms
04-15 17:04:12.198 536 607 D SystemServerTimingAsync: InitThreadPoolExec:Update app-ops uidState in case package com.android.musicfx changed
04-15 17:04:12.199 536 607 D SystemServerInitThreadPool: Started executing Update app-ops uidState in case package com.android.musicfx changed
04-15 17:04:12.199 536 607 D SystemServerInitThreadPool: Finished executing Update app-ops uidState in case package com.android.musicfx changed
04-15 17:04:12.200 536 536 V SystemServerTiming: registerActivityLaunchObserver took to complete: 9ms
04-15 17:04:12.200 536 536 D SystemServerTiming: watchDeviceProvisioning
04-15 17:04:12.201 536 536 V SystemServerTiming: watchDeviceProvisioning took to complete: 1ms
04-15 17:04:12.201 536 536 D SystemServerTiming: retrieveSettings
04-15 17:04:12.212 536 564 D SystemServerInitThreadPool: Finished executing Update app-ops uidState in case package com.android.printservice.recommendation changed
04-15 17:04:12.213 536 564 V SystemServerTimingAsync: InitThreadPoolExec:Update app-ops uidState in case package com.android.printservice.recommendation changed took to complete: 25ms
04-15 17:04:12.213 536 564 D SystemServerTimingAsync: InitThreadPoolExec:Update app-ops uidState in case package com.android.backupconfirm changed
04-15 17:04:12.214 536 564 D SystemServerInitThreadPool: Started executing Update app-ops uidState in case package com.android.backupconfirm changed
04-15 17:04:12.214 536 564 D SystemServerInitThreadPool: Finished executing Update app-ops uidState in case package com.android.backupconfirm changed
04-15 17:04:12.214 536 564 V SystemServerTimingAsync: InitThreadPoolExec:Update app-ops uidState in case package com.android.backupconfirm changed took to complete: 1ms
04-15 17:04:12.215 536 564 D SystemServerTimingAsync: InitThreadPoolExec:Update app-ops uidState in case package com.android.documentsui changed
04-15 17:04:12.215 536 564 D SystemServerInitThreadPool: Started executing Update app-ops uidState in case package com.android.documentsui changed
04-15 17:04:12.216 536 536 I ActivityTaskManager: Config changes=10000000 {1.0 ?mcc0mnc [en_US] ldltr sw411dp w411dp h914dp 420dpi nrml long port finger qwerty/v/v -nav/h winConfig={ mBounds=Rect(0, 0 - 1080, 2400) mAppBounds=Rect(0, 0 - 1080, 2400) mMaxBounds=Rect(0, 0 - 1080, 2400) mDisplayRotation=ROTATION_0 mWindowingMode=fullscreen mDisplayWindowingMode=fullscreen mActivityType=undefined mAlwaysOnTop=undefined mRotation=ROTATION_0} s.8 fontWeightAdjustment=0}
04-15 17:04:12.220 536 607 V SystemServerTimingAsync: InitThreadPoolExec:Update app-ops uidState in case package com.android.musicfx changed took to complete: 1ms
04-15 17:04:12.221 536 607 D SystemServerTimingAsync: InitThreadPoolExec:Update app-ops uidState in case package com.android.apps.tag changed
04-15 17:04:12.221 536 607 D SystemServerInitThreadPool: Started executing Update app-ops uidState in case package com.android.apps.tag changed
04-15 17:04:12.228 536 607 D SystemServerInitThreadPool: Finished executing Update app-ops uidState in case package com.android.apps.tag changed
04-15 17:04:12.229 536 607 V SystemServerTimingAsync: InitThreadPoolExec:Update app-ops uidState in case package com.android.apps.tag changed took to complete: 8ms
04-15 17:04:12.229 536 607 D SystemServerTimingAsync: InitThreadPoolExec:Update app-ops uidState in case package com.android.proxyhandler changed
04-15 17:04:12.230 536 607 D SystemServerInitThreadPool: Started executing Update app-ops uidState in case package com.android.proxyhandler changed
04-15 17:04:12.230 536 607 D SystemServerInitThreadPool: Finished executing Update app-ops uidState in case package com.android.proxyhandler changed
04-15 17:04:12.231 536 607 V SystemServerTimingAsync: InitThreadPoolExec:Update app-ops uidState in case package com.android.proxyhandler changed took to complete: 1ms
04-15 17:04:12.231 536 607 D SystemServerTimingAsync: InitThreadPoolExec:Update app-ops uidState in case package com.android.externalstorage changed
04-15 17:04:12.231 536 607 D SystemServerInitThreadPool: Started executing Update app-ops uidState in case package com.android.externalstorage changed
04-15 17:04:12.233 536 607 D SystemServerInitThreadPool: Finished executing Update app-ops uidState in case package com.android.externalstorage changed
04-15 17:04:12.233 536 607 V SystemServerTimingAsync: InitThreadPoolExec:Update app-ops uidState in case package com.android.externalstorage changed took to complete: 2ms
04-15 17:04:12.234 536 607 D SystemServerTimingAsync: InitThreadPoolExec:Update app-ops uidState in case package com.android.managedprovisioning changed
04-15 17:04:12.234 536 607 D SystemServerInitThreadPool: Started executing Update app-ops uidState in case package com.android.managedprovisioning changed
04-15 17:04:12.235 536 607 D SystemServerInitThreadPool: Finished executing Update app-ops uidState in case package com.android.managedprovisioning changed
04-15 17:04:12.235 536 607 V SystemServerTimingAsync: InitThreadPoolExec:Update app-ops uidState in case package com.android.managedprovisioning changed took to complete: 1ms
04-15 17:04:12.236 536 607 D SystemServerTimingAsync: InitThreadPoolExec:Update app-ops uidState in case package com.android.wallpaper.livepicker changed
04-15 17:04:12.236 536 607 D SystemServerInitThreadPool: Started executing Update app-ops uidState in case package com.android.wallpaper.livepicker changed
04-15 17:04:12.237 536 607 D SystemServerInitThreadPool: Finished executing Update app-ops uidState in case package com.android.wallpaper.livepicker changed
04-15 17:04:12.237 536 607 V SystemServerTimingAsync: InitThreadPoolExec:Update app-ops uidState in case package com.android.wallpaper.livepicker changed took to complete: 1ms
04-15 17:04:12.238 536 607 D SystemServerTimingAsync: InitThreadPoolExec:Update app-ops uidState in case package com.android.bips changed
04-15 17:04:12.238 536 564 D SystemServerInitThreadPool: Finished executing Update app-ops uidState in case package com.android.documentsui changed
04-15 17:04:12.239 536 564 V SystemServerTimingAsync: InitThreadPoolExec:Update app-ops uidState in case package com.android.documentsui changed took to complete: 24ms
04-15 17:04:12.239 536 564 D SystemServerTimingAsync: InitThreadPoolExec:Update app-ops uidState in case package com.android.packageinstaller changed
04-15 17:04:12.239 536 564 D SystemServerInitThreadPool: Started executing Update app-ops uidState in case package com.android.packageinstaller changed
04-15 17:04:12.241 536 564 D SystemServerInitThreadPool: Finished executing Update app-ops uidState in case package com.android.packageinstaller changed
04-15 17:04:12.241 536 564 V SystemServerTimingAsync: InitThreadPoolExec:Update app-ops uidState in case package com.android.packageinstaller changed took to complete: 2ms
04-15 17:04:12.241 536 564 D SystemServerTimingAsync: InitThreadPoolExec:Update app-ops uidState in case package com.android.cellbroadcastreceiver changed
04-15 17:04:12.242 536 564 D SystemServerInitThreadPool: Started executing Update app-ops uidState in case package com.android.cellbroadcastreceiver changed
04-15 17:04:12.242 536 564 D SystemServerInitThreadPool: Finished executing Update app-ops uidState in case package com.android.cellbroadcastreceiver changed
04-15 17:04:12.242 536 564 V SystemServerTimingAsync: InitThreadPoolExec:Update app-ops uidState in case package com.android.cellbroadcastreceiver changed took to complete: 1ms
04-15 17:04:12.243 536 564 D SystemServerTimingAsync: InitThreadPoolExec:Update app-ops uidState in case package com.android.credentialmanager changed
04-15 17:04:12.243 536 564 D SystemServerInitThreadPool: Started executing Update app-ops uidState in case package com.android.credentialmanager changed
04-15 17:04:12.245 536 564 D SystemServerInitThreadPool: Finished executing Update app-ops uidState in case package com.android.credentialmanager changed
04-15 17:04:12.248 536 564 V SystemServerTimingAsync: InitThreadPoolExec:Update app-ops uidState in case package com.android.credentialmanager changed took to complete: 2ms
04-15 17:04:12.250 536 607 D SystemServerInitThreadPool: Started executing Update app-ops uidState in case package com.android.bips changed
04-15 17:04:12.251 536 607 D SystemServerInitThreadPool: Finished executing Update app-ops uidState in case package com.android.bips changed
04-15 17:04:12.251 536 607 V SystemServerTimingAsync: InitThreadPoolExec:Update app-ops uidState in case package com.android.bips changed took to complete: 8ms
04-15 17:04:12.253 536 607 D SystemServerTimingAsync: InitThreadPoolExec:Update app-ops uidState in case package com.android.providers.media changed
04-15 17:04:12.254 536 607 D SystemServerInitThreadPool: Started executing Update app-ops uidState in case package com.android.providers.media changed
04-15 17:04:12.254 536 607 D SystemServerInitThreadPool: Finished executing Update app-ops uidState in case package com.android.providers.media changed
04-15 17:04:12.255 536 607 V SystemServerTimingAsync: InitThreadPoolExec:Update app-ops uidState in case package com.android.providers.media changed took to complete: 1ms
04-15 17:04:12.255 536 607 D SystemServerTimingAsync: InitThreadPoolExec:Update app-ops uidState in case package com.android.providers.downloads changed
04-15 17:04:12.256 536 607 D SystemServerInitThreadPool: Started executing Update app-ops uidState in case package com.android.providers.downloads changed
04-15 17:04:12.256 536 607 D SystemServerInitThreadPool: Finished executing Update app-ops uidState in case package com.android.providers.downloads changed
04-15 17:04:12.257 536 607 V SystemServerTimingAsync: InitThreadPoolExec:Update app-ops uidState in case package com.android.providers.downloads changed took to complete: 1ms
04-15 17:04:12.258 536 607 D SystemServerTimingAsync: InitThreadPoolExec:Update app-ops uidState in case package com.android.providers.downloads.ui changed
04-15 17:04:12.259 536 607 D SystemServerInitThreadPool: Started executing Update app-ops uidState in case package com.android.providers.downloads.ui changed
04-15 17:04:12.259 536 607 D SystemServerInitThreadPool: Finished executing Update app-ops uidState in case package com.android.providers.downloads.ui changed
04-15 17:04:12.259 536 607 V SystemServerTimingAsync: InitThreadPoolExec:Update app-ops uidState in case package com.android.providers.downloads.ui changed took to complete: 1ms
04-15 17:04:12.260 536 607 D SystemServerTimingAsync: InitThreadPoolExec:Update app-ops uidState in case package com.android.mtp changed
04-15 17:04:12.261 536 607 D SystemServerInitThreadPool: Started executing Update app-ops uidState in case package com.android.mtp changed
04-15 17:04:12.261 536 607 D SystemServerInitThreadPool: Finished executing Update app-ops uidState in case package com.android.mtp changed
04-15 17:04:12.262 536 607 V SystemServerTimingAsync: InitThreadPoolExec:Update app-ops uidState in case package com.android.mtp changed took to complete: 1ms
04-15 17:04:12.262 536 607 D SystemServerTimingAsync: InitThreadPoolExec:Update app-ops uidState in case package com.android.providers.calendar changed
04-15 17:04:12.263 536 607 D SystemServerInitThreadPool: Started executing Update app-ops uidState in case package com.android.providers.calendar changed
04-15 17:04:12.263 536 607 D SystemServerInitThreadPool: Finished executing Update app-ops uidState in case package com.android.providers.calendar changed
04-15 17:04:12.263 536 607 V SystemServerTimingAsync: InitThreadPoolExec:Update app-ops uidState in case package com.android.providers.calendar changed took to complete: 1ms
04-15 17:04:12.264 536 607 D SystemServerTimingAsync: InitThreadPoolExec:Update app-ops uidState in case package com.android.vpndialogs changed
04-15 17:04:12.265 536 607 D SystemServerInitThreadPool: Started executing Update app-ops uidState in case package com.android.vpndialogs changed
04-15 17:04:12.265 536 607 D SystemServerInitThreadPool: Finished executing Update app-ops uidState in case package com.android.vpndialogs changed
04-15 17:04:12.265 536 607 V SystemServerTimingAsync: InitThreadPoolExec:Update app-ops uidState in case package com.android.vpndialogs changed took to complete: 1ms
04-15 17:04:12.266 536 607 D SystemServerTimingAsync: InitThreadPoolExec:Update app-ops uidState in case package com.android.intentresolver changed
04-15 17:04:12.266 536 607 D SystemServerInitThreadPool: Started executing Update app-ops uidState in case package com.android.intentresolver changed
04-15 17:04:12.267 536 607 D SystemServerInitThreadPool: Finished executing Update app-ops uidState in case package com.android.intentresolver changed
04-15 17:04:12.267 536 607 V SystemServerTimingAsync: InitThreadPoolExec:Update app-ops uidState in case package com.android.intentresolver changed took to complete: 1ms
04-15 17:04:12.267 536 607 D SystemServerTimingAsync: InitThreadPoolExec:Update app-ops uidState in case package com.android.sharedstoragebackup changed
04-15 17:04:12.268 536 564 D SystemServerTimingAsync: InitThreadPoolExec:Update app-ops uidState in case package com.android.soundpicker changed
04-15 17:04:12.268 536 564 D SystemServerInitThreadPool: Started executing Update app-ops uidState in case package com.android.soundpicker changed
04-15 17:04:12.269 536 564 D SystemServerInitThreadPool: Finished executing Update app-ops uidState in case package com.android.soundpicker changed
04-15 17:04:12.269 536 564 V SystemServerTimingAsync: InitThreadPoolExec:Update app-ops uidState in case package com.android.soundpicker changed took to complete: 0ms
04-15 17:04:12.269 536 564 D SystemServerTimingAsync: InitThreadPoolExec:Update app-ops uidState in case package com.android.statementservice changed
04-15 17:04:12.270 536 564 D SystemServerInitThreadPool: Started executing Update app-ops uidState in case package com.android.statementservice changed
04-15 17:04:12.270 536 564 D SystemServerInitThreadPool: Finished executing Update app-ops uidState in case package com.android.statementservice changed
04-15 17:04:12.271 536 564 V SystemServerTimingAsync: InitThreadPoolExec:Update app-ops uidState in case package com.android.statementservice changed took to complete: 1ms
04-15 17:04:12.271 536 564 D SystemServerTimingAsync: InitThreadPoolExec:Update app-ops uidState in case package com.android.calllogbackup changed
04-15 17:04:12.271 536 564 D SystemServerInitThreadPool: Started executing Update app-ops uidState in case package com.android.calllogbackup changed
04-15 17:04:12.272 536 564 D SystemServerInitThreadPool: Finished executing Update app-ops uidState in case package com.android.calllogbackup changed
04-15 17:04:12.272 536 564 V SystemServerTimingAsync: InitThreadPoolExec:Update app-ops uidState in case package com.android.calllogbackup changed took to complete: 1ms
04-15 17:04:12.273 536 564 D SystemServerTimingAsync: InitThreadPoolExec:Update app-ops uidState in case package com.android.providers.blockednumber changed
04-15 17:04:12.273 536 564 D SystemServerInitThreadPool: Started executing Update app-ops uidState in case package com.android.providers.blockednumber changed
04-15 17:04:12.274 536 564 D SystemServerInitThreadPool: Finished executing Update app-ops uidState in case package com.android.providers.blockednumber changed
04-15 17:04:12.274 536 564 V SystemServerTimingAsync: InitThreadPoolExec:Update app-ops uidState in case package com.android.providers.blockednumber changed took to complete: 1ms
04-15 17:04:12.274 536 564 D SystemServerTimingAsync: InitThreadPoolExec:Update app-ops uidState in case package com.android.providers.userdictionary changed
04-15 17:04:12.275 536 564 D SystemServerInitThreadPool: Started executing Update app-ops uidState in case package com.android.providers.userdictionary changed
04-15 17:04:12.275 536 564 D SystemServerInitThreadPool: Finished executing Update app-ops uidState in case package com.android.providers.userdictionary changed
04-15 17:04:12.276 536 564 V SystemServerTimingAsync: InitThreadPoolExec:Update app-ops uidState in case package com.android.providers.userdictionary changed took to complete: 1ms
04-15 17:04:12.276 536 564 D SystemServerTimingAsync: InitThreadPoolExec:Update app-ops uidState in case package com.android.providers.contacts changed
04-15 17:04:12.277 536 564 D SystemServerInitThreadPool: Started executing Update app-ops uidState in case package com.android.providers.contacts changed
04-15 17:04:12.277 536 564 D SystemServerInitThreadPool: Finished executing Update app-ops uidState in case package com.android.providers.contacts changed
04-15 17:04:12.277 536 564 V SystemServerTimingAsync: InitThreadPoolExec:Update app-ops uidState in case package com.android.providers.contacts changed took to complete: 1ms
04-15 17:04:12.280 536 564 D SystemServerTimingAsync: InitThreadPoolExec:Update app-ops uidState in case package android.auto_generated_rro_vendor__ changed
04-15 17:04:12.280 536 564 D SystemServerInitThreadPool: Started executing Update app-ops uidState in case package android.auto_generated_rro_vendor__ changed
04-15 17:04:12.281 536 564 D SystemServerInitThreadPool: Finished executing Update app-ops uidState in case package android.auto_generated_rro_vendor__ changed
04-15 17:04:12.281 536 564 V SystemServerTimingAsync: InitThreadPoolExec:Update app-ops uidState in case package android.auto_generated_rro_vendor__ changed took to complete: 0ms
04-15 17:04:12.283 536 607 D SystemServerInitThreadPool: Started executing Update app-ops uidState in case package com.android.sharedstoragebackup changed
04-15 17:04:12.283 536 607 D SystemServerInitThreadPool: Finished executing Update app-ops uidState in case package com.android.sharedstoragebackup changed
04-15 17:04:12.284 536 607 V SystemServerTimingAsync: InitThreadPoolExec:Update app-ops uidState in case package com.android.sharedstoragebackup changed took to complete: 9ms
04-15 17:04:12.285 536 607 D SystemServerTimingAsync: InitThreadPoolExec:Update app-ops uidState in case package com.android.connectivity.resources.goldfish.overlay changed
04-15 17:04:12.285 536 607 D SystemServerInitThreadPool: Started executing Update app-ops uidState in case package com.android.connectivity.resources.goldfish.overlay changed
04-15 17:04:12.285 536 607 D SystemServerInitThreadPool: Finished executing Update app-ops uidState in case package com.android.connectivity.resources.goldfish.overlay changed
04-15 17:04:12.286 536 607 V SystemServerTimingAsync: InitThreadPoolExec:Update app-ops uidState in case package com.android.connectivity.resources.goldfish.overlay changed took to complete: 1ms
04-15 17:04:12.286 536 607 D SystemServerTimingAsync: InitThreadPoolExec:Update app-ops uidState in case package com.android.systemui.auto_generated_rro_vendor__ changed
04-15 17:04:12.286 536 607 D SystemServerInitThreadPool: Started executing Update app-ops uidState in case package com.android.systemui.auto_generated_rro_vendor__ changed
04-15 17:04:12.287 536 607 D SystemServerInitThreadPool: Finished executing Update app-ops uidState in case package com.android.systemui.auto_generated_rro_vendor__ changed
04-15 17:04:12.287 536 607 V SystemServerTimingAsync: InitThreadPoolExec:Update app-ops uidState in case package com.android.systemui.auto_generated_rro_vendor__ changed took to complete: 0ms
04-15 17:04:12.288 536 607 D SystemServerTimingAsync: InitThreadPoolExec:Update app-ops uidState in case package com.android.phone.auto_generated_rro_vendor__ changed
04-15 17:04:12.288 536 607 D SystemServerInitThreadPool: Started executing Update app-ops uidState in case package com.android.phone.auto_generated_rro_vendor__ changed
04-15 17:04:12.289 536 607 D SystemServerInitThreadPool: Finished executing Update app-ops uidState in case package com.android.phone.auto_generated_rro_vendor__ changed
04-15 17:04:12.290 536 607 V SystemServerTimingAsync: InitThreadPoolExec:Update app-ops uidState in case package com.android.phone.auto_generated_rro_vendor__ changed took to complete: 1ms
04-15 17:04:12.290 536 607 D SystemServerTimingAsync: InitThreadPoolExec:Update app-ops uidState in case package com.android.providers.settings.auto_generated_rro_vendor__ changed
04-15 17:04:12.290 536 607 D SystemServerInitThreadPool: Started executing Update app-ops uidState in case package com.android.providers.settings.auto_generated_rro_vendor__ changed
04-15 17:04:12.291 536 607 D SystemServerInitThreadPool: Finished executing Update app-ops uidState in case package com.android.providers.settings.auto_generated_rro_vendor__ changed
04-15 17:04:12.291 536 607 V SystemServerTimingAsync: InitThreadPoolExec:Update app-ops uidState in case package com.android.providers.settings.auto_generated_rro_vendor__ changed took to complete: 0ms
04-15 17:04:12.291 536 607 D SystemServerTimingAsync: InitThreadPoolExec:Update app-ops uidState in case package com.android.systemui.emulation.pixel_6_pro changed
04-15 17:04:12.292 536 607 D SystemServerInitThreadPool: Started executing Update app-ops uidState in case package com.android.systemui.emulation.pixel_6_pro changed
04-15 17:04:12.293 536 607 D SystemServerInitThreadPool: Finished executing Update app-ops uidState in case package com.android.systemui.emulation.pixel_6_pro changed
04-15 17:04:12.293 536 607 V SystemServerTimingAsync: InitThreadPoolExec:Update app-ops uidState in case package com.android.systemui.emulation.pixel_6_pro changed took to complete: 1ms
04-15 17:04:12.293 536 607 D SystemServerTimingAsync: InitThreadPoolExec:Update app-ops uidState in case package com.android.systemui.emulation.pixel_4 changed
04-15 17:04:12.294 536 607 D SystemServerInitThreadPool: Started executing Update app-ops uidState in case package com.android.systemui.emulation.pixel_4 changed
04-15 17:04:12.294 536 607 D SystemServerInitThreadPool: Finished executing Update app-ops uidState in case package com.android.systemui.emulation.pixel_4 changed
04-15 17:04:12.295 536 607 V SystemServerTimingAsync: InitThreadPoolExec:Update app-ops uidState in case package com.android.systemui.emulation.pixel_4 changed took to complete: 1ms
04-15 17:04:12.295 536 607 D SystemServerTimingAsync: InitThreadPoolExec:Update app-ops uidState in case package com.android.systemui.emulation.pixel_3 changed
04-15 17:04:12.296 536 564 D SystemServerTimingAsync: InitThreadPoolExec:Update app-ops uidState in case package com.android.carrierconfig.auto_generated_rro_vendor__ changed
04-15 17:04:12.296 536 564 D SystemServerInitThreadPool: Started executing Update app-ops uidState in case package com.android.carrierconfig.auto_generated_rro_vendor__ changed
04-15 17:04:12.297 536 564 D SystemServerInitThreadPool: Finished executing Update app-ops uidState in case package com.android.carrierconfig.auto_generated_rro_vendor__ changed
04-15 17:04:12.297 536 564 V SystemServerTimingAsync: InitThreadPoolExec:Update app-ops uidState in case package com.android.carrierconfig.auto_generated_rro_vendor__ changed took to complete: 1ms
04-15 17:04:12.297 536 564 D SystemServerTimingAsync: InitThreadPoolExec:Update app-ops uidState in case package com.android.internal.emulation.pixel_3a changed
04-15 17:04:12.297 536 564 D SystemServerInitThreadPool: Started executing Update app-ops uidState in case package com.android.internal.emulation.pixel_3a changed
04-15 17:04:12.298 536 564 D SystemServerInitThreadPool: Finished executing Update app-ops uidState in case package com.android.internal.emulation.pixel_3a changed
04-15 17:04:12.298 536 564 V SystemServerTimingAsync: InitThreadPoolExec:Update app-ops uidState in case package com.android.internal.emulation.pixel_3a changed took to complete: 0ms
04-15 17:04:12.298 536 564 D SystemServerTimingAsync: InitThreadPoolExec:Update app-ops uidState in case package com.android.systemui.emulation.pixel_5 changed
04-15 17:04:12.299 536 564 D SystemServerInitThreadPool: Started executing Update app-ops uidState in case package com.android.systemui.emulation.pixel_5 changed
04-15 17:04:12.299 536 564 D SystemServerInitThreadPool: Finished executing Update app-ops uidState in case package com.android.systemui.emulation.pixel_5 changed
04-15 17:04:12.299 536 564 V SystemServerTimingAsync: InitThreadPoolExec:Update app-ops uidState in case package com.android.systemui.emulation.pixel_5 changed took to complete: 0ms
04-15 17:04:12.299 536 564 D SystemServerTimingAsync: InitThreadPoolExec:Update app-ops uidState in case package com.android.internal.systemui.navbar.gestural_wide_back changed
04-15 17:04:12.300 536 564 D SystemServerInitThreadPool: Started executing Update app-ops uidState in case package com.android.internal.systemui.navbar.gestural_wide_back changed
04-15 17:04:12.300 536 564 D SystemServerInitThreadPool: Finished executing Update app-ops uidState in case package com.android.internal.systemui.navbar.gestural_wide_back changed
04-15 17:04:12.301 536 564 V SystemServerTimingAsync: InitThreadPoolExec:Update app-ops uidState in case package com.android.internal.systemui.navbar.gestural_wide_back changed took to complete: 1ms
04-15 17:04:12.304 536 564 D SystemServerTimingAsync: InitThreadPoolExec:Update app-ops uidState in case package com.android.internal.display.cutout.emulation.waterfall changed
04-15 17:04:12.304 536 564 D SystemServerInitThreadPool: Started executing Update app-ops uidState in case package com.android.internal.display.cutout.emulation.waterfall changed
04-15 17:04:12.305 536 564 D SystemServerInitThreadPool: Finished executing Update app-ops uidState in case package com.android.internal.display.cutout.emulation.waterfall changed
04-15 17:04:12.305 536 564 V SystemServerTimingAsync: InitThreadPoolExec:Update app-ops uidState in case package com.android.internal.display.cutout.emulation.waterfall changed took to complete: 0ms
04-15 17:04:12.305 536 564 D SystemServerTimingAsync: InitThreadPoolExec:Update app-ops uidState in case package com.android.internal.emulation.pixel_2_xl changed
04-15 17:04:12.306 536 564 D SystemServerInitThreadPool: Started executing Update app-ops uidState in case package com.android.internal.emulation.pixel_2_xl changed
04-15 17:04:12.306 536 564 D SystemServerInitThreadPool: Finished executing Update app-ops uidState in case package com.android.internal.emulation.pixel_2_xl changed
04-15 17:04:12.307 536 564 V SystemServerTimingAsync: InitThreadPoolExec:Update app-ops uidState in case package com.android.internal.emulation.pixel_2_xl changed took to complete: 1ms
04-15 17:04:12.307 536 564 D SystemServerTimingAsync: InitThreadPoolExec:Update app-ops uidState in case package com.android.internal.emulation.pixel_6a changed
04-15 17:04:12.307 536 564 D SystemServerInitThreadPool: Started executing Update app-ops uidState in case package com.android.internal.emulation.pixel_6a changed
04-15 17:04:12.308 536 536 I WindowManager: Override config changes=10000000 {1.0 ?mcc0mnc [en_US] ldltr sw411dp w411dp h914dp 420dpi nrml long port finger qwerty/v/v -nav/h winConfig={ mBounds=Rect(0, 0 - 1080, 2400) mAppBounds=Rect(0, 0 - 1080, 2400) mMaxBounds=Rect(0, 0 - 1080, 2400) mDisplayRotation=ROTATION_0 mWindowingMode=fullscreen mDisplayWindowingMode=fullscreen mActivityType=undefined mAlwaysOnTop=undefined mRotation=ROTATION_0} s.8 fontWeightAdjustment=0} for displayId=0
04-15 17:04:12.312 536 607 D SystemServerInitThreadPool: Started executing Update app-ops uidState in case package com.android.systemui.emulation.pixel_3 changed
04-15 17:04:12.312 536 607 D SystemServerInitThreadPool: Finished executing Update app-ops uidState in case package com.android.systemui.emulation.pixel_3 changed
04-15 17:04:12.313 536 607 V SystemServerTimingAsync: InitThreadPoolExec:Update app-ops uidState in case package com.android.systemui.emulation.pixel_3 changed took to complete: 8ms
04-15 17:04:12.313 536 607 D SystemServerTimingAsync: InitThreadPoolExec:Update app-ops uidState in case package com.android.internal.display.cutout.emulation.tall changed
04-15 17:04:12.313 536 607 D SystemServerInitThreadPool: Started executing Update app-ops uidState in case package com.android.internal.display.cutout.emulation.tall changed
04-15 17:04:12.314 536 607 D SystemServerInitThreadPool: Finished executing Update app-ops uidState in case package com.android.internal.display.cutout.emulation.tall changed
04-15 17:04:12.314 536 607 V SystemServerTimingAsync: InitThreadPoolExec:Update app-ops uidState in case package com.android.internal.display.cutout.emulation.tall changed took to complete: 0ms
04-15 17:04:12.314 536 607 D SystemServerTimingAsync: InitThreadPoolExec:Update app-ops uidState in case package com.android.systemui.emulation.pixel_8 changed
04-15 17:04:12.314 536 607 D SystemServerInitThreadPool: Started executing Update app-ops uidState in case package com.android.systemui.emulation.pixel_8 changed
04-15 17:04:12.315 536 607 D SystemServerInitThreadPool: Finished executing Update app-ops uidState in case package com.android.systemui.emulation.pixel_8 changed
04-15 17:04:12.315 536 607 V SystemServerTimingAsync: InitThreadPoolExec:Update app-ops uidState in case package com.android.systemui.emulation.pixel_8 changed took to complete: 0ms
04-15 17:04:12.315 536 607 D SystemServerTimingAsync: InitThreadPoolExec:Update app-ops uidState in case package com.android.internal.emulation.pixel_7_pro changed
04-15 17:04:12.315 536 607 D SystemServerInitThreadPool: Started executing Update app-ops uidState in case package com.android.internal.emulation.pixel_7_pro changed
04-15 17:04:12.321 536 607 D SystemServerInitThreadPool: Finished executing Update app-ops uidState in case package com.android.internal.emulation.pixel_7_pro changed
04-15 17:04:12.321 536 607 V SystemServerTimingAsync: InitThreadPoolExec:Update app-ops uidState in case package com.android.internal.emulation.pixel_7_pro changed took to complete: 6ms
04-15 17:04:12.322 536 607 D SystemServerTimingAsync: InitThreadPoolExec:Update app-ops uidState in case package com.android.internal.display.cutout.emulation.corner changed
04-15 17:04:12.322 536 607 D SystemServerInitThreadPool: Started executing Update app-ops uidState in case package com.android.internal.display.cutout.emulation.corner changed
04-15 17:04:12.322 536 607 D SystemServerInitThreadPool: Finished executing Update app-ops uidState in case package com.android.internal.display.cutout.emulation.corner changed
04-15 17:04:12.322 536 607 V SystemServerTimingAsync: InitThreadPoolExec:Update app-ops uidState in case package com.android.internal.display.cutout.emulation.corner changed took to complete: 0ms
04-15 17:04:12.322 536 607 D SystemServerTimingAsync: InitThreadPoolExec:Update app-ops uidState in case package com.android.systemui.emulation.pixel_4_xl changed
04-15 17:04:12.322 536 607 D SystemServerInitThreadPool: Started executing Update app-ops uidState in case package com.android.systemui.emulation.pixel_4_xl changed
04-15 17:04:12.322 536 607 D SystemServerInitThreadPool: Finished executing Update app-ops uidState in case package com.android.systemui.emulation.pixel_4_xl changed
04-15 17:04:12.322 536 607 V SystemServerTimingAsync: InitThreadPoolExec:Update app-ops uidState in case package com.android.systemui.emulation.pixel_4_xl changed took to complete: 1ms
04-15 17:04:12.323 536 607 D SystemServerTimingAsync: InitThreadPoolExec:Update app-ops uidState in case package com.android.internal.systemui.navbar.threebutton changed
04-15 17:04:12.323 536 607 D SystemServerInitThreadPool: Started executing Update app-ops uidState in case package com.android.internal.systemui.navbar.threebutton changed
04-15 17:04:12.323 536 607 D SystemServerInitThreadPool: Finished executing Update app-ops uidState in case package com.android.internal.systemui.navbar.threebutton changed
04-15 17:04:12.323 536 607 V SystemServerTimingAsync: InitThreadPoolExec:Update app-ops uidState in case package com.android.internal.systemui.navbar.threebutton changed took to complete: 0ms
04-15 17:04:12.323 536 607 D SystemServerTimingAsync: InitThreadPoolExec:Update app-ops uidState in case package com.android.systemui.emulation.pixel_7 changed
04-15 17:04:12.323 536 607 D SystemServerInitThreadPool: Started executing Update app-ops uidState in case package com.android.systemui.emulation.pixel_7 changed
04-15 17:04:12.323 536 607 D SystemServerInitThreadPool: Finished executing Update app-ops uidState in case package com.android.systemui.emulation.pixel_7 changed
04-15 17:04:12.323 536 607 V SystemServerTimingAsync: InitThreadPoolExec:Update app-ops uidState in case package com.android.systemui.emulation.pixel_7 changed took to complete: 1ms
04-15 17:04:12.323 536 607 D SystemServerTimingAsync: InitThreadPoolExec:Update app-ops uidState in case package com.android.internal.systemui.navbar.transparent changed
04-15 17:04:12.330 536 564 D SystemServerInitThreadPool: Finished executing Update app-ops uidState in case package com.android.internal.emulation.pixel_6a changed
04-15 17:04:12.340 536 564 V SystemServerTimingAsync: InitThreadPoolExec:Update app-ops uidState in case package com.android.internal.emulation.pixel_6a changed took to complete: 33ms
04-15 17:04:12.340 536 564 D SystemServerTimingAsync: InitThreadPoolExec:Update app-ops uidState in case package com.android.theme.font.notoserifsource changed
04-15 17:04:12.341 536 564 D SystemServerInitThreadPool: Started executing Update app-ops uidState in case package com.android.theme.font.notoserifsource changed
04-15 17:04:12.341 536 564 D SystemServerInitThreadPool: Finished executing Update app-ops uidState in case package com.android.theme.font.notoserifsource changed
04-15 17:04:12.341 536 564 V SystemServerTimingAsync: InitThreadPoolExec:Update app-ops uidState in case package com.android.theme.font.notoserifsource changed took to complete: 0ms
04-15 17:04:12.342 536 564 D SystemServerTimingAsync: InitThreadPoolExec:Update app-ops uidState in case package com.android.internal.systemui.navbar.twobutton changed
04-15 17:04:12.342 536 564 D SystemServerInitThreadPool: Started executing Update app-ops uidState in case package com.android.internal.systemui.navbar.twobutton changed
04-15 17:04:12.342 536 564 D SystemServerInitThreadPool: Finished executing Update app-ops uidState in case package com.android.internal.systemui.navbar.twobutton changed
04-15 17:04:12.343 536 564 V SystemServerTimingAsync: InitThreadPoolExec:Update app-ops uidState in case package com.android.internal.systemui.navbar.twobutton changed took to complete: 1ms
04-15 17:04:12.343 536 564 D SystemServerTimingAsync: InitThreadPoolExec:Update app-ops uidState in case package com.android.networkstack.tethering.emulator changed
04-15 17:04:12.343 536 564 D SystemServerInitThreadPool: Started executing Update app-ops uidState in case package com.android.networkstack.tethering.emulator changed
04-15 17:04:12.343 536 564 D SystemServerInitThreadPool: Finished executing Update app-ops uidState in case package com.android.networkstack.tethering.emulator changed
04-15 17:04:12.345 536 564 V SystemServerTimingAsync: InitThreadPoolExec:Update app-ops uidState in case package com.android.networkstack.tethering.emulator changed took to complete: 2ms
04-15 17:04:12.346 536 564 D SystemServerTimingAsync: InitThreadPoolExec:Update app-ops uidState in case package com.android.internal.emulation.pixel_fold changed
04-15 17:04:12.346 536 564 D SystemServerInitThreadPool: Started executing Update app-ops uidState in case package com.android.internal.emulation.pixel_fold changed
