04-15 17:01:18.061 0 0 I init : Parsing file /system/etc/init/blank_screen.rc...
04-15 17:01:18.065 0 0 I init : Parsing file /system/etc/init/bootanim.rc...
04-15 17:01:18.073 0 0 I init : Parsing file /system/etc/init/bootstat-debug.rc...
04-15 17:01:18.077 0 0 I init : Parsing file /system/etc/init/bootstat.rc...
04-15 17:01:18.081 0 0 I init : Parsing file /system/etc/init/bpfloader.rc...
04-15 17:01:18.085 0 0 I init : Parsing file /system/etc/init/cameraserver.rc...
04-15 17:01:18.089 0 0 I init : Parsing file /system/etc/init/clean_scratch_files.rc...
04-15 17:01:18.093 0 0 I init : Parsing file /system/etc/init/cppreopts.rc...
04-15 17:01:18.097 0 0 I init : Parsing file /system/etc/init/credstore.rc...
04-15 17:01:18.101 0 0 I init : Parsing file /system/etc/init/dmesgd.rc...
04-15 17:01:18.105 0 0 I init : Parsing file /system/etc/init/drmserver.rc...
04-15 17:01:18.109 0 0 I init : Parsing file /system/etc/init/dumpstate.rc...
04-15 17:01:18.113 0 0 I init : Parsing file /system/etc/init/flags_health_check.rc...
04-15 17:01:18.117 0 0 I init : Parsing file /system/etc/init/gatekeeperd.rc...
04-15 17:01:18.121 0 0 I init : Parsing file /system/etc/init/gpuservice.rc...
04-15 17:01:18.125 0 0 I init : Parsing file /system/etc/init/gsid.rc...
04-15 17:01:18.129 0 0 I init : Parsing file /system/etc/init/heapprofd.rc...
04-15 17:01:18.136 0 0 I init : Parsing file /system/etc/init/hwservicemanager.rc...
04-15 17:01:18.138 0 0 I init : Parsing file /system/etc/init/idmap2d.rc...
04-15 17:01:18.139 0 0 I init : Parsing file /system/etc/init/incidentd.rc...
04-15 17:01:18.140 0 0 I init : Parsing file /system/etc/init/init-debug.rc...
04-15 17:01:18.141 0 0 I init : Parsing file /system/etc/init/installd.rc...
04-15 17:01:18.143 0 0 I init : Parsing file /system/etc/init/keystore2.rc...
04-15 17:01:18.143 0 0 I init : Parsing file /system/etc/init/llkd-debuggable.rc...
04-15 17:01:18.145 0 0 I init : Parsing file /system/etc/init/llkd.rc...
04-15 17:01:18.146 0 0 I init : Parsing file /system/etc/init/lmkd.rc...
04-15 17:01:18.147 0 0 I init : Parsing file /system/etc/init/logcatd.rc...
04-15 17:01:18.149 0 0 I init : Parsing file /system/etc/init/logd.rc...
04-15 17:01:18.150 0 0 I init : Parsing file /system/etc/init/logtagd.rc...
04-15 17:01:18.151 0 0 I init : Parsing file /system/etc/init/lpdumpd.rc...
04-15 17:01:18.152 0 0 I init : Parsing file /system/etc/init/mdnsd.rc...
04-15 17:01:18.153 0 0 I init : Parsing file /system/etc/init/mediaextractor.rc...
04-15 17:01:18.154 0 0 I init : Parsing file /system/etc/init/mediametrics.rc...
04-15 17:01:18.155 0 0 I init : Parsing file /system/etc/init/mediaserver.rc...
04-15 17:01:18.156 0 0 I init : Parsing file /system/etc/init/mtectrl.rc...
04-15 17:01:18.157 0 0 I init : Parsing file /system/etc/init/mtpd.rc...
04-15 17:01:18.158 0 0 I init : Parsing file /system/etc/init/netd.rc...
04-15 17:01:18.159 0 0 I init : Parsing file /system/etc/init/odsign.rc...
04-15 17:01:18.159 0 0 I init : Parsing file /system/etc/init/otapreopt.rc...
04-15 17:01:18.160 0 0 I init : Parsing file /system/etc/init/perfetto.rc...
04-15 17:01:18.162 0 0 I init : Parsing file /system/etc/init/prng_seeder.rc...
04-15 17:01:18.163 0 0 I init : Parsing file /system/etc/init/profcollectd.rc...
04-15 17:01:18.164 0 0 I init : Parsing file /system/etc/init/racoon.rc...
04-15 17:01:18.165 0 0 I init : Parsing file /system/etc/init/recovery-persist.rc...
04-15 17:01:18.166 0 0 I init : Parsing file /system/etc/init/recovery-refresh.rc...
04-15 17:01:18.167 0 0 I init : Parsing file /system/etc/init/rss_hwm_reset.rc...
04-15 17:01:18.168 0 0 I init : Parsing file /system/etc/init/servicemanager.rc...
04-15 17:01:18.169 0 0 I init : Parsing file /system/etc/init/simpleperf.rc...
04-15 17:01:18.169 0 0 I init : Parsing file /system/etc/init/snapuserd.rc...
04-15 17:01:18.170 0 0 I init : Parsing file /system/etc/init/storaged.rc...
04-15 17:01:18.171 0 0 I init : Parsing file /system/etc/init/surfaceflinger.rc...
04-15 17:01:18.172 0 0 I init : Parsing file /system/etc/init/tombstoned.rc...
04-15 17:01:18.174 0 0 I init : Parsing file /system/etc/init/traced_perf.rc...
04-15 17:01:18.175 0 0 I init : Parsing file /system/etc/init/uncrypt.rc...
04-15 17:01:18.176 0 0 I init : Parsing file /system/etc/init/update_engine.rc...
04-15 17:01:18.177 0 0 I init : Parsing file /system/etc/init/update_verifier.rc...
04-15 17:01:18.179 0 0 I init : Parsing file /system/etc/init/usbd.rc...
04-15 17:01:18.179 0 0 I init : Parsing file /system/etc/init/vold.rc...
04-15 17:01:18.181 0 0 I init : Parsing file /system/etc/init/wifi.rc...
04-15 17:01:18.182 0 0 I init : Parsing file /system/etc/init/wificond.rc...
04-15 17:01:18.183 0 0 I init : Parsing directory /system_ext/etc/init...
04-15 17:01:18.183 0 0 I init : Parsing file /system_ext/etc/init/init.system_ext.rc...
04-15 17:01:18.184 0 0 I init : Parsing directory /vendor/etc/init...
04-15 17:01:18.185 0 0 I init : Parsing file /vendor/etc/init/android.hardware.atrace@1.0-service.rc...
04-15 17:01:18.186 0 0 I init : Parsing file /vendor/etc/init/android.hardware.audio.service.rc...
04-15 17:01:18.187 0 0 I init : Parsing file /vendor/etc/init/android.hardware.authsecret-service.example.rc...
04-15 17:01:18.187 0 0 I init : Parsing file /vendor/etc/init/android.hardware.biometrics.fingerprint-service.ranchu.rc...
04-15 17:01:18.188 0 0 I init : Parsing file /vendor/etc/init/android.hardware.camera.provider.ranchu.rc...
04-15 17:01:18.189 0 0 I init : Parsing file /vendor/etc/init/android.hardware.camera.provider@2.7-service-google.rc...
04-15 17:01:18.190 0 0 I init : Parsing file /vendor/etc/init/android.hardware.drm-service-lazy.clearkey.rc...
04-15 17:01:18.190 0 0 I init : Parsing file /vendor/etc/init/android.hardware.gatekeeper@1.0-service.software.rc...
04-15 17:01:18.191 0 0 I init : Parsing file /vendor/etc/init/android.hardware.gnss-service.ranchu.rc...
04-15 17:01:18.192 0 0 I init : Parsing file /vendor/etc/init/android.hardware.graphics.allocator@3.0-service.ranchu.rc...
04-15 17:01:18.192 0 0 I init : Parsing file /vendor/etc/init/android.hardware.health-service.example.rc...
04-15 17:01:18.193 0 0 I init : Parsing file /vendor/etc/init/android.hardware.media.c2@1.0-service-goldfish.rc...
04-15 17:01:18.194 0 0 I init : Parsing file /vendor/etc/init/android.hardware.neuralnetworks-service-sample-all.rc...
04-15 17:01:18.194 0 0 I init : Parsing file /vendor/etc/init/android.hardware.neuralnetworks-service-sample-limited.rc...
04-15 17:01:18.195 0 0 I init : Parsing file /vendor/etc/init/android.hardware.neuralnetworks-shim-service-sample.rc...
04-15 17:01:18.196 0 0 I init : Parsing file /vendor/etc/init/android.hardware.security.keymint-service.rc...
04-15 17:01:18.196 0 0 I init : Parsing file /vendor/etc/init/android.hardware.sensors-service-multihal.rc...
04-15 17:01:18.197 0 0 I init : Parsing file /vendor/etc/init/android.hardware.thermal@2.0-service.rc...
04-15 17:01:18.198 0 0 I init : Parsing file /vendor/etc/init/android.hardware.usb-service.example.rc...
04-15 17:01:18.199 0 0 I init : Parsing file /vendor/etc/init/android.hardware.wifi-service.rc...
04-15 17:01:18.199 0 0 I init : Parsing file /vendor/etc/init/bluetooth-service-default.rc...
04-15 17:01:18.200 0 0 I init : Parsing file /vendor/etc/init/boringssl_self_test.rc...
04-15 17:01:18.201 0 0 I init : Parsing file /vendor/etc/init/cas-default.rc...
04-15 17:01:18.202 0 0 I init : Parsing file /vendor/etc/init/contexthub-default.rc...
04-15 17:01:18.203 0 0 I init : Parsing file /vendor/etc/init/dumpstate-default.rc...
04-15 17:01:18.203 0 0 I init : Parsing file /vendor/etc/init/face-default.rc...
04-15 17:01:18.204 0 0 I init : Parsing file /vendor/etc/init/health-storage-default.rc...
04-15 17:01:18.205 0 0 I init : Parsing file /vendor/etc/init/hostapd.android.rc...
04-15 17:01:18.206 0 0 I init : Parsing file /vendor/etc/init/hwc3.rc...
04-15 17:01:18.206 0 0 I init : Parsing file /vendor/etc/init/identity-default.rc...
04-15 17:01:18.207 0 0 I init : Parsing file /vendor/etc/init/lights-default.rc...
04-15 17:01:18.207 0 0 I init : Parsing file /vendor/etc/init/power-default.rc...
04-15 17:01:18.208 0 0 I init : Parsing file /vendor/etc/init/power.stats-default.rc...
04-15 17:01:18.209 0 0 I init : Parsing file /vendor/etc/init/rebootescrow-default.rc...
04-15 17:01:18.209 0 0 I init : Parsing file /vendor/etc/init/rild_goldfish.rc...
04-15 17:01:18.210 0 0 I init : Parsing file /vendor/etc/init/vibrator-default.rc...
04-15 17:01:18.211 0 0 I init : Parsing file /odm/etc/init...
04-15 17:01:18.211 0 0 I init : Unable to read config file '/odm/etc/init': open() failed: No such file or directory
04-15 17:01:18.211 0 0 I init : Parsing file /product/etc/init...
04-15 17:01:18.211 0 0 I init : Unable to read config file '/product/etc/init': open() failed: No such file or directory
04-15 17:01:18.215 0 0 I init : processing action (SetupCgroups) from (:0)
04-15 17:01:18.277 0 0 I init : Command 'SetupCgroups' action=SetupCgroups (:0) took 61ms and succeeded
04-15 17:01:18.311 0 0 I init : processing action (SetKptrRestrict) from (:0)
04-15 17:01:18.314 0 0 I init : processing action (TestPerfEventSelinux) from (:0)
04-15 17:01:18.317 0 0 I init : processing action (ConnectEarlyStageSnapuserd) from (:0)
04-15 17:01:18.317 0 0 I init : processing action (early-init) from (/system/etc/init/hw/init.rc:15)
04-15 17:01:18.349 0 0 I init : Command 'mkdir /acct/uid' action=early-init (/system/etc/init/hw/init.rc:30) took 1ms and failed: mkdir() failed on /acct/uid: Read-only file system
04-15 17:01:18.364 0 0 I init : starting service 'ueventd'...
04-15 17:01:18.411 0 0 I init : ... started service 'ueventd' has pid 74
04-15 17:01:18.420 0 0 I init : starting service 'apexd-bootstrap'...
04-15 17:01:18.470 0 0 I init : ... started service 'apexd-bootstrap' has pid 75
04-15 17:01:18.471 0 0 I init : SVC_EXEC service 'apexd-bootstrap' pid 75 (uid 0 gid 1000+0 context default) started; waiting...
04-15 17:01:18.471 0 0 I init : Command 'exec_start apexd-bootstrap' action=early-init (/system/etc/init/hw/init.rc:76) took 59ms and succeeded
04-15 17:01:18.628 0 0 I ueventd : ueventd started!
04-15 17:01:18.654 0 0 I selinux : SELinux: Loaded file context from:
04-15 17:01:18.654 0 0 I selinux : /system/etc/selinux/plat_file_contexts
04-15 17:01:18.654 0 0 I selinux : /vendor/etc/selinux/vendor_file_contexts
04-15 17:01:18.656 0 0 I ueventd : Parsing file /system/etc/ueventd.rc...
04-15 17:01:18.660 0 0 I ueventd : Added '/vendor/etc/ueventd.rc' to import list
04-15 17:01:18.660 0 0 I ueventd : Added '/odm/etc/ueventd.rc' to import list
04-15 17:01:18.670 0 0 I ueventd : Parsing file /vendor/etc/ueventd.rc...
04-15 17:01:18.673 0 0 I ueventd : Parsing file /odm/etc/ueventd.rc...
04-15 17:01:18.673 0 0 I ueventd : Unable to read config file '/odm/etc/ueventd.rc': open() failed: No such file or directory
04-15 17:01:18.933 0 0 I apexd : Bootstrap subcommand detected
04-15 17:01:18.936 0 0 E cutils-trace: Error opening trace file: No such file or directory (2)
04-15 17:01:18.942 0 0 I apexd-bootstrap: Scanning /system/apex for pre-installed ApexFiles
04-15 17:01:18.950 0 0 I apexd-bootstrap: Found pre-installed APEX /system/apex/com.android.permission.capex
04-15 17:01:18.971 0 0 I apexd-bootstrap: Found pre-installed APEX /system/apex/com.android.appsearch.capex
04-15 17:01:18.993 0 0 I apexd-bootstrap: Found pre-installed APEX /system/apex/com.android.sdkext.apex
04-15 17:01:19.013 0 0 I apexd-bootstrap: Found pre-installed APEX /system/apex/com.android.vndk.current.apex
04-15 17:01:19.034 0 0 I apexd-bootstrap: Found pre-installed APEX /system/apex/com.android.neuralnetworks.capex
04-15 17:01:19.057 0 0 I apexd-bootstrap: Found pre-installed APEX /system/apex/com.android.healthfitness.apex
04-15 17:01:19.070 0 0 I apexd-bootstrap: Found pre-installed APEX /system/apex/com.android.wifi.capex
04-15 17:01:19.088 0 0 I apexd-bootstrap: Found pre-installed APEX /system/apex/com.android.os.statsd.apex
04-15 17:01:19.110 0 0 I apexd-bootstrap: Found pre-installed APEX /system/apex/com.android.tethering.capex
04-15 17:01:19.126 0 0 I apexd-bootstrap: Found pre-installed APEX /system/apex/com.android.i18n.apex
04-15 17:01:19.135 0 0 I apexd-bootstrap: Found pre-installed APEX /system/apex/com.android.media.capex
04-15 17:01:19.150 0 0 I apexd-bootstrap: Found pre-installed APEX /system/apex/com.android.rkpd.apex
04-15 17:01:19.162 0 0 I apexd-bootstrap: Found pre-installed APEX /system/apex/com.android.adservices.capex
04-15 17:01:19.178 0 0 I apexd-bootstrap: Found pre-installed APEX /system/apex/com.android.mediaprovider.capex
04-15 17:01:19.193 0 0 I apexd-bootstrap: Found pre-installed APEX /system/apex/com.android.apex.cts.shim.apex
04-15 17:01:19.202 0 0 I apexd-bootstrap: Found pre-installed APEX /system/apex/com.android.media.swcodec.capex
04-15 17:01:19.227 0 0 I apexd-bootstrap: Found pre-installed APEX /system/apex/com.android.virt.apex
04-15 17:01:19.238 0 0 I apexd-bootstrap: Found pre-installed APEX /system/apex/com.android.cellbroadcast.capex
04-15 17:01:19.254 0 0 I apexd-bootstrap: Found pre-installed APEX /system/apex/com.android.conscrypt.capex
04-15 17:01:19.381 0 0 I apexd-bootstrap: Found pre-installed APEX /system/apex/com.android.adbd.capex
04-15 17:01:19.405 0 0 I apexd-bootstrap: Found pre-installed APEX /system/apex/com.android.scheduling.capex
04-15 17:01:19.418 0 0 I apexd-bootstrap: Found pre-installed APEX /system/apex/com.android.resolv.capex
04-15 17:01:19.549 0 0 I apexd-bootstrap: Found pre-installed APEX /system/apex/com.android.art.capex
04-15 17:01:19.563 0 0 I ueventd : Coldboot took 0.88 seconds
04-15 17:01:19.570 0 0 I apexd-bootstrap: Found pre-installed APEX /system/apex/com.android.configinfrastructure.capex
04-15 17:01:19.578 0 0 I apexd-bootstrap: Found pre-installed APEX /system/apex/com.android.tzdata.apex
04-15 17:01:19.584 0 0 I apexd-bootstrap: Found pre-installed APEX /system/apex/com.android.extservices.capex
04-15 17:01:19.592 0 0 I apexd-bootstrap: Found pre-installed APEX /system/apex/com.android.btservices.apex
04-15 17:01:19.599 0 0 I apexd-bootstrap: Found pre-installed APEX /system/apex/com.android.runtime.apex
04-15 17:01:19.605 0 0 I apexd-bootstrap: Found pre-installed APEX /system/apex/com.android.devicelock.apex
04-15 17:01:19.611 0 0 I apexd-bootstrap: Found pre-installed APEX /system/apex/com.android.uwb.capex
04-15 17:01:19.618 0 0 I apexd-bootstrap: Found pre-installed APEX /system/apex/com.android.ipsec.capex
04-15 17:01:19.626 0 0 I apexd-bootstrap: Found pre-installed APEX /system/apex/com.android.ondevicepersonalization.capex
04-15 17:01:19.633 0 0 I apexd-bootstrap: Scanning /system_ext/apex for pre-installed ApexFiles
04-15 17:01:19.634 0 0 W apexd-bootstrap: /system_ext/apex does not exist. Skipping
04-15 17:01:19.634 0 0 I apexd-bootstrap: Scanning /product/apex for pre-installed ApexFiles
04-15 17:01:19.634 0 0 W apexd-bootstrap: /product/apex does not exist. Skipping
04-15 17:01:19.634 0 0 I apexd-bootstrap: Scanning /vendor/apex for pre-installed ApexFiles
04-15 17:01:19.634 0 0 W apexd-bootstrap: /vendor/apex does not exist. Skipping
04-15 17:01:19.634 0 0 I apexd-bootstrap: Found bootstrap APEX /system/apex/com.android.runtime.apex
04-15 17:01:19.634 0 0 I apexd-bootstrap: Found bootstrap APEX /system/apex/com.android.tzdata.apex
04-15 17:01:19.635 0 0 I apexd-bootstrap: Found bootstrap APEX /system/apex/com.android.vndk.current.apex
04-15 17:01:19.635 0 0 I apexd-bootstrap: Found bootstrap APEX /system/apex/com.android.i18n.apex
04-15 17:01:19.635 0 0 I apexd-bootstrap: Need to pre-allocate 36 loop devices for 32 APEX packages
04-15 17:01:19.635 0 0 I apexd-bootstrap: No block apex metadata partition found, not adding block apexes
04-15 17:01:19.684 0 0 I apexd-bootstrap: Found 16 idle loopback devices that were pre-allocated by kernel. Allocated 20 more.
04-15 17:01:19.788 0 0 I loop0 : detected capacity change from 0 to 8944
04-15 17:01:19.795 0 0 I loop1 : detected capacity change from 0 to 1616
04-15 17:01:19.801 0 0 I loop2 : detected capacity change from 0 to 52360
04-15 17:01:19.821 0 0 I loop3 : detected capacity change from 0 to 71872
04-15 17:01:19.878 0 0 I EXT4-fs (loop2): mounted filesystem without journal. Quota mode: none.
04-15 17:01:19.878 0 0 I apexd-bootstrap: Successfully mounted package /system/apex/com.android.vndk.current.apex on /apex/com.android.vndk.v34@1 duration=88
04-15 17:01:19.889 0 0 I EXT4-fs (loop3): mounted filesystem without journal. Quota mode: none.
04-15 17:01:19.889 0 0 I apexd-bootstrap: Successfully mounted package /system/apex/com.android.i18n.apex on /apex/com.android.i18n@1 duration=98
04-15 17:01:19.897 0 0 I EXT4-fs (loop1): mounted filesystem without journal. Quota mode: none.
04-15 17:01:19.898 0 0 I apexd-bootstrap: Successfully mounted package /system/apex/com.android.tzdata.apex on /apex/com.android.tzdata@342090000 duration=108
04-15 17:01:19.974 0 0 I EXT4-fs (loop0): mounted filesystem without journal. Quota mode: none.
04-15 17:01:19.974 0 0 I apexd-bootstrap: Successfully mounted package /system/apex/com.android.runtime.apex on /apex/com.android.runtime@1 duration=188
04-15 17:01:19.982 0 0 I apexd-bootstrap: Activated 4 packages.
04-15 17:01:20.029 0 0 I apexd-bootstrap: OnBootstrap done, duration=1086
04-15 17:01:20.038 0 0 I : apexd (75) used greatest stack depth: 12672 bytes left
04-15 17:01:20.039 0 0 I init : Service 'apexd-bootstrap' (pid 75) exited with status 0 waiting took 1.611000 seconds
04-15 17:01:20.040 0 0 I init : Sending signal 9 to service 'apexd-bootstrap' (pid 75) process group...
04-15 17:01:20.041 0 0 I libprocessgroup: Successfully killed process cgroup uid 0 pid 75 in 1ms
04-15 17:01:20.341 0 0 I init : linkerconfig generated /linkerconfig with mounted APEX modules info
04-15 17:01:20.341 0 0 I init : Command 'update_linker_config' action=early-init (/system/etc/init/hw/init.rc:79) took 295ms and succeeded
04-15 17:01:20.355 0 0 I init : processing action (early-init) from (/init.environ.rc:2)
04-15 17:01:20.357 0 0 I init : processing action (early-init) from (/vendor/etc/init/hw/init.ranchu.rc:11)
04-15 17:01:20.367 0 0 I init : Command 'setprop ro.config.low_ram ${ro.boot.config.low_ram}' action=early-init (/vendor/etc/init/hw/init.ranchu.rc:15) took 3ms and failed: property 'ro.boot.config.low_ram' doesn't exist while expanding '${ro.boot.config.low_ram}'
04-15 17:01:20.379 0 0 I init : Command 'setprop dalvik.vm.checkjni ${ro.boot.dalvik.vm.checkjni}' action=early-init (/vendor/etc/init/hw/init.ranchu.rc:20) took 0ms and failed: property 'ro.boot.dalvik.vm.checkjni' doesn't exist while expanding '${ro.boot.dalvik.vm.checkjni}'
04-15 17:01:20.382 0 0 I init : Command 'setprop debug.stagefright.ccodec ${ro.boot.debug.stagefright.ccodec}' action=early-init (/vendor/etc/init/hw/init.ranchu.rc:22) took 0ms and failed: property 'ro.boot.debug.stagefright.ccodec' doesn't exist while expanding '${ro.boot.debug.stagefright.ccodec}'
04-15 17:01:20.389 0 0 I init : starting service 'vendor.dlkm_loader'...
04-15 17:01:20.419 0 0 I init : ... started service 'vendor.dlkm_loader' has pid 121
04-15 17:01:20.426 0 0 I init : starting service 'exec 1 (/system/bin/modprobe -a -d /system/lib/modules zram.ko)'...
04-15 17:01:20.449 0 0 I init : ... started service 'exec 1 (/system/bin/modprobe -a -d /system/lib/modules zram.ko)' has pid 122
04-15 17:01:20.449 0 0 I init : SVC_EXEC service 'exec 1 (/system/bin/modprobe -a -d /system/lib/modules zram.ko)' pid 122 (uid 0 gid 0+0 context u:r:modprobe:s0) started; waiting...
04-15 17:01:20.663 0 0 I dlkm_loader: dlkm loader successfully initialized
04-15 17:01:20.700 0 0 I dlkm_loader: Loading module /system/lib/modules/rfkill.ko with args ''
04-15 17:01:20.711 0 0 I zram : Added device: zram0
04-15 17:01:20.720 0 0 I init : Service 'exec 1 (/system/bin/modprobe -a -d /system/lib/modules zram.ko)' (pid 122) exited with status 0 waiting took 0.286000 seconds
04-15 17:01:20.720 0 0 I init : Sending signal 9 to service 'exec 1 (/system/bin/modprobe -a -d /system/lib/modules zram.ko)' (pid 122) process group...
04-15 17:01:20.723 0 0 I libprocessgroup: Successfully killed process cgroup uid 0 pid 122 in 2ms
04-15 17:01:20.724 0 0 I init : processing action (ro.product.debugfs_restrictions.enabled=true && early-init) from (/system/etc/init/init-debug.rc:10)
04-15 17:01:20.728 0 0 I init : processing action (early-init) from (/system/etc/init/prng_seeder.rc:5)
04-15 17:01:20.729 0 0 I init : starting service 'prng_seeder'...
04-15 17:01:20.731 0 0 I init : Created socket '/dev/socket/prng_seeder', mode 666, user 1092, group 1092
04-15 17:01:20.732 0 0 I : modprobe (122) used greatest stack depth: 11936 bytes left
04-15 17:01:20.751 0 0 I dlkm_loader: Loaded kernel module /system/lib/modules/rfkill.ko
04-15 17:01:20.752 0 0 I dlkm_loader: Loading module /system/lib/modules/bluetooth.ko with args ''
04-15 17:01:20.764 0 0 I init : ... started service 'prng_seeder' has pid 125
04-15 17:01:20.764 0 0 I init : processing action (ro.product.cpu.abilist64=* && early-init) from (/vendor/etc/init/boringssl_self_test.rc:4)
04-15 17:01:20.778 0 0 I init : starting service 'boringssl_self_test64_vendor'...
04-15 17:01:20.820 0 0 I init : ... started service 'boringssl_self_test64_vendor' has pid 126
04-15 17:01:20.820 0 0 I init : SVC_EXEC service 'boringssl_self_test64_vendor' pid 126 (uid 0 gid 0+0 context default) started; waiting...
04-15 17:01:20.821 0 0 I init : Command 'exec_start boringssl_self_test64_vendor' action=ro.product.cpu.abilist64=* && early-init (/vendor/etc/init/boringssl_self_test.rc:5) took 56ms and succeeded
04-15 17:01:20.898 0 0 I Bluetooth: Core ver 2.22
04-15 17:01:20.899 0 0 I NET : Registered PF_BLUETOOTH protocol family
04-15 17:01:20.899 0 0 I Bluetooth: HCI device and connection manager initialized
04-15 17:01:20.899 0 0 I Bluetooth: HCI socket layer initialized
04-15 17:01:20.899 0 0 I Bluetooth: L2CAP socket layer initialized
04-15 17:01:20.899 0 0 I Bluetooth: SCO socket layer initialized
04-15 17:01:20.901 0 0 I dlkm_loader: Loaded kernel module /system/lib/modules/bluetooth.ko
04-15 17:01:20.901 0 0 I dlkm_loader: Loading module /vendor/lib/modules/btintel.ko with args ''
04-15 17:01:20.929 0 0 I dlkm_loader: Loaded kernel module /vendor/lib/modules/btintel.ko
04-15 17:01:20.929 0 0 I dlkm_loader: Loading module /vendor/lib/modules/btrtl.ko with args ''
04-15 17:01:20.970 0 0 I dlkm_loader: Loaded kernel module /vendor/lib/modules/btrtl.ko
04-15 17:01:20.971 0 0 I dlkm_loader: Loading module /system/lib/modules/btbcm.ko with args ''
04-15 17:01:20.992 0 0 I dlkm_loader: Loaded kernel module /system/lib/modules/btbcm.ko
04-15 17:01:20.993 0 0 I dlkm_loader: Loading module /vendor/lib/modules/btusb.ko with args ''
04-15 17:01:21.066 0 0 I usbcore : registered new interface driver btusb
04-15 17:01:21.073 0 0 I dlkm_loader: Loaded kernel module /vendor/lib/modules/btusb.ko
04-15 17:01:21.073 0 0 I dlkm_loader: Loading module /vendor/lib/modules/dummy-cpufreq.ko with args ''
04-15 17:01:21.109 0 0 I dlkm_loader: Loaded kernel module /vendor/lib/modules/dummy-cpufreq.ko
04-15 17:01:21.110 0 0 I dlkm_loader: Loading module /vendor/lib/modules/dummy_hcd.ko with args ''
04-15 17:01:21.180 0 0 I dummy_hcd.0: USB Host+Gadget Emulator, driver 02 May 2005
04-15 17:01:21.180 0 0 I dummy_hcd.0: Dummy host controller
04-15 17:01:21.180 0 0 I dummy_hcd.0: new USB bus registered, assigned bus number 1
04-15 17:01:21.196 0 0 I usb1 : New USB device found, idVendor=1d6b, idProduct=0002, bcdDevice= 6.01
04-15 17:01:21.196 0 0 I usb1 : New USB device strings: Mfr=3, Product=2, SerialNumber=1
04-15 17:01:21.196 0 0 I usb1 : Product: Dummy host controller
04-15 17:01:21.196 0 0 I usb1 : Manufacturer: Linux 6.1.23-android14-4-00257-g7e35917775b8-ab9964412 dummy_hcd
04-15 17:01:21.196 0 0 I usb1 : SerialNumber: dummy_hcd.0
04-15 17:01:21.214 0 0 I hub 1-0 : 1.0: USB hub found
04-15 17:01:21.215 0 0 I hub 1-0 : 1.0: 1 port detected
04-15 17:01:21.236 0 0 I dlkm_loader: Loaded kernel module /vendor/lib/modules/dummy_hcd.ko
04-15 17:01:21.241 0 0 I dlkm_loader: Loading module /vendor/lib/modules/failover.ko with args ''
04-15 17:01:21.265 0 0 I dlkm_loader: Loaded kernel module /vendor/lib/modules/failover.ko
04-15 17:01:21.265 0 0 I dlkm_loader: Loading module /vendor/lib/modules/goldfish_address_space.ko with args ''
04-15 17:01:21.266 0 0 W goldfish_address_space: loading out-of-tree module taints kernel.
04-15 17:01:21.276 0 0 I init : Service 'boringssl_self_test64_vendor' (pid 126) exited with status 0 waiting took 0.482000 seconds
04-15 17:01:21.276 0 0 I init : Sending signal 9 to service 'boringssl_self_test64_vendor' (pid 126) process group...
04-15 17:01:21.277 0 0 I libprocessgroup: Successfully killed process cgroup uid 0 pid 126 in 0ms
04-15 17:01:21.281 0 0 I init : processing action (wait_for_coldboot_done) from (:0)
04-15 17:01:21.281 0 0 I init : start_waiting_for_property("ro.cold_boot_done", "true"): already set
04-15 17:01:21.281 0 0 I init : processing action (SetMmapRndBits) from (:0)
04-15 17:01:21.282 0 0 I init : processing action (KeychordInit) from (:0)
04-15 17:01:21.284 0 0 W init : EVIOCSMASK not supported: Invalid argument
04-15 17:01:21.285 0 0 I init : processing action (init) from (/system/etc/init/hw/init.rc:97)
04-15 17:01:21.287 0 0 I init : Command 'copy /system/etc/prop.default /dev/urandom' action=init (/system/etc/init/hw/init.rc:102) took 0ms and failed: Could not read input file '/system/etc/prop.default': open() failed: No such file or directory
04-15 17:01:21.358 0 0 I init : Command 'write /dev/blkio/blkio.weight 1000' action=init (/system/etc/init/hw/init.rc:238) took 0ms and failed: Unable to write to file '/dev/blkio/blkio.weight': open() failed: Permission denied
04-15 17:01:21.359 0 0 I init : Command 'write /dev/blkio/background/blkio.weight 200' action=init (/system/etc/init/hw/init.rc:239) took 0ms and failed: Unable to write to file '/dev/blkio/background/blkio.weight': open() failed: Permission denied
04-15 17:01:21.365 0 0 I init : Command 'write /dev/blkio/blkio.group_idle 0' action=init (/system/etc/init/hw/init.rc:241) took 5ms and failed: Unable to write to file '/dev/blkio/blkio.group_idle': open() failed: Permission denied
04-15 17:01:21.366 0 0 I init : Command 'write /dev/blkio/background/blkio.group_idle 0' action=init (/system/etc/init/hw/init.rc:242) took 0ms and failed: Unable to write to file '/dev/blkio/background/blkio.group_idle': open() failed: Permission denied
04-15 17:01:21.474 0 0 I dlkm_loader: Loaded kernel module /vendor/lib/modules/goldfish_address_space.ko
04-15 17:01:21.474 0 0 I dlkm_loader: Loading module /vendor/lib/modules/goldfish_battery.ko with args ''
04-15 17:01:21.493 0 0 I dlkm_loader: Loaded kernel module /vendor/lib/modules/goldfish_battery.ko
04-15 17:01:21.493 0 0 I dlkm_loader: Loading module /vendor/lib/modules/goldfish_pipe.ko with args ''
04-15 17:01:21.522 0 0 I init : Command 'write /dev/cpu_variant:${ro.bionic.arch} ${ro.bionic.cpu_variant}' action=init (/system/etc/init/hw/init.rc:453) took 0ms and failed: property 'ro.bionic.cpu_variant' doesn't exist while expanding '${ro.bionic.cpu_variant}'
04-15 17:01:21.523 0 0 I init : Command 'write /dev/cpu_variant:${ro.bionic.2nd_arch} ${ro.bionic.2nd_cpu_variant}' action=init (/system/etc/init/hw/init.rc:455) took 0ms and failed: property 'ro.bionic.2nd_arch' doesn't exist while expanding '/dev/cpu_variant:${ro.bionic.2nd_arch}'
04-15 17:01:21.523 0 0 I init : Command 'chmod 0444 /dev/cpu_variant:${ro.bionic.2nd_arch}' action=init (/system/etc/init/hw/init.rc:456) took 0ms and failed: property 'ro.bionic.2nd_arch' doesn't exist while expanding '/dev/cpu_variant:${ro.bionic.2nd_arch}'
04-15 17:01:21.529 0 0 I init : starting service 'logd'...
04-15 17:01:21.531 0 0 I init : Created socket '/dev/socket/logd', mode 666, user 1036, group 1036
04-15 17:01:21.532 0 0 I init : Created socket '/dev/socket/logdr', mode 666, user 1036, group 1036
04-15 17:01:21.534 0 0 I init : Created socket '/dev/socket/logdw', mode 222, user 1036, group 1036
04-15 17:01:21.551 0 0 I dlkm_loader: Loaded kernel module /vendor/lib/modules/goldfish_pipe.ko
04-15 17:01:21.552 0 0 I dlkm_loader: Loading module /vendor/lib/modules/goldfish_sync.ko with args ''
04-15 17:01:21.562 0 0 I dlkm_loader: Loaded kernel module /vendor/lib/modules/goldfish_sync.ko
04-15 17:01:21.563 0 0 I dlkm_loader: Loading module /system/lib/modules/can-dev.ko with args ''
04-15 17:01:21.585 0 0 I : CAN device driver interface
04-15 17:01:21.585 0 0 I init : ... started service 'logd' has pid 129
04-15 17:01:21.586 0 0 I init : Command 'start logd' action=init (/system/etc/init/hw/init.rc:469) took 61ms and succeeded
04-15 17:01:21.588 0 0 I init : starting service 'lmkd'...
04-15 17:01:21.589 0 0 I dlkm_loader: Loaded kernel module /system/lib/modules/can-dev.ko
04-15 17:01:21.589 0 0 I dlkm_loader: Loading module /vendor/lib/modules/gs_usb.ko with args ''
04-15 17:01:21.590 0 0 I init : Created socket '/dev/socket/lmkd', mode 660, user 1000, group 1000
04-15 17:01:21.596 0 0 I usbcore : registered new interface driver gs_usb
04-15 17:01:21.597 0 0 I dlkm_loader: Loaded kernel module /vendor/lib/modules/gs_usb.ko
04-15 17:01:21.597 0 0 I dlkm_loader: Loading module /vendor/lib/modules/hci_vhci.ko with args ''
04-15 17:01:21.622 0 0 I dlkm_loader: Loaded kernel module /vendor/lib/modules/hci_vhci.ko
04-15 17:01:21.623 0 0 I dlkm_loader: Loading module /system/lib/modules/cfg80211.ko with args ''
04-15 17:01:21.661 0 0 I init : ... started service 'lmkd' has pid 131
04-15 17:01:21.661 0 0 I init : Command 'start lmkd' action=init (/system/etc/init/hw/init.rc:476) took 73ms and succeeded
04-15 17:01:21.662 0 0 I init : starting service 'servicemanager'...
04-15 17:01:21.778 0 0 I init : ... started service 'servicemanager' has pid 132
04-15 17:01:21.778 0 0 I init : Command 'start servicemanager' action=init (/system/etc/init/hw/init.rc:479) took 116ms and succeeded
04-15 17:01:21.779 0 0 I init : starting service 'hwservicemanager'...
04-15 17:01:21.850 0 0 I init : ... started service 'hwservicemanager' has pid 133
04-15 17:01:21.850 0 0 I init : Command 'start hwservicemanager' action=init (/system/etc/init/hw/init.rc:480) took 71ms and succeeded
04-15 17:01:21.850 0 0 I init : Command 'start vndservicemanager' action=init (/system/etc/init/hw/init.rc:481) took 0ms and failed: service vndservicemanager not found
04-15 17:01:21.850 0 0 I init : processing action (ro.product.cpu.abilist64=* && init) from (/system/etc/init/hw/init.rc:486)
04-15 17:01:21.852 0 0 I init : starting service 'boringssl_self_test64'...
04-15 17:01:21.941 0 0 I init : ... started service 'boringssl_self_test64' has pid 134
04-15 17:01:21.941 0 0 I init : SVC_EXEC service 'boringssl_self_test64' pid 134 (uid 9999 gid 0+0 context default) started; waiting...
04-15 17:01:21.941 0 0 I init : Command 'exec_start boringssl_self_test64' action=ro.product.cpu.abilist64=* && init (/system/etc/init/hw/init.rc:487) took 90ms and succeeded
04-15 17:01:22.333 0 0 I servicemanager: Starting sm instance on /dev/binder
04-15 17:01:22.384 0 0 I SELinux : SELinux: Loaded service context from:
04-15 17:01:22.384 0 0 I SELinux : /system/etc/selinux/plat_service_contexts
04-15 17:01:22.393 0 0 I SELinux : /vendor/etc/selinux/vendor_service_contexts
04-15 17:01:22.463 0 0 I init : Service 'boringssl_self_test64' (pid 134) exited with status 0 waiting took 0.573000 seconds
04-15 17:01:22.463 0 0 I init : Sending signal 9 to service 'boringssl_self_test64' (pid 134) process group...
04-15 17:01:22.464 0 0 I libprocessgroup: Successfully killed process cgroup uid 9999 pid 134 in 0ms
04-15 17:01:22.466 0 0 I init : processing action (ro.debuggable=1 && init) from (/system/etc/init/hw/init.rc:1315)
04-15 17:01:22.467 0 0 I init : starting service 'console'...
04-15 17:01:22.519 0 0 I init : ... started service 'console' has pid 139
04-15 17:01:22.519 0 0 I init : Command 'start console' action=ro.debuggable=1 && init (/system/etc/init/hw/init.rc:1316) took 52ms and succeeded
04-15 17:01:22.519 0 0 I init : processing action (init) from (/system/etc/init/hw/init.usb.rc:27)
04-15 17:01:22.523 0 0 I init : processing action (init) from (/vendor/etc/init/hw/init.ranchu.rc:29)
04-15 17:01:22.581 0 0 I init : starting service 'qemu-props'...
04-15 17:01:22.614 0 0 I init : ... started service 'qemu-props' has pid 140
04-15 17:01:22.614 0 0 I init : processing action (init) from (/system/etc/init/audioserver.rc:58)
04-15 17:01:22.615 0 0 I init : processing action (late-init) from (/system/etc/init/hw/init.rc:532)
04-15 17:01:22.616 0 0 I init : processing action (late-init) from (/system/etc/init/atrace.rc:3)
04-15 17:01:22.850 0 0 I init : processing action (late-init) from (/vendor/etc/init/android.hardware.atrace@1.0-service.rc:1)
04-15 17:01:22.862 0 0 I logd.auditd: start
04-15 17:01:22.871 0 0 I init : processing action (queue_property_triggers) from (:0)
04-15 17:01:22.872 0 0 I init : processing action (early-fs) from (/system/etc/init/hw/init.rc:565)
04-15 17:01:22.875 0 0 I init : starting service 'vold'...
04-15 17:01:22.906 0 0 I init : ... started service 'vold' has pid 144
04-15 17:01:22.906 0 0 I init : processing action (early-fs) from (/vendor/etc/init/hw/init.ranchu.rc:1)
04-15 17:01:22.907 0 0 I init : service 'vold' requested start, but it is already running (flags: 2052)
04-15 17:01:22.907 0 0 I init : processing action (fs) from (/vendor/etc/init/hw/init.ranchu.rc:4)
04-15 17:01:22.918 0 0 I logd : Loaded bug_map file: /vendor/etc/selinux/selinux_denial_metadata
04-15 17:01:22.919 0 0 I logd : Loaded bug_map file: /system/etc/selinux/bug_map
04-15 17:01:22.962 0 0 I init : Command 'mount_all /vendor/etc/fstab.ranchu --early' action=fs (/vendor/etc/init/hw/init.ranchu.rc:5) took 54ms and succeeded
04-15 17:01:22.962 0 0 I init : processing action (fs) from (/system/etc/init/logd.rc:29)
04-15 17:01:22.963 0 0 I init : processing action (fs) from (/system/etc/init/wifi.rc:25)
04-15 17:01:22.969 0 0 I init : processing action (post-fs) from (/system/etc/init/hw/init.rc:569)
04-15 17:01:22.971 0 0 I init : starting service 'exec 2 (/system/bin/vdc checkpoint markBootAttempt)'...
04-15 17:01:23.015 0 0 I init : ... started service 'exec 2 (/system/bin/vdc checkpoint markBootAttempt)' has pid 145
04-15 17:01:23.015 0 0 I init : SVC_EXEC service 'exec 2 (/system/bin/vdc checkpoint markBootAttempt)' pid 145 (uid 1000 gid 1000+0 context default) started; waiting...
04-15 17:01:23.282 0 0 E cutils-trace: Error opening trace file: Permission denied (13)
04-15 17:01:23.335 0 0 I cfg80211: Loading compiled-in X.509 certificates for regulatory database
04-15 17:01:23.345 0 0 I cfg80211: Loaded X.509 cert 'sforshee: 00b28ddf47aef9cea7'
04-15 17:01:23.346 0 0 W platform regulatory.0: Direct firmware load for regulatory.db failed with error -2
04-15 17:01:23.346 0 0 I cfg80211: failed to load regulatory.db
04-15 17:01:23.357 0 0 I dlkm_loader: Loaded kernel module /system/lib/modules/cfg80211.ko
04-15 17:01:23.357 0 0 I dlkm_loader: Loading module /system/lib/modules/libarc4.ko with args ''
04-15 17:01:23.383 0 0 I dlkm_loader: Loaded kernel module /system/lib/modules/libarc4.ko
04-15 17:01:23.384 0 0 I dlkm_loader: Loading module /system/lib/modules/mac80211.ko with args '' --------- beginning of system
04-15 17:01:23.394 144 144 I vold : Vold 3.0 (the awakening) firing up
04-15 17:01:23.400 144 144 D vold : Detected support for: ext4 f2fs vfat
04-15 17:01:23.515 144 144 D vold : VoldNativeService::start() completed OK
04-15 17:01:23.573 0 0 I init : Service 'exec 2 (/system/bin/vdc checkpoint markBootAttempt)' (pid 145) exited with status 0 waiting took 0.599000 seconds
04-15 17:01:23.574 0 0 I init : Sending signal 9 to service 'exec 2 (/system/bin/vdc checkpoint markBootAttempt)' (pid 145) process group...
04-15 17:01:23.574 0 0 I libprocessgroup: Successfully killed process cgroup uid 1000 pid 145 in 0ms
04-15 17:01:23.639 0 0 I init : Command 'chown system cache /cache' action=post-fs (/system/etc/init/hw/init.rc:585) took 0ms and failed: lchown() failed: Read-only file system
04-15 17:01:23.640 0 0 I init : Command 'chmod 0770 /cache' action=post-fs (/system/etc/init/hw/init.rc:586) took 0ms and failed: fchmodat() failed: Read-only file system
04-15 17:01:23.662 0 0 E selinux : SELinux: setxattr failed: /cache: Read-only file system
04-15 17:01:23.663 0 0 I init : Command 'mkdir /cache/recovery 0770 system cache' action=post-fs (/system/etc/init/hw/init.rc:592) took 0ms and failed: mkdir() failed on /cache/recovery: Read-only file system
04-15 17:01:23.664 0 0 I init : Command 'mkdir /cache/backup_stage 0700 system system' action=post-fs (/system/etc/init/hw/init.rc:595) took 0ms and failed: mkdir() failed on /cache/backup_stage: Read-only file system
04-15 17:01:23.664 0 0 I init : Command 'mkdir /cache/backup 0700 system system' action=post-fs (/system/etc/init/hw/init.rc:596) took 0ms and failed: mkdir() failed on /cache/backup: Read-only file system
04-15 17:01:23.687 0 0 I init : Command 'mkdir /cache/lost+found 0770 root root' action=post-fs (/system/etc/init/hw/init.rc:620) took 0ms and failed: mkdir() failed on /cache/lost+found: Read-only file system
04-15 17:01:23.754 0 0 I init : processing action (post-fs) from (/system/etc/init/atrace_userdebug.rc:7)
04-15 17:01:23.756 0 0 I init : processing action (post-fs) from (/system/etc/init/gsid.rc:8)
04-15 17:01:23.765 0 0 I init : processing action (post-fs) from (/system/etc/init/recovery-refresh.rc:1)
04-15 17:01:23.766 0 0 I init : starting service 'exec 3 (/system/bin/recovery-refresh)'...
04-15 17:01:23.814 0 0 I init : ... started service 'exec 3 (/system/bin/recovery-refresh)' has pid 153
04-15 17:01:23.814 0 0 I init : processing action (late-fs) from (/system/etc/init/hw/init.rc:643)
04-15 17:01:23.818 0 0 I init : starting service 'system_suspend'...
04-15 17:01:23.847 0 0 I init : ... started service 'system_suspend' has pid 154
04-15 17:01:23.848 0 0 I init : starting service 'keystore2'...
04-15 17:01:23.913 0 0 I init : ... started service 'keystore2' has pid 155
04-15 17:01:23.915 0 0 I init : starting service 'vendor.atrace-hal-1-0'...
04-15 17:01:24.007 0 0 I init : ... started service 'vendor.atrace-hal-1-0' has pid 156
04-15 17:01:24.008 0 0 I init : starting service 'vendor.keymint-default'...
04-15 17:01:24.100 0 0 I init : ... started service 'vendor.keymint-default' has pid 157
04-15 17:01:24.100 0 0 I init : Command 'class_start early_hal' action=late-fs (/system/etc/init/hw/init.rc:650) took 284ms and succeeded
04-15 17:01:24.102 0 0 I init : starting service 'exec 4 (/system/bin/fsverity_init --load-verified-keys)'...
04-15 17:01:24.190 0 0 I init : ... started service 'exec 4 (/system/bin/fsverity_init --load-verified-keys)' has pid 158
04-15 17:01:24.190 0 0 I init : SVC_EXEC service 'exec 4 (/system/bin/fsverity_init --load-verified-keys)' pid 158 (uid 0 gid 0+0 context default) started; waiting...
04-15 17:01:24.191 0 0 I init : Command 'exec -- /system/bin/fsverity_init --load-verified-keys' action=late-fs (/system/etc/init/hw/init.rc:653) took 90ms and succeeded
04-15 17:01:24.191 0 0 I init : Service 'exec 3 (/system/bin/recovery-refresh)' (pid 153) exited with status 254 oneshot service took 0.408000 seconds in background
04-15 17:01:24.191 0 0 I init : Sending signal 9 to service 'exec 3 (/system/bin/recovery-refresh)' (pid 153) process group...
04-15 17:01:24.192 0 0 I libprocessgroup: Successfully killed process cgroup uid 1000 pid 153 in 0ms
04-15 17:01:24.518 158 158 I fsverity_init: LoadKeyFromFile path=/system/etc/security/fsverity/fsverity-release.x509.der keyname=fsv_system_0
04-15 17:01:24.555 0 0 I init : Service 'exec 4 (/system/bin/fsverity_init --load-verified-keys)' (pid 158) exited with status 0 waiting took 0.450000 seconds
04-15 17:01:24.555 0 0 I init : Sending signal 9 to service 'exec 4 (/system/bin/fsverity_init --load-verified-keys)' (pid 158) process group...
04-15 17:01:24.556 0 0 I libprocessgroup: Successfully killed process cgroup uid 0 pid 158 in 0ms
04-15 17:01:24.556 0 0 I init : processing action (late-fs) from (/system/etc/init/hw/init.rc:664)
04-15 17:01:24.558 0 0 I init : processing action (late-fs) from (/vendor/etc/init/hw/init.ranchu.rc:7)
04-15 17:01:24.566 0 0 I init : [libfs_mgr] superblock s_max_mnt_count:65535,/dev/block/vdc
04-15 17:01:24.566 0 0 I init : [libfs_mgr] Enabling quotas on /dev/block/vdc
04-15 17:01:24.578 0 0 I servicemanager: getDeviceHalManifest: Reading VINTF information.
04-15 17:01:24.785 156 156 I HidlServiceManagement: Registered android.hardware.atrace@1.0::IAtraceDevice/default
04-15 17:01:24.799 0 0 I servicemanager: getDeviceHalManifest: Successfully processed VINTF information
04-15 17:01:24.799 0 0 I servicemanager: getFrameworkHalManifest: Reading VINTF information.
04-15 17:01:24.806 156 156 I HidlServiceManagement: Removing namespace from process name android.hardware.atrace@1.0-service to atrace@1.0-service.
04-15 17:01:24.865 0 0 I servicemanager: getFrameworkHalManifest: Successfully processed VINTF information
04-15 17:01:24.866 0 0 I servicemanager: Found android.system.suspend.ISystemSuspend/default in framework VINTF manifest.
04-15 17:01:24.861 133 133 I hwservicemanager: getTransport: Cannot find entry android.system.suspend@1.0::ISystemSuspend/default in either framework or device VINTF manifest.
04-15 17:01:24.864 154 154 E HidlServiceManagement: Service android.system.suspend@1.0::ISystemSuspend/default must be in VINTF manifest in order to register/get.
04-15 17:01:24.866 154 154 I android.system.suspend-service: system-suspend HIDL hal not supported, use the AIDL suspend hal for requesting wakelocks
04-15 17:01:25.020 0 0 I tune2fs : tune2fs 1.46.6 (1-Feb-2023)
04-15 17:01:25.145 0 0 W EXT4-fs : Ignoring removed nomblk_io_submit option
04-15 17:01:25.187 0 0 I EXT4-fs (vdc): mounted filesystem with ordered data mode. Quota mode: journalled.
04-15 17:01:25.191 0 0 I init : [libfs_mgr] check_fs(): mount(/dev/block/vdc,/data,ext4)=0: Success
04-15 17:01:25.203 0 0 I EXT4-fs (vdc): unmounting filesystem.
04-15 17:01:25.205 155 155 I keystore2: system/security/keystore2/src/keystore2_main.rs:61 - Keystore2 is starting.
04-15 17:01:25.206 155 155 I keystore2: system/security/keystore2/src/keystore2_main.rs:67 - Setting up sqlite logging for keystore2
04-15 17:01:25.209 157 157 I keymaster: patchlevel string does not match expected format. Using patchlevel 0
04-15 17:01:25.232 155 155 W keystore2: system/security/keystore2/src/metrics_store.rs:577 - In update_keystore_crash_sysprop: Failed to read the existing system property due to: system/security/keystore2/src/metrics_store.rs:608: Property not set..Therefore, keystore crashes will not be logged.
04-15 17:01:25.237 157 157 I android.hardware.security.keymint-service: adding keymint service instance: android.hardware.security.keymint.IKeyMintDevice/default
04-15 17:01:25.253 0 0 I init : [libfs_mgr] umount_retry(): unmount(/data) succeeded
04-15 17:01:25.254 0 0 I init : [libfs_mgr] Running /system/bin/e2fsck on /dev/block/vdc
04-15 17:01:25.263 0 0 I servicemanager: Found android.hardware.security.keymint.IKeyMintDevice/default in device VINTF manifest.
04-15 17:01:25.258 157 157 I android.hardware.security.keymint-service: adding keymint service instance: android.hardware.security.secureclock.ISecureClock/default
04-15 17:01:25.261 157 157 I android.hardware.security.keymint-service: adding keymint service instance: android.hardware.security.sharedsecret.ISharedSecret/default
04-15 17:01:25.262 157 157 I android.hardware.security.keymint-service: adding keymint service instance: android.hardware.security.keymint.IRemotelyProvisionedComponent/default
04-15 17:01:25.269 0 0 I servicemanager: Found android.hardware.security.secureclock.ISecureClock/default in device VINTF manifest.
04-15 17:01:25.270 0 0 I servicemanager: Found android.hardware.security.sharedsecret.ISharedSecret/default in device VINTF manifest.
04-15 17:01:25.272 0 0 I servicemanager: Found android.hardware.security.keymint.IRemotelyProvisionedComponent/default in device VINTF manifest.
04-15 17:01:25.267 155 155 I keystore2: system/security/keystore2/src/keystore2_main.rs:97 - Starting thread pool now.
04-15 17:01:25.301 155 166 I keystore2: getDeviceHalManifest: Reading VINTF information.
04-15 17:01:25.311 155 155 I keystore2: system/security/keystore2/src/globals.rs:256 - KeyMint device is current version (Some(300)) for security level: r#TRUSTED_ENVIRONMENT
04-15 17:01:25.334 133 133 I hwservicemanager: getTransport: Cannot find entry android.hardware.keymaster@4.0::IKeymasterDevice/default in either framework or device VINTF manifest.
04-15 17:01:25.341 133 133 I hwservicemanager: getTransport: Cannot find entry android.hardware.keymaster@3.0::IKeymasterDevice/default in either framework or device VINTF manifest.
04-15 17:01:25.352 0 0 I servicemanager: Found android.system.keystore2.IKeystoreService/default in framework VINTF manifest.
04-15 17:01:25.364 155 155 I keystore2: system/security/keystore2/src/keystore2_main.rs:152 - Successfully registered Keystore 2.0 service.
04-15 17:01:25.364 155 155 I keystore2: system/security/keystore2/src/keystore2_main.rs:154 - Joining thread pool now.
04-15 17:01:25.406 155 166 I keystore2: getDeviceHalManifest: Successfully processed VINTF information
04-15 17:01:25.422 155 166 I keystore2: system/security/keystore2/src/shared_secret_negotiation.rs:47 - Shared secret negotiation concluded successfully.
04-15 17:01:25.430 133 133 I hwservicemanager: getTransport: Cannot find entry android.hardware.keymaster@4.0::IKeymasterDevice/default in either framework or device VINTF manifest.
04-15 17:01:25.432 133 133 I hwservicemanager: getTransport: Cannot find entry android.hardware.keymaster@3.0::IKeymasterDevice/default in either framework or device VINTF manifest.
04-15 17:01:25.433 155 166 I keystore2: system/security/keystore2/src/shared_secret_negotiation.rs:294 - No StrongBox Keymint available, so no RoT transfer
04-15 17:01:25.472 0 0 I e2fsck : e2fsck 1.46.6 (1-Feb-2023)
04-15 17:01:25.497 0 0 I e2fsck : Pass 1: Checking inodes, blocks, and sizes
04-15 17:01:25.523 0 0 I e2fsck : Pass 2: Checking directory structure
04-15 17:01:25.527 0 0 I e2fsck : Pass 3: Checking directory connectivity
04-15 17:01:25.537 0 0 I e2fsck : Pass 4: Checking reference counts
04-15 17:01:25.553 0 0 I e2fsck : Pass 5: Checking group summary information
04-15 17:01:25.566 0 0 I e2fsck : /dev/block/vdc: 39/393216 files (0.0% non-contiguous), 52372/1572864 blocks
04-15 17:01:25.574 0 0 I init : [libfs_mgr] superblock s_max_mnt_count:65535,/dev/block/vdc
04-15 17:01:25.574 0 0 W init : [libfs_mgr] Reserved blocks 32768 is too large; capping to 31457
04-15 17:01:25.574 0 0 I init : [libfs_mgr] Setting reserved block count on /dev/block/vdc to 31457
04-15 17:01:25.657 0 0 I dlkm_loader: Loaded kernel module /system/lib/modules/mac80211.ko
04-15 17:01:25.657 0 0 I dlkm_loader: Loading module /vendor/lib/modules/mac80211_hwsim.ko with args 'radios=0
04-15 17:01:25.657 0 0 I dlkm_loader: '
04-15 17:01:25.660 0 0 I tune2fs : tune2fs 1.46.6 (1-Feb-2023)
04-15 17:01:25.666 0 0 I tune2fs : Setting reserved blocks gid to 1065
04-15 17:01:25.666 0 0 I tune2fs : Setting reserved blocks count to 31457
04-15 17:01:25.668 0 0 I mac80211_hwsim: initializing netlink
04-15 17:01:25.677 0 0 I dlkm_loader: Loaded kernel module /vendor/lib/modules/mac80211_hwsim.ko
04-15 17:01:25.677 0 0 I dlkm_loader: Loading module /vendor/lib/modules/mt76.ko with args ''
04-15 17:01:25.694 0 0 I init : [libfs_mgr] Enabling ext4 flags encrypt on /dev/block/vdc
04-15 17:01:25.700 0 0 I dlkm_loader: Loaded kernel module /vendor/lib/modules/mt76.ko
04-15 17:01:25.700 0 0 I dlkm_loader: Loading module /vendor/lib/modules/mt76-usb.ko with args ''
04-15 17:01:25.772 0 0 I tune2fs : tune2fs 1.46.6 (1-Feb-2023)
04-15 17:01:25.780 0 0 I dlkm_loader: Loaded kernel module /vendor/lib/modules/mt76-usb.ko
04-15 17:01:25.782 0 0 I dlkm_loader: Loading module /vendor/lib/modules/mt76x02-lib.ko with args ''
04-15 17:01:25.790 0 0 I init : [libfs_mgr] Enabling ext4 verity on /dev/block/vdc
04-15 17:01:25.795 0 0 I dlkm_loader: Loaded kernel module /vendor/lib/modules/mt76x02-lib.ko
04-15 17:01:25.796 0 0 I dlkm_loader: Loading module /vendor/lib/modules/mt76x0-common.ko with args ''
04-15 17:01:25.821 0 0 I dlkm_loader: Loaded kernel module /vendor/lib/modules/mt76x0-common.ko
04-15 17:01:25.821 0 0 I dlkm_loader: Loading module /vendor/lib/modules/mt76x02-usb.ko with args ''
04-15 17:01:25.841 0 0 I dlkm_loader: Loaded kernel module /vendor/lib/modules/mt76x02-usb.ko
04-15 17:01:25.841 0 0 I dlkm_loader: Loading module /vendor/lib/modules/mt76x0u.ko with args ''
04-15 17:01:25.865 0 0 I usbcore : registered new interface driver mt76x0u
04-15 17:01:25.869 0 0 I dlkm_loader: Loaded kernel module /vendor/lib/modules/mt76x0u.ko
04-15 17:01:25.869 0 0 I dlkm_loader: Loading module /vendor/lib/modules/mt76x2-common.ko with args ''
04-15 17:01:25.885 0 0 I tune2fs : tune2fs 1.46.6 (1-Feb-2023)
04-15 17:01:25.889 0 0 I dlkm_loader: Loaded kernel module /vendor/lib/modules/mt76x2-common.ko
04-15 17:01:25.889 0 0 I dlkm_loader: Loading module /vendor/lib/modules/mt76x2u.ko with args ''
04-15 17:01:25.895 0 0 I usbcore : registered new interface driver mt76x2u
04-15 17:01:25.897 0 0 I dlkm_loader: Loaded kernel module /vendor/lib/modules/mt76x2u.ko
04-15 17:01:25.897 0 0 I dlkm_loader: Loading module /vendor/lib/modules/nd_virtio.ko with args ''
04-15 17:01:25.903 0 0 I dlkm_loader: Loaded kernel module /vendor/lib/modules/nd_virtio.ko
