04-15 17:02:33.983 536 564 W SystemConfig: at com.android.server.SystemServer$$ExternalSyntheticLambda2.run(R8$$SyntheticClass:0)
04-15 17:02:33.983 536 564 W SystemConfig: at com.android.server.SystemServerInitThreadPool.lambda$submitTask$0(SystemServerInitThreadPool.java:107)
04-15 17:02:33.983 536 564 W SystemConfig: at com.android.server.SystemServerInitThreadPool.$r8$lambda$iar571g8isa6ZrPZMHj1USmyX48(SystemServerInitThreadPool.java:0)
04-15 17:02:33.983 536 564 W SystemConfig: at com.android.server.SystemServerInitThreadPool$$ExternalSyntheticLambda1.run(R8$$SyntheticClass:0)
04-15 17:02:33.983 536 564 W SystemConfig: at java.util.concurrent.Executors$RunnableAdapter.call(Executors.java:487)
04-15 17:02:33.983 536 564 W SystemConfig: at java.util.concurrent.FutureTask.run(FutureTask.java:264)
04-15 17:02:33.983 536 564 W SystemConfig: at java.util.concurrent.ThreadPoolExecutor.runWorker(ThreadPoolExecutor.java:1145)
04-15 17:02:33.983 536 564 W SystemConfig: at java.util.concurrent.ThreadPoolExecutor$Worker.run(ThreadPoolExecutor.java:644)
04-15 17:02:33.983 536 564 W SystemConfig: at com.android.internal.util.ConcurrentUtils$1$1.run(ConcurrentUtils.java:65)
04-15 17:02:33.983 536 564 W SystemConfig: Caused by: android.system.ErrnoException: open failed: ENOENT (No such file or directory)
04-15 17:02:33.983 536 564 W SystemConfig: at libcore.io.Linux.open(Native Method)
04-15 17:02:33.983 536 564 W SystemConfig: at libcore.io.ForwardingOs.open(ForwardingOs.java:563)
04-15 17:02:33.983 536 564 W SystemConfig: at libcore.io.BlockGuardOs.open(BlockGuardOs.java:274)
04-15 17:02:33.983 536 564 W SystemConfig: at libcore.io.IoBridge.open(IoBridge.java:560)
04-15 17:02:33.983 536 564 W SystemConfig: ... 15 more
04-15 17:02:33.987 536 564 V SystemConfig: readAllPermissions took to complete: 724ms
04-15 17:02:33.987 536 564 D SystemServerInitThreadPool: Finished executing ReadingSystemConfig
04-15 17:02:33.987 536 564 V SystemServerTimingAsync: InitThreadPoolExec:ReadingSystemConfig took to complete: 729ms
04-15 17:02:34.057 536 536 D BatteryStatsImpl: Reading daily items from /data/system/batterystats-daily.xml
04-15 17:02:34.070 133 133 I hwservicemanager: getTransport: Cannot find entry android.hardware.power.stats@1.0::IPowerStats/default in either framework or device VINTF manifest.
04-15 17:02:34.072 536 574 E BatteryStatsService: Unable to load Power.Stats.HAL. Setting rail availability to false
04-15 17:02:34.075 536 574 D CompatibilityChangeReporter: Compat change id reported: 263076149; UID 1000; state: ENABLED
04-15 17:02:34.101 536 574 E BluetoothAdapter: Bluetooth service is null
04-15 17:02:34.117 536 574 I KernelCpuUidFreqTimeReader: mPerClusterTimesAvailable=false
04-15 17:02:34.499 536 574 W KernelMemoryBandwidthStats: No kernel memory bandwidth stats available
04-15 17:02:34.566 536 536 I AppOps : No existing app ops /data/system/appops.xml; starting empty
04-15 17:02:34.572 536 536 I LegacyAppOpsServiceInterfaceImpl: No existing app ops /data/system/appops.xml; starting empty
04-15 17:02:34.618 536 536 I IntentFirewall: Read new rules (A:0 B:0 S:0)
04-15 17:02:34.650 536 536 D OomAdjuster: Not killing cached processes
04-15 17:02:34.693 536 536 D AppOps : AppOpsService published
04-15 17:02:34.724 536 552 W android.permission.PermissionManager: Missing ActivityManager; assuming 1047 does not hold android.permission.MANAGE_APP_OPS_MODES
04-15 17:02:34.729 536 536 V SystemServerTiming: StartActivityManager took to complete: 852ms
04-15 17:02:34.729 536 536 D SystemServerTiming: StartDataLoaderManagerService
04-15 17:02:34.729 536 536 I SystemServiceManager: Starting com.android.server.pm.DataLoaderManagerService
04-15 17:02:34.738 536 580 I CriticalEventLog: No log found, returning empty log proto.
04-15 17:02:34.747 536 536 V SystemServerTiming: StartDataLoaderManagerService took to complete: 18ms
04-15 17:02:34.747 536 536 D SystemServerTiming: StartIncrementalService
04-15 17:02:34.789 536 536 I incfs-mounts: [incfs] Loaded incremental-fs mount info: 0 instances, 0 mount points
04-15 17:02:34.794 536 536 V SystemServerTiming: StartIncrementalService took to complete: 47ms
04-15 17:02:34.794 536 536 D SystemServerTiming: StartPowerManager
04-15 17:02:34.795 536 536 I SystemServiceManager: Starting com.android.server.power.PowerManagerService
04-15 17:02:34.866 0 0 I servicemanager: Found android.hardware.power.IPower/default in device VINTF manifest.
04-15 17:02:34.878 363 363 I android.hardware.power-service.example: Power isModeSupported: 7
04-15 17:02:34.883 363 363 I android.hardware.power-service.example: Power isModeSupported: 0
04-15 17:02:34.891 536 536 V SystemServerTiming: StartPowerManager took to complete: 97ms
04-15 17:02:34.900 536 536 D SystemServerTiming: StartThermalManager
04-15 17:02:34.900 536 536 I SystemServiceManager: Starting com.android.server.power.ThermalManagerService
04-15 17:02:34.902 536 536 V SystemServerTiming: StartThermalManager took to complete: 2ms
04-15 17:02:34.902 536 536 D SystemServerTiming: StartHintManager
04-15 17:02:34.902 536 536 I SystemServiceManager: Starting com.android.server.power.hint.HintManagerService
04-15 17:02:34.907 536 536 V SystemServerTiming: StartHintManager took to complete: 4ms
04-15 17:02:34.907 536 536 D SystemServerTiming: InitPowerManagement
04-15 17:02:34.914 536 536 V SystemServerTiming: InitPowerManagement took to complete: 7ms
04-15 17:02:34.914 536 536 D SystemServerTiming: StartRecoverySystemService
04-15 17:02:34.914 536 536 I SystemServiceManager: Starting com.android.server.recoverysystem.RecoverySystemService$Lifecycle
04-15 17:02:34.919 536 536 V SystemServerTiming: StartRecoverySystemService took to complete: 6ms
04-15 17:02:34.921 536 536 I PackageWatchdog: Syncing state, reason: added new observer
04-15 17:02:34.921 536 536 I PackageWatchdog: Not pruning observers, elapsed time: 0ms
04-15 17:02:34.922 536 536 I PackageWatchdog: Cancelling state sync, nothing to sync
04-15 17:02:34.923 536 566 I PackageWatchdog: Saving observer state to file
04-15 17:02:34.937 536 536 D SystemServerTiming: StartLightsService
04-15 17:02:34.937 536 536 I SystemServiceManager: Starting com.android.server.lights.LightsService
04-15 17:02:34.948 0 0 I servicemanager: Found android.hardware.light.ILights/default in device VINTF manifest.
04-15 17:02:34.953 361 361 I android.hardware.lights-service.example: Lights reporting supported lights
04-15 17:02:34.975 536 536 V SystemServerTiming: StartLightsService took to complete: 37ms
04-15 17:02:34.979 536 536 D SystemServerTiming: StartDisplayOffloadService
04-15 17:02:34.984 536 536 V SystemServerTiming: StartDisplayOffloadService took to complete: 0ms
04-15 17:02:34.984 536 536 D SystemServerTiming: StartSidekickService
04-15 17:02:34.985 536 536 V SystemServerTiming: StartSidekickService took to complete: 0ms
04-15 17:02:34.985 536 536 D SystemServerTiming: StartDisplayManager
04-15 17:02:34.986 536 536 I SystemServiceManager: Starting com.android.server.display.DisplayManagerService
04-15 17:02:35.060 536 536 V SystemServerTiming: StartDisplayManager took to complete: 74ms
04-15 17:02:35.061 536 536 D SystemServerTiming: WaitForDisplay
04-15 17:02:35.069 536 536 I SystemServiceManager: Starting phase 100
04-15 17:02:35.070 536 536 D SystemServerTiming: OnBootPhase_100
04-15 17:02:35.079 536 560 W LocalDisplayAdapter: DisplayModeSpecs base mode no longer available, using currently active mode.
04-15 17:02:35.084 536 536 D SystemServerTiming: OnBootPhase_100_com.android.server.security.FileIntegrityService
04-15 17:02:35.085 536 536 V SystemServerTiming: OnBootPhase_100_com.android.server.security.FileIntegrityService took to complete: 0ms
04-15 17:02:35.085 536 536 D SystemServerTiming: OnBootPhase_100_com.android.server.pm.Installer
04-15 17:02:35.100 536 536 V SystemServerTiming: OnBootPhase_100_com.android.server.pm.Installer took to complete: 0ms
04-15 17:02:35.101 536 536 D SystemServerTiming: OnBootPhase_100_com.android.server.os.DeviceIdentifiersPolicyService
04-15 17:02:35.102 536 536 V SystemServerTiming: OnBootPhase_100_com.android.server.os.DeviceIdentifiersPolicyService took to complete: 0ms
04-15 17:02:35.102 536 536 D SystemServerTiming: OnBootPhase_100_com.android.server.uri.UriGrantsManagerService$Lifecycle
04-15 17:02:35.103 536 536 V SystemServerTiming: OnBootPhase_100_com.android.server.uri.UriGrantsManagerService$Lifecycle took to complete: 0ms
04-15 17:02:35.103 536 536 D SystemServerTiming: OnBootPhase_100_com.android.server.powerstats.PowerStatsService
04-15 17:02:35.104 536 536 V SystemServerTiming: OnBootPhase_100_com.android.server.powerstats.PowerStatsService took to complete: 0ms
04-15 17:02:35.104 536 536 D SystemServerTiming: OnBootPhase_100_com.android.server.permission.access.AccessCheckingService
04-15 17:02:35.105 536 536 V SystemServerTiming: OnBootPhase_100_com.android.server.permission.access.AccessCheckingService took to complete: 0ms
04-15 17:02:35.108 536 536 D SystemServerTiming: OnBootPhase_100_com.android.server.wm.ActivityTaskManagerService$Lifecycle
04-15 17:02:35.109 536 536 V SystemServerTiming: OnBootPhase_100_com.android.server.wm.ActivityTaskManagerService$Lifecycle took to complete: 0ms
04-15 17:02:35.109 536 536 D SystemServerTiming: OnBootPhase_100_com.android.server.am.ActivityManagerService$Lifecycle
04-15 17:02:35.109 536 536 V SystemServerTiming: OnBootPhase_100_com.android.server.am.ActivityManagerService$Lifecycle took to complete: 0ms
04-15 17:02:35.109 536 536 D SystemServerTiming: OnBootPhase_100_com.android.server.pm.DataLoaderManagerService
04-15 17:02:35.109 536 536 V SystemServerTiming: OnBootPhase_100_com.android.server.pm.DataLoaderManagerService took to complete: 0ms
04-15 17:02:35.109 536 536 D SystemServerTiming: OnBootPhase_100_com.android.server.power.PowerManagerService
04-15 17:02:35.109 536 536 V SystemServerTiming: OnBootPhase_100_com.android.server.power.PowerManagerService took to complete: 0ms
04-15 17:02:35.109 536 536 D SystemServerTiming: OnBootPhase_100_com.android.server.power.ThermalManagerService
04-15 17:02:35.109 536 536 V SystemServerTiming: OnBootPhase_100_com.android.server.power.ThermalManagerService took to complete: 0ms
04-15 17:02:35.109 536 536 D SystemServerTiming: OnBootPhase_100_com.android.server.power.hint.HintManagerService
04-15 17:02:35.109 536 536 V SystemServerTiming: OnBootPhase_100_com.android.server.power.hint.HintManagerService took to complete: 0ms
04-15 17:02:35.110 536 536 D SystemServerTiming: OnBootPhase_100_com.android.server.recoverysystem.RecoverySystemService$Lifecycle
04-15 17:02:35.110 536 536 V SystemServerTiming: OnBootPhase_100_com.android.server.recoverysystem.RecoverySystemService$Lifecycle took to complete: 0ms
04-15 17:02:35.110 536 536 D SystemServerTiming: OnBootPhase_100_com.android.server.lights.LightsService
04-15 17:02:35.110 536 536 V SystemServerTiming: OnBootPhase_100_com.android.server.lights.LightsService took to complete: 0ms
04-15 17:02:35.110 536 536 D SystemServerTiming: OnBootPhase_100_com.android.server.display.DisplayManagerService
04-15 17:02:35.171 536 560 I DisplayDeviceRepository: Display device added: DisplayDeviceInfo{"Built-in Screen": uniqueId="local:4619827259835644672", 1080 x 2400, modeId 1, renderFrameRate 60.000004, defaultModeId 1, supportedModes [{id=1, width=1080, height=2400, fps=60.000004, alternativeRefreshRates=[], supportedHdrTypes=[]}], colorMode 0, supportedColorModes [0], hdrCapabilities HdrCapabilities{mSupportedHdrTypes=[], mMaxLuminance=500.0, mMaxAverageLuminance=500.0, mMinLuminance=0.0}, allmSupported false, gameContentTypeSupported false, density 420, 420.0 x 420.0 dpi, appVsyncOff 1000000, presDeadline 16666666, touch INTERNAL, rotation 0, type INTERNAL, address {port=0, model=0x401cec6a7a2b7b}, deviceProductInfo DeviceProductInfo{name=EMU_display_0, manufacturerPnpId=GGL, productId=1, modelYear=null, manufactureDate=ManufactureDate{week=27, year=2006}, connectionToSinkType=0}, state UNKNOWN, committedState UNKNOWN, frameRateOverride , brightnessMinimum 0.0, brightnessMaximum 1.0, brightnessDefault 0.39763778, hdrSdrRatio NaN, FLAG_ALLOWED_TO_BE_DEFAULT_DISPLAY, FLAG_ROTATES_WITH_CONTENT, FLAG_SECURE, FLAG_SUPPORTS_PROTECTED_BUFFERS, FLAG_TRUSTED, installOrientation 0, displayShape DisplayShape{ spec=-1893857183 displayWidth=1080 displayHeight=2400 physicalPixelDisplaySizeRatio=1.0 rotation=0 offsetX=0 offsetY=0 scale=1.0}}
04-15 17:02:35.183 536 560 I LogicalDisplayMapper: Applying layout: [{dispId: 0(ON), displayGroupName: , addr: {port=0, model=0x401cec6a7a2b7b}, mThermalBrightnessThrottlingMapId: null, mRefreshRateZoneId: null, mLeadDisplayId: -1, mThermalRefreshRateThrottlingMapId: null}], Previous layout: null
04-15 17:02:35.199 536 560 I LogicalDisplayMapper: Setting new display group 0 for display 0, from previous group: null
04-15 17:02:35.206 536 560 I LogicalDisplayMapper: Adding new display: 0: DisplayInfo{"Built-in Screen", displayId 0, displayGroupId 0, FLAG_SECURE, FLAG_SUPPORTS_PROTECTED_BUFFERS, FLAG_TRUSTED, real 1080 x 2400, largest app 1080 x 2400, smallest app 1080 x 2400, appVsyncOff 1000000, presDeadline 16666666, mode 160.000004, defaultMode 1, modes [{id=1, width=1080, height=2400, fps=60.000004, alternativeRefreshRates=[], supportedHdrTypes=[]}], hdrCapabilities HdrCapabilities{mSupportedHdrTypes=[], mMaxLuminance=500.0, mMaxAverageLuminance=500.0, mMinLuminance=0.0}, userDisabledHdrTypes [], minimalPostProcessingSupported false, rotation 0, state UNKNOWN, committedState UNKNOWN, type INTERNAL, uniqueId "local:4619827259835644672", app 1080 x 2400, density 420 (420.0 x 420.0) dpi, layerStack 0, colorMode 0, supportedColorModes [0], address {port=0, model=0x401cec6a7a2b7b}, deviceProductInfo DeviceProductInfo{name=EMU_display_0, manufacturerPnpId=GGL, productId=1, modelYear=null, manufactureDate=ManufactureDate{week=27, year=2006}, connectionToSinkType=0}, removeMode 0, refreshRateOverride 0.0, brightnessMinimum 0.0, brightnessMaximum 1.0, brightnessDefault 0.39763778, installOrientation ROTATION_0, layoutLimitedRefreshRate null, hdrSdrRatio not_available, thermalRefreshRateThrottling {}, thermalBrightnessThrottlingDataId default}
04-15 17:02:35.210 536 560 W android.permission.PermissionManager: Missing ActivityManager; assuming 1000 holds android.permission.READ_DEVICE_CONFIG
04-15 17:02:35.240 536 536 W SystemServiceManager: Service com.android.server.display.DisplayManagerService took 130 ms in onBootPhase
04-15 17:02:35.240 536 536 V SystemServerTiming: OnBootPhase_100_com.android.server.display.DisplayManagerService took to complete: 131ms
04-15 17:02:35.240 536 536 V SystemServerTiming: OnBootPhase_100 took to complete: 157ms
04-15 17:02:35.241 536 536 V SystemServerTiming: WaitForDisplay took to complete: 172ms
04-15 17:02:35.241 536 536 D SystemServerTiming: StartDomainVerificationService
04-15 17:02:35.251 536 560 W StrictMode: No activity manager; failed to Dropbox violation.
04-15 17:02:35.254 536 560 W StrictMode: No activity manager; failed to Dropbox violation.
04-15 17:02:35.255 536 560 W StrictMode: No activity manager; failed to Dropbox violation.
04-15 17:02:35.257 536 536 V SystemServerTiming: StartDomainVerificationService took to complete: 16ms
04-15 17:02:35.258 536 536 D SystemServerTiming: StartPackageManagerService
04-15 17:02:35.258 536 536 I Watchdog: Pausing HandlerChecker: main thread for reason: packagemanagermain. Pause count: 1
04-15 17:02:35.261 536 536 W system_server: 'extract' is an obsolete compiler filter name that will be removed in future releases, please use 'verify' instead.
04-15 17:02:35.261 536 536 W system_server: 'extract' is an obsolete compiler filter name that will be removed in future releases, please use 'verify' instead.
04-15 17:02:35.263 536 560 W StrictMode: No activity manager; failed to Dropbox violation.
04-15 17:02:35.265 536 560 W StrictMode: No activity manager; failed to Dropbox violation.
04-15 17:02:35.266 536 560 W StrictMode: No activity manager; failed to Dropbox violation.
04-15 17:02:35.267 536 560 W StrictMode: No activity manager; failed to Dropbox violation.
04-15 17:02:35.272 536 536 D PackageManagerTiming: create package manager
04-15 17:02:35.289 536 536 D PackageManagerTiming: createSubComponents
04-15 17:02:35.309 536 536 E UserManagerService: No user list file
04-15 17:02:35.310 536 536 E UserManagerService: userlist.xml not found, fallback to single user
04-15 17:02:35.368 536 536 W FileUtils: Failed to chmod(/data/system/packages.list): android.system.ErrnoException: chmod failed: ENOENT (No such file or directory)
04-15 17:02:35.382 536 536 V PackageManagerTiming: createSubComponents took to complete: 93ms
04-15 17:02:35.383 536 536 D PackageManagerTiming: addSharedUsers
04-15 17:02:35.386 536 536 V PackageManagerTiming: addSharedUsers took to complete: 2ms
04-15 17:02:35.393 536 536 D PackageManagerTiming: get system config
04-15 17:02:35.393 536 536 V PackageManagerTiming: get system config took to complete: 0ms
04-15 17:02:35.408 536 536 D SELinuxMMAC: Using policy file /system/etc/selinux/plat_mac_permissions.xml
04-15 17:02:35.417 536 536 D SELinuxMMAC: Using policy file /vendor/etc/selinux/vendor_mac_permissions.xml
04-15 17:02:35.419 536 536 D PackageManagerTiming: loadFallbacks
04-15 17:02:35.423 536 536 D FallbackCategoryProvider: Found 1 fallback categories
04-15 17:02:35.424 536 536 V PackageManagerTiming: loadFallbacks took to complete: 4ms
04-15 17:02:35.425 536 536 D PackageManagerTiming: read user settings
04-15 17:02:35.427 536 536 I PackageManager: No package manager settings file
04-15 17:02:35.433 536 536 V PackageManagerTiming: read user settings took to complete: 8ms
04-15 17:02:35.433 536 536 D PackageManagerTiming: setFirstBoot:
04-15 17:02:35.438 536 536 V PackageManagerTiming: setFirstBoot: took to complete: 5ms
04-15 17:02:35.451 536 536 D PackageManager: Directories scanned as system partitions: [/system:0, /vendor:524288, /odm:4194304, /oem:262144, /product:1048576, /system_ext:2097152, /apex/com.android.devicelock:41943040, /apex/com.android.vndk.v34:41943040, /apex/com.android.ondevicepersonalization:58720256, /apex/com.android.scheduling:58720256, /apex/com.android.healthfitness:41943040, /apex/com.android.extservices:58720256, /apex/com.android.btservices:41943040, /apex/com.android.apex.cts.shim:41943040, /apex/com.android.tethering:58720256, /apex/com.android.tzdata:41943040, /apex/com.android.wifi:58720256, /apex/com.android.appsearch:58720256, /apex/com.android.ipsec:58720256, /apex/com.android.media.swcodec:58720256, /apex/com.android.adbd:58720256, /apex/com.android.runtime:41943040, /apex/com.android.sdkext:41943040, /apex/com.android.neuralnetworks:58720256, /apex/com.android.uwb:58720256, /apex/com.android.art:58720256, /apex/com.android.media:58720256, /apex/com.android.permission:58720256, /apex/com.android.adservices:58720256, /apex/com.android.mediaprovider:58720256, /apex/com.android.virt:41943040, /apex/com.android.conscrypt:58720256, /apex/com.android.cellbroadcast:58720256, /apex/com.android.configinfrastructure:58720256, /apex/com.android.os.statsd:41943040, /apex/com.android.resolv:58720256, /apex/com.android.i18n:41943040, /apex/com.android.rkpd:41943040]
04-15 17:02:35.470 0 0 I apexd : getAllPackages received by ApexService
04-15 17:02:35.931 536 536 I PackageManager: /data/apex/decompressed/com.android.adbd@342090000.decompressed.apex changed; collecting certs
04-15 17:02:36.061 536 536 I PackageBackwardCompatibility: Loaded android.content.pm.AndroidTestBaseUpdater
04-15 17:02:36.090 536 536 D CompatibilityChangeReporter: Compat change id reported: 143539591; UID -1; state: DISABLED
04-15 17:02:36.091 536 536 D CompatibilityChangeReporter: Compat change id reported: 168782947; UID -1; state: ENABLED
04-15 17:02:36.109 536 536 W PackageManager: Odd, /data/apex/decompressed/com.android.adbd@342090000.decompressed.apex doesn't look like an APK
04-15 17:02:36.114 536 536 W PackageManager: Unrecognized code path /data/apex/decompressed/com.android.adbd@342090000.decompressed.apex - using /data
04-15 17:02:36.138 536 536 I PackageManager: /data/apex/decompressed/com.android.adservices@342090000.decompressed.apex changed; collecting certs
04-15 17:02:36.164 536 536 W PackageManager: Odd, /data/apex/decompressed/com.android.adservices@342090000.decompressed.apex doesn't look like an APK
04-15 17:02:36.165 536 536 W PackageManager: Unrecognized code path /data/apex/decompressed/com.android.adservices@342090000.decompressed.apex - using /data
04-15 17:02:36.175 536 536 I PackageManager: /data/apex/decompressed/com.android.appsearch@342090000.decompressed.apex changed; collecting certs
04-15 17:02:36.187 536 536 W PackageManager: Odd, /data/apex/decompressed/com.android.appsearch@342090000.decompressed.apex doesn't look like an APK
04-15 17:02:36.187 536 536 W PackageManager: Unrecognized code path /data/apex/decompressed/com.android.appsearch@342090000.decompressed.apex - using /data
04-15 17:02:36.203 536 536 I PackageManager: /system/apex/com.android.apex.cts.shim.apex changed; collecting certs
04-15 17:02:36.218 536 536 D CompatibilityChangeReporter: Compat change id reported: 168782947; UID -1; state: DISABLED
04-15 17:02:36.219 536 536 W PackageManager: Odd, /system/apex/com.android.apex.cts.shim.apex doesn't look like an APK
04-15 17:02:36.230 536 536 I PackageManager: /data/apex/decompressed/com.android.art@342090000.decompressed.apex changed; collecting certs
04-15 17:02:36.241 536 536 W PackageManager: Odd, /data/apex/decompressed/com.android.art@342090000.decompressed.apex doesn't look like an APK
04-15 17:02:36.244 536 536 W PackageManager: Unrecognized code path /data/apex/decompressed/com.android.art@342090000.decompressed.apex - using /data
04-15 17:02:36.253 536 536 I PackageManager: /system/apex/com.android.btservices.apex changed; collecting certs
04-15 17:02:36.263 536 536 W PackageManager: Odd, /system/apex/com.android.btservices.apex doesn't look like an APK
04-15 17:02:36.273 536 536 I PackageManager: /data/apex/decompressed/com.android.cellbroadcast@342090000.decompressed.apex changed; collecting certs
04-15 17:02:36.285 536 536 W PackageManager: Odd, /data/apex/decompressed/com.android.cellbroadcast@342090000.decompressed.apex doesn't look like an APK
04-15 17:02:36.286 536 536 W PackageManager: Unrecognized code path /data/apex/decompressed/com.android.cellbroadcast@342090000.decompressed.apex - using /data
04-15 17:02:36.296 536 536 I PackageManager: /data/apex/decompressed/com.android.configinfrastructure@342090000.decompressed.apex changed; collecting certs
04-15 17:02:36.306 536 536 W PackageManager: Odd, /data/apex/decompressed/com.android.configinfrastructure@342090000.decompressed.apex doesn't look like an APK
04-15 17:02:36.306 536 536 W PackageManager: Unrecognized code path /data/apex/decompressed/com.android.configinfrastructure@342090000.decompressed.apex - using /data
04-15 17:02:36.317 536 536 I PackageManager: /data/apex/decompressed/com.android.conscrypt@342090000.decompressed.apex changed; collecting certs
04-15 17:02:36.329 536 536 W PackageManager: Odd, /data/apex/decompressed/com.android.conscrypt@342090000.decompressed.apex doesn't look like an APK
04-15 17:02:36.329 536 536 W PackageManager: Unrecognized code path /data/apex/decompressed/com.android.conscrypt@342090000.decompressed.apex - using /data
04-15 17:02:36.339 536 536 I PackageManager: /system/apex/com.android.devicelock.apex changed; collecting certs
04-15 17:02:36.349 536 536 W PackageManager: Odd, /system/apex/com.android.devicelock.apex doesn't look like an APK
04-15 17:02:36.361 536 536 I PackageManager: /system/apex/com.android.healthfitness.apex changed; collecting certs
04-15 17:02:36.371 536 536 W PackageManager: Odd, /system/apex/com.android.healthfitness.apex doesn't look like an APK
04-15 17:02:36.382 536 536 I PackageManager: /data/apex/decompressed/com.android.extservices@342090000.decompressed.apex changed; collecting certs
04-15 17:02:36.391 536 536 W PackageManager: Odd, /data/apex/decompressed/com.android.extservices@342090000.decompressed.apex doesn't look like an APK
04-15 17:02:36.392 536 536 W PackageManager: Unrecognized code path /data/apex/decompressed/com.android.extservices@342090000.decompressed.apex - using /data
04-15 17:02:36.403 536 536 I PackageManager: /system/apex/com.android.i18n.apex changed; collecting certs
04-15 17:02:36.413 536 536 W PackageManager: Odd, /system/apex/com.android.i18n.apex doesn't look like an APK
04-15 17:02:36.423 536 536 I PackageManager: /data/apex/decompressed/com.android.media@342090000.decompressed.apex changed; collecting certs
04-15 17:02:36.433 536 536 W PackageManager: Odd, /data/apex/decompressed/com.android.media@342090000.decompressed.apex doesn't look like an APK
04-15 17:02:36.434 536 536 W PackageManager: Unrecognized code path /data/apex/decompressed/com.android.media@342090000.decompressed.apex - using /data
04-15 17:02:36.444 536 536 I PackageManager: /data/apex/decompressed/com.android.ipsec@342090000.decompressed.apex changed; collecting certs
04-15 17:02:36.457 536 536 W PackageManager: Odd, /data/apex/decompressed/com.android.ipsec@342090000.decompressed.apex doesn't look like an APK
04-15 17:02:36.457 536 536 W PackageManager: Unrecognized code path /data/apex/decompressed/com.android.ipsec@342090000.decompressed.apex - using /data
04-15 17:02:36.470 536 536 I PackageManager: /data/apex/decompressed/com.android.media.swcodec@342090000.decompressed.apex changed; collecting certs
04-15 17:02:36.482 536 536 W PackageManager: Odd, /data/apex/decompressed/com.android.media.swcodec@342090000.decompressed.apex doesn't look like an APK
04-15 17:02:36.483 536 536 W PackageManager: Unrecognized code path /data/apex/decompressed/com.android.media.swcodec@342090000.decompressed.apex - using /data
04-15 17:02:36.494 536 536 I PackageManager: /data/apex/decompressed/com.android.mediaprovider@342090000.decompressed.apex changed; collecting certs
04-15 17:02:36.508 536 536 W PackageManager: Odd, /data/apex/decompressed/com.android.mediaprovider@342090000.decompressed.apex doesn't look like an APK
04-15 17:02:36.509 536 536 W PackageManager: Unrecognized code path /data/apex/decompressed/com.android.mediaprovider@342090000.decompressed.apex - using /data
04-15 17:02:36.519 536 536 I PackageManager: /system/apex/com.android.os.statsd.apex changed; collecting certs
04-15 17:02:36.532 536 536 W PackageManager: Odd, /system/apex/com.android.os.statsd.apex doesn't look like an APK
04-15 17:02:36.542 536 536 I PackageManager: /data/apex/decompressed/com.android.neuralnetworks@342090000.decompressed.apex changed; collecting certs
04-15 17:02:36.556 536 536 W PackageManager: Odd, /data/apex/decompressed/com.android.neuralnetworks@342090000.decompressed.apex doesn't look like an APK
04-15 17:02:36.557 536 536 W PackageManager: Unrecognized code path /data/apex/decompressed/com.android.neuralnetworks@342090000.decompressed.apex - using /data
04-15 17:02:36.568 536 536 I PackageManager: /data/apex/decompressed/com.android.permission@342090000.decompressed.apex changed; collecting certs
04-15 17:02:36.581 536 536 W PackageManager: Odd, /data/apex/decompressed/com.android.permission@342090000.decompressed.apex doesn't look like an APK
04-15 17:02:36.582 536 536 W PackageManager: Unrecognized code path /data/apex/decompressed/com.android.permission@342090000.decompressed.apex - using /data
04-15 17:02:36.592 536 536 I PackageManager: /data/apex/decompressed/com.android.ondevicepersonalization@342090000.decompressed.apex changed; collecting certs
04-15 17:02:36.608 536 536 W PackageManager: Odd, /data/apex/decompressed/com.android.ondevicepersonalization@342090000.decompressed.apex doesn't look like an APK
04-15 17:02:36.608 536 536 W PackageManager: Unrecognized code path /data/apex/decompressed/com.android.ondevicepersonalization@342090000.decompressed.apex - using /data
04-15 17:02:36.619 536 536 I PackageManager: /system/apex/com.android.rkpd.apex changed; collecting certs
04-15 17:02:36.633 536 536 W PackageManager: Odd, /system/apex/com.android.rkpd.apex doesn't look like an APK
04-15 17:02:36.643 536 536 I PackageManager: /data/apex/decompressed/com.android.resolv@342090000.decompressed.apex changed; collecting certs
04-15 17:02:36.656 536 536 W PackageManager: Odd, /data/apex/decompressed/com.android.resolv@342090000.decompressed.apex doesn't look like an APK
04-15 17:02:36.657 536 536 W PackageManager: Unrecognized code path /data/apex/decompressed/com.android.resolv@342090000.decompressed.apex - using /data
04-15 17:02:36.679 536 536 I PackageManager: /data/apex/decompressed/com.android.scheduling@342090000.decompressed.apex changed; collecting certs
04-15 17:02:36.703 536 536 W PackageManager: Odd, /data/apex/decompressed/com.android.scheduling@342090000.decompressed.apex doesn't look like an APK
04-15 17:02:36.704 536 536 W PackageManager: Unrecognized code path /data/apex/decompressed/com.android.scheduling@342090000.decompressed.apex - using /data
04-15 17:02:36.726 536 536 I PackageManager: /system/apex/com.android.runtime.apex changed; collecting certs
04-15 17:02:36.746 536 536 W PackageManager: Odd, /system/apex/com.android.runtime.apex doesn't look like an APK
04-15 17:02:36.768 536 536 I PackageManager: /system/apex/com.android.tzdata.apex changed; collecting certs
04-15 17:02:36.794 536 536 W PackageManager: Odd, /system/apex/com.android.tzdata.apex doesn't look like an APK
04-15 17:02:36.813 536 536 I PackageManager: /data/apex/decompressed/com.android.tethering@342090000.decompressed.apex changed; collecting certs
04-15 17:02:36.837 536 536 W PackageManager: Odd, /data/apex/decompressed/com.android.tethering@342090000.decompressed.apex doesn't look like an APK
04-15 17:02:36.837 536 536 W PackageManager: Unrecognized code path /data/apex/decompressed/com.android.tethering@342090000.decompressed.apex - using /data
04-15 17:02:36.854 536 536 I PackageManager: /system/apex/com.android.sdkext.apex changed; collecting certs
04-15 17:02:36.875 536 536 W PackageManager: Odd, /system/apex/com.android.sdkext.apex doesn't look like an APK
04-15 17:02:36.900 536 536 I PackageManager: /system/apex/com.android.vndk.current.apex changed; collecting certs
04-15 17:02:36.921 536 536 W PackageManager: Odd, /system/apex/com.android.vndk.current.apex doesn't look like an APK
04-15 17:02:36.939 536 536 I PackageManager: /system/apex/com.android.virt.apex changed; collecting certs
04-15 17:02:36.961 536 536 W PackageManager: Odd, /system/apex/com.android.virt.apex doesn't look like an APK
04-15 17:02:36.985 536 536 I PackageManager: /data/apex/decompressed/com.android.uwb@342090000.decompressed.apex changed; collecting certs
04-15 17:02:36.999 536 536 W PackageManager: Odd, /data/apex/decompressed/com.android.uwb@342090000.decompressed.apex doesn't look like an APK
04-15 17:02:37.004 536 536 W PackageManager: Unrecognized code path /data/apex/decompressed/com.android.uwb@342090000.decompressed.apex - using /data
04-15 17:02:37.019 536 536 I PackageManager: /data/apex/decompressed/com.android.wifi@342090000.decompressed.apex changed; collecting certs
04-15 17:02:37.029 536 536 W PackageManager: Odd, /data/apex/decompressed/com.android.wifi@342090000.decompressed.apex doesn't look like an APK
04-15 17:02:37.030 536 536 W PackageManager: Unrecognized code path /data/apex/decompressed/com.android.wifi@342090000.decompressed.apex - using /data
04-15 17:02:37.038 536 536 D PackageManager: No files in app dir /system_ext/overlay
04-15 17:02:37.164 536 536 I PackageManager: /product/overlay/EmulationPixel7 changed; collecting certs
04-15 17:02:37.168 536 594 I PackageParsing: Parse times for '/product/overlay/EmulationPixel8': parse=76ms, update_cache=28 ms
04-15 17:02:37.195 536 593 I PackageParsing: Parse times for '/product/overlay/EmulationPixel4a': parse=100ms, update_cache=42 ms
04-15 17:02:37.235 536 536 I PackageManager: /product/overlay/EmulationPixel4XL changed; collecting certs
04-15 17:02:37.261 536 536 I PackageManager: /product/overlay/EmulationPixel8 changed; collecting certs
04-15 17:02:37.293 536 536 I PackageManager: /product/overlay/DisplayCutoutEmulationEmu01 changed; collecting certs
04-15 17:02:37.323 536 536 I PackageManager: /product/overlay/EmulationPixel3aXL changed; collecting certs
04-15 17:02:37.361 536 536 I PackageManager: /product/overlay/EmulationPixel4a changed; collecting certs
04-15 17:02:37.374 536 536 I PackageManager: /product/overlay/EmulationPixel3XL changed; collecting certs
04-15 17:02:37.435 536 536 I PackageManager: /product/overlay/EmulationPixel5 changed; collecting certs
04-15 17:02:37.503 536 536 I PackageManager: /product/overlay/DisplayCutoutEmulationDouble changed; collecting certs
04-15 17:02:37.582 536 536 I PackageManager: /product/overlay/NavigationBarModeGesturalNarrowBack changed; collecting certs
04-15 17:02:37.649 536 536 I PackageManager: /product/overlay/SystemUIEmulationPixel6 changed; collecting certs
04-15 17:02:37.683 536 536 I PackageManager: /product/overlay/NavigationBarModeGesturalExtraWideBack changed; collecting certs
04-15 17:02:37.711 536 536 I PackageManager: /product/overlay/EmulationPixel3 changed; collecting certs
04-15 17:02:37.730 536 536 I PackageManager: /product/overlay/EmulationPixel6Pro changed; collecting certs
04-15 17:02:37.750 536 536 I PackageManager: /product/overlay/NavigationBarModeGestural changed; collecting certs
04-15 17:02:37.770 536 536 I PackageManager: /product/overlay/EmulationPixel6 changed; collecting certs
04-15 17:02:37.790 536 536 I PackageManager: /product/overlay/DisplayCutoutEmulationHole changed; collecting certs
04-15 17:02:37.807 536 536 I PackageManager: /product/overlay/SystemUIEmulationPixel7a changed; collecting certs
04-15 17:02:37.824 536 536 I PackageManager: /product/overlay/SystemUIEmulationPixel3XL changed; collecting certs
04-15 17:02:37.835 536 536 I PackageManager: /product/overlay/SystemUIEmulationPixelFold changed; collecting certs
04-15 17:02:37.847 536 536 I PackageManager: /product/overlay/SystemUIEmulationPixel7Pro changed; collecting certs
04-15 17:02:37.858 536 536 I PackageManager: /product/overlay/SystemUIEmulationPixel4a changed; collecting certs
04-15 17:02:37.871 536 536 I PackageManager: /product/overlay/EmulationPixel7a changed; collecting certs
04-15 17:02:37.881 536 536 I PackageManager: /product/overlay/EmulationPixel4 changed; collecting certs
04-15 17:02:37.892 536 536 I PackageManager: /product/overlay/SystemUIEmulationPixel8Pro changed; collecting certs
04-15 17:02:37.904 536 536 I PackageManager: /product/overlay/NotesRoleEnabled changed; collecting certs
04-15 17:02:37.917 536 536 I PackageManager: /product/overlay/SystemUIEmulationPixel3aXL changed; collecting certs
04-15 17:02:37.930 536 536 I PackageManager: /product/overlay/EmulationPixel8Pro changed; collecting certs
04-15 17:02:37.941 536 536 I PackageManager: /product/overlay/SystemUIEmulationPixel3a changed; collecting certs
04-15 17:02:37.954 536 536 I PackageManager: /product/overlay/SystemUIEmulationPixel6a changed; collecting certs
04-15 17:02:37.966 536 536 I PackageManager: /product/overlay/EmulationPixelFold changed; collecting certs
04-15 17:02:37.979 536 536 I PackageManager: /product/overlay/EmulatorTetheringConfigOverlay.apk changed; collecting certs
04-15 17:02:37.992 536 536 I PackageManager: /product/overlay/NavigationBarMode2Button changed; collecting certs
04-15 17:02:38.007 536 536 I PackageManager: /product/overlay/FontNotoSerifSource changed; collecting certs
04-15 17:02:38.018 536 536 I PackageManager: /product/overlay/TransparentNavigationBar changed; collecting certs
04-15 17:02:38.028 536 536 I PackageManager: /product/overlay/SystemUIEmulationPixel7 changed; collecting certs
04-15 17:02:38.039 536 536 I PackageManager: /product/overlay/NavigationBarMode3Button changed; collecting certs
04-15 17:02:38.051 536 536 I PackageManager: /product/overlay/SystemUIEmulationPixel4XL changed; collecting certs
04-15 17:02:38.061 536 536 I PackageManager: /product/overlay/DisplayCutoutEmulationCorner changed; collecting certs
04-15 17:02:38.075 536 536 I PackageManager: /product/overlay/EmulationPixel7Pro changed; collecting certs
04-15 17:02:38.090 536 536 I PackageManager: /product/overlay/SystemUIEmulationPixel8 changed; collecting certs
04-15 17:02:38.102 536 536 I PackageManager: /product/overlay/DisplayCutoutEmulationTall changed; collecting certs
04-15 17:02:38.114 536 536 I PackageManager: /product/overlay/EmulationPixel6a changed; collecting certs
04-15 17:02:38.124 536 536 I PackageManager: /product/overlay/EmulationPixel2XL changed; collecting certs
04-15 17:02:38.137 536 536 I PackageManager: /product/overlay/DisplayCutoutEmulationWaterfall changed; collecting certs
04-15 17:02:38.149 536 536 I PackageManager: /product/overlay/NavigationBarModeGesturalWideBack changed; collecting certs
04-15 17:02:38.159 536 536 I PackageManager: /product/overlay/SystemUIEmulationPixel5 changed; collecting certs
04-15 17:02:38.171 536 536 I PackageManager: /product/overlay/EmulationPixel3a changed; collecting certs
04-15 17:02:38.182 536 536 I PackageManager: /product/overlay/SystemUIEmulationPixel3 changed; collecting certs
04-15 17:02:38.192 536 536 I PackageManager: /product/overlay/SystemUIEmulationPixel4 changed; collecting certs
04-15 17:02:38.204 536 536 I PackageManager: /product/overlay/SystemUIEmulationPixel6Pro changed; collecting certs
04-15 17:02:38.215 536 536 D PackageManager: No files in app dir /oem/overlay
04-15 17:02:38.215 536 536 D PackageManager: No files in app dir /odm/overlay
04-15 17:02:38.244 536 536 I PackageManager: /vendor/overlay/SettingsProvider__auto_generated_rro_vendor.apk changed; collecting certs
04-15 17:02:38.269 536 536 I PackageManager: /vendor/overlay/TeleService__auto_generated_rro_vendor.apk changed; collecting certs
04-15 17:02:38.292 536 536 I PackageManager: /vendor/overlay/CarrierConfig__auto_generated_rro_vendor.apk changed; collecting certs
04-15 17:02:38.303 536 536 I PackageManager: /vendor/overlay/SystemUI__auto_generated_rro_vendor.apk changed; collecting certs
04-15 17:02:38.313 536 536 I PackageManager: /vendor/overlay/goldfish_overlay_connectivity_gsi.apk changed; collecting certs
04-15 17:02:38.324 536 536 I PackageManager: /vendor/overlay/framework-res__auto_generated_rro_vendor.apk changed; collecting certs
04-15 17:02:38.342 536 536 W PackageManager: Failed to parse /system/framework/x86_64: Missing base APK in /system/framework/x86_64
04-15 17:02:38.352 536 536 W PackageManager: Failed to parse /system/framework/oat: Missing base APK in /system/framework/oat/x86_64
04-15 17:02:38.447 536 596 W PackageParsing: android defines a knownSigner permission but the provided knownCerts resource is null
04-15 17:02:38.449 536 596 W PackageParsing: android defines a knownSigner permission but the provided knownCerts resource is null
04-15 17:02:38.450 536 596 W PackageParsing: android defines a knownSigner permission but the provided knownCerts resource is null
04-15 17:02:38.475 536 596 W PackageParsing: android defines a knownSigner permission but the provided knownCerts resource is null
04-15 17:02:38.491 536 596 W PackageParsing: android defines a knownSigner permission but the provided knownCerts resource is null
04-15 17:02:38.493 536 596 W PackageParsing: android defines a knownSigner permission but the provided knownCerts resource is null
04-15 17:02:38.533 536 596 I PackageParsing: Parse times for '/system/framework/framework-res.apk': parse=158ms, update_cache=22 ms
04-15 17:02:38.534 536 536 I PackageManager: /system/framework/framework-res.apk changed; collecting certs
04-15 17:02:38.552 536 536 W PackageManager: Adding duplicate shared id: 1000 name=android
04-15 17:02:38.679 536 536 I PackageManager: /system/priv-app/MmsService changed; collecting certs
04-15 17:02:38.716 536 536 W PackageManager: Adding duplicate shared id: 1001 name=com.android.mms.service
04-15 17:02:38.737 536 595 I PackageParsing: Parse times for '/system/priv-app/Telecom': parse=137ms, update_cache=6 ms
04-15 17:02:38.748 536 536 I PackageManager: /system/priv-app/Telecom changed; collecting certs
04-15 17:02:38.761 536 596 I PackageParsing: Parse times for '/system/priv-app/ContactsProvider': parse=133ms, update_cache=17 ms
04-15 17:02:38.815 536 594 W PackageParsing: Ignoring duplicate uses-permissions/uses-permissions-sdk-m: android.permission.SATELLITE_COMMUNICATION in package: com.android.shell at: Binary XML file line #732
04-15 17:02:38.838 536 594 W PackageParsing: Ignoring duplicate uses-permissions/uses-permissions-sdk-m: android.permission.FOREGROUND_SERVICE in package: com.android.shell at: Binary XML file line #824
04-15 17:02:38.838 536 594 W PackageParsing: Ignoring duplicate uses-permissions/uses-permissions-sdk-m: android.permission.FOREGROUND_SERVICE_SYSTEM_EXEMPTED in package: com.android.shell at: Binary XML file line #825
04-15 17:02:38.899 536 594 I PackageParsing: Parse times for '/system/priv-app/Shell': parse=276ms, update_cache=25 ms
04-15 17:02:38.905 536 536 W PackageManager: Adding duplicate shared id: 1000 name=com.android.server.telecom
04-15 17:02:38.973 536 536 I PackageManager: New shared user android.uid.shared: id=10057
04-15 17:02:38.986 536 536 I PackageManager: /system/priv-app/ContactsProvider changed; collecting certs
04-15 17:02:38.999 536 593 I PackageParsing: Parse times for '/system/priv-app/TelephonyProvider': parse=100ms, update_cache=5 ms
04-15 17:02:39.007 536 596 I PackageParsing: Parse times for '/system/priv-app/IntentResolver': parse=116ms, update_cache=11 ms
04-15 17:02:39.027 536 536 W PackageManager: Adding duplicate app id: 10057 name=com.android.providers.contacts
04-15 17:02:39.077 536 536 I PackageManager: /system/priv-app/NetworkStack changed; collecting certs
04-15 17:02:39.082 536 594 I PackageParsing: Parse times for '/system/priv-app/VpnDialogs': parse=154ms, update_cache=4 ms
04-15 17:02:39.119 536 595 I PackageParsing: Parse times for '/system/priv-app/CalendarProvider': parse=161ms, update_cache=2 ms
04-15 17:02:39.255 536 595 I PackageParsing: Parse times for '/system/priv-app/MediaProviderLegacy': parse=122ms, update_cache=2 ms
04-15 17:02:39.278 536 593 I PackageParsing: Parse times for '/system/priv-app/CredentialManager': parse=181ms, update_cache=87 ms
04-15 17:02:39.310 536 536 W PackageManager: Adding duplicate shared id: 1073 name=com.android.networkstack
04-15 17:02:39.343 536 596 I PackageParsing: Parse times for '/system/priv-app/CellBroadcastLegacyApp': parse=186ms, update_cache=54 ms
04-15 17:02:39.407 536 595 I PackageParsing: Parse times for '/system/priv-app/DynamicSystemInstallationService': parse=104ms, update_cache=2 ms
04-15 17:02:39.473 536 536 I PackageManager: /system/priv-app/StatementService changed; collecting certs
04-15 17:02:39.537 536 593 I PackageParsing: Parse times for '/system/priv-app/PackageInstaller': parse=167ms, update_cache=62 ms
04-15 17:02:39.608 536 596 I PackageParsing: Parse times for '/system/priv-app/NetworkStackNext': parse=116ms, update_cache=87 ms
04-15 17:02:39.621 536 536 I PackageManager: /system/priv-app/SettingsProvider changed; collecting certs
04-15 17:02:39.690 536 536 W PackageManager: Adding duplicate shared id: 1000 name=com.android.providers.settings
04-15 17:02:39.691 536 595 I PackageParsing: Parse times for '/system/priv-app/DownloadProvider': parse=238ms, update_cache=9 ms
04-15 17:02:39.719 536 593 I PackageParsing: Parse times for '/system/priv-app/BuiltInPrintService': parse=160ms, update_cache=2 ms
04-15 17:02:39.741 536 536 I PackageManager: /system/priv-app/SharedStorageBackup changed; collecting certs
04-15 17:02:39.758 536 594 W PackageParsing: Ignoring duplicate uses-permissions/uses-permissions-sdk-m: android.permission.POST_NOTIFICATIONS in package: com.android.phone at: Binary XML file line #168
04-15 17:02:39.821 536 536 I PackageManager: /system/priv-app/Shell changed; collecting certs
04-15 17:02:39.915 536 596 I PackageParsing: Parse times for '/system/priv-app/LiveWallpapersPicker': parse=269ms, update_cache=29 ms
04-15 17:02:39.938 536 536 W PackageManager: Adding duplicate shared id: 2000 name=com.android.shell
04-15 17:02:39.947 536 595 I PackageParsing: Parse times for '/system/priv-app/ManagedProvisioning': parse=232ms, update_cache=4 ms
04-15 17:02:39.967 536 594 I PackageParsing: Parse times for '/system/priv-app/TeleService': parse=831ms, update_cache=45 ms
04-15 17:02:39.970 536 593 I PackageParsing: Parse times for '/system/priv-app/SoundPicker': parse=103ms, update_cache=2 ms
04-15 17:02:40.019 536 536 I PackageManager: /system/priv-app/CallLogBackup changed; collecting certs
04-15 17:02:40.041 536 536 W PackageManager: Adding duplicate app id: 10057 name=com.android.calllogbackup
04-15 17:02:40.054 536 536 I PackageManager: /system/priv-app/TelephonyProvider changed; collecting certs
04-15 17:02:40.103 536 594 I PackageParsing: Parse times for '/system/priv-app/ONS': parse=113ms, update_cache=2 ms
04-15 17:02:40.126 536 536 W PackageManager: Adding duplicate shared id: 1001 name=com.android.providers.telephony
04-15 17:02:40.163 536 536 I PackageManager: /system/priv-app/IntentResolver changed; collecting certs
04-15 17:02:40.197 536 596 I PackageParsing: Parse times for '/system/priv-app/Tag': parse=172ms, update_cache=3 ms
04-15 17:02:40.214 536 595 I PackageParsing: Parse times for '/system/priv-app/DocumentsUI': parse=247ms, update_cache=12 ms
04-15 17:02:40.228 536 594 I PackageParsing: Parse times for '/system/priv-app/BackupRestoreConfirmation': parse=99ms, update_cache=4 ms
04-15 17:02:40.254 536 536 I PackageManager: /system/priv-app/VpnDialogs changed; collecting certs
04-15 17:02:40.291 536 536 I PackageManager: /system/priv-app/InputDevices changed; collecting certs
04-15 17:02:40.317 536 536 W PackageManager: Adding duplicate shared id: 1000 name=com.android.inputdevices
04-15 17:02:40.322 536 536 I PackageManager: New shared user android.uid.calendar: id=10062
04-15 17:02:40.323 536 536 I PackageManager: /system/priv-app/CalendarProvider changed; collecting certs
04-15 17:02:40.347 536 536 W PackageManager: Adding duplicate app id: 10062 name=com.android.providers.calendar
04-15 17:02:40.364 536 536 I PackageManager: New shared user android.media: id=10063
04-15 17:02:40.366 536 536 I PackageManager: /system/priv-app/MediaProviderLegacy changed; collecting certs
04-15 17:02:40.391 536 536 W PackageManager: Adding duplicate app id: 10063 name=com.android.providers.media
04-15 17:02:40.425 536 536 I PackageManager: /system/priv-app/CredentialManager changed; collecting certs
04-15 17:02:40.463 536 536 I PackageManager: /system/priv-app/CellBroadcastLegacyApp changed; collecting certs
04-15 17:02:40.487 536 536 I PackageManager: /system/priv-app/DynamicSystemInstallationService changed; collecting certs
04-15 17:02:40.526 536 536 W PackageManager: Adding duplicate shared id: 1000 name=com.android.dynsystem
04-15 17:02:40.547 536 547 I system_server: Background concurrent copying GC freed 161506(11MB) AllocSpace objects, 105(5476KB) LOS objects, 49% free, 5007KB/10014KB, paused 881us,1.174ms total 276.780ms
04-15 17:02:40.553 536 536 I PackageManager: /system/priv-app/PackageInstaller changed; collecting certs
04-15 17:02:40.583 536 536 I PackageManager: /system/priv-app/NetworkStackNext changed; collecting certs
04-15 17:02:40.593 536 536 W PackageManager: Failed to scan /system/priv-app/NetworkStackNext: Application package com.android.networkstack already installed. Skipping duplicate.
04-15 17:02:40.593 536 536 I PackageManager: /system/priv-app/DownloadProvider changed; collecting certs
04-15 17:02:40.610 536 536 W PackageManager: Adding duplicate app id: 10063 name=com.android.providers.downloads
04-15 17:02:40.619 536 536 I PackageManager: /system/priv-app/BuiltInPrintService changed; collecting certs
04-15 17:02:40.642 536 536 I PackageManager: /system/priv-app/LocalTransport changed; collecting certs
04-15 17:02:40.661 536 536 W PackageManager: Adding duplicate shared id: 1000 name=com.android.localtransport
04-15 17:02:40.671 536 536 I PackageManager: /system/priv-app/BlockedNumberProvider changed; collecting certs
04-15 17:02:40.681 536 536 W PackageManager: Adding duplicate app id: 10057 name=com.android.providers.blockednumber
04-15 17:02:40.686 536 536 I PackageManager: /system/priv-app/LiveWallpapersPicker changed; collecting certs
04-15 17:02:40.703 536 536 I PackageManager: /system/priv-app/ManagedProvisioning changed; collecting certs
04-15 17:02:40.720 536 536 I PackageManager: /system/priv-app/TeleService changed; collecting certs
04-15 17:02:40.735 536 536 W PackageManager: Adding duplicate shared id: 1001 name=com.android.phone
04-15 17:02:40.741 536 536 I PackageManager: /system/priv-app/SoundPicker changed; collecting certs
04-15 17:02:40.751 536 536 W PackageManager: Adding duplicate app id: 10063 name=com.android.soundpicker
04-15 17:02:40.755 536 536 I PackageManager: /system/priv-app/ExternalStorageProvider changed; collecting certs
04-15 17:02:40.765 536 536 I PackageManager: /system/priv-app/DownloadProviderUi changed; collecting certs
04-15 17:02:40.774 536 536 W PackageManager: Adding duplicate app id: 10063 name=com.android.providers.downloads.ui
04-15 17:02:40.779 536 536 I PackageManager: /system/priv-app/ProxyHandler changed; collecting certs
04-15 17:02:40.789 536 536 I PackageManager: /system/priv-app/ONS changed; collecting certs
04-15 17:02:40.801 536 536 W PackageManager: Adding duplicate shared id: 1001 name=com.android.ons
04-15 17:02:40.806 536 536 I PackageManager: /system/priv-app/UserDictionaryProvider changed; collecting certs
04-15 17:02:40.814 536 536 W PackageManager: Adding duplicate app id: 10057 name=com.android.providers.userdictionary
