04-15 17:02:31.765 536 536 W System : No Compatibility callbacks set! Querying change 247079863
04-15 17:02:31.766 536 536 W System : No Compatibility callbacks set! Querying change 247079863
04-15 17:02:31.766 536 536 W System : No Compatibility callbacks set! Querying change 247079863
04-15 17:02:31.766 536 536 W System : No Compatibility callbacks set! Querying change 247079863
04-15 17:02:31.767 536 536 W System : No Compatibility callbacks set! Querying change 247079863
04-15 17:02:31.767 536 536 W System : No Compatibility callbacks set! Querying change 247079863
04-15 17:02:31.769 536 536 W System : No Compatibility callbacks set! Querying change 247079863
04-15 17:02:31.770 536 536 W System : No Compatibility callbacks set! Querying change 247079863
04-15 17:02:31.770 536 536 W System : No Compatibility callbacks set! Querying change 247079863
04-15 17:02:31.770 536 536 W System : No Compatibility callbacks set! Querying change 247079863
04-15 17:02:31.771 536 536 W System : No Compatibility callbacks set! Querying change 247079863
04-15 17:02:31.771 536 536 W System : No Compatibility callbacks set! Querying change 247079863
04-15 17:02:31.773 536 536 W System : No Compatibility callbacks set! Querying change 247079863
04-15 17:02:31.773 536 536 W System : No Compatibility callbacks set! Querying change 247079863
04-15 17:02:33.190 536 536 V SystemServerTiming: InitBeforeStartServices took to complete: 2819ms
04-15 17:02:33.190 536 536 D SystemServerTiming: StartServices
04-15 17:02:33.190 536 536 D SystemServerTiming: startBootstrapServices
04-15 17:02:33.190 536 536 D SystemServerTiming: ArtModuleServiceInitializer
04-15 17:02:33.205 536 536 V SystemServerTiming: ArtModuleServiceInitializer took to complete: 14ms
04-15 17:02:33.205 536 536 D SystemServerTiming: StartWatchdog
04-15 17:02:33.229 536 558 W System : No Compatibility callbacks set! Querying change 3400644
04-15 17:02:33.234 536 560 W System : No Compatibility callbacks set! Querying change 3400644
04-15 17:02:33.238 536 561 W System : No Compatibility callbacks set! Querying change 3400644
04-15 17:02:33.242 536 562 W System : No Compatibility callbacks set! Querying change 3400644
04-15 17:02:33.245 536 536 V SystemServerTiming: StartWatchdog took to complete: 40ms
04-15 17:02:33.246 536 536 I SystemServer: Reading configuration...
04-15 17:02:33.247 536 536 D SystemServerTiming: ReadingSystemConfig
04-15 17:02:33.252 536 536 V SystemServerTiming: ReadingSystemConfig took to complete: 4ms
04-15 17:02:33.254 536 536 D SystemServerTiming: PlatformCompat
04-15 17:02:33.258 536 564 D SystemServerTimingAsync: InitThreadPoolExec:ReadingSystemConfig
04-15 17:02:33.259 536 564 D SystemServerInitThreadPool: Started executing ReadingSystemConfig
04-15 17:02:33.264 536 536 D CompatConfig: Found a config file: /system/etc/compatconfig/documents-ui-compat-config.xml
04-15 17:02:33.270 536 564 I SystemConfig: Reading permissions from /system/etc/sysconfig/preinstalled-packages-platform-handheld-system.xml
04-15 17:02:33.274 536 536 D CompatConfig: Adding: com.android.server.compat.config.Change@619d9a4
04-15 17:02:33.280 536 564 I incfs : Initial API level of the device: 34
04-15 17:02:33.281 536 564 I incfs : ro.incremental.enable: yes
04-15 17:02:33.282 536 564 I incfs : isFsAvailable: true
04-15 17:02:33.283 536 564 I incfs : isFsAvailable: true
04-15 17:02:33.283 536 564 I incfs : IncFs_Features: v2
04-15 17:02:33.287 536 536 D CompatConfig: Found a config file: /system/etc/compatconfig/calendar-provider-compat-config.xml
04-15 17:02:33.294 536 564 I SystemConfig: Reading permissions from /system/etc/sysconfig/preinstalled-packages-platform.xml
04-15 17:02:33.297 536 536 D CompatConfig: Adding: com.android.server.compat.config.Change@83378d3
04-15 17:02:33.299 536 536 D CompatConfig: Found a config file: /system/etc/compatconfig/contacts-provider-platform-compat-config.xml
04-15 17:02:33.307 536 536 D CompatConfig: Found a config file: /system/etc/compatconfig/TeleService-platform-compat-config.xml
04-15 17:02:33.313 536 564 I SystemConfig: Reading permissions from /system/etc/sysconfig/preinstalled-packages-platform-generic-system.xml
04-15 17:02:33.317 536 564 I SystemConfig: Reading permissions from /system/etc/sysconfig/preinstalled-packages-asl-files.xml
04-15 17:02:33.319 536 564 I SystemConfig: Reading permissions from /system/etc/sysconfig/preinstalled-packages-com.android.providers.media.module.xml
04-15 17:02:33.321 536 536 D CompatConfig: Adding: com.android.server.compat.config.Change@89356c5
04-15 17:02:33.321 536 536 D CompatConfig: Adding: com.android.server.compat.config.Change@c8a281a
04-15 17:02:33.322 536 536 D CompatConfig: Adding: com.android.server.compat.config.Change@d272f4b
04-15 17:02:33.323 536 536 D CompatConfig: Adding: com.android.server.compat.config.Change@91a2d28
04-15 17:02:33.323 536 536 D CompatConfig: Adding: com.android.server.compat.config.Change@ed79a41
04-15 17:02:33.326 536 536 D CompatConfig: Adding: com.android.server.compat.config.Change@c377527
04-15 17:02:33.328 536 564 I SystemConfig: Reading permissions from /system/etc/sysconfig/hiddenapi-package-whitelist.xml
04-15 17:02:33.332 536 564 I SystemConfig: Reading permissions from /system/etc/sysconfig/framework-sysconfig.xml
04-15 17:02:33.335 536 564 I SystemConfig: Reading permissions from /system/etc/sysconfig/initial-package-stopped-states.xml
04-15 17:02:33.336 536 536 D CompatConfig: Found a config file: /system/etc/compatconfig/services-platform-compat-config.xml
04-15 17:02:33.342 536 564 I SystemConfig: Reading permissions from /system/etc/permissions/android.test.base.xml
04-15 17:02:33.347 536 564 I SystemConfig: Reading permissions from /system/etc/permissions/com.android.location.provider.xml
04-15 17:02:33.350 536 536 D CompatConfig: Adding: com.android.server.compat.config.Change@f645079
04-15 17:02:33.350 536 536 D CompatConfig: Adding: com.android.server.compat.config.Change@4d151be
04-15 17:02:33.351 536 536 D CompatConfig: Adding: com.android.server.compat.config.Change@afbe21f
04-15 17:02:33.351 536 536 D CompatConfig: Adding: com.android.server.compat.config.Change@f1ee96c
04-15 17:02:33.351 536 536 D CompatConfig: Adding: com.android.server.compat.config.Change@d07b35
04-15 17:02:33.351 536 536 D CompatConfig: Adding: com.android.server.compat.config.Change@e4ccbca
04-15 17:02:33.351 536 536 D CompatConfig: Adding: com.android.server.compat.config.Change@506813b
04-15 17:02:33.351 536 536 D CompatConfig: Adding: com.android.server.compat.config.Change@dc73058
04-15 17:02:33.351 536 536 D CompatConfig: Adding: com.android.server.compat.config.Change@a9a95b1
04-15 17:02:33.351 536 536 D CompatConfig: Adding: com.android.server.compat.config.Change@553da96
04-15 17:02:33.354 536 536 D CompatConfig: Adding: com.android.server.compat.config.Change@751f617
04-15 17:02:33.355 536 536 D CompatConfig: Adding: com.android.server.compat.config.Change@3aafa04
04-15 17:02:33.355 536 536 D CompatConfig: Adding: com.android.server.compat.config.Change@b11dbed
04-15 17:02:33.357 536 564 I SystemConfig: Reading permissions from /system/etc/permissions/privapp_allowlist_com.android.providers.media.module.xml
04-15 17:02:33.358 536 536 D CompatConfig: Adding: com.android.server.compat.config.Change@275dcb3
04-15 17:02:33.359 536 536 D CompatConfig: Adding: com.android.server.compat.config.Change@adfb270
04-15 17:02:33.361 536 536 D CompatConfig: Adding: com.android.server.compat.config.Change@c3d49e9
04-15 17:02:33.361 536 536 D CompatConfig: Adding: com.android.server.compat.config.Change@5d3a66e
04-15 17:02:33.365 536 536 D CompatConfig: Adding: com.android.server.compat.config.Change@765859c
04-15 17:02:33.365 536 536 D CompatConfig: Adding: com.android.server.compat.config.Change@7979ba5
04-15 17:02:33.366 536 536 D CompatConfig: Adding: com.android.server.compat.config.Change@397bb7a
04-15 17:02:33.366 536 536 D CompatConfig: Adding: com.android.server.compat.config.Change@d162f2b
04-15 17:02:33.367 536 536 D CompatConfig: Adding: com.android.server.compat.config.Change@b135f88
04-15 17:02:33.367 536 536 D CompatConfig: Adding: com.android.server.compat.config.Change@98b4d21
04-15 17:02:33.368 536 536 D CompatConfig: Adding: com.android.server.compat.config.Change@a561546
04-15 17:02:33.368 536 536 D CompatConfig: Adding: com.android.server.compat.config.Change@b469307
04-15 17:02:33.369 536 536 D CompatConfig: Adding: com.android.server.compat.config.Change@c42ec34
04-15 17:02:33.370 536 536 D CompatConfig: Adding: com.android.server.compat.config.Change@ae9a5d
04-15 17:02:33.370 536 536 D CompatConfig: Adding: com.android.server.compat.config.Change@e4e3fd2
04-15 17:02:33.370 536 536 D CompatConfig: Adding: com.android.server.compat.config.Change@d2f58a3
04-15 17:02:33.371 536 536 D CompatConfig: Adding: com.android.server.compat.config.Change@b3c97a0
04-15 17:02:33.371 536 536 D CompatConfig: Adding: com.android.server.compat.config.Change@4bf7f59
04-15 17:02:33.371 536 536 D CompatConfig: Adding: com.android.server.compat.config.Change@62c871e
04-15 17:02:33.372 536 536 D CompatConfig: Adding: com.android.server.compat.config.Change@154dbff
04-15 17:02:33.372 536 536 D CompatConfig: Adding: com.android.server.compat.config.Change@2638dcc
04-15 17:02:33.374 536 536 D CompatConfig: Adding: com.android.server.compat.config.Change@15fb815
04-15 17:02:33.374 536 536 D CompatConfig: Adding: com.android.server.compat.config.Change@515f72a
04-15 17:02:33.374 536 536 D CompatConfig: Adding: com.android.server.compat.config.Change@25391b
04-15 17:02:33.375 536 536 D CompatConfig: Adding: com.android.server.compat.config.Change@d21bab8
04-15 17:02:33.375 536 536 D CompatConfig: Adding: com.android.server.compat.config.Change@90c091
04-15 17:02:33.375 536 536 D CompatConfig: Adding: com.android.server.compat.config.Change@9745bf6
04-15 17:02:33.376 536 536 D CompatConfig: Adding: com.android.server.compat.config.Change@d44bf7
04-15 17:02:33.377 536 536 D CompatConfig: Adding: com.android.server.compat.config.Change@193ca64
04-15 17:02:33.377 536 536 D CompatConfig: Adding: com.android.server.compat.config.Change@efd4cd
04-15 17:02:33.378 536 536 D CompatConfig: Adding: com.android.server.compat.config.Change@c824182
04-15 17:02:33.378 536 536 D CompatConfig: Adding: com.android.server.compat.config.Change@ff7b093
04-15 17:02:33.378 536 536 D CompatConfig: Adding: com.android.server.compat.config.Change@8f528d0
04-15 17:02:33.379 536 536 D CompatConfig: Adding: com.android.server.compat.config.Change@3b1f0c9
04-15 17:02:33.379 536 536 D CompatConfig: Adding: com.android.server.compat.config.Change@e96f3ce
04-15 17:02:33.379 536 536 D CompatConfig: Adding: com.android.server.compat.config.Change@3e2c2ef
04-15 17:02:33.382 536 536 D CompatConfig: Adding: com.android.server.compat.config.Change@2cc01fc
04-15 17:02:33.382 536 536 D CompatConfig: Adding: com.android.server.compat.config.Change@e5fd085
04-15 17:02:33.383 536 536 D CompatConfig: Adding: com.android.server.compat.config.Change@c327eda
04-15 17:02:33.383 536 536 D CompatConfig: Adding: com.android.server.compat.config.Change@ac29f0b
04-15 17:02:33.383 536 536 D CompatConfig: Adding: com.android.server.compat.config.Change@ed541e8
04-15 17:02:33.383 536 536 D CompatConfig: Adding: com.android.server.compat.config.Change@c51f001
04-15 17:02:33.384 536 536 D CompatConfig: Adding: com.android.server.compat.config.Change@7c9aea6
04-15 17:02:33.384 536 536 D CompatConfig: Adding: com.android.server.compat.config.Change@e7a20e7
04-15 17:02:33.385 536 536 D CompatConfig: Adding: com.android.server.compat.config.Change@9b09494
04-15 17:02:33.385 536 536 D CompatConfig: Adding: com.android.server.compat.config.Change@bec8b3d
04-15 17:02:33.385 536 536 D CompatConfig: Adding: com.android.server.compat.config.Change@4520f32
04-15 17:02:33.386 536 536 D CompatConfig: Adding: com.android.server.compat.config.Change@a3de483
04-15 17:02:33.386 536 536 D CompatConfig: Adding: com.android.server.compat.config.Change@84c6600
04-15 17:02:33.386 536 536 D CompatConfig: Adding: com.android.server.compat.config.Change@39b9e39
04-15 17:02:33.387 536 536 D CompatConfig: Adding: com.android.server.compat.config.Change@c8dec7e
04-15 17:02:33.387 536 536 D CompatConfig: Adding: com.android.server.compat.config.Change@df045df
04-15 17:02:33.387 536 536 D CompatConfig: Adding: com.android.server.compat.config.Change@e11e22c
04-15 17:02:33.388 536 536 D CompatConfig: Adding: com.android.server.compat.config.Change@a8ee4f5
04-15 17:02:33.388 536 536 D CompatConfig: Adding: com.android.server.compat.config.Change@318528a
04-15 17:02:33.389 536 536 D CompatConfig: Adding: com.android.server.compat.config.Change@b3d60fb
04-15 17:02:33.389 536 536 D CompatConfig: Adding: com.android.server.compat.config.Change@9d0f518
04-15 17:02:33.389 536 536 D CompatConfig: Adding: com.android.server.compat.config.Change@135db71
04-15 17:02:33.390 536 536 D CompatConfig: Adding: com.android.server.compat.config.Change@7310d56
04-15 17:02:33.391 536 536 D CompatConfig: Adding: com.android.server.compat.config.Change@87711d7
04-15 17:02:33.391 536 536 D CompatConfig: Adding: com.android.server.compat.config.Change@56c4ac4
04-15 17:02:33.392 536 536 D CompatConfig: Adding: com.android.server.compat.config.Change@57bbdad
04-15 17:02:33.395 536 536 D CompatConfig: Adding: com.android.server.compat.config.Change@a48a8e2
04-15 17:02:33.397 536 536 D CompatConfig: Adding: com.android.server.compat.config.Change@530f473
04-15 17:02:33.397 536 536 D CompatConfig: Adding: com.android.server.compat.config.Change@4454f30
04-15 17:02:33.398 536 536 D CompatConfig: Adding: com.android.server.compat.config.Change@ec387a9
04-15 17:02:33.398 536 536 D CompatConfig: Adding: com.android.server.compat.config.Change@24c712e
04-15 17:02:33.398 536 536 D CompatConfig: Adding: com.android.server.compat.config.Change@c9c64cf
04-15 17:02:33.398 536 536 D CompatConfig: Adding: com.android.server.compat.config.Change@c682e5c
04-15 17:02:33.399 536 536 D CompatConfig: Adding: com.android.server.compat.config.Change@da3f565
04-15 17:02:33.399 536 536 D CompatConfig: Adding: com.android.server.compat.config.Change@4b2723a
04-15 17:02:33.399 536 536 D CompatConfig: Adding: com.android.server.compat.config.Change@1a47eeb
04-15 17:02:33.400 536 536 D CompatConfig: Adding: com.android.server.compat.config.Change@677d448
04-15 17:02:33.400 536 536 D CompatConfig: Adding: com.android.server.compat.config.Change@b6382e1
04-15 17:02:33.401 536 536 D CompatConfig: Adding: com.android.server.compat.config.Change@6457806
04-15 17:02:33.403 536 536 D CompatConfig: Found a config file: /system/etc/compatconfig/icu4j-platform-compat-config.xml
04-15 17:02:33.404 536 564 I SystemConfig: Reading permissions from /system/etc/permissions/com.android.adservices.sdksandbox.xml
04-15 17:02:33.407 536 564 I SystemConfig: Reading permissions from /system/etc/permissions/com.android.intentresolver.xml
04-15 17:02:33.410 536 564 I SystemConfig: Reading permissions from /system/etc/permissions/org.apache.http.legacy.xml
04-15 17:02:33.413 536 564 I SystemConfig: Reading permissions from /system/etc/permissions/android.software.live_wallpaper.xml
04-15 17:02:33.415 536 536 D CompatConfig: Adding: com.android.server.compat.config.Change@3bfe063
04-15 17:02:33.419 536 564 I SystemConfig: Reading permissions from /system/etc/permissions/android.test.mock.xml
04-15 17:02:33.420 536 536 D CompatConfig: Found a config file: /system/etc/compatconfig/framework-platform-compat-config.xml
04-15 17:02:33.426 536 564 I SystemConfig: Reading permissions from /system/etc/permissions/android.test.runner.xml
04-15 17:02:33.434 536 564 I SystemConfig: Reading permissions from /system/etc/permissions/android.software.webview.xml
04-15 17:02:33.435 536 564 I SystemConfig: Reading permissions from /system/etc/permissions/com.android.networkstack.xml
04-15 17:02:33.439 536 536 D CompatConfig: Adding: com.android.server.compat.config.Change@b1601d5
04-15 17:02:33.439 536 536 D CompatConfig: Adding: com.android.server.compat.config.Change@cabddea
04-15 17:02:33.441 536 536 D CompatConfig: Adding: com.android.server.compat.config.Change@fc6f8db
04-15 17:02:33.441 536 536 D CompatConfig: Adding: com.android.server.compat.config.Change@becdf78
04-15 17:02:33.442 536 536 D CompatConfig: Adding: com.android.server.compat.config.Change@ec1e651
04-15 17:02:33.445 536 536 D CompatConfig: Adding: com.android.server.compat.config.Change@73247b7
04-15 17:02:33.445 536 536 D CompatConfig: Adding: com.android.server.compat.config.Change@cc7b24
04-15 17:02:33.446 536 536 D CompatConfig: Adding: com.android.server.compat.config.Change@66d968d
04-15 17:02:33.446 536 536 D CompatConfig: Adding: com.android.server.compat.config.Change@e964042
04-15 17:02:33.447 536 536 D CompatConfig: Adding: com.android.server.compat.config.Change@299a853
04-15 17:02:33.447 536 536 D CompatConfig: Adding: com.android.server.compat.config.Change@fe82590
04-15 17:02:33.447 536 536 D CompatConfig: Adding: com.android.server.compat.config.Change@eaa0e89
04-15 17:02:33.448 536 536 D CompatConfig: Adding: com.android.server.compat.config.Change@5cc1e8e
04-15 17:02:33.449 536 536 D CompatConfig: Adding: com.android.server.compat.config.Change@90c76af
04-15 17:02:33.449 536 536 D CompatConfig: Adding: com.android.server.compat.config.Change@d20abc
04-15 17:02:33.449 536 536 D CompatConfig: Adding: com.android.server.compat.config.Change@21c0a45
04-15 17:02:33.450 536 536 D CompatConfig: Adding: com.android.server.compat.config.Change@76f959a
04-15 17:02:33.450 536 536 D CompatConfig: Adding: com.android.server.compat.config.Change@933cecb
04-15 17:02:33.450 536 536 D CompatConfig: Adding: com.android.server.compat.config.Change@1316a8
04-15 17:02:33.451 536 536 D CompatConfig: Adding: com.android.server.compat.config.Change@6f805c1
04-15 17:02:33.451 536 536 D CompatConfig: Adding: com.android.server.compat.config.Change@da17166
04-15 17:02:33.451 536 536 D CompatConfig: Adding: com.android.server.compat.config.Change@92e8ca7
04-15 17:02:33.453 536 536 D CompatConfig: Adding: com.android.server.compat.config.Change@7d6f554
04-15 17:02:33.453 536 536 D CompatConfig: Adding: com.android.server.compat.config.Change@83e3cfd
04-15 17:02:33.454 536 536 D CompatConfig: Adding: com.android.server.compat.config.Change@1c33df2
04-15 17:02:33.454 536 536 D CompatConfig: Adding: com.android.server.compat.config.Change@82d4c43
04-15 17:02:33.454 536 536 D CompatConfig: Adding: com.android.server.compat.config.Change@75812c0
04-15 17:02:33.455 536 536 D CompatConfig: Adding: com.android.server.compat.config.Change@6b6abf9
04-15 17:02:33.455 536 536 D CompatConfig: Adding: com.android.server.compat.config.Change@fc3473e
04-15 17:02:33.455 536 536 D CompatConfig: Adding: com.android.server.compat.config.Change@dce699f
04-15 17:02:33.456 536 564 I SystemConfig: Reading permissions from /system/etc/permissions/android.software.window_magnification.xml
04-15 17:02:33.457 536 536 D CompatConfig: Adding: com.android.server.compat.config.Change@50b9aec
04-15 17:02:33.457 536 536 D CompatConfig: Adding: com.android.server.compat.config.Change@dad0eb5
04-15 17:02:33.457 536 536 D CompatConfig: Adding: com.android.server.compat.config.Change@228994a
04-15 17:02:33.458 536 536 D CompatConfig: Adding: com.android.server.compat.config.Change@33a00bb
04-15 17:02:33.458 536 536 D CompatConfig: Adding: com.android.server.compat.config.Change@78d79d8
04-15 17:02:33.458 536 536 D CompatConfig: Adding: com.android.server.compat.config.Change@76ce131
04-15 17:02:33.459 536 536 D CompatConfig: Adding: com.android.server.compat.config.Change@2df0016
04-15 17:02:33.459 536 536 D CompatConfig: Adding: com.android.server.compat.config.Change@1fded97
04-15 17:02:33.459 536 536 D CompatConfig: Adding: com.android.server.compat.config.Change@14c5b84
04-15 17:02:33.463 536 536 D CompatConfig: Adding: com.android.server.compat.config.Change@cc307a2
04-15 17:02:33.464 536 564 I SystemConfig: Reading permissions from /system/etc/permissions/com.android.nfc_extras.xml
04-15 17:02:33.465 536 536 D CompatConfig: Adding: com.android.server.compat.config.Change@4a9cc33
04-15 17:02:33.465 536 536 D CompatConfig: Adding: com.android.server.compat.config.Change@af5abf0
04-15 17:02:33.466 536 536 D CompatConfig: Adding: com.android.server.compat.config.Change@9d8569
04-15 17:02:33.467 536 564 I SystemConfig: Reading permissions from /system/etc/permissions/com.android.documentsui.xml
04-15 17:02:33.470 536 536 D CompatConfig: Adding: com.android.server.compat.config.Change@9edfbee
04-15 17:02:33.471 536 536 D CompatConfig: Adding: com.android.server.compat.config.Change@8a1971c
04-15 17:02:33.471 536 536 D CompatConfig: Adding: com.android.server.compat.config.Change@4800f25
04-15 17:02:33.471 536 536 D CompatConfig: Adding: com.android.server.compat.config.Change@ac1e8fa
04-15 17:02:33.474 536 536 D CompatConfig: Adding: com.android.server.compat.config.Change@5bf0908
04-15 17:02:33.474 536 536 D CompatConfig: Adding: com.android.server.compat.config.Change@b4778a1
04-15 17:02:33.474 536 536 D CompatConfig: Adding: com.android.server.compat.config.Change@1b59ac6
04-15 17:02:33.475 536 536 D CompatConfig: Adding: com.android.server.compat.config.Change@a9f6a87
04-15 17:02:33.475 536 536 D CompatConfig: Adding: com.android.server.compat.config.Change@3bfadb4
04-15 17:02:33.475 536 536 D CompatConfig: Adding: com.android.server.compat.config.Change@cc1fddd
04-15 17:02:33.476 536 536 D CompatConfig: Adding: com.android.server.compat.config.Change@fe09d52
04-15 17:02:33.477 536 536 D CompatConfig: Adding: com.android.server.compat.config.Change@1fe2823
04-15 17:02:33.477 536 536 D CompatConfig: Adding: com.android.server.compat.config.Change@783f120
04-15 17:02:33.478 536 536 D CompatConfig: Adding: com.android.server.compat.config.Change@5659ad9
04-15 17:02:33.478 536 536 D CompatConfig: Adding: com.android.server.compat.config.Change@e473c9e
04-15 17:02:33.478 536 536 D CompatConfig: Adding: com.android.server.compat.config.Change@901237f
04-15 17:02:33.479 536 536 D CompatConfig: Adding: com.android.server.compat.config.Change@186ff4c
04-15 17:02:33.480 536 564 I SystemConfig: Reading permissions from /system/etc/permissions/javax.obex.xml
04-15 17:02:33.482 536 564 I SystemConfig: Reading permissions from /system/etc/permissions/privapp_allowlist_com.android.adservices.api.xml
04-15 17:02:33.483 536 536 D CompatConfig: Adding: com.android.server.compat.config.Change@fe684aa
04-15 17:02:33.486 536 536 D CompatConfig: Adding: com.android.server.compat.config.Change@ccac438
04-15 17:02:33.487 536 536 D CompatConfig: Adding: com.android.server.compat.config.Change@56ecc11
04-15 17:02:33.487 536 536 D CompatConfig: Adding: com.android.server.compat.config.Change@8804176
04-15 17:02:33.487 536 536 D CompatConfig: Adding: com.android.server.compat.config.Change@9d20377
04-15 17:02:33.488 536 536 D CompatConfig: Adding: com.android.server.compat.config.Change@83ebe4
04-15 17:02:33.489 536 536 D CompatConfig: Adding: com.android.server.compat.config.Change@63184d
04-15 17:02:33.489 536 536 D CompatConfig: Adding: com.android.server.compat.config.Change@426ff02
04-15 17:02:33.489 536 536 D CompatConfig: Adding: com.android.server.compat.config.Change@3d96013
04-15 17:02:33.490 536 536 D CompatConfig: Adding: com.android.server.compat.config.Change@85e250
04-15 17:02:33.490 536 536 D CompatConfig: Adding: com.android.server.compat.config.Change@dd5ec49
04-15 17:02:33.490 536 536 D CompatConfig: Adding: com.android.server.compat.config.Change@b8a094e
04-15 17:02:33.491 536 536 D CompatConfig: Adding: com.android.server.compat.config.Change@8efea6f
04-15 17:02:33.491 536 536 D CompatConfig: Adding: com.android.server.compat.config.Change@86ed37c
04-15 17:02:33.491 536 536 D CompatConfig: Adding: com.android.server.compat.config.Change@9880405
04-15 17:02:33.493 536 536 D CompatConfig: Adding: com.android.server.compat.config.Change@1016c5a
04-15 17:02:33.493 536 536 D CompatConfig: Adding: com.android.server.compat.config.Change@43abe8b
04-15 17:02:33.493 536 536 D CompatConfig: Adding: com.android.server.compat.config.Change@d93ab68
04-15 17:02:33.494 536 536 D CompatConfig: Adding: com.android.server.compat.config.Change@89db81
04-15 17:02:33.494 536 536 D CompatConfig: Adding: com.android.server.compat.config.Change@259f426
04-15 17:02:33.494 536 536 D CompatConfig: Adding: com.android.server.compat.config.Change@414b867
04-15 17:02:33.495 536 536 D CompatConfig: Adding: com.android.server.compat.config.Change@3ac1614
04-15 17:02:33.497 536 536 D CompatConfig: Adding: com.android.server.compat.config.Change@677aebd
04-15 17:02:33.497 536 536 D CompatConfig: Adding: com.android.server.compat.config.Change@b612cb2
04-15 17:02:33.497 536 536 D CompatConfig: Adding: com.android.server.compat.config.Change@7aa7403
04-15 17:02:33.498 536 536 D CompatConfig: Adding: com.android.server.compat.config.Change@3e7f80
04-15 17:02:33.498 536 536 D CompatConfig: Adding: com.android.server.compat.config.Change@27579b9
04-15 17:02:33.498 536 536 D CompatConfig: Adding: com.android.server.compat.config.Change@53161fe
04-15 17:02:33.499 536 536 D CompatConfig: Adding: com.android.server.compat.config.Change@a564d5f
04-15 17:02:33.499 536 536 D CompatConfig: Adding: com.android.server.compat.config.Change@8cc13ac
04-15 17:02:33.499 536 536 D CompatConfig: Adding: com.android.server.compat.config.Change@feaf875
04-15 17:02:33.499 536 536 D CompatConfig: Adding: com.android.server.compat.config.Change@e3da00a
04-15 17:02:33.501 536 536 D CompatConfig: Adding: com.android.server.compat.config.Change@8bc607b
04-15 17:02:33.501 536 536 D CompatConfig: Adding: com.android.server.compat.config.Change@7bcbe98
04-15 17:02:33.502 536 536 D CompatConfig: Adding: com.android.server.compat.config.Change@effa6f1
04-15 17:02:33.502 536 536 D CompatConfig: Adding: com.android.server.compat.config.Change@71db2d6
04-15 17:02:33.503 536 536 D CompatConfig: Adding: com.android.server.compat.config.Change@ba68957
04-15 17:02:33.503 536 536 D CompatConfig: Adding: com.android.server.compat.config.Change@40b2c44
04-15 17:02:33.503 536 536 D CompatConfig: Adding: com.android.server.compat.config.Change@d6c12d
04-15 17:02:33.504 536 564 I SystemConfig: Reading permissions from /system/etc/permissions/com.android.media.remotedisplay.xml
04-15 17:02:33.505 536 536 D CompatConfig: Adding: com.android.server.compat.config.Change@1a2662
04-15 17:02:33.505 536 536 D CompatConfig: Adding: com.android.server.compat.config.Change@4a063f3
04-15 17:02:33.505 536 536 D CompatConfig: Adding: com.android.server.compat.config.Change@7b0c8b0
04-15 17:02:33.505 536 536 D CompatConfig: Adding: com.android.server.compat.config.Change@b8b4329
04-15 17:02:33.506 536 536 D CompatConfig: Adding: com.android.server.compat.config.Change@37846ae
04-15 17:02:33.506 536 536 D CompatConfig: Adding: com.android.server.compat.config.Change@8534c4f
04-15 17:02:33.506 536 536 D CompatConfig: Adding: com.android.server.compat.config.Change@d1bfdc
04-15 17:02:33.507 536 536 D CompatConfig: Adding: com.android.server.compat.config.Change@1ebe8e5
04-15 17:02:33.507 536 536 D CompatConfig: Adding: com.android.server.compat.config.Change@8861fba
04-15 17:02:33.507 536 536 D CompatConfig: Adding: com.android.server.compat.config.Change@2a25e6b
04-15 17:02:33.511 536 536 D CompatConfig: Adding: com.android.server.compat.config.Change@af72e61
04-15 17:02:33.511 536 536 D CompatConfig: Adding: com.android.server.compat.config.Change@b667d86
04-15 17:02:33.512 536 536 D CompatConfig: Adding: com.android.server.compat.config.Change@867647
04-15 17:02:33.512 536 536 D CompatConfig: Adding: com.android.server.compat.config.Change@3342e74
04-15 17:02:33.513 536 536 D CompatConfig: Adding: com.android.server.compat.config.Change@5174f9d
04-15 17:02:33.513 536 536 D CompatConfig: Adding: com.android.server.compat.config.Change@59cec12
04-15 17:02:33.513 536 536 D CompatConfig: Adding: com.android.server.compat.config.Change@baa2fe3
04-15 17:02:33.514 536 536 D CompatConfig: Adding: com.android.server.compat.config.Change@e9fbde0
04-15 17:02:33.514 536 536 D CompatConfig: Adding: com.android.server.compat.config.Change@11e4899
04-15 17:02:33.514 536 536 D CompatConfig: Adding: com.android.server.compat.config.Change@359b75e
04-15 17:02:33.515 536 536 D CompatConfig: Adding: com.android.server.compat.config.Change@3c5e73f
04-15 17:02:33.515 536 536 D CompatConfig: Adding: com.android.server.compat.config.Change@172d80c
04-15 17:02:33.515 536 536 D CompatConfig: Adding: com.android.server.compat.config.Change@101d555
04-15 17:02:33.516 536 564 I SystemConfig: Reading permissions from /system/etc/permissions/privapp-permissions-platform.xml
04-15 17:02:33.517 536 536 D CompatConfig: Adding: com.android.server.compat.config.Change@185eb6a
04-15 17:02:33.517 536 536 D CompatConfig: Adding: com.android.server.compat.config.Change@1bbb85b
04-15 17:02:33.517 536 536 D CompatConfig: Adding: com.android.server.compat.config.Change@7b68f8
04-15 17:02:33.518 536 536 D CompatConfig: Adding: com.android.server.compat.config.Change@65771d1
04-15 17:02:33.518 536 536 D CompatConfig: Adding: com.android.server.compat.config.Change@8f5436
04-15 17:02:33.518 536 536 D CompatConfig: Adding: com.android.server.compat.config.Change@737f37
04-15 17:02:33.529 536 536 D CompatConfig: Found a config file: /system/system_ext/etc/compatconfig/settings-platform-compat-config.xml
04-15 17:02:33.532 536 536 D CompatConfig: Adding: com.android.server.compat.config.Change@c905a0d
04-15 17:02:33.539 536 536 D ApexManagerTiming: getActiveApexInfos_noCache
04-15 17:02:33.546 536 564 I SystemConfig: Reading permissions from /system/etc/permissions/com.android.mediadrm.signer.xml
04-15 17:02:33.561 536 564 I SystemConfig: Reading permissions from /system/etc/permissions/com.android.future.usb.accessory.xml
04-15 17:02:33.556 0 0 I servicemanager: Notifying apexservice they do (previously: don't) have clients when service is guaranteed to be in use
04-15 17:02:33.558 0 0 I AidlLazyServiceRegistrar: Process has 1 (of 1 available) client(s) in use after notification apexservice has clients: 1
04-15 17:02:33.559 0 0 I AidlLazyServiceRegistrar: Shutdown prevented by forcePersist override flag.
04-15 17:02:33.564 0 0 I apexd : getActivePackages received by ApexService
04-15 17:02:33.566 536 564 I SystemConfig: Reading permissions from /system/etc/permissions/platform.xml
04-15 17:02:33.600 536 564 I SystemConfig: Reading permissions from /vendor/etc/permissions/android.hardware.touchscreen.multitouch.jazzhand.xml
04-15 17:02:33.605 536 564 I SystemConfig: Reading permissions from /vendor/etc/permissions/android.hardware.camera.flash-autofocus.xml
04-15 17:02:33.617 536 564 I SystemConfig: Reading permissions from /vendor/etc/permissions/android.hardware.wifi.passpoint.xml
04-15 17:02:33.622 536 564 I SystemConfig: Reading permissions from /vendor/etc/permissions/android.hardware.camera.front.xml
04-15 17:02:33.625 536 564 I SystemConfig: Reading permissions from /vendor/etc/permissions/android.hardware.bluetooth.xml
04-15 17:02:33.630 536 564 I SystemConfig: Reading permissions from /vendor/etc/permissions/android.hardware.bluetooth_le.xml
04-15 17:02:33.633 536 564 I SystemConfig: Reading permissions from /vendor/etc/permissions/android.hardware.identity_credential.xml
04-15 17:02:33.639 536 536 V ApexManagerTiming: getActiveApexInfos_noCache took to complete: 101ms
04-15 17:02:33.641 536 536 D CompatConfig: No directory /apex/com.android.devicelock/etc/compatconfig, skipping
04-15 17:02:33.642 536 536 D CompatConfig: No directory /apex/com.android.vndk.v34/etc/compatconfig, skipping
04-15 17:02:33.643 536 536 D CompatConfig: No directory /apex/com.android.ondevicepersonalization/etc/compatconfig, skipping
04-15 17:02:33.643 536 536 D CompatConfig: No directory /apex/com.android.scheduling/etc/compatconfig, skipping
04-15 17:02:33.644 536 564 I SystemConfig: Reading permissions from /vendor/etc/permissions/handheld_core_hardware.xml
04-15 17:02:33.646 536 536 D CompatConfig: No directory /apex/com.android.healthfitness/etc/compatconfig, skipping
04-15 17:02:33.647 536 536 D CompatConfig: No directory /apex/com.android.extservices/etc/compatconfig, skipping
04-15 17:02:33.651 536 564 I SystemConfig: Reading permissions from /vendor/etc/permissions/android.hardware.camera.raw.xml
04-15 17:02:33.652 536 536 D CompatConfig: Found a config file: /apex/com.android.btservices/etc/compatconfig/bluetoothapk-platform-compat-config.xml
04-15 17:02:33.655 536 564 I SystemConfig: Reading permissions from /vendor/etc/permissions/android.hardware.vulkan.compute.xml
04-15 17:02:33.656 536 536 D CompatConfig: Adding: com.android.server.compat.config.Change@b776f34
04-15 17:02:33.658 536 536 D CompatConfig: Found a config file: /apex/com.android.btservices/etc/compatconfig/bluetooth-compat-config.xml
04-15 17:02:33.663 536 564 I SystemConfig: Reading permissions from /vendor/etc/permissions/android.hardware.biometrics.face.xml
04-15 17:02:33.665 536 564 I SystemConfig: Reading permissions from /vendor/etc/permissions/android.software.opengles.deqp.level.xml
04-15 17:02:33.666 536 536 D CompatConfig: Adding: com.android.server.compat.config.Change@cb64aa0
04-15 17:02:33.669 536 564 I SystemConfig: Reading permissions from /vendor/etc/permissions/android.hardware.camera.concurrent.xml
04-15 17:02:33.671 536 564 I SystemConfig: Reading permissions from /vendor/etc/permissions/android.hardware.vulkan.version.xml
04-15 17:02:33.672 536 536 D CompatConfig: Found a config file: /apex/com.android.btservices/etc/compatconfig/framework-bluetooth-compat-config.xml
04-15 17:02:33.677 536 536 D CompatConfig: Adding: com.android.server.compat.config.Change@8b75f15
04-15 17:02:33.679 536 564 I SystemConfig: Reading permissions from /vendor/etc/permissions/android.hardware.hardware_keystore.xml
04-15 17:02:33.680 536 536 D CompatConfig: No directory /apex/com.android.apex.cts.shim/etc/compatconfig, skipping
04-15 17:02:33.683 536 564 I SystemConfig: Reading permissions from /vendor/etc/permissions/android.software.autofill.xml
04-15 17:02:33.685 536 564 I SystemConfig: Reading permissions from /vendor/etc/permissions/android.software.vulkan.deqp.level.xml
04-15 17:02:33.687 536 564 I SystemConfig: Reading permissions from /vendor/etc/permissions/android.hardware.wifi.xml
04-15 17:02:33.688 536 536 D CompatConfig: Found a config file: /apex/com.android.tethering/etc/compatconfig/connectivity-platform-compat-config.xml
04-15 17:02:33.691 536 564 I SystemConfig: Reading permissions from /vendor/etc/permissions/android.hardware.fingerprint.xml
04-15 17:02:33.692 536 536 D CompatConfig: Adding: com.android.server.compat.config.Change@2d6baf7
04-15 17:02:33.693 536 536 D CompatConfig: Adding: com.android.server.compat.config.Change@46f0d64
04-15 17:02:33.693 536 536 D CompatConfig: Adding: com.android.server.compat.config.Change@8b55bcd
04-15 17:02:33.693 536 536 D CompatConfig: Adding: com.android.server.compat.config.Change@4bebc82
04-15 17:02:33.696 536 536 D CompatConfig: No directory /apex/com.android.tzdata/etc/compatconfig, skipping
04-15 17:02:33.699 536 564 I SystemConfig: Reading permissions from /vendor/etc/permissions/android.hardware.camera.full.xml
04-15 17:02:33.701 536 536 D CompatConfig: Found a config file: /apex/com.android.wifi/etc/compatconfig/wifi-compat-config.xml
04-15 17:02:33.705 536 536 D CompatConfig: Adding: com.android.server.compat.config.Change@da01ece
04-15 17:02:33.705 536 536 D CompatConfig: Adding: com.android.server.compat.config.Change@7e411ef
04-15 17:02:33.705 536 536 D CompatConfig: Adding: com.android.server.compat.config.Change@76ca4fc
04-15 17:02:33.707 536 536 D CompatConfig: No directory /apex/com.android.appsearch/etc/compatconfig, skipping
04-15 17:02:33.709 536 536 D CompatConfig: No directory /apex/com.android.ipsec/etc/compatconfig, skipping
04-15 17:02:33.710 536 536 D CompatConfig: No directory /apex/com.android.media.swcodec/etc/compatconfig, skipping
04-15 17:02:33.710 536 536 D CompatConfig: No directory /apex/com.android.adbd/etc/compatconfig, skipping
04-15 17:02:33.711 536 536 D CompatConfig: No directory /apex/com.android.runtime/etc/compatconfig, skipping
04-15 17:02:33.711 536 536 D CompatConfig: No directory /apex/com.android.sdkext/etc/compatconfig, skipping
04-15 17:02:33.712 536 536 D CompatConfig: No directory /apex/com.android.neuralnetworks/etc/compatconfig, skipping
04-15 17:02:33.713 536 536 D CompatConfig: No directory /apex/com.android.uwb/etc/compatconfig, skipping
04-15 17:02:33.714 536 564 I SystemConfig: Reading permissions from /vendor/etc/permissions/android.hardware.wifi.direct.xml
04-15 17:02:33.716 536 536 D CompatConfig: Found a config file: /apex/com.android.art/etc/compatconfig/libcore-platform-compat-config.xml
04-15 17:02:33.719 536 564 I SystemConfig: Reading permissions from /vendor/etc/permissions/android.hardware.keystore.app_attest_key.xml
04-15 17:02:33.721 536 564 I SystemConfig: Reading permissions from /vendor/etc/permissions/android.hardware.vulkan.level.xml
04-15 17:02:33.722 536 536 D CompatConfig: Adding: com.android.server.compat.config.Change@5d14e8
04-15 17:02:33.722 536 536 D CompatConfig: Adding: com.android.server.compat.config.Change@770c701
04-15 17:02:33.723 536 536 D CompatConfig: Adding: com.android.server.compat.config.Change@36d39a6
04-15 17:02:33.723 536 536 D CompatConfig: Adding: com.android.server.compat.config.Change@9764fe7
04-15 17:02:33.723 536 536 D CompatConfig: Adding: com.android.server.compat.config.Change@7629794
04-15 17:02:33.723 536 536 D CompatConfig: Adding: com.android.server.compat.config.Change@fa1d23d
04-15 17:02:33.727 536 536 D CompatConfig: Adding: com.android.server.compat.config.Change@e234a32
04-15 17:02:33.727 536 536 D CompatConfig: Adding: com.android.server.compat.config.Change@a4e0383
04-15 17:02:33.727 536 536 D CompatConfig: Adding: com.android.server.compat.config.Change@29b9900
04-15 17:02:33.727 536 536 D CompatConfig: Adding: com.android.server.compat.config.Change@ade5539
04-15 17:02:33.728 536 536 D CompatConfig: Adding: com.android.server.compat.config.Change@1b7d77e
04-15 17:02:33.731 536 564 I SystemConfig: Reading permissions from /product/etc/sysconfig/preinstalled-packages-platform-telephony-product.xml
04-15 17:02:33.733 536 564 I SystemConfig: Reading permissions from /product/etc/sysconfig/preinstalled-packages-platform-overlays.xml
04-15 17:02:33.737 536 536 D CompatConfig: No directory /apex/com.android.media/etc/compatconfig, skipping
04-15 17:02:33.738 536 536 D CompatConfig: No directory /apex/com.android.permission/etc/compatconfig, skipping
04-15 17:02:33.738 536 536 D CompatConfig: No directory /apex/com.android.adservices/etc/compatconfig, skipping
04-15 17:02:33.740 536 536 D CompatConfig: Found a config file: /apex/com.android.mediaprovider/etc/compatconfig/media-provider-platform-compat-config.xml
04-15 17:02:33.742 536 564 I SystemConfig: Reading permissions from /product/etc/sysconfig/initial-package-stopped-states-aosp.xml
04-15 17:02:33.746 536 536 D CompatConfig: Adding: com.android.server.compat.config.Change@b525ffb
04-15 17:02:33.746 536 536 D CompatConfig: Adding: com.android.server.compat.config.Change@2738818
04-15 17:02:33.746 536 536 D CompatConfig: Adding: com.android.server.compat.config.Change@9387271
04-15 17:02:33.746 536 536 D CompatConfig: Adding: com.android.server.compat.config.Change@44d5856
04-15 17:02:33.746 536 536 D CompatConfig: Adding: com.android.server.compat.config.Change@e5d00d7
04-15 17:02:33.747 536 536 D CompatConfig: Adding: com.android.server.compat.config.Change@1250dc4
04-15 17:02:33.747 536 536 D CompatConfig: Adding: com.android.server.compat.config.Change@90c4ad
04-15 17:02:33.749 536 536 D CompatConfig: No directory /apex/com.android.virt/etc/compatconfig, skipping
04-15 17:02:33.750 536 536 D CompatConfig: No directory /apex/com.android.conscrypt/etc/compatconfig, skipping
04-15 17:02:33.750 536 536 D CompatConfig: No directory /apex/com.android.cellbroadcast/etc/compatconfig, skipping
04-15 17:02:33.750 536 536 D CompatConfig: No directory /apex/com.android.configinfrastructure/etc/compatconfig, skipping
04-15 17:02:33.751 536 536 D CompatConfig: No directory /apex/com.android.os.statsd/etc/compatconfig, skipping
04-15 17:02:33.751 536 536 D CompatConfig: No directory /apex/com.android.resolv/etc/compatconfig, skipping
04-15 17:02:33.751 536 536 D CompatConfig: No directory /apex/com.android.i18n/etc/compatconfig, skipping
04-15 17:02:33.751 536 536 D CompatConfig: No directory /apex/com.android.rkpd/etc/compatconfig, skipping
04-15 17:02:33.754 536 564 I SystemConfig: Reading permissions from /product/etc/sysconfig/preinstalled-packages-platform-handheld-product.xml
04-15 17:02:33.763 536 536 V SystemServerTiming: PlatformCompat took to complete: 508ms
04-15 17:02:33.763 536 536 D SystemServerTiming: StartFileIntegrityService
04-15 17:02:33.765 536 564 I SystemConfig: Reading permissions from /product/etc/sysconfig/preinstalled-packages-platform-aosp-product.xml
04-15 17:02:33.766 536 536 I SystemServiceManager: Starting com.android.server.security.FileIntegrityService
04-15 17:02:33.772 536 564 I SystemConfig: Reading permissions from /product/etc/permissions/com.android.dialer.xml
04-15 17:02:33.778 536 536 V SystemServerTiming: StartFileIntegrityService took to complete: 14ms
04-15 17:02:33.778 536 536 D SystemServerTiming: StartInstaller
04-15 17:02:33.778 536 536 I SystemServiceManager: Starting com.android.server.pm.Installer
04-15 17:02:33.782 536 564 I SystemConfig: Reading permissions from /product/etc/permissions/com.android.contacts.xml
04-15 17:02:33.789 536 564 I SystemConfig: Reading permissions from /product/etc/permissions/android.software.verified_boot.xml
04-15 17:02:33.791 536 564 I SystemConfig: Reading permissions from /product/etc/permissions/com.android.settings.intelligence.xml
04-15 17:02:33.792 432 451 D installd: Found quota mount /dev/block/dm-38 at /data
04-15 17:02:33.796 432 451 D installd: Found quota mount /dev/block/dm-38 at /data/user/0
04-15 17:02:33.803 536 564 I SystemConfig: Reading permissions from /product/etc/permissions/com.android.imsserviceentitlement.xml
04-15 17:02:33.805 536 536 V SystemServerTiming: StartInstaller took to complete: 21ms
04-15 17:02:33.805 536 536 D SystemServerTiming: DeviceIdentifiersPolicyService
04-15 17:02:33.805 536 536 I SystemServiceManager: Starting com.android.server.os.DeviceIdentifiersPolicyService
04-15 17:02:33.807 536 536 V SystemServerTiming: DeviceIdentifiersPolicyService took to complete: 2ms
04-15 17:02:33.807 536 536 D SystemServerTiming: UriGrantsManagerService
04-15 17:02:33.807 536 536 I SystemServiceManager: Starting com.android.server.uri.UriGrantsManagerService$Lifecycle
04-15 17:02:33.811 536 564 I SystemConfig: Reading permissions from /product/etc/permissions/privapp-permissions-goldfish.xml
04-15 17:02:33.814 536 564 W SystemConfig: No directory /system_ext/etc/sysconfig, skipping
04-15 17:02:33.819 536 564 I SystemConfig: Reading permissions from /system_ext/etc/permissions/com.android.sdksetup.xml
04-15 17:02:33.820 536 536 V SystemServerTiming: UriGrantsManagerService took to complete: 13ms
04-15 17:02:33.820 536 536 D SystemServerTiming: StartPowerStatsService
04-15 17:02:33.820 536 536 I SystemServiceManager: Starting com.android.server.powerstats.PowerStatsService
04-15 17:02:33.831 0 0 I servicemanager: Found android.hardware.power.stats.IPowerStats/default in device VINTF manifest.
04-15 17:02:33.828 536 564 I SystemConfig: Reading permissions from /system_ext/etc/permissions/com.android.settings.xml
04-15 17:02:33.833 536 536 V SystemServerTiming: StartPowerStatsService took to complete: 12ms
04-15 17:02:33.833 536 536 D SystemServerTiming: StartIStatsService
04-15 17:02:33.835 536 564 I SystemConfig: Reading permissions from /system_ext/etc/permissions/com.android.systemui.xml
04-15 17:02:33.839 536 564 I SystemConfig: Reading permissions from /system_ext/etc/permissions/com.android.emulator.radio.config.xml
04-15 17:02:33.843 133 133 I hwservicemanager: getTransport: Cannot find entry android.frameworks.stats@1.0::IStats/default in either framework or device VINTF manifest.
04-15 17:02:33.846 536 536 E HidlServiceManagement: Service android.frameworks.stats@1.0::IStats/default must be in VINTF manifest in order to register/get.
04-15 17:02:33.848 536 536 W system_server: Cannot register HIDL android.frameworks.stats@1.0::IStats: -2147483648
04-15 17:02:33.850 536 536 V SystemServerTiming: StartIStatsService took to complete: 18ms
04-15 17:02:33.851 536 536 D SystemServerTiming: MemtrackProxyService
04-15 17:02:33.854 536 564 I SystemConfig: Reading permissions from /system_ext/etc/permissions/androidx.window.extensions.xml
04-15 17:02:33.859 0 0 I servicemanager: Found android.frameworks.stats.IStats/default in framework VINTF manifest.
04-15 17:02:33.860 0 0 I servicemanager: Could not find android.hardware.memtrack.IMemtrack/default in the VINTF manifest.
04-15 17:02:33.857 133 133 I hwservicemanager: getTransport: Cannot find entry android.hardware.memtrack@1.0::IMemtrack/default in either framework or device VINTF manifest.
04-15 17:02:33.858 536 536 I Stability: Interface set with vintf stability downgraded to system stability stability
04-15 17:02:33.859 536 536 V SystemServerTiming: MemtrackProxyService took to complete: 8ms
04-15 17:02:33.859 536 536 D SystemServerTiming: StartAccessCheckingService
04-15 17:02:33.859 536 536 I SystemServiceManager: Starting com.android.server.permission.access.AccessCheckingService
04-15 17:02:33.862 536 564 I SystemConfig: Reading permissions from /system_ext/etc/permissions/com.android.launcher3.xml
04-15 17:02:33.865 536 564 I SystemConfig: Reading permissions from /system_ext/etc/permissions/androidx.window.sidecar.xml
04-15 17:02:33.869 536 564 I SystemConfig: Reading permissions from /system_ext/etc/permissions/com.android.emergency.xml
04-15 17:02:33.873 536 564 I SystemConfig: Reading permissions from /system_ext/etc/permissions/com.android.storagemanager.xml
04-15 17:02:33.876 536 536 V SystemServerTiming: StartAccessCheckingService took to complete: 17ms
04-15 17:02:33.876 536 536 D SystemServerTiming: StartActivityManager
04-15 17:02:33.877 536 536 I SystemServiceManager: Starting com.android.server.wm.ActivityTaskManagerService$Lifecycle
04-15 17:02:33.881 536 564 I SystemConfig: Reading permissions from /system_ext/etc/permissions/com.android.carrierconfig.xml
04-15 17:02:33.889 536 564 I SystemConfig: Reading permissions from /apex/com.android.ipsec/etc/permissions/android.net.ipsec.ike.xml
04-15 17:02:33.894 536 564 I SystemConfig: Reading permissions from /apex/com.android.mediaprovider/etc/permissions/privapp_allowlist_com.android.providers.media.module.xml
04-15 17:02:33.903 536 564 I SystemConfig: Reading permissions from /apex/com.android.extservices/etc/permissions/privapp_allowlist_android.ext.services.xml
04-15 17:02:33.906 536 536 I SystemServiceManager: Starting com.android.server.am.ActivityManagerService$Lifecycle
04-15 17:02:33.912 536 564 I SystemConfig: Reading permissions from /apex/com.android.tethering/etc/permissions/permissions.xml
04-15 17:02:33.919 536 564 I SystemConfig: Reading permissions from /apex/com.android.cellbroadcast/etc/permissions/privapp_allowlist_com.android.cellbroadcastreceiver.module.xml
04-15 17:02:33.923 536 564 I SystemConfig: Reading permissions from /apex/com.android.cellbroadcast/etc/permissions/privapp_allowlist_com.android.cellbroadcastservice.xml
04-15 17:02:33.926 536 536 I ActivityManager: Memory class: 192
04-15 17:02:33.931 536 567 D CompatibilityChangeReporter: Compat change id reported: 3400644; UID 1000; state: ENABLED
04-15 17:02:33.934 536 564 I SystemConfig: Reading permissions from /apex/com.android.adservices/etc/permissions/privapp_allowlist_com.android.adservices.api.xml
04-15 17:02:33.941 536 564 I SystemConfig: Reading permissions from /apex/com.android.permission/etc/permissions/privapp_allowlist_com.android.permissioncontroller.xml
04-15 17:02:33.947 536 564 I SystemConfig: Reading permissions from /apex/com.android.btservices/etc/permissions/privapp_allowlist_com.android.bluetooth.xml
04-15 17:02:33.962 536 567 I Binder : Setting heavy hitter watcher config: false, 0, 0.0
04-15 17:02:33.965 536 564 I SystemConfig: Reading permissions from /apex/com.android.devicelock/etc/permissions/privapp_allowlist_com.android.devicelockcontroller.xml
04-15 17:02:33.970 536 564 I SystemConfig: Reading permissions from /apex/com.android.healthfitness/etc/permissions/privapp_allowlist_com.android.healthconnect.controller.xml
04-15 17:02:33.983 536 564 W SystemConfig: Failed to read public libraries file /vendor/etc/public.libraries.txt
04-15 17:02:33.983 536 564 W SystemConfig: java.io.FileNotFoundException: /vendor/etc/public.libraries.txt: open failed: ENOENT (No such file or directory)
04-15 17:02:33.983 536 564 W SystemConfig: at libcore.io.IoBridge.open(IoBridge.java:574)
04-15 17:02:33.983 536 564 W SystemConfig: at java.io.FileInputStream.(FileInputStream.java:160)
04-15 17:02:33.983 536 564 W SystemConfig: at java.io.FileReader.(FileReader.java:75)
04-15 17:02:33.983 536 564 W SystemConfig: at com.android.server.SystemConfig.readPublicLibrariesListFile(SystemConfig.java:1818)
04-15 17:02:33.983 536 564 W SystemConfig: at com.android.server.SystemConfig.readPublicNativeLibrariesList(SystemConfig.java:1800)
04-15 17:02:33.983 536 564 W SystemConfig: at com.android.server.SystemConfig.(SystemConfig.java:565)
04-15 17:02:33.983 536 564 W SystemConfig: at com.android.server.SystemConfig.getInstance(SystemConfig.java:366)
