04-15 17:04:15.242 896 896 V WindowManagerShell: Adding init callback for DragAndDropController
04-15 17:04:15.333 896 896 V WindowManagerShell: Adding init callback for CompatUIController
04-15 17:04:15.403 447 490 D C2SoftH263Enc: Given level 3004 does not cover current configuration: adjusting to 3003
04-15 17:04:15.408 896 896 V WindowManagerShell: Adding init callback for RecentTasksController
04-15 17:04:15.425 536 609 D PackageManager: Instant App installer not found with android.intent.action.INSTALL_INSTANT_APP_PACKAGE
04-15 17:04:15.425 536 609 D PackageManager: Clear ephemeral installer activity
04-15 17:04:15.433 896 896 V WindowManagerShell: Adding init callback for ShellTaskOrganizer
04-15 17:04:15.507 447 490 I mediaswcodec: missing struct descriptor #Param::CoreIndex(--004) for field values of struct #Param::CoreIndex(F-12004)
04-15 17:04:15.527 447 490 I mediaswcodec: missing struct descriptor #Param::CoreIndex(--1812) for field values of struct #Param::CoreIndex(F-11812)
04-15 17:04:15.631 896 896 V WindowManagerShell: Adding init callback for OneHandedController
04-15 17:04:15.646 536 552 I ActivityManager: Flag disabled. Ignoring finishAttachApplication from uid: 10134. pid: 911
04-15 17:04:15.741 896 896 V WindowManagerShell: Adding init callback for DefaultTransitionHandler
04-15 17:04:15.742 896 896 V WindowManagerShell: addHandler: Default
04-15 17:04:15.743 896 896 V WindowManagerShell: addHandler: Remote
04-15 17:04:15.746 896 896 V WindowManagerShell: Adding init callback for Transitions
04-15 17:04:15.794 896 896 V WindowManagerShell: Adding init callback for BubbleController
04-15 17:04:15.809 896 896 V WindowManagerShell: Adding init callback for SplitScreenController
04-15 17:04:15.813 911 937 I RuntimePermissions: observing UserPackageInfoLiveData for 0 in RuntimePermissionsUpgradeController
04-15 17:04:15.882 536 552 D CompatibilityChangeReporter: Compat change id reported: 161145287; UID 10118; state: ENABLED
04-15 17:04:15.885 896 896 D CompatibilityChangeReporter: Compat change id reported: 160794467; UID 10118; state: ENABLED
04-15 17:04:15.951 896 896 V WindowManagerShell: Adding init callback for PipTransition
04-15 17:04:15.974 896 896 V WindowManagerShell: Adding init callback for PipTouchHandler
04-15 17:04:15.983 896 896 V WindowManagerShell: Adding init callback for DevicePostureController
04-15 17:04:15.988 896 896 V WindowManagerShell: Adding init callback for TabletopModeController
04-15 17:04:15.996 896 896 V WindowManagerShell: Adding init callback for PipController
04-15 17:04:16.015 896 896 V WindowManagerShell: Adding init callback for FullscreenTaskListener
04-15 17:04:16.043 896 896 V WindowManagerShell: Adding init callback for FreeformTaskTransitionHandler
04-15 17:04:16.044 447 490 I C2SoftVpxEnc: setting temporal layering 0 + 0
04-15 17:04:16.051 896 896 V WindowManagerShell: Adding init callback for RecentsTransitionHandler
04-15 17:04:16.066 896 896 V WindowManagerShell: Adding init callback for ActivityEmbeddingController
04-15 17:04:16.113 896 896 V WindowManagerShell: Adding init callback for StartingWindowController
04-15 17:04:16.115 896 896 V WindowManagerShell: Adding init callback for ProtoLogController
04-15 17:04:16.122 896 896 V WindowManagerShell: Adding init callback for KeyguardTransitionHandler
04-15 17:04:16.129 447 490 I C2SoftVpxEnc: setting temporal layering 0 + 0
04-15 17:04:16.134 896 896 V WindowManagerShell: Adding init callback for DefaultMixedHandler
04-15 17:04:16.146 437 492 D MediaCodecsXmlParser: parsing /apex/com.android.media.swcodec/etc/media_codecs.xml...
04-15 17:04:16.167 896 896 V WindowManagerShell: Adding init callback for BackAnimationController
04-15 17:04:16.169 437 492 D MediaCodecsXmlParser: disabling c2.android.gsm.decoder
04-15 17:04:16.175 896 931 V WindowManagerShell: Initializing Shell Components: 28
04-15 17:04:16.177 437 492 D MediaCodecsXmlParser: disabling c2.android.mpeg2.decoder
04-15 17:04:16.179 437 492 D MediaCodecsXmlParser: disabling c2.android.av1.encoder
04-15 17:04:16.179 437 492 I MediaCodecsXmlParser: codec c2.android.av1.encoder enabled, device sdk 35 >= required 34
04-15 17:04:16.183 896 931 V WindowManagerShell: DisplayChangeController init took 2ms
04-15 17:04:16.185 437 492 I MediaCodecsXmlParser: Did not find media_codecs_performance.xml in search path
04-15 17:04:16.185 437 492 I MediaCodecsXmlParser: Did not find media_codecs_c2.xml in search path
04-15 17:04:16.186 437 492 D MediaCodecsXmlParser: parsing /vendor/etc/media_codecs_performance_c2.xml...
04-15 17:04:16.190 437 492 D MediaCodecsXmlParser: parsing /vendor/etc/media_codecs.xml...
04-15 17:04:16.199 896 931 V WindowManagerShell: DisplayController init took 15ms
04-15 17:04:16.201 437 492 D MediaCodecsXmlParser: Ignoring unrecognized tag at line 85 of /vendor/etc/media_codecs.xml
04-15 17:04:16.201 437 492 D MediaCodecsXmlParser: Ignoring unrecognized tag at line 88 of /vendor/etc/media_codecs.xml
04-15 17:04:16.201 437 492 D MediaCodecsXmlParser: Ignoring unrecognized tag at line 91 of /vendor/etc/media_codecs.xml
04-15 17:04:16.201 437 492 D MediaCodecsXmlParser: Ignoring unrecognized tag at line 95 of /vendor/etc/media_codecs.xml
04-15 17:04:16.201 437 492 D MediaCodecsXmlParser: Ignoring unrecognized tag at line 98 of /vendor/etc/media_codecs.xml
04-15 17:04:16.201 437 492 D MediaCodecsXmlParser: Ignoring unrecognized tag at line 101 of /vendor/etc/media_codecs.xml
04-15 17:04:16.201 437 492 D MediaCodecsXmlParser: Ignoring unrecognized tag at line 104 of /vendor/etc/media_codecs.xml
04-15 17:04:16.202 437 492 D MediaCodecsXmlParser: parsing /vendor/etc/media_codecs_google_tv.xml...
04-15 17:04:16.202 437 492 D MediaCodecsXmlParser: unable to open media codecs configuration xml file: /vendor/etc/media_codecs_google_tv.xml
04-15 17:04:16.202 437 492 D MediaCodecsXmlParser: parsing /vendor/etc/media_codecs_google_audio.xml...
04-15 17:04:16.205 437 492 D MediaCodecsXmlParser: parsing /vendor/etc/media_codecs_google_telephony.xml...
04-15 17:04:16.208 437 492 D MediaCodecsXmlParser: parsing /vendor/etc/media_codecs_google_video.xml...
04-15 17:04:16.210 896 931 V WindowManagerShell: DisplayInsetsController init took 11ms
04-15 17:04:16.211 896 931 V WindowManagerShell: DisplayImeController init took 0ms
04-15 17:04:16.216 896 931 V WindowManagerShell: Adding dump callback for ShellController
04-15 17:04:16.217 896 931 V WindowManagerShell: ShellController init took 1ms
04-15 17:04:16.218 896 931 V WindowManagerShell: Adding external interface from DragAndDropController with key extra_shell_drag_and_drop
04-15 17:04:16.218 896 931 V WindowManagerShell: Adding dump callback for DragAndDropController
04-15 17:04:16.219 896 931 V WindowManagerShell: DragAndDropController init took 1ms
04-15 17:04:16.224 896 931 V WindowManagerShell: Adding command class compatui for CompatUIShellCommandHandler
04-15 17:04:16.224 896 931 V WindowManagerShell: CompatUIController init took 6ms
04-15 17:04:16.225 896 931 V WindowManagerShell: Adding external interface from RecentTasksController with key extra_shell_recent_tasks
04-15 17:04:16.226 896 931 V WindowManagerShell: Adding dump callback for RecentTasksController
04-15 17:04:16.228 437 492 D MediaCodecsXmlParser: parsing /vendor/etc/media_codecs_performance.xml...
04-15 17:04:16.230 896 931 V WindowManagerShell: RecentTasksController init took 5ms
04-15 17:04:16.230 896 931 V WindowManagerShell: Adding dump callback for ShellTaskOrganizer
04-15 17:04:16.233 437 492 I MediaCodecsXmlParser: Did not find media_codecs_shaping.xml in search path
04-15 17:04:16.234 437 492 I MediaCodecsXmlParser: Did not find media_codecs_shaping.xml in search path
04-15 17:04:16.251 896 931 V WindowManagerShell: ShellTaskOrganizer init took 21ms
04-15 17:04:16.253 896 931 V WindowManagerShell: Adding dump callback for OneHandedController
04-15 17:04:16.256 336 336 I GoldfishComponentStore: in init
04-15 17:04:16.256 336 336 I GoldfishComponentStore: loading dll of path libcodec2_goldfish_avcdec.so
04-15 17:04:16.258 336 336 I GoldfishComponentStore: Create()
04-15 17:04:16.262 336 336 I GoldfishComponentStore: created interface
04-15 17:04:16.268 336 336 I GoldfishComponentStore: created interface
04-15 17:04:16.270 336 336 E Codec2-FilterWrapper: plugin not OK: -19
04-15 17:04:16.281 437 492 I Codec2InfoBuilder: adding type 'video/avc'
04-15 17:04:16.316 385 417 D PermissionCache: checking android.permission.ROTATE_SURFACE_FLINGER for uid=10118 => granted (7728 us)
04-15 17:04:16.322 336 336 I GoldfishComponentStore: in ~ComponentModule
04-15 17:04:16.322 336 336 I GoldfishComponentStore: unloading dll
04-15 17:04:16.324 385 417 D PermissionCache: checking android.permission.INTERNAL_SYSTEM_WINDOW for uid=10118 => granted (7316 us)
04-15 17:04:16.335 385 417 D PermissionCache: checking android.permission.ACCESS_SURFACE_FLINGER for uid=10118 => granted (10657 us)
04-15 17:04:16.336 336 394 I GoldfishComponentStore: in init
04-15 17:04:16.336 336 394 I GoldfishComponentStore: loading dll of path libcodec2_goldfish_hevcdec.so
04-15 17:04:16.338 336 394 I GoldfishComponentStore: Create()
04-15 17:04:16.344 336 394 I GoldfishComponentStore: created interface
04-15 17:04:16.349 336 394 I GoldfishComponentStore: created interface
04-15 17:04:16.369 437 492 I Codec2InfoBuilder: adding type 'video/hevc'
04-15 17:04:16.383 896 931 V WindowManagerShell: Adding external interface from OneHandedController with key extra_shell_one_handed
04-15 17:04:16.387 336 394 I GoldfishComponentStore: in ~ComponentModule
04-15 17:04:16.387 336 394 I GoldfishComponentStore: unloading dll
04-15 17:04:16.388 896 931 V WindowManagerShell: OneHandedController init took 131ms
04-15 17:04:16.396 336 940 I GoldfishComponentStore: in init
04-15 17:04:16.396 336 940 I GoldfishComponentStore: loading dll of path libcodec2_goldfish_vp8dec.so
04-15 17:04:16.397 336 940 I GoldfishComponentStore: Create()
04-15 17:04:16.398 336 940 I C2GoldfishVpxDec: platform store is 0x77b97a2d8fc8, reflector is 0x77b8ba2dc4b8
04-15 17:04:16.402 336 940 I GoldfishComponentStore: created interface
04-15 17:04:16.405 336 940 I GoldfishComponentStore: created interface
04-15 17:04:16.417 896 931 V WindowManagerShell: DefaultTransitionHandler init took 28ms
04-15 17:04:16.424 896 931 V WindowManagerShell: Adding external interface from Transitions with key extra_shell_shell_transitions
04-15 17:04:16.431 437 492 I Codec2InfoBuilder: adding type 'video/x-vnd.on2.vp8'
04-15 17:04:16.433 536 592 W BroadcastLoopers: Found previously unknown looper Thread[PackageManager,5,main]
04-15 17:04:16.437 336 394 I GoldfishComponentStore: in ~ComponentModule
04-15 17:04:16.437 336 394 I GoldfishComponentStore: unloading dll
04-15 17:04:16.440 336 940 I GoldfishComponentStore: in init
04-15 17:04:16.440 336 940 I GoldfishComponentStore: loading dll of path libcodec2_goldfish_vp9dec.so
04-15 17:04:16.441 336 940 I GoldfishComponentStore: Create()
04-15 17:04:16.442 336 940 I C2GoldfishVpxDec: platform store is 0x77b97a2dfc68, reflector is 0x77b8ba2db568
04-15 17:04:16.456 336 940 I GoldfishComponentStore: created interface
04-15 17:04:16.482 336 940 I GoldfishComponentStore: created interface
04-15 17:04:16.500 437 492 I Codec2InfoBuilder: adding type 'video/x-vnd.on2.vp9'
04-15 17:04:16.522 896 931 V WindowManagerShell: Adding command class transitions for Transitions
04-15 17:04:16.522 896 931 V WindowManagerShell: Transitions init took 99ms
04-15 17:04:16.552 336 940 I GoldfishComponentStore: in ~ComponentModule
04-15 17:04:16.553 336 940 I GoldfishComponentStore: unloading dll
04-15 17:04:16.641 437 492 I Codec2InfoBuilder: adding type 'audio/mp4a-latm'
04-15 17:04:16.746 437 492 I Codec2InfoBuilder: adding type 'audio/mp4a-latm'
04-15 17:04:16.748 536 551 W system_server: Long monitor contention with owner ActivityManager (567) at void com.android.server.am.BroadcastQueueModernImpl.checkPendingColdStartValidity()(BroadcastQueueModernImpl.java:551) waiters=0 in android.content.Intent com.android.server.am.ActivityManagerService.registerReceiverWithFeature(android.app.IApplicationThread, java.lang.String, java.lang.String, java.lang.String, android.content.IIntentReceiver, android.content.IntentFilter, java.lang.String, int, int) for 215ms
04-15 17:04:16.762 896 931 V WindowManagerShell: Adding external interface from BubbleController with key extra_shell_bubbles
04-15 17:04:16.763 896 931 V WindowManagerShell: Adding dump callback for BubbleController
04-15 17:04:16.763 896 931 V WindowManagerShell: BubbleController init took 241ms
04-15 17:04:16.763 896 931 V WindowManagerShell: Adding dump callback for SplitScreenController
04-15 17:04:16.763 896 931 V WindowManagerShell: Adding command class splitscreen for SplitScreenController
04-15 17:04:16.776 896 931 V WindowManagerShell: Adding external interface from SplitScreenController with key extra_shell_split_screen
04-15 17:04:16.919 437 492 I Codec2InfoBuilder: adding type 'audio/3gpp'
04-15 17:04:16.939 896 931 V WindowManagerShell: addHandler: StageCoordinator
04-15 17:04:16.971 896 931 D CompatibilityChangeReporter: Compat change id reported: 147798919; UID 10118; state: ENABLED
04-15 17:04:16.971 896 931 V WindowManagerShell: SplitScreenController init took 208ms
04-15 17:04:16.971 896 931 V WindowManagerShell: addHandler: PipTransition
04-15 17:04:16.975 437 492 I Codec2InfoBuilder: adding type 'audio/3gpp'
04-15 17:04:16.975 896 931 V WindowManagerShell: PipTransition init took 0ms
04-15 17:04:17.041 437 492 I Codec2InfoBuilder: adding type 'audio/amr-wb'
04-15 17:04:17.042 896 931 V WindowManagerShell: PipTouchHandler init took 62ms
04-15 17:04:17.043 896 931 V WindowManagerShell: DevicePostureController init took 1ms
04-15 17:04:17.043 896 931 V WindowManagerShell: TabletopModeController init took 0ms
04-15 17:04:17.045 896 931 V WindowManagerShell: Adding dump callback for PipController
04-15 17:04:17.047 536 566 W BroadcastLoopers: Found previously unknown looper Thread[android.bg,5,main]
04-15 17:04:17.077 896 931 V WindowManagerShell: Adding external interface from PipController with key extra_shell_pip
04-15 17:04:17.077 896 931 V WindowManagerShell: PipController init took 33ms
04-15 17:04:17.077 896 931 V WindowManagerShell: FullscreenTaskListener init took 1ms
04-15 17:04:17.078 896 931 V WindowManagerShell: FreeformTaskTransitionHandler init took 0ms
04-15 17:04:17.078 896 931 V WindowManagerShell: addHandler: RecentsTransitionHandler
04-15 17:04:17.078 896 931 V WindowManagerShell: RecentsTransitionHandler init took 0ms
04-15 17:04:17.078 896 931 V WindowManagerShell: addHandler: ActivityEmbeddingController
04-15 17:04:17.078 896 931 V WindowManagerShell: ActivityEmbeddingController init took 1ms
04-15 17:04:17.079 896 931 V WindowManagerShell: Adding external interface from StartingWindowController with key extra_shell_starting_window
04-15 17:04:17.079 896 931 V WindowManagerShell: StartingWindowController init took 0ms
04-15 17:04:17.079 896 931 V WindowManagerShell: Adding command class protolog for ProtoLogController
04-15 17:04:17.079 896 931 V WindowManagerShell: ProtoLogController init took 0ms
04-15 17:04:17.079 896 931 V WindowManagerShell: addHandler: KeyguardTransitionHandler
04-15 17:04:17.079 896 931 V WindowManagerShell: KeyguardTransitionHandler init took 0ms
04-15 17:04:17.084 896 931 V WindowManagerShell: addHandler: DefaultMixedHandler
04-15 17:04:17.085 896 931 V WindowManagerShell: DefaultMixedHandler init took 5ms
04-15 17:04:17.095 896 931 D ShellBackPreview: Back animation enabled=false
04-15 17:04:17.101 896 931 V WindowManagerShell: Adding external interface from BackAnimationController with key extra_shell_back_animation
04-15 17:04:17.119 896 931 V WindowManagerShell: BackAnimationController init took 35ms
04-15 17:04:17.121 437 492 I Codec2InfoBuilder: adding type 'audio/amr-wb'
04-15 17:04:17.124 896 931 W Looper : Slow dispatch took 951ms wmshell.main h=android.os.Handler c=com.android.wm.shell.common.ShellExecutor$$ExternalSyntheticLambda0@2f81980 m=0
04-15 17:04:17.125 896 931 V WindowManagerShell: Display added: 0
04-15 17:04:17.180 437 492 I Codec2InfoBuilder: adding type 'video/av01'
04-15 17:04:17.187 896 931 D CompatibilityChangeReporter: Compat change id reported: 237531167; UID 10118; state: DISABLED
04-15 17:04:17.209 896 931 W OpenGLRenderer: Unknown dataspace 0
04-15 17:04:17.264 437 492 I Codec2InfoBuilder: adding type 'video/av01'
04-15 17:04:17.269 536 551 D CompatibilityChangeReporter: Compat change id reported: 171306433; UID 1000; state: ENABLED
04-15 17:04:17.303 536 552 D GameManagerService: User ID '0' does not have a Game Mode selected for package: 'com.android.systemui'
04-15 17:04:17.348 437 492 I Codec2InfoBuilder: adding type 'video/avc'
04-15 17:04:17.419 896 931 W Looper : Slow delivery took 907ms wmshell.main h=android.os.Handler c=com.android.wm.shell.draganddrop.DragAndDropController$$ExternalSyntheticLambda0@3863062 m=0
04-15 17:04:17.425 896 931 W Looper : Slow dispatch took 294ms wmshell.main h=android.os.Handler c=com.android.wm.shell.draganddrop.DragAndDropController$$ExternalSyntheticLambda0@3863062 m=0
04-15 17:04:17.428 447 490 I mediaswcodec: missing struct descriptor #Param::CoreIndex(--004) for field values of struct #Param::CoreIndex(F-12004)
04-15 17:04:17.428 447 490 I mediaswcodec: missing struct descriptor #Param::CoreIndex(--1812) for field values of struct #Param::CoreIndex(F-11812)
04-15 17:04:17.430 447 490 I mediaswcodec: missing struct descriptor #Param::CoreIndex(--004) for field values of struct #Param::CoreIndex(F-12004)
04-15 17:04:17.431 447 490 I mediaswcodec: missing struct descriptor #Param::CoreIndex(--1812) for field values of struct #Param::CoreIndex(F-11812)
04-15 17:04:17.453 437 492 I Codec2InfoBuilder: adding type 'video/avc'
04-15 17:04:17.492 447 490 D C2SoftAvcEnc: Given level 0 does not cover current configuration: adjusting to 5000
04-15 17:04:17.543 896 931 W Looper : Slow dispatch took 79ms wmshell.main h=android.os.Handler c=android.window.TaskOrganizer$1$$ExternalSyntheticLambda5@2d93704 m=0
04-15 17:04:17.563 536 552 D CoreBackPreview: Window{b721104 u0 ShellDropTarget}: Setting back callback OnBackInvokedCallbackInfo{mCallback=android.window.IOnBackInvokedCallback$Stub$Proxy@fda6607, mPriority=0, mIsAnimationCallback=false}
04-15 17:04:17.632 896 931 W Looper : Slow dispatch took 80ms wmshell.main h=android.view.Choreographer$FrameHandler c=android.view.Choreographer$FrameDisplayEventReceiver@56ee4a0 m=0
04-15 17:04:17.639 437 492 I Codec2InfoBuilder: adding type 'audio/flac'
04-15 17:04:17.655 437 492 I Codec2InfoBuilder: adding type 'audio/flac'
04-15 17:04:17.678 437 492 I Codec2InfoBuilder: adding type 'audio/g711-alaw'
04-15 17:04:17.690 437 492 I Codec2InfoBuilder: adding type 'audio/g711-mlaw'
04-15 17:04:17.698 437 492 D Codec2InfoBuilder: codec entry for 'c2.android.gsm.decoder' is disabled
04-15 17:04:17.732 437 492 I Codec2InfoBuilder: adding type 'video/3gpp'
04-15 17:04:17.745 536 551 D CompatibilityChangeReporter: Compat change id reported: 161145287; UID 10134; state: ENABLED
04-15 17:04:17.782 447 944 D C2SoftH263Enc: Given level 3004 does not cover current configuration: adjusting to 3003
04-15 17:04:17.790 447 944 D C2SoftH263Enc: Given level 3004 does not cover current configuration: adjusting to 3003
04-15 17:04:17.798 437 492 I Codec2InfoBuilder: adding type 'video/3gpp'
04-15 17:04:17.806 447 944 D C2SoftH263Enc: Given level 0 does not cover current configuration: adjusting to 3003
04-15 17:04:17.913 437 492 I Codec2InfoBuilder: adding type 'video/hevc'
04-15 17:04:17.966 447 944 I mediaswcodec: missing struct descriptor #Param::CoreIndex(--004) for field values of struct #Param::CoreIndex(F-12004)
04-15 17:04:17.975 447 944 I mediaswcodec: missing struct descriptor #Param::CoreIndex(--1812) for field values of struct #Param::CoreIndex(F-11812)
04-15 17:04:17.998 447 944 I mediaswcodec: missing struct descriptor #Param::CoreIndex(--004) for field values of struct #Param::CoreIndex(F-12004)
04-15 17:04:18.001 447 944 I mediaswcodec: missing struct descriptor #Param::CoreIndex(--1812) for field values of struct #Param::CoreIndex(F-11812)
04-15 17:04:18.033 437 492 I Codec2InfoBuilder: adding type 'video/hevc'
04-15 17:04:18.044 447 447 D C2SoftHevcEnc: Given level 0 does not cover current configuration: adjusting to 6000
04-15 17:04:18.124 437 492 I Codec2InfoBuilder: adding type 'audio/mpeg'
04-15 17:04:18.164 437 492 D Codec2InfoBuilder: codec entry for 'c2.android.mpeg2.decoder' is disabled
04-15 17:04:18.199 911 911 I RuntimePermissions: observing PreinstalledUserPackageInfoLiveData for 0 in RuntimePermissionsUpgradeController
04-15 17:04:18.207 437 492 I Codec2InfoBuilder: adding type 'video/mp4v-es'
04-15 17:04:18.256 437 492 I Codec2InfoBuilder: adding type 'video/mp4v-es'
04-15 17:04:18.276 447 447 D C2SoftMpeg4Enc: Given level 0 does not cover current configuration: adjusting to 4003
04-15 17:04:18.289 536 958 D PackageManager: Instant App installer not found with android.intent.action.INSTALL_INSTANT_APP_PACKAGE
04-15 17:04:18.291 536 958 D PackageManager: Clear ephemeral installer activity
04-15 17:04:18.328 437 492 I Codec2InfoBuilder: adding type 'audio/opus'
04-15 17:04:18.396 437 492 I Codec2InfoBuilder: adding type 'audio/opus'
04-15 17:04:18.417 437 492 I Codec2InfoBuilder: adding type 'audio/raw'
04-15 17:04:18.460 437 492 I Codec2InfoBuilder: adding type 'audio/vorbis'
04-15 17:04:18.504 437 492 I Codec2InfoBuilder: adding type 'video/x-vnd.on2.vp8'
04-15 17:04:18.570 447 490 I C2SoftVpxEnc: setting temporal layering 0 + 0
04-15 17:04:18.603 447 490 I C2SoftVpxEnc: setting temporal layering 0 + 0
04-15 17:04:18.653 437 492 I Codec2InfoBuilder: adding type 'video/x-vnd.on2.vp8'
04-15 17:04:18.724 437 492 I Codec2InfoBuilder: adding type 'video/x-vnd.on2.vp9'
04-15 17:04:18.801 447 944 I C2SoftVpxEnc: setting temporal layering 0 + 0
04-15 17:04:18.810 447 944 I C2SoftVpxEnc: setting temporal layering 0 + 0
04-15 17:04:18.848 437 492 I Codec2InfoBuilder: adding type 'video/x-vnd.on2.vp9'
04-15 17:04:18.854 447 944 D C2SoftVpxEnc: Given level 0 does not cover current configuration: adjusting to 7000
04-15 17:04:18.886 536 908 D MediaCodecList: codecHandlesFormat: no format, so no extra checks
04-15 17:04:19.059 536 912 D CCodec : allocate(c2.android.vorbis.decoder)
04-15 17:04:19.089 536 912 I Codec2Client: Available Codec2 services: "default" "software"
04-15 17:04:19.143 536 912 I CCodec : setting up 'default' as default (vendor) store
04-15 17:04:19.255 536 912 I CCodec : Created component [c2.android.vorbis.decoder]
04-15 17:04:19.312 536 912 D CCodecConfig: read media type: audio/vorbis
04-15 17:04:19.334 896 896 D CompatibilityChangeReporter: Compat change id reported: 183155436; UID 10118; state: ENABLED
04-15 17:04:19.444 536 958 D CompatibilityChangeReporter: Compat change id reported: 157233955; UID 10118; state: ENABLED
04-15 17:04:19.504 536 912 D ReflectedParamUpdater: extent() != 1 for single value type: algo.buffers.max-count.values
04-15 17:04:19.528 536 912 D ReflectedParamUpdater: extent() != 1 for single value type: output.subscribed-indices.values
04-15 17:04:19.540 536 912 D ReflectedParamUpdater: extent() != 1 for single value type: input.buffers.allocator-ids.values
04-15 17:04:19.546 536 912 D ReflectedParamUpdater: extent() != 1 for single value type: output.buffers.allocator-ids.values
04-15 17:04:19.552 536 912 D ReflectedParamUpdater: extent() != 1 for single value type: algo.buffers.allocator-ids.values
04-15 17:04:19.564 536 912 D ReflectedParamUpdater: extent() != 1 for single value type: output.buffers.pool-ids.values
04-15 17:04:19.576 536 912 D ReflectedParamUpdater: extent() != 1 for single value type: algo.buffers.pool-ids.values
04-15 17:04:19.643 536 912 I CCodecConfig: query failed after returning 7 values (BAD_INDEX)
04-15 17:04:19.649 536 912 D CCodecConfig: c2 config diff is Dict {
04-15 17:04:19.649 536 912 D CCodecConfig: c2::u32 coded.bitrate.value = 64000
04-15 17:04:19.649 536 912 D CCodecConfig: c2::u32 input.buffers.max-size.value = 32768
04-15 17:04:19.649 536 912 D CCodecConfig: c2::u32 input.delay.value = 0
04-15 17:04:19.649 536 912 D CCodecConfig: string input.media-type.value = "audio/vorbis"
04-15 17:04:19.649 536 912 D CCodecConfig: string output.media-type.value = "audio/raw"
04-15 17:04:19.649 536 912 D CCodecConfig: c2::u32 raw.channel-count.value = 1
04-15 17:04:19.649 536 912 D CCodecConfig: c2::u32 raw.sample-rate.value = 48000
04-15 17:04:19.649 536 912 D CCodecConfig: }
04-15 17:04:19.690 536 912 D MediaCodec: flushMediametrics
04-15 17:04:19.697 536 912 D CCodec : [c2.android.vorbis.decoder] buffers are bound to CCodec for this session
04-15 17:04:19.698 536 912 D CCodecConfig: no c2 equivalents for durationUs
04-15 17:04:19.699 536 912 D CCodecConfig: no c2 equivalents for track-id
04-15 17:04:19.704 536 912 D CCodecConfig: no c2 equivalents for csd-1
04-15 17:04:19.705 536 912 D CCodecConfig: no c2 equivalents for flags
04-15 17:04:19.724 536 912 D CCodecConfig: c2 config diff is c2::u32 coded.bitrate.value = 96000
04-15 17:04:19.724 536 912 D CCodecConfig: c2::u32 raw.channel-count.value = 2
04-15 17:04:19.732 536 912 W Codec2Client: query -- param skipped: index = 1107298332.
04-15 17:04:19.734 536 912 D CCodec : encoding statistics level = 0
04-15 17:04:19.735 536 912 D CCodec : setup formats input: AMessage(what = 0x00000000) = {
04-15 17:04:19.735 536 912 D CCodec : int32_t bitrate = 96000
04-15 17:04:19.735 536 912 D CCodec : int32_t channel-count = 2
04-15 17:04:19.735 536 912 D CCodec : int32_t max-input-size = 32768
04-15 17:04:19.735 536 912 D CCodec : string mime = "audio/vorbis"
04-15 17:04:19.735 536 912 D CCodec : int32_t sample-rate = 48000
04-15 17:04:19.735 536 912 D CCodec : }
04-15 17:04:19.740 536 912 D CCodec : setup formats output: AMessage(what = 0x00000000) = {
04-15 17:04:19.740 536 912 D CCodec : int32_t channel-count = 2
04-15 17:04:19.740 536 912 D CCodec : string mime = "audio/raw"
04-15 17:04:19.740 536 912 D CCodec : int32_t sample-rate = 48000
04-15 17:04:19.740 536 912 D CCodec : int32_t channel-mask = 3
04-15 17:04:19.740 536 912 D CCodec : int32_t android._config-pcm-encoding = 2
04-15 17:04:19.740 536 912 D CCodec : }
04-15 17:04:19.748 536 912 I CCodecConfig: query failed after returning 7 values (BAD_INDEX)
04-15 17:04:19.764 536 912 W Codec2Client: query -- param skipped: index = 1342179345.
04-15 17:04:19.765 536 912 W Codec2Client: query -- param skipped: index = 2415921170.
04-15 17:04:19.772 536 912 D C2Store : Using DMABUF Heaps
04-15 17:04:19.788 536 912 D CCodecBufferChannel: [c2.android.vorbis.decoder#995] Created input block pool with allocatorID 16 => poolID 17 - OK (0)
04-15 17:04:19.800 447 447 D C2Store : Using DMABUF Heaps
04-15 17:04:19.832 536 912 I CCodecBufferChannel: [c2.android.vorbis.decoder#995] Created output block pool with allocatorID 16 => poolID 17 - OK
04-15 17:04:19.844 536 912 D CCodecBufferChannel: [c2.android.vorbis.decoder#995] Configured output block pool ids 17 => OK
04-15 17:04:19.856 536 912 I DMABUFHEAPS: Using DMA-BUF heap named: system
04-15 17:04:19.884 447 974 D SimpleC2Component: Using output block pool with poolID 17 => got 17 - 0
04-15 17:04:20.038 896 896 I FalsingManager: xdpi, ydpi: 420.0, 420.0
04-15 17:04:20.044 896 896 I FalsingManager: width, height: 1080, 2400
04-15 17:04:20.069 447 974 I DMABUFHEAPS: Using DMA-BUF heap named: system
04-15 17:04:20.122 896 959 W Looper : Slow dispatch took 1132ms BroadcastRunning h=com.android.systemui.broadcast.BroadcastDispatcher$handler$1 c=null m=0
04-15 17:04:20.205 536 912 D CCodecBufferChannel: [c2.android.vorbis.decoder#995] MediaCodec discarded an unknown buffer
04-15 17:04:20.205 536 912 D CCodecBufferChannel: [c2.android.vorbis.decoder#995] MediaCodec discarded an unknown buffer
04-15 17:04:20.205 536 912 D CCodecBufferChannel: [c2.android.vorbis.decoder#995] MediaCodec discarded an unknown buffer
04-15 17:04:20.270 447 490 I hw-BpHwBinder: onLastStrongRef automatically unlinking death recipients
04-15 17:04:20.273 447 490 I hw-BpHwBinder: onLastStrongRef automatically unlinking death recipients
04-15 17:04:20.279 536 982 I hw-BpHwBinder: onLastStrongRef automatically unlinking death recipients
04-15 17:04:20.286 536 908 D MediaCodec: flushMediametrics
04-15 17:04:20.416 536 908 D MediaCodecList: codecHandlesFormat: no format, so no extra checks
04-15 17:04:20.433 536 984 D CCodec : allocate(c2.android.vorbis.decoder)
04-15 17:04:20.439 536 984 I CCodec : setting up 'default' as default (vendor) store
04-15 17:04:20.459 536 984 I CCodec : Created component [c2.android.vorbis.decoder]
04-15 17:04:20.466 536 984 D CCodecConfig: read media type: audio/vorbis
04-15 17:04:20.494 536 984 D ReflectedParamUpdater: extent() != 1 for single value type: algo.buffers.max-count.values
04-15 17:04:20.497 536 984 D ReflectedParamUpdater: extent() != 1 for single value type: output.subscribed-indices.values
04-15 17:04:20.498 536 984 D ReflectedParamUpdater: extent() != 1 for single value type: input.buffers.allocator-ids.values
04-15 17:04:20.499 536 984 D ReflectedParamUpdater: extent() != 1 for single value type: output.buffers.allocator-ids.values
04-15 17:04:20.501 536 984 D ReflectedParamUpdater: extent() != 1 for single value type: algo.buffers.allocator-ids.values
04-15 17:04:20.503 536 984 D ReflectedParamUpdater: extent() != 1 for single value type: output.buffers.pool-ids.values
04-15 17:04:20.507 536 984 D ReflectedParamUpdater: extent() != 1 for single value type: algo.buffers.pool-ids.values
04-15 17:04:20.513 536 984 I CCodecConfig: query failed after returning 7 values (BAD_INDEX)
04-15 17:04:20.514 536 984 D CCodecConfig: c2 config diff is Dict {
04-15 17:04:20.514 536 984 D CCodecConfig: c2::u32 coded.bitrate.value = 64000
04-15 17:04:20.514 536 984 D CCodecConfig: c2::u32 input.buffers.max-size.value = 32768
04-15 17:04:20.514 536 984 D CCodecConfig: c2::u32 input.delay.value = 0
04-15 17:04:20.514 536 984 D CCodecConfig: string input.media-type.value = "audio/vorbis"
04-15 17:04:20.514 536 984 D CCodecConfig: string output.media-type.value = "audio/raw"
04-15 17:04:20.514 536 984 D CCodecConfig: c2::u32 raw.channel-count.value = 1
04-15 17:04:20.514 536 984 D CCodecConfig: c2::u32 raw.sample-rate.value = 48000
04-15 17:04:20.514 536 984 D CCodecConfig: }
04-15 17:04:20.529 536 984 D MediaCodec: flushMediametrics
04-15 17:04:20.530 536 984 D CCodec : [c2.android.vorbis.decoder] buffers are bound to CCodec for this session
04-15 17:04:20.531 536 984 D CCodecConfig: no c2 equivalents for durationUs
04-15 17:04:20.537 536 984 D CCodecConfig: no c2 equivalents for track-id
04-15 17:04:20.537 536 984 D CCodecConfig: no c2 equivalents for csd-1
04-15 17:04:20.538 536 984 D CCodecConfig: no c2 equivalents for flags
04-15 17:04:20.539 536 957 W system_server: Long monitor contention with owner PackageManager (592) at void com.android.server.pm.permission.LegacyPermissionSettings.writePermissions(com.android.modules.utils.TypedXmlSerializer)(LegacyPermissionSettings.java:142) waiters=0 in com.android.server.pm.Computer com.android.server.pm.PackageManagerService.snapshotComputer(boolean) for 372ms
04-15 17:04:20.542 536 984 D CCodecConfig: c2 config diff is c2::u32 coded.bitrate.value = 140000
04-15 17:04:20.545 536 958 W system_server: Long monitor contention with owner binder:536_7 (957) at com.android.server.pm.Computer com.android.server.pm.PackageManagerService.snapshotComputer(boolean)(PackageManagerService.java:1195) waiters=0 in com.android.server.pm.Computer com.android.server.pm.PackageManagerService.snapshotComputer(boolean) for 379ms
04-15 17:04:20.552 536 984 W Codec2Client: query -- param skipped: index = 1107298332.
04-15 17:04:20.552 536 984 D CCodec : encoding statistics level = 0
04-15 17:04:20.553 536 984 D CCodec : setup formats input: AMessage(what = 0x00000000) = {
04-15 17:04:20.553 536 984 D CCodec : int32_t bitrate = 140000
04-15 17:04:20.553 536 984 D CCodec : int32_t channel-count = 1
04-15 17:04:20.553 536 984 D CCodec : int32_t max-input-size = 32768
04-15 17:04:20.553 536 984 D CCodec : string mime = "audio/vorbis"
04-15 17:04:20.553 536 984 D CCodec : int32_t sample-rate = 48000
04-15 17:04:20.553 536 984 D CCodec : }
04-15 17:04:20.553 536 984 D CCodec : setup formats output: AMessage(what = 0x00000000) = {
04-15 17:04:20.553 536 984 D CCodec : int32_t channel-count = 1
04-15 17:04:20.553 536 984 D CCodec : string mime = "audio/raw"
04-15 17:04:20.553 536 984 D CCodec : int32_t sample-rate = 48000
04-15 17:04:20.553 536 984 D CCodec : int32_t channel-mask = 1
04-15 17:04:20.553 536 984 D CCodec : int32_t android._config-pcm-encoding = 2
04-15 17:04:20.553 536 984 D CCodec : }
04-15 17:04:20.554 536 984 I CCodecConfig: query failed after returning 7 values (BAD_INDEX)
04-15 17:04:20.557 536 552 W system_server: Long monitor contention with owner binder:536_7 (957) at com.android.server.pm.Computer com.android.server.pm.PackageManagerService.snapshotComputer(boolean)(PackageManagerService.java:1195) waiters=1 in com.android.server.pm.Computer com.android.server.pm.PackageManagerService.snapshotComputer(boolean) for 354ms
04-15 17:04:20.564 536 984 W Codec2Client: query -- param skipped: index = 1342179345.
04-15 17:04:20.564 536 984 W Codec2Client: query -- param skipped: index = 2415921170.
04-15 17:04:20.574 536 984 D CCodecBufferChannel: [c2.android.vorbis.decoder#121] Created input block pool with allocatorID 16 => poolID 18 - OK (0)
04-15 17:04:20.616 536 984 I CCodecBufferChannel: [c2.android.vorbis.decoder#121] Created output block pool with allocatorID 16 => poolID 18 - OK
04-15 17:04:20.624 536 984 D CCodecBufferChannel: [c2.android.vorbis.decoder#121] Configured output block pool ids 18 => OK
04-15 17:04:20.646 447 985 D SimpleC2Component: Using output block pool with poolID 18 => got 18 - 0
04-15 17:04:20.676 0 0 I init : starting service 'idmap2d'...
04-15 17:04:20.685 896 959 W Looper : Slow delivery took 1175ms BroadcastRunning h=com.android.systemui.broadcast.BroadcastDispatcher$handler$1 c=null m=0
04-15 17:04:20.740 0 0 I init : ... started service 'idmap2d' has pid 987
04-15 17:04:20.740 0 0 I init : Control message: Processed ctl.start for 'idmap2d' from pid: 536 (system_server)
04-15 17:04:20.968 896 931 W Looper : Drained
04-15 17:04:21.071 987 987 I idmap2d : Starting
04-15 17:04:21.117 987 988 W idmap2d : failed to parse idmap header of '/data/resource-cache/vendor@overlay@SystemUI__auto_generated_rro_vendor.apk@idmap'
04-15 17:04:21.162 987 988 W idmap2d : failed to find resource 'bool/config_show4GForLTE'
04-15 17:04:21.163 987 988 E idmap2d : no resources were overlaid
04-15 17:04:21.214 536 984 D CCodecBufferChannel: [c2.android.vorbis.decoder#121] MediaCodec discarded an unknown buffer
04-15 17:04:21.215 536 984 D CCodecBufferChannel: [c2.android.vorbis.decoder#121] MediaCodec discarded an unknown buffer
04-15 17:04:21.220 536 984 D CCodecBufferChannel: [c2.android.vorbis.decoder#121] MediaCodec discarded an unknown buffer
04-15 17:04:21.278 447 490 I hw-BpHwBinder: onLastStrongRef automatically unlinking death recipients
04-15 17:04:21.281 447 490 I hw-BpHwBinder: onLastStrongRef automatically unlinking death recipients
04-15 17:04:21.283 536 989 I hw-BpHwBinder: onLastStrongRef automatically unlinking death recipients
04-15 17:04:21.286 536 908 D MediaCodec: flushMediametrics
04-15 17:04:21.601 896 896 W Settings: Setting secure_frp_mode has moved from android.provider.Settings.Secure to android.provider.Settings.Global, returning global URI.
04-15 17:04:21.843 896 896 D NavigationModeController: getCurrentUserContext: contextUser=0 currentUser=0
04-15 17:04:21.868 896 896 D NavigationModeController: getCurrentInteractionMode: mode=0 contextUser=0
04-15 17:04:21.870 896 896 D NavigationModeController: updateCurrentInteractionMode: mode=0
04-15 17:04:21.878 896 896 D NavigationModeController: contextUser=0
04-15 17:04:21.881 896 896 D NavigationModeController: assetPaths=
04-15 17:04:21.882 896 896 D NavigationModeController: and /system/framework/framework-res.apk
04-15 17:04:21.882 896 896 D NavigationModeController: /vendor/overlay/framework-res__auto_generated_rro_vendor.apk
04-15 17:04:21.883 896 896 D NavigationModeController: and /system_ext/priv-app/SystemUI/SystemUI.apk
04-15 17:04:21.927 536 908 D MediaCodecList: codecHandlesFormat: no format, so no extra checks
04-15 17:04:21.947 536 996 D CCodec : allocate(c2.android.vorbis.decoder)
04-15 17:04:21.988 536 996 I CCodec : setting up 'default' as default (vendor) store
04-15 17:04:22.009 896 949 V MediaRouter: Selecting route: RouteInfo{ name=Phone, description=null, status=null, category=RouteCategory{ name=System types=ROUTE_TYPE_LIVE_AUDIO ROUTE_TYPE_LIVE_VIDEO groupable=false }, supportedTypes=ROUTE_TYPE_LIVE_AUDIO ROUTE_TYPE_LIVE_VIDEO , presentationDisplay=null }
04-15 17:04:22.013 536 996 I CCodec : Created component [c2.android.vorbis.decoder]
04-15 17:04:22.023 536 996 D CCodecConfig: read media type: audio/vorbis
04-15 17:04:22.024 896 949 I MediaRouter: Skip setBluetoothA2dpOn(): types=8388615, isPlaybackActive()=false, BT route=null
04-15 17:04:22.049 536 996 D ReflectedParamUpdater: extent() != 1 for single value type: algo.buffers.max-count.values
04-15 17:04:22.050 536 996 D ReflectedParamUpdater: extent() != 1 for single value type: output.subscribed-indices.values
04-15 17:04:22.051 536 996 D ReflectedParamUpdater: extent() != 1 for single value type: input.buffers.allocator-ids.values
04-15 17:04:22.053 536 996 D ReflectedParamUpdater: extent() != 1 for single value type: output.buffers.allocator-ids.values
04-15 17:04:22.060 536 996 D ReflectedParamUpdater: extent() != 1 for single value type: algo.buffers.allocator-ids.values
04-15 17:04:22.064 536 996 D ReflectedParamUpdater: extent() != 1 for single value type: output.buffers.pool-ids.values
04-15 17:04:22.072 536 996 D ReflectedParamUpdater: extent() != 1 for single value type: algo.buffers.pool-ids.values
04-15 17:04:22.081 896 896 D NavigationModeController: getCurrentInteractionMode: mode=0 contextUser=0
04-15 17:04:22.128 536 996 I CCodecConfig: query failed after returning 7 values (BAD_INDEX)
04-15 17:04:22.133 536 996 D CCodecConfig: c2 config diff is Dict {
04-15 17:04:22.133 536 996 D CCodecConfig: c2::u32 coded.bitrate.value = 64000
04-15 17:04:22.133 536 996 D CCodecConfig: c2::u32 input.buffers.max-size.value = 32768
04-15 17:04:22.133 536 996 D CCodecConfig: c2::u32 input.delay.value = 0
04-15 17:04:22.133 536 996 D CCodecConfig: string input.media-type.value = "audio/vorbis"
04-15 17:04:22.133 536 996 D CCodecConfig: string output.media-type.value = "audio/raw"
04-15 17:04:22.133 536 996 D CCodecConfig: c2::u32 raw.channel-count.value = 1
04-15 17:04:22.133 536 996 D CCodecConfig: c2::u32 raw.sample-rate.value = 48000
04-15 17:04:22.133 536 996 D CCodecConfig: }
04-15 17:04:22.156 536 996 D MediaCodec: flushMediametrics
04-15 17:04:22.156 536 996 D CCodec : [c2.android.vorbis.decoder] buffers are bound to CCodec for this session
04-15 17:04:22.157 536 996 D CCodecConfig: no c2 equivalents for durationUs
04-15 17:04:22.157 536 996 D CCodecConfig: no c2 equivalents for track-id
04-15 17:04:22.157 536 996 D CCodecConfig: no c2 equivalents for csd-1
04-15 17:04:22.157 536 996 D CCodecConfig: no c2 equivalents for flags
04-15 17:04:22.162 536 996 D CCodecConfig: c2 config diff is c2::u32 coded.bitrate.value = 140000
04-15 17:04:22.169 536 996 W Codec2Client: query -- param skipped: index = 1107298332.
04-15 17:04:22.170 536 996 D CCodec : encoding statistics level = 0
04-15 17:04:22.170 536 996 D CCodec : setup formats input: AMessage(what = 0x00000000) = {
04-15 17:04:22.170 536 996 D CCodec : int32_t bitrate = 140000
04-15 17:04:22.170 536 996 D CCodec : int32_t channel-count = 1
04-15 17:04:22.170 536 996 D CCodec : int32_t max-input-size = 32768
04-15 17:04:22.170 536 996 D CCodec : string mime = "audio/vorbis"
04-15 17:04:22.170 536 996 D CCodec : int32_t sample-rate = 48000
04-15 17:04:22.170 536 996 D CCodec : }
04-15 17:04:22.171 536 996 D CCodec : setup formats output: AMessage(what = 0x00000000) = {
04-15 17:04:22.171 536 996 D CCodec : int32_t channel-count = 1
04-15 17:04:22.171 536 996 D CCodec : string mime = "audio/raw"
04-15 17:04:22.171 536 996 D CCodec : int32_t sample-rate = 48000
04-15 17:04:22.171 536 996 D CCodec : int32_t channel-mask = 1
04-15 17:04:22.171 536 996 D CCodec : int32_t android._config-pcm-encoding = 2
04-15 17:04:22.171 536 996 D CCodec : }
04-15 17:04:22.174 536 996 I CCodecConfig: query failed after returning 7 values (BAD_INDEX)
04-15 17:04:22.182 896 896 D CompatibilityChangeReporter: Compat change id reported: 247079863; UID 10118; state: ENABLED
04-15 17:04:22.206 536 996 W Codec2Client: query -- param skipped: index = 1342179345.
04-15 17:04:22.206 536 996 W Codec2Client: query -- param skipped: index = 2415921170.
04-15 17:04:22.214 536 996 D CCodecBufferChannel: [c2.android.vorbis.decoder#198] Created input block pool with allocatorID 16 => poolID 19 - OK (0)
04-15 17:04:22.240 536 996 I CCodecBufferChannel: [c2.android.vorbis.decoder#198] Created output block pool with allocatorID 16 => poolID 19 - OK
04-15 17:04:22.248 536 996 D CCodecBufferChannel: [c2.android.vorbis.decoder#198] Configured output block pool ids 19 => OK
04-15 17:04:22.265 447 997 D SimpleC2Component: Using output block pool with poolID 19 => got 19 - 0
04-15 17:04:22.884 536 996 I hw-BpHwBinder: onLastStrongRef automatically unlinking death recipients
04-15 17:04:22.885 447 447 I hw-BpHwBinder: onLastStrongRef automatically unlinking death recipients
04-15 17:04:22.891 447 447 I hw-BpHwBinder: onLastStrongRef automatically unlinking death recipients
04-15 17:04:22.918 536 908 D MediaCodec: flushMediametrics
04-15 17:04:22.953 896 959 W Looper : Drained
04-15 17:04:22.993 896 896 D MediaResumeListener: loaded resume components for 0: []
04-15 17:04:23.003 896 896 D CompatibilityChangeReporter: Compat change id reported: 263076149; UID 10118; state: ENABLED
04-15 17:04:23.047 896 896 D LocalBluetoothProfileManager: LocalBluetoothProfileManager construction complete
04-15 17:04:23.050 896 896 D LocalBluetoothProfileManager: Adding local Hearing Aid profile
04-15 17:04:23.059 896 896 D BluetoothHearingAid: Binding service...
04-15 17:04:23.070 536 552 D BluetoothManagerService: Trying to bind to profile: 21, while Bluetooth was disabled
04-15 17:04:23.095 536 552 I MR2ServiceImpl: registerManager | uid: 10118, pid: 896, package: com.android.systemui, user: 0
04-15 17:04:23.173 536 908 D MediaCodecList: codecHandlesFormat: no format, so no extra checks
04-15 17:04:23.237 536 1009 D CCodec : allocate(c2.android.vorbis.decoder)
04-15 17:04:23.251 536 1009 I CCodec : setting up 'default' as default (vendor) store
04-15 17:04:23.288 536 1009 I CCodec : Created component [c2.android.vorbis.decoder]
04-15 17:04:23.300 536 1009 D CCodecConfig: read media type: audio/vorbis
04-15 17:04:23.424 536 1009 D ReflectedParamUpdater: extent() != 1 for single value type: algo.buffers.max-count.values
04-15 17:04:23.456 536 1009 D ReflectedParamUpdater: extent() != 1 for single value type: output.subscribed-indices.values
04-15 17:04:23.453 896 896 D KeyguardBouncerRepositoryImpl: Keyguard Bouncer is hiding.
04-15 17:04:23.464 536 1009 D ReflectedParamUpdater: extent() != 1 for single value type: input.buffers.allocator-ids.values
04-15 17:04:23.472 536 1009 D ReflectedParamUpdater: extent() != 1 for single value type: output.buffers.allocator-ids.values
04-15 17:04:23.480 536 1009 D ReflectedParamUpdater: extent() != 1 for single value type: algo.buffers.allocator-ids.values
04-15 17:04:23.488 536 1009 D ReflectedParamUpdater: extent() != 1 for single value type: output.buffers.pool-ids.values
04-15 17:04:23.496 536 1009 D ReflectedParamUpdater: extent() != 1 for single value type: algo.buffers.pool-ids.values
04-15 17:04:23.547 536 1009 I CCodecConfig: query failed after returning 7 values (BAD_INDEX)
04-15 17:04:23.548 536 1009 D CCodecConfig: c2 config diff is Dict {
04-15 17:04:23.548 536 1009 D CCodecConfig: c2::u32 coded.bitrate.value = 64000
04-15 17:04:23.548 536 1009 D CCodecConfig: c2::u32 input.buffers.max-size.value = 32768
04-15 17:04:23.548 536 1009 D CCodecConfig: c2::u32 input.delay.value = 0
04-15 17:04:23.548 536 1009 D CCodecConfig: string input.media-type.value = "audio/vorbis"
04-15 17:04:23.548 536 1009 D CCodecConfig: string output.media-type.value = "audio/raw"
04-15 17:04:23.548 536 1009 D CCodecConfig: c2::u32 raw.channel-count.value = 1
04-15 17:04:23.548 536 1009 D CCodecConfig: c2::u32 raw.sample-rate.value = 48000
04-15 17:04:23.548 536 1009 D CCodecConfig: }
04-15 17:04:23.568 536 1009 D MediaCodec: flushMediametrics
04-15 17:04:23.569 536 1009 D CCodec : [c2.android.vorbis.decoder] buffers are bound to CCodec for this session
04-15 17:04:23.569 536 1009 D CCodecConfig: no c2 equivalents for durationUs
04-15 17:04:23.569 536 1009 D CCodecConfig: no c2 equivalents for track-id
04-15 17:04:23.569 536 1009 D CCodecConfig: no c2 equivalents for csd-1
04-15 17:04:23.570 536 1009 D CCodecConfig: no c2 equivalents for flags
04-15 17:04:23.584 536 1009 D CCodecConfig: c2 config diff is c2::u32 coded.bitrate.value = 140000
04-15 17:04:23.592 536 1009 W Codec2Client: query -- param skipped: index = 1107298332.
04-15 17:04:23.592 536 1009 D CCodec : encoding statistics level = 0
04-15 17:04:23.593 536 1009 D CCodec : setup formats input: AMessage(what = 0x00000000) = {
04-15 17:04:23.593 536 1009 D CCodec : int32_t bitrate = 140000
04-15 17:04:23.593 536 1009 D CCodec : int32_t channel-count = 1
04-15 17:04:23.593 536 1009 D CCodec : int32_t max-input-size = 32768
04-15 17:04:23.593 536 1009 D CCodec : string mime = "audio/vorbis"
04-15 17:04:23.593 536 1009 D CCodec : int32_t sample-rate = 48000
04-15 17:04:23.593 536 1009 D CCodec : }
04-15 17:04:23.593 536 1009 D CCodec : setup formats output: AMessage(what = 0x00000000) = {
04-15 17:04:23.593 536 1009 D CCodec : int32_t channel-count = 1
04-15 17:04:23.593 536 1009 D CCodec : string mime = "audio/raw"
04-15 17:04:23.593 536 1009 D CCodec : int32_t sample-rate = 48000
04-15 17:04:23.593 536 1009 D CCodec : int32_t channel-mask = 1
04-15 17:04:23.593 536 1009 D CCodec : int32_t android._config-pcm-encoding = 2
04-15 17:04:23.593 536 1009 D CCodec : }
04-15 17:04:23.604 536 1009 I CCodecConfig: query failed after returning 7 values (BAD_INDEX)
04-15 17:04:23.632 536 1009 W Codec2Client: query -- param skipped: index = 1342179345.
04-15 17:04:23.632 536 1009 W Codec2Client: query -- param skipped: index = 2415921170.
04-15 17:04:23.678 536 1009 D CCodecBufferChannel: [c2.android.vorbis.decoder#17] Created input block pool with allocatorID 16 => poolID 20 - OK (0)
04-15 17:04:23.708 536 1009 I CCodecBufferChannel: [c2.android.vorbis.decoder#17] Created output block pool with allocatorID 16 => poolID 20 - OK
04-15 17:04:23.717 536 1009 D CCodecBufferChannel: [c2.android.vorbis.decoder#17] Configured output block pool ids 20 => OK
04-15 17:04:23.736 447 1012 D SimpleC2Component: Using output block pool with poolID 20 => got 20 - 0
04-15 17:04:23.805 896 896 D BiometricsRepositoryImpl: Registering StrongAuthTracker
04-15 17:04:23.887 896 896 D BiometricsRepositoryImpl: currentUser authFlags changed, new value: AuthenticationFlags(userId=0, flag=1)
04-15 17:04:24.019 896 896 D BiometricsRepositoryImpl: isNonStrongBiometricAllowed changed for current user
04-15 17:04:23.923 536 547 I system_server: Background young concurrent copying GC freed 264159(8418KB) AllocSpace objects, 14(480KB) LOS objects, 38% free, 12MB/20MB, paused 5.056ms,459us total 801.380ms
04-15 17:04:24.147 536 549 W System : A resource failed to call release.
04-15 17:04:24.153 536 549 W System : A resource failed to call release.
04-15 17:04:24.156 536 549 W System : A resource failed to call release.
04-15 17:04:24.318 536 1009 D CCodecBufferChannel: [c2.android.vorbis.decoder#17] MediaCodec discarded an unknown buffer
04-15 17:04:24.324 536 1009 D CCodecBufferChannel: [c2.android.vorbis.decoder#17] MediaCodec discarded an unknown buffer
04-15 17:04:24.325 536 1009 D CCodecBufferChannel: [c2.android.vorbis.decoder#17] MediaCodec discarded an unknown buffer
04-15 17:04:24.341 536 1009 I hw-BpHwBinder: onLastStrongRef automatically unlinking death recipients
04-15 17:04:24.342 447 447 I hw-BpHwBinder: onLastStrongRef automatically unlinking death recipients
04-15 17:04:24.352 447 447 I hw-BpHwBinder: onLastStrongRef automatically unlinking death recipients
04-15 17:04:24.358 536 908 D MediaCodec: flushMediametrics
04-15 17:04:24.387 896 896 W AlarmManager: Unrecognized alarm listener com.android.systemui.keyguard.KeyguardSliceProvider$$ExternalSyntheticLambda0@da17166
04-15 17:04:24.485 536 908 D MediaCodecList: codecHandlesFormat: no format, so no extra checks
04-15 17:04:24.512 536 1019 D CCodec : allocate(c2.android.vorbis.decoder)
04-15 17:04:24.558 536 1019 I CCodec : setting up 'default' as default (vendor) store
04-15 17:04:24.602 896 948 E AppWidgetManager: Nofity service of inheritance info
04-15 17:04:24.602 896 948 E AppWidgetManager: java.lang.IllegalStateException: User 0 must be unlocked for widgets to be available
04-15 17:04:24.602 896 948 E AppWidgetManager: at android.os.Parcel.createExceptionOrNull(Parcel.java:3065)
04-15 17:04:24.602 896 948 E AppWidgetManager: at android.os.Parcel.createException(Parcel.java:3041)
04-15 17:04:24.602 896 948 E AppWidgetManager: at android.os.Parcel.readException(Parcel.java:3024)
04-15 17:04:24.602 896 948 E AppWidgetManager: at android.os.Parcel.readException(Parcel.java:2966)
