04-15 17:04:56.071 1283 1283 W ContextImpl: Failed to update user.inode_cache: stat failed: ENOENT (No such file or directory)
04-15 17:04:56.115 536 563 I ActivityManager: Collecting stacks for native pid 363
04-15 17:04:56.122 536 563 I system_server: libdebuggerd_client: started dumping process 363
04-15 17:04:56.141 363 363 I libc : Requested dump for pid 363 (android.hardwar)
04-15 17:04:56.142 192 192 I tombstoned: registered intercept for pid 363 and type kDebuggerdNativeBacktrace
04-15 17:04:56.157 896 896 I StatusBarIconController: Ignoring removal of (wifi). It should be controlled elsewhere
04-15 17:04:56.165 1153 1331 I AdapterState: OFF : entered
04-15 17:04:56.173 1153 1331 D AdapterProperties: Setting state to OFF
04-15 17:04:56.237 1283 1283 V GraphicsEnvironment: Currently set values for:
04-15 17:04:56.238 1283 1283 V GraphicsEnvironment: angle_gl_driver_selection_pkgs=[]
04-15 17:04:56.246 1283 1283 V GraphicsEnvironment: angle_gl_driver_selection_values=[]
04-15 17:04:56.305 1283 1283 V GraphicsEnvironment: ANGLE GameManagerService for com.android.launcher3: false
04-15 17:04:56.306 1283 1283 V GraphicsEnvironment: com.android.launcher3 is not listed in per-application setting
04-15 17:04:56.306 1283 1283 V GraphicsEnvironment: Neither updatable production driver nor prerelease driver is supported.
04-15 17:04:56.324 1211 1211 D CarrierIdProvider: update database from pb file
04-15 17:04:56.576 536 536 W Looper : Slow dispatch took 170ms main h=android.os.Handler c=null m=1
04-15 17:04:56.620 1153 1153 D BluetoothKeystoreService: new BluetoothKeystoreService isCommonCriteriaMode: false
04-15 17:04:56.632 536 557 W system_server: Long monitor contention with owner main (536) at boolean android.os.MessageQueue.enqueueMessage(android.os.Message, long)(MessageQueue.java:600) waiters=0 in android.os.Message android.os.MessageQueue.next() for 153ms
04-15 17:04:56.635 536 557 W Looper : Slow delivery took 230ms android.fg h=android.os.Handler c=com.android.server.location.injector.SystemLocationPermissionsHelper$$ExternalSyntheticLambda1@8a462d4 m=0
04-15 17:04:56.650 536 994 I ActivityManager: Flag disabled. Ignoring finishAttachApplication from uid: 10113. pid: 1283
04-15 17:04:56.698 536 557 W Looper : Drained
04-15 17:04:56.802 1338 1338 I crash_dump64: obtaining output fd from tombstoned, type: kDebuggerdNativeBacktrace
04-15 17:04:56.827 192 192 I tombstoned: received crash request for pid 363
04-15 17:04:56.827 192 192 I tombstoned: found intercept fd 512 for pid 363 and type kDebuggerdNativeBacktrace
04-15 17:04:56.851 1338 1338 I crash_dump64: performing dump of process 363 (target tid = 363)
04-15 17:04:56.890 1153 1153 D BluetoothKeystoreService: start
04-15 17:04:57.083 192 192 W tombstoned: skipping tombstone file creation due to intercept
04-15 17:04:57.106 536 563 I system_server: libdebuggerd_client: done dumping process 363
04-15 17:04:57.134 0 0 I init : Untracked pid 1338 exited with status 0
04-15 17:04:57.135 0 0 I init : Untracked pid 1338 did not have an associated service entry and will not be reaped
04-15 17:04:57.136 0 0 I init : Untracked pid 1340 exited with status 0
04-15 17:04:57.136 0 0 I init : Untracked pid 1340 did not have an associated service entry and will not be reaped
04-15 17:04:57.175 1153 1153 I droid.bluetooth: [0415/170457.007269:INFO:com_android_bluetooth_btservice_BluetoothKeystore.cpp(97)] classInitNative: succeeds
04-15 17:04:57.186 1153 1153 D BluetoothKeystoreService: setBluetoothKeystoreService(): set to: com.android.bluetooth.btservice.bluetoothkeystore.BluetoothKeystoreService@ee2ab76
04-15 17:04:57.230 1211 1211 E CarrierIdProvider: read carrier list from ota pb failure: java.io.FileNotFoundException: /data/misc/carrierid/carrier_list.pb: open failed: ENOENT (No such file or directory)
04-15 17:04:57.230 1211 1211 D CarrierIdProvider: latest version: 117440538 need update: true
04-15 17:04:57.307 536 563 E ActivityManager: Aborting stack trace dump (current native pid=363); deadline exceeded.
04-15 17:04:57.396 1153 1153 D BluetoothKeystoreService: loadConfigData
04-15 17:04:57.414 0 0 I servicemanager: Notifying android.hardware.biometrics.fingerprint.IFingerprint/default they do (previously: don't) have clients when we now have a record of a client
04-15 17:04:57.414 1306 1306 I AidlLazyServiceRegistrar: Process has 1 (of 1 available) client(s) in use after notification android.hardware.biometrics.fingerprint.IFingerprint/default has clients: 1
04-15 17:04:57.438 1153 1153 D BluetoothKeystoreService: getCompareResult: 0
04-15 17:04:57.495 896 896 W AudioManager: attempt to call registerAudioRecordingCallback() on a previouslyregistered callback
04-15 17:04:57.532 896 945 I WifiStateWorker: WifiManager.getWifiState():3
04-15 17:04:57.653 1153 1153 D CompatibilityChangeReporter: Compat change id reported: 183155436; UID 1002; state: ENABLED
04-15 17:04:57.734 1153 1153 I bt_btif : packages/modules/Bluetooth/system/btif/src/bluetooth.cc:386 init: init: start restricted = 0 ; common criteria mode = 0, config compare result = 0
04-15 17:04:57.744 1153 1153 I bt : bt_common::init_flags: Flags loaded: asha_packet_drop_frequency_threshold=60asha_phy_update_retry_limit=5always_send_services_if_gatt_disc_done=truealways_use_private_gatt_for_debugging=falseasynchronously_start_l2cap_coc=truebtaa_hci=truebta_dm_clear_conn_id_on_client_close=truebtm_dm_flush_discovery_queue_on_search_cancel=falseclassic_discovery_only=falseclear_hidd_interrupt_cid_on_disconnect=truedelay_hidh_cleanup_until_hidh_ready_start=truedevice_iot_config_logging=falsedynamic_avrcp_version_enhancement=truefinite_att_timeout=truegatt_robust_caching_client=truegatt_robust_caching_server=falsegd_core=falsegd_hal_snoop_logger_socket=truegd_hal_snoop_logger_filtering=truegd_l2cap=falsegd_link_policy=falsegd_remote_name_request=falsegd_rust=falsehci_adapter=0hfp_dynamic_version=trueirk_rotation=falseleaudio_targeted_announcement_reconnection_mode=truepass_phy_update_callback=truepbap_pse_dynamic_version_upgrade=falseperiodic_advertising_adi=trueprivate_gatt=truequeue_l2cap_coc_while_encrypting=trueread_encryption_key_size=trueredact_log=truerust_event_loop=truesco_codec_select_lc3=falsesco_codec_timeout_clear=falsesdp_serialization=truesdp_skip_rnr_if_known=truebluetooth_quality_report_callback=trueset_min_encryption=truesubrating=truetrigger_advertising_callbacks_on_first_resume_after_pause=trueuse_unified_connection_manager=falsesdp_return_classic_services_when_le_discovery_fails=truedefault_log_level=4logging_explicit_tag_settings={}
04-15 17:04:57.758 536 995 D ConnectivityService: requestNetwork for uid/pid:10118/896 activeRequest: null callbackRequest: 21 [NetworkRequest [ REQUEST id=22, [ Capabilities: INTERNET&NOT_RESTRICTED&TRUSTED&NOT_VCN_MANAGED Uid: 10118 RequestorUid: 10118 RequestorPkg: com.android.systemui UnderlyingNetworks: Null] ]] callback flags: 1 order: 2147483647
04-15 17:04:57.770 896 896 V WifiManager: registerTrafficStateCallback: callback=com.android.systemui.statusbar.connectivity.WifiSignalController$WifiTrafficStateCallback@7a5fad2, executor=android.os.HandlerExecutor@ab1d175
04-15 17:04:57.806 1153 1153 I bt_osi_allocation_tracker: packages/modules/Bluetooth/system/osi/src/allocation_tracker.cc:60 allocation_tracker_init: canary initialized
04-15 17:04:57.814 536 995 D CompatibilityChangeReporter: Compat change id reported: 161145287; UID 10113; state: ENABLED
04-15 17:04:57.822 536 822 D ConnectivityService: NetReassign [no changes] [c 1] [a 2] [i 1]
04-15 17:04:57.879 1153 1345 I droid.bluetooth: [0415/170457.879441:INFO:message_loop_thread.cc(184)] Run: message loop starting for thread bt_stack_manager_thread
04-15 17:04:57.882 536 822 D ConnectivityService: NetReassign [no changes] [c 0] [a 0] [i 4]
04-15 17:04:57.940 1153 1345 I bt_stack_manager: packages/modules/Bluetooth/system/btif/src/stack_manager.cc:277 event_init_stack: is initializing the stack
04-15 17:04:57.941 1153 1346 I droid.bluetooth: [0415/170457.941516:INFO:message_loop_thread.cc(184)] Run: message loop starting for thread bt_main_thread
04-15 17:04:57.943 1153 1345 I device_iot_config: packages/modules/Bluetooth/system/device/src/device_iot_config_int.cc:68 device_iot_config_module_init:
04-15 17:04:57.945 1153 1345 E droid.bluetooth: [0415/170457.943935:ERROR:config.cc(106)] config_new: unable to open file '/data/misc/bluedroid/bt_remote_dev_info.conf': No such file or directory
04-15 17:04:57.946 1153 1345 W device_iot_config: packages/modules/Bluetooth/system/device/src/device_iot_config_int.cc:83 device_iot_config_module_init: Unable to load config file: /data/misc/bluedroid/bt_remote_dev_info.conf; using backup.
04-15 17:04:57.946 1153 1345 E droid.bluetooth: [0415/170457.946330:ERROR:config.cc(106)] config_new: unable to open file '/data/misc/bluedroid/bt_remote_dev_info.bak': No such file or directory
04-15 17:04:57.946 1153 1345 E device_iot_config: packages/modules/Bluetooth/system/device/src/device_iot_config_int.cc:89 device_iot_config_module_init: Unable to load bak file; creating empty config.
04-15 17:04:57.946 1153 1345 I device_iot_config: packages/modules/Bluetooth/system/device/src/device_iot_config_int.cc:130 device_iot_config_module_init: Devices loaded 0
04-15 17:04:57.962 1153 1349 I bt_osi_thread: packages/modules/Bluetooth/system/osi/src/thread.cc:210 run_thread: run_thread: thread id 1349, thread name alarm_default_ca started
04-15 17:04:57.967 1153 1350 I bt_osi_thread: packages/modules/Bluetooth/system/osi/src/thread.cc:210 run_thread: run_thread: thread id 1350, thread name alarm_dispatcher started
04-15 17:04:57.974 1153 1345 I bt_core_module: packages/modules/Bluetooth/system/btcore/src/module.cc:86 module_start_up: module_start_up Starting module "gd_shim_module"
04-15 17:04:57.974 1153 1345 I bt_gd_shim: packages/modules/Bluetooth/system/main/shim/stack.cc:81 StartEverything: StartEverything Starting Gd stack
04-15 17:04:57.974 1153 1345 I bt_gd_shim: packages/modules/Bluetooth/system/main/shim/stack.cc:160 Start: Start Starting Gd stack
04-15 17:04:57.979 1153 1345 I BtGdWakelockNative: packages/modules/Bluetooth/system/gd/os/android/wakelock_native.cc:79 Initialize: Initializing native wake locks
04-15 17:04:58.019 1076 1083 I rkstack.process: Background concurrent copying GC freed 6373(475KB) AllocSpace objects, 0(0B) LOS objects, 49% free, 2183KB/4367KB, paused 742us,246us total 424.765ms
04-15 17:04:58.022 1153 1352 I BtGdModule: packages/modules/Bluetooth/system/gd/module.cc:85 Start: Constructing next module
04-15 17:04:58.023 1153 1352 I BtGdModule: packages/modules/Bluetooth/system/gd/module.cc:89 Start: Starting dependencies of BluetoothCounterMetrics
04-15 17:04:58.023 1153 1352 I BtGdModule: packages/modules/Bluetooth/system/gd/module.cc:93 Start: Finished starting dependencies and calling Start() of BluetoothCounterMetrics
04-15 17:04:58.030 1153 1352 I BluetoothCounterMetrics: packages/modules/Bluetooth/system/gd/metrics/counter_metrics.cc:40 Start: Counter metrics initialized
04-15 17:04:58.031 1153 1352 I BtGdModule: packages/modules/Bluetooth/system/gd/module.cc:99 Start: Started BluetoothCounterMetrics
04-15 17:04:58.031 1153 1352 I BtGdModule: packages/modules/Bluetooth/system/gd/module.cc:85 Start: Constructing next module
04-15 17:04:58.034 896 896 V WifiManager: registerScanResultsCallback: callback=com.android.systemui.statusbar.connectivity.NetworkControllerImpl$5@cb64aa0, executor=androidx.mediarouter.media.MediaRoute2Provider$$ExternalSyntheticLambda0@c1ab659
04-15 17:04:58.039 1153 1352 I BtGdModule: packages/modules/Bluetooth/system/gd/module.cc:89 Start: Starting dependencies of HciHalHidl
04-15 17:04:58.046 536 995 D ConnectivityService: requestNetwork for uid/pid:10118/896 activeRequest: null callbackRequest: 23 [NetworkRequest [ REQUEST id=24, [ Capabilities: INTERNET&NOT_RESTRICTED&TRUSTED&NOT_VCN_MANAGED Uid: 10118 RequestorUid: 10118 RequestorPkg: com.android.systemui UnderlyingNetworks: Null] ]] callback flags: 1 order: 2147483647
04-15 17:04:58.051 536 822 D ConnectivityService: NetReassign [no changes] [c 0] [a 0] [i 0]
04-15 17:04:58.056 1153 1352 I BtGdModule: packages/modules/Bluetooth/system/gd/module.cc:85 Start: Constructing next module
04-15 17:04:58.076 1153 1352 I bluetooth: packages/modules/Bluetooth/system/gd/hal/snoop_logger.cc:1432 GetBtSnoopMode: btsnoop_mode_empty: 1
04-15 17:04:58.078 1153 1352 I bluetooth: packages/modules/Bluetooth/system/gd/hal/snoop_logger.cc:505 SnoopLogger: Snoop Logs filtered mode enabled
04-15 17:04:58.087 1153 1352 I bluetooth: packages/modules/Bluetooth/system/gd/hal/snoop_logger.cc:588 EnableFilters: persist.bluetooth.snooplogfilter.profiles.rfcomm.enabled: 0
04-15 17:04:58.093 1153 1352 I bluetooth: packages/modules/Bluetooth/system/gd/hal/snoop_logger.cc:588 EnableFilters: persist.bluetooth.snooplogfilter.profiles.a2dp.enabled: 0
04-15 17:04:58.093 1153 1352 I bluetooth: packages/modules/Bluetooth/system/gd/hal/snoop_logger.cc:588 EnableFilters: persist.bluetooth.snooplogfilter.headers.enabled: 0
04-15 17:04:58.093 1283 1283 D b/283944974: possibleMaximumWindowMetrics: [WindowMetrics:{bounds=Rect(0, 0 - 1080, 2400), windowInsets=WindowInsets{
04-15 17:04:58.093 1283 1283 D b/283944974: statusBars=null max=null vis=false
04-15 17:04:58.093 1283 1283 D b/283944974: navigationBars=null max=null vis=false
04-15 17:04:58.093 1283 1283 D b/283944974: captionBar=null max=null vis=false
04-15 17:04:58.093 1283 1283 D b/283944974: ime=Insets{left=0, top=0, right=0, bottom=0} max=null vis=false
04-15 17:04:58.093 1283 1283 D b/283944974: systemGestures=null max=null vis=false
04-15 17:04:58.093 1283 1283 D b/283944974: mandatorySystemGestures=null max=null vis=false
04-15 17:04:58.093 1283 1283 D b/283944974: tappableElement=null max=null vis=false
04-15 17:04:58.093 1283 1283 D b/283944974: displayCutout=null max=null vis=false
04-15 17:04:58.093 1283 1283 D b/283944974: windowDecor=null max=null vis=false
04-15 17:04:58.093 1283 1283 D b/283944974: systemOverlays=null max=null vis=false
04-15 17:04:58.093 1283 1283 D b/283944974:
04-15 17:04:58.093 1283 1283 D b/283944974: roundedCorners=RoundedCorners{[RoundedCorner{position=TopLeft, radius=0, center=Point(0, 0)}, RoundedCorner{position=TopRight, radius=0, center=Point(0, 0)}, RoundedCorner{position=BottomRight, radius=0, center=Point(0, 0)}, RoundedCorner{position=BottomLeft, radius=0, center=Point(0, 0)}]}
04-15 17:04:58.093 1283 1283 D b/283944974: privacyIndicatorBounds=PrivacyIndicatorBounds {static bounds=null rotation=0}
04-15 17:04:58.093 1283 1283 D b/283944974: displayShape=DisplayShape{ spec=-1893857183 displayWidth=1080 displayHeight=2400 physicalPixelDisplaySizeRatio=1.0 rotation=0 offsetX=0 offsetY=0 scale=1.0}
04-15 17:04:58.093 1283 1283 D b/283944974: suppressScrimTypes=
04-15 17:04:58.093 1283 1283 D b/283944974: compatInsetsTypes=statusBars navigationBars captionBar systemOverlays
04-15 17:04:58.093 1283 1283 D b/283944974: compatIgnoreVisibility=false
04-15 17:04:58.093 1283 1283 D b/283944974: systemWindowInsetsConsumed=false
04-15 17:04:58.093 1283 1283 D b/283944974: stableInsetsConsumed=false
04-15 17:04:58.093 1283 1283 D b/283944974: displayCutoutConsumed=false
04-15 17:04:58.093 1283 1283 D b/283944974: }, density=2.625}]
04-15 17:04:58.094 1153 1352 I bluetooth: packages/modules/Bluetooth/system/gd/hal/snoop_logger.cc:597 EnableFilters: persist.bluetooth.snooplogfilter.profiles.map: disabled
04-15 17:04:58.095 1153 1352 I bluetooth: packages/modules/Bluetooth/system/gd/hal/snoop_logger.cc:597 EnableFilters: persist.bluetooth.snooplogfilter.profiles.pbap: disabled
04-15 17:04:58.097 1153 1352 I bluetooth: packages/modules/Bluetooth/system/gd/hal/snoop_logger.cc:334 delete_btsnoop_files: Deleting logs if they exist
04-15 17:04:58.105 1153 1352 I bluetooth: packages/modules/Bluetooth/system/gd/hal/snoop_logger.cc:340 delete_btsnoop_files: Main log file does not exist at "/data/misc/bluetooth/logs/btsnoop_hci.log"
04-15 17:04:58.112 1153 1352 I bluetooth: packages/modules/Bluetooth/system/gd/hal/snoop_logger.cc:348 delete_btsnoop_files: Last log file does not exist at "/data/misc/bluetooth/logs/btsnoop_hci.log"
04-15 17:04:58.113 1153 1352 I bluetooth: packages/modules/Bluetooth/system/gd/hal/snoop_logger.cc:334 delete_btsnoop_files: Deleting logs if they exist
04-15 17:04:58.114 1153 1352 I bluetooth: packages/modules/Bluetooth/system/gd/hal/snoop_logger.cc:340 delete_btsnoop_files: Main log file does not exist at "/data/misc/bluetooth/logs/btsnooz_hci.log"
04-15 17:04:58.118 1153 1352 I bluetooth: packages/modules/Bluetooth/system/gd/hal/snoop_logger.cc:348 delete_btsnoop_files: Last log file does not exist at "/data/misc/bluetooth/logs/btsnooz_hci.log"
04-15 17:04:58.118 1153 1352 I BtGdModule: packages/modules/Bluetooth/system/gd/module.cc:89 Start: Starting dependencies of SnoopLogger
04-15 17:04:58.119 1153 1352 I BtGdModule: packages/modules/Bluetooth/system/gd/module.cc:93 Start: Finished starting dependencies and calling Start() of SnoopLogger
04-15 17:04:58.119 1153 1352 I bluetooth: packages/modules/Bluetooth/system/gd/hal/snoop_logger.cc:555 OpenNextSnoopLogFile: Previous log file "/data/misc/bluetooth/logs/btsnoop_hci.log.filtered" does not exist, skip renaming
04-15 17:04:58.153 536 822 D ConnectivityService: NetReassign [no changes] [c 0] [a 0] [i 0]
04-15 17:04:58.187 1153 1352 I bluetooth: packages/modules/Bluetooth/system/gd/hal/snoop_logger.cc:588 EnableFilters: persist.bluetooth.snooplogfilter.profiles.rfcomm.enabled: 0
04-15 17:04:58.198 1153 1352 I bluetooth: packages/modules/Bluetooth/system/gd/hal/snoop_logger.cc:588 EnableFilters: persist.bluetooth.snooplogfilter.profiles.a2dp.enabled: 0
04-15 17:04:58.199 1153 1352 I bluetooth: packages/modules/Bluetooth/system/gd/hal/snoop_logger.cc:588 EnableFilters: persist.bluetooth.snooplogfilter.headers.enabled: 0
04-15 17:04:58.199 1153 1352 I bluetooth: packages/modules/Bluetooth/system/gd/hal/snoop_logger.cc:597 EnableFilters: persist.bluetooth.snooplogfilter.profiles.map: disabled
04-15 17:04:58.199 1153 1352 I bluetooth: packages/modules/Bluetooth/system/gd/hal/snoop_logger.cc:597 EnableFilters: persist.bluetooth.snooplogfilter.profiles.pbap: disabled
04-15 17:04:58.213 1153 1352 I bluetooth: packages/modules/Bluetooth/system/gd/hal/snoop_logger_socket.cc:63 SnoopLoggerSocket: address 2130706433 port 8872
04-15 17:04:58.230 1153 1352 I BtGdModule: packages/modules/Bluetooth/system/gd/module.cc:99 Start: Started SnoopLogger
04-15 17:04:58.231 1153 1352 I BtGdModule: packages/modules/Bluetooth/system/gd/module.cc:85 Start: Constructing next module
04-15 17:04:58.231 1153 1352 I BtGdModule: packages/modules/Bluetooth/system/gd/module.cc:89 Start: Starting dependencies of Btaa Module
04-15 17:04:58.237 1153 1352 I BtGdModule: packages/modules/Bluetooth/system/gd/module.cc:93 Start: Finished starting dependencies and calling Start() of Btaa Module
04-15 17:04:58.248 0 0 E servicemanager: VINTF HALs require names in the format type/instance (e.g. some.package.foo.IFoo/default) but got: suspend_control
04-15 17:04:58.269 1153 1352 E btaa : packages/modules/Bluetooth/system/gd/btaa/android/activity_attribution.cc:107 impl: No suspend control service available.
04-15 17:04:58.270 1153 1352 I BtGdModule: packages/modules/Bluetooth/system/gd/module.cc:99 Start: Started Btaa Module
04-15 17:04:58.271 1153 1352 I BtGdModule: packages/modules/Bluetooth/system/gd/module.cc:93 Start: Finished starting dependencies and calling Start() of HciHalHidl
04-15 17:04:58.335 0 0 I servicemanager: Found android.hardware.bluetooth.IBluetoothHci/default in device VINTF manifest.
04-15 17:04:58.338 896 896 D CompatibilityChangeReporter: Compat change id reported: 171228096; UID 10118; state: ENABLED
04-15 17:04:58.360 1153 1352 I bluetooth: packages/modules/Bluetooth/system/gd/hal/hci_hal_android_hidl.cc:417 start_aidl: Using the AIDL interface
04-15 17:04:58.397 349 349 I android.hardware.bluetooth.service.default: initialize
04-15 17:04:58.398 349 349 I android.hardware.bluetooth.service.default: opening hci interface 0
04-15 17:04:58.399 349 349 E android.hardware.bluetooth.service.default: unable to open /dev/rfkill: Permission denied
04-15 17:04:58.405 349 349 E android.hardware.bluetooth.service.default: rfkill unavailable
04-15 17:04:58.405 349 349 I android.hardware.bluetooth.service.default: waiting for hci interface 0
04-15 17:04:58.406 349 349 I android.hardware.bluetooth.service.default: hci interface 0 found
04-15 17:04:58.407 349 349 I android.hardware.bluetooth.service.default: hci interface 0 ready
04-15 17:04:58.469 1283 1283 I DisplayController: (CTOR) perDisplayBounds - CachedDisplayInfo{size=Point(1080, 2400), cutout=Rect(0, 0 - 0, 0), rotation=0}: [WindowBounds{bounds=Rect(0, 0 - 1080, 2400), insets=Rect(0, 63 - 0, 126), availableSize=Point(1080, 2211), rotationHint=0}, WindowBounds{bounds=Rect(0, 0 - 2400, 1080), insets=Rect(0, 63 - 126, 0), availableSize=Point(2274, 1017), rotationHint=1}, WindowBounds{bounds=Rect(0, 0 - 1080, 2400), insets=Rect(0, 63 - 0, 126), availableSize=Point(1080, 2211), rotationHint=2}, WindowBounds{bounds=Rect(0, 0 - 2400, 1080), insets=Rect(126, 63 - 0, 0), availableSize=Point(2274, 1017), rotationHint=3}]
04-15 17:04:58.598 349 349 I android.hardware.bluetooth.service.default: HCI Reset successful
04-15 17:04:58.606 349 349 I android.hardware.bluetooth.service.default: initialization complete
04-15 17:04:58.618 1153 1352 I BtGdModule: packages/modules/Bluetooth/system/gd/module.cc:99 Start: Started HciHalHidl
04-15 17:04:58.618 1153 1352 I BtGdModule: packages/modules/Bluetooth/system/gd/module.cc:85 Start: Constructing next module
04-15 17:04:58.619 1153 1352 I BtGdModule: packages/modules/Bluetooth/system/gd/module.cc:89 Start: Starting dependencies of Hci Layer
04-15 17:04:58.651 1153 1352 I BtGdModule: packages/modules/Bluetooth/system/gd/module.cc:85 Start: Constructing next module
04-15 17:04:58.653 1153 1352 I BtGdModule: packages/modules/Bluetooth/system/gd/module.cc:89 Start: Starting dependencies of Storage Module
04-15 17:04:58.696 1153 1352 I BtGdModule: packages/modules/Bluetooth/system/gd/module.cc:93 Start: Finished starting dependencies and calling Start() of Storage Module
04-15 17:04:58.697 1153 1352 E bluetooth: packages/modules/Bluetooth/system/gd/storage/legacy_config_file.cc:39 Read: unable to open file '/data/misc/bluedroid/bt_config.conf', error: No such file or directory
04-15 17:04:58.698 1153 1352 W bluetooth: packages/modules/Bluetooth/system/gd/storage/storage_module.cc:168 Start: cannot load config at /data/misc/bluedroid/bt_config.conf, using backup at /data/misc/bluedroid/bt_config.bak.
04-15 17:04:58.699 1153 1352 E bluetooth: packages/modules/Bluetooth/system/gd/storage/legacy_config_file.cc:39 Read: unable to open file '/data/misc/bluedroid/bt_config.bak', error: No such file or directory
04-15 17:04:58.706 1153 1352 W bluetooth: packages/modules/Bluetooth/system/gd/storage/storage_module.cc:175 Start: cannot load backup config at /data/misc/bluedroid/bt_config.bak; creating new empty ones
04-15 17:04:58.765 1153 1352 I droid.bluetooth: [0415/170458.765148:INFO:btif_keystore.cc(61)] ConvertEncryptOrDecryptKeyIfNeeded callback isn't ready.
04-15 17:04:58.766 1153 1352 I BtGdModule: packages/modules/Bluetooth/system/gd/module.cc:99 Start: Started Storage Module
04-15 17:04:58.773 1153 1352 I BtGdModule: packages/modules/Bluetooth/system/gd/module.cc:93 Start: Finished starting dependencies and calling Start() of Hci Layer
04-15 17:04:58.789 1153 1352 I BtGdModule: packages/modules/Bluetooth/system/gd/module.cc:99 Start: Started Hci Layer
04-15 17:04:58.790 1153 1352 I BtGdModule: packages/modules/Bluetooth/system/gd/module.cc:85 Start: Constructing next module
04-15 17:04:58.791 1153 1352 I BtGdModule: packages/modules/Bluetooth/system/gd/module.cc:89 Start: Starting dependencies of shim::Dumpsys
04-15 17:04:58.791 1153 1352 I BtGdModule: packages/modules/Bluetooth/system/gd/module.cc:93 Start: Finished starting dependencies and calling Start() of shim::Dumpsys
04-15 17:04:58.793 1153 1352 I BtGdModule: packages/modules/Bluetooth/system/gd/module.cc:99 Start: Started shim::Dumpsys
04-15 17:04:58.795 1153 1352 I BtGdModule: packages/modules/Bluetooth/system/gd/module.cc:85 Start: Constructing next module
04-15 17:04:58.807 1153 1352 I BtGdModule: packages/modules/Bluetooth/system/gd/module.cc:89 Start: Starting dependencies of Vendor Specific Event Manager
04-15 17:04:58.832 1153 1352 I BtGdModule: packages/modules/Bluetooth/system/gd/module.cc:85 Start: Constructing next module
04-15 17:04:58.833 1153 1352 I BtGdModule: packages/modules/Bluetooth/system/gd/module.cc:89 Start: Starting dependencies of Controller
04-15 17:04:58.840 1153 1352 I BtGdModule: packages/modules/Bluetooth/system/gd/module.cc:85 Start: Constructing next module
04-15 17:04:58.841 1153 1352 I BtGdModule: packages/modules/Bluetooth/system/gd/module.cc:89 Start: Starting dependencies of Sysprops Module
04-15 17:04:58.841 1153 1352 I BtGdModule: packages/modules/Bluetooth/system/gd/module.cc:93 Start: Finished starting dependencies and calling Start() of Sysprops Module
04-15 17:04:58.842 1153 1352 I BtGdModule: packages/modules/Bluetooth/system/gd/module.cc:99 Start: Started Sysprops Module
04-15 17:04:58.842 1153 1352 I BtGdModule: packages/modules/Bluetooth/system/gd/module.cc:93 Start: Finished starting dependencies and calling Start() of Controller
04-15 17:04:58.896 536 877 W ContentProviderHelper: Slow operation: 61ms so far, now at getContentProviderImpl: done!
04-15 17:04:59.058 896 931 W Looper : Drained
04-15 17:04:59.431 1211 1211 D CarrierIdProvider: update database from pb. inserted rows = 2655
04-15 17:04:59.444 1211 1211 D CarrierIdProvider: update version number: 700001a relative version: 26
04-15 17:04:59.467 896 896 D NavigationModeController: getCurrentUserContext: contextUser=0 currentUser=0
04-15 17:04:59.477 896 896 D NavigationModeController: getCurrentInteractionMode: mode=0 contextUser=0
04-15 17:04:59.488 896 896 D NavigationModeController: getCurrentInteractionMode: mode=0 contextUser=0
04-15 17:04:59.531 1283 1283 D CompatibilityChangeReporter: Compat change id reported: 160794467; UID 10113; state: ENABLED
04-15 17:04:59.594 1153 1352 I BtGdModule: packages/modules/Bluetooth/system/gd/module.cc:99 Start: Started Controller
04-15 17:04:59.594 1153 1352 I BtGdModule: packages/modules/Bluetooth/system/gd/module.cc:93 Start: Finished starting dependencies and calling Start() of Vendor Specific Event Manager
04-15 17:04:59.597 1153 1352 I BtGdModule: packages/modules/Bluetooth/system/gd/module.cc:99 Start: Started Vendor Specific Event Manager
04-15 17:04:59.608 1153 1352 I BtGdModule: packages/modules/Bluetooth/system/gd/module.cc:85 Start: Constructing next module
04-15 17:04:59.609 1153 1352 I BtGdModule: packages/modules/Bluetooth/system/gd/module.cc:89 Start: Starting dependencies of AclSchedulerModule
04-15 17:04:59.620 1153 1352 I BtGdModule: packages/modules/Bluetooth/system/gd/module.cc:93 Start: Finished starting dependencies and calling Start() of AclSchedulerModule
04-15 17:04:59.620 1153 1352 I BtGdModule: packages/modules/Bluetooth/system/gd/module.cc:99 Start: Started AclSchedulerModule
04-15 17:04:59.621 1153 1352 I BtGdModule: packages/modules/Bluetooth/system/gd/module.cc:85 Start: Constructing next module
04-15 17:04:59.621 1153 1352 I BtGdModule: packages/modules/Bluetooth/system/gd/module.cc:89 Start: Starting dependencies of Acl Manager
04-15 17:04:59.634 1153 1352 I BtGdModule: packages/modules/Bluetooth/system/gd/module.cc:93 Start: Finished starting dependencies and calling Start() of Acl Manager
04-15 17:04:59.663 1283 1283 D b/254119092: TaskbarManager created
04-15 17:04:59.663 1283 1283 D b/254119092: mActivity and mContext agree taskbarIsPresent=false
04-15 17:04:59.663 1283 1283 D b/254119092: destroyExistingTaskbar: null
04-15 17:04:59.663 1283 1283 D b/254119092: mActivity and mContext agree taskbarIsPresent=false
04-15 17:04:59.668 1283 1283 D b/254119092: recreateTaskbar: isTaskbarEnabled=false [dp != null (i.e. mUserUnlocked)]=false FLAG_HIDE_NAVBAR_WINDOW=false dp.isTaskbarPresent=null
04-15 17:04:59.668 1283 1283 D b/254119092: mActivity and mContext agree taskbarIsPresent=false
04-15 17:04:59.687 1283 1283 D TouchInteractionService: disposeEventHandlers: Reason: Initializing input monitor due to: onNavigationModeChanged()
04-15 17:04:59.746 1153 1352 I BtGdModule: packages/modules/Bluetooth/system/gd/module.cc:99 Start: Started Acl Manager
04-15 17:04:59.761 1153 1352 I BtGdModule: packages/modules/Bluetooth/system/gd/module.cc:85 Start: Constructing next module
04-15 17:04:59.766 1283 1283 W ContextImpl: Failed to ensure /data/user/0/com.android.launcher3/files: mkdir failed: ENOENT (No such file or directory)
04-15 17:04:59.771 1283 1283 D TouchInteractionService: Touch service connected: user=0
04-15 17:04:59.817 1153 1352 I BtGdModule: packages/modules/Bluetooth/system/gd/module.cc:89 Start: Starting dependencies of Le Advertising Manager
04-15 17:04:59.818 1153 1352 I BtGdModule: packages/modules/Bluetooth/system/gd/module.cc:93 Start: Finished starting dependencies and calling Start() of Le Advertising Manager
04-15 17:04:59.824 1153 1352 I bluetooth: packages/modules/Bluetooth/system/gd/hci/le_advertising_manager.cc:177 get_tx_path_loss_compensation: Tx path loss compensation: 0
04-15 17:04:59.825 1153 1352 I BtGdModule: packages/modules/Bluetooth/system/gd/module.cc:99 Start: Started Le Advertising Manager
04-15 17:04:59.826 1153 1352 I BtGdModule: packages/modules/Bluetooth/system/gd/module.cc:85 Start: Constructing next module
04-15 17:04:59.826 1153 1352 I bluetooth: packages/modules/Bluetooth/system/gd/hci/msft.cc:305 MsftExtensionManager: MsftExtensionManager()
04-15 17:04:59.840 1153 1352 I BtGdModule: packages/modules/Bluetooth/system/gd/module.cc:89 Start: Starting dependencies of Microsoft Extension Manager
04-15 17:04:59.841 1153 1352 I BtGdModule: packages/modules/Bluetooth/system/gd/module.cc:93 Start: Finished starting dependencies and calling Start() of Microsoft Extension Manager
04-15 17:04:59.842 1153 1352 I bluetooth: packages/modules/Bluetooth/system/gd/hci/msft.cc:51 start: MsftExtensionManager start()
04-15 17:04:59.843 1153 1352 I bluetooth: packages/modules/Bluetooth/system/gd/hci/msft.cc:63 start: MSFT extension is not supported.
04-15 17:04:59.843 1153 1352 I BtGdModule: packages/modules/Bluetooth/system/gd/module.cc:99 Start: Started Microsoft Extension Manager
04-15 17:04:59.844 1153 1352 I BtGdModule: packages/modules/Bluetooth/system/gd/module.cc:85 Start: Constructing next module
04-15 17:04:59.844 1153 1352 I BtGdModule: packages/modules/Bluetooth/system/gd/module.cc:89 Start: Starting dependencies of Le Scanning Manager
04-15 17:04:59.849 1153 1352 I BtGdModule: packages/modules/Bluetooth/system/gd/module.cc:93 Start: Finished starting dependencies and calling Start() of Le Scanning Manager
04-15 17:04:59.856 896 896 D CompatibilityChangeReporter: Compat change id reported: 210923482; UID 10118; state: ENABLED
04-15 17:04:59.872 1153 1352 I bluetooth: packages/modules/Bluetooth/system/gd/hci/le_scanning_manager.cc:304 get_rx_path_loss_compensation: Rx path loss compensation: 0
04-15 17:04:59.873 1153 1352 I BtGdModule: packages/modules/Bluetooth/system/gd/module.cc:99 Start: Started Le Scanning Manager
04-15 17:04:59.873 1153 1352 I BtGdModule: packages/modules/Bluetooth/system/gd/module.cc:85 Start: Constructing next module
04-15 17:04:59.874 1153 1352 I BtGdModule: packages/modules/Bluetooth/system/gd/module.cc:89 Start: Starting dependencies of Distance Measurement Manager
04-15 17:04:59.874 1153 1352 I BtGdModule: packages/modules/Bluetooth/system/gd/module.cc:93 Start: Finished starting dependencies and calling Start() of Distance Measurement Manager
04-15 17:04:59.874 1153 1352 I BtGdModule: packages/modules/Bluetooth/system/gd/module.cc:99 Start: Started Distance Measurement Manager
04-15 17:04:59.879 1153 1345 I bluetooth: packages/modules/Bluetooth/system/gd/stack_manager.cc:52 StartUp: init_status == 0
04-15 17:04:59.893 1153 1345 I bluetooth: packages/modules/Bluetooth/system/gd/stack_manager.cc:59 StartUp: init complete
04-15 17:04:59.894 1153 1345 I bt_gd_shim: packages/modules/Bluetooth/system/main/shim/stack.cc:168 Start: Start Successfully toggled Gd stack
04-15 17:04:59.895 1153 1351 I bluetooth: packages/modules/Bluetooth/system/gd/hci/le_scanning_manager.cc:1485 on_apcf_read_extended_features_complete: set is_ad_type_filter_supported_ to 1 & is_transport_discovery_data_filter_supported_ to 0
04-15 17:04:59.942 1153 1345 I bt_shim_scanner: packages/modules/Bluetooth/system/main/shim/le_scanning_manager.cc:144 Init: init BleScannerInterfaceImpl
04-15 17:04:59.948 1153 1345 I bt_core_module: packages/modules/Bluetooth/system/btcore/src/module.cc:91 module_start_up: module_start_up Started module "gd_shim_module"
04-15 17:04:59.957 1153 1345 W droid.bluetooth: [0415/170459.957282:WARNING:btif_config.cc(102)] read_or_set_metrics_salt: Failed to read metrics salt from config
04-15 17:04:59.958 1153 1345 I droid.bluetooth: [0415/170459.958216:INFO:btif_config.cc(113)] read_or_set_metrics_salt: Metrics salt is invalid, creating new one
04-15 17:04:59.978 1153 1345 I bt_btif_core: packages/modules/Bluetooth/system/btif/src/btif_core.cc:228 btif_init_bluetooth: btif_init_bluetooth entered
04-15 17:05:00.030 1153 1370 I droid.bluetooth: [0415/170500.030562:INFO:message_loop_thread.cc(184)] Run: message loop starting for thread bt_jni_thread
04-15 17:05:00.034 1153 1345 I bt_btif_core: packages/modules/Bluetooth/system/btif/src/btif_core.cc:232 btif_init_bluetooth: btif_init_bluetooth finished
04-15 17:05:00.194 1211 1211 D SatelliteProvider: onCreate
04-15 17:05:00.234 1153 1345 W bt_device_interop: packages/modules/Bluetooth/system/device/src/interop.cc:1676 interop_database_save_allowlisted_media_players_list: found feature - INTEROP_BROWSE_PLAYER_ALLOW_LIST
04-15 17:05:00.241 1153 1345 I bt_stack_config: packages/modules/Bluetooth/system/main/stack_config.cc:72 init: init attempt to load stack conf from /apex/com.android.btservices/etc/bluetooth/bt_stack.conf
04-15 17:05:00.261 1153 1345 I bt_stack_manager: packages/modules/Bluetooth/system/btif/src/stack_manager.cc:285 event_init_stack: finished
04-15 17:05:00.264 1153 1153 I bt_osi_wakelock: packages/modules/Bluetooth/system/osi/src/wakelock.cc:99 wakelock_set_os_callouts: wakelock_set_os_callouts set to non-native
04-15 17:05:00.265 1153 1153 I bt_btif : packages/modules/Bluetooth/system/btif/src/bluetooth.cc:829 get_profile_interface: get_profile_interface: id = socket
04-15 17:05:00.268 1153 1346 E bt_btif_storage: packages/modules/Bluetooth/system/btif/src/btif_storage.cc:622 btif_storage_get_adapter_property: btif_storage_get_adapter_property: Controller not ready! Unable to return Bluetooth Address
04-15 17:05:00.281 1153 1370 E BluetoothServiceJni: adapter_properties_callback: Status 1 is incorrect
04-15 17:05:00.307 1153 1153 D BluetoothKeystoreService: initJni()
04-15 17:05:00.323 1211 1211 D TelephonyProvider: onCreate: build id changed from to UE1A.230829.036.A1
04-15 17:05:00.334 1153 1153 I bt_btif : packages/modules/Bluetooth/system/btif/src/bluetooth.cc:829 get_profile_interface: get_profile_interface: id = bluetooth_keystore
04-15 17:05:00.353 1153 1153 I droid.bluetooth: [0415/170500.353459:INFO:com_android_bluetooth_BluetoothQualityReport.cpp(88)] classInitNative: succeeds
04-15 17:05:00.355 1153 1153 I bt_btif : packages/modules/Bluetooth/system/btif/src/bluetooth.cc:829 get_profile_interface: get_profile_interface: id = bqr
04-15 17:05:00.366 1153 1153 I bluetooth: packages/modules/Bluetooth/system/btif/src/btif_bqr.cc:739 init: BluetoothQualityReportInterfaceImpl
04-15 17:05:00.383 1211 1211 D TelephonyProvider: Load APNs from /system/etc/apns-conf.xml instead of /oem/telephony/apns-conf.xml
04-15 17:05:00.383 1211 1211 D TelephonyProvider: Load APNs from /product/etc/apns-conf.xml instead of /system/etc/apns-conf.xml
04-15 17:05:00.392 1153 1370 D AdapterProperties: Name is: Android SDK built for x86_64
04-15 17:05:00.393 1153 1370 I bluetooth: packages/modules/Bluetooth/system/gd/storage/config_cache.cc:289 ConvertEncryptOrDecryptKeyIfNeeded: ConvertEncryptOrDecryptKeyIfNeeded
04-15 17:05:00.394 1153 1153 I bt_btif : packages/modules/Bluetooth/system/btif/src/bluetooth.cc:829 get_profile_interface: get_profile_interface: id = sdp
04-15 17:05:00.397 1211 1211 D TelephonyProvider: Load APNs from /data/misc/apns/apns-conf.xml instead of /product/etc/apns-conf.xml
04-15 17:05:00.402 1153 1153 I BluetoothAdapterService: loadLeAudioAllowDevices
04-15 17:05:00.402 1153 1153 I BluetoothAdapterService: LE Audio allow list is disabled.
04-15 17:05:00.411 1211 1211 D TelephonyProvider: Checksum for /data/misc/apns/apns-conf.xml is 2001431324
04-15 17:05:00.417 1211 1211 D TelephonyProvider: Checksum after adding resource is 61296002
04-15 17:05:00.438 1153 1153 D BluetoothDatabase: start()
04-15 17:05:00.457 1211 1211 D TelephonyProvider: newChecksum: 2062727326
04-15 17:05:00.458 1211 1211 D TelephonyProvider: oldChecksum: -1
04-15 17:05:00.466 1153 1153 D BluetoothDatabase: Load Database
04-15 17:05:00.467 1153 1153 I BluetoothAdapterService: Phone policy enabled
04-15 17:05:00.500 536 558 W WindowManager: Keyguard drawn timeout. Setting mKeyguardDrawComplete
04-15 17:05:00.705 1153 1153 D ActiveDeviceManager: start()
04-15 17:05:01.054 1153 1376 D ActiveDeviceManager: onAudioDevicesAdded
04-15 17:05:01.069 1153 1376 D ActiveDeviceManager: Audio device added: Android SDK built for x86_64 type: 2
04-15 17:05:01.071 1153 1376 D ActiveDeviceManager: Audio device added: Android SDK built for x86_64 type: 18
04-15 17:05:01.071 1153 1376 D ActiveDeviceManager: Audio device added: Android SDK built for x86_64 type: 15
04-15 17:05:01.113 1153 1376 D ActiveDeviceManager: Audio device added: Android SDK built for x86_64 type: 18
04-15 17:05:01.114 1153 1376 D ActiveDeviceManager: Audio device added: Android SDK built for x86_64 type: 25
04-15 17:05:01.115 1153 1153 I droid.bluetooth: [0415/170501.087751:INFO:com_android_bluetooth_btservice_ActivityAttribution.cpp(96)] classInitNative: succeeds
04-15 17:05:01.126 1153 1153 D BluetoothAdapterService: setAdapterService() - trying to set service to com.android.bluetooth.btservice.AdapterService@6d3511c
04-15 17:05:01.129 1153 1376 D ActiveDeviceManager: Audio device added: Android SDK built for x86_64 type: 16
04-15 17:05:01.137 1211 1211 D TelephonyProvider: dbh.onCreate:+ db=SQLiteDatabase: /data/user_de/0/com.android.providers.telephony/databases/telephony.db
04-15 17:05:01.137 1211 1211 D TelephonyProvider: dbh.createSimInfoTable:+ siminfo
04-15 17:05:01.202 1211 1211 D TelephonyProvider: dbh.createSimInfoTable:-
04-15 17:05:01.203 1211 1211 D TelephonyProvider: dbh.createCarriersTable: carriers
04-15 17:05:01.254 1211 1211 D TelephonyProvider: dbh.createCarriersTable:-
04-15 17:05:01.255 1211 1211 D TelephonyProvider: dbh.onCreate: Apply apns from xml.
04-15 17:05:01.273 1211 1211 D TelephonyProvider: Load APNs from /system/etc/apns-conf.xml instead of /oem/telephony/apns-conf.xml
04-15 17:05:01.279 1211 1211 D TelephonyProvider: Load APNs from /product/etc/apns-conf.xml instead of /system/etc/apns-conf.xml
04-15 17:05:01.281 1211 1211 D TelephonyProvider: Load APNs from /data/misc/apns/apns-conf.xml instead of /product/etc/apns-conf.xml
04-15 17:05:01.288 1211 1211 D TelephonyProvider: confFile = /data/misc/apns/apns-conf.xml
04-15 17:05:01.320 536 536 W Looper : Slow dispatch took 107ms main h=com.android.server.pm.UserManagerService$MainHandler c=null m=1
04-15 17:05:01.321 536 536 D WifiP2pService: Wifi enabled=true, P2P disallowed by admin=false
04-15 17:05:01.429 536 536 D nativeloader: Configuring clns-shared-15 for other apk /system/priv-app/Telecom/Telecom.apk. target_sdk_version=34, uses_libraries=, library_path=/system/priv-app/Telecom/lib/x86_64:/system/priv-app/Telecom/Telecom.apk!/lib/x86_64:/system/lib64:/system_ext/lib64, permitted_path=/data:/mnt/expand:/data/user_de/0/com.android.server.telecom:/system/priv-app/Telecom:/system/lib64:/system_ext/lib64
04-15 17:05:01.484 536 536 W Looper : Slow dispatch took 141ms main h=android.app.ActivityThread$H c=null m=114
04-15 17:05:01.606 1153 1375 D BluetoothDatabase: compactLastConnectionTime: Compacting metadata after load
04-15 17:05:01.607 1153 1375 I BluetoothDatabase: cacheMetadata
04-15 17:05:01.658 1211 1211 D TelephonyProvider: Checksum for /data/misc/apns/apns-conf.xml is 2001431324
04-15 17:05:01.661 536 559 I DropBoxManagerService: add tag=system_app_strictmode isTagEnabled=true flags=0x2
04-15 17:05:01.675 1211 1211 D TelephonyProvider: Checksum after adding resource is 61296002
04-15 17:05:01.680 1153 1153 D BluetoothAdapterService: onBind()
04-15 17:05:01.683 1211 1211 D TelephonyProvider: dbh.onCreate:- db=SQLiteDatabase: /data/user_de/0/com.android.providers.telephony/databases/telephony.db
04-15 17:05:01.704 536 536 W Looper : Slow dispatch took 111ms main h=com.android.providers.settings.SettingsProvider$SettingsRegistry$MyHandler c=null m=2
04-15 17:05:01.742 536 536 I MR2ServiceImpl: addProviderRoutes | provider: com.android.server.media/.SystemMediaRoute2Provider, routes: [DEVICE_ROUTE | Phone]
04-15 17:05:01.747 536 536 D WallpaperManagerService: WPMS.onServiceConnected-ComponentInfo{com.android.systemui/com.android.systemui.wallpapers.ImageWallpaper}
04-15 17:05:01.749 536 536 D WallpaperManagerService: WPMS.attachServiceLocked
04-15 17:05:01.750 536 536 V WallpaperManagerService: WPMS.attachServiceLocked took to complete: 0ms
04-15 17:05:01.750 536 536 V WallpaperManagerService: WPMS.onServiceConnected-ComponentInfo{com.android.systemui/com.android.systemui.wallpapers.ImageWallpaper} took to complete: 3ms
04-15 17:05:01.767 536 536 I PackageWatchdog: Syncing health check requests for packages: {}
04-15 17:05:01.771 536 536 I ExplicitHealthCheckController: Service not ready to get health check supported packages. Binding...
04-15 17:05:01.785 896 896 D NavigationModeController: getCurrentInteractionMode: mode=0 contextUser=0
04-15 17:05:01.792 896 1259 D CompatibilityChangeReporter: Compat change id reported: 150939131; UID 10118; state: ENABLED
04-15 17:05:01.794 536 536 I ExplicitHealthCheckController: Explicit health check service is bound
04-15 17:05:01.805 536 536 I HealthFirstGrantTimeMan: State for user: 0 has not been restored and validated.
04-15 17:05:01.819 896 896 I vol.Events: writeEvent collection_started
04-15 17:05:01.843 1211 1211 D TelephonyProvider: dbh.onOpen: ok, queried table=siminfo
04-15 17:05:01.862 536 536 W GrantTimeSerializer: /data/system_ce/0/healthconnect/health-permissions-first-grant-times.xml not found
04-15 17:05:01.874 1211 1211 D TelephonyProvider: dbh.onOpen: ok, queried table=carriers
04-15 17:05:01.945 536 536 W HealthConnectPackageInfoUtils: Can't extract requested permissions from the package info.
04-15 17:05:01.946 536 536 W HealthConnectPackageInfoUtils: Can't extract requested permissions from the package info.
04-15 17:05:01.947 536 536 W HealthConnectPackageInfoUtils: Can't extract requested permissions from the package info.
04-15 17:05:01.947 536 536 W HealthConnectPackageInfoUtils: Can't extract requested permissions from the package info.
04-15 17:05:01.948 536 536 W HealthConnectPackageInfoUtils: Can't extract requested permissions from the package info.
04-15 17:05:01.949 536 536 W HealthConnectPackageInfoUtils: Can't extract requested permissions from the package info.
04-15 17:05:01.949 536 536 W HealthConnectPackageInfoUtils: Can't extract requested permissions from the package info.
04-15 17:05:01.950 536 536 W HealthConnectPackageInfoUtils: Can't extract requested permissions from the package info.
04-15 17:05:01.950 536 536 W HealthConnectPackageInfoUtils: Can't extract requested permissions from the package info.
04-15 17:05:01.950 536 536 W HealthConnectPackageInfoUtils: Can't extract requested permissions from the package info.
04-15 17:05:01.950 536 536 W HealthConnectPackageInfoUtils: Can't extract requested permissions from the package info.
04-15 17:05:01.951 536 536 W HealthConnectPackageInfoUtils: Can't extract requested permissions from the package info.
04-15 17:05:01.951 536 536 W HealthConnectPackageInfoUtils: Can't extract requested permissions from the package info.
04-15 17:05:01.951 536 536 W HealthConnectPackageInfoUtils: Can't extract requested permissions from the package info.
04-15 17:05:01.959 536 536 W HealthConnectPackageInfoUtils: Can't extract requested permissions from the package info.
04-15 17:05:01.959 536 536 W HealthConnectPackageInfoUtils: Can't extract requested permissions from the package info.
04-15 17:05:01.959 536 536 W HealthConnectPackageInfoUtils: Can't extract requested permissions from the package info.
04-15 17:05:01.959 536 536 W HealthConnectPackageInfoUtils: Can't extract requested permissions from the package info.
04-15 17:05:01.959 536 536 W HealthConnectPackageInfoUtils: Can't extract requested permissions from the package info.
04-15 17:05:01.959 536 536 W HealthConnectPackageInfoUtils: Can't extract requested permissions from the package info.
04-15 17:05:01.959 536 536 W HealthConnectPackageInfoUtils: Can't extract requested permissions from the package info.
04-15 17:05:01.959 536 536 W HealthConnectPackageInfoUtils: Can't extract requested permissions from the package info.
04-15 17:05:01.959 536 536 W HealthConnectPackageInfoUtils: Can't extract requested permissions from the package info.
04-15 17:05:01.959 536 536 W HealthConnectPackageInfoUtils: Can't extract requested permissions from the package info.
04-15 17:05:01.961 896 896 D vol.VolumeDialogImpl: initDialog: called!
04-15 17:05:01.972 536 536 W HealthConnectPackageInfoUtils: Can't extract requested permissions from the package info.
04-15 17:05:01.973 536 536 W HealthConnectPackageInfoUtils: Can't extract requested permissions from the package info.
04-15 17:05:01.973 536 536 W HealthConnectPackageInfoUtils: Can't extract requested permissions from the package info.
04-15 17:05:01.973 536 536 W HealthConnectPackageInfoUtils: Can't extract requested permissions from the package info.
04-15 17:05:01.973 536 536 W HealthConnectPackageInfoUtils: Can't extract requested permissions from the package info.
04-15 17:05:01.973 536 536 W HealthConnectPackageInfoUtils: Can't extract requested permissions from the package info.
04-15 17:05:01.973 536 536 W HealthConnectPackageInfoUtils: Can't extract requested permissions from the package info.
04-15 17:05:01.973 536 536 W HealthConnectPackageInfoUtils: Can't extract requested permissions from the package info.
04-15 17:05:01.973 536 536 W HealthConnectPackageInfoUtils: Can't extract requested permissions from the package info.
04-15 17:05:01.973 536 536 W HealthConnectPackageInfoUtils: Can't extract requested permissions from the package info.
04-15 17:05:01.973 536 536 W HealthConnectPackageInfoUtils: Can't extract requested permissions from the package info.
04-15 17:05:01.973 536 536 W HealthConnectPackageInfoUtils: Can't extract requested permissions from the package info.
04-15 17:05:01.973 536 536 W HealthConnectPackageInfoUtils: Can't extract requested permissions from the package info.
04-15 17:05:01.973 536 536 W HealthConnectPackageInfoUtils: Can't extract requested permissions from the package info.
04-15 17:05:01.974 536 536 W HealthConnectPackageInfoUtils: Can't extract requested permissions from the package info.
04-15 17:05:01.974 536 536 W HealthConnectPackageInfoUtils: Can't extract requested permissions from the package info.
04-15 17:05:01.974 536 536 W HealthConnectPackageInfoUtils: Can't extract requested permissions from the package info.
04-15 17:05:01.974 536 536 W HealthConnectPackageInfoUtils: Can't extract requested permissions from the package info.
04-15 17:05:01.974 536 536 W HealthConnectPackageInfoUtils: Can't extract requested permissions from the package info.
04-15 17:05:01.974 536 536 W HealthConnectPackageInfoUtils: Can't extract requested permissions from the package info.
04-15 17:05:01.974 536 536 W HealthConnectPackageInfoUtils: Can't extract requested permissions from the package info.
04-15 17:05:01.974 536 536 W HealthConnectPackageInfoUtils: Can't extract requested permissions from the package info.
04-15 17:05:01.974 536 536 W HealthConnectPackageInfoUtils: Can't extract requested permissions from the package info.
04-15 17:05:01.974 536 536 W HealthConnectPackageInfoUtils: Can't extract requested permissions from the package info.
04-15 17:05:01.974 536 536 W HealthConnectPackageInfoUtils: Can't extract requested permissions from the package info.
04-15 17:05:01.974 536 536 W HealthConnectPackageInfoUtils: Can't extract requested permissions from the package info.
04-15 17:05:01.974 536 536 W HealthConnectPackageInfoUtils: Can't extract requested permissions from the package info.
04-15 17:05:01.974 536 536 W HealthConnectPackageInfoUtils: Can't extract requested permissions from the package info.
04-15 17:05:01.975 536 536 W HealthConnectPackageInfoUtils: Can't extract requested permissions from the package info.
04-15 17:05:01.975 536 536 W HealthConnectPackageInfoUtils: Can't extract requested permissions from the package info.
04-15 17:05:01.975 536 536 W HealthConnectPackageInfoUtils: Can't extract requested permissions from the package info.
04-15 17:05:01.975 536 536 W HealthConnectPackageInfoUtils: Can't extract requested permissions from the package info.
04-15 17:05:01.975 536 536 W HealthConnectPackageInfoUtils: Can't extract requested permissions from the package info.
