04-15 17:02:47.791 426 441 W idmap2d : failed to parse idmap header of '/data/resource-cache/product@overlay@DisplayCutoutEmulationCorner@DisplayCutoutEmulationCornerOverlay.apk@idmap'
04-15 17:02:47.893 426 441 W idmap2d : failed to find resource 'string/display_cutout_emulation_overlay'
04-15 17:02:47.909 426 426 W idmap2d : failed to parse idmap header of '/data/resource-cache/product@overlay@DisplayCutoutEmulationDouble@DisplayCutoutEmulationDoubleOverlay.apk@idmap'
04-15 17:02:47.927 426 426 W idmap2d : failed to find resource 'string/display_cutout_emulation_overlay'
04-15 17:02:47.935 426 426 W idmap2d : failed to parse idmap header of '/data/resource-cache/product@overlay@NavigationBarModeGesturalWideBack@NavigationBarModeGesturalOverlayWideBack.apk@idmap'
04-15 17:02:47.947 426 426 W idmap2d : failed to find resource 'string/navigation_bar_mode_title'
04-15 17:02:47.959 426 426 W idmap2d : failed to parse idmap header of '/data/resource-cache/vendor@overlay@CarrierConfig__auto_generated_rro_vendor.apk@idmap'
04-15 17:02:47.982 426 426 W idmap2d : failed to parse idmap header of '/data/resource-cache/product@overlay@SystemUIEmulationPixel3XL@SystemUIEmulationPixel3XLOverlay.apk@idmap'
04-15 17:02:48.015 426 426 W idmap2d : failed to find resource 'dimen/multi_user_switch_keyguard_margin'
04-15 17:02:48.018 426 426 W idmap2d : failed to find resource 'dimen/physical_volume_down_button_center_screen_location_y'
04-15 17:02:48.023 426 426 W idmap2d : failed to find resource 'dimen/physical_volume_up_button_center_screen_location_y'
04-15 17:02:48.030 426 426 W idmap2d : failed to find resource 'dimen/system_icons_super_container_avatarless_margin_end'
04-15 17:02:48.042 426 426 W idmap2d : failed to parse idmap header of '/data/resource-cache/product@overlay@SystemUIEmulationPixel4XL@SystemUIEmulationPixel4XLOverlay.apk@idmap'
04-15 17:02:48.070 426 426 W idmap2d : failed to find resource 'dimen/physical_volume_down_button_center_screen_location_y'
04-15 17:02:48.074 426 426 W idmap2d : failed to find resource 'dimen/physical_volume_up_button_center_screen_location_y'
04-15 17:02:48.082 426 426 W idmap2d : failed to find resource 'string/config_rounded_mask'
04-15 17:02:48.092 426 426 W idmap2d : failed to parse idmap header of '/data/resource-cache/product@overlay@SystemUIEmulationPixelFold@SystemUIEmulationPixelFoldOverlay.apk@idmap'
04-15 17:02:48.124 426 426 W idmap2d : failed to find resource 'dimen/physical_volume_down_button_center_screen_location_y'
04-15 17:02:48.126 426 426 W idmap2d : failed to find resource 'dimen/physical_volume_up_button_center_screen_location_y'
04-15 17:02:48.131 426 426 W idmap2d : failed to find resource 'dimen/system_icons_keyguard_padding_end'
04-15 17:02:48.135 426 426 W idmap2d : failed to find resource 'dimen/system_icons_super_container_avatarless_margin_end'
04-15 17:02:48.155 426 426 W idmap2d : failed to parse idmap header of '/data/resource-cache/product@overlay@EmulatorTetheringConfigOverlay.apk@idmap'
04-15 17:02:48.182 426 614 W idmap2d : failed to parse idmap header of '/data/resource-cache/product@overlay@EmulationPixel3aXL@EmulationPixel3aXLOverlay.apk@idmap'
04-15 17:02:48.203 426 614 W idmap2d : failed to parse idmap header of '/data/resource-cache/product@overlay@EmulationPixel6Pro@EmulationPixel6ProOverlay.apk@idmap'
04-15 17:02:48.219 426 441 W idmap2d : failed to parse idmap header of '/data/resource-cache/product@overlay@EmulationPixel7Pro@EmulationPixel7ProOverlay.apk@idmap'
04-15 17:02:48.243 426 615 W idmap2d : failed to parse idmap header of '/data/resource-cache/product@overlay@EmulationPixel8Pro@EmulationPixel8ProOverlay.apk@idmap'
04-15 17:02:48.264 426 615 W idmap2d : failed to parse idmap header of '/data/resource-cache/product@overlay@EmulationPixel3a@EmulationPixel3aOverlay.apk@idmap'
04-15 17:02:48.278 426 615 W idmap2d : failed to parse idmap header of '/data/resource-cache/product@overlay@EmulationPixel4a@EmulationPixel4aOverlay.apk@idmap'
04-15 17:02:48.291 426 426 W idmap2d : failed to find resource 'dimen/quick_qs_total_height'
04-15 17:02:48.307 426 615 W idmap2d : failed to parse idmap header of '/data/resource-cache/product@overlay@EmulationPixel6a@EmulationPixel6aOverlay.apk@idmap'
04-15 17:02:48.332 426 615 W idmap2d : failed to parse idmap header of '/data/resource-cache/product@overlay@EmulationPixel7a@EmulationPixel7aOverlay.apk@idmap'
04-15 17:02:48.368 426 615 W idmap2d : failed to parse idmap header of '/data/resource-cache/product@overlay@DisplayCutoutEmulationHole@DisplayCutoutEmulationHoleOverlay.apk@idmap'
04-15 17:02:48.385 426 615 W idmap2d : failed to find resource 'string/display_cutout_emulation_overlay'
04-15 17:02:48.394 426 426 W idmap2d : failed to parse idmap header of '/data/resource-cache/product@overlay@DisplayCutoutEmulationTall@DisplayCutoutEmulationTallOverlay.apk@idmap'
04-15 17:02:48.412 426 426 W idmap2d : failed to find resource 'string/display_cutout_emulation_overlay'
04-15 17:02:48.417 426 615 W idmap2d : failed to parse idmap header of '/data/resource-cache/product@overlay@NavigationBarMode3Button@NavigationBarMode3ButtonOverlay.apk@idmap'
04-15 17:02:48.427 426 615 W idmap2d : failed to find resource 'string/navigation_bar_mode_title'
04-15 17:02:48.436 426 615 W idmap2d : failed to parse idmap header of '/data/resource-cache/vendor@overlay@SystemUI__auto_generated_rro_vendor.apk@idmap'
04-15 17:02:48.461 426 615 W idmap2d : failed to find resource 'bool/config_show4GForLTE'
04-15 17:02:48.465 426 615 E idmap2d : no resources were overlaid
04-15 17:02:48.475 426 615 W idmap2d : failed to parse idmap header of '/data/resource-cache/product@overlay@NavigationBarMode2Button@NavigationBarMode2ButtonOverlay.apk@idmap'
04-15 17:02:48.482 426 615 W idmap2d : failed to find resource 'string/navigation_bar_mode_title'
04-15 17:02:48.487 426 615 W idmap2d : failed to parse idmap header of '/data/resource-cache/product@overlay@NavigationBarModeGesturalExtraWideBack@NavigationBarModeGesturalOverlayExtraWideBack.apk@idmap'
04-15 17:02:48.518 426 615 W idmap2d : failed to find resource 'string/navigation_bar_mode_title'
04-15 17:02:48.533 426 615 W idmap2d : failed to parse idmap header of '/data/resource-cache/product@overlay@SystemUIEmulationPixel3@SystemUIEmulationPixel3Overlay.apk@idmap'
04-15 17:02:48.563 426 615 W idmap2d : failed to find resource 'dimen/physical_volume_down_button_center_screen_location_y'
04-15 17:02:48.570 426 615 W idmap2d : failed to find resource 'dimen/physical_volume_up_button_center_screen_location_y'
04-15 17:02:48.590 426 426 W idmap2d : failed to parse idmap header of '/data/resource-cache/product@overlay@SystemUIEmulationPixel4@SystemUIEmulationPixel4Overlay.apk@idmap'
04-15 17:02:48.623 426 426 W idmap2d : failed to find resource 'dimen/physical_volume_down_button_center_screen_location_y'
04-15 17:02:48.629 426 426 W idmap2d : failed to find resource 'dimen/physical_volume_up_button_center_screen_location_y'
04-15 17:02:48.643 426 426 W idmap2d : failed to find resource 'string/config_rounded_mask'
04-15 17:02:48.654 426 426 W idmap2d : failed to parse idmap header of '/data/resource-cache/product@overlay@SystemUIEmulationPixel5@SystemUIEmulationPixel5Overlay.apk@idmap'
04-15 17:02:48.698 426 426 W idmap2d : failed to find resource 'dimen/multi_user_switch_keyguard_margin'
04-15 17:02:48.703 426 426 W idmap2d : failed to find resource 'dimen/physical_volume_down_button_center_screen_location_y'
04-15 17:02:48.712 426 426 W idmap2d : failed to find resource 'dimen/physical_volume_up_button_center_screen_location_y'
04-15 17:02:48.717 426 426 W idmap2d : failed to find resource 'dimen/system_icons_super_container_avatarless_margin_end'
04-15 17:02:48.726 426 426 W idmap2d : failed to find resource 'string/config_rounded_mask'
04-15 17:02:48.732 426 426 W idmap2d : failed to parse idmap header of '/data/resource-cache/product@overlay@SystemUIEmulationPixel6@SystemUIEmulationPixel6Overlay.apk@idmap'
04-15 17:02:48.762 426 426 W idmap2d : failed to find resource 'dimen/physical_volume_down_button_center_screen_location_y'
04-15 17:02:48.768 426 426 W idmap2d : failed to find resource 'dimen/physical_volume_up_button_center_screen_location_y'
04-15 17:02:48.775 426 426 W idmap2d : failed to find resource 'dimen/system_icons_keyguard_padding_end'
04-15 17:02:48.780 426 426 W idmap2d : failed to find resource 'dimen/system_icons_super_container_avatarless_margin_end'
04-15 17:02:48.789 426 426 W idmap2d : failed to find resource 'string/config_rounded_mask'
04-15 17:02:48.798 426 615 W idmap2d : failed to parse idmap header of '/data/resource-cache/product@overlay@SystemUIEmulationPixel7@SystemUIEmulationPixel7Overlay.apk@idmap'
04-15 17:02:48.823 426 615 W idmap2d : failed to find resource 'dimen/multi_user_switch_keyguard_margin'
04-15 17:02:48.833 426 615 W idmap2d : failed to find resource 'dimen/physical_volume_down_button_center_screen_location_y'
04-15 17:02:48.835 426 615 W idmap2d : failed to find resource 'dimen/physical_volume_up_button_center_screen_location_y'
04-15 17:02:48.843 426 615 W idmap2d : failed to find resource 'dimen/system_icons_super_container_avatarless_margin_end'
04-15 17:02:48.868 426 615 W idmap2d : failed to find resource 'string/config_rounded_mask'
04-15 17:02:48.876 426 615 W idmap2d : failed to parse idmap header of '/data/resource-cache/product@overlay@SystemUIEmulationPixel8@SystemUIEmulationPixel8Overlay.apk@idmap'
04-15 17:02:48.933 426 615 W idmap2d : failed to find resource 'dimen/multi_user_switch_keyguard_margin'
04-15 17:02:48.934 426 615 W idmap2d : failed to find resource 'dimen/physical_volume_down_button_center_screen_location_y'
04-15 17:02:48.935 426 615 W idmap2d : failed to find resource 'dimen/physical_volume_up_button_center_screen_location_y'
04-15 17:02:48.943 426 615 W idmap2d : failed to find resource 'dimen/system_icons_super_container_avatarless_margin_end'
04-15 17:02:48.958 426 426 W idmap2d : failed to parse idmap header of '/data/resource-cache/product@overlay@EmulationPixel3@EmulationPixel3Overlay.apk@idmap'
04-15 17:02:48.971 426 615 W idmap2d : failed to parse idmap header of '/data/resource-cache/product@overlay@EmulationPixel4@EmulationPixel4Overlay.apk@idmap'
04-15 17:02:48.982 426 441 W idmap2d : failed to parse idmap header of '/data/resource-cache/product@overlay@EmulationPixel5@EmulationPixel5Overlay.apk@idmap'
04-15 17:02:49.004 426 618 W idmap2d : failed to parse idmap header of '/data/resource-cache/product@overlay@EmulationPixel6@EmulationPixel6Overlay.apk@idmap'
04-15 17:02:49.011 426 426 W idmap2d : failed to find resource 'dimen/status_bar_height_height_default'
04-15 17:02:49.018 426 615 W idmap2d : failed to parse idmap header of '/data/resource-cache/product@overlay@EmulationPixel7@EmulationPixel7Overlay.apk@idmap'
04-15 17:02:49.036 426 615 W idmap2d : failed to parse idmap header of '/data/resource-cache/product@overlay@EmulationPixel8@EmulationPixel8Overlay.apk@idmap'
04-15 17:02:49.057 426 426 W idmap2d : failed to parse idmap header of '/data/resource-cache/product@overlay@DisplayCutoutEmulationEmu01@DisplayCutoutEmulationEmu01Overlay.apk@idmap'
04-15 17:02:49.070 426 615 W idmap2d : failed to find resource 'dimen/quick_qs_total_height'
04-15 17:02:49.077 426 615 W idmap2d : failed to find resource 'string/display_cutout_emulation_overlay'
04-15 17:02:49.091 426 615 W idmap2d : failed to parse idmap header of '/data/resource-cache/vendor@overlay@SettingsProvider__auto_generated_rro_vendor.apk@idmap'
04-15 17:02:49.119 426 615 W idmap2d : failed to parse idmap header of '/data/resource-cache/product@overlay@FontNotoSerifSource@FontNotoSerifSourceOverlay.apk@idmap'
04-15 17:02:49.131 426 426 W idmap2d : failed to find resource 'string/font_notoserif_source_overlay'
04-15 17:02:49.140 426 615 W idmap2d : failed to parse idmap header of '/data/resource-cache/product@overlay@DisplayCutoutEmulationWaterfall@DisplayCutoutEmulationWaterfallOverlay.apk@idmap'
04-15 17:02:49.166 426 426 W idmap2d : failed to find resource 'string/display_cutout_emulation_overlay'
04-15 17:02:49.174 426 426 W idmap2d : failed to parse idmap header of '/data/resource-cache/product@overlay@TransparentNavigationBar@TransparentNavigationBarOverlay.apk@idmap'
04-15 17:02:49.182 426 615 W idmap2d : failed to find resource 'string/transparent_navigation_bar_title'
04-15 17:02:49.189 426 615 W idmap2d : failed to parse idmap header of '/data/resource-cache/product@overlay@SystemUIEmulationPixel3aXL@SystemUIEmulationPixel3aXLOverlay.apk@idmap'
04-15 17:02:49.226 426 615 W idmap2d : failed to find resource 'dimen/physical_volume_down_button_center_screen_location_y'
04-15 17:02:49.227 426 615 W idmap2d : failed to find resource 'dimen/physical_volume_up_button_center_screen_location_y'
04-15 17:02:49.229 426 615 W idmap2d : failed to find resource 'dimen/status_bar_height_portrait'
04-15 17:02:49.241 426 426 W idmap2d : failed to parse idmap header of '/data/resource-cache/product@overlay@SystemUIEmulationPixel6Pro@SystemUIEmulationPixel6ProOverlay.apk@idmap'
04-15 17:02:49.280 426 426 W idmap2d : failed to find resource 'dimen/physical_volume_down_button_center_screen_location_y'
04-15 17:02:49.286 426 426 W idmap2d : failed to find resource 'dimen/physical_volume_up_button_center_screen_location_y'
04-15 17:02:49.312 426 426 W idmap2d : failed to find resource 'dimen/system_icons_keyguard_padding_end'
04-15 17:02:49.314 426 426 W idmap2d : failed to find resource 'dimen/system_icons_super_container_avatarless_margin_end'
04-15 17:02:49.325 426 615 W idmap2d : failed to parse idmap header of '/data/resource-cache/product@overlay@SystemUIEmulationPixel7Pro@SystemUIEmulationPixel7ProOverlay.apk@idmap'
04-15 17:02:49.351 426 615 W idmap2d : failed to find resource 'dimen/physical_volume_down_button_center_screen_location_y'
04-15 17:02:49.359 426 615 W idmap2d : failed to find resource 'dimen/physical_volume_up_button_center_screen_location_y'
04-15 17:02:49.367 426 615 W idmap2d : failed to find resource 'dimen/system_icons_keyguard_padding_end'
04-15 17:02:49.372 426 615 W idmap2d : failed to find resource 'dimen/system_icons_super_container_avatarless_margin_end'
04-15 17:02:49.387 426 426 W idmap2d : failed to parse idmap header of '/data/resource-cache/product@overlay@SystemUIEmulationPixel8Pro@SystemUIEmulationPixel8ProOverlay.apk@idmap'
04-15 17:02:49.429 426 426 W idmap2d : failed to find resource 'dimen/physical_volume_down_button_center_screen_location_y'
04-15 17:02:49.431 426 426 W idmap2d : failed to find resource 'dimen/physical_volume_up_button_center_screen_location_y'
04-15 17:02:49.485 426 426 W idmap2d : failed to parse idmap header of '/data/resource-cache/product@overlay@NotesRoleEnabled@NotesRoleEnabledOverlay.apk@idmap'
04-15 17:02:49.494 426 426 W idmap2d : failed to find resource 'string/notes_role_enabled_overlay_title'
04-15 17:02:49.499 426 615 W idmap2d : failed to parse idmap header of '/data/resource-cache/vendor@overlay@TeleService__auto_generated_rro_vendor.apk@idmap'
04-15 17:02:49.513 426 615 W idmap2d : failed to find resource 'string/config_satellite_service_package'
04-15 17:02:49.529 426 615 W idmap2d : failed to parse idmap header of '/data/resource-cache/product@overlay@EmulationPixel2XL@EmulationPixel2XLOverlay.apk@idmap'
04-15 17:02:49.545 426 426 W idmap2d : failed to parse idmap header of '/data/resource-cache/product@overlay@EmulationPixel3XL@EmulationPixel3XLOverlay.apk@idmap'
04-15 17:02:49.555 426 426 W idmap2d : failed to find resource 'dimen/quick_qs_total_height'
04-15 17:02:49.574 426 615 W idmap2d : failed to parse idmap header of '/data/resource-cache/product@overlay@EmulationPixel4XL@EmulationPixel4XLOverlay.apk@idmap'
04-15 17:02:49.593 426 426 W idmap2d : failed to parse idmap header of '/data/resource-cache/product@overlay@EmulationPixelFold@EmulationPixelFoldOverlay.apk@idmap'
04-15 17:02:49.618 426 615 W idmap2d : failed to parse idmap header of '/data/resource-cache/product@overlay@SystemUIEmulationPixel3a@SystemUIEmulationPixel3aOverlay.apk@idmap'
04-15 17:02:49.662 426 426 W idmap2d : failed to find resource 'dimen/physical_volume_down_button_center_screen_location_y'
04-15 17:02:49.667 426 426 W idmap2d : failed to find resource 'dimen/physical_volume_up_button_center_screen_location_y'
04-15 17:02:49.671 426 426 W idmap2d : failed to find resource 'dimen/status_bar_height_portrait'
04-15 17:02:49.685 426 615 W idmap2d : failed to parse idmap header of '/data/resource-cache/product@overlay@SystemUIEmulationPixel4a@SystemUIEmulationPixel4aOverlay.apk@idmap'
04-15 17:02:49.715 426 615 W idmap2d : failed to find resource 'dimen/physical_volume_down_button_center_screen_location_y'
04-15 17:02:49.724 426 615 W idmap2d : failed to find resource 'dimen/physical_volume_up_button_center_screen_location_y'
04-15 17:02:49.730 426 615 W idmap2d : failed to find resource 'string/config_rounded_mask'
04-15 17:02:49.747 426 615 W idmap2d : failed to parse idmap header of '/data/resource-cache/product@overlay@SystemUIEmulationPixel6a@SystemUIEmulationPixel6aOverlay.apk@idmap'
04-15 17:02:49.781 426 615 W idmap2d : failed to find resource 'dimen/multi_user_switch_keyguard_margin'
04-15 17:02:49.783 426 615 W idmap2d : failed to find resource 'dimen/physical_volume_down_button_center_screen_location_y'
04-15 17:02:49.797 426 615 W idmap2d : failed to find resource 'dimen/physical_volume_up_button_center_screen_location_y'
04-15 17:02:49.803 426 615 W idmap2d : failed to find resource 'dimen/system_icons_super_container_avatarless_margin_end'
04-15 17:02:49.819 426 615 W idmap2d : failed to find resource 'string/config_rounded_mask'
04-15 17:02:49.831 426 426 W idmap2d : failed to parse idmap header of '/data/resource-cache/product@overlay@SystemUIEmulationPixel7a@SystemUIEmulationPixel7aOverlay.apk@idmap'
04-15 17:02:49.864 426 426 W idmap2d : failed to find resource 'dimen/multi_user_switch_keyguard_margin'
04-15 17:02:49.867 426 426 W idmap2d : failed to find resource 'dimen/physical_volume_down_button_center_screen_location_y'
04-15 17:02:49.872 426 426 W idmap2d : failed to find resource 'dimen/physical_volume_up_button_center_screen_location_y'
04-15 17:02:49.880 426 426 W idmap2d : failed to find resource 'dimen/system_icons_super_container_avatarless_margin_end'
04-15 17:02:49.893 426 426 W idmap2d : failed to find resource 'string/config_rounded_mask'
04-15 17:02:49.903 426 615 W idmap2d : failed to parse idmap header of '/data/resource-cache/vendor@overlay@goldfish_overlay_connectivity_gsi.apk@idmap'
04-15 17:02:49.918 426 615 W idmap2d : failed to parse idmap header of '/data/resource-cache/product@overlay@NavigationBarModeGestural@NavigationBarModeGesturalOverlay.apk@idmap'
04-15 17:02:49.930 426 615 W idmap2d : failed to find resource 'string/navigation_bar_mode_title'
04-15 17:02:49.937 426 615 W idmap2d : failed to parse idmap header of '/data/resource-cache/product@overlay@NavigationBarModeGesturalNarrowBack@NavigationBarModeGesturalOverlayNarrowBack.apk@idmap'
04-15 17:02:49.948 426 615 W idmap2d : failed to find resource 'string/navigation_bar_mode_title'
04-15 17:02:50.097 536 557 W BroadcastLoopers: Found previously unknown looper Thread[android.fg,5,main]
04-15 17:02:50.106 536 536 V SystemServerTiming: StartOverlayManagerService took to complete: 2378ms
04-15 17:02:50.107 536 536 D SystemServerTiming: StartResourcesManagerService
04-15 17:02:50.115 536 536 V SystemServerTiming: StartResourcesManagerService took to complete: 3ms
04-15 17:02:50.119 536 536 D SystemServerTiming: StartSensorPrivacyService
04-15 17:02:50.170 374 374 D audioserver: main: AudioPolicy created
04-15 17:02:50.186 536 536 V SystemServerTiming: StartSensorPrivacyService took to complete: 67ms
04-15 17:02:50.187 536 536 D SystemServerTiming: StartSensorService
04-15 17:02:50.191 536 536 I SystemServiceManager: Starting com.android.server.sensors.SensorService
04-15 17:02:50.194 536 536 V SystemServerTiming: StartSensorService took to complete: 4ms
04-15 17:02:50.197 536 536 V SystemServerTiming: startBootstrapServices took to complete: 17007ms
04-15 17:02:50.198 536 536 D SystemServerTiming: startCoreServices
04-15 17:02:50.198 536 536 D SystemServerTiming: StartSystemConfigService
04-15 17:02:50.199 536 536 I SystemServiceManager: Starting com.android.server.SystemConfigService
04-15 17:02:50.199 374 374 D audioserver: main: Do not init aaudio service, status 0, policy info size 1
04-15 17:02:50.201 374 374 I audioserver: main: initialization done in 44676.301 ms, joining thread pool
04-15 17:02:50.204 536 564 D SystemServerTimingAsync: InitThreadPoolExec:StartNativeSensorService
04-15 17:02:50.204 536 564 D SystemServerInitThreadPool: Started executing StartNativeSensorService
04-15 17:02:50.204 536 564 D SystemServerTimingAsync: StartNativeSensorService
04-15 17:02:50.205 536 564 D SensorService: nuSensorService starting...
04-15 17:02:50.220 0 0 I servicemanager: Found android.hardware.sensors.ISensors/default in device VINTF manifest.
04-15 17:02:50.221 536 536 V SystemServerTiming: StartSystemConfigService took to complete: 22ms
04-15 17:02:50.221 536 536 D SystemServerTiming: StartBatteryService
04-15 17:02:50.223 536 536 I SystemServiceManager: Starting com.android.server.BatteryService
04-15 17:02:50.256 0 0 I servicemanager: Found android.hardware.health.IHealth/default in device VINTF manifest.
04-15 17:02:50.273 435 435 W AudioAnalytics: onAudioServerStart: (key=audio.policy) AudioPolicy ctor, loadTimeMs:38482.101562
04-15 17:02:50.328 0 0 W healthd : battery l=100 v=5000 t=25.0 h=2 st=2 c=900000 fc=3000000 cc=10 chg=a
04-15 17:02:50.338 536 536 I HealthServiceWrapperAidl: health: HealthServiceWrapper listening to AIDL HAL
04-15 17:02:50.356 536 564 W SensorService: Goldfish 3-axis Accelerometer's max range 39.299999237061 is not a multiple of the resolution 0.000248015887 - updated to 39.300102233887
04-15 17:02:50.363 536 564 I SensorService: Goldfish Ambient Temperature sensor's reported power 0.000000 invalid, clamped to 0.001000
04-15 17:02:50.368 536 564 W SensorService: Goldfish 3-axis Accelerometer Uncalibrated's max range 39.299999237061 is not a multiple of the resolution 0.000248015887 - updated to 39.300102233887
04-15 17:02:50.380 536 564 I SensorService: Generated new HMAC key.
04-15 17:02:50.386 361 361 I android.hardware.lights-service.example: Lights setting state for id=3 to color ff00ff00
04-15 17:02:50.394 536 536 I BatteryService: health: Waited 54ms and received the update.
04-15 17:02:50.398 536 536 W SystemServiceManager: Service com.android.server.BatteryService took 164 ms in onStart
04-15 17:02:50.398 536 536 V SystemServerTiming: StartBatteryService took to complete: 176ms
04-15 17:02:50.398 536 536 D SystemServerTiming: StartUsageService
04-15 17:02:50.399 536 536 I SystemServiceManager: Starting com.android.server.usage.UsageStatsService
04-15 17:02:50.410 536 623 D SensorService: nuSensorService thread starting...
04-15 17:02:50.418 536 622 D SensorService: new thread SensorEventAckReceiver
04-15 17:02:50.422 536 564 V HistoricalRegistry: Interaction before persistence initialized
04-15 17:02:50.465 536 564 V SystemServerTimingAsync: StartNativeSensorService took to complete: 261ms
04-15 17:02:50.466 536 564 D SystemServerInitThreadPool: Finished executing StartNativeSensorService
04-15 17:02:50.466 536 564 V SystemServerTimingAsync: InitThreadPoolExec:StartNativeSensorService took to complete: 262ms
04-15 17:02:50.482 536 536 W SystemServiceManager: Service com.android.server.usage.UsageStatsService took 77 ms in onStart
04-15 17:02:50.483 536 536 V SystemServerTiming: StartUsageService took to complete: 85ms
04-15 17:02:50.483 536 536 D SystemServerTiming: StartWebViewUpdateService
04-15 17:02:50.487 536 536 I SystemServiceManager: Starting com.android.server.webkit.WebViewUpdateService
04-15 17:02:50.503 536 536 V SystemServerTiming: StartWebViewUpdateService took to complete: 19ms
04-15 17:02:50.504 536 536 D SystemServerTiming: StartCachedDeviceStateService
04-15 17:02:50.506 536 536 I SystemServiceManager: Starting com.android.server.CachedDeviceStateService
04-15 17:02:50.507 536 536 V SystemServerTiming: StartCachedDeviceStateService took to complete: 1ms
04-15 17:02:50.507 536 536 D SystemServerTiming: StartBinderCallsStatsService
04-15 17:02:50.507 536 536 I SystemServiceManager: Starting com.android.server.BinderCallsStatsService$LifeCycle
04-15 17:02:50.521 536 536 V SystemServerTiming: StartBinderCallsStatsService took to complete: 14ms
04-15 17:02:50.522 536 536 D SystemServerTiming: StartLooperStatsService
04-15 17:02:50.522 536 536 I SystemServiceManager: Starting com.android.server.LooperStatsService$Lifecycle
04-15 17:02:50.530 536 536 V SystemServerTiming: StartLooperStatsService took to complete: 8ms
04-15 17:02:50.530 536 536 D SystemServerTiming: StartRollbackManagerService
04-15 17:02:50.531 536 536 I SystemServiceManager: Starting com.android.server.rollback.RollbackManagerService
04-15 17:02:50.554 432 432 D installd: Found quota mount /dev/block/dm-38 at /data
04-15 17:02:50.558 432 432 D installd: Found quota mount /dev/block/dm-38 at /data/user/0
04-15 17:02:50.571 536 536 I PackageWatchdog: Syncing state, reason: added new observer
04-15 17:02:50.576 536 536 I PackageWatchdog: Not pruning observers, elapsed time: 0ms
04-15 17:02:50.577 536 536 I PackageWatchdog: Cancelling state sync, nothing to sync
04-15 17:02:50.584 536 566 I PackageWatchdog: Saving observer state to file
04-15 17:02:50.615 536 536 W SystemServiceManager: Service com.android.server.rollback.RollbackManagerService took 84 ms in onStart
04-15 17:02:50.626 536 536 V SystemServerTiming: StartRollbackManagerService took to complete: 96ms
04-15 17:02:50.626 536 536 D SystemServerTiming: StartNativeTombstoneManagerService
04-15 17:02:50.627 536 536 I SystemServiceManager: Starting com.android.server.os.NativeTombstoneManagerService
04-15 17:02:50.643 536 536 V SystemServerTiming: StartNativeTombstoneManagerService took to complete: 16ms
04-15 17:02:50.643 536 536 D SystemServerTiming: StartBugreportManagerService
04-15 17:02:50.646 536 536 I SystemServiceManager: Starting com.android.server.os.BugreportManagerService
04-15 17:02:50.656 536 536 V SystemServerTiming: StartBugreportManagerService took to complete: 12ms
04-15 17:02:50.656 536 536 D SystemServerTiming: GpuService
04-15 17:02:50.656 536 536 I SystemServiceManager: Starting com.android.server.gpu.GpuService
04-15 17:02:50.657 536 536 V SystemServerTiming: GpuService took to complete: 1ms
04-15 17:02:50.657 536 536 D SystemServerTiming: StartRemoteProvisioningService
04-15 17:02:50.657 536 536 I SystemServiceManager: Starting com.android.server.security.rkp.RemoteProvisioningService
04-15 17:02:50.661 536 536 V SystemServerTiming: StartRemoteProvisioningService took to complete: 4ms
04-15 17:02:50.661 536 536 D SystemServerTiming: CpuMonitorService
04-15 17:02:50.661 536 536 I SystemServiceManager: Starting com.android.server.cpu.CpuMonitorService
04-15 17:02:50.816 536 536 V SLog : static_init took to complete: 39ms
04-15 17:02:50.817 536 536 I CpuMonitorService: Starting debug monitoring
04-15 17:02:50.817 536 536 W SystemServiceManager: Service com.android.server.cpu.CpuMonitorService took 145 ms in onStart
04-15 17:02:50.817 536 536 V SystemServerTiming: CpuMonitorService took to complete: 156ms
04-15 17:02:50.817 536 536 V SystemServerTiming: startCoreServices took to complete: 620ms
04-15 17:02:50.817 536 536 D SystemServerTiming: startOtherServices
04-15 17:02:50.819 536 536 D SystemServerTiming: StartKeyAttestationApplicationIdProviderService
04-15 17:02:50.821 536 564 D SystemServerTimingAsync: InitThreadPoolExec:SecondaryZygotePreload
04-15 17:02:50.821 536 564 D SystemServerInitThreadPool: Started executing SecondaryZygotePreload
04-15 17:02:50.821 536 564 I SystemServer: SecondaryZygotePreload
04-15 17:02:50.821 536 564 D SystemServerTimingAsync: SecondaryZygotePreload
04-15 17:02:50.821 536 564 V SystemServerTimingAsync: SecondaryZygotePreload took to complete: 1ms
04-15 17:02:50.821 536 564 D SystemServerInitThreadPool: Finished executing SecondaryZygotePreload
04-15 17:02:50.821 536 564 V SystemServerTimingAsync: InitThreadPoolExec:SecondaryZygotePreload took to complete: 1ms
04-15 17:02:50.826 536 630 W CpuMonitorService: Skipping reading from device and returning the last read CpuInfos. Last read was 108 ms ago, min read interval is 500 ms
04-15 17:02:50.827 536 536 V SystemServerTiming: StartKeyAttestationApplicationIdProviderService took to complete: 8ms
04-15 17:02:50.827 536 536 D SystemServerTiming: StartKeyChainSystemService
04-15 17:02:50.832 536 536 I SystemServiceManager: Starting com.android.server.security.KeyChainSystemService
04-15 17:02:50.833 536 536 V SystemServerTiming: StartKeyChainSystemService took to complete: 5ms
04-15 17:02:50.833 536 536 D SystemServerTiming: StartBinaryTransparencyService
04-15 17:02:50.834 536 536 I SystemServiceManager: Starting com.android.server.BinaryTransparencyService
04-15 17:02:50.842 536 536 I TransparencyService: Started BinaryTransparencyService
04-15 17:02:50.843 536 536 V SystemServerTiming: StartBinaryTransparencyService took to complete: 9ms
04-15 17:02:50.843 536 536 D SystemServerTiming: StartSchedulingPolicyService
04-15 17:02:50.848 536 564 D SystemServerTimingAsync: InitThreadPoolExec:SchedulingPolicyService.
04-15 17:02:50.848 536 564 D SystemServerInitThreadPool: Started executing SchedulingPolicyService.
04-15 17:02:50.852 536 536 V SystemServerTiming: StartSchedulingPolicyService took to complete: 9ms
04-15 17:02:50.852 536 536 D SystemServerTiming: StartTelecomLoaderService
04-15 17:02:50.853 536 536 I SystemServiceManager: Starting com.android.server.telecom.TelecomLoaderService
04-15 17:02:50.854 536 536 V SystemServerTiming: StartTelecomLoaderService took to complete: 1ms
04-15 17:02:50.854 536 536 D SystemServerTiming: StartTelephonyRegistry
04-15 17:02:50.871 536 536 V SystemServerTiming: StartTelephonyRegistry took to complete: 17ms
04-15 17:02:50.871 536 536 D SystemServerTiming: StartEntropyMixer
04-15 17:02:50.935 536 564 I SchedulingPolicyService: Moving 447 back to group default
04-15 17:02:50.960 536 564 D SystemServerInitThreadPool: Finished executing SchedulingPolicyService.
04-15 17:02:50.961 536 564 V SystemServerTimingAsync: InitThreadPoolExec:SchedulingPolicyService. took to complete: 113ms
04-15 17:02:50.963 536 536 I EntropyMixer: Created seed file
04-15 17:02:50.963 536 536 V SystemServerTiming: StartEntropyMixer took to complete: 92ms
04-15 17:02:50.965 536 536 D SystemServerTiming: StartAccountManagerService
04-15 17:02:50.966 536 536 I SystemServiceManager: Starting com.android.server.accounts.AccountManagerService$Lifecycle
04-15 17:02:50.991 536 536 D CompatibilityChangeReporter: Compat change id reported: 148180766; UID 1000; state: ENABLED
04-15 17:02:50.998 536 536 V SystemServerTiming: StartAccountManagerService took to complete: 33ms
04-15 17:02:51.000 536 536 D SystemServerTiming: StartContentService
04-15 17:02:51.001 536 536 I SystemServiceManager: Starting com.android.server.content.ContentService$Lifecycle
04-15 17:02:51.012 536 536 V SystemServerTiming: StartContentService took to complete: 12ms
04-15 17:02:51.012 536 536 D SystemServerTiming: InstallSystemProviders
04-15 17:02:51.100 536 536 D nativeloader: Configuring clns-shared-14 for other apk /system/priv-app/SettingsProvider/SettingsProvider.apk. target_sdk_version=34, uses_libraries=, library_path=/system/priv-app/SettingsProvider/lib/x86_64:/system/priv-app/SettingsProvider/SettingsProvider.apk!/lib/x86_64:/system/lib64:/system_ext/lib64, permitted_path=/data:/mnt/expand:/data/user_de/0/com.android.providers.settings:/system/priv-app/SettingsProvider:/system/lib64:/system_ext/lib64
04-15 17:02:51.453 536 607 V SystemServerTimingAsync: AppDataPrepare took to complete: 4468ms
04-15 17:02:51.453 536 607 I PackageManager: Deferred reconcileAppsData finished 179 packages
04-15 17:02:51.453 536 607 D SystemServerInitThreadPool: Finished executing prepareAppData
04-15 17:02:51.453 536 607 V SystemServerTimingAsync: InitThreadPoolExec:prepareAppData took to complete: 4488ms
04-15 17:02:51.510 536 536 W SettingsState: No settings state /data/system/users/0/settings_system.xml
04-15 17:02:51.537 536 536 W SettingsState: No settings state /data/system/users/0/settings_secure.xml
04-15 17:02:51.551 536 536 D SettingsProvider: Generated and saved new ANDROID_ID [60f8f6c95065aa29] for user 0
04-15 17:02:51.561 536 536 W SettingsState: No settings state /data/system/users/0/settings_global.xml
04-15 17:02:51.603 536 536 D SettingsProvider: Setting [] as Autofill Service for user 0
04-15 17:02:51.680 536 536 W SettingsState: No settings state /data/system/users/0/settings_config.xml
04-15 17:02:51.681 536 536 W SettingsState: No settings state /data/system/users/0/settings_ssaid.xml
04-15 17:02:51.773 536 536 D ActivityManager: Checking cgroup freezer: /sys/fs/cgroup/uid_0/pid_324/cgroup.freeze
04-15 17:02:51.774 536 536 D ActivityManager: Checking binder freezer ioctl
04-15 17:02:51.774 536 536 D ActivityManager: Checking freezer profiles
04-15 17:02:51.775 536 536 D ActivityManager: Freezer supported: true
04-15 17:02:51.777 536 536 D ActivityManager: Freezer timeout set to 10000
04-15 17:02:51.778 536 536 D ActivityManager: Freezer exemption set to true
04-15 17:02:51.779 536 567 D ActivityManager: Freezer enabled
04-15 17:02:51.784 536 567 D ActivityManager: freezer override set to false
04-15 17:02:51.785 536 536 I SystemServiceManager: Starting com.android.server.deviceconfig.DeviceConfigInit$Lifecycle
04-15 17:02:51.785 536 536 V SystemServerTiming: InstallSystemProviders took to complete: 773ms
04-15 17:02:51.786 536 536 D SystemServerTiming: StartDropBoxManager
04-15 17:02:51.786 536 536 I SystemServiceManager: Starting com.android.server.DropBoxManagerService
04-15 17:02:51.791 536 536 V SystemServerTiming: StartDropBoxManager took to complete: 5ms
04-15 17:02:51.793 536 536 D SystemServerTiming: StartRoleManagerService
04-15 17:02:51.794 536 536 I SystemServiceManager: Starting com.android.role.RoleService
04-15 17:02:51.807 536 536 V SystemServerTiming: StartRoleManagerService took to complete: 14ms
04-15 17:02:51.807 536 536 D SystemServerTiming: StartVibratorManagerService
04-15 17:02:51.809 536 536 I SystemServiceManager: Starting com.android.server.vibrator.VibratorManagerService$Lifecycle
04-15 17:02:51.831 0 0 I servicemanager: Found android.hardware.vibrator.IVibratorManager/default in device VINTF manifest.
04-15 17:02:51.839 367 367 I android.hardware.vibrator-service.example: Vibrator manager reporting capabilities
04-15 17:02:51.869 367 367 I android.hardware.vibrator-service.example: Vibrator manager getting vibrator ids
04-15 17:02:51.874 367 367 I android.hardware.vibrator-service.example: Vibrator manager getting vibrator 1
04-15 17:02:51.994 367 367 I android.hardware.vibrator-service.example: Vibrator Manager cancel synced
04-15 17:02:52.004 367 367 I android.hardware.vibrator-service.example: Vibrator manager getting vibrator 1
04-15 17:02:52.029 536 536 W SystemServiceManager: Service com.android.server.vibrator.VibratorManagerService$Lifecycle took 220 ms in onStart
04-15 17:02:52.029 536 536 V SystemServerTiming: StartVibratorManagerService took to complete: 222ms
04-15 17:02:52.029 536 536 D SystemServerTiming: StartDynamicSystemService
04-15 17:02:52.034 536 536 V SystemServerTiming: StartDynamicSystemService took to complete: 5ms
04-15 17:02:52.035 536 536 D SystemServerTiming: StartResourceEconomy
04-15 17:02:52.037 536 536 I SystemServiceManager: Starting com.android.server.tare.InternalResourceService
04-15 17:02:52.073 536 536 V SystemServerTiming: StartResourceEconomy took to complete: 38ms
04-15 17:02:52.074 536 536 D SystemServerTiming: StartAlarmManagerService
04-15 17:02:52.079 536 536 I SystemServiceManager: Starting com.android.server.alarm.AlarmManagerService
04-15 17:02:52.129 536 536 D CompatibilityChangeReporter: Compat change id reported: 160794467; UID 1000; state: ENABLED
04-15 17:02:52.149 536 536 W SystemServiceManager: Service com.android.server.alarm.AlarmManagerService took 60 ms in onStart
04-15 17:02:52.150 536 536 V SystemServerTiming: StartAlarmManagerService took to complete: 75ms
04-15 17:02:52.150 536 536 D SystemServerTiming: StartInputManagerService
04-15 17:02:52.197 322 329 I ServiceManagerCppClient: Waiting for service 'statscompanion' on '/dev/binder'...
04-15 17:02:52.226 536 536 I InputManager: Initializing input manager, mUseDevInputEventForAudioJack=true
04-15 17:02:52.231 536 536 V SystemServerTiming: StartInputManagerService took to complete: 80ms
04-15 17:02:52.233 536 536 D SystemServerTiming: DeviceStateManagerService
04-15 17:02:52.234 536 536 I SystemServiceManager: Starting com.android.server.devicestate.DeviceStateManagerService
04-15 17:02:52.248 536 536 E DeviceStateManagerService: Cannot notify device state info change before the initial state has been committed.
04-15 17:02:52.253 536 536 I DeviceStateManagerService: Cannot notify device state info change when pending state is present.
04-15 17:02:52.263 536 536 V SystemServerTiming: DeviceStateManagerService took to complete: 30ms
04-15 17:02:52.265 536 536 D SystemServerTiming: StartCameraServiceProxy
04-15 17:02:52.265 536 536 I SystemServiceManager: Starting com.android.server.camera.CameraServiceProxy
04-15 17:02:52.274 536 536 V SystemServerTiming: StartCameraServiceProxy took to complete: 9ms
04-15 17:02:52.274 536 536 D SystemServerTiming: StartWindowManagerService
04-15 17:02:52.274 536 536 I SystemServiceManager: Starting phase 200
04-15 17:02:52.274 536 536 D SystemServerTiming: OnBootPhase_200
04-15 17:02:52.274 536 536 D SystemServerTiming: OnBootPhase_200_com.android.server.security.FileIntegrityService
04-15 17:02:52.274 536 536 V SystemServerTiming: OnBootPhase_200_com.android.server.security.FileIntegrityService took to complete: 0ms
04-15 17:02:52.274 536 536 D SystemServerTiming: OnBootPhase_200_com.android.server.pm.Installer
04-15 17:02:52.275 536 536 V SystemServerTiming: OnBootPhase_200_com.android.server.pm.Installer took to complete: 0ms
04-15 17:02:52.275 536 536 D SystemServerTiming: OnBootPhase_200_com.android.server.os.DeviceIdentifiersPolicyService
04-15 17:02:52.275 536 536 V SystemServerTiming: OnBootPhase_200_com.android.server.os.DeviceIdentifiersPolicyService took to complete: 0ms
04-15 17:02:52.275 536 536 D SystemServerTiming: OnBootPhase_200_com.android.server.uri.UriGrantsManagerService$Lifecycle
04-15 17:02:52.275 536 536 V SystemServerTiming: OnBootPhase_200_com.android.server.uri.UriGrantsManagerService$Lifecycle took to complete: 0ms
04-15 17:02:52.275 536 536 D SystemServerTiming: OnBootPhase_200_com.android.server.powerstats.PowerStatsService
04-15 17:02:52.275 536 536 V SystemServerTiming: OnBootPhase_200_com.android.server.powerstats.PowerStatsService took to complete: 0ms
04-15 17:02:52.275 536 536 D SystemServerTiming: OnBootPhase_200_com.android.server.permission.access.AccessCheckingService
04-15 17:02:52.275 536 536 V SystemServerTiming: OnBootPhase_200_com.android.server.permission.access.AccessCheckingService took to complete: 0ms
04-15 17:02:52.275 536 536 D SystemServerTiming: OnBootPhase_200_com.android.server.wm.ActivityTaskManagerService$Lifecycle
04-15 17:02:52.275 536 536 V SystemServerTiming: OnBootPhase_200_com.android.server.wm.ActivityTaskManagerService$Lifecycle took to complete: 0ms
04-15 17:02:52.280 536 536 D SystemServerTiming: OnBootPhase_200_com.android.server.am.ActivityManagerService$Lifecycle
04-15 17:02:52.280 536 536 V SystemServerTiming: OnBootPhase_200_com.android.server.am.ActivityManagerService$Lifecycle took to complete: 0ms
04-15 17:02:52.280 536 536 D SystemServerTiming: OnBootPhase_200_com.android.server.pm.DataLoaderManagerService
04-15 17:02:52.281 536 536 V SystemServerTiming: OnBootPhase_200_com.android.server.pm.DataLoaderManagerService took to complete: 0ms
04-15 17:02:52.281 536 536 D SystemServerTiming: OnBootPhase_200_com.android.server.power.PowerManagerService
04-15 17:02:52.281 536 536 V SystemServerTiming: OnBootPhase_200_com.android.server.power.PowerManagerService took to complete: 0ms
04-15 17:02:52.281 536 536 D SystemServerTiming: OnBootPhase_200_com.android.server.power.ThermalManagerService
04-15 17:02:52.281 536 536 V SystemServerTiming: OnBootPhase_200_com.android.server.power.ThermalManagerService took to complete: 0ms
04-15 17:02:52.281 536 536 D SystemServerTiming: OnBootPhase_200_com.android.server.power.hint.HintManagerService
04-15 17:02:52.281 536 536 V SystemServerTiming: OnBootPhase_200_com.android.server.power.hint.HintManagerService took to complete: 0ms
04-15 17:02:52.281 536 536 D SystemServerTiming: OnBootPhase_200_com.android.server.recoverysystem.RecoverySystemService$Lifecycle
04-15 17:02:52.281 536 536 V SystemServerTiming: OnBootPhase_200_com.android.server.recoverysystem.RecoverySystemService$Lifecycle took to complete: 0ms
04-15 17:02:52.281 536 536 D SystemServerTiming: OnBootPhase_200_com.android.server.lights.LightsService
04-15 17:02:52.282 536 536 V SystemServerTiming: OnBootPhase_200_com.android.server.lights.LightsService took to complete: 0ms
04-15 17:02:52.282 536 536 D SystemServerTiming: OnBootPhase_200_com.android.server.display.DisplayManagerService
04-15 17:02:52.282 536 536 V SystemServerTiming: OnBootPhase_200_com.android.server.display.DisplayManagerService took to complete: 0ms
04-15 17:02:52.282 536 536 D SystemServerTiming: OnBootPhase_200_com.android.server.pm.verify.domain.DomainVerificationService
04-15 17:02:52.282 536 536 V SystemServerTiming: OnBootPhase_200_com.android.server.pm.verify.domain.DomainVerificationService took to complete: 0ms
04-15 17:02:52.282 536 536 D SystemServerTiming: OnBootPhase_200_com.android.server.pm.PackageInstallerService$Lifecycle
04-15 17:02:52.282 536 536 V SystemServerTiming: OnBootPhase_200_com.android.server.pm.PackageInstallerService$Lifecycle took to complete: 0ms
04-15 17:02:52.282 536 536 D SystemServerTiming: OnBootPhase_200_com.android.server.pm.UserManagerService$LifeCycle
04-15 17:02:52.282 536 536 V SystemServerTiming: OnBootPhase_200_com.android.server.pm.UserManagerService$LifeCycle took to complete: 0ms
04-15 17:02:52.282 536 536 D SystemServerTiming: OnBootPhase_200_com.android.server.om.OverlayManagerService
04-15 17:02:52.283 536 536 V SystemServerTiming: OnBootPhase_200_com.android.server.om.OverlayManagerService took to complete: 0ms
04-15 17:02:52.283 536 536 D SystemServerTiming: OnBootPhase_200_com.android.server.resources.ResourcesManagerService
04-15 17:02:52.283 536 536 V SystemServerTiming: OnBootPhase_200_com.android.server.resources.ResourcesManagerService took to complete: 0ms
04-15 17:02:52.283 536 536 D SystemServerTiming: OnBootPhase_200_com.android.server.sensorprivacy.SensorPrivacyService
04-15 17:02:52.283 536 536 V SystemServerTiming: OnBootPhase_200_com.android.server.sensorprivacy.SensorPrivacyService took to complete: 0ms
04-15 17:02:52.283 536 536 D SystemServerTiming: OnBootPhase_200_com.android.server.sensors.SensorService
04-15 17:02:52.283 536 536 V SystemServerTiming: OnBootPhase_200_com.android.server.sensors.SensorService took to complete: 1ms
04-15 17:02:52.283 536 536 D SystemServerTiming: OnBootPhase_200_com.android.server.SystemConfigService
04-15 17:02:52.288 536 536 V SystemServerTiming: OnBootPhase_200_com.android.server.SystemConfigService took to complete: 0ms
04-15 17:02:52.288 536 536 D SystemServerTiming: OnBootPhase_200_com.android.server.BatteryService
04-15 17:02:52.288 536 536 V SystemServerTiming: OnBootPhase_200_com.android.server.BatteryService took to complete: 0ms
04-15 17:02:52.288 536 536 D SystemServerTiming: OnBootPhase_200_com.android.server.usage.UsageStatsService
04-15 17:02:52.288 536 536 V SystemServerTiming: OnBootPhase_200_com.android.server.usage.UsageStatsService took to complete: 0ms
04-15 17:02:52.289 536 536 D SystemServerTiming: OnBootPhase_200_com.android.server.webkit.WebViewUpdateService
04-15 17:02:52.289 536 536 V SystemServerTiming: OnBootPhase_200_com.android.server.webkit.WebViewUpdateService took to complete: 0ms
04-15 17:02:52.289 536 536 D SystemServerTiming: OnBootPhase_200_com.android.server.CachedDeviceStateService
04-15 17:02:52.289 536 536 V SystemServerTiming: OnBootPhase_200_com.android.server.CachedDeviceStateService took to complete: 0ms
04-15 17:02:52.289 536 536 D SystemServerTiming: OnBootPhase_200_com.android.server.BinderCallsStatsService$LifeCycle
04-15 17:02:52.289 536 536 V SystemServerTiming: OnBootPhase_200_com.android.server.BinderCallsStatsService$LifeCycle took to complete: 0ms
04-15 17:02:52.289 536 536 D SystemServerTiming: OnBootPhase_200_com.android.server.LooperStatsService$Lifecycle
04-15 17:02:52.289 536 536 V SystemServerTiming: OnBootPhase_200_com.android.server.LooperStatsService$Lifecycle took to complete: 0ms
04-15 17:02:52.289 536 536 D SystemServerTiming: OnBootPhase_200_com.android.server.rollback.RollbackManagerService
04-15 17:02:52.289 536 536 V SystemServerTiming: OnBootPhase_200_com.android.server.rollback.RollbackManagerService took to complete: 0ms
04-15 17:02:52.289 536 536 D SystemServerTiming: OnBootPhase_200_com.android.server.os.NativeTombstoneManagerService
04-15 17:02:52.290 536 536 V SystemServerTiming: OnBootPhase_200_com.android.server.os.NativeTombstoneManagerService took to complete: 0ms
04-15 17:02:52.290 536 536 D SystemServerTiming: OnBootPhase_200_com.android.server.os.BugreportManagerService
04-15 17:02:52.290 536 536 V SystemServerTiming: OnBootPhase_200_com.android.server.os.BugreportManagerService took to complete: 0ms
04-15 17:02:52.290 536 536 D SystemServerTiming: OnBootPhase_200_com.android.server.gpu.GpuService
04-15 17:02:52.290 536 536 V SystemServerTiming: OnBootPhase_200_com.android.server.gpu.GpuService took to complete: 0ms
04-15 17:02:52.290 536 536 D SystemServerTiming: OnBootPhase_200_com.android.server.security.rkp.RemoteProvisioningService
04-15 17:02:52.290 536 536 V SystemServerTiming: OnBootPhase_200_com.android.server.security.rkp.RemoteProvisioningService took to complete: 0ms
04-15 17:02:52.290 536 536 D SystemServerTiming: OnBootPhase_200_com.android.server.cpu.CpuMonitorService
04-15 17:02:52.290 536 536 V SystemServerTiming: OnBootPhase_200_com.android.server.cpu.CpuMonitorService took to complete: 0ms
04-15 17:02:52.290 536 536 D SystemServerTiming: OnBootPhase_200_com.android.server.security.KeyChainSystemService
04-15 17:02:52.290 536 536 V SystemServerTiming: OnBootPhase_200_com.android.server.security.KeyChainSystemService took to complete: 0ms
04-15 17:02:52.291 536 536 D SystemServerTiming: OnBootPhase_200_com.android.server.BinaryTransparencyService
04-15 17:02:52.291 536 536 V SystemServerTiming: OnBootPhase_200_com.android.server.BinaryTransparencyService took to complete: 0ms
04-15 17:02:52.291 536 536 D SystemServerTiming: OnBootPhase_200_com.android.server.telecom.TelecomLoaderService
04-15 17:02:52.291 536 536 V SystemServerTiming: OnBootPhase_200_com.android.server.telecom.TelecomLoaderService took to complete: 0ms
04-15 17:02:52.291 536 536 D SystemServerTiming: OnBootPhase_200_com.android.server.accounts.AccountManagerService$Lifecycle
04-15 17:02:52.291 536 536 V SystemServerTiming: OnBootPhase_200_com.android.server.accounts.AccountManagerService$Lifecycle took to complete: 0ms
04-15 17:02:52.291 536 536 D SystemServerTiming: OnBootPhase_200_com.android.server.content.ContentService$Lifecycle
04-15 17:02:52.291 536 536 V SystemServerTiming: OnBootPhase_200_com.android.server.content.ContentService$Lifecycle took to complete: 1ms
04-15 17:02:52.291 536 536 D SystemServerTiming: OnBootPhase_200_com.android.server.deviceconfig.DeviceConfigInit$Lifecycle
04-15 17:02:52.291 536 536 V SystemServerTiming: OnBootPhase_200_com.android.server.deviceconfig.DeviceConfigInit$Lifecycle took to complete: 0ms
04-15 17:02:52.296 536 536 D SystemServerTiming: OnBootPhase_200_com.android.server.DropBoxManagerService
04-15 17:02:52.296 536 536 V SystemServerTiming: OnBootPhase_200_com.android.server.DropBoxManagerService took to complete: 0ms
04-15 17:02:52.296 536 536 D SystemServerTiming: OnBootPhase_200_com.android.role.RoleService
04-15 17:02:52.297 536 536 V SystemServerTiming: OnBootPhase_200_com.android.role.RoleService took to complete: 0ms
04-15 17:02:52.297 536 536 D SystemServerTiming: OnBootPhase_200_com.android.server.vibrator.VibratorManagerService$Lifecycle
04-15 17:02:52.297 536 536 V SystemServerTiming: OnBootPhase_200_com.android.server.vibrator.VibratorManagerService$Lifecycle took to complete: 0ms
04-15 17:02:52.297 536 536 D SystemServerTiming: OnBootPhase_200_com.android.server.tare.InternalResourceService
04-15 17:02:52.297 536 536 V SystemServerTiming: OnBootPhase_200_com.android.server.tare.InternalResourceService took to complete: 0ms
04-15 17:02:52.297 536 536 D SystemServerTiming: OnBootPhase_200_com.android.server.alarm.AlarmManagerService
04-15 17:02:52.297 536 536 V SystemServerTiming: OnBootPhase_200_com.android.server.alarm.AlarmManagerService took to complete: 0ms
04-15 17:02:52.297 536 536 D SystemServerTiming: OnBootPhase_200_com.android.server.devicestate.DeviceStateManagerService
04-15 17:02:52.297 536 536 V SystemServerTiming: OnBootPhase_200_com.android.server.devicestate.DeviceStateManagerService took to complete: 0ms
04-15 17:02:52.297 536 536 D SystemServerTiming: OnBootPhase_200_com.android.server.camera.CameraServiceProxy
04-15 17:02:52.298 536 536 V SystemServerTiming: OnBootPhase_200_com.android.server.camera.CameraServiceProxy took to complete: 0ms
04-15 17:02:52.298 536 536 V SystemServerTiming: OnBootPhase_200 took to complete: 24ms
