04-15 17:05:01.975 536 536 W HealthConnectPackageInfoUtils: Can't extract requested permissions from the package info.
04-15 17:05:01.975 536 536 W HealthConnectPackageInfoUtils: Can't extract requested permissions from the package info.
04-15 17:05:01.975 536 536 W HealthConnectPackageInfoUtils: Can't extract requested permissions from the package info.
04-15 17:05:01.975 536 536 W HealthConnectPackageInfoUtils: Can't extract requested permissions from the package info.
04-15 17:05:01.975 536 536 W HealthConnectPackageInfoUtils: Can't extract requested permissions from the package info.
04-15 17:05:01.975 536 536 W HealthConnectPackageInfoUtils: Can't extract requested permissions from the package info.
04-15 17:05:01.975 536 536 W HealthConnectPackageInfoUtils: Can't extract requested permissions from the package info.
04-15 17:05:01.975 536 536 W HealthConnectPackageInfoUtils: Can't extract requested permissions from the package info.
04-15 17:05:01.976 536 536 W HealthConnectPackageInfoUtils: Can't extract requested permissions from the package info.
04-15 17:05:01.976 536 536 W HealthConnectPackageInfoUtils: Can't extract requested permissions from the package info.
04-15 17:05:01.976 536 536 W HealthConnectPackageInfoUtils: Can't extract requested permissions from the package info.
04-15 17:05:01.976 536 536 W HealthConnectPackageInfoUtils: Can't extract requested permissions from the package info.
04-15 17:05:01.976 536 536 W HealthConnectPackageInfoUtils: Can't extract requested permissions from the package info.
04-15 17:05:01.977 536 536 W HealthConnectPackageInfoUtils: Can't extract requested permissions from the package info.
04-15 17:05:01.977 536 536 W HealthConnectPackageInfoUtils: Can't extract requested permissions from the package info.
04-15 17:05:01.981 536 536 W Looper : Slow dispatch took 179ms main h=android.os.Handler c=null m=1
04-15 17:05:02.002 1211 1211 D TelephonyProvider: Load APNs from /system/etc/apns-conf.xml instead of /oem/telephony/apns-conf.xml
04-15 17:05:02.002 1211 1211 D TelephonyProvider: Load APNs from /product/etc/apns-conf.xml instead of /system/etc/apns-conf.xml
04-15 17:05:02.002 1211 1211 D TelephonyProvider: Load APNs from /data/misc/apns/apns-conf.xml instead of /product/etc/apns-conf.xml
04-15 17:05:02.002 1211 1211 D TelephonyProvider: confFile = /data/misc/apns/apns-conf.xml
04-15 17:05:02.277 1211 1211 D TelephonyProvider: Checksum for /data/misc/apns/apns-conf.xml is 2001431324
04-15 17:05:02.288 1211 1211 D TelephonyProvider: Checksum after adding resource is 61296002
04-15 17:05:02.317 1211 1211 D TelephonyProvider: addAllApnSharedPrefToLocalLog
04-15 17:05:02.397 1211 1211 D TelephonyProvider: onCreate: updating build id to UE1A.230829.036.A1
04-15 17:05:02.497 1211 1211 D DeferredSmsMmsRestoreService: startIfFilesExist: no files to restore
04-15 17:05:02.498 1211 1211 D DeferredSmsMmsRestoreService: addAllSharedPrefToLocalLog
04-15 17:05:02.753 896 902 I ndroid.systemui: Background young concurrent copying GC freed 13582(1644KB) AllocSpace objects, 7(328KB) LOS objects, 26% free, 5374KB/7304KB, paused 537us,99us total 307.988ms
04-15 17:05:02.801 536 563 W ProcessCpuTracker: Failed to stat(/proc/1385): android.system.ErrnoException: stat failed: ENOENT (No such file or directory)
04-15 17:05:02.801 536 563 W ProcessCpuTracker: Skipping unknown process pid 1385
04-15 17:05:02.830 536 536 D nativeloader: Configuring clns-shared-16 for other apk /system/framework/com.android.location.provider.jar. target_sdk_version=34, uses_libraries=ALL, library_path=/system/priv-app/FusedLocation/lib/x86_64:/system/priv-app/FusedLocation/FusedLocation.apk!/lib/x86_64:/system/lib64:/system_ext/lib64, permitted_path=/data:/mnt/expand:/data/user_de/0/com.android.location.fused:/system/priv-app/FusedLocation:/system/lib64:/system_ext/lib64
04-15 17:05:02.824 896 1382 I vol.Events: writeEvent level_changed STREAM_VOICE_CALL 3
04-15 17:05:02.867 896 1382 I vol.Events: writeEvent level_changed STREAM_SYSTEM 5
04-15 17:05:02.870 536 536 D nativeloader: Configuring clns-shared-17 for other apk /system/priv-app/FusedLocation/FusedLocation.apk. target_sdk_version=34, uses_libraries=, library_path=/system/priv-app/FusedLocation/lib/x86_64:/system/priv-app/FusedLocation/FusedLocation.apk!/lib/x86_64:/system/lib64:/system_ext/lib64, permitted_path=/data:/mnt/expand:/data/user_de/0/com.android.location.fused:/system/priv-app/FusedLocation:/system/lib64:/system_ext/lib64
04-15 17:05:02.883 896 1382 I vol.Events: writeEvent level_changed STREAM_RING 5
04-15 17:05:02.903 896 1382 I vol.Events: writeEvent level_changed STREAM_MUSIC 5
04-15 17:05:02.942 896 1382 I vol.Events: writeEvent level_changed STREAM_ALARM 6
04-15 17:05:02.977 536 536 I system_server: Waiting for a blocking GC ClassLinker
04-15 17:05:03.017 896 896 I TetheringManager: registerTetheringEventCallback:com.android.systemui
04-15 17:05:03.026 896 1382 I vol.Events: writeEvent level_changed STREAM_BLUETOOTH_SCO 7
04-15 17:05:03.037 896 896 I TetheringManager: registerTetheringEventCallback caller:com.android.systemui
04-15 17:05:03.158 896 1382 I vol.Events: writeEvent external_ringer_mode_changed unknown
04-15 17:05:03.165 896 1382 I vol.Events: writeEvent zen_mode_config_changed [disallowAlarms=false disallowMedia=false disallowSystem=true disallowRinger=false]
04-15 17:05:03.178 536 1390 I DropBoxManagerService: add tag=system_server_pre_watchdog isTagEnabled=true flags=0x6
04-15 17:05:03.401 536 547 I system_server: Background young concurrent copying GC freed 230382(11MB) AllocSpace objects, 27(536KB) LOS objects, 43% free, 14MB/25MB, paused 12.858ms,198us total 433.263ms
04-15 17:05:03.410 536 548 W JavaBinder: BinderProxy is being destroyed but the application did not call unlinkToDeath to unlink all of its death recipients beforehand. Releasing leaked death recipient: com.android.server.am.ActivityManagerService$14
04-15 17:05:03.411 536 548 I BpBinder: onLastStrongRef automatically unlinking death recipients:
04-15 17:05:03.413 536 548 W JavaBinder: BinderProxy is being destroyed but the application did not call unlinkToDeath to unlink all of its death recipients beforehand. Releasing leaked death recipient: com.android.server.am.ActivityManagerService$14
04-15 17:05:03.414 536 548 I BpBinder: onLastStrongRef automatically unlinking death recipients:
04-15 17:05:03.416 536 536 I system_server: WaitForGcToComplete blocked ClassLinker on Background for 438.438ms
04-15 17:05:03.418 536 536 W Looper : Slow dispatch took 660ms main h=android.app.ActivityThread$H c=null m=114
04-15 17:05:03.437 536 557 I ServiceWatcher: [fused] connected to {com.android.location.fused/com.android.location.fused.FusedLocationService}
04-15 17:05:03.514 536 559 I DropBoxManagerService: add tag=system_server_strictmode isTagEnabled=true flags=0x2
04-15 17:05:03.534 1211 1211 D DeferredSmsMmsRestoreService: startIfFilesExist: no files to restore
04-15 17:05:03.534 1211 1211 D DeferredSmsMmsRestoreService: addAllSharedPrefToLocalLog
04-15 17:05:03.674 1211 1211 I DomainSelectionResolver: DomainSelectionResolver created: device-config=false
04-15 17:05:03.677 896 896 V SystemUIBootTiming: StartServices com.android.systemui.accessibility.SystemActions took to complete: 12338ms
04-15 17:05:03.683 896 896 W SystemUIService: Initialization of com.android.systemui.accessibility.SystemActions took 12344 ms
04-15 17:05:03.698 536 536 D WallpaperManagerService: WPMS.onServiceConnected-ComponentInfo{com.android.systemui/com.android.systemui.wallpapers.ImageWallpaper}
04-15 17:05:03.699 536 536 D WallpaperManagerService: WPMS.attachServiceLocked
04-15 17:05:03.699 536 536 D WallpaperManagerService: WPMS.connectLocked-ComponentInfo{com.android.systemui/com.android.systemui.wallpapers.ImageWallpaper}
04-15 17:05:03.711 896 896 V SystemUIBootTiming: StartServices com.android.systemui.accessibility.WindowMagnification took to complete: 14ms
04-15 17:05:03.729 536 536 V WallpaperManagerService: WPMS.connectLocked-ComponentInfo{com.android.systemui/com.android.systemui.wallpapers.ImageWallpaper} took to complete: 31ms
04-15 17:05:03.730 536 536 V WallpaperManagerService: WPMS.attachServiceLocked took to complete: 31ms
04-15 17:05:03.730 536 536 D WallpaperManagerService: WPMS.saveSettingsLocked-0
04-15 17:05:03.789 896 896 V SystemUIBootTiming: StartServices com.android.systemui.biometrics.AuthController took to complete: 72ms
04-15 17:05:03.791 896 896 V SystemUIBootTiming: StartServices com.android.systemui.biometrics.AuthRippleController took to complete: 0ms
04-15 17:05:03.821 536 536 V WallpaperManagerService: WPMS.saveSettingsLocked-0 took to complete: 91ms
04-15 17:05:03.822 536 536 V WallpaperManagerService: WPMS.onServiceConnected-ComponentInfo{com.android.systemui/com.android.systemui.wallpapers.ImageWallpaper} took to complete: 123ms
04-15 17:05:03.825 896 896 V SystemUIBootTiming: StartServices com.android.systemui.biometrics.BiometricNotificationService took to complete: 34ms
04-15 17:05:03.826 896 896 V SystemUIBootTiming: StartServices com.android.systemui.broadcast.BroadcastDispatcherStartable took to complete: 0ms
04-15 17:05:03.830 536 536 W Looper : Slow dispatch took 131ms main h=android.app.ActivityThread$H c=android.app.LoadedApk$ServiceDispatcher$RunConnection@4a03d09 m=0
04-15 17:05:03.870 896 896 V SystemUIBootTiming: StartServices com.android.systemui.clipboardoverlay.ClipboardListener took to complete: 44ms
04-15 17:05:03.898 896 896 V SystemUIBootTiming: StartServices com.android.systemui.controls.start.ControlsStartable took to complete: 28ms
04-15 17:05:03.935 896 896 V SystemUIBootTiming: StartServices com.android.systemui.dreams.AssistantAttentionMonitor took to complete: 17ms
04-15 17:05:03.971 896 896 V SystemUIBootTiming: StartServices com.android.systemui.dreams.DreamMonitor took to complete: 10ms
04-15 17:05:03.973 536 536 E WiredAccessoryManager: No state change.
04-15 17:05:03.974 536 536 W WiredAccessoryManager: Both input event and extcon are used for audio jack, please just choose one.
04-15 17:05:04.068 536 536 I ConnectivityModuleConnector: Networking module service connected
04-15 17:05:04.069 536 536 I NetworkStackClient: Network stack service connected
04-15 17:05:04.086 896 896 V SystemUIBootTiming: StartServices com.android.systemui.flags.FeatureFlagsDebugStartable took to complete: 101ms
04-15 17:05:04.088 536 536 D NetworkStackClient: Network stack service registered
04-15 17:05:04.253 896 896 V SystemUIBootTiming: StartServices com.android.systemui.globalactions.GlobalActionsComponent took to complete: 166ms
04-15 17:05:04.321 896 896 V SystemUIBootTiming: StartServices com.android.systemui.keyboard.KeyboardUI took to complete: 68ms
04-15 17:05:04.382 536 536 I ConnectivityModuleConnector: Networking module service connected
04-15 17:05:04.499 896 896 V SystemUIBootTiming: StartServices com.android.systemui.keyboard.PhysicalKeyboardCoreStartable took to complete: 166ms
04-15 17:05:04.607 0 0 I servicemanager: Found android.hardware.radio.data.IRadioData/slot1 in device VINTF manifest.
04-15 17:05:04.655 536 815 D WifiClientModeImpl[180956:wlan0]: setupClientMode() ifacename = wlan0
04-15 17:05:04.713 896 896 V SystemUIBootTiming: StartServices com.android.systemui.keyguard.KeyguardViewMediator took to complete: 198ms
04-15 17:05:04.715 896 896 D ResourceTrimmer: Resource trimmer registered.
04-15 17:05:04.750 536 811 W BestClock: java.time.DateTimeException: Missing network time fix
04-15 17:05:04.782 323 323 I netd : interfaceSetEnableIPv6(wlan0, false) <2.78ms>
04-15 17:05:04.818 323 323 I netd : interfaceClearAddrs(wlan0) <2.34ms>
04-15 17:05:04.842 536 815 I WifiVendorHal: Driver: 1.0 Firmware: 1.0
04-15 17:05:04.870 536 878 D OomAdjuster: Not killing cached processes
04-15 17:05:04.910 896 1024 D WallpaperService: reportEngineShown: shouldWait=true
04-15 17:05:04.943 536 815 D WifiDiags: startLogging() iface list is {wlan0} after adding wlan0
04-15 17:05:04.954 896 896 V SystemUIBootTiming: StartServices com.android.systemui.keyguard.ResourceTrimmer took to complete: 239ms
04-15 17:05:04.989 323 323 I netd : tetherGetStats() -> {[]} <63.23ms>
04-15 17:05:05.014 536 811 W BestClock: java.time.DateTimeException: Missing network time fix
04-15 17:05:05.066 385 417 I SurfaceFlinger: Boot is finished (180577 ms)
04-15 17:05:05.149 0 0 I servicemanager: Found android.hardware.radio.data.IRadioData/slot1 in device VINTF manifest.
04-15 17:05:05.151 0 0 I servicemanager: Found android.hardware.radio.messaging.IRadioMessaging/slot1 in device VINTF manifest.
04-15 17:05:05.152 0 0 I servicemanager: Found android.hardware.radio.modem.IRadioModem/slot1 in device VINTF manifest.
04-15 17:05:05.155 0 0 I servicemanager: Found android.hardware.radio.network.IRadioNetwork/slot1 in device VINTF manifest.
04-15 17:05:05.164 0 0 I servicemanager: Found android.hardware.radio.sim.IRadioSim/slot1 in device VINTF manifest.
04-15 17:05:05.189 0 0 I servicemanager: Found android.hardware.radio.voice.IRadioVoice/slot1 in device VINTF manifest.
04-15 17:05:05.189 536 536 W Looper : Slow dispatch took 329ms main h=android.app.ActivityThread$H c=android.app.LoadedApk$ReceiverDispatcher$Args$$ExternalSyntheticLambda0@b33bc64 m=0
04-15 17:05:05.201 0 0 I servicemanager: Found android.hardware.radio.ims.IRadioIms/slot1 in device VINTF manifest.
04-15 17:05:05.261 0 0 I servicemanager: Found android.hardware.radio.modem.IRadioModem/slot1 in device VINTF manifest.
04-15 17:05:05.342 536 560 D ActivityManagerTiming: FinishBooting
04-15 17:05:05.342 536 561 W system_server: Long monitor contention with owner android.display (560) at void com.android.server.wm.WindowManagerService.performEnableScreen()(WindowManagerService.java:3762) waiters=0 in void com.android.server.wm.WindowAnimator.lambda$new$1(long) for 289ms
04-15 17:05:05.345 385 385 D SurfaceFlinger: Power hint is disabled
04-15 17:05:05.383 0 0 I servicemanager: Found android.hardware.power.IPower/default in device VINTF manifest.
04-15 17:05:05.387 363 363 I android.hardware.power-service.example: Power isBoostSupported: 1
04-15 17:05:05.398 896 896 D BouncerMessageAuditLogger: biometricMessage: null
04-15 17:05:05.411 536 958 W system_server: Long monitor contention with owner android.display (560) at void com.android.server.wm.WindowManagerService.performEnableScreen()(WindowManagerService.java:3762) waiters=1 in int com.android.server.wm.WindowManagerService.relayoutWindow(com.android.server.wm.Session, android.view.IWindow, android.view.WindowManager$LayoutParams, int, int, int, int, int, int, android.window.ClientWindowFrames, android.util.MergedConfiguration, android.view.SurfaceControl, android.view.InsetsState, android.view.InsetsSourceControl$Array, android.os.Bundle) for 300ms
04-15 17:05:05.431 536 993 E InputDispatcher: Received out of order window infos update. Last update vsync id: 123327864521096, current update vsync id: 870
04-15 17:05:05.436 324 324 W Zygote : forkRepeatedly terminated due to non-simple command
04-15 17:05:05.437 324 324 D Zygote : mbuffer starts with 1 , nice name is , mEnd = 19, mNext = 19, mLinesLeft = 0, mFd = 6
04-15 17:05:05.471 896 1024 D WallpaperService: reportEngineShown: shouldWait=true
04-15 17:05:05.481 446 481 W libgoldfish-rild: Callback is not set
04-15 17:05:05.495 896 896 D BouncerMessageAuditLogger: primaryAuthMessage: null
04-15 17:05:05.501 896 896 D BouncerMessageAuditLogger: customMessage: null
04-15 17:05:05.502 896 896 D BouncerMessageAuditLogger: faceAcquisitionMessage: null
04-15 17:05:05.502 896 896 D BouncerMessageAuditLogger: fingerprintAcquisitionMessage: null
04-15 17:05:05.502 896 896 D BouncerMessageAuditLogger: authFlagsMessage: null
04-15 17:05:05.467 536 536 W Looper : Slow dispatch took 234ms main h=android.os.Handler c=android.app.LoadedApk$ReceiverDispatcher$Args$$ExternalSyntheticLambda0@dc5ca93 m=0
04-15 17:05:05.510 896 896 D BiometricsRepositoryImpl: currentUser authFlags changed, new value: AuthenticationFlags(userId=0, flag=1)
04-15 17:05:05.543 536 815 I WifiClientModeImpl: Primary factory MAC address stored in config store: 02:15:b2:00:00:00
04-15 17:05:05.551 1153 1164 I droid.bluetooth: Background concurrent copying GC freed 6854(752KB) AllocSpace objects, 2(104KB) LOS objects, 49% free, 2313KB/4627KB, paused 367us,66us total 658.117ms
04-15 17:05:05.595 896 1403 D MediaCodecList: codecHandlesFormat: no format, so no extra checks
04-15 17:05:05.635 536 536 W TrustManagerService: EXTRA_USER_HANDLE missing or invalid, value=0
04-15 17:05:05.660 536 815 I WifiClientModeImpl: Primary factory MAC address retrieved: 02:15:b2:00:00:00
04-15 17:05:05.665 536 560 I ActivityManager: About to commit checkpoint
04-15 17:05:05.667 536 560 I SystemServiceManager: Starting phase 1000
04-15 17:05:05.671 536 560 D ActivityManagerTiming: OnBootPhase_1000
04-15 17:05:05.676 536 560 D ActivityManagerTiming: OnBootPhase_1000_com.android.server.security.FileIntegrityService
04-15 17:05:05.677 536 560 V ActivityManagerTiming: OnBootPhase_1000_com.android.server.security.FileIntegrityService took to complete: 0ms
04-15 17:05:05.677 536 560 D ActivityManagerTiming: OnBootPhase_1000_com.android.server.pm.Installer
04-15 17:05:05.677 536 560 V ActivityManagerTiming: OnBootPhase_1000_com.android.server.pm.Installer took to complete: 0ms
04-15 17:05:05.677 536 560 D ActivityManagerTiming: OnBootPhase_1000_com.android.server.os.DeviceIdentifiersPolicyService
04-15 17:05:05.678 536 560 V ActivityManagerTiming: OnBootPhase_1000_com.android.server.os.DeviceIdentifiersPolicyService took to complete: 0ms
04-15 17:05:05.678 536 560 D ActivityManagerTiming: OnBootPhase_1000_com.android.server.uri.UriGrantsManagerService$Lifecycle
04-15 17:05:05.678 536 560 V ActivityManagerTiming: OnBootPhase_1000_com.android.server.uri.UriGrantsManagerService$Lifecycle took to complete: 0ms
04-15 17:05:05.678 536 560 D ActivityManagerTiming: OnBootPhase_1000_com.android.server.powerstats.PowerStatsService
04-15 17:05:05.686 536 993 D CompatibilityChangeReporter: Compat change id reported: 214016041; UID 1000; state: ENABLED
04-15 17:05:05.710 536 993 I ImeTracker: com.android.settings:3ab9cbf5: onRequestHide at ORIGIN_SERVER_HIDE_INPUT reason HIDE_UNSPECIFIED_WINDOW
04-15 17:05:05.718 536 993 I ImeTracker: com.android.settings:3ab9cbf5: onCancelled at PHASE_SERVER_SHOULD_HIDE
04-15 17:05:05.738 896 896 D BouncerMessageAuditLogger: interactor.bouncerMessage: BouncerMessageModel(message=Message(message=, messageResId=null, colorState=null, formatterArgs=null, animate=true), secondaryMessage=Message(message=, messageResId=null, colorState=null, formatterArgs=null, animate=true))
04-15 17:05:05.738 896 896 V SystemUIBootTiming: StartServices com.android.systemui.keyguard.bouncer.domain.interactor.BouncerMessageAuditLogger took to complete: 783ms
04-15 17:05:05.831 896 1407 D CCodec : allocate(c2.android.vorbis.decoder)
04-15 17:05:05.857 0 0 I servicemanager: Found android.hardware.radio.sim.IRadioSim/slot1 in device VINTF manifest.
04-15 17:05:05.933 0 0 I servicemanager: Found android.hardware.radio.data.IRadioData/slot1 in device VINTF manifest.
04-15 17:05:05.955 0 0 I servicemanager: Found android.hardware.radio.messaging.IRadioMessaging/slot1 in device VINTF manifest.
04-15 17:05:05.953 896 945 I CameraManagerGlobal: Connecting to camera service
04-15 17:05:05.990 896 1407 I Codec2Client: Available Codec2 services: "default" "software"
04-15 17:05:06.013 896 1407 I CCodec : setting up 'default' as default (vendor) store
04-15 17:05:06.094 0 0 I servicemanager: Found android.hardware.radio.network.IRadioNetwork/slot1 in device VINTF manifest.
04-15 17:05:06.138 536 557 W Looper : Slow dispatch took 119ms android.fg h=android.os.Handler c=android.app.LoadedApk$ReceiverDispatcher$Args$$ExternalSyntheticLambda0@fc6c718 m=0
04-15 17:05:06.179 536 559 I DropBoxManagerService: add tag=system_app_strictmode isTagEnabled=true flags=0x2
04-15 17:05:06.194 896 946 D libEGL : loaded /vendor/lib64/egl/libEGL_emulation.so
04-15 17:05:06.224 896 1407 I CCodec : Created component [c2.android.vorbis.decoder]
04-15 17:05:06.228 896 1407 D CCodecConfig: read media type: audio/vorbis
04-15 17:05:06.231 896 946 D libEGL : loaded /vendor/lib64/egl/libGLESv1_CM_emulation.so
04-15 17:05:06.258 896 1407 D ReflectedParamUpdater: extent() != 1 for single value type: algo.buffers.max-count.values
04-15 17:05:06.259 896 1407 D ReflectedParamUpdater: extent() != 1 for single value type: output.subscribed-indices.values
04-15 17:05:06.262 896 1407 D ReflectedParamUpdater: extent() != 1 for single value type: input.buffers.allocator-ids.values
04-15 17:05:06.263 896 1407 D ReflectedParamUpdater: extent() != 1 for single value type: output.buffers.allocator-ids.values
04-15 17:05:06.263 896 1407 D ReflectedParamUpdater: extent() != 1 for single value type: algo.buffers.allocator-ids.values
04-15 17:05:06.276 896 1407 D ReflectedParamUpdater: extent() != 1 for single value type: output.buffers.pool-ids.values
04-15 17:05:06.277 896 1407 D ReflectedParamUpdater: extent() != 1 for single value type: algo.buffers.pool-ids.values
04-15 17:05:06.334 896 1407 I CCodecConfig: query failed after returning 7 values (BAD_INDEX)
04-15 17:05:06.337 896 1407 D CCodecConfig: c2 config diff is Dict {
04-15 17:05:06.337 896 1407 D CCodecConfig: c2::u32 coded.bitrate.value = 64000
04-15 17:05:06.337 896 1407 D CCodecConfig: c2::u32 input.buffers.max-size.value = 32768
04-15 17:05:06.337 896 1407 D CCodecConfig: c2::u32 input.delay.value = 0
04-15 17:05:06.337 896 1407 D CCodecConfig: string input.media-type.value = "audio/vorbis"
04-15 17:05:06.337 896 1407 D CCodecConfig: string output.media-type.value = "audio/raw"
04-15 17:05:06.337 896 1407 D CCodecConfig: c2::u32 raw.channel-count.value = 1
04-15 17:05:06.337 896 1407 D CCodecConfig: c2::u32 raw.sample-rate.value = 48000
04-15 17:05:06.337 896 1407 D CCodecConfig: }
04-15 17:05:06.344 536 560 W system_server: Long monitor contention with owner main (536) at void com.android.server.am.ActivityManagerService.finishReceiver(android.os.IBinder, int, java.lang.String, android.os.Bundle, boolean, int)(ActivityManagerService.java:15446) waiters=2 in android.content.Intent com.android.server.am.ActivityManagerService.registerReceiverWithFeature(android.app.IApplicationThread, java.lang.String, java.lang.String, java.lang.String, android.content.IIntentReceiver, android.content.IntentFilter, java.lang.String, int, int) for 490ms
04-15 17:05:06.349 536 536 W Looper : Slow dispatch took 692ms main h=android.app.ActivityThread$H c=android.app.LoadedApk$ReceiverDispatcher$Args$$ExternalSyntheticLambda0@a786ce1 m=0
04-15 17:05:06.356 536 560 W SystemServiceManager: Service com.android.server.powerstats.PowerStatsService took 679 ms in onBootPhase
04-15 17:05:06.357 536 560 V ActivityManagerTiming: OnBootPhase_1000_com.android.server.powerstats.PowerStatsService took to complete: 676ms
04-15 17:05:06.357 536 560 D ActivityManagerTiming: OnBootPhase_1000_com.android.server.permission.access.AccessCheckingService
04-15 17:05:06.357 536 560 V ActivityManagerTiming: OnBootPhase_1000_com.android.server.permission.access.AccessCheckingService took to complete: 0ms
04-15 17:05:06.357 536 560 D ActivityManagerTiming: OnBootPhase_1000_com.android.server.wm.ActivityTaskManagerService$Lifecycle
04-15 17:05:06.357 536 560 V ActivityManagerTiming: OnBootPhase_1000_com.android.server.wm.ActivityTaskManagerService$Lifecycle took to complete: 0ms
04-15 17:05:06.357 536 560 D ActivityManagerTiming: OnBootPhase_1000_com.android.server.am.ActivityManagerService$Lifecycle
04-15 17:05:06.357 536 560 V ActivityManagerTiming: OnBootPhase_1000_com.android.server.am.ActivityManagerService$Lifecycle took to complete: 0ms
04-15 17:05:06.357 536 560 D ActivityManagerTiming: OnBootPhase_1000_com.android.server.pm.DataLoaderManagerService
04-15 17:05:06.357 536 560 V ActivityManagerTiming: OnBootPhase_1000_com.android.server.pm.DataLoaderManagerService took to complete: 0ms
04-15 17:05:06.358 536 560 D ActivityManagerTiming: OnBootPhase_1000_com.android.server.power.PowerManagerService
04-15 17:05:06.379 536 560 V ActivityManagerTiming: OnBootPhase_1000_com.android.server.power.PowerManagerService took to complete: 21ms
04-15 17:05:06.380 536 560 D ActivityManagerTiming: OnBootPhase_1000_com.android.server.power.ThermalManagerService
04-15 17:05:06.382 536 560 V ActivityManagerTiming: OnBootPhase_1000_com.android.server.power.ThermalManagerService took to complete: 0ms
04-15 17:05:06.382 536 560 D ActivityManagerTiming: OnBootPhase_1000_com.android.server.power.hint.HintManagerService
04-15 17:05:06.384 536 560 V ActivityManagerTiming: OnBootPhase_1000_com.android.server.power.hint.HintManagerService took to complete: 2ms
04-15 17:05:06.385 536 560 D ActivityManagerTiming: OnBootPhase_1000_com.android.server.recoverysystem.RecoverySystemService$Lifecycle
04-15 17:05:06.385 536 560 V ActivityManagerTiming: OnBootPhase_1000_com.android.server.recoverysystem.RecoverySystemService$Lifecycle took to complete: 0ms
04-15 17:05:06.385 536 560 D ActivityManagerTiming: OnBootPhase_1000_com.android.server.lights.LightsService
04-15 17:05:06.387 536 560 V ActivityManagerTiming: OnBootPhase_1000_com.android.server.lights.LightsService took to complete: 0ms
04-15 17:05:06.387 536 560 D ActivityManagerTiming: OnBootPhase_1000_com.android.server.display.DisplayManagerService
04-15 17:05:06.389 536 560 I LogicalDisplayMapper: Requesting Transition to state: 0, from state=-1, interactive=true, mBootCompleted=true
04-15 17:05:06.393 536 560 I LogicalDisplayMapper: Applying layout: [{dispId: 0(ON), displayGroupName: , addr: {port=0, model=0x401cec6a7a2b7b}, mThermalBrightnessThrottlingMapId: null, mRefreshRateZoneId: null, mLeadDisplayId: -1, mThermalRefreshRateThrottlingMapId: null}], Previous layout: [{dispId: 0(ON), displayGroupName: , addr: {port=0, model=0x401cec6a7a2b7b}, mThermalBrightnessThrottlingMapId: null, mRefreshRateZoneId: null, mLeadDisplayId: -1, mThermalRefreshRateThrottlingMapId: null}]
04-15 17:05:06.396 536 560 V ActivityManagerTiming: OnBootPhase_1000_com.android.server.display.DisplayManagerService took to complete: 8ms
04-15 17:05:06.396 536 560 D ActivityManagerTiming: OnBootPhase_1000_com.android.server.pm.verify.domain.DomainVerificationService
04-15 17:05:06.397 536 560 V ActivityManagerTiming: OnBootPhase_1000_com.android.server.pm.verify.domain.DomainVerificationService took to complete: 0ms
04-15 17:05:06.398 536 560 D ActivityManagerTiming: OnBootPhase_1000_com.android.server.pm.PackageInstallerService$Lifecycle
04-15 17:05:06.401 536 560 V ActivityManagerTiming: OnBootPhase_1000_com.android.server.pm.PackageInstallerService$Lifecycle took to complete: 0ms
04-15 17:05:06.401 536 560 D ActivityManagerTiming: OnBootPhase_1000_com.android.server.pm.UserManagerService$LifeCycle
04-15 17:05:06.401 536 560 V ActivityManagerTiming: OnBootPhase_1000_com.android.server.pm.UserManagerService$LifeCycle took to complete: 0ms
04-15 17:05:06.401 536 560 D ActivityManagerTiming: OnBootPhase_1000_com.android.server.om.OverlayManagerService
04-15 17:05:06.401 536 560 V ActivityManagerTiming: OnBootPhase_1000_com.android.server.om.OverlayManagerService took to complete: 0ms
04-15 17:05:06.401 536 560 D ActivityManagerTiming: OnBootPhase_1000_com.android.server.resources.ResourcesManagerService
04-15 17:05:06.401 536 560 V ActivityManagerTiming: OnBootPhase_1000_com.android.server.resources.ResourcesManagerService took to complete: 0ms
04-15 17:05:06.401 536 560 D ActivityManagerTiming: OnBootPhase_1000_com.android.server.sensorprivacy.SensorPrivacyService
04-15 17:05:06.401 536 560 V ActivityManagerTiming: OnBootPhase_1000_com.android.server.sensorprivacy.SensorPrivacyService took to complete: 0ms
04-15 17:05:06.401 536 560 D ActivityManagerTiming: OnBootPhase_1000_com.android.server.sensors.SensorService
04-15 17:05:06.402 536 560 V ActivityManagerTiming: OnBootPhase_1000_com.android.server.sensors.SensorService took to complete: 0ms
04-15 17:05:06.402 536 560 D ActivityManagerTiming: OnBootPhase_1000_com.android.server.SystemConfigService
04-15 17:05:06.402 536 560 V ActivityManagerTiming: OnBootPhase_1000_com.android.server.SystemConfigService took to complete: 0ms
04-15 17:05:06.402 536 560 D ActivityManagerTiming: OnBootPhase_1000_com.android.server.BatteryService
04-15 17:05:06.402 536 560 V ActivityManagerTiming: OnBootPhase_1000_com.android.server.BatteryService took to complete: 0ms
04-15 17:05:06.402 536 560 D ActivityManagerTiming: OnBootPhase_1000_com.android.server.usage.UsageStatsService
04-15 17:05:06.404 536 586 I DisplayBrightnessStrategySelector: Changing the DisplayBrightnessStrategy from OverrideBrightnessStrategy toInvalidBrightnessStrategy for display 0
04-15 17:05:06.405 536 586 V DisplayPowerController2[0]: Brightness [0.39763778] reason changing to: 'manual', previous reason: 'override'.
04-15 17:05:06.406 536 586 I DisplayPowerController2[0]: BrightnessEvent: disp=0, physDisp=local:4619827259835644672, brt=0.39763778, initBrt=0.39763778, rcmdBrt=NaN, preBrt=NaN, lux=0.0, preLux=0.0, hbmMax=1.0, hbmMode=off, rbcStrength=0, thrmMax=1.0, powerFactor=1.0, wasShortTermModelActive=false, flags=, reason=manual, autoBrightness=false, strategy=InvalidBrightnessStrategy
04-15 17:05:06.414 536 560 V ActivityManagerTiming: OnBootPhase_1000_com.android.server.usage.UsageStatsService took to complete: 12ms
04-15 17:05:06.414 536 560 D ActivityManagerTiming: OnBootPhase_1000_com.android.server.webkit.WebViewUpdateService
04-15 17:05:06.414 536 560 V ActivityManagerTiming: OnBootPhase_1000_com.android.server.webkit.WebViewUpdateService took to complete: 0ms
04-15 17:05:06.414 536 560 D ActivityManagerTiming: OnBootPhase_1000_com.android.server.CachedDeviceStateService
04-15 17:05:06.414 536 560 V ActivityManagerTiming: OnBootPhase_1000_com.android.server.CachedDeviceStateService took to complete: 0ms
04-15 17:05:06.414 536 560 D ActivityManagerTiming: OnBootPhase_1000_com.android.server.BinderCallsStatsService$LifeCycle
04-15 17:05:06.415 536 560 V ActivityManagerTiming: OnBootPhase_1000_com.android.server.BinderCallsStatsService$LifeCycle took to complete: 0ms
04-15 17:05:06.415 536 560 D ActivityManagerTiming: OnBootPhase_1000_com.android.server.LooperStatsService$Lifecycle
04-15 17:05:06.416 536 560 V ActivityManagerTiming: OnBootPhase_1000_com.android.server.LooperStatsService$Lifecycle took to complete: 0ms
04-15 17:05:06.417 536 560 D ActivityManagerTiming: OnBootPhase_1000_com.android.server.rollback.RollbackManagerService
04-15 17:05:06.434 536 560 V ActivityManagerTiming: OnBootPhase_1000_com.android.server.rollback.RollbackManagerService took to complete: 17ms
04-15 17:05:06.434 536 560 D ActivityManagerTiming: OnBootPhase_1000_com.android.server.os.NativeTombstoneManagerService
04-15 17:05:06.434 536 560 V ActivityManagerTiming: OnBootPhase_1000_com.android.server.os.NativeTombstoneManagerService took to complete: 0ms
04-15 17:05:06.434 536 560 D ActivityManagerTiming: OnBootPhase_1000_com.android.server.os.BugreportManagerService
04-15 17:05:06.434 536 560 V ActivityManagerTiming: OnBootPhase_1000_com.android.server.os.BugreportManagerService took to complete: 0ms
04-15 17:05:06.434 536 560 D ActivityManagerTiming: OnBootPhase_1000_com.android.server.gpu.GpuService
04-15 17:05:06.435 536 560 V ActivityManagerTiming: OnBootPhase_1000_com.android.server.gpu.GpuService took to complete: 0ms
04-15 17:05:06.435 536 560 D ActivityManagerTiming: OnBootPhase_1000_com.android.server.security.rkp.RemoteProvisioningService
04-15 17:05:06.435 536 560 V ActivityManagerTiming: OnBootPhase_1000_com.android.server.security.rkp.RemoteProvisioningService took to complete: 0ms
04-15 17:05:06.435 536 560 D ActivityManagerTiming: OnBootPhase_1000_com.android.server.cpu.CpuMonitorService
04-15 17:05:06.435 536 560 V ActivityManagerTiming: OnBootPhase_1000_com.android.server.cpu.CpuMonitorService took to complete: 0ms
04-15 17:05:06.435 536 560 D ActivityManagerTiming: OnBootPhase_1000_com.android.server.security.KeyChainSystemService
04-15 17:05:06.435 536 560 V ActivityManagerTiming: OnBootPhase_1000_com.android.server.security.KeyChainSystemService took to complete: 0ms
04-15 17:05:06.435 536 560 D ActivityManagerTiming: OnBootPhase_1000_com.android.server.BinaryTransparencyService
04-15 17:05:06.435 536 560 I TransparencyService: Boot completed. Getting VBMeta Digest.
04-15 17:05:06.438 536 560 D TransparencyService: VBMeta Digest: 8bee4f6105b6acd7de887b1ee6629ab07066df02ee9bbca07663adffdad97fc1
04-15 17:05:06.439 536 560 I TransparencyService: Boot completed. Collecting biometric system properties.
04-15 17:05:06.439 536 560 I TransparencyService: Scheduling measurements to be taken.
04-15 17:05:06.455 536 993 D CompatibilityChangeReporter: Compat change id reported: 135634846; UID 10107; state: DISABLED
04-15 17:05:06.465 536 568 D CompatibilityChangeReporter: Compat change id reported: 143937733; UID 10107; state: ENABLED
04-15 17:05:06.466 536 568 W ActivityManager: com.android.inputmethod.latin inode == 0 (b/152760674)
04-15 17:05:06.485 536 560 I TransparencyService: Scheduling binary content-digest computation job
04-15 17:05:06.492 536 552 W system_server: Long monitor contention with owner main (536) at void com.android.server.am.ActivityManagerService.finishReceiver(android.os.IBinder, int, java.lang.String, android.os.Bundle, boolean, int)(ActivityManagerService.java:15446) waiters=5 in android.content.Intent com.android.server.am.ActivityManagerService.registerReceiverWithFeature(android.app.IApplicationThread, java.lang.String, java.lang.String, java.lang.String, android.content.IIntentReceiver, android.content.IntentFilter, java.lang.String, int, int) for 241ms
04-15 17:05:06.498 536 567 W system_server: Long monitor contention with owner main (536) at void com.android.server.am.ActivityManagerService.finishReceiver(android.os.IBinder, int, java.lang.String, android.os.Bundle, boolean, int)(ActivityManagerService.java:15446) waiters=4 in boolean com.android.server.am.BroadcastQueueModernImpl.lambda$new$0(android.os.Message) for 346ms
04-15 17:05:06.510 536 558 W system_server: Long monitor contention with owner main (536) at void com.android.server.am.ActivityManagerService.finishReceiver(android.os.IBinder, int, java.lang.String, android.os.Bundle, boolean, int)(ActivityManagerService.java:15446) waiters=3 in void com.android.server.am.ActivityManagerService.pushTempAllowlist() for 359ms
04-15 17:05:06.546 0 0 I servicemanager: Found android.hardware.radio.voice.IRadioVoice/slot1 in device VINTF manifest.
04-15 17:05:06.580 324 324 I Zygote : Entering forkRepeatedly native zygote loop
04-15 17:05:06.597 0 0 I servicemanager: Found android.hardware.radio.ims.IRadioIms/slot1 in device VINTF manifest.
04-15 17:05:06.605 0 0 I servicemanager: Found android.hardware.radio.ims.IRadioIms/slot1 in device VINTF manifest.
04-15 17:05:06.610 536 536 W Looper : Slow dispatch took 259ms main h=com.android.server.trust.TrustManagerService$2 c=null m=1
04-15 17:05:06.700 896 1407 D MediaCodec: flushMediametrics
04-15 17:05:06.715 324 324 D Zygote : Forked child process 1440
04-15 17:05:06.734 896 1407 D CCodec : [c2.android.vorbis.decoder] buffers are bound to CCodec for this session
04-15 17:05:06.735 896 1407 D CCodecConfig: no c2 equivalents for durationUs
04-15 17:05:06.747 896 1407 D CCodecConfig: no c2 equivalents for track-id
04-15 17:05:06.748 536 568 W ActivityManager: Slow operation: 302ms so far, now at startProcess: returned from zygote!
04-15 17:05:06.754 896 1407 D CCodecConfig: no c2 equivalents for csd-1
04-15 17:05:06.755 896 1407 D CCodecConfig: no c2 equivalents for flags
04-15 17:05:06.756 896 946 D libEGL : loaded /vendor/lib64/egl/libGLESv2_emulation.so
04-15 17:05:06.766 896 1407 D CCodecConfig: c2 config diff is c2::u32 coded.bitrate.value = 160000
04-15 17:05:06.766 896 1407 D CCodecConfig: c2::u32 raw.channel-count.value = 2
04-15 17:05:06.766 896 1407 D CCodecConfig: c2::u32 raw.sample-rate.value = 44100
04-15 17:05:06.773 896 1407 W Codec2Client: query -- param skipped: index = 1107298332.
04-15 17:05:06.774 896 1407 D CCodec : encoding statistics level = 0
04-15 17:05:06.775 896 1407 D CCodec : setup formats input: AMessage(what = 0x00000000) = {
04-15 17:05:06.775 896 1407 D CCodec : int32_t bitrate = 160000
04-15 17:05:06.775 896 1407 D CCodec : int32_t channel-count = 2
04-15 17:05:06.775 896 1407 D CCodec : int32_t max-input-size = 32768
04-15 17:05:06.775 896 1407 D CCodec : string mime = "audio/vorbis"
04-15 17:05:06.775 896 1407 D CCodec : int32_t sample-rate = 44100
04-15 17:05:06.775 896 1407 D CCodec : }
04-15 17:05:06.775 896 1407 D CCodec : setup formats output: AMessage(what = 0x00000000) = {
04-15 17:05:06.775 896 1407 D CCodec : int32_t channel-count = 2
04-15 17:05:06.775 896 1407 D CCodec : string mime = "audio/raw"
04-15 17:05:06.775 896 1407 D CCodec : int32_t sample-rate = 44100
04-15 17:05:06.775 896 1407 D CCodec : int32_t channel-mask = 3
04-15 17:05:06.775 896 1407 D CCodec : int32_t android._config-pcm-encoding = 2
04-15 17:05:06.775 896 1407 D CCodec : }
04-15 17:05:06.807 896 1407 I CCodecConfig: query failed after returning 7 values (BAD_INDEX)
04-15 17:05:06.823 0 0 I servicemanager: Found android.hardware.radio.config.IRadioConfig/default in device VINTF manifest.
04-15 17:05:06.854 896 1407 W Codec2Client: query -- param skipped: index = 1342179345.
04-15 17:05:06.854 896 1407 W Codec2Client: query -- param skipped: index = 2415921170.
04-15 17:05:06.863 896 1407 D C2Store : Using DMABUF Heaps
04-15 17:05:06.906 896 1407 D CCodecBufferChannel: [c2.android.vorbis.decoder#937] Created input block pool with allocatorID 16 => poolID 17 - OK (0)
04-15 17:05:06.934 536 978 D BufferPoolAccessor2.0: bufferpool2 0x702b28723d38 : 0(0 size) total buffers - 0(0 size) used buffers - 2/7 (recycle/alloc) - 5/24 (fetch/transfer)
04-15 17:05:06.935 536 978 D BufferPoolAccessor2.0: Destruction - bufferpool2 0x702b28723d38 cached: 0/0M, 0/0% in use; allocs: 7, 29% recycled; transfers: 24, 79% unfetched
04-15 17:05:06.938 536 978 D BufferPoolAccessor2.0: bufferpool2 0x702b28701488 : 0(0 size) total buffers - 0(0 size) used buffers - 2/7 (recycle/alloc) - 5/26 (fetch/transfer)
04-15 17:05:06.940 536 977 D BufferPoolAccessor2.0: bufferpool2 0x702b28703738 : 0(0 size) total buffers - 0(0 size) used buffers - 2/7 (recycle/alloc) - 5/34 (fetch/transfer)
04-15 17:05:06.941 536 977 D BufferPoolAccessor2.0: Destruction - bufferpool2 0x702b28703738 cached: 0/0M, 0/0% in use; allocs: 7, 29% recycled; transfers: 34, 85% unfetched
04-15 17:05:06.941 536 977 D BufferPoolAccessor2.0: bufferpool2 0x702b28721cd8 : 0(0 size) total buffers - 0(0 size) used buffers - 2/7 (recycle/alloc) - 5/34 (fetch/transfer)
04-15 17:05:06.942 536 977 D BufferPoolAccessor2.0: Destruction - bufferpool2 0x702b28721cd8 cached: 0/0M, 0/0% in use; allocs: 7, 29% recycled; transfers: 34, 85% unfetched
04-15 17:05:06.942 536 978 D BufferPoolAccessor2.0: Destruction - bufferpool2 0x702b28701488 cached: 0/0M, 0/0% in use; allocs: 7, 29% recycled; transfers: 26, 81% unfetched
04-15 17:05:06.947 536 978 D BufferPoolAccessor2.0: bufferpool2 0x702b287266d8 : 0(0 size) total buffers - 0(0 size) used buffers - 2/7 (recycle/alloc) - 5/24 (fetch/transfer)
04-15 17:05:06.947 536 978 D BufferPoolAccessor2.0: Destruction - bufferpool2 0x702b287266d8 cached: 0/0M, 0/0% in use; allocs: 7, 29% recycled; transfers: 24, 79% unfetched
04-15 17:05:06.958 536 558 W Looper : Slow dispatch took 807ms android.ui h=com.android.server.am.ActivityManagerService$UiHandler c=null m=68
04-15 17:05:06.961 536 632 W system_server: Long monitor contention with owner RollbackManagerServiceHandler (628) at void com.android.providers.settings.SettingsProvider.reportDeviceConfigAccess(java.lang.String)(SettingsProvider.java:2503) waiters=0 in void com.android.providers.settings.SettingsState.doWriteState() for 362ms
04-15 17:05:06.967 536 558 W Looper : Slow delivery took 653ms android.ui h=com.android.server.am.ActivityManagerService$UiHandler c=null m=80
04-15 17:05:06.976 896 1407 I CCodecBufferChannel: [c2.android.vorbis.decoder#937] Created output block pool with allocatorID 16 => poolID 23 - OK
04-15 17:05:06.998 896 1407 D CCodecBufferChannel: [c2.android.vorbis.decoder#937] Configured output block pool ids 23 => OK
04-15 17:05:07.002 896 896 V SystemUIBootTiming: StartServices com.android.systemui.keyguard.data.quickaffordance.MuteQuickAffordanceCoreStartable took to complete: 1264ms
04-15 17:05:07.002 896 896 W SystemUIService: Initialization of com.android.systemui.keyguard.data.quickaffordance.MuteQuickAffordanceCoreStartable took 1264 ms
04-15 17:05:07.018 896 1407 I DMABUFHEAPS: Using DMA-BUF heap named: system
04-15 17:05:07.030 536 568 W ActivityManager: Slow operation: 551ms so far, now at startProcess: done updating battery stats
04-15 17:05:07.031 536 568 W ActivityManager: Slow operation: 584ms so far, now at startProcess: building log message
04-15 17:05:07.031 536 568 I ActivityManager: Start proc 1440:com.android.inputmethod.latin/u0a107 for service {com.android.inputmethod.latin/com.android.inputmethod.latin.LatinIME}
04-15 17:05:07.045 447 1424 D SimpleC2Component: Using output block pool with poolID 23 => got 23 - 0
04-15 17:05:07.189 1440 1440 I putmethod.latin: Using CollectorTypeCC GC.
04-15 17:05:07.032 536 568 W ActivityManager: Slow operation: 585ms so far, now at startProcess: starting to update pids map
04-15 17:05:07.210 536 568 W ActivityManager: Slow operation: 763ms so far, now at startProcess: done updating pids map
04-15 17:05:07.216 536 815 D WifiConfigStore: Writing to stores completed in 102 ms.
04-15 17:05:07.231 536 536 W Looper : Slow dispatch took 479ms main h=android.os.Handler c=android.database.ContentObserver$$ExternalSyntheticLambda0@5f82216 m=0
04-15 17:05:07.252 1440 1440 W putmethod.latin: Unexpected CPU variant for x86: x86_64.
04-15 17:05:07.252 1440 1440 W putmethod.latin: Known variants: atom, sandybridge, silvermont, goldmont, goldmont-plus, tremont, kabylake, default
04-15 17:05:07.275 896 896 D KeyguardTransitionCoreStartable: Started com.android.systemui.keyguard.domain.interactor.FromLockscreenTransitionInteractor@5af3dbf
04-15 17:05:07.290 1440 1440 E putmethod.latin: Not starting debugger since process cannot load the jdwp agent.
04-15 17:05:07.296 536 560 D TransparencyService: Job 1740526926 to measure binaries was scheduled successfully.
04-15 17:05:07.296 536 560 D TransparencyService: Registering APK & Non-Staged APEX updates...
04-15 17:05:07.298 536 560 D TransparencyService: Registering APEX updates...
04-15 17:05:07.306 536 560 W SystemServiceManager: Service com.android.server.BinaryTransparencyService took 871 ms in onBootPhase
04-15 17:05:07.306 536 560 V ActivityManagerTiming: OnBootPhase_1000_com.android.server.BinaryTransparencyService took to complete: 871ms
04-15 17:05:07.306 536 560 D ActivityManagerTiming: OnBootPhase_1000_com.android.server.telecom.TelecomLoaderService
04-15 17:05:07.306 536 560 V ActivityManagerTiming: OnBootPhase_1000_com.android.server.telecom.TelecomLoaderService took to complete: 0ms
04-15 17:05:07.306 536 560 D ActivityManagerTiming: OnBootPhase_1000_com.android.server.accounts.AccountManagerService$Lifecycle
04-15 17:05:07.307 536 560 V ActivityManagerTiming: OnBootPhase_1000_com.android.server.accounts.AccountManagerService$Lifecycle took to complete: 0ms
04-15 17:05:07.307 536 560 D ActivityManagerTiming: OnBootPhase_1000_com.android.server.content.ContentService$Lifecycle
04-15 17:05:07.307 536 560 V ActivityManagerTiming: OnBootPhase_1000_com.android.server.content.ContentService$Lifecycle took to complete: 0ms
04-15 17:05:07.307 536 560 D ActivityManagerTiming: OnBootPhase_1000_com.android.server.deviceconfig.DeviceConfigInit$Lifecycle
04-15 17:05:07.307 536 560 V ActivityManagerTiming: OnBootPhase_1000_com.android.server.deviceconfig.DeviceConfigInit$Lifecycle took to complete: 0ms
04-15 17:05:07.307 536 560 D ActivityManagerTiming: OnBootPhase_1000_com.android.server.DropBoxManagerService
04-15 17:05:07.307 536 560 V ActivityManagerTiming: OnBootPhase_1000_com.android.server.DropBoxManagerService took to complete: 0ms
04-15 17:05:07.307 536 560 D ActivityManagerTiming: OnBootPhase_1000_com.android.role.RoleService
04-15 17:05:07.325 536 560 V ActivityManagerTiming: OnBootPhase_1000_com.android.role.RoleService took to complete: 0ms
04-15 17:05:07.325 536 560 D ActivityManagerTiming: OnBootPhase_1000_com.android.server.vibrator.VibratorManagerService$Lifecycle
04-15 17:05:07.326 536 560 V ActivityManagerTiming: OnBootPhase_1000_com.android.server.vibrator.VibratorManagerService$Lifecycle took to complete: 0ms
04-15 17:05:07.326 536 560 D ActivityManagerTiming: OnBootPhase_1000_com.android.server.tare.InternalResourceService
04-15 17:05:07.327 536 560 V ActivityManagerTiming: OnBootPhase_1000_com.android.server.tare.InternalResourceService took to complete: 0ms
04-15 17:05:07.327 536 560 D ActivityManagerTiming: OnBootPhase_1000_com.android.server.alarm.AlarmManagerService
04-15 17:05:07.336 536 560 V ActivityManagerTiming: OnBootPhase_1000_com.android.server.alarm.AlarmManagerService took to complete: 0ms
04-15 17:05:07.337 536 560 D ActivityManagerTiming: OnBootPhase_1000_com.android.server.devicestate.DeviceStateManagerService
04-15 17:05:07.337 536 560 V ActivityManagerTiming: OnBootPhase_1000_com.android.server.devicestate.DeviceStateManagerService took to complete: 0ms
04-15 17:05:07.338 536 560 D ActivityManagerTiming: OnBootPhase_1000_com.android.server.camera.CameraServiceProxy
04-15 17:05:07.357 536 560 V ActivityManagerTiming: OnBootPhase_1000_com.android.server.camera.CameraServiceProxy took to complete: 19ms
04-15 17:05:07.357 536 560 D ActivityManagerTiming: OnBootPhase_1000_com.android.server.bluetooth.BluetoothService
04-15 17:05:07.358 536 560 V ActivityManagerTiming: OnBootPhase_1000_com.android.server.bluetooth.BluetoothService took to complete: 0ms
04-15 17:05:07.358 536 560 D ActivityManagerTiming: OnBootPhase_1000_com.android.server.connectivity.IpConnectivityMetrics
04-15 17:05:07.359 536 560 V ActivityManagerTiming: OnBootPhase_1000_com.android.server.connectivity.IpConnectivityMetrics took to complete: 0ms
04-15 17:05:07.359 536 560 D ActivityManagerTiming: OnBootPhase_1000_com.android.server.net.watchlist.NetworkWatchlistService$Lifecycle
04-15 17:05:07.359 536 560 V ActivityManagerTiming: OnBootPhase_1000_com.android.server.net.watchlist.NetworkWatchlistService$Lifecycle took to complete: 0ms
04-15 17:05:07.364 536 560 D ActivityManagerTiming: OnBootPhase_1000_com.android.server.PinnerService
04-15 17:05:07.365 536 560 V ActivityManagerTiming: OnBootPhase_1000_com.android.server.PinnerService took to complete: 0ms
04-15 17:05:07.365 536 560 D ActivityManagerTiming: OnBootPhase_1000_com.android.server.integrity.AppIntegrityManagerService
04-15 17:05:07.366 536 560 V ActivityManagerTiming: OnBootPhase_1000_com.android.server.integrity.AppIntegrityManagerService took to complete: 0ms
04-15 17:05:07.366 536 560 D ActivityManagerTiming: OnBootPhase_1000_com.android.server.logcat.LogcatManagerService
04-15 17:05:07.366 536 560 V ActivityManagerTiming: OnBootPhase_1000_com.android.server.logcat.LogcatManagerService took to complete: 0ms
04-15 17:05:07.367 536 560 D ActivityManagerTiming: OnBootPhase_1000_com.android.server.inputmethod.InputMethodManagerService$Lifecycle
04-15 17:05:07.367 536 560 V ActivityManagerTiming: OnBootPhase_1000_com.android.server.inputmethod.InputMethodManagerService$Lifecycle took to complete: 0ms
04-15 17:05:07.372 536 560 D ActivityManagerTiming: OnBootPhase_1000_com.android.server.accessibility.AccessibilityManagerService$Lifecycle
04-15 17:05:07.372 536 560 V ActivityManagerTiming: OnBootPhase_1000_com.android.server.accessibility.AccessibilityManagerService$Lifecycle took to complete: 1ms
04-15 17:05:07.372 536 560 D ActivityManagerTiming: OnBootPhase_1000_com.android.server.StorageManagerService$Lifecycle
04-15 17:05:07.374 536 656 D StorageManagerService: Thinking about reset, mBootCompleted=true, mDaemonConnected=true
04-15 17:05:07.375 536 656 I StorageSessionController: Started resetting external storage service...
04-15 17:05:07.375 536 656 I StorageSessionController: Finished resetting external storage service
04-15 17:05:07.380 536 560 V ActivityManagerTiming: OnBootPhase_1000_com.android.server.StorageManagerService$Lifecycle took to complete: 7ms
04-15 17:05:07.381 536 560 D ActivityManagerTiming: OnBootPhase_1000_com.android.server.usage.StorageStatsService$Lifecycle
04-15 17:05:07.381 536 560 V ActivityManagerTiming: OnBootPhase_1000_com.android.server.usage.StorageStatsService$Lifecycle took to complete: 0ms
04-15 17:05:07.381 536 560 D ActivityManagerTiming: OnBootPhase_1000_com.android.server.UiModeManagerService
04-15 17:05:07.381 536 560 V ActivityManagerTiming: OnBootPhase_1000_com.android.server.UiModeManagerService took to complete: 0ms
04-15 17:05:07.381 536 560 D ActivityManagerTiming: OnBootPhase_1000_com.android.server.locales.LocaleManagerService
04-15 17:05:07.381 536 560 V ActivityManagerTiming: OnBootPhase_1000_com.android.server.locales.LocaleManagerService took to complete: 0ms
04-15 17:05:07.382 536 560 D ActivityManagerTiming: OnBootPhase_1000_com.android.server.grammaticalinflection.GrammaticalInflectionService
04-15 17:05:07.382 536 560 V ActivityManagerTiming: OnBootPhase_1000_com.android.server.grammaticalinflection.GrammaticalInflectionService took to complete: 0ms
04-15 17:05:07.382 536 560 D ActivityManagerTiming: OnBootPhase_1000_com.android.server.apphibernation.AppHibernationService
04-15 17:05:07.392 536 656 I StorageManagerService: Resetting vold...
