04-15 17:03:33.750 664 685 I artd : Running dex2oat: /apex/com.android.art/bin/art_exec --drop-capabilities --keep-fds=7:8:9:10 -- /apex/com.android.art/bin/dex2oat64 --zip-fd=7 --zip-location=/apex/com.android.extservices/priv-app/ExtServices@UE1A.230829.036.A1/ExtServices.apk --oat-fd=8 --oat-location=/data/dalvik-cache/x86_64/apex@com.android.extservices@priv-app@ExtServices@UE1A.230829.036.A1@ExtServices.apk@classes.dex --output-vdex-fd=9 --swap-fd=10 --class-loader-context=PCL[] --classpath-dir=/apex/com.android.extservices/priv-app/ExtServices@UE1A.230829.036.A1 --instruction-set=x86_64 --instruction-set-features=default --instruction-set-variant=x86_64 --compiler-filter=verify --compilation-reason=first-boot --compact-dex-level=none --max-image-block-size=524288 --resolve-startup-const-strings=true --generate-mini-debug-info --runtime-arg -Xtarget-sdk-version:34 --runtime-arg -Xms64m --runtime-arg -Xmx512m --comments=app-version-name:2019-09,app-version-code:309999900,art-version:342090000
04-15 17:03:33.750 664 685 I artd : Opened FDs: 7:/apex/com.android.extservices/priv-app/ExtServices@UE1A.230829.036.A1/ExtServices.apk 8:/data/dalvik-cache/x86_64/apex@com.android.extservices@priv-app@ExtServices@UE1A.230829.036.A1@ExtServices.apk@classes.dex.IzY6Yo.tmp 9:/data/dalvik-cache/x86_64/apex@com.android.extservices@priv-app@ExtServices@UE1A.230829.036.A1@ExtServices.apk@classes.vdex.XJBMuI.tmp 10:/data/dalvik-cache/x86_64/apex@com.android.extservices@priv-app@ExtServices@UE1A.230829.036.A1@ExtServices.apk@classes.dex.swap.WoZ1Jo.tmp
04-15 17:03:33.865 536 547 I system_server: Background concurrent copying GC freed 67647(2530KB) AllocSpace objects, 142(2840KB) LOS objects, 49% free, 8378KB/16MB, paused 935us,455us total 394.730ms
04-15 17:03:34.182 536 649 E ReportEncoder: No watchlist hash
04-15 17:03:34.211 536 649 I WatchlistLoggingHandler: Milliseconds spent on tryAggregateRecords(): 41293
04-15 17:03:34.251 536 559 I DropBoxManagerService: add tag=system_server_strictmode isTagEnabled=true flags=0x2
04-15 17:03:34.304 536 559 I DropBoxManagerService: add tag=system_server_strictmode isTagEnabled=true flags=0x2
04-15 17:03:34.316 536 559 I DropBoxManagerService: add tag=system_server_strictmode isTagEnabled=true flags=0x2
04-15 17:03:34.329 739 739 W dex2oat64: Unexpected CPU variant for x86: x86_64.
04-15 17:03:34.329 739 739 W dex2oat64: Known variants: atom, sandybridge, silvermont, goldmont, goldmont-plus, tremont, kabylake, default
04-15 17:03:34.333 536 559 I DropBoxManagerService: add tag=system_server_strictmode isTagEnabled=true flags=0x2
04-15 17:03:34.349 536 559 I DropBoxManagerService: add tag=system_server_strictmode isTagEnabled=true flags=0x2
04-15 17:03:34.365 536 559 I DropBoxManagerService: add tag=system_server_strictmode isTagEnabled=true flags=0x2
04-15 17:03:34.369 739 739 W dex2oat64: Mismatch between dex2oat instruction set features to use (ISA: X86_64 Feature string: -ssse3,-sse4.1,-sse4.2,-avx,-avx2,-popcnt) and those from CPP defines (ISA: X86_64 Feature string: ssse3,sse4.1,sse4.2,-avx,-avx2,popcnt) for the command line:
04-15 17:03:34.369 739 739 W dex2oat64: /apex/com.android.art/bin/dex2oat64 --zip-fd=7 --zip-location=/apex/com.android.extservices/priv-app/ExtServices@UE1A.230829.036.A1/ExtServices.apk --oat-fd=8 --oat-location=/data/dalvik-cache/x86_64/apex@com.android.extservices@priv-app@ExtServices@UE1A.230829.036.A1@ExtServices.apk@classes.dex --output-vdex-fd=9 --swap-fd=10 --class-loader-context=PCL[] --classpath-dir=/apex/com.android.extservices/priv-app/ExtServices@UE1A.230829.036.A1 --instruction-set=x86_64 --instruction-set-features=default --instruction-set-variant=x86_64 --compiler-filter=verify --compilation-reason=first-boot --compact-dex-level=none --max-image-block-size=524288 --resolve-startup-const-strings=true --generate-mini-debug-info --runtime-arg -Xtarget-sdk-version:34 --runtime-arg -Xms64m --runtime-arg -Xmx512m --comments=app-version-name:2019-09,app-version-code:309999900,art-version:342090000
04-15 17:03:34.375 739 739 I dex2oat64: /apex/com.android.art/bin/dex2oat64 --output-vdex-fd=9 --class-loader-context=PCL[] --classpath-dir=/apex/com.android.extservices/priv-app/ExtServices@UE1A.230829.036.A1 --compiler-filter=verify --compilation-reason=first-boot --compact-dex-level=none --max-image-block-size=524288 --resolve-startup-const-strings=true --generate-mini-debug-info --comments=app-version-name:2019-09,app-version-code:309999900,art-version:342090000
04-15 17:03:34.377 536 559 I DropBoxManagerService: add tag=system_server_strictmode isTagEnabled=true flags=0x2
04-15 17:03:34.389 536 559 I DropBoxManagerService: add tag=system_server_strictmode isTagEnabled=true flags=0x2
04-15 17:03:34.393 536 559 I DropBoxManagerService: add tag=system_server_strictmode isTagEnabled=true flags=0x2
04-15 17:03:34.405 536 559 I DropBoxManagerService: add tag=system_server_strictmode isTagEnabled=true flags=0x2
04-15 17:03:34.484 739 739 I dex2oat64: Using CollectorTypeCC GC.
04-15 17:03:35.516 739 739 I dex2oat64: dex2oat took 1.221s (1.610s cpu) (threads: 2) arena alloc=0B (0B) java alloc=566KB (579824B) native alloc=1217KB (1246272B) free=784KB (803632B)
04-15 17:03:35.533 664 685 I artd : dex2oat returned code 0
04-15 17:03:35.535 536 662 I ArtService: Dexopt result: [packageName = android.ext.services] DexContainerFileDexoptResult{dexContainerFile=/apex/com.android.extservices/priv-app/ExtServices@UE1A.230829.036.A1/ExtServices.apk, primaryAbi=true, abi=x86_64, actualCompilerFilter=verify, status=PERFORMED, dex2oatWallTimeMillis=1780, dex2oatCpuTimeMillis=2040, sizeBytes=51272, sizeBeforeBytes=0}
04-15 17:03:35.541 664 685 W ziparchive: Unable to open '/apex/com.android.tethering/app/HalfSheetUX@UE1A.230829.036.A1/HalfSheetUX.dm': No such file or directory
04-15 17:03:35.542 664 685 W ziparchive: Unable to open '/apex/com.android.tethering/app/HalfSheetUX@UE1A.230829.036.A1/HalfSheetUX.dm': No such file or directory
04-15 17:03:35.553 664 685 I artd : Running dex2oat: /apex/com.android.art/bin/art_exec --drop-capabilities --keep-fds=7:8:9:10 -- /apex/com.android.art/bin/dex2oat64 --zip-fd=7 --zip-location=/apex/com.android.tethering/app/HalfSheetUX@UE1A.230829.036.A1/HalfSheetUX.apk --oat-fd=8 --oat-location=/data/dalvik-cache/x86_64/apex@com.android.tethering@app@HalfSheetUX@UE1A.230829.036.A1@HalfSheetUX.apk@classes.dex --output-vdex-fd=9 --swap-fd=10 --class-loader-context=PCL[] --classpath-dir=/apex/com.android.tethering/app/HalfSheetUX@UE1A.230829.036.A1 --instruction-set=x86_64 --instruction-set-features=default --instruction-set-variant=x86_64 --compiler-filter=verify --compilation-reason=first-boot --compact-dex-level=none --max-image-block-size=524288 --resolve-startup-const-strings=true --generate-mini-debug-info --runtime-arg -Xtarget-sdk-version:34 --runtime-arg -Xms64m --runtime-arg -Xmx512m --comments=app-version-name:14,app-version-code:34,art-version:342090000
04-15 17:03:35.553 664 685 I artd : Opened FDs: 7:/apex/com.android.tethering/app/HalfSheetUX@UE1A.230829.036.A1/HalfSheetUX.apk 8:/data/dalvik-cache/x86_64/apex@com.android.tethering@app@HalfSheetUX@UE1A.230829.036.A1@HalfSheetUX.apk@classes.dex.rGXNpX.tmp 9:/data/dalvik-cache/x86_64/apex@com.android.tethering@app@HalfSheetUX@UE1A.230829.036.A1@HalfSheetUX.apk@classes.vdex.32PQM6.tmp 10:/data/dalvik-cache/x86_64/apex@com.android.tethering@app@HalfSheetUX@UE1A.230829.036.A1@HalfSheetUX.apk@classes.dex.swap.LaApSi.tmp
04-15 17:03:35.834 745 745 W dex2oat64: Unexpected CPU variant for x86: x86_64.
04-15 17:03:35.834 745 745 W dex2oat64: Known variants: atom, sandybridge, silvermont, goldmont, goldmont-plus, tremont, kabylake, default
04-15 17:03:35.860 745 745 W dex2oat64: Mismatch between dex2oat instruction set features to use (ISA: X86_64 Feature string: -ssse3,-sse4.1,-sse4.2,-avx,-avx2,-popcnt) and those from CPP defines (ISA: X86_64 Feature string: ssse3,sse4.1,sse4.2,-avx,-avx2,popcnt) for the command line:
04-15 17:03:35.860 745 745 W dex2oat64: /apex/com.android.art/bin/dex2oat64 --zip-fd=7 --zip-location=/apex/com.android.tethering/app/HalfSheetUX@UE1A.230829.036.A1/HalfSheetUX.apk --oat-fd=8 --oat-location=/data/dalvik-cache/x86_64/apex@com.android.tethering@app@HalfSheetUX@UE1A.230829.036.A1@HalfSheetUX.apk@classes.dex --output-vdex-fd=9 --swap-fd=10 --class-loader-context=PCL[] --classpath-dir=/apex/com.android.tethering/app/HalfSheetUX@UE1A.230829.036.A1 --instruction-set=x86_64 --instruction-set-features=default --instruction-set-variant=x86_64 --compiler-filter=verify --compilation-reason=first-boot --compact-dex-level=none --max-image-block-size=524288 --resolve-startup-const-strings=true --generate-mini-debug-info --runtime-arg -Xtarget-sdk-version:34 --runtime-arg -Xms64m --runtime-arg -Xmx512m --comments=app-version-name:14,app-version-code:34,art-version:342090000
04-15 17:03:35.866 745 745 I dex2oat64: /apex/com.android.art/bin/dex2oat64 --output-vdex-fd=9 --class-loader-context=PCL[] --classpath-dir=/apex/com.android.tethering/app/HalfSheetUX@UE1A.230829.036.A1 --compiler-filter=verify --compilation-reason=first-boot --compact-dex-level=none --max-image-block-size=524288 --resolve-startup-const-strings=true --generate-mini-debug-info --comments=app-version-name:14,app-version-code:34,art-version:342090000
04-15 17:03:35.939 745 745 I dex2oat64: Using CollectorTypeCC GC.
04-15 17:03:38.653 745 745 I dex2oat64: dex2oat took 2.842s (4.140s cpu) (threads: 2) arena alloc=0B (0B) java alloc=2433KB (2491648B) native alloc=1476KB (1511712B) free=828KB (848784B)
04-15 17:03:38.677 664 685 I artd : dex2oat returned code 0
04-15 17:03:38.681 536 662 I ArtService: Dexopt result: [packageName = com.android.nearby.halfsheet] DexContainerFileDexoptResult{dexContainerFile=/apex/com.android.tethering/app/HalfSheetUX@UE1A.230829.036.A1/HalfSheetUX.apk, primaryAbi=true, abi=x86_64, actualCompilerFilter=verify, status=PERFORMED, dex2oatWallTimeMillis=3124, dex2oatCpuTimeMillis=4390, sizeBytes=68272, sizeBeforeBytes=0}
04-15 17:03:38.688 664 685 W ziparchive: Unable to open '/apex/com.android.tethering/priv-app/TetheringNext@UE1A.230829.036.A1/TetheringNext.dm': No such file or directory
04-15 17:03:38.689 664 685 W ziparchive: Unable to open '/apex/com.android.tethering/priv-app/TetheringNext@UE1A.230829.036.A1/TetheringNext.dm': No such file or directory
04-15 17:03:38.701 664 685 I artd : Running dex2oat: /apex/com.android.art/bin/art_exec --drop-capabilities --keep-fds=7:8:9:10 -- /apex/com.android.art/bin/dex2oat64 --zip-fd=7 --zip-location=/apex/com.android.tethering/priv-app/TetheringNext@UE1A.230829.036.A1/TetheringNext.apk --oat-fd=8 --oat-location=/data/dalvik-cache/x86_64/apex@com.android.tethering@priv-app@TetheringNext@UE1A.230829.036.A1@TetheringNext.apk@classes.dex --output-vdex-fd=9 --swap-fd=10 --class-loader-context=PCL[] --classpath-dir=/apex/com.android.tethering/priv-app/TetheringNext@UE1A.230829.036.A1 --instruction-set=x86_64 --instruction-set-features=default --instruction-set-variant=x86_64 --compiler-filter=verify --compilation-reason=first-boot --compact-dex-level=none --max-image-block-size=524288 --resolve-startup-const-strings=true --generate-mini-debug-info --runtime-arg -Xtarget-sdk-version:34 --runtime-arg -Xms64m --runtime-arg -Xmx512m --comments=app-version-name:14,app-version-code:34,art-version:342090000
04-15 17:03:38.701 664 685 I artd : Opened FDs: 7:/apex/com.android.tethering/priv-app/TetheringNext@UE1A.230829.036.A1/TetheringNext.apk 8:/data/dalvik-cache/x86_64/apex@com.android.tethering@priv-app@TetheringNext@UE1A.230829.036.A1@TetheringNext.apk@classes.dex.vavDbo.tmp 9:/data/dalvik-cache/x86_64/apex@com.android.tethering@priv-app@TetheringNext@UE1A.230829.036.A1@TetheringNext.apk@classes.vdex.Cicz3r.tmp 10:/data/dalvik-cache/x86_64/apex@com.android.tethering@priv-app@TetheringNext@UE1A.230829.036.A1@TetheringNext.apk@classes.dex.swap.IufOUa.tmp
04-15 17:03:38.976 751 751 W dex2oat64: Unexpected CPU variant for x86: x86_64.
04-15 17:03:38.976 751 751 W dex2oat64: Known variants: atom, sandybridge, silvermont, goldmont, goldmont-plus, tremont, kabylake, default
04-15 17:03:38.998 751 751 W dex2oat64: Mismatch between dex2oat instruction set features to use (ISA: X86_64 Feature string: -ssse3,-sse4.1,-sse4.2,-avx,-avx2,-popcnt) and those from CPP defines (ISA: X86_64 Feature string: ssse3,sse4.1,sse4.2,-avx,-avx2,popcnt) for the command line:
04-15 17:03:38.998 751 751 W dex2oat64: /apex/com.android.art/bin/dex2oat64 --zip-fd=7 --zip-location=/apex/com.android.tethering/priv-app/TetheringNext@UE1A.230829.036.A1/TetheringNext.apk --oat-fd=8 --oat-location=/data/dalvik-cache/x86_64/apex@com.android.tethering@priv-app@TetheringNext@UE1A.230829.036.A1@TetheringNext.apk@classes.dex --output-vdex-fd=9 --swap-fd=10 --class-loader-context=PCL[] --classpath-dir=/apex/com.android.tethering/priv-app/TetheringNext@UE1A.230829.036.A1 --instruction-set=x86_64 --instruction-set-features=default --instruction-set-variant=x86_64 --compiler-filter=verify --compilation-reason=first-boot --compact-dex-level=none --max-image-block-size=524288 --resolve-startup-const-strings=true --generate-mini-debug-info --runtime-arg -Xtarget-sdk-version:34 --runtime-arg -Xms64m --runtime-arg -Xmx512m --comments=app-version-name:14,app-version-code:34,art-version:342090000
04-15 17:03:39.004 751 751 I dex2oat64: /apex/com.android.art/bin/dex2oat64 --output-vdex-fd=9 --class-loader-context=PCL[] --classpath-dir=/apex/com.android.tethering/priv-app/TetheringNext@UE1A.230829.036.A1 --compiler-filter=verify --compilation-reason=first-boot --compact-dex-level=none --max-image-block-size=524288 --resolve-startup-const-strings=true --generate-mini-debug-info --comments=app-version-name:14,app-version-code:34,art-version:342090000
04-15 17:03:39.098 751 751 I dex2oat64: Using CollectorTypeCC GC.
04-15 17:03:40.169 751 751 I dex2oat64: dex2oat took 1.214s (1.488s cpu) (threads: 2) arena alloc=0B (0B) java alloc=309KB (317152B) native alloc=1168KB (1197008B) free=806KB (826272B)
04-15 17:03:40.187 664 685 I artd : dex2oat returned code 0
04-15 17:03:40.190 536 662 I ArtService: Dexopt result: [packageName = com.android.networkstack.tethering] DexContainerFileDexoptResult{dexContainerFile=/apex/com.android.tethering/priv-app/TetheringNext@UE1A.230829.036.A1/TetheringNext.apk, primaryAbi=true, abi=x86_64, actualCompilerFilter=verify, status=PERFORMED, dex2oatWallTimeMillis=1485, dex2oatCpuTimeMillis=1740, sizeBytes=35208, sizeBeforeBytes=0}
04-15 17:03:40.197 664 685 W ziparchive: Unable to open '/apex/com.android.cellbroadcast/priv-app/CellBroadcastApp@UE1A.230829.036.A1/CellBroadcastApp.dm': No such file or directory
04-15 17:03:40.198 664 685 W ziparchive: Unable to open '/apex/com.android.cellbroadcast/priv-app/CellBroadcastApp@UE1A.230829.036.A1/CellBroadcastApp.dm': No such file or directory
04-15 17:03:40.209 664 685 I artd : Running dex2oat: /apex/com.android.art/bin/art_exec --drop-capabilities --keep-fds=7:8:9:10 -- /apex/com.android.art/bin/dex2oat64 --zip-fd=7 --zip-location=/apex/com.android.cellbroadcast/priv-app/CellBroadcastApp@UE1A.230829.036.A1/CellBroadcastApp.apk --oat-fd=8 --oat-location=/data/dalvik-cache/x86_64/apex@com.android.cellbroadcast@priv-app@CellBroadcastApp@UE1A.230829.036.A1@CellBroadcastApp.apk@classes.dex --output-vdex-fd=9 --swap-fd=10 --class-loader-context=PCL[] --classpath-dir=/apex/com.android.cellbroadcast/priv-app/CellBroadcastApp@UE1A.230829.036.A1 --instruction-set=x86_64 --instruction-set-features=default --instruction-set-variant=x86_64 --compiler-filter=verify --compilation-reason=first-boot --compact-dex-level=none --max-image-block-size=524288 --resolve-startup-const-strings=true --generate-mini-debug-info --runtime-arg -Xtarget-sdk-version:34 --runtime-arg -Xms64m --runtime-arg -Xmx512m --comments=app-version-name:R-initial,app-version-code:300000000,art-version:342090000
04-15 17:03:40.209 664 685 I artd : Opened FDs: 7:/apex/com.android.cellbroadcast/priv-app/CellBroadcastApp@UE1A.230829.036.A1/CellBroadcastApp.apk 8:/data/dalvik-cache/x86_64/apex@com.android.cellbroadcast@priv-app@CellBroadcastApp@UE1A.230829.036.A1@CellBroadcastApp.apk@classes.dex.HXgIjQ.tmp 9:/data/dalvik-cache/x86_64/apex@com.android.cellbroadcast@priv-app@CellBroadcastApp@UE1A.230829.036.A1@CellBroadcastApp.apk@classes.vdex.srskh3.tmp 10:/data/dalvik-cache/x86_64/apex@com.android.cellbroadcast@priv-app@CellBroadcastApp@UE1A.230829.036.A1@CellBroadcastApp.apk@classes.dex.swap.nWy9CE.tmp
04-15 17:03:40.463 757 757 W dex2oat64: Unexpected CPU variant for x86: x86_64.
04-15 17:03:40.463 757 757 W dex2oat64: Known variants: atom, sandybridge, silvermont, goldmont, goldmont-plus, tremont, kabylake, default
04-15 17:03:40.482 757 757 W dex2oat64: Mismatch between dex2oat instruction set features to use (ISA: X86_64 Feature string: -ssse3,-sse4.1,-sse4.2,-avx,-avx2,-popcnt) and those from CPP defines (ISA: X86_64 Feature string: ssse3,sse4.1,sse4.2,-avx,-avx2,popcnt) for the command line:
04-15 17:03:40.482 757 757 W dex2oat64: /apex/com.android.art/bin/dex2oat64 --zip-fd=7 --zip-location=/apex/com.android.cellbroadcast/priv-app/CellBroadcastApp@UE1A.230829.036.A1/CellBroadcastApp.apk --oat-fd=8 --oat-location=/data/dalvik-cache/x86_64/apex@com.android.cellbroadcast@priv-app@CellBroadcastApp@UE1A.230829.036.A1@CellBroadcastApp.apk@classes.dex --output-vdex-fd=9 --swap-fd=10 --class-loader-context=PCL[] --classpath-dir=/apex/com.android.cellbroadcast/priv-app/CellBroadcastApp@UE1A.230829.036.A1 --instruction-set=x86_64 --instruction-set-features=default --instruction-set-variant=x86_64 --compiler-filter=verify --compilation-reason=first-boot --compact-dex-level=none --max-image-block-size=524288 --resolve-startup-const-strings=true --generate-mini-debug-info --runtime-arg -Xtarget-sdk-version:34 --runtime-arg -Xms64m --runtime-arg -Xmx512m --comments=app-version-name:R-initial,app-version-code:300000000,art-version:342090000
04-15 17:03:40.486 757 757 I dex2oat64: /apex/com.android.art/bin/dex2oat64 --output-vdex-fd=9 --class-loader-context=PCL[] --classpath-dir=/apex/com.android.cellbroadcast/priv-app/CellBroadcastApp@UE1A.230829.036.A1 --compiler-filter=verify --compilation-reason=first-boot --compact-dex-level=none --max-image-block-size=524288 --resolve-startup-const-strings=true --generate-mini-debug-info --comments=app-version-name:R-initial,app-version-code:300000000,art-version:342090000
04-15 17:03:40.563 757 757 I dex2oat64: Using CollectorTypeCC GC.
04-15 17:03:43.543 757 757 I dex2oat64: dex2oat took 3.100s (4.843s cpu) (threads: 2) arena alloc=0B (0B) java alloc=4698KB (4810880B) native alloc=1648KB (1688048B) free=978KB (1001728B)
04-15 17:03:43.567 664 685 I artd : dex2oat returned code 0
04-15 17:03:43.573 536 662 I ArtService: Dexopt result: [packageName = com.android.cellbroadcastreceiver.module] DexContainerFileDexoptResult{dexContainerFile=/apex/com.android.cellbroadcast/priv-app/CellBroadcastApp@UE1A.230829.036.A1/CellBroadcastApp.apk, primaryAbi=true, abi=x86_64, actualCompilerFilter=verify, status=PERFORMED, dex2oatWallTimeMillis=3356, dex2oatCpuTimeMillis=5080, sizeBytes=104816, sizeBeforeBytes=0}
04-15 17:03:43.579 664 685 W ziparchive: Unable to open '/apex/com.android.adservices/app/SdkSandbox@UE1A.230829.036.A1/SdkSandbox.dm': No such file or directory
04-15 17:03:43.580 664 685 W ziparchive: Unable to open '/apex/com.android.adservices/app/SdkSandbox@UE1A.230829.036.A1/SdkSandbox.dm': No such file or directory
04-15 17:03:43.590 664 664 I artd : Running dex2oat: /apex/com.android.art/bin/art_exec --drop-capabilities --keep-fds=7:8:9:10 -- /apex/com.android.art/bin/dex2oat64 --zip-fd=7 --zip-location=/apex/com.android.adservices/app/SdkSandbox@UE1A.230829.036.A1/SdkSandbox.apk --oat-fd=8 --oat-location=/data/dalvik-cache/x86_64/apex@com.android.adservices@app@SdkSandbox@UE1A.230829.036.A1@SdkSandbox.apk@classes.dex --output-vdex-fd=9 --swap-fd=10 --class-loader-context=PCL[] --classpath-dir=/apex/com.android.adservices/app/SdkSandbox@UE1A.230829.036.A1 --instruction-set=x86_64 --instruction-set-features=default --instruction-set-variant=x86_64 --compiler-filter=verify --compilation-reason=first-boot --compact-dex-level=none --max-image-block-size=524288 --resolve-startup-const-strings=true --generate-mini-debug-info --runtime-arg -Xtarget-sdk-version:34 --runtime-arg -Xhidden-api-policy:enabled --runtime-arg -Xms64m --runtime-arg -Xmx512m --comments=app-version-name:T-initial,app-version-code:1,art-version:342090000
04-15 17:03:43.590 664 664 I artd : Opened FDs: 7:/apex/com.android.adservices/app/SdkSandbox@UE1A.230829.036.A1/SdkSandbox.apk 8:/data/dalvik-cache/x86_64/apex@com.android.adservices@app@SdkSandbox@UE1A.230829.036.A1@SdkSandbox.apk@classes.dex.wJ0w7W.tmp 9:/data/dalvik-cache/x86_64/apex@com.android.adservices@app@SdkSandbox@UE1A.230829.036.A1@SdkSandbox.apk@classes.vdex.gLH9hS.tmp 10:/data/dalvik-cache/x86_64/apex@com.android.adservices@app@SdkSandbox@UE1A.230829.036.A1@SdkSandbox.apk@classes.dex.swap.ui7GJ9.tmp
04-15 17:03:43.843 763 763 W dex2oat64: Unexpected CPU variant for x86: x86_64.
04-15 17:03:43.843 763 763 W dex2oat64: Known variants: atom, sandybridge, silvermont, goldmont, goldmont-plus, tremont, kabylake, default
04-15 17:03:43.865 763 763 W dex2oat64: Mismatch between dex2oat instruction set features to use (ISA: X86_64 Feature string: -ssse3,-sse4.1,-sse4.2,-avx,-avx2,-popcnt) and those from CPP defines (ISA: X86_64 Feature string: ssse3,sse4.1,sse4.2,-avx,-avx2,popcnt) for the command line:
04-15 17:03:43.865 763 763 W dex2oat64: /apex/com.android.art/bin/dex2oat64 --zip-fd=7 --zip-location=/apex/com.android.adservices/app/SdkSandbox@UE1A.230829.036.A1/SdkSandbox.apk --oat-fd=8 --oat-location=/data/dalvik-cache/x86_64/apex@com.android.adservices@app@SdkSandbox@UE1A.230829.036.A1@SdkSandbox.apk@classes.dex --output-vdex-fd=9 --swap-fd=10 --class-loader-context=PCL[] --classpath-dir=/apex/com.android.adservices/app/SdkSandbox@UE1A.230829.036.A1 --instruction-set=x86_64 --instruction-set-features=default --instruction-set-variant=x86_64 --compiler-filter=verify --compilation-reason=first-boot --compact-dex-level=none --max-image-block-size=524288 --resolve-startup-const-strings=true --generate-mini-debug-info --runtime-arg -Xtarget-sdk-version:34 --runtime-arg -Xhidden-api-policy:enabled --runtime-arg -Xms64m --runtime-arg -Xmx512m --comments=app-version-name:T-initial,app-version-code:1,art-version:342090000
04-15 17:03:43.868 763 763 I dex2oat64: /apex/com.android.art/bin/dex2oat64 --output-vdex-fd=9 --class-loader-context=PCL[] --classpath-dir=/apex/com.android.adservices/app/SdkSandbox@UE1A.230829.036.A1 --compiler-filter=verify --compilation-reason=first-boot --compact-dex-level=none --max-image-block-size=524288 --resolve-startup-const-strings=true --generate-mini-debug-info --comments=app-version-name:T-initial,app-version-code:1,art-version:342090000
04-15 17:03:43.911 763 763 I dex2oat64: Using CollectorTypeCC GC.
04-15 17:03:44.578 763 763 I dex2oat64: dex2oat took 754.836ms (656.157ms cpu) (threads: 2) arena alloc=0B (0B) java alloc=48KB (49152B) native alloc=1106KB (1133136B) free=818KB (838560B)
04-15 17:03:44.593 664 664 I artd : dex2oat returned code 0
04-15 17:03:44.596 536 662 I ArtService: Dexopt result: [packageName = com.android.sdksandbox] DexContainerFileDexoptResult{dexContainerFile=/apex/com.android.adservices/app/SdkSandbox@UE1A.230829.036.A1/SdkSandbox.apk, primaryAbi=true, abi=x86_64, actualCompilerFilter=verify, status=PERFORMED, dex2oatWallTimeMillis=1001, dex2oatCpuTimeMillis=880, sizeBytes=18236, sizeBeforeBytes=0}
04-15 17:03:44.603 664 664 W ziparchive: Unable to open '/apex/com.android.mediaprovider/priv-app/MediaProvider@UE1A.230829.036.A1/MediaProvider.dm': No such file or directory
04-15 17:03:44.603 664 664 W ziparchive: Unable to open '/apex/com.android.mediaprovider/priv-app/MediaProvider@UE1A.230829.036.A1/MediaProvider.dm': No such file or directory
04-15 17:03:44.613 664 664 I artd : Running dex2oat: /apex/com.android.art/bin/art_exec --drop-capabilities --keep-fds=7:8:9:10 -- /apex/com.android.art/bin/dex2oat64 --zip-fd=7 --zip-location=/apex/com.android.mediaprovider/priv-app/MediaProvider@UE1A.230829.036.A1/MediaProvider.apk --oat-fd=8 --oat-location=/data/dalvik-cache/x86_64/apex@com.android.mediaprovider@priv-app@MediaProvider@UE1A.230829.036.A1@MediaProvider.apk@classes.dex --output-vdex-fd=9 --swap-fd=10 --class-loader-context=PCL[] --classpath-dir=/apex/com.android.mediaprovider/priv-app/MediaProvider@UE1A.230829.036.A1 --instruction-set=x86_64 --instruction-set-features=default --instruction-set-variant=x86_64 --compiler-filter=verify --compilation-reason=first-boot --compact-dex-level=none --max-image-block-size=524288 --resolve-startup-const-strings=true --generate-mini-debug-info --runtime-arg -Xtarget-sdk-version:34 --runtime-arg -Xms64m --runtime-arg -Xmx512m --comments=app-version-name:14,app-version-code:34,art-version:342090000
04-15 17:03:44.613 664 664 I artd : Opened FDs: 7:/apex/com.android.mediaprovider/priv-app/MediaProvider@UE1A.230829.036.A1/MediaProvider.apk 8:/data/dalvik-cache/x86_64/apex@com.android.mediaprovider@priv-app@MediaProvider@UE1A.230829.036.A1@MediaProvider.apk@classes.dex.ZctZLH.tmp 9:/data/dalvik-cache/x86_64/apex@com.android.mediaprovider@priv-app@MediaProvider@UE1A.230829.036.A1@MediaProvider.apk@classes.vdex.f8kCOB.tmp 10:/data/dalvik-cache/x86_64/apex@com.android.mediaprovider@priv-app@MediaProvider@UE1A.230829.036.A1@MediaProvider.apk@classes.dex.swap.ut9UNO.tmp
04-15 17:03:44.933 769 769 W dex2oat64: Unexpected CPU variant for x86: x86_64.
04-15 17:03:44.933 769 769 W dex2oat64: Known variants: atom, sandybridge, silvermont, goldmont, goldmont-plus, tremont, kabylake, default
04-15 17:03:44.972 769 769 W dex2oat64: Mismatch between dex2oat instruction set features to use (ISA: X86_64 Feature string: -ssse3,-sse4.1,-sse4.2,-avx,-avx2,-popcnt) and those from CPP defines (ISA: X86_64 Feature string: ssse3,sse4.1,sse4.2,-avx,-avx2,popcnt) for the command line:
04-15 17:03:44.972 769 769 W dex2oat64: /apex/com.android.art/bin/dex2oat64 --zip-fd=7 --zip-location=/apex/com.android.mediaprovider/priv-app/MediaProvider@UE1A.230829.036.A1/MediaProvider.apk --oat-fd=8 --oat-location=/data/dalvik-cache/x86_64/apex@com.android.mediaprovider@priv-app@MediaProvider@UE1A.230829.036.A1@MediaProvider.apk@classes.dex --output-vdex-fd=9 --swap-fd=10 --class-loader-context=PCL[] --classpath-dir=/apex/com.android.mediaprovider/priv-app/MediaProvider@UE1A.230829.036.A1 --instruction-set=x86_64 --instruction-set-features=default --instruction-set-variant=x86_64 --compiler-filter=verify --compilation-reason=first-boot --compact-dex-level=none --max-image-block-size=524288 --resolve-startup-const-strings=true --generate-mini-debug-info --runtime-arg -Xtarget-sdk-version:34 --runtime-arg -Xms64m --runtime-arg -Xmx512m --comments=app-version-name:14,app-version-code:34,art-version:342090000
04-15 17:03:44.980 769 769 I dex2oat64: /apex/com.android.art/bin/dex2oat64 --output-vdex-fd=9 --class-loader-context=PCL[] --classpath-dir=/apex/com.android.mediaprovider/priv-app/MediaProvider@UE1A.230829.036.A1 --compiler-filter=verify --compilation-reason=first-boot --compact-dex-level=none --max-image-block-size=524288 --resolve-startup-const-strings=true --generate-mini-debug-info --comments=app-version-name:14,app-version-code:34,art-version:342090000
04-15 17:03:45.074 769 769 I dex2oat64: Using CollectorTypeCC GC.
04-15 17:03:47.566 536 574 E BluetoothAdapter: Bluetooth service is null
04-15 17:03:48.238 769 769 I dex2oat64: dex2oat took 3.323s (5.275s cpu) (threads: 2) arena alloc=0B (0B) java alloc=4442KB (4548912B) native alloc=1716KB (1757296B) free=1176KB (1204672B)
04-15 17:03:48.262 664 664 I artd : dex2oat returned code 0
04-15 17:03:48.274 536 662 I ArtService: Dexopt result: [packageName = com.android.providers.media.module] DexContainerFileDexoptResult{dexContainerFile=/apex/com.android.mediaprovider/priv-app/MediaProvider@UE1A.230829.036.A1/MediaProvider.apk, primaryAbi=true, abi=x86_64, actualCompilerFilter=verify, status=PERFORMED, dex2oatWallTimeMillis=3647, dex2oatCpuTimeMillis=5560, sizeBytes=157700, sizeBeforeBytes=0}
04-15 17:03:48.292 664 664 W ziparchive: Unable to open '/apex/com.android.wifi/app/OsuLogin@UE1A.230829.036.A1/OsuLogin.dm': No such file or directory
04-15 17:03:48.293 664 664 W ziparchive: Unable to open '/apex/com.android.wifi/app/OsuLogin@UE1A.230829.036.A1/OsuLogin.dm': No such file or directory
04-15 17:03:48.317 664 664 I artd : Running dex2oat: /apex/com.android.art/bin/art_exec --drop-capabilities --keep-fds=7:8:9:10 -- /apex/com.android.art/bin/dex2oat64 --zip-fd=7 --zip-location=/apex/com.android.wifi/app/OsuLogin@UE1A.230829.036.A1/OsuLogin.apk --oat-fd=8 --oat-location=/data/dalvik-cache/x86_64/apex@com.android.wifi@app@OsuLogin@UE1A.230829.036.A1@OsuLogin.apk@classes.dex --output-vdex-fd=9 --swap-fd=10 --class-loader-context=PCL[] --classpath-dir=/apex/com.android.wifi/app/OsuLogin@UE1A.230829.036.A1 --instruction-set=x86_64 --instruction-set-features=default --instruction-set-variant=x86_64 --compiler-filter=verify --compilation-reason=first-boot --compact-dex-level=none --max-image-block-size=524288 --resolve-startup-const-strings=true --generate-mini-debug-info --runtime-arg -Xtarget-sdk-version:34 --runtime-arg -Xhidden-api-policy:enabled --runtime-arg -Xms64m --runtime-arg -Xmx512m --comments=app-version-name:14,app-version-code:34,art-version:342090000
04-15 17:03:48.317 664 664 I artd : Opened FDs: 7:/apex/com.android.wifi/app/OsuLogin@UE1A.230829.036.A1/OsuLogin.apk 8:/data/dalvik-cache/x86_64/apex@com.android.wifi@app@OsuLogin@UE1A.230829.036.A1@OsuLogin.apk@classes.dex.Uwu5dn.tmp 9:/data/dalvik-cache/x86_64/apex@com.android.wifi@app@OsuLogin@UE1A.230829.036.A1@OsuLogin.apk@classes.vdex.ye9Mp0.tmp 10:/data/dalvik-cache/x86_64/apex@com.android.wifi@app@OsuLogin@UE1A.230829.036.A1@OsuLogin.apk@classes.dex.swap.GR3cYf.tmp
04-15 17:03:48.563 775 775 W dex2oat64: Unexpected CPU variant for x86: x86_64.
04-15 17:03:48.563 775 775 W dex2oat64: Known variants: atom, sandybridge, silvermont, goldmont, goldmont-plus, tremont, kabylake, default
04-15 17:03:48.583 775 775 W dex2oat64: Mismatch between dex2oat instruction set features to use (ISA: X86_64 Feature string: -ssse3,-sse4.1,-sse4.2,-avx,-avx2,-popcnt) and those from CPP defines (ISA: X86_64 Feature string: ssse3,sse4.1,sse4.2,-avx,-avx2,popcnt) for the command line:
04-15 17:03:48.583 775 775 W dex2oat64: /apex/com.android.art/bin/dex2oat64 --zip-fd=7 --zip-location=/apex/com.android.wifi/app/OsuLogin@UE1A.230829.036.A1/OsuLogin.apk --oat-fd=8 --oat-location=/data/dalvik-cache/x86_64/apex@com.android.wifi@app@OsuLogin@UE1A.230829.036.A1@OsuLogin.apk@classes.dex --output-vdex-fd=9 --swap-fd=10 --class-loader-context=PCL[] --classpath-dir=/apex/com.android.wifi/app/OsuLogin@UE1A.230829.036.A1 --instruction-set=x86_64 --instruction-set-features=default --instruction-set-variant=x86_64 --compiler-filter=verify --compilation-reason=first-boot --compact-dex-level=none --max-image-block-size=524288 --resolve-startup-const-strings=true --generate-mini-debug-info --runtime-arg -Xtarget-sdk-version:34 --runtime-arg -Xhidden-api-policy:enabled --runtime-arg -Xms64m --runtime-arg -Xmx512m --comments=app-version-name:14,app-version-code:34,art-version:342090000
04-15 17:03:48.586 775 775 I dex2oat64: /apex/com.android.art/bin/dex2oat64 --output-vdex-fd=9 --class-loader-context=PCL[] --classpath-dir=/apex/com.android.wifi/app/OsuLogin@UE1A.230829.036.A1 --compiler-filter=verify --compilation-reason=first-boot --compact-dex-level=none --max-image-block-size=524288 --resolve-startup-const-strings=true --generate-mini-debug-info --comments=app-version-name:14,app-version-code:34,art-version:342090000
04-15 17:03:48.632 775 775 I dex2oat64: Using CollectorTypeCC GC.
04-15 17:03:49.379 775 775 I dex2oat64: dex2oat took 834.264ms (805.229ms cpu) (threads: 2) arena alloc=0B (0B) java alloc=177KB (181536B) native alloc=1122KB (1149088B) free=813KB (832592B)
04-15 17:03:49.408 664 664 I artd : dex2oat returned code 0
04-15 17:03:49.416 536 662 I ArtService: Dexopt result: [packageName = com.android.hotspot2.osulogin] DexContainerFileDexoptResult{dexContainerFile=/apex/com.android.wifi/app/OsuLogin@UE1A.230829.036.A1/OsuLogin.apk, primaryAbi=true, abi=x86_64, actualCompilerFilter=verify, status=PERFORMED, dex2oatWallTimeMillis=1092, dex2oatCpuTimeMillis=1030, sizeBytes=25360, sizeBeforeBytes=0}
04-15 17:03:49.433 664 664 W ziparchive: Unable to open '/apex/com.android.permission/priv-app/PermissionController@UE1A.230829.036.A1/PermissionController.dm': No such file or directory
04-15 17:03:49.434 664 664 W ziparchive: Unable to open '/apex/com.android.permission/priv-app/PermissionController@UE1A.230829.036.A1/PermissionController.dm': No such file or directory
04-15 17:03:49.454 664 664 I artd : Running dex2oat: /apex/com.android.art/bin/art_exec --drop-capabilities --keep-fds=7:8:9:10:11:12:13 -- /apex/com.android.art/bin/dex2oat64 --zip-fd=7 --zip-location=/apex/com.android.permission/priv-app/PermissionController@UE1A.230829.036.A1/PermissionController.apk --oat-fd=8 --oat-location=/data/dalvik-cache/x86_64/apex@com.android.permission@priv-app@PermissionController@UE1A.230829.036.A1@PermissionController.apk@classes.dex --output-vdex-fd=9 --swap-fd=10 --class-loader-context-fds=11:12:13 --class-loader-context=PCL[]{PCL[/system_ext/framework/androidx.window.extensions.jar]#PCL[/system_ext/framework/androidx.window.sidecar.jar]#PCL[/system/framework/org.apache.http.legacy.jar]} --classpath-dir=/apex/com.android.permission/priv-app/PermissionController@UE1A.230829.036.A1 --instruction-set=x86_64 --instruction-set-features=default --instruction-set-variant=x86_64 --compiler-filter=verify --compilation-reason=first-boot --compact-dex-level=none --max-image-block-size=524288 --resolve-startup-const-strings=true --generate-mini-debug-info --runtime-arg -Xtarget-sdk-version:34 --runtime-arg -Xms64m --runtime-arg -Xmx512m --comments=app-version-name:33 system image,app-version-code:330000000,art-version:342090000
04-15 17:03:49.454 664 664 I artd : Opened FDs: 7:/apex/com.android.permission/priv-app/PermissionController@UE1A.230829.036.A1/PermissionController.apk 8:/data/dalvik-cache/x86_64/apex@com.android.permission@priv-app@PermissionController@UE1A.230829.036.A1@PermissionController.apk@classes.dex.EC4Xny.tmp 9:/data/dalvik-cache/x86_64/apex@com.android.permission@priv-app@PermissionController@UE1A.230829.036.A1@PermissionController.apk@classes.vdex.A8U9aY.tmp 10:/data/dalvik-cache/x86_64/apex@com.android.permission@priv-app@PermissionController@UE1A.230829.036.A1@PermissionController.apk@classes.dex.swap.QnMxK3.tmp 11:/system/framework/org.apache.http.legacy.jar 12:/system_ext/framework/androidx.window.sidecar.jar 13:/system_ext/framework/androidx.window.extensions.jar
04-15 17:03:49.708 781 781 W dex2oat64: Unexpected CPU variant for x86: x86_64.
04-15 17:03:49.708 781 781 W dex2oat64: Known variants: atom, sandybridge, silvermont, goldmont, goldmont-plus, tremont, kabylake, default
04-15 17:03:49.728 781 781 W dex2oat64: Mismatch between dex2oat instruction set features to use (ISA: X86_64 Feature string: -ssse3,-sse4.1,-sse4.2,-avx,-avx2,-popcnt) and those from CPP defines (ISA: X86_64 Feature string: ssse3,sse4.1,sse4.2,-avx,-avx2,popcnt) for the command line:
04-15 17:03:49.728 781 781 W dex2oat64: /apex/com.android.art/bin/dex2oat64 --zip-fd=7 --zip-location=/apex/com.android.permission/priv-app/PermissionController@UE1A.230829.036.A1/PermissionController.apk --oat-fd=8 --oat-location=/data/dalvik-cache/x86_64/apex@com.android.permission@priv-app@PermissionController@UE1A.230829.036.A1@PermissionController.apk@classes.dex --output-vdex-fd=9 --swap-fd=10 --class-loader-context-fds=11:12:13 --class-loader-context=PCL[]{PCL[/system_ext/framework/androidx.window.extensions.jar]#PCL[/system_ext/framework/androidx.window.sidecar.jar]#PCL[/system/framework/org.apache.http.legacy.jar]} --classpath-dir=/apex/com.android.permission/priv-app/PermissionController@UE1A.230829.036.A1 --instruction-set=x86_64 --instruction-set-features=default --instruction-set-variant=x86_64 --compiler-filter=verify --compilation-reason=first-boot --compact-dex-level=none --max-image-block-size=524288 --resolve-startup-const-strings=true --generate-mini-debug-info --runtime-arg -Xtarget-sdk-version:34 --runtime-arg -Xms64m --runtime-arg -Xmx512m --comments=app-version-name:33 system image,app-version-code:330000000,art-version:342090000
04-15 17:03:49.731 781 781 I dex2oat64: /apex/com.android.art/bin/dex2oat64 --output-vdex-fd=9 --class-loader-context-fds=11:12:13 --class-loader-context=PCL[]{PCL[/system_ext/framework/androidx.window.extensions.jar]#PCL[/system_ext/framework/androidx.window.sidecar.jar]#PCL[/system/framework/org.apache.http.legacy.jar]} --classpath-dir=/apex/com.android.permission/priv-app/PermissionController@UE1A.230829.036.A1 --compiler-filter=verify --compilation-reason=first-boot --compact-dex-level=none --max-image-block-size=524288 --resolve-startup-const-strings=true --generate-mini-debug-info --comments=app-version-name:33 system image,app-version-code:330000000,art-version:342090000
04-15 17:03:49.851 781 781 I dex2oat64: Using CollectorTypeCC GC.
04-15 17:03:53.816 0 0 W healthd : battery l=100 v=5000 t=25.0 h=2 st=2 c=900000 fc=3000000 cc=10 chg=a
04-15 17:03:54.927 781 781 I dex2oat64: dex2oat took 5.238s (8.342s cpu) (threads: 2) arena alloc=0B (0B) java alloc=6940KB (7107264B) native alloc=1970KB (2017792B) free=1024KB (1048688B)
04-15 17:03:54.953 664 664 I artd : dex2oat returned code 0
04-15 17:03:54.961 536 662 I ArtService: Dexopt result: [packageName = com.android.permissioncontroller] DexContainerFileDexoptResult{dexContainerFile=/apex/com.android.permission/priv-app/PermissionController@UE1A.230829.036.A1/PermissionController.apk, primaryAbi=true, abi=x86_64, actualCompilerFilter=verify, status=PERFORMED, dex2oatWallTimeMillis=5501, dex2oatCpuTimeMillis=8580, sizeBytes=183324, sizeBeforeBytes=0}
04-15 17:03:54.966 664 667 W ziparchive: Unable to open '/apex/com.android.ondevicepersonalization/app/OnDevicePersonalization@UE1A.230829.036.A1/OnDevicePersonalization.dm': No such file or directory
04-15 17:03:54.967 664 667 W ziparchive: Unable to open '/apex/com.android.ondevicepersonalization/app/OnDevicePersonalization@UE1A.230829.036.A1/OnDevicePersonalization.dm': No such file or directory
04-15 17:03:54.977 664 667 I artd : Running dex2oat: /apex/com.android.art/bin/art_exec --drop-capabilities --keep-fds=7:8:9:10 -- /apex/com.android.art/bin/dex2oat64 --zip-fd=7 --zip-location=/apex/com.android.ondevicepersonalization/app/OnDevicePersonalization@UE1A.230829.036.A1/OnDevicePersonalization.apk --oat-fd=8 --oat-location=/data/dalvik-cache/x86_64/apex@com.android.ondevicepersonalization@app@OnDevicePersonalization@UE1A.230829.036.A1@OnDevicePersonalization.apk@classes.dex --output-vdex-fd=9 --swap-fd=10 --class-loader-context=PCL[] --classpath-dir=/apex/com.android.ondevicepersonalization/app/OnDevicePersonalization@UE1A.230829.036.A1 --instruction-set=x86_64 --instruction-set-features=default --instruction-set-variant=x86_64 --compiler-filter=verify --compilation-reason=first-boot --compact-dex-level=none --max-image-block-size=524288 --resolve-startup-const-strings=true --generate-mini-debug-info --runtime-arg -Xtarget-sdk-version:34 --runtime-arg -Xms64m --runtime-arg -Xmx512m --comments=app-version-name:T-initial,app-version-code:1,art-version:342090000
04-15 17:03:54.977 664 667 I artd : Opened FDs: 7:/apex/com.android.ondevicepersonalization/app/OnDevicePersonalization@UE1A.230829.036.A1/OnDevicePersonalization.apk 8:/data/dalvik-cache/x86_64/apex@com.android.ondevicepersonalization@app@OnDevicePersonalization@UE1A.230829.036.A1@OnDevicePersonalization.apk@classes.dex.CGnmyh.tmp 9:/data/dalvik-cache/x86_64/apex@com.android.ondevicepersonalization@app@OnDevicePersonalization@UE1A.230829.036.A1@OnDevicePersonalization.apk@classes.vdex.YRJ9fT.tmp 10:/data/dalvik-cache/x86_64/apex@com.android.ondevicepersonalization@app@OnDevicePersonalization@UE1A.230829.036.A1@OnDevicePersonalization.apk@classes.dex.swap.12Fhg3.tmp
04-15 17:03:55.250 789 789 W dex2oat64: Unexpected CPU variant for x86: x86_64.
04-15 17:03:55.250 789 789 W dex2oat64: Known variants: atom, sandybridge, silvermont, goldmont, goldmont-plus, tremont, kabylake, default
04-15 17:03:55.271 789 789 W dex2oat64: Mismatch between dex2oat instruction set features to use (ISA: X86_64 Feature string: -ssse3,-sse4.1,-sse4.2,-avx,-avx2,-popcnt) and those from CPP defines (ISA: X86_64 Feature string: ssse3,sse4.1,sse4.2,-avx,-avx2,popcnt) for the command line:
04-15 17:03:55.271 789 789 W dex2oat64: /apex/com.android.art/bin/dex2oat64 --zip-fd=7 --zip-location=/apex/com.android.ondevicepersonalization/app/OnDevicePersonalization@UE1A.230829.036.A1/OnDevicePersonalization.apk --oat-fd=8 --oat-location=/data/dalvik-cache/x86_64/apex@com.android.ondevicepersonalization@app@OnDevicePersonalization@UE1A.230829.036.A1@OnDevicePersonalization.apk@classes.dex --output-vdex-fd=9 --swap-fd=10 --class-loader-context=PCL[] --classpath-dir=/apex/com.android.ondevicepersonalization/app/OnDevicePersonalization@UE1A.230829.036.A1 --instruction-set=x86_64 --instruction-set-features=default --instruction-set-variant=x86_64 --compiler-filter=verify --compilation-reason=first-boot --compact-dex-level=none --max-image-block-size=524288 --resolve-startup-const-strings=true --generate-mini-debug-info --runtime-arg -Xtarget-sdk-version:34 --runtime-arg -Xms64m --runtime-arg -Xmx512m --comments=app-version-name:T-initial,app-version-code:1,art-version:342090000
04-15 17:03:55.274 789 789 I dex2oat64: /apex/com.android.art/bin/dex2oat64 --output-vdex-fd=9 --class-loader-context=PCL[] --classpath-dir=/apex/com.android.ondevicepersonalization/app/OnDevicePersonalization@UE1A.230829.036.A1 --compiler-filter=verify --compilation-reason=first-boot --compact-dex-level=none --max-image-block-size=524288 --resolve-startup-const-strings=true --generate-mini-debug-info --comments=app-version-name:T-initial,app-version-code:1,art-version:342090000
04-15 17:03:55.343 789 789 I dex2oat64: Using CollectorTypeCC GC.
04-15 17:03:56.947 789 789 I dex2oat64: dex2oat took 1.717s (2.314s cpu) (threads: 2) arena alloc=0B (0B) java alloc=1133KB (1160576B) native alloc=1326KB (1357984B) free=1032KB (1057680B)
04-15 17:03:56.966 664 667 I artd : dex2oat returned code 0
04-15 17:03:56.969 536 662 I ArtService: Dexopt result: [packageName = com.android.ondevicepersonalization.services] DexContainerFileDexoptResult{dexContainerFile=/apex/com.android.ondevicepersonalization/app/OnDevicePersonalization@UE1A.230829.036.A1/OnDevicePersonalization.apk, primaryAbi=true, abi=x86_64, actualCompilerFilter=verify, status=PERFORMED, dex2oatWallTimeMillis=1984, dex2oatCpuTimeMillis=2560, sizeBytes=83664, sizeBeforeBytes=0}
04-15 17:03:56.974 664 667 W ziparchive: Unable to open '/apex/com.android.btservices/app/Bluetooth@UE1A.230829.036.A1/Bluetooth.dm': No such file or directory
04-15 17:03:56.974 664 667 W ziparchive: Unable to open '/apex/com.android.btservices/app/Bluetooth@UE1A.230829.036.A1/Bluetooth.dm': No such file or directory
04-15 17:03:56.985 664 667 I artd : Running dex2oat: /apex/com.android.art/bin/art_exec --drop-capabilities --keep-fds=7:8:9:10 -- /apex/com.android.art/bin/dex2oat64 --zip-fd=7 --zip-location=/apex/com.android.btservices/app/Bluetooth@UE1A.230829.036.A1/Bluetooth.apk --oat-fd=8 --oat-location=/data/dalvik-cache/x86_64/apex@com.android.btservices@app@Bluetooth@UE1A.230829.036.A1@Bluetooth.apk@classes.dex --output-vdex-fd=9 --swap-fd=10 --class-loader-context=PCL[] --classpath-dir=/apex/com.android.btservices/app/Bluetooth@UE1A.230829.036.A1 --instruction-set=x86_64 --instruction-set-features=default --instruction-set-variant=x86_64 --compiler-filter=verify --compilation-reason=first-boot --compact-dex-level=none --max-image-block-size=524288 --resolve-startup-const-strings=true --generate-mini-debug-info --runtime-arg -Xtarget-sdk-version:34 --runtime-arg -Xms64m --runtime-arg -Xmx512m --comments=app-version-name:14,app-version-code:34,art-version:342090000
04-15 17:03:56.985 664 667 I artd : Opened FDs: 7:/apex/com.android.btservices/app/Bluetooth@UE1A.230829.036.A1/Bluetooth.apk 8:/data/dalvik-cache/x86_64/apex@com.android.btservices@app@Bluetooth@UE1A.230829.036.A1@Bluetooth.apk@classes.dex.B4xzX8.tmp 9:/data/dalvik-cache/x86_64/apex@com.android.btservices@app@Bluetooth@UE1A.230829.036.A1@Bluetooth.apk@classes.vdex.poewT4.tmp 10:/data/dalvik-cache/x86_64/apex@com.android.btservices@app@Bluetooth@UE1A.230829.036.A1@Bluetooth.apk@classes.dex.swap.gAx5Ym.tmp
04-15 17:03:57.244 795 795 W dex2oat64: Unexpected CPU variant for x86: x86_64.
04-15 17:03:57.244 795 795 W dex2oat64: Known variants: atom, sandybridge, silvermont, goldmont, goldmont-plus, tremont, kabylake, default
04-15 17:03:57.264 795 795 W dex2oat64: Mismatch between dex2oat instruction set features to use (ISA: X86_64 Feature string: -ssse3,-sse4.1,-sse4.2,-avx,-avx2,-popcnt) and those from CPP defines (ISA: X86_64 Feature string: ssse3,sse4.1,sse4.2,-avx,-avx2,popcnt) for the command line:
04-15 17:03:57.264 795 795 W dex2oat64: /apex/com.android.art/bin/dex2oat64 --zip-fd=7 --zip-location=/apex/com.android.btservices/app/Bluetooth@UE1A.230829.036.A1/Bluetooth.apk --oat-fd=8 --oat-location=/data/dalvik-cache/x86_64/apex@com.android.btservices@app@Bluetooth@UE1A.230829.036.A1@Bluetooth.apk@classes.dex --output-vdex-fd=9 --swap-fd=10 --class-loader-context=PCL[] --classpath-dir=/apex/com.android.btservices/app/Bluetooth@UE1A.230829.036.A1 --instruction-set=x86_64 --instruction-set-features=default --instruction-set-variant=x86_64 --compiler-filter=verify --compilation-reason=first-boot --compact-dex-level=none --max-image-block-size=524288 --resolve-startup-const-strings=true --generate-mini-debug-info --runtime-arg -Xtarget-sdk-version:34 --runtime-arg -Xms64m --runtime-arg -Xmx512m --comments=app-version-name:14,app-version-code:34,art-version:342090000
04-15 17:03:57.267 795 795 I dex2oat64: /apex/com.android.art/bin/dex2oat64 --output-vdex-fd=9 --class-loader-context=PCL[] --classpath-dir=/apex/com.android.btservices/app/Bluetooth@UE1A.230829.036.A1 --compiler-filter=verify --compilation-reason=first-boot --compact-dex-level=none --max-image-block-size=524288 --resolve-startup-const-strings=true --generate-mini-debug-info --comments=app-version-name:14,app-version-code:34,art-version:342090000
04-15 17:03:57.343 795 795 I dex2oat64: Using CollectorTypeCC GC.
04-15 17:03:59.525 795 795 I dex2oat64: dex2oat took 2.299s (3.400s cpu) (threads: 2) arena alloc=0B (0B) java alloc=1492KB (1528064B) native alloc=1349KB (1382352B) free=837KB (857120B)
04-15 17:03:59.544 664 667 I artd : dex2oat returned code 0
04-15 17:03:59.548 536 662 I ArtService: Dexopt result: [packageName = com.android.bluetooth] DexContainerFileDexoptResult{dexContainerFile=/apex/com.android.btservices/app/Bluetooth@UE1A.230829.036.A1/Bluetooth.apk, primaryAbi=true, abi=x86_64, actualCompilerFilter=verify, status=PERFORMED, dex2oatWallTimeMillis=2552, dex2oatCpuTimeMillis=3640, sizeBytes=68800, sizeBeforeBytes=0}
04-15 17:03:59.555 664 667 W ziparchive: Unable to open '/apex/com.android.devicelock/priv-app/DeviceLockController@UE1A.230829.036.A1/DeviceLockController.dm': No such file or directory
04-15 17:03:59.555 664 667 W ziparchive: Unable to open '/apex/com.android.devicelock/priv-app/DeviceLockController@UE1A.230829.036.A1/DeviceLockController.dm': No such file or directory
04-15 17:03:59.566 664 667 I artd : Running dex2oat: /apex/com.android.art/bin/art_exec --drop-capabilities --keep-fds=7:8:9:10:11 -- /apex/com.android.art/bin/dex2oat64 --zip-fd=7 --zip-location=/apex/com.android.devicelock/priv-app/DeviceLockController@UE1A.230829.036.A1/DeviceLockController.apk --oat-fd=8 --oat-location=/data/dalvik-cache/x86_64/apex@com.android.devicelock@priv-app@DeviceLockController@UE1A.230829.036.A1@DeviceLockController.apk@classes.dex --output-vdex-fd=9 --swap-fd=10 --class-loader-context-fds=11 --class-loader-context=PCL[]{PCL[/system/framework/org.apache.http.legacy.jar]} --classpath-dir=/apex/com.android.devicelock/priv-app/DeviceLockController@UE1A.230829.036.A1 --instruction-set=x86_64 --instruction-set-features=default --instruction-set-variant=x86_64 --compiler-filter=verify --compilation-reason=first-boot --compact-dex-level=none --max-image-block-size=524288 --resolve-startup-const-strings=true --generate-mini-debug-info --runtime-arg -Xtarget-sdk-version:34 --runtime-arg -Xms64m --runtime-arg -Xmx512m --comments=app-version-name:14,app-version-code:34,art-version:342090000
04-15 17:03:59.566 664 667 I artd : Opened FDs: 7:/apex/com.android.devicelock/priv-app/DeviceLockController@UE1A.230829.036.A1/DeviceLockController.apk 8:/data/dalvik-cache/x86_64/apex@com.android.devicelock@priv-app@DeviceLockController@UE1A.230829.036.A1@DeviceLockController.apk@classes.dex.rdogFN.tmp 9:/data/dalvik-cache/x86_64/apex@com.android.devicelock@priv-app@DeviceLockController@UE1A.230829.036.A1@DeviceLockController.apk@classes.vdex.OrgjMF.tmp 10:/data/dalvik-cache/x86_64/apex@com.android.devicelock@priv-app@DeviceLockController@UE1A.230829.036.A1@DeviceLockController.apk@classes.dex.swap.QwHUat.tmp 11:/system/framework/org.apache.http.legacy.jar
04-15 17:03:59.834 801 801 W dex2oat64: Unexpected CPU variant for x86: x86_64.
04-15 17:03:59.834 801 801 W dex2oat64: Known variants: atom, sandybridge, silvermont, goldmont, goldmont-plus, tremont, kabylake, default
