04-15 17:04:45.817 341 341 I libc : Requested dump for pid 341 (android.hardwar)
04-15 17:04:45.819 536 536 V SystemServerTimingAsync: ssm.onStartUser-0_com.android.server.speech.SpeechRecognitionManagerService took to complete: 0ms
04-15 17:04:45.825 1153 1153 D CompatibilityChangeReporter: Compat change id reported: 3400644; UID 1002; state: ENABLED
04-15 17:04:45.829 536 536 D SystemServerTimingAsync: ssm.onStartUser-0_com.android.server.searchui.SearchUiManagerService
04-15 17:04:45.831 536 536 V SystemServerTimingAsync: ssm.onStartUser-0_com.android.server.searchui.SearchUiManagerService took to complete: 0ms
04-15 17:04:45.833 536 536 D SystemServerTimingAsync: ssm.onStartUser-0_com.android.server.smartspace.SmartspaceManagerService
04-15 17:04:45.833 536 536 V SystemServerTimingAsync: ssm.onStartUser-0_com.android.server.smartspace.SmartspaceManagerService took to complete: 0ms
04-15 17:04:45.834 536 536 D SystemServerTimingAsync: ssm.onStartUser-0_com.android.server.graphics.fonts.FontManagerService$Lifecycle
04-15 17:04:45.840 536 536 V SystemServerTimingAsync: ssm.onStartUser-0_com.android.server.graphics.fonts.FontManagerService$Lifecycle took to complete: 0ms
04-15 17:04:45.841 536 536 D SystemServerTimingAsync: ssm.onStartUser-0_com.android.server.textservices.TextServicesManagerService$Lifecycle
04-15 17:04:45.841 536 536 V SystemServerTimingAsync: ssm.onStartUser-0_com.android.server.textservices.TextServicesManagerService$Lifecycle took to complete: 0ms
04-15 17:04:45.842 536 536 D SystemServerTimingAsync: ssm.onStartUser-0_com.android.server.textclassifier.TextClassificationManagerService$Lifecycle
04-15 17:04:45.843 536 536 V SystemServerTimingAsync: ssm.onStartUser-0_com.android.server.textclassifier.TextClassificationManagerService$Lifecycle took to complete: 1ms
04-15 17:04:45.847 536 536 D SystemServerTimingAsync: ssm.onStartUser-0_com.android.server.NetworkScoreService$Lifecycle
04-15 17:04:45.847 536 536 V SystemServerTimingAsync: ssm.onStartUser-0_com.android.server.NetworkScoreService$Lifecycle took to complete: 0ms
04-15 17:04:45.854 0 0 I init : Untracked pid 1172 exited with status 0
04-15 17:04:45.855 0 0 I init : Untracked pid 1172 did not have an associated service entry and will not be reaped
04-15 17:04:45.858 0 0 I init : Untracked pid 1175 exited with status 0
04-15 17:04:45.858 0 0 I init : Untracked pid 1175 did not have an associated service entry and will not be reaped
04-15 17:04:45.853 536 536 D SystemServerTimingAsync: ssm.onStartUser-0_com.android.server.NetworkStatsServiceInitializer
04-15 17:04:45.854 536 536 V SystemServerTimingAsync: ssm.onStartUser-0_com.android.server.NetworkStatsServiceInitializer took to complete: 0ms
04-15 17:04:45.854 536 536 D SystemServerTimingAsync: ssm.onStartUser-0_com.android.server.wifi.WifiService
04-15 17:04:45.855 536 536 V SystemServerTimingAsync: ssm.onStartUser-0_com.android.server.wifi.WifiService took to complete: 0ms
04-15 17:04:45.861 536 536 D SystemServerTimingAsync: ssm.onStartUser-0_com.android.server.wifi.scanner.WifiScanningService
04-15 17:04:45.861 536 536 V SystemServerTimingAsync: ssm.onStartUser-0_com.android.server.wifi.scanner.WifiScanningService took to complete: 0ms
04-15 17:04:45.862 536 536 D SystemServerTimingAsync: ssm.onStartUser-0_com.android.server.wifi.p2p.WifiP2pService
04-15 17:04:45.862 536 536 V SystemServerTimingAsync: ssm.onStartUser-0_com.android.server.wifi.p2p.WifiP2pService took to complete: 0ms
04-15 17:04:45.863 536 536 D SystemServerTimingAsync: ssm.onStartUser-0_com.android.server.ConnectivityServiceInitializer
04-15 17:04:45.863 536 536 V SystemServerTimingAsync: ssm.onStartUser-0_com.android.server.ConnectivityServiceInitializer took to complete: 0ms
04-15 17:04:45.863 536 536 D SystemServerTimingAsync: ssm.onStartUser-0_com.android.server.notification.NotificationManagerService
04-15 17:04:45.865 536 536 V SystemServerTimingAsync: ssm.onStartUser-0_com.android.server.notification.NotificationManagerService took to complete: 0ms
04-15 17:04:45.865 536 536 D SystemServerTimingAsync: ssm.onStartUser-0_com.android.server.storage.DeviceStorageMonitorService
04-15 17:04:45.865 536 536 V SystemServerTimingAsync: ssm.onStartUser-0_com.android.server.storage.DeviceStorageMonitorService took to complete: 0ms
04-15 17:04:45.866 536 536 D SystemServerTimingAsync: ssm.onStartUser-0_com.android.server.timedetector.TimeDetectorService$Lifecycle
04-15 17:04:45.866 536 536 V SystemServerTimingAsync: ssm.onStartUser-0_com.android.server.timedetector.TimeDetectorService$Lifecycle took to complete: 0ms
04-15 17:04:45.867 536 536 D SystemServerTimingAsync: ssm.onStartUser-0_com.android.server.location.LocationManagerService$Lifecycle
04-15 17:04:45.879 536 536 V SystemServerTimingAsync: ssm.onStartUser-0_com.android.server.location.LocationManagerService$Lifecycle took to complete: 12ms
04-15 17:04:45.895 536 536 D SystemServerTimingAsync: ssm.onStartUser-0_com.android.server.timezonedetector.TimeZoneDetectorService$Lifecycle
04-15 17:04:45.896 536 536 V SystemServerTimingAsync: ssm.onStartUser-0_com.android.server.timezonedetector.TimeZoneDetectorService$Lifecycle took to complete: 0ms
04-15 17:04:45.897 536 536 D SystemServerTimingAsync: ssm.onStartUser-0_com.android.server.location.altitude.AltitudeService$Lifecycle
04-15 17:04:45.897 536 536 V SystemServerTimingAsync: ssm.onStartUser-0_com.android.server.location.altitude.AltitudeService$Lifecycle took to complete: 0ms
04-15 17:04:45.898 536 536 D SystemServerTimingAsync: ssm.onStartUser-0_com.android.server.timezonedetector.location.LocationTimeZoneManagerService$Lifecycle
04-15 17:04:45.898 536 536 V SystemServerTimingAsync: ssm.onStartUser-0_com.android.server.timezonedetector.location.LocationTimeZoneManagerService$Lifecycle took to complete: 0ms
04-15 17:04:45.899 536 536 D SystemServerTimingAsync: ssm.onStartUser-0_com.android.server.search.SearchManagerService$Lifecycle
04-15 17:04:45.899 536 536 V SystemServerTimingAsync: ssm.onStartUser-0_com.android.server.search.SearchManagerService$Lifecycle took to complete: 0ms
04-15 17:04:45.899 536 536 D SystemServerTimingAsync: ssm.onStartUser-0_com.android.server.wallpaper.WallpaperManagerService$Lifecycle
04-15 17:04:45.905 536 536 V SystemServerTimingAsync: ssm.onStartUser-0_com.android.server.wallpaper.WallpaperManagerService$Lifecycle took to complete: 0ms
04-15 17:04:45.905 536 536 D SystemServerTimingAsync: ssm.onStartUser-0_com.android.server.wallpapereffectsgeneration.WallpaperEffectsGenerationManagerService
04-15 17:04:45.905 536 536 V SystemServerTimingAsync: ssm.onStartUser-0_com.android.server.wallpapereffectsgeneration.WallpaperEffectsGenerationManagerService took to complete: 0ms
04-15 17:04:45.905 536 536 D SystemServerTimingAsync: ssm.onStartUser-0_com.android.server.audio.AudioService$Lifecycle
04-15 17:04:45.905 536 536 V SystemServerTimingAsync: ssm.onStartUser-0_com.android.server.audio.AudioService$Lifecycle took to complete: 0ms
04-15 17:04:45.905 536 536 D SystemServerTimingAsync: ssm.onStartUser-0_com.android.server.soundtrigger_middleware.SoundTriggerMiddlewareService$Lifecycle
04-15 17:04:45.905 536 536 V SystemServerTimingAsync: ssm.onStartUser-0_com.android.server.soundtrigger_middleware.SoundTriggerMiddlewareService$Lifecycle took to complete: 0ms
04-15 17:04:45.905 536 536 D SystemServerTimingAsync: ssm.onStartUser-0_com.android.server.DockObserver
04-15 17:04:45.906 536 536 V SystemServerTimingAsync: ssm.onStartUser-0_com.android.server.DockObserver took to complete: 0ms
04-15 17:04:45.906 536 536 D SystemServerTimingAsync: ssm.onStartUser-0_com.android.server.midi.MidiService$Lifecycle
04-15 17:04:45.906 536 536 V SystemServerTimingAsync: ssm.onStartUser-0_com.android.server.midi.MidiService$Lifecycle took to complete: 0ms
04-15 17:04:45.906 536 536 D SystemServerTimingAsync: ssm.onStartUser-0_com.android.server.adb.AdbService$Lifecycle
04-15 17:04:45.906 536 536 V SystemServerTimingAsync: ssm.onStartUser-0_com.android.server.adb.AdbService$Lifecycle took to complete: 0ms
04-15 17:04:45.906 536 536 D SystemServerTimingAsync: ssm.onStartUser-0_com.android.server.usb.UsbService$Lifecycle
04-15 17:04:45.906 536 536 V SystemServerTimingAsync: ssm.onStartUser-0_com.android.server.usb.UsbService$Lifecycle took to complete: 0ms
04-15 17:04:45.906 536 536 D SystemServerTimingAsync: ssm.onStartUser-0_com.android.server.twilight.TwilightService
04-15 17:04:45.906 536 536 V SystemServerTimingAsync: ssm.onStartUser-0_com.android.server.twilight.TwilightService took to complete: 0ms
04-15 17:04:45.906 536 536 D SystemServerTimingAsync: ssm.onStartUser-0_com.android.server.display.color.ColorDisplayService
04-15 17:04:45.907 536 536 V SystemServerTimingAsync: ssm.onStartUser-0_com.android.server.display.color.ColorDisplayService took to complete: 0ms
04-15 17:04:45.907 536 536 D SystemServerTimingAsync: ssm.onStartUser-0_com.android.server.job.JobSchedulerService
04-15 17:04:45.907 536 536 V SystemServerTimingAsync: ssm.onStartUser-0_com.android.server.job.JobSchedulerService took to complete: 1ms
04-15 17:04:45.907 536 536 D SystemServerTimingAsync: ssm.onStartUser-0_com.android.server.soundtrigger.SoundTriggerService
04-15 17:04:45.908 536 536 V SystemServerTimingAsync: ssm.onStartUser-0_com.android.server.soundtrigger.SoundTriggerService took to complete: 0ms
04-15 17:04:45.914 536 536 D SystemServerTimingAsync: ssm.onStartUser-0_com.android.server.trust.TrustManagerService
04-15 17:04:45.915 536 536 V SystemServerTimingAsync: ssm.onStartUser-0_com.android.server.trust.TrustManagerService took to complete: 1ms
04-15 17:04:45.923 536 536 D SystemServerTimingAsync: ssm.onStartUser-0_com.android.server.backup.BackupManagerService$Lifecycle
04-15 17:04:45.924 536 536 V SystemServerTimingAsync: ssm.onStartUser-0_com.android.server.backup.BackupManagerService$Lifecycle took to complete: 0ms
04-15 17:04:45.941 536 536 D SystemServerTimingAsync: ssm.onStartUser-0_com.android.server.appwidget.AppWidgetService
04-15 17:04:45.942 536 536 V SystemServerTimingAsync: ssm.onStartUser-0_com.android.server.appwidget.AppWidgetService took to complete: 0ms
04-15 17:04:45.943 536 536 D SystemServerTimingAsync: ssm.onStartUser-0_com.android.server.voiceinteraction.VoiceInteractionManagerService
04-15 17:04:45.946 536 536 W VoiceInteractionManager: no available voice recognition services found for user 0
04-15 17:04:45.947 536 536 V SystemServerTimingAsync: ssm.onStartUser-0_com.android.server.voiceinteraction.VoiceInteractionManagerService took to complete: 4ms
04-15 17:04:45.947 536 536 D SystemServerTimingAsync: ssm.onStartUser-0_com.android.server.GestureLauncherService
04-15 17:04:45.949 536 536 V SystemServerTimingAsync: ssm.onStartUser-0_com.android.server.GestureLauncherService took to complete: 0ms
04-15 17:04:45.949 536 536 D SystemServerTimingAsync: ssm.onStartUser-0_com.android.server.SensorNotificationService
04-15 17:04:45.949 536 536 V SystemServerTimingAsync: ssm.onStartUser-0_com.android.server.SensorNotificationService took to complete: 0ms
04-15 17:04:45.950 536 536 D SystemServerTimingAsync: ssm.onStartUser-0_com.android.server.emergency.EmergencyAffordanceService
04-15 17:04:45.950 536 536 V SystemServerTimingAsync: ssm.onStartUser-0_com.android.server.emergency.EmergencyAffordanceService took to complete: 0ms
04-15 17:04:45.951 536 536 D SystemServerTimingAsync: ssm.onStartUser-0_com.android.server.blob.BlobStoreManagerService
04-15 17:04:45.951 536 536 V SystemServerTimingAsync: ssm.onStartUser-0_com.android.server.blob.BlobStoreManagerService took to complete: 0ms
04-15 17:04:45.951 536 536 D SystemServerTimingAsync: ssm.onStartUser-0_com.android.server.dreams.DreamManagerService
04-15 17:04:45.956 536 536 V SystemServerTimingAsync: ssm.onStartUser-0_com.android.server.dreams.DreamManagerService took to complete: 0ms
04-15 17:04:45.957 536 536 D SystemServerTimingAsync: ssm.onStartUser-0_com.android.server.print.PrintManagerService
04-15 17:04:45.957 536 536 V SystemServerTimingAsync: ssm.onStartUser-0_com.android.server.print.PrintManagerService took to complete: 0ms
04-15 17:04:45.957 536 536 D SystemServerTimingAsync: ssm.onStartUser-0_com.android.server.security.AttestationVerificationManagerService
04-15 17:04:45.957 536 536 V SystemServerTimingAsync: ssm.onStartUser-0_com.android.server.security.AttestationVerificationManagerService took to complete: 0ms
04-15 17:04:45.957 536 536 D SystemServerTimingAsync: ssm.onStartUser-0_com.android.server.companion.CompanionDeviceManagerService
04-15 17:04:45.957 536 536 V SystemServerTimingAsync: ssm.onStartUser-0_com.android.server.companion.CompanionDeviceManagerService took to complete: 0ms
04-15 17:04:45.957 536 536 D SystemServerTimingAsync: ssm.onStartUser-0_com.android.server.companion.virtual.VirtualDeviceManagerService
04-15 17:04:45.957 536 536 V SystemServerTimingAsync: ssm.onStartUser-0_com.android.server.companion.virtual.VirtualDeviceManagerService took to complete: 0ms
04-15 17:04:45.958 536 536 D SystemServerTimingAsync: ssm.onStartUser-0_com.android.server.restrictions.RestrictionsManagerService
04-15 17:04:45.958 536 536 V SystemServerTimingAsync: ssm.onStartUser-0_com.android.server.restrictions.RestrictionsManagerService took to complete: 0ms
04-15 17:04:45.958 536 536 D SystemServerTimingAsync: ssm.onStartUser-0_com.android.server.media.MediaSessionService
04-15 17:04:45.958 536 536 V SystemServerTimingAsync: ssm.onStartUser-0_com.android.server.media.MediaSessionService took to complete: 1ms
04-15 17:04:45.958 536 536 D SystemServerTimingAsync: ssm.onStartUser-0_com.android.server.media.MediaResourceMonitorService
04-15 17:04:45.959 536 536 V SystemServerTimingAsync: ssm.onStartUser-0_com.android.server.media.MediaResourceMonitorService took to complete: 0ms
04-15 17:04:45.959 536 536 D SystemServerTimingAsync: ssm.onStartUser-0_com.android.server.biometrics.sensors.face.FaceService
04-15 17:04:45.959 536 536 V SystemServerTimingAsync: ssm.onStartUser-0_com.android.server.biometrics.sensors.face.FaceService took to complete: 0ms
04-15 17:04:45.959 536 536 D SystemServerTimingAsync: ssm.onStartUser-0_com.android.server.biometrics.sensors.fingerprint.FingerprintService
04-15 17:04:45.959 536 536 V SystemServerTimingAsync: ssm.onStartUser-0_com.android.server.biometrics.sensors.fingerprint.FingerprintService took to complete: 0ms
04-15 17:04:45.959 536 536 D SystemServerTimingAsync: ssm.onStartUser-0_com.android.server.biometrics.BiometricService
04-15 17:04:45.959 536 536 V SystemServerTimingAsync: ssm.onStartUser-0_com.android.server.biometrics.BiometricService took to complete: 0ms
04-15 17:04:45.959 536 536 D SystemServerTimingAsync: ssm.onStartUser-0_com.android.server.biometrics.AuthService
04-15 17:04:45.959 536 536 V SystemServerTimingAsync: ssm.onStartUser-0_com.android.server.biometrics.AuthService took to complete: 0ms
04-15 17:04:45.960 536 536 D SystemServerTimingAsync: ssm.onStartUser-0_com.android.server.pm.ShortcutService$Lifecycle
04-15 17:04:45.968 536 536 V SystemServerTimingAsync: ssm.onStartUser-0_com.android.server.pm.ShortcutService$Lifecycle took to complete: 0ms
04-15 17:04:45.969 536 536 D SystemServerTimingAsync: ssm.onStartUser-0_com.android.server.pm.LauncherAppsService
04-15 17:04:45.969 536 536 V SystemServerTimingAsync: ssm.onStartUser-0_com.android.server.pm.LauncherAppsService took to complete: 0ms
04-15 17:04:45.970 536 536 D SystemServerTimingAsync: ssm.onStartUser-0_com.android.server.pm.CrossProfileAppsService
04-15 17:04:45.970 536 536 V SystemServerTimingAsync: ssm.onStartUser-0_com.android.server.pm.CrossProfileAppsService took to complete: 0ms
04-15 17:04:45.971 536 536 D SystemServerTimingAsync: ssm.onStartUser-0_com.android.server.people.PeopleService
04-15 17:04:45.971 536 536 V SystemServerTimingAsync: ssm.onStartUser-0_com.android.server.people.PeopleService took to complete: 0ms
04-15 17:04:45.971 536 536 D SystemServerTimingAsync: ssm.onStartUser-0_com.android.server.media.metrics.MediaMetricsManagerService
04-15 17:04:45.973 536 536 V SystemServerTimingAsync: ssm.onStartUser-0_com.android.server.media.metrics.MediaMetricsManagerService took to complete: 0ms
04-15 17:04:45.973 536 536 D SystemServerTimingAsync: ssm.onStartUser-0_com.android.server.pm.BackgroundInstallControlService
04-15 17:04:45.974 536 536 V SystemServerTimingAsync: ssm.onStartUser-0_com.android.server.pm.BackgroundInstallControlService took to complete: 0ms
04-15 17:04:45.974 536 536 D SystemServerTimingAsync: ssm.onStartUser-0_com.android.server.media.projection.MediaProjectionManagerService
04-15 17:04:45.974 536 536 V SystemServerTimingAsync: ssm.onStartUser-0_com.android.server.media.projection.MediaProjectionManagerService took to complete: 0ms
04-15 17:04:45.976 536 536 D SystemServerTimingAsync: ssm.onStartUser-0_com.android.server.slice.SliceManagerService$Lifecycle
04-15 17:04:45.981 536 536 V SystemServerTimingAsync: ssm.onStartUser-0_com.android.server.slice.SliceManagerService$Lifecycle took to complete: 0ms
04-15 17:04:45.982 536 536 D SystemServerTimingAsync: ssm.onStartUser-0_com.android.server.stats.StatsCompanion$Lifecycle
04-15 17:04:45.983 536 536 V SystemServerTimingAsync: ssm.onStartUser-0_com.android.server.stats.StatsCompanion$Lifecycle took to complete: 0ms
04-15 17:04:45.983 536 536 D SystemServerTimingAsync: ssm.onStartUser-0_com.android.server.scheduling.RebootReadinessManagerService$Lifecycle
04-15 17:04:45.983 536 536 V SystemServerTimingAsync: ssm.onStartUser-0_com.android.server.scheduling.RebootReadinessManagerService$Lifecycle took to complete: 0ms
04-15 17:04:45.988 536 536 D SystemServerTimingAsync: ssm.onStartUser-0_com.android.server.stats.pull.StatsPullAtomService
04-15 17:04:45.989 536 536 V SystemServerTimingAsync: ssm.onStartUser-0_com.android.server.stats.pull.StatsPullAtomService took to complete: 0ms
04-15 17:04:45.989 536 536 D SystemServerTimingAsync: ssm.onStartUser-0_com.android.server.stats.bootstrap.StatsBootstrapAtomService$Lifecycle
04-15 17:04:45.989 536 536 V SystemServerTimingAsync: ssm.onStartUser-0_com.android.server.stats.bootstrap.StatsBootstrapAtomService$Lifecycle took to complete: 0ms
04-15 17:04:45.989 536 536 D SystemServerTimingAsync: ssm.onStartUser-0_com.android.server.incident.IncidentCompanionService
04-15 17:04:45.989 536 536 V SystemServerTimingAsync: ssm.onStartUser-0_com.android.server.incident.IncidentCompanionService took to complete: 0ms
04-15 17:04:45.989 536 536 D SystemServerTimingAsync: ssm.onStartUser-0_com.android.server.sdksandbox.SdkSandboxManagerService$Lifecycle
04-15 17:04:45.989 536 536 V SystemServerTimingAsync: ssm.onStartUser-0_com.android.server.sdksandbox.SdkSandboxManagerService$Lifecycle took to complete: 0ms
04-15 17:04:45.989 536 536 D SystemServerTimingAsync: ssm.onStartUser-0_com.android.server.adservices.AdServicesManagerService$Lifecycle
04-15 17:04:45.989 536 536 V SystemServerTimingAsync: ssm.onStartUser-0_com.android.server.adservices.AdServicesManagerService$Lifecycle took to complete: 0ms
04-15 17:04:45.989 536 536 D SystemServerTimingAsync: ssm.onStartUser-0_com.android.server.ondevicepersonalization.OnDevicePersonalizationSystemService$Lifecycle
04-15 17:04:45.990 536 536 V SystemServerTimingAsync: ssm.onStartUser-0_com.android.server.ondevicepersonalization.OnDevicePersonalizationSystemService$Lifecycle took to complete: 0ms
04-15 17:04:45.990 536 536 D SystemServerTimingAsync: ssm.onStartUser-0_com.android.server.MmsServiceBroker
04-15 17:04:45.990 536 536 V SystemServerTimingAsync: ssm.onStartUser-0_com.android.server.MmsServiceBroker took to complete: 0ms
04-15 17:04:45.990 536 536 D SystemServerTimingAsync: ssm.onStartUser-0_com.android.server.autofill.AutofillManagerService
04-15 17:04:45.990 536 536 V SystemServerTimingAsync: ssm.onStartUser-0_com.android.server.autofill.AutofillManagerService took to complete: 0ms
04-15 17:04:45.990 536 536 D SystemServerTimingAsync: ssm.onStartUser-0_com.android.server.credentials.CredentialManagerService
04-15 17:04:45.990 536 536 V SystemServerTimingAsync: ssm.onStartUser-0_com.android.server.credentials.CredentialManagerService took to complete: 0ms
04-15 17:04:45.990 536 536 D SystemServerTimingAsync: ssm.onStartUser-0_com.android.server.selectiontoolbar.SelectionToolbarManagerService
04-15 17:04:45.991 536 536 V SystemServerTimingAsync: ssm.onStartUser-0_com.android.server.selectiontoolbar.SelectionToolbarManagerService took to complete: 0ms
04-15 17:04:45.991 536 536 D SystemServerTimingAsync: ssm.onStartUser-0_com.android.server.clipboard.ClipboardService
04-15 17:04:45.991 536 536 V SystemServerTimingAsync: ssm.onStartUser-0_com.android.server.clipboard.ClipboardService took to complete: 0ms
04-15 17:04:45.991 536 536 D SystemServerTimingAsync: ssm.onStartUser-0_com.android.server.appbinding.AppBindingService$Lifecycle
04-15 17:04:46.010 536 536 V SystemServerTimingAsync: ssm.onStartUser-0_com.android.server.appbinding.AppBindingService$Lifecycle took to complete: 19ms
04-15 17:04:46.013 536 536 D SystemServerTimingAsync: ssm.onStartUser-0_com.android.server.tracing.TracingServiceProxy
04-15 17:04:46.013 536 536 V SystemServerTimingAsync: ssm.onStartUser-0_com.android.server.tracing.TracingServiceProxy took to complete: 0ms
04-15 17:04:46.014 536 536 D SystemServerTimingAsync: ssm.onStartUser-0_com.android.server.policy.PermissionPolicyService
04-15 17:04:46.014 536 536 V SystemServerTimingAsync: ssm.onStartUser-0_com.android.server.policy.PermissionPolicyService took to complete: 1ms
04-15 17:04:46.015 536 536 D SystemServerTimingAsync: ssm.onStartUser-0_com.android.server.pm.StagingManager$Lifecycle
04-15 17:04:46.015 536 536 V SystemServerTimingAsync: ssm.onStartUser-0_com.android.server.pm.StagingManager$Lifecycle took to complete: 0ms
04-15 17:04:46.017 536 536 D SystemServerTimingAsync: ssm.onStartUser-0_com.android.server.app.GameManagerService$Lifecycle
04-15 17:04:46.018 536 536 D GameManagerService: Starting user 0
04-15 17:04:46.060 536 536 V GameManagerService_GameManagerSettings: Settings file doesn't exist, skip reading
04-15 17:04:46.061 536 536 V SystemServerTimingAsync: ssm.onStartUser-0_com.android.server.app.GameManagerService$Lifecycle took to complete: 43ms
04-15 17:04:46.073 536 536 D SystemServerTimingAsync: ssm.onStartUser-0_com.android.safetycenter.SafetyCenterService
04-15 17:04:46.073 536 536 V SystemServerTimingAsync: ssm.onStartUser-0_com.android.safetycenter.SafetyCenterService took to complete: 1ms
04-15 17:04:46.074 536 536 D SystemServerTimingAsync: ssm.onStartUser-0_com.android.server.appsearch.AppSearchModule$Lifecycle
04-15 17:04:46.074 536 536 V SystemServerTimingAsync: ssm.onStartUser-0_com.android.server.appsearch.AppSearchModule$Lifecycle took to complete: 0ms
04-15 17:04:46.101 536 536 D SystemServerTimingAsync: ssm.onStartUser-0_com.android.server.media.MediaCommunicationService
04-15 17:04:46.109 536 536 V SystemServerTimingAsync: ssm.onStartUser-0_com.android.server.media.MediaCommunicationService took to complete: 1ms
04-15 17:04:46.110 536 536 D SystemServerTimingAsync: ssm.onStartUser-0_com.android.server.compat.overrides.AppCompatOverridesService$Lifecycle
04-15 17:04:46.110 536 536 V SystemServerTimingAsync: ssm.onStartUser-0_com.android.server.compat.overrides.AppCompatOverridesService$Lifecycle took to complete: 0ms
04-15 17:04:46.111 536 536 D SystemServerTimingAsync: ssm.onStartUser-0_com.android.server.healthconnect.HealthConnectManagerService
04-15 17:04:46.112 536 536 V SystemServerTimingAsync: ssm.onStartUser-0_com.android.server.healthconnect.HealthConnectManagerService took to complete: 0ms
04-15 17:04:46.117 536 536 V SystemServerTimingAsync: ssm.StartUser-0 took to complete: 11986ms
04-15 17:04:46.118 536 536 D SystemServerTiming: startPersistentApps
04-15 17:04:46.138 536 536 D CompatibilityChangeReporter: Compat change id reported: 135634846; UID 1068; state: DISABLED
04-15 17:04:46.145 536 568 W ActivityManager: com.android.se inode == 0 (b/152760674)
04-15 17:04:46.200 536 536 D CompatibilityChangeReporter: Compat change id reported: 135634846; UID 1001; state: DISABLED
04-15 17:04:46.201 324 324 D Zygote : Forked child process 1179
04-15 17:04:46.209 536 568 W ActivityManager: Slow operation: 72ms so far, now at startProcess: returned from zygote!
04-15 17:04:46.210 536 536 D CompatibilityChangeReporter: Compat change id reported: 177438394; UID 1001; state: DISABLED
04-15 17:04:46.217 536 536 D CompatibilityChangeReporter: Compat change id reported: 135772972; UID 1001; state: DISABLED
04-15 17:04:46.219 536 536 D CompatibilityChangeReporter: Compat change id reported: 135754954; UID 1001; state: ENABLED
04-15 17:04:46.225 536 536 V SystemServerTiming: startPersistentApps took to complete: 106ms
04-15 17:04:46.227 536 536 D SystemServerTiming: startHomeOnAllDisplays
04-15 17:04:46.280 1178 1178 I crash_dump64: obtaining output fd from tombstoned, type: kDebuggerdNativeBacktrace
04-15 17:04:46.286 192 192 I tombstoned: received crash request for pid 341
04-15 17:04:46.287 192 192 I tombstoned: found intercept fd 512 for pid 341 and type kDebuggerdNativeBacktrace
04-15 17:04:46.289 1178 1178 I crash_dump64: performing dump of process 341 (target tid = 341)
04-15 17:04:46.317 536 536 D CompatibilityChangeReporter: Compat change id reported: 265464455; UID 1000; state: DISABLED
04-15 17:04:46.325 536 536 D CompatibilityChangeReporter: Compat change id reported: 265452344; UID 1000; state: DISABLED
04-15 17:04:46.337 536 536 D CompatibilityChangeReporter: Compat change id reported: 266124927; UID 1000; state: DISABLED
04-15 17:04:46.339 536 536 D CompatibilityChangeReporter: Compat change id reported: 265451093; UID 1000; state: DISABLED
04-15 17:04:46.346 1153 1153 D nativeloader: Configuring clns-shared-6 for other apk /apex/com.android.btservices/app/Bluetooth@UE1A.230829.036.A1/Bluetooth.apk. target_sdk_version=34, uses_libraries=, library_path=/apex/com.android.btservices/app/Bluetooth@UE1A.230829.036.A1/lib/x86_64:/system/lib64:/system_ext/lib64, permitted_path=/data:/mnt/expand:/data/user_de/0/com.android.bluetooth:/apex/com.android.btservices/app/Bluetooth@UE1A.230829.036.A1:/system/lib64:/system_ext/lib64
04-15 17:04:46.347 536 536 D CompatibilityChangeReporter: Compat change id reported: 265456536; UID 1000; state: DISABLED
04-15 17:04:46.362 536 536 D CompatibilityChangeReporter: Compat change id reported: 255940284; UID 1000; state: DISABLED
04-15 17:04:46.368 536 536 D CompatibilityChangeReporter: Compat change id reported: 236283604; UID 1000; state: DISABLED
04-15 17:04:46.371 536 536 D CompatibilityChangeReporter: Compat change id reported: 263959004; UID 1000; state: DISABLED
04-15 17:04:46.374 536 536 D CompatibilityChangeReporter: Compat change id reported: 264304459; UID 1000; state: DISABLED
04-15 17:04:46.379 536 536 D CompatibilityChangeReporter: Compat change id reported: 264301586; UID 1000; state: DISABLED
04-15 17:04:46.383 536 536 D CompatibilityChangeReporter: Compat change id reported: 254631730; UID 1000; state: DISABLED
04-15 17:04:46.391 536 536 D CompatibilityChangeReporter: Compat change id reported: 273509367; UID 1000; state: DISABLED
04-15 17:04:46.402 536 536 D CompatibilityChangeReporter: Compat change id reported: 263259275; UID 1000; state: DISABLED
04-15 17:04:46.415 536 536 D CompatibilityChangeReporter: Compat change id reported: 174042980; UID 1000; state: DISABLED
04-15 17:04:46.420 192 192 W tombstoned: skipping tombstone file creation due to intercept
04-15 17:04:46.435 0 0 I init : Untracked pid 1178 exited with status 0
04-15 17:04:46.435 0 0 I init : Untracked pid 1178 did not have an associated service entry and will not be reaped
04-15 17:04:46.441 0 0 I init : Untracked pid 1181 exited with status 0
04-15 17:04:46.441 0 0 I init : Untracked pid 1181 did not have an associated service entry and will not be reaped
04-15 17:04:46.444 536 563 I system_server: libdebuggerd_client: done dumping process 341
04-15 17:04:46.450 1179 1179 I com.android.se: Using CollectorTypeCC GC.
04-15 17:04:46.469 1179 1179 W com.android.se: Unexpected CPU variant for x86: x86_64.
04-15 17:04:46.469 1179 1179 W com.android.se: Known variants: atom, sandybridge, silvermont, goldmont, goldmont-plus, tremont, kabylake, default
04-15 17:04:46.479 536 563 I ActivityManager: Collecting stacks for native pid 342
04-15 17:04:46.483 536 563 I system_server: libdebuggerd_client: started dumping process 342
04-15 17:04:46.497 1179 1179 E com.android.se: Not starting debugger since process cannot load the jdwp agent.
04-15 17:04:46.505 536 536 D CompatibilityChangeReporter: Compat change id reported: 174042936; UID 1000; state: DISABLED
04-15 17:04:46.507 192 192 I tombstoned: registered intercept for pid 342 and type kDebuggerdNativeBacktrace
04-15 17:04:46.519 342 342 I libc : Requested dump for pid 342 (android.hardwar)
04-15 17:04:46.526 536 536 D CompatibilityChangeReporter: Compat change id reported: 181136395; UID 1000; state: DISABLED
04-15 17:04:46.597 1153 1153 D nativeloader: InitApexLibraries:
04-15 17:04:46.597 1153 1153 D nativeloader: com_android_adservices: libhpke_jni.so:libtflite_support_classifiers_native.so
04-15 17:04:46.597 1153 1153 D nativeloader: com_android_appsearch: libicing.so
04-15 17:04:46.597 1153 1153 D nativeloader: com_android_art: libartservice.so
04-15 17:04:46.597 1153 1153 D nativeloader: com_android_btservices: libbluetooth_jni.so
04-15 17:04:46.597 1153 1153 D nativeloader: com_android_conscrypt: libjavacrypto.so
04-15 17:04:46.597 1153 1153 D nativeloader: com_android_extservices: libtflite_support_classifiers_native.so
04-15 17:04:46.597 1153 1153 D nativeloader: com_android_os_statsd: libstats_jni.so
04-15 17:04:46.597 1153 1153 D nativeloader: com_android_tethering: libandroid_net_connectivity_com_android_net_module_util_jni.so:libcronet.114.0.5735.84.so:libframework-connectivity-jni.so:libframework-connectivity-tiramisu-jni.so:libservice-connectivity.so
04-15 17:04:46.597 1153 1153 D nativeloader: com_android_uwb: libuwb_uci_jni_rust.so
04-15 17:04:46.597 1153 1153 D nativeloader: com_android_virt: libvirtualizationservice_jni.so:libvirtualmachine_jni.so
04-15 17:04:46.690 536 536 D CompatibilityChangeReporter: Compat change id reported: 194480991; UID 1000; state: ENABLED
04-15 17:04:46.869 1197 1197 I crash_dump64: obtaining output fd from tombstoned, type: kDebuggerdNativeBacktrace
04-15 17:04:46.889 192 192 I tombstoned: received crash request for pid 342
04-15 17:04:46.890 192 192 I tombstoned: found intercept fd 512 for pid 342 and type kDebuggerdNativeBacktrace
04-15 17:04:46.891 1197 1197 I crash_dump64: performing dump of process 342 (target tid = 342)
04-15 17:04:46.960 536 536 D CompatibilityChangeReporter: Compat change id reported: 197654537; UID 1000; state: ENABLED
04-15 17:04:46.965 536 648 E BluetoothManagerService: MESSAGE_TIMEOUT_BIND
04-15 17:04:47.001 363 363 I android.hardware.power-service.example: Power isModeSupported: 5
04-15 17:04:47.015 1153 1153 V GraphicsEnvironment: Currently set values for:
04-15 17:04:47.035 192 192 W tombstoned: skipping tombstone file creation due to intercept
04-15 17:04:47.041 536 563 I system_server: libdebuggerd_client: done dumping process 342
04-15 17:04:47.065 0 0 I init : Untracked pid 1197 exited with status 0
04-15 17:04:47.065 0 0 I init : Untracked pid 1197 did not have an associated service entry and will not be reaped
04-15 17:04:47.067 0 0 I init : Untracked pid 1199 exited with status 0
04-15 17:04:47.067 0 0 I init : Untracked pid 1199 did not have an associated service entry and will not be reaped
04-15 17:04:47.062 536 563 I ActivityManager: Collecting stacks for native pid 154
04-15 17:04:47.071 536 563 I system_server: libdebuggerd_client: started dumping process 154
04-15 17:04:47.074 192 192 I tombstoned: registered intercept for pid 154 and type kDebuggerdNativeBacktrace
04-15 17:04:47.076 1153 1153 V GraphicsEnvironment: angle_gl_driver_selection_pkgs=[]
04-15 17:04:47.077 1153 1153 V GraphicsEnvironment: angle_gl_driver_selection_values=[]
04-15 17:04:47.080 1153 1153 V GraphicsEnvironment: ANGLE GameManagerService for com.android.bluetooth: false
04-15 17:04:47.081 1153 1153 V GraphicsEnvironment: com.android.bluetooth is not listed in per-application setting
04-15 17:04:47.081 1153 1153 V GraphicsEnvironment: Neither updatable production driver nor prerelease driver is supported.
04-15 17:04:47.086 154 154 I libc : Requested dump for pid 154 (android.system.)
04-15 17:04:47.104 536 536 I ActivityTaskManager: START u0 {act=android.intent.action.MAIN cat=[android.intent.category.HOME] flg=0x10000100 cmp=com.android.settings/.FallbackHome (has extras)} with LAUNCH_MULTIPLE from uid 0 (BAL_ALLOW_ALLOWLISTED_UID) result code=0
04-15 17:04:47.107 536 561 W system_server: Long monitor contention with owner main (536) at void com.android.server.wm.ActivityTaskManagerService.resumeAppSwitches()(ActivityTaskManagerService.java:3955) waiters=0 in void com.android.server.wm.WindowAnimator.lambda$new$1(long) for 417ms
04-15 17:04:47.176 536 536 V SystemServerTiming: startHomeOnAllDisplays took to complete: 949ms
04-15 17:04:47.184 536 536 D SystemServerTiming: showSystemReadyErrorDialogs
04-15 17:04:47.185 536 536 I system_server: getFrameworkHalManifest: Reading VINTF information.
04-15 17:04:47.232 896 931 W Looper : Slow dispatch took 38ms wmshell.main h=android.os.Handler c=android.window.TaskOrganizer$1$$ExternalSyntheticLambda3@50b9aec m=0
04-15 17:04:47.290 536 536 I system_server: getDeviceHalManifest: Reading VINTF information.
04-15 17:04:47.395 1202 1202 I crash_dump64: obtaining output fd from tombstoned, type: kDebuggerdNativeBacktrace
04-15 17:04:47.412 192 192 I tombstoned: received crash request for pid 154
04-15 17:04:47.413 192 192 I tombstoned: found intercept fd 512 for pid 154 and type kDebuggerdNativeBacktrace
04-15 17:04:47.415 1202 1202 I crash_dump64: performing dump of process 154 (target tid = 154)
04-15 17:04:47.551 536 536 I system_server: getDeviceHalManifest: Successfully processed VINTF information
04-15 17:04:47.587 536 536 I system_server: getFrameworkHalManifest: Successfully processed VINTF information
04-15 17:04:47.594 536 536 W system_server: uname() reports kernel level 8 but device manifest sets kernel level 7. Using kernel level 8
04-15 17:04:47.594 536 536 I system_server: getFrameworkCompatibilityMatrix: Reading VINTF information.
04-15 17:04:47.682 192 192 W tombstoned: skipping tombstone file creation due to intercept
04-15 17:04:47.715 536 563 I system_server: libdebuggerd_client: done dumping process 154
04-15 17:04:47.721 0 0 I init : Untracked pid 1202 exited with status 0
04-15 17:04:47.721 0 0 I init : Untracked pid 1202 did not have an associated service entry and will not be reaped
04-15 17:04:47.722 0 0 I init : Untracked pid 1204 exited with status 0
04-15 17:04:47.722 0 0 I init : Untracked pid 1204 did not have an associated service entry and will not be reaped
04-15 17:04:47.760 536 563 I ActivityManager: Collecting stacks for native pid 155
04-15 17:04:47.817 536 563 I system_server: libdebuggerd_client: started dumping process 155
04-15 17:04:47.824 192 192 I tombstoned: registered intercept for pid 155 and type kDebuggerdNativeBacktrace
04-15 17:04:47.829 155 155 I libc : Requested dump for pid 155 (binder:155_2)
04-15 17:04:48.218 536 536 I system_server: getFrameworkCompatibilityMatrix: Successfully processed VINTF information
04-15 17:04:48.218 536 536 I system_server: getDeviceCompatibilityMatrix: Reading VINTF information.
04-15 17:04:48.226 536 536 I system_server: getDeviceCompatibilityMatrix: Successfully processed VINTF information
04-15 17:04:48.235 536 536 V SystemServerTiming: showSystemReadyErrorDialogs took to complete: 1050ms
04-15 17:04:48.235 536 536 D SystemServerTiming: sendUserStartBroadcast
04-15 17:04:48.251 536 536 V SystemServerTiming: sendUserStartBroadcast took to complete: 15ms
04-15 17:04:48.251 536 536 D SystemServerTiming: resumeTopActivities
04-15 17:04:48.259 536 536 V SystemServerTiming: resumeTopActivities took to complete: 7ms
04-15 17:04:48.259 536 536 D SystemServerTiming: sendUserSwitchBroadcasts
04-15 17:04:48.266 536 536 V SystemServerTiming: sendUserSwitchBroadcasts took to complete: 3ms
04-15 17:04:48.267 536 536 D SystemServerTiming: setBinderProxies
04-15 17:04:48.272 536 536 V SystemServerTiming: setBinderProxies took to complete: 5ms
04-15 17:04:48.272 536 536 V SystemServerTiming: ActivityManagerStartApps took to complete: 14151ms
04-15 17:04:48.280 536 536 D SystemServerTiming: componentAlias
04-15 17:04:48.283 536 536 D ComponentAliasResolver: Compat listener set.
04-15 17:04:48.295 536 536 V SystemServerTiming: componentAlias took to complete: 14ms
04-15 17:04:48.296 536 536 V SystemServerTiming: PhaseActivityManagerReady took to complete: 36315ms
04-15 17:04:48.296 536 536 D SystemServerTiming: LockSettingsThirdPartyAppsStarted
04-15 17:04:48.300 536 568 W system_server: Long monitor contention with owner main (536) at int com.android.server.am.UserController$Injector.broadcastIntent(android.content.Intent, java.lang.String, android.content.IIntentReceiver, int, java.lang.String, android.os.Bundle, java.lang.String[], int, android.os.Bundle, boolean, boolean, int, int, int, int, int)(UserController.java:3436) waiters=0 in void com.android.server.am.ProcessList.lambda$handleProcessStart$1(com.android.server.am.ProcessRecord, java.lang.String, int[], int, int, int, java.lang.String, java.lang.String, java.lang.String, long) for 2.090s
04-15 17:04:48.307 536 536 I LockSettingsService: Migrating unsecured user 0 to SP-based credential
04-15 17:04:48.319 536 536 I LockSettingsService: Initializing synthetic password for user 0
04-15 17:04:48.324 536 568 W ActivityManager: Slow operation: 2172ms so far, now at startProcess: done updating battery stats
04-15 17:04:48.325 536 568 W ActivityManager: Slow operation: 2188ms so far, now at startProcess: building log message
04-15 17:04:48.325 536 568 I ActivityManager: Start proc 1179:com.android.se/1068 for added application com.android.se
04-15 17:04:48.325 536 568 W ActivityManager: Slow operation: 2188ms so far, now at startProcess: starting to update pids map
04-15 17:04:48.326 536 568 W ActivityManager: Slow operation: 2189ms so far, now at startProcess: done updating pids map
04-15 17:04:48.326 536 568 W ActivityManager: Slow operation: 2145ms so far, now at startProcess: asking zygote to start proc
04-15 17:04:48.327 536 568 W ActivityManager: com.android.phone inode == 0 (b/152760674)
04-15 17:04:48.328 536 994 W system_server: Long monitor contention with owner main (536) at int com.android.server.am.UserController$Injector.broadcastIntent(android.content.Intent, java.lang.String, android.content.IIntentReceiver, int, java.lang.String, android.os.Bundle, java.lang.String[], int, android.os.Bundle, boolean, boolean, int, int, int, int, int)(UserController.java:3436) waiters=1 in void com.android.server.am.ActivityManagerService.attachApplication(android.app.IApplicationThread, long) for 1.448s
04-15 17:04:48.338 536 994 D CompatibilityChangeReporter: Compat change id reported: 168419799; UID 1068; state: DISABLED
04-15 17:04:48.339 536 994 D CompatibilityChangeReporter: Compat change id reported: 273564678; UID 1068; state: DISABLED
04-15 17:04:48.389 536 994 W ActivityManager: Slow operation: 57ms so far, now at attachApplicationLocked: immediately after bindApplication
04-15 17:04:48.389 536 994 W ActivityManager: Slow operation: 57ms so far, now at attachApplicationLocked: after updateLruProcessLocked
04-15 17:04:48.403 324 324 D Zygote : Forked child process 1211
04-15 17:04:48.415 536 568 W ActivityManager: Slow operation: 2233ms so far, now at startProcess: returned from zygote!
04-15 17:04:48.449 536 994 W ActivityManager: Slow operation: 59ms so far, now at finishAttachApplicationInner: after updateOomAdjLocked
04-15 17:04:48.483 536 536 I SyntheticPasswordManager: Creating LSKF-based protector c60dd1cf3e87247b for user 0
04-15 17:04:48.496 536 624 D CompatibilityChangeReporter: Compat change id reported: 265195908; UID 1068; state: ENABLED
04-15 17:04:48.511 0 0 I servicemanager: Could not find android.hardware.weaver.IWeaver/default in the VINTF manifest.
04-15 17:04:48.504 1210 1210 I crash_dump64: obtaining output fd from tombstoned, type: kDebuggerdNativeBacktrace
04-15 17:04:48.513 192 192 I tombstoned: received crash request for pid 155
04-15 17:04:48.513 192 192 I tombstoned: found intercept fd 512 for pid 155 and type kDebuggerdNativeBacktrace
04-15 17:04:48.515 1210 1210 I crash_dump64: performing dump of process 155 (target tid = 155)
04-15 17:04:48.526 1179 1179 D CompatibilityChangeReporter: Compat change id reported: 171979766; UID 1068; state: ENABLED
04-15 17:04:48.527 1179 1179 D CompatibilityChangeReporter: Compat change id reported: 242716250; UID 1068; state: ENABLED
04-15 17:04:48.607 1179 1179 D CompatibilityChangeReporter: Compat change id reported: 3400644; UID 1068; state: ENABLED
04-15 17:04:48.698 536 558 W Looper : Slow dispatch took 246ms android.ui h=com.android.server.am.ActivityManagerService$UiHandler c=com.android.server.am.UidObserverController$$ExternalSyntheticLambda0@4c0ea4e m=0
04-15 17:04:48.714 536 822 D ConnectivityService: Got NetworkProvider Messenger for VpnNetworkProvider:0
04-15 17:04:48.733 133 133 I hwservicemanager: getTransport: Cannot find entry android.hardware.weaver@1.0::IWeaver/default in either framework or device VINTF manifest.
04-15 17:04:48.740 536 536 W SyntheticPasswordManager: Device does not support weaver
04-15 17:04:48.783 192 192 W tombstoned: skipping tombstone file creation due to intercept
04-15 17:04:48.794 536 563 I system_server: libdebuggerd_client: done dumping process 155
04-15 17:04:48.800 536 568 W ActivityManager: Slow operation: 2618ms so far, now at startProcess: done updating battery stats
04-15 17:04:48.801 536 568 I Watchdog: Interesting Java process com.android.phone started. Pid 1211
04-15 17:04:48.802 536 568 W ActivityManager: Slow operation: 2620ms so far, now at startProcess: building log message
04-15 17:04:48.802 536 568 I ActivityManager: Start proc 1211:com.android.phone/1001 for added application com.android.phone
04-15 17:04:48.802 536 568 W ActivityManager: Slow operation: 2621ms so far, now at startProcess: starting to update pids map
04-15 17:04:48.803 536 568 W ActivityManager: Slow operation: 2621ms so far, now at startProcess: done updating pids map
04-15 17:04:48.803 536 568 W ActivityManager: Slow operation: 208ms so far, now at startProcess: asking zygote to start proc
04-15 17:04:48.808 536 568 W ActivityManager: com.android.server.telecom inode == 0 (b/152760674)
04-15 17:04:48.775 1211 1211 I m.android.phone: Using CollectorTypeCC GC.
04-15 17:04:48.845 0 0 I init : Untracked pid 1210 exited with status 0
04-15 17:04:48.846 0 0 I init : Untracked pid 1210 did not have an associated service entry and will not be reaped
04-15 17:04:48.847 0 0 I init : Untracked pid 1213 exited with status 0
04-15 17:04:48.847 0 0 I init : Untracked pid 1213 did not have an associated service entry and will not be reaped
04-15 17:04:48.853 536 563 I ActivityManager: Collecting stacks for native pid 349
04-15 17:04:48.855 536 563 I system_server: libdebuggerd_client: started dumping process 349
04-15 17:04:48.905 155 169 E keystore2: system/security/keystore2/src/error.rs:180 - system/security/keystore2/src/security_level.rs:681: Trying to call importKey
04-15 17:04:48.905 155 169 E keystore2:
04-15 17:04:48.905 155 169 E keystore2: Caused by:
04-15 17:04:48.905 155 169 E keystore2: Error::Km(r#ROLLBACK_RESISTANCE_UNAVAILABLE)
04-15 17:04:48.917 536 536 W SyntheticPasswordCrypto: Rollback-resistant keys unavailable. Falling back to non-rollback-resistant key
04-15 17:04:48.923 1211 1211 W m.android.phone: Unexpected CPU variant for x86: x86_64.
04-15 17:04:48.923 1211 1211 W m.android.phone: Known variants: atom, sandybridge, silvermont, goldmont, goldmont-plus, tremont, kabylake, default
04-15 17:04:48.938 324 324 D Zygote : Forked child process 1215
04-15 17:04:48.955 536 568 W ActivityManager: Slow operation: 359ms so far, now at startProcess: returned from zygote!
04-15 17:04:48.961 536 568 W ActivityManager: Slow operation: 366ms so far, now at startProcess: done updating battery stats
04-15 17:04:48.962 192 192 I tombstoned: registered intercept for pid 349 and type kDebuggerdNativeBacktrace
04-15 17:04:48.965 536 568 W ActivityManager: Slow operation: 369ms so far, now at startProcess: building log message
04-15 17:04:48.965 536 568 I ActivityManager: Start proc 1215:com.android.settings/1000 for top-activity {com.android.settings/com.android.settings.FallbackHome}
04-15 17:04:48.966 536 568 W ActivityManager: Slow operation: 370ms so far, now at startProcess: starting to update pids map
04-15 17:04:48.967 536 568 W ActivityManager: Slow operation: 371ms so far, now at startProcess: done updating pids map
04-15 17:04:49.078 349 349 I libc : Requested dump for pid 349 (android.hardwar)
04-15 17:04:49.086 1211 1211 E m.android.phone: Not starting debugger since process cannot load the jdwp agent.
04-15 17:04:49.126 1179 1179 D nativeloader: Configuring clns-shared-6 for other apk /system/app/SecureElement/SecureElement.apk. target_sdk_version=34, uses_libraries=, library_path=/system/app/SecureElement/lib/x86_64:/system/lib64:/system_ext/lib64, permitted_path=/data:/mnt/expand:/data/user/0/com.android.se:/system/app/SecureElement:/system/lib64:/system_ext/lib64
04-15 17:04:49.211 1215 1215 I ndroid.settings: Using CollectorTypeCC GC.
04-15 17:04:49.239 1215 1215 W ndroid.settings: Unexpected CPU variant for x86: x86_64.
04-15 17:04:49.239 1215 1215 W ndroid.settings: Known variants: atom, sandybridge, silvermont, goldmont, goldmont-plus, tremont, kabylake, default
04-15 17:04:49.298 1215 1215 E ndroid.settings: Not starting debugger since process cannot load the jdwp agent.
04-15 17:04:49.445 536 994 D CompatibilityChangeReporter: Compat change id reported: 168419799; UID 1001; state: DISABLED
04-15 17:04:49.464 536 994 D CompatibilityChangeReporter: Compat change id reported: 273564678; UID 1001; state: DISABLED
04-15 17:04:49.493 144 144 D vold : fscrypt_set_user_key_protection 0
04-15 17:04:49.505 536 994 W ActivityManager: Slow operation: 68ms so far, now at attachApplicationLocked: immediately after bindApplication
04-15 17:04:49.505 536 994 W ActivityManager: Slow operation: 68ms so far, now at attachApplicationLocked: after updateLruProcessLocked
04-15 17:04:49.537 536 624 D CompatibilityChangeReporter: Compat change id reported: 265195908; UID 1001; state: ENABLED
04-15 17:04:49.564 144 144 D vold : Stored key /data/misc/vold/user_keys/ce/0/current
04-15 17:04:49.565 144 144 I vold : Stored CE key for new user 0
04-15 17:04:49.577 536 536 I LockSettingsService: Sending vendor auth secret to IAuthSecret HAL as user: 0
04-15 17:04:49.583 536 994 W ActivityManager: Slow operation: 73ms so far, now at finishAttachApplicationInner: after updateOomAdjLocked
04-15 17:04:49.589 536 536 I LockSettingsService: Successfully initialized synthetic password for user 0
04-15 17:04:49.603 536 610 D CompatibilityChangeReporter: Compat change id reported: 168419799; UID 1000; state: DISABLED
04-15 17:04:49.610 536 610 D CompatibilityChangeReporter: Compat change id reported: 273564678; UID 1000; state: DISABLED
04-15 17:04:49.658 1179 1179 W ContextImpl: Failed to ensure /data/user/0/com.android.se/cache: mkdir failed: ENOENT (No such file or directory)
04-15 17:04:49.689 536 536 V SystemServerTiming: LockSettingsThirdPartyAppsStarted took to complete: 1392ms
04-15 17:04:49.692 536 536 D SystemServerTiming: StartSystemUI
04-15 17:04:49.713 1179 1179 W ContextImpl: Failed to update user.inode_cache: stat failed: ENOENT (No such file or directory)
04-15 17:04:49.758 1211 1211 D CompatibilityChangeReporter: Compat change id reported: 171979766; UID 1001; state: ENABLED
04-15 17:04:49.759 1211 1211 D CompatibilityChangeReporter: Compat change id reported: 242716250; UID 1001; state: ENABLED
04-15 17:04:49.786 1179 1179 V GraphicsEnvironment: Currently set values for:
04-15 17:04:49.786 1179 1179 V GraphicsEnvironment: angle_gl_driver_selection_pkgs=[]
04-15 17:04:49.787 1179 1179 V GraphicsEnvironment: angle_gl_driver_selection_values=[]
04-15 17:04:49.821 1179 1179 V GraphicsEnvironment: ANGLE GameManagerService for com.android.se: false
04-15 17:04:49.822 1179 1179 V GraphicsEnvironment: com.android.se is not listed in per-application setting
04-15 17:04:49.823 1179 1179 V GraphicsEnvironment: Neither updatable production driver nor prerelease driver is supported.
04-15 17:04:49.862 1243 1243 I crash_dump64: obtaining output fd from tombstoned, type: kDebuggerdNativeBacktrace
04-15 17:04:49.892 192 192 I tombstoned: received crash request for pid 349
04-15 17:04:49.892 192 192 I tombstoned: found intercept fd 512 for pid 349 and type kDebuggerdNativeBacktrace
04-15 17:04:49.900 536 610 W ActivityManager: Slow operation: 263ms so far, now at finishAttachApplicationInner: after mServices.attachApplicationLocked
04-15 17:04:49.902 536 610 W ActivityManager: Slow operation: 264ms so far, now at finishAttachApplicationInner: after dispatching broadcasts
04-15 17:04:49.905 536 560 W system_server: Long monitor contention with owner binder:536_4 (610) at boolean com.android.server.wm.ActivityTaskManagerService$LocalService.attachApplication(com.android.server.wm.WindowProcessController)(ActivityTaskManagerService.java:6454) waiters=0 in void com.android.server.wm.ActivityTaskSupervisor$ActivityTaskSupervisorHandler.handleMessage(android.os.Message) for 201ms
04-15 17:04:49.914 1243 1243 I crash_dump64: performing dump of process 349 (target tid = 349)
